-- Table structure for table `cta_cte_tesoreria_banco_cheq`
--

CREATE TABLE `cta_cte_tesoreria_banco_cheq` (
  `id` int(10) unsigned NOT NULL AUTO_INCREMENT,
  `user_id` int(10) unsigned DEFAULT NULL,
  `person_id` int(10) unsigned NOT NULL,
  `cta_cte_tesoreria_cuenta_id` int(10) unsigned NOT NULL,
  `cta_cte_tesoreria_banco_id` int(10) unsigned NOT NULL,
  `chequera_tipo_id` int(10) unsigned NOT NULL,
  `serie` text COLLATE utf8mb4_unicode_ci,
  `numero_cheque` int(11) DEFAULT NULL,
  `habilitado` tinyint(1) NOT NULL DEFAULT '1',
  `created_at` timestamp NULL DEFAULT NULL,
  `updated_at` timestamp NULL DEFAULT NULL,
  `deleted_at` timestamp NULL DEFAULT NULL,
  PRIMARY KEY (`id`),
  KEY `cta_cte_tesoreria_banco_cheq_person_id_foreign` (`person_id`),
  KEY `cta_cte_tesoreria_banco_cheq_cta_cte_tesoreria_cuenta_id_foreign` (`cta_cte_tesoreria_cuenta_id`),
  KEY `cta_cte_tesoreria_banco_cheq_cta_cte_tesoreria_banco_id_foreign` (`cta_cte_tesoreria_banco_id`),
  KEY `cta_cte_tesoreria_banco_cheq_chequera_tipo_id_foreign` (`chequera_tipo_id`),
  CONSTRAINT `cta_cte_tesoreria_banco_cheq_chequera_tipo_id_foreign` FOREIGN KEY (`chequera_tipo_id`) REFERENCES `chequeras_tipos` (`id`),
  CONSTRAINT `cta_cte_tesoreria_banco_cheq_cta_cte_tesoreria_banco_id_foreign` FOREIGN KEY (`cta_cte_tesoreria_banco_id`) REFERENCES `cta_cte_tesoreria_bancos` (`id`),
  CONSTRAINT `cta_cte_tesoreria_banco_cheq_cta_cte_tesoreria_cuenta_id_foreign` FOREIGN KEY (`cta_cte_tesoreria_cuenta_id`) REFERENCES `cta_cte_tesoreria_cuentas` (`id`),
  CONSTRAINT `cta_cte_tesoreria_banco_cheq_person_id_foreign` FOREIGN KEY (`person_id`) REFERENCES `persons` (`id`)
) ENGINE=InnoDB DEFAULT CHARSET=utf8mb4 COLLATE=utf8mb4_unicode_ci;

--
-- Dumping data for table `cta_cte_tesoreria_banco_cheq`
--


--
-- Table structure for table `cta_cte_tesoreria_banco_claves`
--

CREATE TABLE `cta_cte_tesoreria_banco_claves` (
  `id` int(10) unsigned NOT NULL AUTO_INCREMENT,
  `user_id` int(10) unsigned DEFAULT NULL,
  `person_id` int(10) unsigned NOT NULL,
  `cta_cte_tesoreria_cuenta_id` int(10) unsigned NOT NULL,
  `cta_cte_tesoreria_banco_id` int(10) unsigned NOT NULL,
  `descripcion_name` text COLLATE utf8mb4_unicode_ci,
  `descripcion` longtext COLLATE utf8mb4_unicode_ci,
  `created_at` timestamp NULL DEFAULT NULL,
  `updated_at` timestamp NULL DEFAULT NULL,
  `deleted_at` timestamp NULL DEFAULT NULL,
  PRIMARY KEY (`id`),
  KEY `cta_cte_tesoreria_banco_claves_person_id_foreign` (`person_id`),
  KEY `ct_cuenta_id` (`cta_cte_tesoreria_cuenta_id`),
  KEY `ct_banco_id` (`cta_cte_tesoreria_banco_id`),
  CONSTRAINT `ct_banco_id` FOREIGN KEY (`cta_cte_tesoreria_banco_id`) REFERENCES `cta_cte_tesoreria_bancos` (`id`),
  CONSTRAINT `ct_cuenta_id` FOREIGN KEY (`cta_cte_tesoreria_cuenta_id`) REFERENCES `cta_cte_tesoreria_cuentas` (`id`),
  CONSTRAINT `cta_cte_tesoreria_banco_claves_person_id_foreign` FOREIGN KEY (`person_id`) REFERENCES `persons` (`id`)
) ENGINE=InnoDB DEFAULT CHARSET=utf8mb4 COLLATE=utf8mb4_unicode_ci;

--
-- Dumping data for table `cta_cte_tesoreria_banco_claves`
--


--
-- Table structure for table `cta_cte_tesoreria_banco_comentarios`
--

CREATE TABLE `cta_cte_tesoreria_banco_comentarios` (
  `id` int(10) unsigned NOT NULL AUTO_INCREMENT,
  `user_id` int(10) unsigned DEFAULT NULL,
  `person_id` int(10) unsigned NOT NULL,
  `cta_cte_tesoreria_cuenta_id` int(10) unsigned NOT NULL,
  `cta_cte_tesoreria_banco_id` int(10) unsigned NOT NULL,
  `fecha` datetime NOT NULL,
  `descripcion` longtext COLLATE utf8mb4_unicode_ci NOT NULL,
  `created_at` timestamp NULL DEFAULT NULL,
  `updated_at` timestamp NULL DEFAULT NULL,
  `deleted_at` timestamp NULL DEFAULT NULL,
  PRIMARY KEY (`id`),
  KEY `cta_cte_tesoreria_banco_comentarios_person_id_foreign` (`person_id`),
  KEY `ct_cuentas_id` (`cta_cte_tesoreria_cuenta_id`),
  KEY `ct_bancos_id` (`cta_cte_tesoreria_banco_id`),
  CONSTRAINT `ct_bancos_id` FOREIGN KEY (`cta_cte_tesoreria_banco_id`) REFERENCES `cta_cte_tesoreria_bancos` (`id`),
  CONSTRAINT `ct_cuentas_id` FOREIGN KEY (`cta_cte_tesoreria_cuenta_id`) REFERENCES `cta_cte_tesoreria_cuentas` (`id`),
  CONSTRAINT `cta_cte_tesoreria_banco_comentarios_person_id_foreign` FOREIGN KEY (`person_id`) REFERENCES `persons` (`id`)
) ENGINE=InnoDB DEFAULT CHARSET=utf8mb4 COLLATE=utf8mb4_unicode_ci;

--
-- Dumping data for table `cta_cte_tesoreria_banco_comentarios`
--


--
-- Table structure for table `cta_cte_tesoreria_banco_estados`
--

CREATE TABLE `cta_cte_tesoreria_banco_estados` (
  `id` int(10) unsigned NOT NULL AUTO_INCREMENT,
  `user_id` int(10) unsigned DEFAULT NULL,
  `descripcion` text COLLATE utf8mb4_unicode_ci NOT NULL,
  `habilitado` tinyint(1) NOT NULL,
  `created_at` timestamp NULL DEFAULT NULL,
  `updated_at` timestamp NULL DEFAULT NULL,
  `deleted_at` timestamp NULL DEFAULT NULL,
  PRIMARY KEY (`id`)
) ENGINE=InnoDB AUTO_INCREMENT=6 DEFAULT CHARSET=utf8mb4 COLLATE=utf8mb4_unicode_ci;

--
-- Dumping data for table `cta_cte_tesoreria_banco_estados`
--

INSERT INTO `cta_cte_tesoreria_banco_estados` VALUES (1,NULL,'Habilitado',0,NULL,NULL,NULL),(2,NULL,'En Proceso',0,NULL,NULL,NULL),(3,NULL,'Bloqueado',0,NULL,NULL,NULL),(4,NULL,'Reconocimiento',0,NULL,NULL,NULL),(5,NULL,'Inhabilitado',0,NULL,NULL,NULL);

--
-- Table structure for table `cta_cte_tesoreria_bancos`
--

CREATE TABLE `cta_cte_tesoreria_bancos` (
  `id` int(10) unsigned NOT NULL AUTO_INCREMENT,
  `user_id` int(10) unsigned DEFAULT NULL,
  `person_id` int(10) unsigned NOT NULL,
  `cta_cte_tesoreria_cuenta_id` int(10) unsigned NOT NULL,
  `ctacte_banco_id` int(10) unsigned NOT NULL,
  `persona_empresa` int(11) NOT NULL DEFAULT '1',
  `zone_id` int(10) unsigned NOT NULL,
  `cuenta_contable_id` int(10) unsigned NOT NULL,
  `cuenta_contable_id_diferido` int(10) unsigned DEFAULT NULL,
  `cuenta_contable_id_pend_acred` int(10) unsigned DEFAULT NULL,
  `numero_cuenta` text COLLATE utf8mb4_unicode_ci,
  `cbu` text COLLATE utf8mb4_unicode_ci,
  `alias` text COLLATE utf8mb4_unicode_ci,
  `cta_cte_tesoreria_banco_estado_id` int(10) unsigned DEFAULT NULL,
  `person_id_relationed` int(10) unsigned DEFAULT NULL,
  `habilitado` tinyint(1) NOT NULL DEFAULT '1',
  `created_at` timestamp NULL DEFAULT NULL,
  `updated_at` timestamp NULL DEFAULT NULL,
  `deleted_at` timestamp NULL DEFAULT NULL,
  PRIMARY KEY (`id`),
  KEY `cta_cte_tesoreria_bancos_person_id_foreign` (`person_id`),
  KEY `cta_cte_tesoreria_bancos_cta_cte_tesoreria_cuenta_id_foreign` (`cta_cte_tesoreria_cuenta_id`),
  KEY `cta_cte_tesoreria_bancos_ctacte_banco_id_foreign` (`ctacte_banco_id`),
  KEY `cta_cte_tesoreria_bancos_zone_id_foreign` (`zone_id`),
  KEY `cta_cte_tesoreria_bancos_cuenta_contable_id_foreign` (`cuenta_contable_id`),
  KEY `cta_cte_tesoreria_bancos_cuenta_contable_id_diferido_foreign` (`cuenta_contable_id_diferido`),
  KEY `cta_cte_tesoreria_bancos_cuenta_contable_id_pend_acred_foreign` (`cuenta_contable_id_pend_acred`),
  KEY `cta_cte_tesoreria_bancos_person_id_relationed_foreign` (`person_id_relationed`),
  KEY `ct_banco_estado_id` (`cta_cte_tesoreria_banco_estado_id`),
  CONSTRAINT `ct_banco_estado_id` FOREIGN KEY (`cta_cte_tesoreria_banco_estado_id`) REFERENCES `cta_cte_tesoreria_banco_estados` (`id`),
  CONSTRAINT `cta_cte_tesoreria_bancos_cta_cte_tesoreria_cuenta_id_foreign` FOREIGN KEY (`cta_cte_tesoreria_cuenta_id`) REFERENCES `cta_cte_tesoreria_cuentas` (`id`),
  CONSTRAINT `cta_cte_tesoreria_bancos_ctacte_banco_id_foreign` FOREIGN KEY (`ctacte_banco_id`) REFERENCES `ctacte_bancos` (`id`),
  CONSTRAINT `cta_cte_tesoreria_bancos_cuenta_contable_id_diferido_foreign` FOREIGN KEY (`cuenta_contable_id_diferido`) REFERENCES `conta_plan_cuenta` (`id`),
  CONSTRAINT `cta_cte_tesoreria_bancos_cuenta_contable_id_foreign` FOREIGN KEY (`cuenta_contable_id`) REFERENCES `conta_plan_cuenta` (`id`),
  CONSTRAINT `cta_cte_tesoreria_bancos_cuenta_contable_id_pend_acred_foreign` FOREIGN KEY (`cuenta_contable_id_pend_acred`) REFERENCES `conta_plan_cuenta` (`id`),
  CONSTRAINT `cta_cte_tesoreria_bancos_person_id_foreign` FOREIGN KEY (`person_id`) REFERENCES `persons` (`id`),
  CONSTRAINT `cta_cte_tesoreria_bancos_person_id_relationed_foreign` FOREIGN KEY (`person_id_relationed`) REFERENCES `persons` (`id`),
  CONSTRAINT `cta_cte_tesoreria_bancos_zone_id_foreign` FOREIGN KEY (`zone_id`) REFERENCES `zones` (`id`)
) ENGINE=InnoDB DEFAULT CHARSET=utf8mb4 COLLATE=utf8mb4_unicode_ci;

--
-- Dumping data for table `cta_cte_tesoreria_bancos`
--


--
-- Table structure for table `cta_cte_tesoreria_cuenta_tipos`
--

CREATE TABLE `cta_cte_tesoreria_cuenta_tipos` (
  `id` int(10) unsigned NOT NULL AUTO_INCREMENT,
  `user_id` int(10) unsigned DEFAULT NULL,
  `descripcion` text COLLATE utf8mb4_unicode_ci NOT NULL,
  `habilitado` tinyint(1) NOT NULL DEFAULT '1',
  `created_at` timestamp NULL DEFAULT NULL,
  `updated_at` timestamp NULL DEFAULT NULL,
  `deleted_at` timestamp NULL DEFAULT NULL,
  PRIMARY KEY (`id`)
) ENGINE=InnoDB AUTO_INCREMENT=11 DEFAULT CHARSET=utf8mb4 COLLATE=utf8mb4_unicode_ci;

--
-- Dumping data for table `cta_cte_tesoreria_cuenta_tipos`
--

INSERT INTO `cta_cte_tesoreria_cuenta_tipos` VALUES (1,NULL,'CAJA',1,NULL,NULL,NULL),(2,NULL,'BANCOS',1,NULL,NULL,NULL),(3,NULL,'CHEQUES',1,NULL,NULL,NULL),(4,NULL,'RETENCIONES EFECTUADAS',1,NULL,'2024-05-26 20:55:04',NULL),(5,NULL,'PERCEPCIONES EFECTUADAS',1,NULL,'2024-05-26 20:55:04',NULL),(6,NULL,'RESULTADO NEGATIVO',1,NULL,NULL,NULL),(7,NULL,'RESULTADO POSITIVO',1,NULL,NULL,NULL),(8,NULL,'MOVIMIENTO',1,NULL,NULL,NULL),(9,NULL,'RETENCIONES SUFRIDAS',1,NULL,NULL,NULL),(10,NULL,'PERCEPCIONES SUFRIDAS',1,NULL,NULL,NULL);

--
-- Table structure for table `cta_cte_tesoreria_cuentas`
--

CREATE TABLE `cta_cte_tesoreria_cuentas` (
  `id` int(10) unsigned NOT NULL AUTO_INCREMENT,
  `bind_apibank_enabled` tinyint(1) NOT NULL DEFAULT '0' COMMENT 'Tiene Bind APIBank habilitado?',
  `bind_account_id` varchar(50) COLLATE utf8mb4_unicode_ci DEFAULT NULL COMMENT 'ID de cuenta en Bind APIBank (obtenido al configurar)',
  `user_id` int(10) unsigned DEFAULT NULL,
  `is_no_fiscal` tinyint(1) DEFAULT '0',
  `moneda_id` int(10) unsigned NOT NULL DEFAULT '1',
  `plan_cuenta_id` int(10) unsigned NOT NULL,
  `person_id` int(10) unsigned DEFAULT NULL,
  `cta_cte_tesoreria_cuenta_tipo_id` int(10) unsigned NOT NULL DEFAULT '8',
  `retention_type_id` int(10) unsigned DEFAULT NULL,
  `nombre` varchar(191) COLLATE utf8mb4_unicode_ci NOT NULL,
  `cuit` text COLLATE utf8mb4_unicode_ci,
  `cheque3ros` tinyint(1) NOT NULL DEFAULT '0',
  `cheque_emitidos` tinyint(1) NOT NULL DEFAULT '0',
  `tes_cta_cte` tinyint(1) NOT NULL DEFAULT '0',
  `tes_cuenta_origen` tinyint(1) NOT NULL DEFAULT '0',
  `tes_cuenta_destino` tinyint(1) NOT NULL DEFAULT '0',
  `conta_asientos` tinyint(1) NOT NULL DEFAULT '0',
  `habilitado` tinyint(1) NOT NULL DEFAULT '1',
  `created_at` timestamp NULL DEFAULT NULL,
  `updated_at` timestamp NULL DEFAULT NULL,
  `deleted_at` timestamp NULL DEFAULT NULL,
  PRIMARY KEY (`id`),
  KEY `cta_cte_tesoreria_cuentas_person_id_foreign` (`person_id`),
  KEY `cta_cte_tesoreria_cuentas_plan_cuenta_id_foreign` (`plan_cuenta_id`),
  KEY `cta_tes_tipo_id_foreign` (`cta_cte_tesoreria_cuenta_tipo_id`),
  KEY `cta_cte_tesoreria_cuentas_moneda_id_foreign` (`moneda_id`),
  KEY `cta_cte_tesoreria_cuentas_retention_type_id_foreign` (`retention_type_id`),
  KEY `idx_cctc_bind_apibank_enabled` (`bind_apibank_enabled`),
  KEY `idx_cctc_bind_account_id` (`bind_account_id`),
  CONSTRAINT `cta_cte_tesoreria_cuentas_moneda_id_foreign` FOREIGN KEY (`moneda_id`) REFERENCES `monedas` (`id`),
  CONSTRAINT `cta_cte_tesoreria_cuentas_person_id_foreign` FOREIGN KEY (`person_id`) REFERENCES `persons` (`id`),
  CONSTRAINT `cta_cte_tesoreria_cuentas_plan_cuenta_id_foreign` FOREIGN KEY (`plan_cuenta_id`) REFERENCES `conta_plan_cuenta` (`id`),
  CONSTRAINT `cta_cte_tesoreria_cuentas_retention_type_id_foreign` FOREIGN KEY (`retention_type_id`) REFERENCES `retention_types` (`id`),
  CONSTRAINT `cta_tes_tipo_id_foreign` FOREIGN KEY (`cta_cte_tesoreria_cuenta_tipo_id`) REFERENCES `cta_cte_tesoreria_cuenta_tipos` (`id`)
) ENGINE=InnoDB AUTO_INCREMENT=757 DEFAULT CHARSET=utf8mb4 COLLATE=utf8mb4_unicode_ci;

--
-- Dumping data for table `cta_cte_tesoreria_cuentas`
--

INSERT INTO `cta_cte_tesoreria_cuentas` VALUES (13,0,NULL,NULL,0,1,13,NULL,8,NULL,'Clientes - Deudores',NULL,0,0,0,0,0,0,1,'2019-10-19 02:10:24','2019-10-19 02:10:24',NULL),(20,0,NULL,NULL,0,1,20,NULL,8,NULL,'Anticipos Impuesto a las Ganancias',NULL,0,0,0,0,1,0,1,'2019-10-19 02:10:24','2019-10-19 02:10:24',NULL),(23,0,NULL,NULL,0,1,23,NULL,4,NULL,'Retenciones Impuesto a las Ganancias',NULL,0,0,1,0,0,0,1,'2019-10-19 02:10:24','2023-03-26 23:51:33',NULL),(25,0,NULL,NULL,0,1,25,NULL,4,NULL,'Retenciones de IVA',NULL,0,0,1,0,0,0,1,'2019-10-19 02:10:24','2023-03-26 23:51:33',NULL),(57,0,NULL,NULL,0,1,57,NULL,8,NULL,'Proveedores en Cta. Cte. locales',NULL,0,0,0,0,0,0,1,'2019-10-19 02:10:24','2019-10-19 02:10:24',NULL),(60,0,NULL,NULL,0,1,60,NULL,3,NULL,'Cheques emitidos ',NULL,0,1,1,1,1,0,1,'2019-10-19 02:10:24','2023-03-26 23:51:33',NULL),(62,0,NULL,NULL,0,1,62,NULL,8,NULL,'Sueldos y Jornales a pagar',NULL,0,0,0,0,1,0,1,'2019-10-19 02:10:24','2019-10-19 02:10:24',NULL),(140,0,NULL,NULL,0,1,140,NULL,6,NULL,'Intereses y Gastos bancarios',NULL,0,0,0,0,1,0,1,'2019-10-19 02:10:24','2023-03-26 23:51:33',NULL),(162,0,NULL,NULL,0,1,162,NULL,4,NULL,'Retenciones SUSS',NULL,0,0,1,0,0,0,1,'2019-10-19 02:10:24','2023-03-26 23:51:33',NULL),(176,0,NULL,NULL,0,1,176,NULL,3,NULL,'Cheques en Cartera',NULL,1,0,1,1,1,0,1,'2019-10-19 02:10:24','2023-03-26 23:51:33',NULL),(201,0,NULL,NULL,0,1,201,NULL,6,NULL,'Monotributo',NULL,0,0,0,0,1,0,1,'2019-10-19 02:10:24','2023-03-26 23:51:33',NULL),(203,0,NULL,NULL,0,1,203,NULL,6,NULL,'Autonomos',NULL,0,0,0,0,1,0,1,'2019-10-19 02:10:24','2023-03-26 23:51:33',NULL),(219,0,NULL,NULL,0,1,219,NULL,8,NULL,'Pagos AFIP',NULL,0,0,0,0,1,0,1,'2019-10-19 02:10:24','2019-10-19 02:10:24',NULL),(251,0,NULL,NULL,0,1,251,NULL,4,NULL,'Retenciones de IIBB Buenos Aires',NULL,0,0,1,0,0,0,1,'2019-10-19 02:10:24','2023-03-26 23:51:33',NULL),(252,0,NULL,NULL,0,1,252,NULL,4,NULL,'Retenciones de IIBB Capital Federal',NULL,0,0,1,0,0,0,1,'2019-10-19 02:10:24','2023-03-26 23:51:33',NULL),(253,0,NULL,NULL,0,1,253,NULL,4,NULL,'Retenciones de IIBB Catamarca',NULL,0,0,1,0,0,0,1,'2019-10-19 02:10:24','2023-03-26 23:51:33',NULL),(254,0,NULL,NULL,0,1,254,NULL,4,NULL,'Retenciones de IIBB Chaco',NULL,0,0,1,0,0,0,1,'2019-10-19 02:10:24','2023-03-26 23:51:33',NULL),(255,0,NULL,NULL,0,1,255,NULL,4,NULL,'Retenciones de IIBB Chubut',NULL,0,0,1,0,0,0,1,'2019-10-19 02:10:24','2023-03-26 23:51:33',NULL),(256,0,NULL,NULL,0,1,256,NULL,4,NULL,'Retenciones de IIBB Córdoba',NULL,0,0,1,0,0,0,1,'2019-10-19 02:10:24','2023-03-26 23:51:33',NULL),(257,0,NULL,NULL,0,1,257,NULL,4,NULL,'Retenciones de IIBB Corrientes',NULL,0,0,1,0,0,0,1,'2019-10-19 02:10:24','2023-03-26 23:51:33',NULL),(258,0,NULL,NULL,0,1,258,NULL,4,NULL,'Retenciones de IIBB Entre Ríos',NULL,0,0,1,0,0,0,1,'2019-10-19 02:10:24','2023-03-26 23:51:33',NULL),(259,0,NULL,NULL,0,1,259,NULL,4,NULL,'Retenciones de IIBB Formosa',NULL,0,0,1,0,0,0,1,'2019-10-19 02:10:24','2023-03-26 23:51:33',NULL),(260,0,NULL,NULL,0,1,260,NULL,4,NULL,'Retenciones de IIBB Jujuy',NULL,0,0,1,0,0,0,1,'2019-10-19 02:10:24','2023-03-26 23:51:33',NULL),(261,0,NULL,NULL,0,1,261,NULL,4,NULL,'Retenciones de IIBB La Pampa',NULL,0,0,1,0,0,0,1,'2019-10-19 02:10:24','2023-03-26 23:51:33',NULL),(262,0,NULL,NULL,0,1,262,NULL,4,NULL,'Retenciones de IIBB La Rioja',NULL,0,0,1,0,0,0,1,'2019-10-19 02:10:24','2023-03-26 23:51:33',NULL),(263,0,NULL,NULL,0,1,263,NULL,4,NULL,'Retenciones de IIBB Mendoza',NULL,0,0,1,0,0,0,1,'2019-10-19 02:10:24','2023-03-26 23:51:33',NULL),(264,0,NULL,NULL,0,1,264,NULL,4,NULL,'Retenciones de IIBB Misiones',NULL,0,0,1,0,0,0,1,'2019-10-19 02:10:24','2023-03-26 23:51:33',NULL),(265,0,NULL,NULL,0,1,265,NULL,4,NULL,'Retenciones de IIBB Neuquén',NULL,0,0,1,0,0,0,1,'2019-10-19 02:10:24','2023-03-26 23:51:33',NULL),(266,0,NULL,NULL,0,1,266,NULL,4,NULL,'Retenciones de IIBB Pascua Lama',NULL,0,0,1,0,0,0,1,'2019-10-19 02:10:24','2023-03-26 23:51:33',NULL);
INSERT INTO `cta_cte_tesoreria_cuentas` VALUES (267,0,NULL,NULL,0,1,267,NULL,4,NULL,'Retenciones de IIBB Río Negro',NULL,0,0,1,0,0,0,1,'2019-10-19 02:10:24','2023-03-26 23:51:33',NULL),(268,0,NULL,NULL,0,1,268,NULL,4,NULL,'Retenciones de IIBB Salta',NULL,0,0,1,0,0,0,1,'2019-10-19 02:10:24','2023-03-26 23:51:33',NULL),(269,0,NULL,NULL,0,1,269,NULL,4,NULL,'Retenciones de IIBB San Juan',NULL,0,0,1,0,0,0,1,'2019-10-19 02:10:24','2023-03-26 23:51:33',NULL),(270,0,NULL,NULL,0,1,270,NULL,4,NULL,'Retenciones de IIBB San Luis',NULL,0,0,1,0,0,0,1,'2019-10-19 02:10:24','2023-03-26 23:51:33',NULL),(271,0,NULL,NULL,0,1,271,NULL,4,NULL,'Retenciones de IIBB Santa Cruz',NULL,0,0,1,0,0,0,1,'2019-10-19 02:10:24','2023-03-26 23:51:33',NULL),(272,0,NULL,NULL,0,1,272,NULL,4,NULL,'Retenciones de IIBB Santa Fe',NULL,0,0,1,0,0,0,1,'2019-10-19 02:10:24','2023-03-26 23:51:33',NULL),(273,0,NULL,NULL,0,1,273,NULL,4,NULL,'Retenciones de IIBB Santiago del Estero',NULL,0,0,1,0,0,0,1,'2019-10-19 02:10:24','2023-03-26 23:51:33',NULL),(274,0,NULL,NULL,0,1,274,NULL,4,NULL,'Retenciones de IIBB Tierra del Fuego',NULL,0,0,1,0,0,0,1,'2019-10-19 02:10:24','2023-03-26 23:51:33',NULL),(275,0,NULL,NULL,0,1,275,NULL,4,NULL,'Retenciones de IIBB Tucuman',NULL,0,0,1,0,0,0,1,'2019-10-19 02:10:24','2023-03-26 23:51:33',NULL),(351,0,NULL,NULL,0,1,351,NULL,8,NULL,'BANCO SIRCREB',NULL,0,0,0,0,1,0,1,'2019-10-19 02:10:24','2019-10-19 02:10:24',NULL),(359,0,NULL,NULL,0,1,359,NULL,8,NULL,'Caja en Pesos',NULL,0,0,1,1,1,0,1,'2019-10-19 02:10:24','2023-03-20 23:11:49','2023-03-20 23:11:49'),(360,0,NULL,NULL,0,1,360,NULL,8,NULL,'Retenciones Bancarias de Ganancias a Favor',NULL,0,0,0,0,1,0,1,'2019-10-19 02:10:24','2019-10-19 02:10:24',NULL),(364,0,NULL,NULL,0,1,364,NULL,8,NULL,'Anticipo de Clientes',NULL,0,0,0,0,1,0,1,'2019-10-19 02:10:24','2019-10-19 02:10:24',NULL),(384,0,NULL,NULL,0,1,384,NULL,8,NULL,'Caja en Dolares',NULL,0,0,1,1,1,0,1,'2019-10-19 02:10:24','2023-03-20 23:11:49','2023-03-20 23:11:49'),(409,0,NULL,NULL,0,1,409,NULL,6,NULL,'IVA Crédito Fiscal No computable',NULL,0,0,0,0,1,0,1,'2019-10-19 02:10:24','2023-03-26 23:51:33',NULL),(418,0,NULL,NULL,0,1,418,NULL,8,NULL,'Deudas Bancarias',NULL,0,0,0,1,1,0,1,'2019-10-19 02:10:24','2019-10-19 02:10:24',NULL),(433,0,NULL,NULL,0,1,433,NULL,8,NULL,'Préstamo',NULL,0,0,0,1,1,0,1,'2019-10-19 02:10:24','2019-10-19 02:10:24',NULL),(441,0,NULL,NULL,0,1,441,NULL,8,NULL,'Leasing',NULL,0,0,0,1,1,0,1,'2019-10-19 02:10:24','2019-10-19 02:10:24',NULL),(448,0,NULL,NULL,0,1,448,NULL,8,NULL,'Planes de Pagos AFIP',NULL,0,0,0,1,1,0,1,'2019-10-19 02:10:24','2019-10-19 02:10:24',NULL),(450,0,NULL,NULL,0,1,450,NULL,3,NULL,'Cheques Rechazados',NULL,0,0,0,0,1,0,1,'2019-10-19 02:10:24','2023-03-26 23:51:33',NULL),(467,0,NULL,NULL,0,1,467,NULL,6,NULL,'Interés',NULL,0,0,0,0,1,0,1,'2019-10-19 02:10:24','2023-03-26 23:51:33',NULL),(468,0,NULL,NULL,0,1,14,NULL,8,NULL,'Deudores por ventas comunes',NULL,0,0,0,0,0,1,1,'2020-02-06 17:23:07','2023-03-26 23:51:33',NULL),(469,0,NULL,NULL,0,1,15,NULL,8,NULL,'Deudores por ventas morosos',NULL,0,0,0,0,0,1,1,'2020-02-06 17:23:07','2023-03-26 23:51:33',NULL),(470,0,NULL,NULL,0,1,16,NULL,8,NULL,'Deudores en gestión judicial',NULL,0,0,0,0,0,1,1,'2020-02-06 17:23:07','2023-03-26 23:51:33',NULL),(471,0,NULL,NULL,0,1,17,NULL,8,NULL,'Previsión deudores incobrables',NULL,0,0,0,0,0,1,1,'2020-02-06 17:23:07','2023-03-26 23:51:33',NULL),(472,0,NULL,NULL,0,1,22,NULL,8,NULL,'Anticipo Impto.Ganancia Mínima Presunta',NULL,0,0,0,0,0,1,1,'2020-02-06 17:23:07','2023-03-26 23:51:33',NULL),(473,0,NULL,NULL,0,1,24,NULL,4,NULL,'Impuesto a las Ganancias (Saldo a favor)',NULL,0,0,0,0,0,1,0,'2020-02-06 17:23:07','2023-06-02 07:52:48',NULL),(474,0,NULL,NULL,0,1,27,NULL,8,NULL,'Anticipos de proveedores',NULL,0,0,0,0,0,1,1,'2020-02-06 17:23:07','2023-03-26 23:51:33',NULL),(475,0,NULL,NULL,0,1,28,NULL,8,NULL,'Depósito en garantía alquileres',NULL,0,0,0,0,0,1,1,'2020-02-06 17:23:07','2023-03-26 23:51:33',NULL);
INSERT INTO `cta_cte_tesoreria_cuentas` VALUES (476,0,NULL,NULL,0,1,29,NULL,8,NULL,'Derechos adquiridos a devengar',NULL,0,0,0,0,0,1,1,'2020-02-06 17:23:07','2023-03-26 23:51:33',NULL),(477,0,NULL,NULL,0,1,30,NULL,8,NULL,'Intereses a devengar',NULL,0,0,0,0,0,1,1,'2020-02-06 17:23:07','2023-03-26 23:51:33',NULL),(478,0,NULL,NULL,0,1,31,NULL,8,NULL,'Cuentas a rendir - Directores',NULL,0,0,0,0,0,1,1,'2020-02-06 17:23:07','2023-03-26 23:51:33',NULL),(479,0,NULL,NULL,0,1,32,NULL,8,NULL,'Alquileres no devengados',NULL,0,0,0,0,0,1,1,'2020-02-06 17:23:07','2023-03-26 23:51:33',NULL),(480,0,NULL,NULL,0,1,38,NULL,8,NULL,'Equipos de computación valores históricos',NULL,0,0,0,0,0,1,1,'2020-02-06 17:23:07','2023-03-26 23:51:33',NULL),(481,0,NULL,NULL,0,1,39,NULL,8,NULL,'Equipos de computación ajuste',NULL,0,0,0,0,0,1,1,'2020-02-06 17:23:07','2023-03-26 23:51:33',NULL),(482,0,NULL,NULL,0,1,40,NULL,8,NULL,'Amortización Acumulada Equipos de comput.',NULL,0,0,0,0,0,1,1,'2020-02-06 17:23:07','2023-03-26 23:51:33',NULL),(483,0,NULL,NULL,0,1,42,NULL,8,NULL,'Instalaciones valores históricos',NULL,0,0,0,0,0,1,1,'2020-02-06 17:23:07','2023-03-26 23:51:33',NULL),(484,0,NULL,NULL,0,1,43,NULL,8,NULL,'Instalaciones ajuste',NULL,0,0,0,0,0,1,1,'2020-02-06 17:23:07','2023-03-26 23:51:33',NULL),(485,0,NULL,NULL,0,1,44,NULL,8,NULL,'Amortización Acumulada Instalaciones',NULL,0,0,0,0,0,1,1,'2020-02-06 17:23:07','2023-03-26 23:51:33',NULL),(486,0,NULL,NULL,0,1,46,NULL,8,NULL,'Muebles y utiles valores históricos',NULL,0,0,0,0,0,1,1,'2020-02-06 17:23:07','2023-03-26 23:51:33',NULL),(487,0,NULL,NULL,0,1,47,NULL,8,NULL,'Muebles y utiles ajuste',NULL,0,0,0,0,0,1,1,'2020-02-06 17:23:07','2023-03-26 23:51:33',NULL),(488,0,NULL,NULL,0,1,48,NULL,8,NULL,'Amortización Acumulada Muebles y Útiles',NULL,0,0,0,0,0,1,1,'2020-02-06 17:23:07','2023-03-26 23:51:33',NULL),(489,0,NULL,NULL,0,1,50,NULL,8,NULL,'Gastos de organización valores historicos',NULL,0,0,0,0,0,1,1,'2020-02-06 17:23:07','2023-03-26 23:51:33',NULL),(490,0,NULL,NULL,0,1,51,NULL,8,NULL,'Gastos de organización ajuste',NULL,0,0,0,0,0,1,1,'2020-02-06 17:23:07','2023-03-26 23:51:33',NULL),(491,0,NULL,NULL,0,1,52,NULL,8,NULL,'Amortización acumulada gs. de organización',NULL,0,0,0,0,0,1,1,'2020-02-06 17:23:07','2023-03-26 23:51:33',NULL),(492,0,NULL,NULL,0,1,58,NULL,8,NULL,'Proveedores en cta. cte. exterior',NULL,0,0,0,0,0,1,1,'2020-02-06 17:23:07','2023-03-26 23:51:33',NULL),(493,0,NULL,NULL,0,1,59,NULL,8,NULL,'Derechos de exhibición a devengar',NULL,0,0,0,0,0,1,1,'2020-02-06 17:23:07','2023-03-26 23:51:33',NULL),(494,0,NULL,NULL,0,1,63,NULL,8,NULL,'Cargas sociales a pagar',NULL,0,0,0,0,0,1,1,'2020-02-06 17:23:07','2023-03-26 23:51:33',NULL),(495,0,NULL,NULL,0,1,64,NULL,8,NULL,'Sindicatos a Pagar',NULL,0,0,0,0,0,1,1,'2020-02-06 17:23:07','2023-03-26 23:51:33',NULL),(496,0,NULL,NULL,0,1,67,NULL,8,NULL,'IVA Debito Fiscal',NULL,0,0,0,0,0,1,1,'2020-02-06 17:23:07','2023-03-26 23:51:33',NULL),(497,0,NULL,NULL,0,1,68,NULL,8,NULL,'IVA Credito Fiscal',NULL,0,0,0,0,0,1,1,'2020-02-06 17:23:07','2023-03-26 23:51:33',NULL),(498,0,NULL,NULL,0,1,69,NULL,8,NULL,'Impuestos Internos',NULL,0,0,0,0,0,1,1,'2020-02-06 17:23:07','2023-03-26 23:51:33',NULL),(499,0,NULL,NULL,0,1,70,NULL,8,NULL,'Impuestos al Combustible',NULL,0,0,0,0,0,1,1,'2020-02-06 17:23:07','2023-03-26 23:51:33',NULL),(500,0,NULL,NULL,0,1,71,NULL,8,NULL,'IVA Retenciones de terceros',NULL,0,0,0,0,0,1,1,'2020-02-06 17:23:07','2023-03-26 23:51:33',NULL),(501,0,NULL,NULL,0,1,72,NULL,5,NULL,'IVA Percepciones realiz.por terceros',NULL,0,0,0,0,0,1,1,'2020-02-06 17:23:07','2023-03-26 23:51:33',NULL),(502,0,NULL,NULL,0,1,73,NULL,8,NULL,'IVA Saldo a favor',NULL,0,0,0,0,0,1,1,'2020-02-06 17:23:07','2023-03-26 23:51:33',NULL),(503,0,NULL,NULL,0,1,74,NULL,8,NULL,'IVA a pagar',NULL,0,0,0,0,0,1,1,'2020-02-06 17:23:07','2023-03-26 23:51:33',NULL),(504,0,NULL,NULL,0,1,75,NULL,5,NULL,'Percepciones Ingresos Brutos',NULL,0,0,0,0,0,1,1,'2020-02-06 17:23:07','2023-03-26 23:51:33',NULL);
INSERT INTO `cta_cte_tesoreria_cuentas` VALUES (505,0,NULL,NULL,0,1,76,NULL,8,NULL,'Otros Pagos AFIP',NULL,0,0,0,0,0,1,1,'2020-02-06 17:23:07','2023-03-26 23:51:33',NULL),(506,0,NULL,NULL,0,1,78,NULL,8,NULL,'Impuesto a los Ingresos Brutos Pasivo',NULL,0,0,0,0,0,1,1,'2020-02-06 17:23:07','2023-03-26 23:51:34',NULL),(507,0,NULL,NULL,0,1,79,NULL,8,NULL,'Impuesto a las Ganancias',NULL,0,0,0,0,0,1,1,'2020-02-06 17:23:07','2023-03-26 23:51:34',NULL),(508,0,NULL,NULL,0,1,80,NULL,8,NULL,'Impuesto a la Ganancia Mínima Presunta',NULL,0,0,0,0,0,1,1,'2020-02-06 17:23:07','2023-03-26 23:51:34',NULL),(509,0,NULL,NULL,0,1,81,NULL,8,NULL,'AFIP - Retenciones Impuesto a las Ganancias',NULL,0,0,0,0,0,1,1,'2020-02-06 17:23:07','2023-03-26 23:51:34',NULL),(510,0,NULL,NULL,0,1,82,NULL,8,NULL,'AFIP - Plan de Facilidades Decreto 338/02',NULL,0,0,0,0,0,1,1,'2020-02-06 17:23:07','2023-03-26 23:51:34',NULL),(511,0,NULL,NULL,0,1,87,NULL,8,NULL,'Acciones en circulación',NULL,0,0,0,0,0,1,1,'2020-02-06 17:23:07','2023-03-26 23:51:34',NULL),(512,0,NULL,NULL,0,1,88,NULL,8,NULL,'Ajuste del Capital',NULL,0,0,0,0,0,1,1,'2020-02-06 17:23:07','2023-03-26 23:51:34',NULL),(513,0,NULL,NULL,0,1,89,NULL,8,NULL,'Aportes Irrevocables Futuras Suscripciones',NULL,0,0,0,0,0,1,1,'2020-02-06 17:23:07','2023-03-26 23:51:34',NULL),(514,0,NULL,NULL,0,1,91,NULL,8,NULL,'Resultado del ejercicio',NULL,0,0,0,0,0,1,1,'2020-02-06 17:23:07','2023-03-26 23:51:34',NULL),(515,0,NULL,NULL,0,1,92,NULL,8,NULL,'Resultado ejercicios anteriores',NULL,0,0,0,0,0,1,1,'2020-02-06 17:23:07','2023-03-26 23:51:34',NULL),(516,0,NULL,NULL,0,1,93,NULL,8,NULL,'A.R.E.A.',NULL,0,0,0,0,0,1,1,'2020-02-06 17:23:07','2023-03-26 23:51:34',NULL),(517,0,NULL,NULL,0,1,96,NULL,7,NULL,'VENTAS',NULL,0,0,0,0,1,1,1,'2020-02-06 17:23:07','2023-03-26 23:51:34',NULL),(518,0,NULL,NULL,0,1,97,NULL,7,NULL,'Honorarios',NULL,0,0,0,0,1,1,1,'2020-02-06 17:23:07','2023-03-26 23:51:34',NULL),(519,0,NULL,NULL,0,1,99,NULL,7,NULL,'Descuentos obtenidos',NULL,0,0,0,0,1,1,1,'2020-02-06 17:23:07','2023-03-26 23:51:34',NULL),(520,0,NULL,NULL,0,1,100,NULL,7,NULL,'Reintegros por exportaciones',NULL,0,0,0,0,1,1,1,'2020-02-06 17:23:07','2023-03-26 23:51:34',NULL),(521,0,NULL,NULL,0,1,102,NULL,7,NULL,'Intereses Cobrados',NULL,0,0,0,0,1,1,1,'2020-02-06 17:23:07','2023-03-26 23:51:34',NULL),(522,0,NULL,NULL,0,1,103,NULL,7,NULL,'Diferencias de cambio',NULL,0,0,0,0,1,1,1,'2020-02-06 17:23:07','2023-03-26 23:51:34',NULL),(523,0,NULL,NULL,0,1,104,NULL,7,NULL,'Descuentos obtenidos',NULL,0,0,0,0,1,1,1,'2020-02-06 17:23:07','2023-03-26 23:51:34',NULL),(524,0,NULL,NULL,0,1,110,NULL,6,NULL,'Sueldos',NULL,0,0,0,0,0,1,1,'2020-02-06 17:23:07','2023-03-26 23:51:34',NULL),(525,0,NULL,NULL,0,1,111,NULL,6,NULL,'Contribuciones',NULL,0,0,0,0,0,1,1,'2020-02-06 17:23:07','2023-03-26 23:51:34',NULL),(526,0,NULL,NULL,0,1,112,NULL,6,NULL,'Sindicato',NULL,0,0,0,0,0,1,1,'2020-02-06 17:23:07','2023-03-26 23:51:34',NULL),(527,0,NULL,NULL,0,1,114,NULL,6,NULL,'ACA',NULL,0,0,0,0,0,1,1,'2020-02-06 17:23:07','2023-03-26 23:51:34',NULL),(528,0,NULL,NULL,0,1,115,NULL,6,NULL,'Aereos',NULL,0,0,0,0,0,1,1,'2020-02-06 17:23:07','2023-03-26 23:51:34',NULL),(529,0,NULL,NULL,0,1,116,NULL,6,NULL,'Alquiler',NULL,0,0,0,0,0,1,1,'2020-02-06 17:23:07','2023-03-26 23:51:34',NULL),(530,0,NULL,NULL,0,1,117,NULL,6,NULL,'AGUA AYSA',NULL,0,0,0,0,0,1,1,'2020-02-06 17:23:07','2023-03-26 23:51:34',NULL),(531,0,NULL,NULL,0,1,118,NULL,6,NULL,'TV Cablevision',NULL,0,0,0,0,0,1,1,'2020-02-06 17:23:07','2023-03-26 23:51:34',NULL),(532,0,NULL,NULL,0,1,119,NULL,1,NULL,'Caja Jubilacion Consejo',NULL,0,0,0,0,0,1,1,'2020-02-06 17:23:07','2023-03-26 23:51:34',NULL),(533,0,NULL,NULL,0,1,120,NULL,6,NULL,'Celulares',NULL,0,0,0,0,0,1,1,'2020-02-06 17:23:07','2023-03-26 23:51:34',NULL),(534,0,NULL,NULL,0,1,121,NULL,3,NULL,'Cheques',NULL,0,0,0,0,0,1,1,'2020-02-06 17:23:07','2023-03-26 23:51:34',NULL),(535,0,NULL,NULL,0,1,123,NULL,6,NULL,'Comida',NULL,0,0,0,0,0,1,1,'2020-02-06 17:23:07','2023-03-26 23:51:34',NULL);
INSERT INTO `cta_cte_tesoreria_cuentas` VALUES (536,0,NULL,NULL,0,1,126,NULL,6,NULL,'Fletes y acarreos',NULL,0,0,0,0,0,1,1,'2020-02-06 17:23:07','2023-03-26 23:51:34',NULL),(537,0,NULL,NULL,0,1,127,NULL,6,NULL,'Luz Edesur',NULL,0,0,0,0,0,1,1,'2020-02-06 17:23:07','2023-03-26 23:51:34',NULL),(538,0,NULL,NULL,0,1,128,NULL,6,NULL,'Movilidad y Viáticos',NULL,0,0,0,0,0,1,1,'2020-02-06 17:23:07','2023-03-26 23:51:34',NULL),(539,0,NULL,NULL,0,1,129,NULL,6,NULL,'Mantenimiento',NULL,0,0,0,0,0,1,1,'2020-02-06 17:23:07','2023-03-26 23:51:34',NULL),(540,0,NULL,NULL,0,1,130,NULL,6,NULL,'IVA No Computable',NULL,0,0,0,0,0,1,1,'2020-02-06 17:23:07','2023-03-26 23:51:34',NULL),(541,0,NULL,NULL,0,1,131,NULL,6,NULL,'Entretenimiento',NULL,0,0,0,0,0,1,1,'2020-02-06 17:23:07','2023-03-26 23:51:34',NULL),(542,0,NULL,NULL,0,1,132,NULL,6,NULL,'Amortización Bienes de Uso',NULL,0,0,0,0,0,1,1,'2020-02-06 17:23:07','2023-03-26 23:51:34',NULL),(543,0,NULL,NULL,0,1,135,NULL,6,NULL,'Gastos varios',NULL,0,0,0,0,0,1,1,'2020-02-06 17:23:07','2023-03-26 23:51:34',NULL),(544,0,NULL,NULL,0,1,136,NULL,6,NULL,'Ajuste por redondeo',NULL,0,0,0,0,0,1,1,'2020-02-06 17:23:07','2023-03-26 23:51:34',NULL),(545,0,NULL,NULL,0,1,137,NULL,6,NULL,'Deudores Incobrables',NULL,0,0,0,0,0,1,1,'2020-02-06 17:23:07','2023-03-26 23:51:34',NULL),(546,0,NULL,NULL,0,1,141,NULL,6,NULL,'Intereses Proveedores',NULL,0,0,0,0,0,1,1,'2020-02-06 17:23:07','2023-03-26 23:51:34',NULL),(547,0,NULL,NULL,0,1,143,NULL,6,NULL,'Diferencias de cambio',NULL,0,0,0,0,0,1,1,'2020-02-06 17:23:07','2023-03-26 23:51:34',NULL),(548,0,NULL,NULL,0,1,144,NULL,6,NULL,'Diferencia de Cambio Bces. en M.Extranjera',NULL,0,0,0,0,0,1,1,'2020-02-06 17:23:07','2023-03-26 23:51:34',NULL),(549,0,NULL,NULL,0,1,145,NULL,6,NULL,'Diferencia tipo cambio Vendedor/Comprador',NULL,0,0,0,0,0,1,1,'2020-02-06 17:23:07','2023-03-26 23:51:34',NULL),(550,0,NULL,NULL,0,1,146,NULL,6,NULL,'Diferencia por conversion en Bce. en Mon. Extranj.',NULL,0,0,0,0,0,1,1,'2020-02-06 17:23:07','2023-03-26 23:51:34',NULL),(551,0,NULL,NULL,0,1,147,NULL,6,NULL,'Diferencia de cambio CMV',NULL,0,0,0,0,0,1,1,'2020-02-06 17:23:07','2023-03-26 23:51:34',NULL),(552,0,NULL,NULL,0,1,148,NULL,6,NULL,'Diferencia de cambio PT',NULL,0,0,0,0,0,1,1,'2020-02-06 17:23:07','2023-03-26 23:51:34',NULL),(553,0,NULL,NULL,0,1,149,NULL,6,NULL,'Resultado por Exposición a la Inflación',NULL,0,0,0,0,0,1,1,'2020-02-06 17:23:07','2023-03-26 23:51:34',NULL),(554,0,NULL,NULL,0,1,150,NULL,6,NULL,'Diferencia de cambio PE',NULL,0,0,0,0,0,1,1,'2020-02-06 17:23:07','2023-03-26 23:51:34',NULL),(555,0,NULL,NULL,0,1,151,NULL,6,NULL,'Diferencia de cambio Ds.Vtas.',NULL,0,0,0,0,0,1,1,'2020-02-06 17:23:07','2023-03-26 23:51:34',NULL),(556,0,NULL,NULL,0,1,152,NULL,6,NULL,'Diferencia de cambio ME',NULL,0,0,0,0,0,1,1,'2020-02-06 17:23:07','2023-03-26 23:51:34',NULL),(557,0,NULL,NULL,0,1,153,NULL,6,NULL,'Descuentos otorgados',NULL,0,0,0,0,0,1,1,'2020-02-06 17:23:07','2023-03-26 23:51:34',NULL),(558,0,NULL,NULL,0,1,155,NULL,6,NULL,'Impuesto a las Ganancias',NULL,0,0,0,0,0,1,1,'2020-02-06 17:23:07','2023-03-26 23:51:34',NULL),(559,0,NULL,NULL,0,1,156,NULL,6,NULL,'Impuesto a los Ingresos Brutos',NULL,0,0,0,0,0,1,1,'2020-02-06 17:23:07','2023-03-26 23:51:34',NULL),(560,0,NULL,NULL,0,1,157,NULL,6,NULL,'Impuesto al Debito y Credito Bancario',NULL,0,0,0,0,0,1,1,'2020-02-06 17:23:07','2023-03-26 23:51:34',NULL),(561,0,NULL,NULL,0,1,159,NULL,6,NULL,'Pérdida por venta bienes de uso',NULL,0,0,0,0,0,1,1,'2020-02-06 17:23:07','2023-03-26 23:51:34',NULL),(562,0,NULL,NULL,0,1,160,NULL,6,NULL,'Inversiones',NULL,0,0,0,0,0,1,1,'2020-02-06 17:23:07','2023-03-26 23:51:34',NULL),(563,0,NULL,NULL,0,1,161,NULL,6,NULL,'Amortizaciones extraordinarias',NULL,0,0,0,0,0,1,1,'2020-02-06 17:23:07','2023-03-26 23:51:34',NULL),(564,0,NULL,NULL,0,1,178,NULL,6,NULL,'Google',NULL,0,0,0,0,0,1,1,'2020-02-06 17:23:07','2023-03-26 23:51:34',NULL),(565,0,NULL,NULL,0,1,188,NULL,6,NULL,'Publicidad',NULL,0,0,0,0,0,1,1,'2020-02-06 17:23:07','2023-03-26 23:51:34',NULL);
INSERT INTO `cta_cte_tesoreria_cuentas` VALUES (566,0,NULL,NULL,0,1,191,NULL,6,NULL,'Cargas Sociales',NULL,0,0,0,0,0,1,1,'2020-02-06 17:23:07','2023-03-26 23:51:34',NULL),(567,0,NULL,NULL,0,1,192,NULL,6,NULL,'Honorarios',NULL,0,0,0,0,0,1,1,'2020-02-06 17:23:07','2023-03-26 23:51:34',NULL),(568,0,NULL,NULL,0,1,193,NULL,6,NULL,'Telefono Fijo',NULL,0,0,0,0,0,1,1,'2020-02-06 17:23:07','2023-03-26 23:51:34',NULL),(569,0,NULL,NULL,0,1,198,NULL,6,NULL,'Seguros',NULL,0,0,0,0,0,1,1,'2020-02-06 17:23:07','2023-03-26 23:51:34',NULL),(570,0,NULL,NULL,0,1,199,NULL,6,NULL,'Internet',NULL,0,0,0,0,0,1,1,'2020-02-06 17:23:07','2023-03-26 23:51:34',NULL),(571,0,NULL,NULL,0,1,204,NULL,6,NULL,'Multas Impositivas',NULL,0,0,0,0,0,1,1,'2020-02-06 17:23:07','2023-03-26 23:51:34',NULL),(572,0,NULL,NULL,0,1,208,NULL,6,NULL,'Impuesto a los Ingresos Brutos - BS AS',NULL,0,0,0,0,0,1,1,'2020-02-06 17:23:07','2023-03-26 23:51:34',NULL),(573,0,NULL,NULL,0,1,209,NULL,6,NULL,'SIRCREB',NULL,0,0,0,0,0,1,1,'2020-02-06 17:23:07','2023-03-26 23:51:34',NULL),(574,0,NULL,NULL,0,1,212,NULL,6,NULL,'Tarjeta Visa',NULL,0,0,0,0,0,1,1,'2020-02-06 17:23:07','2023-03-26 23:51:34',NULL),(575,0,NULL,NULL,0,1,213,NULL,6,NULL,'Tarjeta American Express',NULL,0,0,0,0,0,1,1,'2020-02-06 17:23:07','2023-03-26 23:51:34',NULL),(576,0,NULL,NULL,0,1,214,NULL,6,NULL,'Tarjeta Mastercard',NULL,0,0,0,0,0,1,1,'2020-02-06 17:23:07','2023-03-26 23:51:34',NULL),(577,0,NULL,NULL,0,1,215,NULL,6,NULL,'Tarjeta Shopping',NULL,0,0,0,0,0,1,1,'2020-02-06 17:23:07','2023-03-26 23:51:34',NULL),(578,0,NULL,NULL,0,1,216,NULL,6,NULL,'Tarjeta Cencosud',NULL,0,0,0,0,0,1,1,'2020-02-06 17:23:07','2023-03-26 23:51:34',NULL),(579,0,NULL,NULL,0,1,217,NULL,6,NULL,'Compras',NULL,0,0,0,0,0,1,1,'2020-02-06 17:23:07','2023-03-26 23:51:34',NULL),(580,0,NULL,NULL,0,1,218,NULL,7,NULL,'Ventas No Gravadas',NULL,0,0,0,0,1,1,1,'2020-02-06 17:23:07','2023-03-26 23:51:34',NULL),(581,0,NULL,NULL,0,1,220,NULL,5,NULL,'Perc IVA -RG3337',NULL,0,0,0,0,0,1,0,'2020-02-06 17:23:07','2023-06-02 07:52:48',NULL),(582,0,NULL,NULL,0,1,221,NULL,6,NULL,'Imps. Internos',NULL,0,0,0,0,0,1,1,'2020-02-06 17:23:07','2023-03-26 23:51:34',NULL),(583,0,NULL,NULL,0,1,222,NULL,6,NULL,'Imp. Gasoil',NULL,0,0,0,0,0,1,1,'2020-02-06 17:23:07','2023-03-26 23:51:34',NULL),(584,0,NULL,NULL,0,1,223,NULL,6,NULL,'Imp. Hídricos',NULL,0,0,0,0,0,1,1,'2020-02-06 17:23:07','2023-03-26 23:51:34',NULL),(585,0,NULL,NULL,0,1,224,NULL,6,NULL,'ITC',NULL,0,0,0,0,0,1,1,'2020-02-06 17:23:07','2023-03-26 23:51:34',NULL),(586,0,NULL,NULL,0,1,225,NULL,5,NULL,'Perc IIBB  Buenos Aires',NULL,0,0,0,0,0,1,1,'2020-02-06 17:23:07','2023-03-26 23:51:34',NULL),(587,0,NULL,NULL,0,1,226,NULL,5,NULL,'Perc IIBB  Capital Federal',NULL,0,0,0,0,0,1,1,'2020-02-06 17:23:07','2023-03-26 23:51:34',NULL),(588,0,NULL,NULL,0,1,227,NULL,5,NULL,'Perc IIBB  Catamarca',NULL,0,0,0,0,0,1,1,'2020-02-06 17:23:07','2023-03-26 23:51:34',NULL),(589,0,NULL,NULL,0,1,228,NULL,5,NULL,'Perc IIBB  Chaco',NULL,0,0,0,0,0,1,1,'2020-02-06 17:23:07','2023-03-26 23:51:34',NULL),(590,0,NULL,NULL,0,1,229,NULL,5,NULL,'Perc IIBB  Chubut',NULL,0,0,0,0,0,1,1,'2020-02-06 17:23:07','2023-03-26 23:51:34',NULL),(591,0,NULL,NULL,0,1,230,NULL,5,NULL,'Perc IIBB  Córdoba',NULL,0,0,0,0,0,1,1,'2020-02-06 17:23:07','2023-03-26 23:51:34',NULL),(592,0,NULL,NULL,0,1,231,NULL,5,NULL,'Perc IIBB  Corrientes',NULL,0,0,0,0,0,1,1,'2020-02-06 17:23:07','2023-03-26 23:51:34',NULL),(593,0,NULL,NULL,0,1,232,NULL,5,NULL,'Perc IIBB  Entre Ríos',NULL,0,0,0,0,0,1,1,'2020-02-06 17:23:07','2023-03-26 23:51:34',NULL),(594,0,NULL,NULL,0,1,233,NULL,5,NULL,'Perc IIBB  Formosa',NULL,0,0,0,0,0,1,1,'2020-02-06 17:23:07','2023-03-26 23:51:34',NULL),(595,0,NULL,NULL,0,1,234,NULL,5,NULL,'Perc IIBB  Jujuy',NULL,0,0,0,0,0,1,1,'2020-02-06 17:23:07','2023-03-26 23:51:34',NULL),(596,0,NULL,NULL,0,1,235,NULL,5,NULL,'Perc IIBB  La Pampa',NULL,0,0,0,0,0,1,1,'2020-02-06 17:23:07','2023-03-26 23:51:34',NULL),(597,0,NULL,NULL,0,1,236,NULL,5,NULL,'Perc IIBB  La Rioja',NULL,0,0,0,0,0,1,1,'2020-02-06 17:23:07','2023-03-26 23:51:34',NULL);
INSERT INTO `cta_cte_tesoreria_cuentas` VALUES (598,0,NULL,NULL,0,1,237,NULL,5,NULL,'Perc IIBB  Mendoza',NULL,0,0,0,0,0,1,1,'2020-02-06 17:23:07','2023-03-26 23:51:34',NULL),(599,0,NULL,NULL,0,1,238,NULL,5,NULL,'Perc IIBB  Misiones',NULL,0,0,0,0,0,1,1,'2020-02-06 17:23:07','2023-03-26 23:51:34',NULL),(600,0,NULL,NULL,0,1,239,NULL,5,NULL,'Perc IIBB  Neuquén',NULL,0,0,0,0,0,1,1,'2020-02-06 17:23:07','2023-03-26 23:51:34',NULL),(601,0,NULL,NULL,0,1,240,NULL,5,NULL,'Perc IIBB  Pascua Lama',NULL,0,0,0,0,0,1,1,'2020-02-06 17:23:07','2023-03-26 23:51:34',NULL),(602,0,NULL,NULL,0,1,241,NULL,5,NULL,'Perc IIBB  Río Negro',NULL,0,0,0,0,0,1,1,'2020-02-06 17:23:07','2023-03-26 23:51:35',NULL),(603,0,NULL,NULL,0,1,242,NULL,5,NULL,'Perc IIBB  Salta',NULL,0,0,0,0,0,1,1,'2020-02-06 17:23:07','2023-03-26 23:51:35',NULL),(604,0,NULL,NULL,0,1,243,NULL,5,NULL,'Perc IIBB  San Juan',NULL,0,0,0,0,0,1,1,'2020-02-06 17:23:07','2023-03-26 23:51:35',NULL),(605,0,NULL,NULL,0,1,244,NULL,5,NULL,'Perc IIBB  San Luis',NULL,0,0,0,0,0,1,1,'2020-02-06 17:23:07','2023-03-26 23:51:35',NULL),(606,0,NULL,NULL,0,1,245,NULL,5,NULL,'Perc IIBB  Santa Cruz',NULL,0,0,0,0,0,1,1,'2020-02-06 17:23:07','2023-03-26 23:51:35',NULL),(607,0,NULL,NULL,0,1,246,NULL,5,NULL,'Perc IIBB  Santa Fe',NULL,0,0,0,0,0,1,1,'2020-02-06 17:23:07','2023-03-26 23:51:35',NULL),(608,0,NULL,NULL,0,1,247,NULL,5,NULL,'Perc IIBB  Santiago del Estero',NULL,0,0,0,0,0,1,1,'2020-02-06 17:23:07','2023-03-26 23:51:35',NULL),(609,0,NULL,NULL,0,1,248,NULL,5,NULL,'Perc IIBB  Tierra del Fuego',NULL,0,0,0,0,0,1,1,'2020-02-06 17:23:07','2023-03-26 23:51:35',NULL),(610,0,NULL,NULL,0,1,249,NULL,5,NULL,'Perc IIBB  Tucuman',NULL,0,0,0,0,0,1,1,'2020-02-06 17:23:07','2023-03-26 23:51:35',NULL),(611,0,NULL,NULL,0,1,250,NULL,6,NULL,'Compras No Gravadas',NULL,0,0,0,0,0,1,1,'2020-02-06 17:23:07','2023-03-26 23:51:35',NULL),(612,0,NULL,NULL,0,1,276,NULL,6,NULL,'SIRCREB Buenos Aires',NULL,0,0,0,0,0,1,1,'2020-02-06 17:23:07','2023-03-26 23:51:35',NULL),(613,0,NULL,NULL,0,1,277,NULL,6,NULL,'SIRCREB Capital Federal',NULL,0,0,0,0,0,1,1,'2020-02-06 17:23:07','2023-03-26 23:51:35',NULL),(614,0,NULL,NULL,0,1,278,NULL,6,NULL,'SIRCREB Catamarca',NULL,0,0,0,0,0,1,1,'2020-02-06 17:23:07','2023-03-26 23:51:35',NULL),(615,0,NULL,NULL,0,1,279,NULL,6,NULL,'SIRCREB Chaco',NULL,0,0,0,0,0,1,1,'2020-02-06 17:23:07','2023-03-26 23:51:35',NULL),(616,0,NULL,NULL,0,1,280,NULL,6,NULL,'SIRCREB Chubut',NULL,0,0,0,0,0,1,1,'2020-02-06 17:23:07','2023-03-26 23:51:35',NULL),(617,0,NULL,NULL,0,1,281,NULL,6,NULL,'SIRCREB Córdoba',NULL,0,0,0,0,0,1,1,'2020-02-06 17:23:07','2023-03-26 23:51:35',NULL),(618,0,NULL,NULL,0,1,282,NULL,6,NULL,'SIRCREB Corrientes',NULL,0,0,0,0,0,1,1,'2020-02-06 17:23:07','2023-03-26 23:51:35',NULL),(619,0,NULL,NULL,0,1,283,NULL,6,NULL,'SIRCREB Entre Ríos',NULL,0,0,0,0,0,1,1,'2020-02-06 17:23:07','2023-03-26 23:51:35',NULL),(620,0,NULL,NULL,0,1,284,NULL,6,NULL,'SIRCREB Formosa',NULL,0,0,0,0,0,1,1,'2020-02-06 17:23:07','2023-03-26 23:51:35',NULL),(621,0,NULL,NULL,0,1,285,NULL,6,NULL,'SIRCREB Jujuy',NULL,0,0,0,0,0,1,1,'2020-02-06 17:23:07','2023-03-26 23:51:35',NULL),(622,0,NULL,NULL,0,1,286,NULL,6,NULL,'SIRCREB La Pampa',NULL,0,0,0,0,0,1,1,'2020-02-06 17:23:07','2023-03-26 23:51:35',NULL),(623,0,NULL,NULL,0,1,287,NULL,6,NULL,'SIRCREB La Rioja',NULL,0,0,0,0,0,1,1,'2020-02-06 17:23:07','2023-03-26 23:51:35',NULL),(624,0,NULL,NULL,0,1,288,NULL,6,NULL,'SIRCREB Mendoza',NULL,0,0,0,0,0,1,1,'2020-02-06 17:23:07','2023-03-26 23:51:35',NULL),(625,0,NULL,NULL,0,1,289,NULL,6,NULL,'SIRCREB Misiones',NULL,0,0,0,0,0,1,1,'2020-02-06 17:23:07','2023-03-26 23:51:35',NULL),(626,0,NULL,NULL,0,1,290,NULL,6,NULL,'SIRCREB Neuquén',NULL,0,0,0,0,0,1,1,'2020-02-06 17:23:07','2023-03-26 23:51:35',NULL),(627,0,NULL,NULL,0,1,291,NULL,6,NULL,'SIRCREB Pascua Lama',NULL,0,0,0,0,0,1,1,'2020-02-06 17:23:07','2023-03-26 23:51:35',NULL),(628,0,NULL,NULL,0,1,292,NULL,6,NULL,'SIRCREB Río Negro',NULL,0,0,0,0,0,1,1,'2020-02-06 17:23:07','2023-03-26 23:51:35',NULL);
INSERT INTO `cta_cte_tesoreria_cuentas` VALUES (629,0,NULL,NULL,0,1,293,NULL,6,NULL,'SIRCREB Salta',NULL,0,0,0,0,0,1,1,'2020-02-06 17:23:07','2023-03-26 23:51:35',NULL),(630,0,NULL,NULL,0,1,294,NULL,6,NULL,'SIRCREB San Juan',NULL,0,0,0,0,0,1,1,'2020-02-06 17:23:07','2023-03-26 23:51:35',NULL),(631,0,NULL,NULL,0,1,295,NULL,6,NULL,'SIRCREB San Luis',NULL,0,0,0,0,0,1,1,'2020-02-06 17:23:07','2023-03-26 23:51:35',NULL),(632,0,NULL,NULL,0,1,296,NULL,6,NULL,'SIRCREB Santa Cruz',NULL,0,0,0,0,0,1,1,'2020-02-06 17:23:07','2023-03-26 23:51:35',NULL),(633,0,NULL,NULL,0,1,297,NULL,6,NULL,'SIRCREB Santa Fe',NULL,0,0,0,0,0,1,1,'2020-02-06 17:23:07','2023-03-26 23:51:35',NULL),(634,0,NULL,NULL,0,1,298,NULL,6,NULL,'SIRCREB Santiago del Estero',NULL,0,0,0,0,0,1,1,'2020-02-06 17:23:07','2023-03-26 23:51:35',NULL),(635,0,NULL,NULL,0,1,299,NULL,6,NULL,'SIRCREB Tierra del Fuego',NULL,0,0,0,0,0,1,1,'2020-02-06 17:23:07','2023-03-26 23:51:35',NULL),(636,0,NULL,NULL,0,1,300,NULL,6,NULL,'SIRCREB Tucuman',NULL,0,0,0,0,0,1,1,'2020-02-06 17:23:07','2023-03-26 23:51:35',NULL),(637,0,NULL,NULL,0,1,301,NULL,8,NULL,'IIBB a Favor Buenos Aires',NULL,0,0,0,0,0,1,1,'2020-02-06 17:23:07','2023-03-26 23:51:35',NULL),(638,0,NULL,NULL,0,1,302,NULL,8,NULL,'IIBB a Favor Capital Federal',NULL,0,0,0,0,0,1,1,'2020-02-06 17:23:07','2023-03-26 23:51:35',NULL),(639,0,NULL,NULL,0,1,303,NULL,8,NULL,'IIBB a Favor Catamarca',NULL,0,0,0,0,0,1,1,'2020-02-06 17:23:07','2023-03-26 23:51:35',NULL),(640,0,NULL,NULL,0,1,304,NULL,8,NULL,'IIBB a Favor Chaco',NULL,0,0,0,0,0,1,1,'2020-02-06 17:23:07','2023-03-26 23:51:35',NULL),(641,0,NULL,NULL,0,1,305,NULL,8,NULL,'IIBB a Favor Chubut',NULL,0,0,0,0,0,1,1,'2020-02-06 17:23:07','2023-03-26 23:51:35',NULL),(642,0,NULL,NULL,0,1,306,NULL,8,NULL,'IIBB a Favor Córdoba',NULL,0,0,0,0,0,1,1,'2020-02-06 17:23:07','2023-03-26 23:51:35',NULL),(643,0,NULL,NULL,0,1,307,NULL,8,NULL,'IIBB a Favor Corrientes',NULL,0,0,0,0,0,1,1,'2020-02-06 17:23:07','2023-03-26 23:51:35',NULL),(644,0,NULL,NULL,0,1,308,NULL,8,NULL,'IIBB a Favor Entre Ríos',NULL,0,0,0,0,0,1,1,'2020-02-06 17:23:07','2023-03-26 23:51:35',NULL),(645,0,NULL,NULL,0,1,309,NULL,8,NULL,'IIBB a Favor Formosa',NULL,0,0,0,0,0,1,1,'2020-02-06 17:23:07','2023-03-26 23:51:35',NULL),(646,0,NULL,NULL,0,1,310,NULL,8,NULL,'IIBB a Favor Jujuy',NULL,0,0,0,0,0,1,1,'2020-02-06 17:23:07','2023-03-26 23:51:35',NULL),(647,0,NULL,NULL,0,1,311,NULL,8,NULL,'IIBB a Favor La Pampa',NULL,0,0,0,0,0,1,1,'2020-02-06 17:23:07','2023-03-26 23:51:35',NULL),(648,0,NULL,NULL,0,1,312,NULL,8,NULL,'IIBB a Favor La Rioja',NULL,0,0,0,0,0,1,1,'2020-02-06 17:23:07','2023-03-26 23:51:35',NULL),(649,0,NULL,NULL,0,1,313,NULL,8,NULL,'IIBB a Favor Mendoza',NULL,0,0,0,0,0,1,1,'2020-02-06 17:23:07','2023-03-26 23:51:35',NULL),(650,0,NULL,NULL,0,1,314,NULL,8,NULL,'IIBB a Favor Misiones',NULL,0,0,0,0,0,1,1,'2020-02-06 17:23:08','2023-03-26 23:51:35',NULL),(651,0,NULL,NULL,0,1,315,NULL,8,NULL,'IIBB a Favor Neuquén',NULL,0,0,0,0,0,1,1,'2020-02-06 17:23:08','2023-03-26 23:51:35',NULL),(652,0,NULL,NULL,0,1,316,NULL,8,NULL,'IIBB a Favor Pascua Lama',NULL,0,0,0,0,0,1,1,'2020-02-06 17:23:08','2023-03-26 23:51:35',NULL),(653,0,NULL,NULL,0,1,317,NULL,8,NULL,'IIBB a Favor Río Negro',NULL,0,0,0,0,0,1,1,'2020-02-06 17:23:08','2023-03-26 23:51:35',NULL),(654,0,NULL,NULL,0,1,318,NULL,8,NULL,'IIBB a Favor Salta',NULL,0,0,0,0,0,1,1,'2020-02-06 17:23:08','2023-03-26 23:51:35',NULL),(655,0,NULL,NULL,0,1,319,NULL,8,NULL,'IIBB a Favor San Juan',NULL,0,0,0,0,0,1,1,'2020-02-06 17:23:08','2023-03-26 23:51:35',NULL),(656,0,NULL,NULL,0,1,320,NULL,8,NULL,'IIBB a Favor San Luis',NULL,0,0,0,0,0,1,1,'2020-02-06 17:23:08','2023-03-26 23:51:35',NULL),(657,0,NULL,NULL,0,1,321,NULL,8,NULL,'IIBB a Favor Santa Cruz',NULL,0,0,0,0,0,1,1,'2020-02-06 17:23:08','2023-03-26 23:51:35',NULL),(658,0,NULL,NULL,0,1,322,NULL,8,NULL,'IIBB a Favor Santa Fe',NULL,0,0,0,0,0,1,1,'2020-02-06 17:23:08','2023-03-26 23:51:35',NULL);
INSERT INTO `cta_cte_tesoreria_cuentas` VALUES (659,0,NULL,NULL,0,1,323,NULL,8,NULL,'IIBB a Favor Santiago del Estero',NULL,0,0,0,0,0,1,1,'2020-02-06 17:23:08','2023-03-26 23:51:35',NULL),(660,0,NULL,NULL,0,1,324,NULL,8,NULL,'IIBB a Favor Tierra del Fuego',NULL,0,0,0,0,0,1,1,'2020-02-06 17:23:08','2023-03-26 23:51:35',NULL),(661,0,NULL,NULL,0,1,325,NULL,8,NULL,'IIBB a Favor Tucuman',NULL,0,0,0,0,0,1,1,'2020-02-06 17:23:08','2023-03-26 23:51:35',NULL),(662,0,NULL,NULL,0,1,326,NULL,8,NULL,'IIBB a Pagar Buenos Aires',NULL,0,0,0,0,0,1,1,'2020-02-06 17:23:08','2023-03-26 23:51:35',NULL),(663,0,NULL,NULL,0,1,327,NULL,8,NULL,'IIBB a Pagar Capital Federal',NULL,0,0,0,0,0,1,1,'2020-02-06 17:23:08','2023-03-26 23:51:35',NULL),(664,0,NULL,NULL,0,1,328,NULL,8,NULL,'IIBB a Pagar Catamarca',NULL,0,0,0,0,0,1,1,'2020-02-06 17:23:08','2023-03-26 23:51:35',NULL),(665,0,NULL,NULL,0,1,329,NULL,8,NULL,'IIBB a Pagar Chaco',NULL,0,0,0,0,0,1,1,'2020-02-06 17:23:08','2023-03-26 23:51:35',NULL),(666,0,NULL,NULL,0,1,330,NULL,8,NULL,'IIBB a Pagar Chubut',NULL,0,0,0,0,0,1,1,'2020-02-06 17:23:08','2023-03-26 23:51:35',NULL),(667,0,NULL,NULL,0,1,331,NULL,8,NULL,'IIBB a Pagar Córdoba',NULL,0,0,0,0,0,1,1,'2020-02-06 17:23:08','2023-03-26 23:51:35',NULL),(668,0,NULL,NULL,0,1,332,NULL,8,NULL,'IIBB a Pagar Corrientes',NULL,0,0,0,0,0,1,1,'2020-02-06 17:23:08','2023-03-26 23:51:35',NULL),(669,0,NULL,NULL,0,1,333,NULL,8,NULL,'IIBB a Pagar Entre Ríos',NULL,0,0,0,0,0,1,1,'2020-02-06 17:23:08','2023-03-26 23:51:35',NULL),(670,0,NULL,NULL,0,1,334,NULL,8,NULL,'IIBB a Pagar Formosa',NULL,0,0,0,0,0,1,1,'2020-02-06 17:23:08','2023-03-26 23:51:35',NULL),(671,0,NULL,NULL,0,1,335,NULL,8,NULL,'IIBB a Pagar Jujuy',NULL,0,0,0,0,0,1,1,'2020-02-06 17:23:08','2023-03-26 23:51:35',NULL),(672,0,NULL,NULL,0,1,336,NULL,8,NULL,'IIBB a Pagar La Pampa',NULL,0,0,0,0,0,1,1,'2020-02-06 17:23:08','2023-03-26 23:51:35',NULL),(673,0,NULL,NULL,0,1,337,NULL,8,NULL,'IIBB a Pagar La Rioja',NULL,0,0,0,0,0,1,1,'2020-02-06 17:23:08','2023-03-26 23:51:35',NULL),(674,0,NULL,NULL,0,1,338,NULL,8,NULL,'IIBB a Pagar Mendoza',NULL,0,0,0,0,0,1,1,'2020-02-06 17:23:08','2023-03-26 23:51:35',NULL),(675,0,NULL,NULL,0,1,339,NULL,8,NULL,'IIBB a Pagar Misiones',NULL,0,0,0,0,0,1,1,'2020-02-06 17:23:08','2023-03-26 23:51:35',NULL),(676,0,NULL,NULL,0,1,340,NULL,8,NULL,'IIBB a Pagar Neuquén',NULL,0,0,0,0,0,1,1,'2020-02-06 17:23:08','2023-03-26 23:51:35',NULL),(677,0,NULL,NULL,0,1,341,NULL,8,NULL,'IIBB a Pagar Pascua Lama',NULL,0,0,0,0,0,1,1,'2020-02-06 17:23:08','2023-03-26 23:51:35',NULL),(678,0,NULL,NULL,0,1,342,NULL,8,NULL,'IIBB a Pagar Río Negro',NULL,0,0,0,0,0,1,1,'2020-02-06 17:23:08','2023-03-26 23:51:35',NULL),(679,0,NULL,NULL,0,1,343,NULL,8,NULL,'IIBB a Pagar Salta',NULL,0,0,0,0,0,1,1,'2020-02-06 17:23:08','2023-03-26 23:51:35',NULL),(680,0,NULL,NULL,0,1,344,NULL,8,NULL,'IIBB a Pagar San Juan',NULL,0,0,0,0,0,1,1,'2020-02-06 17:23:08','2023-03-26 23:51:35',NULL),(681,0,NULL,NULL,0,1,345,NULL,8,NULL,'IIBB a Pagar San Luis',NULL,0,0,0,0,0,1,1,'2020-02-06 17:23:08','2023-03-26 23:51:35',NULL),(682,0,NULL,NULL,0,1,346,NULL,8,NULL,'IIBB a Pagar Santa Cruz',NULL,0,0,0,0,0,1,1,'2020-02-06 17:23:08','2023-03-26 23:51:35',NULL),(683,0,NULL,NULL,0,1,347,NULL,8,NULL,'IIBB a Pagar Santa Fe',NULL,0,0,0,0,0,1,1,'2020-02-06 17:23:08','2023-03-26 23:51:35',NULL),(684,0,NULL,NULL,0,1,348,NULL,8,NULL,'IIBB a Pagar Santiago del Estero',NULL,0,0,0,0,0,1,1,'2020-02-06 17:23:08','2023-03-26 23:51:35',NULL),(685,0,NULL,NULL,0,1,349,NULL,8,NULL,'IIBB a Pagar Tierra del Fuego',NULL,0,0,0,0,0,1,1,'2020-02-06 17:23:08','2023-03-26 23:51:35',NULL),(686,0,NULL,NULL,0,1,350,NULL,8,NULL,'IIBB a Pagar Tucuman',NULL,0,0,0,0,0,1,1,'2020-02-06 17:23:08','2023-03-26 23:51:35',NULL),(687,0,NULL,NULL,0,1,352,NULL,8,NULL,'Compensacion',NULL,0,0,0,0,0,1,1,'2020-02-06 17:23:08','2023-03-26 23:51:35',NULL),(688,0,NULL,NULL,0,1,353,NULL,8,NULL,'IVA Saldo Tecnico',NULL,0,0,0,0,0,1,1,'2020-02-06 17:23:08','2023-03-26 23:51:35',NULL);
INSERT INTO `cta_cte_tesoreria_cuentas` VALUES (689,0,NULL,NULL,0,1,354,NULL,8,NULL,'IVA Saldo Libre Disponibilidad',NULL,0,0,0,0,0,1,1,'2020-02-06 17:23:08','2023-03-26 23:51:35',NULL),(690,0,NULL,NULL,0,1,361,NULL,8,NULL,'Equipos de Computación',NULL,0,0,0,0,0,1,1,'2020-02-06 17:23:08','2023-03-26 23:51:35',NULL),(691,0,NULL,NULL,0,1,362,NULL,8,NULL,'Computadoras',NULL,0,0,0,0,0,1,1,'2020-02-06 17:23:08','2023-03-26 23:51:35',NULL),(692,0,NULL,NULL,0,1,363,NULL,8,NULL,'Muebles y Utiles',NULL,0,0,0,0,0,1,1,'2020-02-06 17:23:08','2023-03-26 23:51:35',NULL),(693,0,NULL,NULL,0,1,365,NULL,8,NULL,'Provision Honorarios',NULL,0,0,0,0,0,1,1,'2020-02-06 17:23:08','2023-03-26 23:51:35',NULL),(694,0,NULL,NULL,0,1,366,NULL,8,NULL,'Cta. Cte Directores',NULL,0,0,0,0,0,1,1,'2020-02-06 17:23:08','2023-03-26 23:51:35',NULL),(695,0,NULL,NULL,0,1,367,NULL,8,NULL,'Provisión Honorarios Directores',NULL,0,0,0,0,0,1,1,'2020-02-06 17:23:08','2023-03-26 23:51:35',NULL),(696,0,NULL,NULL,0,1,368,NULL,8,NULL,'Cuenta Particular Socio 1',NULL,0,0,0,0,0,1,1,'2020-02-06 17:23:08','2023-03-26 23:51:35',NULL),(697,0,NULL,NULL,0,1,369,NULL,8,NULL,'Capital',NULL,0,0,0,0,0,1,1,'2020-02-06 17:23:08','2023-03-26 23:51:35',NULL),(698,0,NULL,NULL,0,1,380,NULL,8,NULL,'Instalaciones',NULL,0,0,0,0,0,1,1,'2020-02-06 17:23:08','2023-03-26 23:51:35',NULL),(699,0,NULL,NULL,0,1,381,NULL,8,NULL,'Reserva Legal',NULL,0,0,0,0,0,1,1,'2020-02-06 17:23:08','2023-03-26 23:51:35',NULL),(700,0,NULL,NULL,0,1,382,NULL,8,NULL,'Reserva Legal',NULL,0,0,0,0,0,1,1,'2020-02-06 17:23:08','2023-03-26 23:51:35',NULL),(701,0,NULL,NULL,0,1,383,NULL,8,NULL,'Resultado no asignado',NULL,0,0,0,0,0,1,1,'2020-02-06 17:23:08','2023-03-26 23:51:35',NULL),(702,0,NULL,NULL,0,1,386,NULL,8,NULL,'PLAZO FIJO',NULL,0,0,0,0,0,1,1,'2020-02-06 17:23:08','2023-03-26 23:51:35',NULL),(703,0,NULL,NULL,0,1,388,NULL,8,NULL,'ACCIONES',NULL,0,0,0,0,0,1,1,'2020-02-06 17:23:08','2023-03-26 23:51:36',NULL),(704,0,NULL,NULL,0,1,389,NULL,8,NULL,'Inmuebles',NULL,0,0,0,0,0,1,1,'2020-02-06 17:23:08','2023-03-26 23:51:36',NULL),(705,0,NULL,NULL,0,1,390,NULL,8,NULL,'Vehiculos',NULL,0,0,0,0,0,1,1,'2020-02-06 17:23:08','2023-03-26 23:51:36',NULL),(706,0,NULL,NULL,0,1,391,NULL,8,NULL,'Maquinarias',NULL,0,0,0,0,0,1,1,'2020-02-06 17:23:08','2023-03-26 23:51:36',NULL),(707,0,NULL,NULL,0,1,392,NULL,8,NULL,'MERCADERIAS',NULL,0,0,0,0,0,1,1,'2020-02-06 17:23:08','2023-03-26 23:51:36',NULL),(708,0,NULL,NULL,0,1,393,NULL,8,NULL,'OTROS',NULL,0,0,0,0,0,1,1,'2020-02-06 17:23:08','2023-03-26 23:51:36',NULL),(709,0,NULL,NULL,0,1,395,NULL,8,NULL,'Cuenta Particular Socio 2',NULL,0,0,0,0,0,1,1,'2020-02-06 17:23:08','2023-03-26 23:51:36',NULL),(710,0,NULL,NULL,0,1,396,NULL,6,NULL,'Comisiones Y gastos Bancarios',NULL,0,0,0,0,0,1,1,'2020-02-06 17:23:08','2023-03-26 23:51:36',NULL),(711,0,NULL,NULL,0,1,411,NULL,8,NULL,'Provisión Impuesto a las Ganancias',NULL,0,0,0,0,0,1,1,'2020-02-06 17:23:08','2023-03-26 23:51:36',NULL),(712,0,NULL,NULL,0,1,412,NULL,6,NULL,'Amortización Muebles y Útiles',NULL,0,0,0,0,0,1,1,'2020-02-06 17:23:08','2023-03-26 23:51:36',NULL),(713,0,NULL,NULL,0,1,413,NULL,6,NULL,'Amortización Equipos',NULL,0,0,0,0,0,1,1,'2020-02-06 17:23:08','2023-03-26 23:51:36',NULL),(714,0,NULL,NULL,0,1,414,NULL,8,NULL,'Amortizacion Acumulada Equipos',NULL,0,0,0,0,0,1,1,'2020-02-06 17:23:08','2023-03-26 23:51:36',NULL),(715,0,NULL,NULL,0,1,415,NULL,8,NULL,'Amortización Acumulada Maquinarias',NULL,0,0,0,0,0,1,1,'2020-02-06 17:23:08','2023-03-26 23:51:36',NULL),(716,0,NULL,NULL,0,1,416,NULL,8,NULL,'Materias Primas',NULL,0,0,0,0,0,1,1,'2020-02-06 17:23:08','2023-03-26 23:51:36',NULL),(717,0,NULL,NULL,0,1,419,NULL,8,NULL,'Rodados',NULL,0,0,0,0,0,1,1,'2020-02-06 17:23:08','2023-03-26 23:51:36',NULL),(718,0,NULL,NULL,0,1,420,NULL,8,NULL,'Amortización Acumulada Rodados',NULL,0,0,0,0,0,1,1,'2020-02-06 17:23:08','2023-03-26 23:51:36',NULL),(719,0,NULL,NULL,0,1,421,NULL,6,NULL,'Amortización Rodados',NULL,0,0,0,0,0,1,1,'2020-02-06 17:23:08','2023-03-26 23:51:36',NULL);
INSERT INTO `cta_cte_tesoreria_cuentas` VALUES (720,0,NULL,NULL,0,1,422,NULL,6,NULL,'Amortización Maquinarias',NULL,0,0,0,0,0,1,1,'2020-02-06 17:23:08','2023-03-26 23:51:36',NULL),(721,0,NULL,NULL,0,1,423,NULL,8,NULL,'Accesorios',NULL,0,0,0,0,0,1,1,'2020-02-06 17:23:08','2023-03-26 23:51:36',NULL),(722,0,NULL,NULL,0,1,424,NULL,8,NULL,'Amortización Acumulada Accesorios',NULL,0,0,0,0,0,1,1,'2020-02-06 17:23:08','2023-03-26 23:51:36',NULL),(723,0,NULL,NULL,0,1,426,NULL,8,NULL,'Reserva Facultativa',NULL,0,0,0,0,0,1,1,'2020-02-06 17:23:08','2023-03-26 23:51:36',NULL),(724,0,NULL,NULL,0,1,427,NULL,8,NULL,'Créditos por Impuestos Diferidos',NULL,0,0,0,0,0,1,1,'2020-02-06 17:23:08','2023-03-26 23:51:36',NULL),(725,0,NULL,NULL,0,1,428,NULL,8,NULL,'Fondo de Comercio',NULL,0,0,0,0,0,1,1,'2020-02-06 17:23:08','2023-03-26 23:51:36',NULL),(726,0,NULL,NULL,0,1,429,NULL,8,NULL,'Amortizacion Acumulada Fondo de Comercio',NULL,0,0,0,0,0,1,1,'2020-02-06 17:23:08','2023-03-26 23:51:36',NULL),(727,0,NULL,NULL,0,1,430,NULL,8,NULL,'Intereses a devengar AGIP',NULL,0,0,0,0,0,1,1,'2020-02-06 17:23:08','2023-03-26 23:51:36',NULL),(728,0,NULL,NULL,0,1,431,NULL,8,NULL,'PFP IIBB',NULL,0,0,0,0,0,1,1,'2020-02-06 17:23:08','2023-03-26 23:51:36',NULL),(729,0,NULL,NULL,0,1,434,NULL,8,NULL,'Productos',NULL,0,0,0,0,0,1,1,'2020-02-06 17:23:08','2023-03-26 23:51:36',NULL),(730,0,NULL,NULL,0,1,435,NULL,8,NULL,'Intereses a devengar PFP',NULL,0,0,0,0,0,1,1,'2020-02-06 17:23:08','2023-03-26 23:51:36',NULL),(731,0,NULL,NULL,0,1,437,NULL,8,NULL,'Imp. Ley 25413 Cred 0.6%',NULL,0,0,0,0,0,1,1,'2020-02-06 17:23:08','2023-03-26 23:51:36',NULL),(732,0,NULL,NULL,0,1,438,NULL,8,NULL,'Honorarios Directorio a Pagar',NULL,0,0,0,0,0,1,1,'2020-02-06 17:23:08','2023-03-26 23:51:36',NULL),(733,0,NULL,NULL,0,1,439,NULL,8,NULL,'Reserva para Futuras Inversiones',NULL,0,0,0,0,0,1,1,'2020-02-06 17:23:08','2023-03-26 23:51:36',NULL),(734,0,NULL,NULL,0,1,440,NULL,8,NULL,'TEAC - Trabajos Ejecutados a Certificar',NULL,0,0,0,0,0,1,1,'2020-02-06 17:23:08','2023-03-26 23:51:36',NULL),(735,0,NULL,NULL,0,1,444,NULL,8,NULL,'Banco Santander Rio Cta Cte',NULL,0,0,0,0,0,1,1,'2020-02-06 17:23:08','2023-03-26 23:51:36',NULL),(736,0,NULL,NULL,0,1,449,NULL,8,NULL,'Leasing',NULL,0,0,0,0,0,1,1,'2020-02-06 17:23:08','2023-03-26 23:51:36',NULL),(737,0,NULL,NULL,0,1,453,NULL,8,NULL,'Inversión Central Caribe',NULL,0,0,0,0,0,1,1,'2020-02-06 17:23:08','2023-03-26 23:51:36',NULL),(738,0,NULL,NULL,0,1,454,NULL,8,NULL,'Otras Inversiones',NULL,0,0,0,0,0,1,1,'2020-02-06 17:23:08','2023-03-26 23:51:36',NULL),(739,0,NULL,NULL,0,1,455,NULL,8,NULL,'Otros Créditos',NULL,0,0,0,0,0,1,1,'2020-02-06 17:23:08','2023-03-26 23:51:36',NULL),(740,0,NULL,NULL,0,1,456,NULL,8,NULL,'Provisión Honorarios Socio Gerente',NULL,0,0,0,0,0,1,1,'2020-02-06 17:23:08','2023-03-26 23:51:36',NULL),(741,0,NULL,NULL,0,1,459,NULL,8,NULL,'Moratoria SUSS a pagar',NULL,0,0,0,0,0,1,1,'2020-02-06 17:23:08','2023-03-26 23:51:36',NULL),(742,0,NULL,NULL,0,1,460,NULL,8,NULL,'Impuestos Municipales a Pagar',NULL,0,0,0,0,0,1,1,'2020-02-06 17:23:08','2023-03-26 23:51:36',NULL),(743,0,NULL,NULL,0,1,461,NULL,6,NULL,'Amortización Instalaciones',NULL,0,0,0,0,0,1,1,'2020-02-06 17:23:08','2023-03-26 23:51:36',NULL),(744,0,NULL,NULL,0,1,462,NULL,6,NULL,'Amortización Equipos de comput.',NULL,0,0,0,0,0,1,1,'2020-02-06 17:23:08','2023-03-26 23:51:36',NULL),(745,0,NULL,NULL,0,1,463,NULL,8,NULL,'Cuenta Particular Socio 3',NULL,0,0,0,0,0,1,1,'2020-02-06 17:23:08','2023-03-26 23:51:36',NULL),(746,0,NULL,NULL,0,1,464,NULL,8,NULL,'Cuenta Particular Socio 4',NULL,0,0,0,0,0,1,1,'2020-02-06 17:23:08','2023-03-26 23:51:36',NULL),(747,0,NULL,NULL,0,1,465,NULL,8,NULL,'Otras Reservas',NULL,0,0,0,0,0,1,1,'2020-02-06 17:23:08','2023-03-26 23:51:36',NULL),(748,0,NULL,NULL,0,1,466,NULL,8,NULL,'IGMP (Saldo a Favor)',NULL,0,0,0,0,0,1,1,'2020-02-06 17:23:08','2023-03-26 23:51:36',NULL),(749,0,NULL,NULL,0,1,468,NULL,8,NULL,'Productos en Proceso',NULL,0,0,0,0,0,1,1,'2020-02-06 17:23:08','2023-03-26 23:51:36',NULL);
INSERT INTO `cta_cte_tesoreria_cuentas` VALUES (750,0,NULL,NULL,0,1,469,NULL,8,NULL,'Depósitos en Garantía Socio Gerente',NULL,0,0,0,0,0,1,1,'2020-02-06 17:23:08','2023-03-26 23:51:36',NULL),(751,0,NULL,NULL,0,1,470,NULL,8,NULL,'Fondos Embargados',NULL,0,0,0,0,0,1,1,'2020-02-06 17:23:08','2023-03-26 23:51:36',NULL),(752,0,NULL,NULL,0,1,471,NULL,8,NULL,'Cuota Solid.',NULL,0,0,0,0,0,1,1,'2020-02-06 17:23:08','2023-03-26 23:51:36',NULL),(753,0,NULL,NULL,0,1,472,NULL,8,NULL,'Anticipo Honorarios Directores',NULL,0,0,0,0,0,1,1,'2020-02-06 17:23:08','2023-03-26 23:51:36',NULL),(754,0,NULL,NULL,0,1,473,NULL,8,NULL,'SICORE a Pagar',NULL,0,0,0,0,0,1,1,'2020-02-06 17:23:08','2023-03-26 23:51:36',NULL),(755,0,NULL,NULL,0,1,476,NULL,6,NULL,'RECPAM',NULL,0,0,0,0,0,1,1,'2020-02-06 17:23:08','2023-03-26 23:51:36',NULL),(756,0,NULL,NULL,0,1,478,NULL,6,NULL,'CO2 - Imp. Al Carbono',NULL,0,0,0,0,0,1,1,'2020-02-06 17:23:08','2023-03-26 23:51:36',NULL);

--
-- Table structure for table `cta_cte_tesoreria_detail`
--

CREATE TABLE `cta_cte_tesoreria_detail` (
  `id` int(10) unsigned NOT NULL AUTO_INCREMENT,
  `user_id` int(10) unsigned DEFAULT NULL,
  `cta_cte_tesoreria_id` int(10) unsigned NOT NULL,
  `cta_cte_tesoreria_cuenta_id` int(10) unsigned NOT NULL,
  `person_id` int(10) unsigned DEFAULT NULL,
  `period_id` int(10) unsigned DEFAULT NULL,
  `saldo_id` int(10) unsigned NOT NULL,
  `monto` decimal(16,2) NOT NULL,
  `is_conciliado` tinyint(1) NOT NULL DEFAULT '0',
  `fecha` date DEFAULT NULL,
  `created_at` timestamp NULL DEFAULT NULL,
  `updated_at` timestamp NULL DEFAULT NULL,
  `deleted_at` timestamp NULL DEFAULT NULL,
  PRIMARY KEY (`id`),
  KEY `cta_cte_tesoreria_detail_cta_cte_tesoreria_id_foreign` (`cta_cte_tesoreria_id`),
  KEY `cta_cte_tesoreria_detail_cta_cte_tesoreria_cuenta_id_foreign` (`cta_cte_tesoreria_cuenta_id`),
  KEY `cta_cte_tesoreria_detail_person_id_foreign` (`person_id`),
  KEY `cta_cte_tesoreria_detail_period_id_foreign` (`period_id`),
  KEY `cta_cte_tesoreria_detail_saldo_id_foreign` (`saldo_id`),
  CONSTRAINT `cta_cte_tesoreria_detail_cta_cte_tesoreria_cuenta_id_foreign` FOREIGN KEY (`cta_cte_tesoreria_cuenta_id`) REFERENCES `cta_cte_tesoreria_cuentas` (`id`),
  CONSTRAINT `cta_cte_tesoreria_detail_cta_cte_tesoreria_id_foreign` FOREIGN KEY (`cta_cte_tesoreria_id`) REFERENCES `cta_cte_tesoreria` (`id`),
  CONSTRAINT `cta_cte_tesoreria_detail_period_id_foreign` FOREIGN KEY (`period_id`) REFERENCES `periods` (`id`),
  CONSTRAINT `cta_cte_tesoreria_detail_person_id_foreign` FOREIGN KEY (`person_id`) REFERENCES `persons` (`id`),
  CONSTRAINT `cta_cte_tesoreria_detail_saldo_id_foreign` FOREIGN KEY (`saldo_id`) REFERENCES `conta_tipo_saldos` (`id`)
) ENGINE=InnoDB AUTO_INCREMENT=1251 DEFAULT CHARSET=utf8mb4 COLLATE=utf8mb4_unicode_ci;

--
-- Dumping data for table `cta_cte_tesoreria_detail`
--

INSERT INTO `cta_cte_tesoreria_detail` VALUES (3,3800,2,13,40752,46693,2,778728.00,0,'2021-03-31','2021-09-02 13:02:28','2021-09-02 13:02:28',NULL),(4,3800,2,176,40752,46693,1,778728.00,0,'2021-03-31','2021-09-02 13:02:28','2021-09-02 13:02:28',NULL),(5,3800,3,57,40752,46697,1,243815.00,0,'2021-07-05','2021-09-02 13:25:51','2021-09-02 13:25:51',NULL),(6,3800,3,60,40752,46697,2,197687.30,0,'2021-07-05','2021-09-02 13:25:51','2021-09-02 13:25:51',NULL),(7,3800,3,23,40752,46697,2,46127.70,0,'2021-07-05','2021-09-02 13:25:51','2021-09-02 13:25:51',NULL),(8,3794,4,13,40752,46693,2,777024.00,0,'2021-03-26','2021-09-03 09:59:31','2021-09-03 09:59:31',NULL),(9,3794,4,176,40752,46693,1,777024.00,0,'2021-03-26','2021-09-03 09:59:31','2021-09-03 09:59:31',NULL),(10,3794,5,13,40752,46697,2,1386112.00,0,'2021-07-01','2021-09-03 10:02:44','2021-09-03 10:02:44',NULL),(11,3794,5,176,40752,46697,1,1386112.00,0,'2021-07-01','2021-09-03 10:02:44','2021-09-03 10:02:44',NULL),(12,3794,6,13,40752,46697,2,2516192.00,0,'2021-07-14','2021-09-03 10:04:48','2021-09-03 10:04:48',NULL),(13,3794,6,176,40752,46697,1,2516192.00,0,'2021-07-14','2021-09-03 10:04:48','2021-09-03 10:04:48',NULL),(14,3794,7,13,40752,46698,2,822510.00,0,'2021-08-02','2021-09-03 10:06:17','2021-09-03 10:06:17',NULL),(15,3794,7,176,40752,46698,1,822510.00,0,'2021-08-02','2021-09-03 10:06:17','2021-09-03 10:06:17',NULL),(16,3794,8,13,40752,46698,2,831060.00,0,'2021-08-31','2021-09-03 10:07:25','2021-09-03 10:07:25',NULL),(17,3794,8,176,40752,46698,1,831060.00,0,'2021-08-31','2021-09-03 10:07:25','2021-09-03 10:07:25',NULL),(20,3800,10,57,40752,46694,1,31701.87,0,'2021-04-09','2021-09-03 19:10:55','2021-09-03 19:10:55',NULL),(21,3800,10,60,40752,46694,2,31701.87,0,'2021-04-09','2021-09-03 19:10:55','2021-09-03 19:10:55',NULL),(22,3800,11,57,40752,46695,1,155490.61,0,'2021-05-31','2021-09-03 19:14:33','2021-09-03 19:14:33',NULL),(23,3800,11,60,40752,46695,2,155490.61,0,'2021-05-31','2021-09-03 19:14:33','2021-09-03 19:14:33',NULL),(24,3800,12,57,40752,46694,1,584168.68,0,'2021-04-13','2021-09-03 19:17:40','2021-09-03 19:17:40',NULL),(25,3800,12,60,40752,46694,2,584168.68,0,'2021-04-13','2021-09-03 19:17:40','2021-09-03 19:17:40',NULL),(26,3800,13,57,40752,46694,1,585111.98,0,'2021-04-13','2021-09-03 19:21:46','2021-09-03 19:21:46',NULL),(27,3800,13,60,40752,46694,2,585111.98,0,'2021-04-13','2021-09-03 19:21:46','2021-09-03 19:21:46',NULL),(28,3800,14,57,40752,46694,1,585677.96,0,'2021-04-21','2021-09-03 19:23:48','2021-09-03 19:23:48',NULL),(29,3800,14,60,40752,46694,2,585677.96,0,'2021-04-21','2021-09-03 19:23:48','2021-09-03 19:23:48',NULL),(30,3800,15,57,40752,46694,1,587989.71,0,'2021-04-29','2021-09-03 19:25:35','2021-09-03 19:25:35',NULL),(31,3800,15,60,40752,46694,2,587989.71,0,'2021-04-29','2021-09-03 19:25:35','2021-09-03 19:25:35',NULL),(32,3800,16,57,40752,46694,1,587989.71,0,'2021-04-29','2021-09-03 19:27:55','2021-09-03 19:27:55',NULL),(33,3800,16,60,40752,46694,2,587989.71,0,'2021-04-29','2021-09-03 19:27:55','2021-09-03 19:27:55',NULL),(34,3800,17,57,40752,46695,1,587989.71,0,'2021-05-06','2021-09-03 19:29:45','2021-09-03 19:29:45',NULL),(35,3800,17,60,40752,46695,2,587989.71,0,'2021-05-06','2021-09-03 19:29:45','2021-09-03 19:29:45',NULL),(38,3800,19,57,40752,46695,1,587989.71,0,'2021-05-18','2021-09-03 19:33:04','2021-09-03 19:33:04',NULL),(39,3800,19,60,40752,46695,2,587989.71,0,'2021-05-18','2021-09-03 19:33:04','2021-09-03 19:33:04',NULL),(44,3800,22,57,40752,46696,1,587989.71,0,'2021-06-02','2021-09-03 19:42:07','2021-09-03 19:42:07',NULL),(45,3800,22,60,40752,46696,2,587989.71,0,'2021-06-02','2021-09-03 19:42:07','2021-09-03 19:42:07',NULL),(48,3800,24,57,40752,46695,1,786703.45,0,'2021-05-13','2021-09-03 19:45:51','2021-09-03 19:45:51',NULL),(49,3800,24,60,40752,46695,2,786703.45,0,'2021-05-13','2021-09-03 19:45:51','2021-09-03 19:45:51',NULL),(50,3800,25,57,40752,46696,1,700000.00,0,'2021-06-08','2021-09-03 19:47:27','2021-09-03 19:47:27',NULL);
INSERT INTO `cta_cte_tesoreria_detail` VALUES (51,3800,25,60,40752,46696,2,700000.00,0,'2021-06-08','2021-09-03 19:47:27','2021-09-03 19:47:27',NULL),(52,3800,26,57,40752,46697,1,150000.00,0,'2021-07-22','2021-09-03 19:50:40','2021-09-03 19:50:40',NULL),(53,3800,26,60,40752,46697,2,150000.00,0,'2021-07-22','2021-09-03 19:50:40','2021-09-03 19:50:40',NULL),(54,3800,27,57,40752,46695,1,85033.48,0,'2021-05-31','2021-09-03 19:56:16','2021-09-03 19:56:16',NULL),(55,3800,27,60,40752,46695,2,85033.48,0,'2021-05-31','2021-09-03 19:56:16','2021-09-03 19:56:16',NULL),(56,3800,28,57,40752,46696,1,154337.40,0,'2021-06-29','2021-09-03 19:57:38','2021-09-03 19:57:38',NULL),(57,3800,28,60,40752,46696,2,154337.40,0,'2021-06-29','2021-09-03 19:57:38','2021-09-03 19:57:38',NULL),(58,3800,29,57,40752,46694,1,20600.00,0,'2021-04-19','2021-09-03 19:59:03','2021-09-03 19:59:03',NULL),(59,3800,29,60,40752,46694,2,20600.00,0,'2021-04-19','2021-09-03 19:59:03','2021-09-03 19:59:03',NULL),(60,3800,30,57,40752,46695,1,250000.00,0,'2021-05-13','2021-09-03 20:00:51','2021-09-03 20:00:51',NULL),(61,3800,30,60,40752,46695,2,250000.00,0,'2021-05-13','2021-09-03 20:00:51','2021-09-03 20:00:51',NULL),(62,3800,31,57,40752,46695,1,240000.00,0,'2021-05-17','2021-09-03 20:02:36','2021-09-03 20:02:36',NULL),(63,3800,31,60,40752,46695,2,240000.00,0,'2021-05-17','2021-09-03 20:02:36','2021-09-03 20:02:36',NULL),(64,3800,32,57,40752,46696,1,194536.36,0,'2021-06-30','2021-09-03 20:05:37','2021-09-03 20:05:37',NULL),(65,3800,32,60,40752,46696,2,194536.36,0,'2021-06-30','2021-09-03 20:05:37','2021-09-03 20:05:37',NULL),(66,3800,33,57,40752,46698,1,67800.00,0,'2021-08-05','2021-09-03 20:07:03','2021-09-03 20:07:03',NULL),(67,3800,33,60,40752,46698,2,67800.00,0,'2021-08-05','2021-09-03 20:07:03','2021-09-03 20:07:03',NULL),(68,3800,34,57,40752,46695,1,50000.00,0,'2021-05-10','2021-09-03 20:08:37','2021-09-03 20:08:37',NULL),(69,3800,34,60,40752,46695,2,50000.00,0,'2021-05-10','2021-09-03 20:08:37','2021-09-03 20:08:37',NULL),(70,3800,35,57,40752,46695,1,145200.00,0,'2021-05-26','2021-09-03 20:10:40','2021-09-03 20:10:40',NULL),(71,3800,35,60,40752,46695,2,145200.00,0,'2021-05-26','2021-09-03 20:10:40','2021-09-03 20:10:40',NULL),(72,3800,36,57,40752,46695,1,300000.00,0,'2021-05-05','2021-09-03 20:12:36','2021-09-03 20:12:36',NULL),(73,3800,36,60,40752,46695,2,300000.00,0,'2021-05-05','2021-09-03 20:12:36','2021-09-03 20:12:36',NULL),(74,3800,37,57,40752,46695,1,1315000.00,0,'2021-05-06','2021-09-03 20:14:06','2021-09-03 20:14:06',NULL),(75,3800,37,60,40752,46695,2,1315000.00,0,'2021-05-06','2021-09-03 20:14:06','2021-09-03 20:14:06',NULL),(76,3800,38,57,40752,46695,1,1500000.00,0,'2021-05-07','2021-09-03 20:15:32','2021-09-03 20:15:32',NULL),(77,3800,38,60,40752,46695,2,1500000.00,0,'2021-05-07','2021-09-03 20:15:32','2021-09-03 20:15:32',NULL),(78,3800,39,57,40752,46696,1,700000.00,0,'2021-06-03','2021-09-03 20:16:55','2021-09-03 20:16:55',NULL),(79,3800,39,60,40752,46696,2,700000.00,0,'2021-06-03','2021-09-03 20:16:55','2021-09-03 20:16:55',NULL),(80,3800,40,57,40752,46696,1,1812749.00,0,'2021-06-07','2021-09-03 20:18:19','2021-09-03 20:18:19',NULL),(81,3800,40,60,40752,46696,2,1812749.00,0,'2021-06-07','2021-09-03 20:18:19','2021-09-03 20:18:19',NULL),(82,3800,41,57,40752,46695,1,100000.00,0,'2021-05-21','2021-09-03 20:19:54','2021-09-03 20:19:54',NULL),(83,3800,41,60,40752,46695,2,100000.00,0,'2021-05-21','2021-09-03 20:19:54','2021-09-03 20:19:54',NULL),(84,3800,42,57,40752,46696,1,101500.00,0,'2021-06-23','2021-09-03 20:21:19','2021-09-03 20:21:19',NULL),(85,3800,42,60,40752,46696,2,101500.00,0,'2021-06-23','2021-09-03 20:21:19','2021-09-03 20:21:19',NULL),(86,3800,43,57,40752,46696,1,1160000.00,0,'2021-06-23','2021-09-06 11:14:53','2021-09-06 11:14:53',NULL),(87,3800,43,60,40752,46696,2,1160000.00,0,'2021-06-23','2021-09-06 11:14:54','2021-09-06 11:14:54',NULL),(88,3800,44,57,40752,46698,1,186000.00,0,'2021-08-02','2021-09-06 11:16:42','2021-09-06 11:16:42',NULL);
INSERT INTO `cta_cte_tesoreria_detail` VALUES (89,3800,44,60,40752,46698,2,186000.00,0,'2021-08-02','2021-09-06 11:16:42','2021-09-06 11:16:42',NULL),(90,3800,45,57,40752,46698,1,37200.00,0,'2021-08-19','2021-09-06 11:18:31','2021-09-06 11:18:31',NULL),(91,3800,45,60,40752,46698,2,37200.00,0,'2021-08-19','2021-09-06 11:18:31','2021-09-06 11:18:31',NULL),(92,3800,46,57,40752,46698,1,37200.00,0,'2021-08-19','2021-09-06 11:20:14','2021-09-06 11:20:14',NULL),(93,3800,46,60,40752,46698,2,37200.00,0,'2021-08-19','2021-09-06 11:20:14','2021-09-06 11:20:14',NULL),(94,3800,47,57,40752,46698,1,111600.00,0,'2021-08-19','2021-09-06 11:22:03','2021-09-06 11:22:03',NULL),(95,3800,47,60,40752,46698,2,111600.00,0,'2021-08-19','2021-09-06 11:22:03','2021-09-06 11:22:03',NULL),(96,3800,48,57,40752,46698,1,223200.00,0,'2021-08-25','2021-09-06 11:23:44','2021-09-06 11:23:44',NULL),(97,3800,48,60,40752,46698,2,223200.00,0,'2021-08-25','2021-09-06 11:23:44','2021-09-06 11:23:44',NULL),(98,3800,49,57,40752,46692,1,116402.00,0,'2021-02-02','2021-09-06 11:25:33','2021-09-06 11:25:33',NULL),(99,3800,49,60,40752,46692,2,116402.00,0,'2021-02-02','2021-09-06 11:25:33','2021-09-06 11:25:33',NULL),(100,3800,50,57,40752,46698,1,52257.32,0,'2021-08-19','2021-09-06 11:27:08','2021-09-06 11:27:08',NULL),(101,3800,50,60,40752,46698,2,52257.32,0,'2021-08-19','2021-09-06 11:27:08','2021-09-06 11:27:08',NULL),(102,3800,51,57,40752,46698,1,58689.84,0,'2021-08-19','2021-09-06 11:29:06','2021-09-06 11:29:06',NULL),(103,3800,51,60,40752,46698,2,58689.84,0,'2021-08-19','2021-09-06 11:29:06','2021-09-06 11:29:06',NULL),(104,3800,52,57,40752,46698,1,59982.12,0,'2021-08-25','2021-09-06 11:30:48','2021-09-06 11:30:48',NULL),(105,3800,52,60,40752,46698,2,59982.12,0,'2021-08-25','2021-09-06 11:30:48','2021-09-06 11:30:48',NULL),(106,3800,53,57,40752,46698,1,58689.84,0,'2021-08-25','2021-09-06 11:33:21','2021-09-06 11:33:21',NULL),(107,3800,53,60,40752,46698,2,58689.84,0,'2021-08-25','2021-09-06 11:33:21','2021-09-06 11:33:21',NULL),(108,3800,54,57,40752,46696,1,575413.00,0,'2021-06-18','2021-09-06 11:36:19','2021-09-06 11:36:19',NULL),(109,3800,54,60,40752,46696,2,575413.00,0,'2021-06-18','2021-09-06 11:36:19','2021-09-06 11:36:19',NULL),(110,3800,55,57,40752,46697,1,1073856.00,0,'2021-07-14','2021-09-06 11:38:09','2021-09-06 11:38:09',NULL),(111,3800,55,60,40752,46697,2,1073856.00,0,'2021-07-14','2021-09-06 11:38:09','2021-09-06 11:38:09',NULL),(112,3800,56,57,40752,46698,1,1000000.00,0,'2021-08-09','2021-09-06 11:39:54','2021-09-06 11:39:54',NULL),(113,3800,56,60,40752,46698,2,1000000.00,0,'2021-08-09','2021-09-06 11:39:54','2021-09-06 11:39:54',NULL),(114,3800,57,57,40752,46698,1,620000.00,0,'2021-08-10','2021-09-06 11:41:18','2021-09-06 11:41:18',NULL),(115,3800,57,60,40752,46698,2,620000.00,0,'2021-08-10','2021-09-06 11:41:18','2021-09-06 11:41:18',NULL),(116,3800,58,57,40752,46695,1,2197962.00,0,'2021-05-18','2021-09-06 11:42:58','2021-09-06 11:42:58',NULL),(117,3800,58,60,40752,46695,2,2197962.00,0,'2021-05-18','2021-09-06 11:42:58','2021-09-06 11:42:58',NULL),(118,3800,59,57,40752,46697,1,1500000.00,0,'2021-07-01','2021-09-06 11:44:45','2021-09-06 11:44:45',NULL),(119,3800,59,60,40752,46697,2,1500000.00,0,'2021-07-01','2021-09-06 11:44:45','2021-09-06 11:44:45',NULL),(120,3800,60,57,40752,46696,1,48400.00,0,'2021-06-17','2021-09-06 11:46:15','2021-09-06 11:46:15',NULL),(121,3800,60,60,40752,46696,2,48400.00,0,'2021-06-17','2021-09-06 11:46:15','2021-09-06 11:46:15',NULL),(122,3800,61,57,40752,46694,1,2710303.20,0,'2021-04-28','2021-09-06 11:48:02','2021-09-06 11:48:02',NULL),(123,3800,61,60,40752,46694,2,2710303.20,0,'2021-04-28','2021-09-06 11:48:02','2021-09-06 11:48:02',NULL),(124,3800,62,57,40752,46695,1,1245000.00,0,'2021-05-20','2021-09-06 11:49:33','2021-09-06 11:49:33',NULL),(125,3800,62,60,40752,46695,2,1245000.00,0,'2021-05-20','2021-09-06 11:49:33','2021-09-06 11:49:33',NULL),(126,3800,63,57,40752,46695,1,1008264.00,0,'2021-05-21','2021-09-06 11:51:01','2021-09-06 11:51:01',NULL);
INSERT INTO `cta_cte_tesoreria_detail` VALUES (127,3800,63,60,40752,46695,2,1008264.00,0,'2021-05-21','2021-09-06 11:51:01','2021-09-06 11:51:01',NULL),(128,3800,64,57,40752,46696,1,588276.00,0,'2021-06-01','2021-09-06 11:52:34','2021-09-06 11:52:34',NULL),(129,3800,64,60,40752,46696,2,588276.00,0,'2021-06-01','2021-09-06 11:52:34','2021-09-06 11:52:34',NULL),(130,3800,65,57,40752,46698,1,156284.70,0,'2021-08-19','2021-09-06 11:54:04','2021-09-06 11:54:04',NULL),(131,3800,65,60,40752,46698,2,156284.70,0,'2021-08-19','2021-09-06 11:54:04','2021-09-06 11:54:04',NULL),(132,3800,66,57,40752,46696,1,1000000.00,0,'2021-06-03','2021-09-06 11:55:52','2021-09-06 11:55:52',NULL),(133,3800,66,60,40752,46696,2,1000000.00,0,'2021-06-03','2021-09-06 11:55:52','2021-09-06 11:55:52',NULL),(134,3800,67,57,40752,46696,1,585655.19,0,'2021-06-04','2021-09-06 12:04:24','2021-09-06 12:04:24',NULL),(135,3800,67,60,40752,46696,2,585655.19,0,'2021-06-04','2021-09-06 12:04:24','2021-09-06 12:04:24',NULL),(136,3800,68,57,40752,46697,1,157300.00,0,'2021-07-05','2021-09-06 12:06:16','2021-09-06 12:06:16',NULL),(137,3800,68,60,40752,46697,2,157300.00,0,'2021-07-05','2021-09-06 12:06:16','2021-09-06 12:06:16',NULL),(140,3800,70,57,40752,46696,1,130000.00,0,'2021-06-07','2021-09-06 12:09:19','2021-09-06 12:09:19',NULL),(141,3800,70,60,40752,46696,2,130000.00,0,'2021-06-07','2021-09-06 12:09:19','2021-09-06 12:09:19',NULL),(142,3800,71,57,40752,46698,1,88971.30,0,'2021-08-13','2021-09-06 12:11:02','2021-09-06 12:11:02',NULL),(143,3800,71,60,40752,46698,2,88971.30,0,'2021-08-13','2021-09-06 12:11:02','2021-09-06 12:11:02',NULL),(144,3800,72,57,40752,46694,1,121000.00,0,'2021-04-19','2021-09-06 12:12:29','2021-09-06 12:12:29',NULL),(145,3800,72,60,40752,46694,2,121000.00,0,'2021-04-19','2021-09-06 12:12:29','2021-09-06 12:12:29',NULL),(146,3800,73,57,40752,46697,1,144755.90,0,'2021-07-05','2021-09-06 12:13:59','2021-09-06 12:13:59',NULL),(147,3800,73,60,40752,46697,2,144755.90,0,'2021-07-05','2021-09-06 12:13:59','2021-09-06 12:13:59',NULL),(148,3800,74,57,40752,46697,1,151250.00,0,'2021-07-05','2021-09-06 12:15:44','2021-09-06 12:15:44',NULL),(149,3800,74,60,40752,46697,2,151250.00,0,'2021-07-05','2021-09-06 12:15:44','2021-09-06 12:15:44',NULL),(150,3800,75,57,40752,46696,1,20000.00,0,'2021-06-23','2021-09-06 12:17:15','2021-09-06 12:17:15',NULL),(151,3800,75,60,40752,46696,2,20000.00,0,'2021-06-23','2021-09-06 12:17:15','2021-09-06 12:17:15',NULL),(152,3800,76,57,40752,46697,1,169400.00,0,'2021-07-20','2021-09-06 12:18:50','2021-09-06 12:18:50',NULL),(153,3800,76,60,40752,46697,2,169400.00,0,'2021-07-20','2021-09-06 12:18:50','2021-09-06 12:18:50',NULL),(154,3800,77,57,40752,46697,1,50000.00,0,'2021-07-16','2021-09-06 12:20:15','2021-09-06 12:20:15',NULL),(155,3800,77,60,40752,46697,2,50000.00,0,'2021-07-16','2021-09-06 12:20:15','2021-09-06 12:20:15',NULL),(156,3800,78,57,40752,46694,1,121000.00,0,'2021-04-16','2021-09-06 12:21:37','2021-09-06 12:21:37',NULL),(157,3800,78,60,40752,46694,2,121000.00,0,'2021-04-16','2021-09-06 12:21:37','2021-09-06 12:21:37',NULL),(158,3800,79,57,40752,46695,1,133100.00,0,'2021-05-03','2021-09-06 12:23:02','2021-09-06 12:23:02',NULL),(159,3800,79,60,40752,46695,2,133100.00,0,'2021-05-03','2021-09-06 12:23:02','2021-09-06 12:23:02',NULL),(160,3800,80,57,40752,46695,1,1800000.00,0,'2021-05-18','2021-09-06 12:24:43','2021-09-06 12:24:43',NULL),(161,3800,80,60,40752,46695,2,1800000.00,0,'2021-05-18','2021-09-06 12:24:43','2021-09-06 12:24:43',NULL),(162,3800,81,57,40752,46695,1,1400000.00,0,'2021-05-21','2021-09-06 12:26:18','2021-09-06 12:26:18',NULL),(163,3800,81,60,40752,46695,2,1400000.00,0,'2021-05-21','2021-09-06 12:26:18','2021-09-06 12:26:18',NULL),(164,3800,82,57,40752,46695,1,1000000.00,0,'2021-05-27','2021-09-06 12:28:04','2021-09-06 12:28:04',NULL),(165,3800,82,60,40752,46695,2,1000000.00,0,'2021-05-27','2021-09-06 12:28:04','2021-09-06 12:28:04',NULL),(166,3800,83,57,40752,46696,1,1000000.00,0,'2021-06-02','2021-09-06 12:29:29','2021-09-06 12:29:29',NULL);
INSERT INTO `cta_cte_tesoreria_detail` VALUES (167,3800,83,60,40752,46696,2,1000000.00,0,'2021-06-02','2021-09-06 12:29:29','2021-09-06 12:29:29',NULL),(168,3800,84,57,40752,46696,1,1000000.00,0,'2021-06-07','2021-09-06 12:31:01','2021-09-06 12:31:01',NULL),(169,3800,84,60,40752,46696,2,1000000.00,0,'2021-06-07','2021-09-06 12:31:01','2021-09-06 12:31:01',NULL),(170,3800,85,57,40752,46696,1,1000000.00,0,'2021-06-22','2021-09-06 17:37:17','2021-09-06 17:37:17',NULL),(171,3800,85,60,40752,46696,2,1000000.00,0,'2021-06-22','2021-09-06 17:37:17','2021-09-06 17:37:17',NULL),(172,3800,86,57,40752,46696,1,1000000.00,0,'2021-06-28','2021-09-06 17:39:15','2021-09-06 17:39:15',NULL),(173,3800,86,60,40752,46696,2,1000000.00,0,'2021-06-28','2021-09-06 17:39:15','2021-09-06 17:39:15',NULL),(174,3800,87,57,40752,46697,1,600000.00,0,'2021-07-14','2021-09-06 17:40:42','2021-09-06 17:40:42',NULL),(175,3800,87,60,40752,46697,2,600000.00,0,'2021-07-14','2021-09-06 17:40:42','2021-09-06 17:40:42',NULL),(176,3800,88,57,40752,46697,1,300000.00,0,'2021-07-19','2021-09-06 17:42:34','2021-09-06 17:42:34',NULL),(177,3800,88,60,40752,46697,2,300000.00,0,'2021-07-19','2021-09-06 17:42:34','2021-09-06 17:42:34',NULL),(178,3800,89,57,40752,46697,1,71986.70,0,'2021-07-22','2021-09-06 17:44:11','2021-09-06 17:44:11',NULL),(179,3800,89,60,40752,46697,2,71986.70,0,'2021-07-22','2021-09-06 17:44:11','2021-09-06 17:44:11',NULL),(180,3800,90,57,40752,46694,1,22264.00,0,'2021-04-14','2021-09-06 17:45:41','2021-09-06 17:45:41',NULL),(181,3800,90,60,40752,46694,2,22264.00,0,'2021-04-14','2021-09-06 17:45:41','2021-09-06 17:45:41',NULL),(182,3800,91,57,40752,46694,1,18634.00,0,'2021-04-26','2021-09-06 17:47:10','2021-09-06 17:47:10',NULL),(183,3800,91,60,40752,46694,2,18634.00,0,'2021-04-26','2021-09-06 17:47:10','2021-09-06 17:47:10',NULL),(184,3800,92,57,40752,46695,1,16698.00,0,'2021-05-03','2021-09-06 17:48:47','2021-09-06 17:48:47',NULL),(185,3800,92,60,40752,46695,2,16698.00,0,'2021-05-03','2021-09-06 17:48:47','2021-09-06 17:48:47',NULL),(186,3800,93,57,40752,46695,1,42834.00,0,'2021-05-03','2021-09-06 17:50:23','2021-09-06 17:50:23',NULL),(187,3800,93,60,40752,46695,2,42834.00,0,'2021-05-03','2021-09-06 17:50:23','2021-09-06 17:50:23',NULL),(188,3800,94,57,40752,46695,1,19602.00,0,'2021-05-12','2021-09-06 17:51:55','2021-09-06 17:51:55',NULL),(189,3800,94,60,40752,46695,2,19602.00,0,'2021-05-12','2021-09-06 17:51:55','2021-09-06 17:51:55',NULL),(190,3800,95,57,40752,46695,1,25168.00,0,'2021-05-17','2021-09-06 17:53:20','2021-09-06 17:53:20',NULL),(191,3800,95,60,40752,46695,2,25168.00,0,'2021-05-17','2021-09-06 17:53:20','2021-09-06 17:53:20',NULL),(192,3800,96,57,40752,46697,1,59900.00,0,'2021-07-13','2021-09-06 17:54:47','2021-09-06 17:54:47',NULL),(193,3800,96,60,40752,46697,2,59900.00,0,'2021-07-13','2021-09-06 17:54:47','2021-09-06 17:54:47',NULL),(194,3800,97,57,40752,46694,1,121000.00,0,'2021-04-16','2021-09-06 17:56:29','2021-09-06 17:56:29',NULL),(195,3800,97,60,40752,46694,2,121000.00,0,'2021-04-16','2021-09-06 17:56:29','2021-09-06 17:56:29',NULL),(196,3800,98,57,40752,46694,1,881475.08,0,'2021-04-30','2021-09-06 17:57:53','2021-09-06 17:57:53',NULL),(197,3800,98,60,40752,46694,2,881475.08,0,'2021-04-30','2021-09-06 17:57:53','2021-09-06 17:57:53',NULL),(198,3800,99,57,40752,46694,1,53427.00,0,'2021-04-19','2021-09-06 17:59:18','2021-09-06 17:59:18',NULL),(199,3800,99,60,40752,46694,2,53427.00,0,'2021-04-19','2021-09-06 17:59:18','2021-09-06 17:59:18',NULL),(200,3800,100,57,40752,46694,1,108490.34,0,'2021-04-23','2021-09-06 18:00:46','2021-09-06 18:00:46',NULL),(201,3800,100,60,40752,46694,2,108490.34,0,'2021-04-23','2021-09-06 18:00:46','2021-09-06 18:00:46',NULL),(202,3800,101,57,40752,46697,1,65340.00,0,'2021-07-07','2021-09-06 18:02:15','2021-09-06 18:02:15',NULL),(203,3800,101,60,40752,46697,2,65340.00,0,'2021-07-07','2021-09-06 18:02:15','2021-09-06 18:02:15',NULL),(204,3800,102,57,40752,46695,1,76421.18,0,'2021-05-14','2021-09-06 18:03:53','2021-09-06 18:03:53',NULL);
INSERT INTO `cta_cte_tesoreria_detail` VALUES (205,3800,102,60,40752,46695,2,76421.18,0,'2021-05-14','2021-09-06 18:03:53','2021-09-06 18:03:53',NULL),(206,3800,103,57,40752,46696,1,158118.76,0,'2021-06-15','2021-09-06 18:05:45','2021-09-06 18:05:45',NULL),(207,3800,103,60,40752,46696,2,158118.76,0,'2021-06-15','2021-09-06 18:05:45','2021-09-06 18:05:45',NULL),(208,3800,104,57,40752,46696,1,237762.00,0,'2021-06-24','2021-09-06 18:07:21','2021-09-06 18:07:21',NULL),(209,3800,104,60,40752,46696,2,237762.00,0,'2021-06-24','2021-09-06 18:07:21','2021-09-06 18:07:21',NULL),(210,3800,105,57,40752,46698,1,86031.00,0,'2021-08-25','2021-09-06 18:09:00','2021-09-06 18:09:00',NULL),(211,3800,105,60,40752,46698,2,86031.00,0,'2021-08-25','2021-09-06 18:09:00','2021-09-06 18:09:00',NULL),(212,3800,106,57,40752,46693,1,114950.00,0,'2021-03-30','2021-09-06 18:10:29','2021-09-06 18:10:29',NULL),(213,3800,106,60,40752,46693,2,114950.00,0,'2021-03-30','2021-09-06 18:10:29','2021-09-06 18:10:29',NULL),(218,3800,109,57,40752,46697,1,65340.00,0,'2021-07-07','2021-09-06 18:40:25','2021-09-06 18:40:25',NULL),(219,3800,109,60,40752,46697,2,65340.00,0,'2021-07-07','2021-09-06 18:40:25','2021-09-06 18:40:25',NULL),(220,3800,110,57,40752,46693,1,11000.00,0,'2021-03-11','2021-09-06 18:42:16','2021-09-06 18:42:16',NULL),(221,3800,110,60,40752,46693,2,11000.00,0,'2021-03-11','2021-09-06 18:42:16','2021-09-06 18:42:16',NULL),(222,3800,111,57,40752,46696,1,40104.24,0,'2021-06-04','2021-09-06 18:44:00','2021-09-06 18:44:00',NULL),(223,3800,111,60,40752,46696,2,40104.24,0,'2021-06-04','2021-09-06 18:44:00','2021-09-06 18:44:00',NULL),(224,3800,112,57,40752,46695,1,63078.12,0,'2021-05-18','2021-09-06 18:45:37','2021-09-06 18:45:37',NULL),(225,3800,112,60,40752,46695,2,63078.12,0,'2021-05-18','2021-09-06 18:45:37','2021-09-06 18:45:37',NULL),(226,3800,113,57,40752,46695,1,63342.05,0,'2021-05-18','2021-09-06 18:47:16','2021-09-06 18:47:16',NULL),(227,3800,113,60,40752,46695,2,63342.05,0,'2021-05-18','2021-09-06 18:47:16','2021-09-06 18:47:16',NULL),(228,3800,114,57,40752,46695,1,110000.00,0,'2021-05-03','2021-09-06 18:49:22','2021-09-06 18:49:22',NULL),(229,3800,114,60,40752,46695,2,110000.00,0,'2021-05-03','2021-09-06 18:49:22','2021-09-06 18:49:22',NULL),(230,3800,115,57,40752,46696,1,125000.00,0,'2021-06-16','2021-09-06 18:50:58','2021-09-06 18:50:58',NULL),(231,3800,115,60,40752,46696,2,125000.00,0,'2021-06-16','2021-09-06 18:50:58','2021-09-06 18:50:58',NULL),(232,3800,116,57,40752,46696,1,157300.00,0,'2021-06-03','2021-09-06 18:52:27','2021-09-06 18:52:27',NULL),(233,3800,116,60,40752,46696,2,157300.00,0,'2021-06-03','2021-09-06 18:52:27','2021-09-06 18:52:27',NULL),(234,3800,117,57,40752,46696,1,157300.00,0,'2021-09-06','2021-09-06 18:53:42','2021-09-06 18:53:42',NULL),(235,3800,117,60,40752,46696,2,157300.00,0,'2021-09-06','2021-09-06 18:53:42','2021-09-06 18:53:42',NULL),(236,3800,118,57,40752,46697,1,45000.00,0,'2021-07-16','2021-09-06 18:56:53','2021-09-06 18:56:53',NULL),(237,3800,118,60,40752,46697,2,45000.00,0,'2021-07-16','2021-09-06 18:56:53','2021-09-06 18:56:53',NULL),(238,3800,119,57,40752,46696,1,120000.00,0,'2021-06-07','2021-09-06 18:58:44','2021-09-06 18:58:44',NULL),(239,3800,119,60,40752,46696,2,120000.00,0,'2021-06-07','2021-09-06 18:58:44','2021-09-06 18:58:44',NULL),(240,3800,120,57,40752,46696,1,111963.14,0,'2021-06-15','2021-09-06 19:00:09','2021-09-06 19:00:09',NULL),(241,3800,120,60,40752,46696,2,111963.14,0,'2021-06-15','2021-09-06 19:00:09','2021-09-06 19:00:09',NULL),(242,3800,121,57,40752,46697,1,200000.00,0,'2021-07-12','2021-09-06 19:01:36','2021-09-06 19:01:36',NULL),(243,3800,121,60,40752,46697,2,200000.00,0,'2021-07-12','2021-09-06 19:01:36','2021-09-06 19:01:36',NULL),(244,3800,122,57,40752,46698,1,103696.63,0,'2021-08-19','2021-09-06 19:03:07','2021-09-06 19:03:07',NULL),(245,3800,122,60,40752,46698,2,103696.63,0,'2021-08-19','2021-09-06 19:03:07','2021-09-06 19:03:07',NULL);
INSERT INTO `cta_cte_tesoreria_detail` VALUES (246,3800,123,57,40752,46698,1,42371.18,0,'2021-08-23','2021-09-06 19:04:34','2021-09-06 19:04:34',NULL),(247,3800,123,60,40752,46698,2,42371.18,0,'2021-08-23','2021-09-06 19:04:34','2021-09-06 19:04:34',NULL),(248,3800,124,57,40752,46698,1,42371.18,0,'2021-08-23','2021-09-06 19:06:07','2021-09-06 19:06:07',NULL),(249,3800,124,60,40752,46698,2,42371.18,0,'2021-08-23','2021-09-06 19:06:07','2021-09-06 19:06:07',NULL),(250,3800,125,57,40752,46698,1,42162.45,0,'2021-08-23','2021-09-06 19:07:32','2021-09-06 19:07:32',NULL),(251,3800,125,60,40752,46698,2,42162.45,0,'2021-08-23','2021-09-06 19:07:32','2021-09-06 19:07:32',NULL),(252,3800,126,57,40752,46698,1,62938.15,0,'2021-08-23','2021-09-06 19:08:58','2021-09-06 19:08:58',NULL),(253,3800,126,60,40752,46698,2,62938.15,0,'2021-08-23','2021-09-06 19:08:58','2021-09-06 19:08:58',NULL),(254,3800,127,57,40752,46698,1,62626.68,0,'2021-08-23','2021-09-06 19:10:31','2021-09-06 19:10:31',NULL),(255,3800,127,60,40752,46698,2,62626.68,0,'2021-08-23','2021-09-06 19:10:31','2021-09-06 19:10:31',NULL),(256,3800,128,57,40752,46698,1,136934.98,0,'2021-08-27','2021-09-06 19:12:20','2021-09-06 19:12:20',NULL),(257,3800,128,60,40752,46698,2,136934.98,0,'2021-08-27','2021-09-06 19:12:20','2021-09-06 19:12:20',NULL),(258,3800,129,57,40752,46695,1,60500.00,0,'2021-05-14','2021-09-06 19:13:46','2021-09-06 19:13:46',NULL),(259,3800,129,60,40752,46695,2,60500.00,0,'2021-05-14','2021-09-06 19:13:46','2021-09-06 19:13:46',NULL),(260,3800,130,57,40752,46696,1,58080.00,0,'2021-06-18','2021-09-06 19:15:13','2021-09-06 19:15:13',NULL),(261,3800,130,60,40752,46696,2,58080.00,0,'2021-06-18','2021-09-06 19:15:13','2021-09-06 19:15:13',NULL),(262,3800,131,57,40752,46694,1,595610.40,0,'2021-04-30','2021-09-06 19:16:48','2021-09-06 19:16:48',NULL),(263,3800,131,60,40752,46694,2,595610.40,0,'2021-04-30','2021-09-06 19:16:48','2021-09-06 19:16:48',NULL),(264,3800,132,57,40752,46694,1,574338.60,0,'2021-04-30','2021-09-06 19:18:30','2021-09-06 19:18:30',NULL),(265,3800,132,60,40752,46694,2,574338.60,0,'2021-04-30','2021-09-06 19:18:30','2021-09-06 19:18:30',NULL),(266,3800,133,57,40752,46694,1,574338.60,0,'2021-04-30','2021-09-06 19:20:19','2021-09-06 19:20:19',NULL),(267,3800,133,60,40752,46694,2,574338.60,0,'2021-04-30','2021-09-06 19:20:19','2021-09-06 19:20:19',NULL),(268,3800,134,57,40752,46695,1,645559.20,0,'2021-05-11','2021-09-06 19:21:45','2021-09-06 19:21:45',NULL),(269,3800,134,60,40752,46695,2,645559.20,0,'2021-05-11','2021-09-06 19:21:45','2021-09-06 19:21:45',NULL),(270,3800,135,57,40752,46695,1,611617.50,0,'2021-05-11','2021-09-06 19:23:12','2021-09-06 19:23:12',NULL),(271,3800,135,60,40752,46695,2,611617.50,0,'2021-05-11','2021-09-06 19:23:12','2021-09-06 19:23:12',NULL),(272,3800,136,57,40752,46695,1,611617.50,0,'2021-05-11','2021-09-06 19:24:35','2021-09-06 19:24:35',NULL),(273,3800,136,60,40752,46695,2,611617.50,0,'2021-05-11','2021-09-06 19:24:35','2021-09-06 19:24:35',NULL),(274,3800,137,57,40752,46695,1,595610.40,0,'2021-05-12','2021-09-06 19:26:00','2021-09-06 19:26:00',NULL),(275,3800,137,60,40752,46695,2,595610.40,0,'2021-05-12','2021-09-06 19:26:00','2021-09-06 19:26:00',NULL),(276,3800,138,57,40752,46695,1,74451.30,0,'2021-05-13','2021-09-06 19:27:25','2021-09-06 19:27:25',NULL),(277,3800,138,60,40752,46695,2,74451.30,0,'2021-05-13','2021-09-06 19:27:25','2021-09-06 19:27:25',NULL),(278,3800,139,57,40752,46696,1,1812794.00,0,'2021-06-04','2021-09-06 19:28:51','2021-09-06 19:28:51',NULL),(279,3800,139,60,40752,46696,2,1812794.00,0,'2021-06-04','2021-09-06 19:28:51','2021-09-06 19:28:51',NULL),(280,3800,140,57,40752,46696,1,605027.50,0,'2021-06-07','2021-09-06 19:30:24','2021-09-06 19:30:24',NULL),(281,3800,140,60,40752,46696,2,605027.50,0,'2021-06-07','2021-09-06 19:30:24','2021-09-06 19:30:24',NULL),(282,3800,141,57,40752,46695,1,60500.00,0,'2021-05-14','2021-09-06 19:31:46','2021-09-06 19:31:46',NULL);
INSERT INTO `cta_cte_tesoreria_detail` VALUES (283,3800,141,60,40752,46695,2,60500.00,0,'2021-05-14','2021-09-06 19:31:46','2021-09-06 19:31:46',NULL),(284,3800,142,57,40752,46694,1,5500.00,0,'2021-04-12','2021-09-06 19:33:11','2021-09-06 19:33:11',NULL),(285,3800,142,60,40752,46694,2,5500.00,0,'2021-04-12','2021-09-06 19:33:11','2021-09-06 19:33:11',NULL),(286,3800,143,57,40752,46695,1,7800.00,0,'2021-05-03','2021-09-06 19:34:31','2021-09-06 19:34:31',NULL),(287,3800,143,60,40752,46695,2,7800.00,0,'2021-05-03','2021-09-06 19:34:31','2021-09-06 19:34:31',NULL),(288,3800,144,57,40752,46694,1,121000.00,0,'2021-04-23','2021-09-06 19:36:27','2021-09-06 19:36:27',NULL),(289,3800,144,60,40752,46694,2,121000.00,0,'2021-04-23','2021-09-06 19:36:27','2021-09-06 19:36:27',NULL),(290,3800,145,57,40752,46696,1,30000.00,0,'2021-06-04','2021-09-06 19:37:55','2021-09-06 19:37:55',NULL),(291,3800,145,60,40752,46696,2,30000.00,0,'2021-06-04','2021-09-06 19:37:55','2021-09-06 19:37:55',NULL),(292,3800,146,57,40752,46696,1,40000.00,0,'2021-06-23','2021-09-06 19:39:14','2021-09-06 19:39:14',NULL),(293,3800,146,60,40752,46696,2,40000.00,0,'2021-06-23','2021-09-06 19:39:14','2021-09-06 19:39:14',NULL),(294,3800,147,57,40752,46697,1,123000.00,0,'2021-07-01','2021-09-06 19:40:53','2021-09-06 19:40:53',NULL),(295,3800,147,60,40752,46697,2,123000.00,0,'2021-07-01','2021-09-06 19:40:53','2021-09-06 19:40:53',NULL),(296,3800,148,57,40752,46697,1,17942.92,0,'2021-07-27','2021-09-07 11:00:42','2021-09-07 11:00:42',NULL),(297,3800,148,60,40752,46697,2,17942.92,0,'2021-07-27','2021-09-07 11:00:42','2021-09-07 11:00:42',NULL),(298,3800,149,57,40752,46697,1,320000.00,0,'2021-07-27','2021-09-07 11:02:08','2021-09-07 11:02:08',NULL),(299,3800,149,60,40752,46697,2,320000.00,0,'2021-07-27','2021-09-07 11:02:08','2021-09-07 11:02:08',NULL),(300,3800,150,57,40752,46695,1,22350.76,0,'2021-05-05','2021-09-07 11:03:46','2021-09-07 11:03:46',NULL),(301,3800,150,60,40752,46695,2,22350.76,0,'2021-05-05','2021-09-07 11:03:46','2021-09-07 11:03:46',NULL),(302,3800,151,57,40752,46695,1,98343.36,0,'2021-05-05','2021-09-07 11:05:20','2021-09-07 11:05:20',NULL),(303,3800,151,60,40752,46695,2,98343.36,0,'2021-05-05','2021-09-07 11:05:20','2021-09-07 11:05:20',NULL),(304,3800,152,57,40752,46696,1,182479.41,0,'2021-06-29','2021-09-07 11:07:38','2021-09-07 11:07:38',NULL),(305,3800,152,60,40752,46696,2,182479.41,0,'2021-06-29','2021-09-07 11:07:38','2021-09-07 11:07:38',NULL),(306,3800,153,57,40752,46697,1,221354.59,0,'2021-07-12','2021-09-07 11:09:11','2021-09-07 11:09:11',NULL),(307,3800,153,60,40752,46697,2,221354.59,0,'2021-07-12','2021-09-07 11:09:11','2021-09-07 11:09:11',NULL),(308,3800,154,57,40752,46697,1,84000.00,0,'2021-07-29','2021-09-07 11:10:36','2021-09-07 11:10:36',NULL),(309,3800,154,60,40752,46697,2,84000.00,0,'2021-07-29','2021-09-07 11:10:36','2021-09-07 11:10:36',NULL),(310,3800,155,57,40752,46695,1,80000.00,0,'2021-05-28','2021-09-07 11:12:13','2021-09-07 11:12:13',NULL),(311,3800,155,60,40752,46695,2,80000.00,0,'2021-05-28','2021-09-07 11:12:13','2021-09-07 11:12:13',NULL),(312,3800,156,57,40752,46696,1,130000.00,0,'2021-06-30','2021-09-07 11:13:46','2021-09-07 11:13:46',NULL),(313,3800,156,60,40752,46696,2,130000.00,0,'2021-06-30','2021-09-07 11:13:46','2021-09-07 11:13:46',NULL),(314,3800,157,57,40752,46698,1,130000.00,0,'2021-08-02','2021-09-07 11:19:53','2021-09-07 11:19:53',NULL),(315,3800,157,60,40752,46698,2,130000.00,0,'2021-08-02','2021-09-07 11:19:53','2021-09-07 11:19:53',NULL),(316,3800,158,57,40752,46694,1,6750.00,0,'2021-04-14','2021-09-07 11:21:15','2021-09-07 11:21:15',NULL),(317,3800,158,60,40752,46694,2,6750.00,0,'2021-04-14','2021-09-07 11:21:15','2021-09-07 11:21:15',NULL),(318,3800,159,57,40752,46695,1,17750.00,0,'2021-05-28','2021-09-07 11:22:34','2021-09-07 11:22:34',NULL),(319,3800,159,60,40752,46695,2,17750.00,0,'2021-05-28','2021-09-07 11:22:34','2021-09-07 11:22:34',NULL),(320,3800,160,57,40752,46697,1,9500.00,0,'2021-07-21','2021-09-07 11:23:50','2021-09-07 11:23:50',NULL);
INSERT INTO `cta_cte_tesoreria_detail` VALUES (321,3800,160,60,40752,46697,2,9500.00,0,'2021-07-21','2021-09-07 11:23:50','2021-09-07 11:23:50',NULL),(322,3800,161,57,40752,46694,1,236555.00,0,'2021-04-12','2021-09-07 11:25:14','2021-09-07 11:25:14',NULL),(323,3800,161,60,40752,46694,2,236555.00,0,'2021-04-12','2021-09-07 11:25:14','2021-09-07 11:25:14',NULL),(324,3800,162,57,40752,46695,1,238370.00,0,'2021-05-10','2021-09-07 11:26:45','2021-09-07 11:26:45',NULL),(325,3800,162,60,40752,46695,2,238370.00,0,'2021-05-10','2021-09-07 11:26:45','2021-09-07 11:26:45',NULL),(326,3800,163,57,40752,46696,1,242000.00,0,'2021-06-07','2021-09-07 11:28:16','2021-09-07 11:28:16',NULL),(327,3800,163,60,40752,46696,2,242000.00,0,'2021-06-07','2021-09-07 11:28:16','2021-09-07 11:28:16',NULL),(330,3800,165,57,40752,46698,1,199937.30,0,'2021-08-13','2021-09-07 11:31:16','2021-09-07 11:31:16',NULL),(331,3800,165,60,40752,46698,2,199937.30,0,'2021-08-13','2021-09-07 11:31:16','2021-09-07 11:31:16',NULL),(334,3800,167,57,40752,46693,1,567152.10,0,'2021-03-10','2021-09-07 11:34:09','2021-09-07 11:34:09',NULL),(335,3800,167,60,40752,46693,2,567152.10,0,'2021-03-10','2021-09-07 11:34:09','2021-09-07 11:34:09',NULL),(338,3800,169,57,40752,46695,1,133100.00,0,'2021-05-03','2021-09-07 11:37:09','2021-09-07 11:37:09',NULL),(339,3800,169,60,40752,46695,2,133100.00,0,'2021-05-03','2021-09-07 11:37:09','2021-09-07 11:37:09',NULL),(340,3800,170,57,40752,46695,1,145200.00,0,'2021-05-19','2021-09-07 11:38:35','2021-09-07 11:38:35',NULL),(341,3800,170,60,40752,46695,2,145200.00,0,'2021-05-19','2021-09-07 11:38:35','2021-09-07 11:38:35',NULL),(342,3800,171,57,40752,46695,1,157300.00,0,'2021-05-27','2021-09-07 11:39:55','2021-09-07 11:39:55',NULL),(343,3800,171,60,40752,46695,2,157300.00,0,'2021-05-27','2021-09-07 11:39:55','2021-09-07 11:39:55',NULL),(344,3800,172,57,40752,46694,1,600000.00,0,'2021-04-05','2021-09-07 11:41:25','2021-09-07 11:41:25',NULL),(345,3800,172,60,40752,46694,2,600000.00,0,'2021-04-05','2021-09-07 11:41:25','2021-09-07 11:41:25',NULL),(346,3800,173,57,40752,46694,1,699602.90,0,'2021-04-07','2021-09-07 11:42:47','2021-09-07 11:42:47',NULL),(347,3800,173,60,40752,46694,2,699602.90,0,'2021-04-07','2021-09-07 11:42:47','2021-09-07 11:42:47',NULL),(348,3800,174,57,40752,46694,1,699602.90,0,'2021-04-07','2021-09-07 11:44:21','2021-09-07 11:44:21',NULL),(349,3800,174,60,40752,46694,2,699602.90,0,'2021-04-07','2021-09-07 11:44:21','2021-09-07 11:44:21',NULL),(350,3800,175,57,40752,46694,1,99602.90,0,'2021-04-07','2021-09-07 11:45:47','2021-09-07 11:45:47',NULL),(351,3800,175,60,40752,46694,2,99602.90,0,'2021-04-07','2021-09-07 11:45:47','2021-09-07 11:45:47',NULL),(352,3800,176,57,40752,46694,1,699602.90,0,'2021-04-09','2021-09-07 11:47:10','2021-09-07 11:47:10',NULL),(353,3800,176,60,40752,46694,2,699602.90,0,'2021-04-09','2021-09-07 11:47:10','2021-09-07 11:47:10',NULL),(354,3800,177,57,40752,46694,1,701440.74,0,'2021-04-14','2021-09-07 11:48:32','2021-09-07 11:48:32',NULL),(355,3800,177,60,40752,46694,2,701440.74,0,'2021-04-14','2021-09-07 11:48:32','2021-09-07 11:48:32',NULL),(356,3800,178,57,40752,46694,1,706647.94,0,'2021-04-14','2021-09-07 11:55:36','2021-09-07 11:55:36',NULL),(357,3800,178,60,40752,46694,2,706647.94,0,'2021-04-14','2021-09-07 11:55:36','2021-09-07 11:55:36',NULL),(358,3800,179,57,40752,46694,1,706647.94,0,'2021-04-21','2021-09-07 11:58:08','2021-09-07 11:58:08',NULL),(359,3800,179,60,40752,46694,2,706647.94,0,'2021-04-21','2021-09-07 11:58:08','2021-09-07 11:58:08',NULL),(360,3800,180,57,40752,46694,1,709251.54,0,'2021-04-22','2021-09-07 11:59:22','2021-09-07 11:59:22',NULL),(361,3800,180,60,40752,46694,2,709251.54,0,'2021-04-22','2021-09-07 11:59:22','2021-09-07 11:59:22',NULL),(362,3800,181,57,40752,46694,1,709251.54,0,'2021-04-27','2021-09-07 12:00:39','2021-09-07 12:00:39',NULL),(363,3800,181,60,40752,46694,2,709251.54,0,'2021-04-27','2021-09-07 12:00:39','2021-09-07 12:00:39',NULL);
INSERT INTO `cta_cte_tesoreria_detail` VALUES (364,3800,182,57,40752,46694,1,712391.29,0,'2021-04-27','2021-09-07 12:02:32','2021-09-07 12:02:32',NULL),(365,3800,182,60,40752,46694,2,712391.29,0,'2021-04-27','2021-09-07 12:02:32','2021-09-07 12:02:32',NULL),(366,3800,183,57,40752,46695,1,717904.69,0,'2021-05-11','2021-09-07 12:03:49','2021-09-07 12:03:49',NULL),(367,3800,183,60,40752,46695,2,717904.69,0,'2021-05-11','2021-09-07 12:03:49','2021-09-07 12:03:49',NULL),(368,3800,184,57,40752,46695,1,714458.74,0,'2021-05-11','2021-09-07 12:05:08','2021-09-07 12:05:08',NULL),(369,3800,184,60,40752,46695,2,714458.74,0,'2021-05-11','2021-09-07 12:05:08','2021-09-07 12:05:08',NULL),(370,3800,185,57,40752,46695,1,719895.68,0,'2021-05-21','2021-09-07 12:07:05','2021-09-07 12:07:05',NULL),(371,3800,185,60,40752,46695,2,719895.68,0,'2021-05-21','2021-09-07 12:07:05','2021-09-07 12:07:05',NULL),(372,3800,186,57,40752,46695,1,717904.00,0,'2021-05-26','2021-09-07 12:09:06','2021-09-07 12:09:06',NULL),(373,3800,186,60,40752,46695,2,717904.00,0,'2021-05-26','2021-09-07 12:09:06','2021-09-07 12:09:06',NULL),(374,3800,187,57,40752,46695,1,606656.05,0,'2021-05-26','2021-09-07 12:12:00','2021-09-07 12:12:00',NULL),(375,3800,187,60,40752,46695,2,606656.05,0,'2021-05-26','2021-09-07 12:12:00','2021-09-07 12:12:00',NULL),(376,3800,188,57,40752,46696,1,606656.05,0,'2021-06-01','2021-09-07 12:13:19','2021-09-07 12:13:19',NULL),(377,3800,188,60,40752,46696,2,606656.05,0,'2021-06-01','2021-09-07 12:13:19','2021-09-07 12:13:19',NULL),(378,3800,189,57,40752,46696,1,650000.00,0,'2021-06-09','2021-09-07 12:14:48','2021-09-07 12:14:48',NULL),(379,3800,189,60,40752,46696,2,650000.00,0,'2021-06-09','2021-09-07 12:14:48','2021-09-07 12:14:48',NULL),(380,3800,190,57,40752,46696,1,600000.00,0,'2021-06-11','2021-09-07 12:16:10','2021-09-07 12:16:10',NULL),(381,3800,190,60,40752,46696,2,600000.00,0,'2021-06-11','2021-09-07 12:16:10','2021-09-07 12:16:10',NULL),(382,3800,191,57,40752,46696,1,850000.00,0,'2021-06-15','2021-09-07 12:17:50','2021-09-07 12:17:50',NULL),(383,3800,191,60,40752,46696,2,850000.00,0,'2021-06-15','2021-09-07 12:17:50','2021-09-07 12:17:50',NULL),(384,3800,192,57,40752,46696,1,1120337.40,0,'2021-06-28','2021-09-07 13:01:41','2021-09-07 13:01:41',NULL),(385,3800,192,60,40752,46696,2,1120337.40,0,'2021-06-28','2021-09-07 13:01:41','2021-09-07 13:01:41',NULL),(386,3800,193,57,40752,46697,1,869799.39,0,'2021-07-16','2021-09-07 13:03:08','2021-09-07 13:03:08',NULL),(387,3800,193,60,40752,46697,2,869799.39,0,'2021-07-16','2021-09-07 13:03:08','2021-09-07 13:03:08',NULL),(388,3800,194,57,40752,46698,1,800000.00,0,'2021-08-02','2021-09-07 13:04:30','2021-09-07 13:04:30',NULL),(389,3800,194,60,40752,46698,2,800000.00,0,'2021-08-02','2021-09-07 13:04:30','2021-09-07 13:04:30',NULL),(390,3800,195,57,40752,46698,1,71536.05,0,'2021-08-13','2021-09-07 13:05:50','2021-09-07 13:05:50',NULL),(391,3800,195,60,40752,46698,2,71536.05,0,'2021-08-13','2021-09-07 13:05:50','2021-09-07 13:05:50',NULL),(392,3800,196,57,40752,46695,1,52785.04,0,'2021-05-18','2021-09-07 13:07:20','2021-09-07 13:07:20',NULL),(393,3800,196,60,40752,46695,2,52785.04,0,'2021-05-18','2021-09-07 13:07:20','2021-09-07 13:07:20',NULL),(394,3800,197,57,40752,46695,1,120887.91,0,'2021-05-18','2021-09-07 13:08:43','2021-09-07 13:08:43',NULL),(395,3800,197,60,40752,46695,2,120887.91,0,'2021-05-18','2021-09-07 13:08:43','2021-09-07 13:08:43',NULL),(396,3800,198,57,40752,46695,1,80000.00,0,'2021-05-26','2021-09-07 13:10:06','2021-09-07 13:10:06',NULL),(397,3800,198,60,40752,46695,2,80000.00,0,'2021-05-26','2021-09-07 13:10:06','2021-09-07 13:10:06',NULL),(398,3800,199,57,40752,46697,1,50600.00,0,'2021-07-27','2021-09-07 13:11:41','2021-09-07 13:11:41',NULL),(399,3800,199,60,40752,46697,2,50600.00,0,'2021-07-27','2021-09-07 13:11:41','2021-09-07 13:11:41',NULL),(400,3800,200,57,40752,46694,1,114950.00,0,'2021-04-16','2021-09-07 13:13:04','2021-09-07 13:13:04',NULL);
INSERT INTO `cta_cte_tesoreria_detail` VALUES (401,3800,200,60,40752,46694,2,114950.00,0,'2021-04-16','2021-09-07 13:13:04','2021-09-07 13:13:04',NULL),(402,3800,201,57,40752,46694,1,121000.00,0,'2021-04-22','2021-09-07 14:19:50','2021-09-07 14:19:50',NULL),(403,3800,201,60,40752,46694,2,121000.00,0,'2021-04-22','2021-09-07 14:19:50','2021-09-07 14:19:50',NULL),(404,3800,202,57,40752,46696,1,144143.40,0,'2021-06-15','2021-09-07 14:21:43','2021-09-07 14:21:43',NULL),(405,3800,202,60,40752,46696,2,144143.40,0,'2021-06-15','2021-09-07 14:21:43','2021-09-07 14:21:43',NULL),(406,3800,203,57,40752,46693,1,114950.00,0,'2021-03-30','2021-09-07 14:23:16','2021-09-07 14:23:16',NULL),(407,3800,203,60,40752,46693,2,114950.00,0,'2021-03-30','2021-09-07 14:23:16','2021-09-07 14:23:16',NULL),(410,3800,205,57,40752,46694,1,121000.00,0,'2021-04-16','2021-09-07 14:25:51','2021-09-07 14:25:51',NULL),(411,3800,205,60,40752,46694,2,121000.00,0,'2021-04-16','2021-09-07 14:25:51','2021-09-07 14:25:51',NULL),(412,3800,206,57,40752,46694,1,121000.00,0,'2021-04-19','2021-09-07 14:27:39','2021-09-07 14:27:39',NULL),(413,3800,206,60,40752,46694,2,121000.00,0,'2021-04-19','2021-09-07 14:27:39','2021-09-07 14:27:39',NULL),(414,3800,207,57,40752,46695,1,121000.00,0,'2021-05-04','2021-09-07 14:29:03','2021-09-07 14:29:03',NULL),(415,3800,207,60,40752,46695,2,121000.00,0,'2021-05-04','2021-09-07 14:29:03','2021-09-07 14:29:03',NULL),(416,3800,208,57,40752,46695,1,121000.00,0,'2021-05-11','2021-09-07 14:30:17','2021-09-07 14:30:17',NULL),(417,3800,208,60,40752,46695,2,121000.00,0,'2021-05-11','2021-09-07 14:30:17','2021-09-07 14:30:17',NULL),(418,3800,209,57,40752,46695,1,127050.00,0,'2021-05-04','2021-09-07 14:31:41','2021-09-07 14:31:41',NULL),(419,3800,209,60,40752,46695,2,127050.00,0,'2021-05-04','2021-09-07 14:31:41','2021-09-07 14:31:41',NULL),(420,3800,210,57,40752,46695,1,163350.00,0,'2021-05-28','2021-09-07 14:35:47','2021-09-07 14:35:47',NULL),(421,3800,210,60,40752,46695,2,163350.00,0,'2021-05-28','2021-09-07 14:35:47','2021-09-07 14:35:47',NULL),(422,3800,211,57,40752,46695,1,133100.00,0,'2021-05-11','2021-09-07 14:37:03','2021-09-07 14:37:03',NULL),(423,3800,211,60,40752,46695,2,133100.00,0,'2021-05-11','2021-09-07 14:37:03','2021-09-07 14:37:03',NULL),(424,3800,212,57,40752,46695,1,145200.00,0,'2021-05-11','2021-09-07 14:42:30','2021-09-07 14:42:30',NULL),(425,3800,212,60,40752,46695,2,145200.00,0,'2021-05-11','2021-09-07 14:42:30','2021-09-07 14:42:30',NULL),(426,3800,213,57,40752,46695,1,133100.00,0,'2021-05-11','2021-09-07 14:44:11','2021-09-07 14:44:11',NULL),(427,3800,213,60,40752,46695,2,133100.00,0,'2021-05-11','2021-09-07 14:44:11','2021-09-07 14:44:11',NULL),(432,3800,216,57,40752,46695,1,115821.20,0,'2021-05-13','2021-09-07 14:48:55','2021-09-07 14:48:55',NULL),(433,3800,216,60,40752,46695,2,115821.20,0,'2021-05-13','2021-09-07 14:48:55','2021-09-07 14:48:55',NULL),(434,3800,217,57,40752,46696,1,225036.00,0,'2021-06-04','2021-09-07 14:50:35','2021-09-07 14:50:35',NULL),(435,3800,217,60,40752,46696,2,225036.00,0,'2021-06-04','2021-09-07 14:50:35','2021-09-07 14:50:35',NULL),(436,3800,218,57,40752,46695,1,50280.00,0,'2021-05-21','2021-09-07 14:52:04','2021-09-07 14:52:04',NULL),(437,3800,218,60,40752,46695,2,50280.00,0,'2021-05-21','2021-09-07 14:52:04','2021-09-07 14:52:04',NULL),(438,3800,219,57,40752,46696,1,20000.00,0,'2021-06-23','2021-09-07 14:53:21','2021-09-07 14:53:21',NULL),(439,3800,219,60,40752,46696,2,20000.00,0,'2021-06-23','2021-09-07 14:53:21','2021-09-07 14:53:21',NULL),(440,3800,220,57,40752,46697,1,149400.00,0,'2021-07-22','2021-09-07 14:54:39','2021-09-07 14:54:39',NULL),(441,3800,220,60,40752,46697,2,149400.00,0,'2021-07-22','2021-09-07 14:54:39','2021-09-07 14:54:39',NULL),(442,3800,221,57,40752,46695,1,60500.00,0,'2021-05-14','2021-09-07 14:55:58','2021-09-07 14:55:58',NULL),(443,3800,221,60,40752,46695,2,60500.00,0,'2021-05-14','2021-09-07 14:55:58','2021-09-07 14:55:58',NULL);
INSERT INTO `cta_cte_tesoreria_detail` VALUES (444,3800,222,57,40752,46696,1,60500.00,0,'2021-06-17','2021-09-07 14:57:23','2021-09-07 14:57:23',NULL),(445,3800,222,60,40752,46696,2,60500.00,0,'2021-06-17','2021-09-07 14:57:23','2021-09-07 14:57:23',NULL),(446,3800,223,57,40752,46696,1,144143.40,0,'2021-06-15','2021-09-07 14:58:45','2021-09-07 14:58:45',NULL),(447,3800,223,60,40752,46696,2,144143.40,0,'2021-06-15','2021-09-07 14:58:45','2021-09-07 14:58:45',NULL),(448,3800,224,57,40752,46694,1,78190.20,0,'2021-04-05','2021-09-07 15:11:17','2021-09-07 15:11:17',NULL),(449,3800,224,60,40752,46694,2,78190.20,0,'2021-04-05','2021-09-07 15:11:17','2021-09-07 15:11:17',NULL),(450,3800,225,57,40752,46694,1,48843.34,0,'2021-04-08','2021-09-09 10:29:39','2021-09-09 10:29:39',NULL),(451,3800,225,25,40752,46694,2,41473.71,0,'2021-04-08','2021-09-09 10:29:39','2021-09-09 10:29:39',NULL),(452,3800,225,23,40752,46694,2,7369.63,0,'2021-04-08','2021-09-09 10:29:39','2021-09-09 10:29:39',NULL),(456,3800,227,57,40752,46694,1,48895.32,0,'2021-04-14','2021-09-09 10:44:29','2021-09-09 10:44:29',NULL),(457,3800,227,25,40752,46694,2,41514.14,0,'2021-04-14','2021-09-09 10:44:29','2021-09-09 10:44:29',NULL),(458,3800,227,23,40752,46694,2,7381.18,0,'2021-04-14','2021-09-09 10:44:29','2021-09-09 10:44:29',NULL),(459,3800,228,57,40752,46694,1,48756.71,0,'2021-04-09','2021-09-09 10:47:00','2021-09-09 10:47:00',NULL),(460,3800,228,25,40752,46694,2,41406.33,0,'2021-04-09','2021-09-09 10:47:00','2021-09-09 10:47:00',NULL),(461,3800,228,23,40752,46694,2,7350.38,0,'2021-04-09','2021-09-09 10:47:00','2021-09-09 10:47:00',NULL),(462,3800,229,57,40752,46694,1,49068.58,0,'2021-04-20','2021-09-09 10:51:29','2021-09-09 10:51:29',NULL),(463,3800,229,25,40752,46694,2,41648.90,0,'2021-04-20','2021-09-09 10:51:29','2021-09-09 10:51:29',NULL),(464,3800,229,23,40752,46694,2,7419.68,0,'2021-04-20','2021-09-09 10:51:29','2021-09-09 10:51:29',NULL),(465,3800,230,57,40752,46694,1,53999.05,0,'2021-04-29','2021-09-09 12:00:06','2021-09-09 12:00:06',NULL),(466,3800,230,25,40752,46694,2,41999.26,0,'2021-04-29','2021-09-09 12:00:06','2021-09-09 12:00:06',NULL),(467,3800,230,23,40752,46694,2,11999.79,0,'2021-04-29','2021-09-09 12:00:06','2021-09-09 12:00:06',NULL),(468,3800,231,57,40752,46694,1,53999.02,0,'2021-04-29','2021-09-09 12:02:25','2021-09-09 12:02:25',NULL),(469,3800,231,25,40752,46694,2,41999.26,0,'2021-04-29','2021-09-09 12:02:25','2021-09-09 12:02:25',NULL),(470,3800,231,23,40752,46694,2,11999.76,0,'2021-04-29','2021-09-09 12:02:25','2021-09-09 12:02:25',NULL),(474,3800,233,57,40752,46695,1,128931.44,0,'2021-05-07','2021-09-09 12:07:09','2021-09-09 12:07:09',NULL),(475,3800,233,25,40752,46695,2,102495.12,0,'2021-05-07','2021-09-09 12:07:09','2021-09-09 12:07:09',NULL),(476,3800,233,23,40752,46695,2,26436.32,0,'2021-05-07','2021-09-09 12:07:09','2021-09-09 12:07:09',NULL),(477,3800,234,57,40752,46695,1,128931.44,0,'2021-05-07','2021-09-09 12:08:55','2021-09-09 12:08:55',NULL),(478,3800,234,25,40752,46695,2,102495.12,0,'2021-05-07','2021-09-09 12:08:55','2021-09-09 12:08:55',NULL),(479,3800,234,23,40752,46695,2,26436.32,0,'2021-05-07','2021-09-09 12:08:55','2021-09-09 12:08:55',NULL),(480,3800,235,57,40752,46695,1,614839.68,0,'2021-05-17','2021-09-09 12:10:50','2021-09-09 12:10:50',NULL),(481,3800,235,25,40752,46695,2,614839.68,0,'2021-05-17','2021-09-09 12:10:50','2021-09-09 12:10:50',NULL),(482,3800,236,57,40752,46695,1,1291.48,0,'2021-05-19','2021-09-09 12:12:21','2021-09-09 12:12:21',NULL),(483,3800,236,23,40752,46695,2,1291.48,0,'2021-05-19','2021-09-09 12:12:21','2021-09-09 12:12:21',NULL),(484,3800,237,57,40752,46695,1,12836.84,0,'2021-05-20','2021-09-09 12:15:22','2021-09-09 12:15:22',NULL),(485,3800,237,25,40752,46695,2,12199.32,0,'2021-05-20','2021-09-09 12:15:22','2021-09-09 12:15:22',NULL),(486,3800,237,23,40752,46695,2,637.52,0,'2021-05-20','2021-09-09 12:15:22','2021-09-09 12:15:22',NULL),(487,3800,238,57,40752,46695,1,1056.60,0,'2021-05-20','2021-09-09 12:16:45','2021-09-09 12:16:45',NULL);
INSERT INTO `cta_cte_tesoreria_detail` VALUES (488,3800,238,23,40752,46695,2,1056.60,0,'2021-05-20','2021-09-09 12:16:45','2021-09-09 12:16:45',NULL),(489,3800,239,57,40752,46695,1,112663.20,0,'2021-05-21','2021-09-09 12:19:13','2021-09-09 12:19:13',NULL),(490,3800,239,25,40752,46695,2,56331.60,0,'2021-05-21','2021-09-09 12:19:13','2021-09-09 12:19:13',NULL),(491,3800,239,25,40752,46695,2,56331.60,0,'2021-05-21','2021-09-09 12:19:13','2021-09-09 12:19:13',NULL),(492,3800,240,57,40752,46695,1,3996.00,0,'2021-05-28','2021-09-09 12:22:56','2021-09-09 12:22:56',NULL),(493,3800,240,23,40752,46695,2,3996.00,0,'2021-05-28','2021-09-09 12:22:56','2021-09-09 12:22:56',NULL),(494,3800,241,57,40752,46695,1,6590.00,0,'2021-05-31','2021-09-09 12:24:04','2021-09-09 12:24:04',NULL),(495,3800,241,23,40752,46695,2,6590.00,0,'2021-05-31','2021-09-09 12:24:04','2021-09-09 12:24:04',NULL),(496,3800,242,57,40752,46696,1,29413.80,0,'2021-06-01','2021-09-09 12:26:19','2021-09-09 12:26:19',NULL),(497,3800,242,25,40752,46696,2,29413.80,0,'2021-06-01','2021-09-09 12:26:19','2021-09-09 12:26:19',NULL),(498,3800,243,57,40752,46696,1,8484.84,0,'2021-06-02','2021-09-09 12:27:40','2021-09-09 12:27:40',NULL),(499,3800,243,23,40752,46696,2,8484.84,0,'2021-06-02','2021-09-09 12:27:40','2021-09-09 12:27:40',NULL),(500,3800,244,57,40752,46696,1,1056.30,0,'2021-06-02','2021-09-09 12:31:07','2021-09-09 12:31:07',NULL),(501,3800,244,23,40752,46696,2,1056.30,0,'2021-06-02','2021-09-09 12:31:07','2021-09-09 12:31:07',NULL),(502,3800,245,57,40752,46696,1,227653.16,0,'2021-06-04','2021-09-09 12:32:40','2021-09-09 12:32:40',NULL),(503,3800,245,25,40752,46696,2,179278.68,0,'2021-06-04','2021-09-09 12:32:40','2021-09-09 12:32:40',NULL),(504,3800,245,23,40752,46696,2,48374.48,0,'2021-06-04','2021-09-09 12:32:40','2021-09-09 12:32:40',NULL),(505,3800,246,57,40752,46696,1,11251.80,0,'2021-06-04','2021-09-09 12:33:55','2021-09-09 12:33:55',NULL),(506,3800,246,25,40752,46696,2,11251.80,0,'2021-06-04','2021-09-09 12:33:55','2021-09-09 12:33:55',NULL),(507,3800,247,57,40752,46696,1,11750.22,0,'2021-06-04','2021-09-09 12:35:48','2021-09-09 12:35:48',NULL),(508,3800,247,23,40752,46696,2,11750.22,0,'2021-06-04','2021-09-09 12:35:48','2021-09-09 12:35:48',NULL),(509,3800,248,57,40752,46696,1,12930.87,0,'2021-06-04','2021-09-09 12:37:13','2021-09-09 12:37:13',NULL),(510,3800,248,23,40752,46696,2,12930.87,0,'2021-06-04','2021-09-09 12:37:13','2021-09-09 12:37:13',NULL),(511,3800,249,57,40752,46696,1,3944.98,0,'2021-06-15','2021-09-09 12:38:19','2021-09-09 12:38:19',NULL),(512,3800,249,23,40752,46696,2,3944.98,0,'2021-06-15','2021-09-09 12:38:19','2021-09-09 12:38:19',NULL),(513,3800,250,57,40752,46696,1,444.58,0,'2021-06-16','2021-09-09 12:39:36','2021-09-09 12:39:36',NULL),(514,3800,250,23,40752,46696,2,444.58,0,'2021-06-16','2021-09-09 12:39:36','2021-09-09 12:39:36',NULL),(515,3800,251,57,40752,46696,1,1228.60,0,'2021-06-18','2021-09-09 12:40:45','2021-09-09 12:40:45',NULL),(516,3800,251,23,40752,46696,2,1228.60,0,'2021-06-18','2021-09-09 12:40:45','2021-09-09 12:40:45',NULL),(517,3800,252,57,40752,46696,1,532.85,0,'2021-06-23','2021-09-09 12:41:59','2021-09-09 12:41:59',NULL),(518,3800,252,23,40752,46696,2,532.85,0,'2021-06-23','2021-09-09 12:41:59','2021-09-09 12:41:59',NULL),(519,3800,253,57,40752,46696,1,1017.13,0,'2021-06-25','2021-09-09 12:43:11','2021-09-09 12:43:11',NULL),(520,3800,253,23,40752,46696,2,1017.13,0,'2021-06-25','2021-09-09 12:43:11','2021-09-09 12:43:11',NULL),(524,3800,255,57,40752,46696,1,2212.38,0,'2021-06-28','2021-09-09 12:46:08','2021-09-09 12:46:08',NULL),(525,3800,255,23,40752,46696,2,2212.38,0,'2021-06-28','2021-09-09 12:46:08','2021-09-09 12:46:08',NULL),(526,3800,256,57,40752,46697,1,5720.00,0,'2021-07-15','2021-09-09 12:59:23','2021-09-09 12:59:23',NULL),(527,3800,256,23,40752,46697,2,5720.00,0,'2021-07-15','2021-09-09 12:59:23','2021-09-09 12:59:23',NULL),(528,3800,257,57,40752,46697,1,212090.00,0,'2021-07-01','2021-09-09 14:02:11','2021-09-09 14:02:11',NULL);
INSERT INTO `cta_cte_tesoreria_detail` VALUES (529,3800,257,25,40752,46697,2,81200.00,0,'2021-07-01','2021-09-09 14:02:11','2021-09-09 14:02:11',NULL),(530,3800,257,23,40752,46697,2,130890.00,0,'2021-07-01','2021-09-09 14:02:11','2021-09-09 14:02:11',NULL),(531,3800,258,57,40752,46697,1,15232.00,0,'2021-07-14','2021-09-09 14:03:19','2021-09-09 14:03:19',NULL),(532,3800,258,23,40752,46697,2,15232.00,0,'2021-07-14','2021-09-09 14:03:19','2021-09-09 14:03:19',NULL),(535,3800,260,57,40752,46698,1,8304.51,0,'2021-08-02','2021-09-09 14:06:07','2021-09-09 14:06:07',NULL),(536,3800,260,25,40752,46698,2,8304.51,0,'2021-08-02','2021-09-09 14:06:07','2021-09-09 14:06:07',NULL),(537,3800,261,57,40752,46698,1,1878.60,0,'2021-08-25','2021-09-09 14:07:20','2021-09-09 14:07:20',NULL),(538,3800,261,23,40752,46698,2,1878.60,0,'2021-08-25','2021-09-09 14:07:20','2021-09-09 14:07:20',NULL),(539,3800,262,57,40752,46698,1,4520.00,0,'2021-08-16','2021-09-09 14:09:53','2021-09-09 14:09:53',NULL),(540,3800,262,23,40752,46698,2,4520.00,0,'2021-08-16','2021-09-09 14:09:53','2021-09-09 14:09:53',NULL),(541,3800,263,57,40752,46698,1,41305.02,0,'2021-08-13','2021-09-09 14:12:40','2021-09-09 14:12:40',NULL),(542,3800,263,25,40752,46698,2,41305.02,0,'2021-08-13','2021-09-09 14:12:40','2021-09-09 14:12:40',NULL),(543,3800,264,57,40752,46698,1,498.68,0,'2021-08-19','2021-09-09 14:14:04','2021-09-09 14:14:04',NULL),(544,3800,264,23,40752,46698,2,498.68,0,'2021-08-19','2021-09-09 14:14:04','2021-09-09 14:14:04',NULL),(545,3800,265,57,40752,46698,1,935.45,0,'2021-08-27','2021-09-09 14:15:39','2021-09-09 14:15:39',NULL),(546,3800,265,23,40752,46698,2,935.45,0,'2021-08-27','2021-09-09 14:15:39','2021-09-09 14:15:39',NULL),(547,3800,266,57,40752,46698,1,26320.00,0,'2021-08-23','2021-09-09 14:16:47','2021-09-09 14:16:47',NULL),(548,3800,266,23,40752,46698,2,26320.00,0,'2021-08-23','2021-09-09 14:16:47','2021-09-09 14:16:47',NULL),(549,3800,267,57,40752,46698,1,19769.40,0,'2021-08-16','2021-09-09 14:18:56','2021-09-09 14:18:56',NULL),(550,3800,267,23,40752,46698,2,19769.40,0,'2021-08-16','2021-09-09 14:18:56','2021-09-09 14:18:56',NULL),(553,3794,269,13,40752,46700,2,1865800.00,0,'2021-10-01','2021-10-15 11:19:06','2021-10-15 11:19:06',NULL),(554,3794,269,176,40752,46700,1,1865800.00,0,'2021-10-01','2021-10-15 11:19:06','2021-10-15 11:19:06',NULL),(555,5627,270,57,40752,46684,1,223429.10,0,'2021-09-10','2021-10-25 15:50:26','2021-10-25 15:50:26',NULL),(556,5627,270,60,40752,46684,2,223429.10,0,'2021-09-10','2021-10-25 15:50:26','2021-10-25 15:50:26',NULL),(557,5627,271,57,40752,46699,1,168766.29,0,'2021-09-07','2021-10-25 15:52:39','2021-10-25 15:52:39',NULL),(558,5627,271,60,40752,46699,2,168766.29,0,'2021-09-07','2021-10-25 15:52:39','2021-10-25 15:52:39',NULL),(559,5627,272,57,40752,46699,1,30382.32,0,'2021-09-07','2021-10-25 15:54:37','2021-10-25 15:54:37',NULL),(560,5627,272,60,40752,46699,2,30382.32,0,'2021-09-07','2021-10-25 15:54:37','2021-10-25 15:54:37',NULL),(561,5627,273,57,40752,46699,1,202924.33,0,'2021-09-15','2021-10-25 15:56:24','2021-10-25 15:56:24',NULL),(562,5627,273,60,40752,46699,2,202924.33,0,'2021-09-15','2021-10-25 15:56:24','2021-10-25 15:56:24',NULL),(563,5627,274,57,40752,46699,1,33256.80,0,'2021-09-08','2021-10-25 15:58:47','2021-10-25 15:58:47',NULL),(564,5627,274,60,40752,46699,2,33256.80,0,'2021-09-08','2021-10-25 15:58:47','2021-10-25 15:58:47',NULL),(565,5627,275,57,40752,46699,1,111600.00,0,'2021-09-08','2021-10-25 16:00:15','2021-10-25 16:00:15',NULL),(566,5627,275,60,40752,46699,2,111600.00,0,'2021-09-08','2021-10-25 16:00:15','2021-10-25 16:00:15',NULL),(567,5627,276,57,40752,46699,1,111600.00,0,'2021-09-01','2021-10-25 16:01:54','2021-10-25 16:01:54',NULL),(568,5627,276,60,40752,46699,2,111600.00,0,'2021-09-01','2021-10-25 16:01:54','2021-10-25 16:01:54',NULL),(569,5627,277,57,40752,46699,1,98010.00,0,'2021-09-28','2021-10-25 16:08:42','2021-10-25 16:08:42',NULL),(570,5627,277,60,40752,46699,2,98010.00,0,'2021-09-28','2021-10-25 16:08:42','2021-10-25 16:08:42',NULL);
INSERT INTO `cta_cte_tesoreria_detail` VALUES (571,5627,278,57,40752,46699,1,163979.20,0,'2021-09-22','2021-10-25 16:10:23','2021-10-25 16:10:23',NULL),(572,5627,278,60,40752,46699,2,163979.20,0,'2021-09-22','2021-10-25 16:10:23','2021-10-25 16:10:23',NULL),(573,5627,279,57,40752,46699,1,138932.20,0,'2021-09-22','2021-10-25 16:11:33','2021-10-25 16:11:33',NULL),(574,5627,279,60,40752,46699,2,138932.20,0,'2021-09-22','2021-10-25 16:11:33','2021-10-25 16:11:33',NULL),(575,5627,280,57,40752,46699,1,98029.36,0,'2021-09-10','2021-10-25 16:12:48','2021-10-25 16:12:48',NULL),(576,5627,280,60,40752,46699,2,98029.36,0,'2021-09-10','2021-10-25 16:12:48','2021-10-25 16:12:48',NULL),(577,5627,281,57,40752,46699,1,92008.40,0,'2021-09-02','2021-10-25 16:14:09','2021-10-25 16:14:09',NULL),(578,5627,281,60,40752,46699,2,92008.40,0,'2021-09-02','2021-10-25 16:14:09','2021-10-25 16:14:09',NULL),(579,5627,282,57,40752,46699,1,800000.00,0,'2021-09-16','2021-10-25 16:21:34','2021-10-25 16:21:34',NULL),(580,5627,282,60,40752,46699,2,800000.00,0,'2021-09-16','2021-10-25 16:21:34','2021-10-25 16:21:34',NULL),(581,5627,283,57,40752,46699,1,2000000.00,0,'2021-09-14','2021-10-25 16:22:57','2021-10-25 16:22:57',NULL),(582,5627,283,60,40752,46699,2,2000000.00,0,'2021-09-14','2021-10-25 16:22:57','2021-10-25 16:22:57',NULL),(583,5627,284,57,40752,46699,1,2000000.00,0,'2021-09-13','2021-10-25 16:24:20','2021-10-25 16:24:20',NULL),(584,5627,284,60,40752,46699,2,2000000.00,0,'2021-09-13','2021-10-25 16:24:20','2021-10-25 16:24:20',NULL),(585,5627,285,57,40752,46699,1,1000000.00,0,'2021-09-10','2021-10-25 16:25:30','2021-10-25 16:25:30',NULL),(586,5627,285,60,40752,46699,2,1000000.00,0,'2021-09-10','2021-10-25 16:25:30','2021-10-25 16:25:30',NULL),(587,5627,286,57,40752,46699,1,641706.00,0,'2021-09-07','2021-10-25 16:26:48','2021-10-25 16:26:48',NULL),(588,5627,286,60,40752,46699,2,641706.00,0,'2021-09-07','2021-10-25 16:26:48','2021-10-25 16:26:48',NULL),(589,5627,287,57,40752,46699,1,12000.00,0,'2021-09-28','2021-10-25 16:28:09','2021-10-25 16:28:09',NULL),(590,5627,287,60,40752,46699,2,12000.00,0,'2021-09-28','2021-10-25 16:28:09','2021-10-25 16:28:09',NULL),(591,5627,288,57,40752,46699,1,51098.30,0,'2021-09-09','2021-10-25 16:31:08','2021-10-25 16:31:08',NULL),(592,5627,288,60,40752,46699,2,51098.30,0,'2021-09-09','2021-10-25 16:31:08','2021-10-25 16:31:08',NULL),(593,5627,289,57,40752,46699,1,48106.50,0,'2021-09-01','2021-10-25 16:32:31','2021-10-25 16:32:31',NULL),(594,5627,289,60,40752,46699,2,48106.50,0,'2021-09-01','2021-10-25 16:32:31','2021-10-25 16:32:31',NULL),(595,5627,290,57,40752,46699,1,66550.00,0,'2021-09-15','2021-10-25 16:34:01','2021-10-25 16:34:01',NULL),(596,5627,290,60,40752,46699,2,66550.00,0,'2021-09-15','2021-10-25 16:34:01','2021-10-25 16:34:01',NULL),(597,5627,291,57,40752,46699,1,48400.00,0,'2021-09-17','2021-10-25 16:35:28','2021-10-25 16:35:28',NULL),(598,5627,291,60,40752,46699,2,48400.00,0,'2021-09-17','2021-10-25 16:35:28','2021-10-25 16:35:28',NULL),(599,5627,292,57,40752,46699,1,30250.00,0,'2021-09-14','2021-10-25 16:36:53','2021-10-25 16:36:53',NULL),(600,5627,292,60,40752,46699,2,30250.00,0,'2021-09-14','2021-10-25 16:36:53','2021-10-25 16:36:53',NULL),(601,5627,293,57,40752,46699,1,66550.00,0,'2021-09-17','2021-10-25 16:38:17','2021-10-25 16:38:17',NULL),(602,5627,293,60,40752,46699,2,66550.00,0,'2021-09-17','2021-10-25 16:38:17','2021-10-25 16:38:17',NULL),(603,5627,294,57,40752,46699,1,500000.00,0,'2021-09-24','2021-10-25 16:39:48','2021-10-25 16:39:48',NULL),(604,5627,294,60,40752,46699,2,500000.00,0,'2021-09-24','2021-10-25 16:39:48','2021-10-25 16:39:48',NULL),(605,5627,295,57,40752,46699,1,1145919.00,0,'2021-09-24','2021-10-25 16:41:44','2021-10-25 16:41:44',NULL),(606,5627,295,60,40752,46699,2,1145919.00,0,'2021-09-24','2021-10-25 16:41:44','2021-10-25 16:41:44',NULL),(607,5627,296,57,40752,46699,1,1000000.00,0,'2021-09-22','2021-10-25 16:43:01','2021-10-25 16:43:01',NULL);
INSERT INTO `cta_cte_tesoreria_detail` VALUES (608,5627,296,60,40752,46699,2,1000000.00,0,'2021-09-22','2021-10-25 16:43:01','2021-10-25 16:43:01',NULL),(609,5627,297,57,40752,46699,1,17242.50,0,'2021-09-30','2021-10-25 16:46:03','2021-10-25 16:46:03',NULL),(610,5627,297,60,40752,46699,2,17242.50,0,'2021-09-30','2021-10-25 16:46:03','2021-10-25 16:46:03',NULL),(611,5627,298,57,40752,46699,1,66550.00,0,'2021-09-17','2021-10-25 16:47:25','2021-10-25 16:47:25',NULL),(612,5627,298,60,40752,46699,2,66550.00,0,'2021-09-17','2021-10-25 16:47:25','2021-10-25 16:47:25',NULL),(613,5627,299,57,40752,46699,1,50820.00,0,'2021-09-14','2021-10-25 16:48:50','2021-10-25 16:48:50',NULL),(614,5627,299,60,40752,46699,2,50820.00,0,'2021-09-14','2021-10-25 16:48:50','2021-10-25 16:48:50',NULL),(615,5627,300,57,40752,46699,1,207555.00,0,'2021-09-17','2021-10-25 16:50:31','2021-10-25 16:50:31',NULL),(616,5627,300,60,40752,46699,2,207555.00,0,'2021-09-17','2021-10-25 16:50:31','2021-10-25 16:50:31',NULL),(617,5627,301,57,40752,46699,1,180000.00,0,'2021-09-23','2021-10-25 16:51:52','2021-10-25 16:51:52',NULL),(618,5627,301,60,40752,46699,2,180000.00,0,'2021-09-23','2021-10-25 16:51:52','2021-10-25 16:51:52',NULL),(619,5627,302,57,40752,46699,1,240000.00,0,'2021-09-17','2021-10-25 16:53:10','2021-10-25 16:53:10',NULL),(620,5627,302,60,40752,46699,2,240000.00,0,'2021-09-17','2021-10-25 16:53:10','2021-10-25 16:53:10',NULL),(621,5627,303,57,40752,46699,1,36300.00,0,'2021-10-25','2021-10-25 16:54:21','2021-10-25 16:54:21',NULL),(622,5627,303,60,40752,46699,2,36300.00,0,'2021-10-25','2021-10-25 16:54:21','2021-10-25 16:54:21',NULL),(623,5627,304,57,40752,46699,1,130000.00,0,'2021-09-09','2021-10-25 16:55:38','2021-10-25 16:55:38',NULL),(624,5627,304,60,40752,46699,2,130000.00,0,'2021-09-09','2021-10-25 16:55:38','2021-10-25 16:55:38',NULL),(625,5627,305,57,40752,46699,1,187308.00,0,'2021-09-27','2021-10-25 16:59:15','2021-10-25 16:59:15',NULL),(626,5627,305,60,40752,46699,2,187308.00,0,'2021-09-27','2021-10-25 16:59:15','2021-10-25 16:59:15',NULL),(627,5627,306,57,40752,46699,1,4500.00,0,'2021-09-21','2021-10-25 17:01:09','2021-10-25 17:01:09',NULL),(628,5627,306,60,40752,46699,2,4500.00,0,'2021-09-21','2021-10-25 17:01:09','2021-10-25 17:01:09',NULL),(631,5627,308,57,40752,46699,1,60000.00,0,'2021-09-28','2021-10-25 17:03:57','2021-10-25 17:03:57',NULL),(632,5627,308,60,40752,46699,2,60000.00,0,'2021-09-28','2021-10-25 17:03:57','2021-10-25 17:03:57',NULL),(633,5627,309,57,40752,46699,1,100000.00,0,'2021-09-09','2021-10-25 17:05:08','2021-10-25 17:05:08',NULL),(634,5627,309,60,40752,46699,2,100000.00,0,'2021-09-09','2021-10-25 17:05:08','2021-10-25 17:05:08',NULL),(635,5627,310,57,40752,46699,1,100000.00,0,'2021-09-01','2021-10-25 17:06:29','2021-10-25 17:06:29',NULL),(636,5627,310,60,40752,46699,2,100000.00,0,'2021-09-01','2021-10-25 17:06:29','2021-10-25 17:06:29',NULL),(637,5627,311,57,40752,46699,1,36300.00,0,'2021-09-14','2021-10-25 17:09:05','2021-10-25 17:09:05',NULL),(638,5627,311,60,40752,46699,2,36300.00,0,'2021-09-14','2021-10-25 17:09:05','2021-10-25 17:09:05',NULL),(639,5627,312,57,40752,46699,1,66550.00,0,'2021-09-15','2021-10-25 17:10:24','2021-10-25 17:10:24',NULL),(640,5627,312,60,40752,46699,2,66550.00,0,'2021-09-15','2021-10-25 17:10:24','2021-10-25 17:10:24',NULL),(641,5627,313,57,40752,46699,1,24000.00,0,'2021-09-16','2021-10-25 17:11:34','2021-10-25 17:11:34',NULL),(642,5627,313,60,40752,46699,2,24000.00,0,'2021-09-16','2021-10-25 17:11:34','2021-10-25 17:11:34',NULL),(643,5627,314,57,40752,46699,1,188760.00,0,'2021-09-13','2021-10-25 17:12:59','2021-10-25 17:12:59',NULL),(644,5627,314,60,40752,46699,2,188760.00,0,'2021-09-13','2021-10-25 17:12:59','2021-10-25 17:12:59',NULL),(645,5627,315,57,40752,46699,1,18842.00,0,'2021-09-13','2021-10-25 17:14:14','2021-10-25 17:14:14',NULL),(646,5627,315,60,40752,46699,2,18842.00,0,'2021-09-13','2021-10-25 17:14:14','2021-10-25 17:14:14',NULL),(647,3800,316,57,40752,46699,1,201287.30,0,'2021-09-06','2021-10-29 12:19:34','2021-10-29 12:19:34',NULL);
INSERT INTO `cta_cte_tesoreria_detail` VALUES (648,3800,316,60,40752,46699,2,201287.30,0,'2021-09-06','2021-10-29 12:19:34','2021-10-29 12:19:34',NULL),(653,3800,319,57,40752,46699,1,47367.70,0,'2021-09-06','2021-10-29 12:36:32','2021-10-29 12:36:32',NULL),(654,3800,319,23,40752,46699,2,47367.70,0,'2021-09-06','2021-10-29 12:36:32','2021-10-29 12:36:32',NULL),(655,3800,320,57,40752,46698,1,46902.70,0,'2021-08-05','2021-10-29 13:07:34','2021-10-29 13:07:34',NULL),(656,3800,320,23,40752,46698,2,46902.70,0,'2021-08-05','2021-10-29 13:07:34','2021-10-29 13:07:34',NULL),(657,3800,321,57,40752,46699,1,19769.40,0,'2021-09-17','2021-10-29 15:23:21','2021-10-29 15:23:21',NULL),(658,3800,321,23,40752,46699,2,19769.40,0,'2021-09-17','2021-10-29 15:23:21','2021-10-29 15:23:21',NULL),(659,3800,322,57,40752,46699,1,251.86,0,'2021-09-17','2021-10-29 15:26:11','2021-10-29 15:26:11',NULL),(660,3800,322,23,40752,46699,2,251.86,0,'2021-09-17','2021-10-29 15:26:11','2021-10-29 15:26:11',NULL),(661,3800,323,57,40752,46699,1,1437.30,0,'2021-09-10','2021-10-29 15:28:16','2021-10-29 15:28:16',NULL),(662,3800,323,23,40752,46699,2,510.40,0,'2021-09-10','2021-10-29 15:28:16','2021-10-29 15:28:16',NULL),(663,3800,323,23,40752,46699,2,926.90,0,'2021-09-10','2021-10-29 15:28:16','2021-10-29 15:28:16',NULL),(664,3800,324,57,40752,46699,1,16051.18,0,'2021-09-27','2021-10-29 15:32:11','2021-10-29 15:32:11',NULL),(665,3800,324,23,40752,46699,2,11993.38,0,'2021-09-27','2021-10-29 15:32:11','2021-10-29 15:32:11',NULL),(666,3800,324,23,40752,46699,2,2688.32,0,'2021-09-27','2021-10-29 15:32:11','2021-10-29 15:32:11',NULL),(667,3800,324,23,40752,46699,2,305.20,0,'2021-09-27','2021-10-29 15:32:11','2021-10-29 15:32:11',NULL),(668,3800,324,23,40752,46699,2,1064.28,0,'2021-09-27','2021-10-29 15:32:11','2021-10-29 15:32:11',NULL),(669,3800,325,57,40752,46699,1,187178.00,0,'2021-09-24','2021-11-01 16:51:27','2021-11-01 16:51:27',NULL),(670,3800,325,25,40752,46699,2,39380.00,0,'2021-09-24','2021-11-01 16:51:27','2021-11-01 16:51:27',NULL),(671,3800,325,23,40752,46699,2,147798.00,0,'2021-09-24','2021-11-01 16:51:27','2021-11-01 16:51:27',NULL),(672,3800,326,57,40752,46698,1,539980.00,0,'2021-08-31','2021-11-01 16:53:16','2021-11-01 16:53:16',NULL),(673,3800,326,60,40752,46698,2,539980.00,0,'2021-08-31','2021-11-01 16:53:16','2021-11-01 16:53:16',NULL),(674,3800,327,57,40752,46696,1,107242.30,0,'2021-06-03','2021-11-01 16:54:41','2021-11-01 16:54:41',NULL),(675,3800,327,25,40752,46696,2,107242.30,0,'2021-06-03','2021-11-01 16:54:41','2021-11-01 16:54:41',NULL),(676,3800,328,57,40752,46696,1,711.70,0,'2021-06-24','2021-11-01 16:56:01','2021-11-01 16:56:01',NULL),(677,3800,328,23,40752,46696,2,711.70,0,'2021-06-24','2021-11-01 16:56:01','2021-11-01 16:56:01',NULL),(678,3800,329,57,40752,46697,1,884110.00,0,'2021-07-01','2021-11-01 16:57:35','2021-11-01 16:57:35',NULL),(679,3800,329,60,40752,46697,2,884110.00,0,'2021-07-01','2021-11-01 16:57:35','2021-11-01 16:57:35',NULL),(682,3800,331,57,40752,46697,1,53681.35,0,'2021-07-12','2021-11-01 16:58:50','2021-11-01 16:58:50',NULL),(683,3800,331,23,40752,46697,2,35009.32,0,'2021-07-12','2021-11-01 16:58:50','2021-11-01 16:58:50',NULL),(684,3800,331,23,40752,46697,2,18672.03,0,'2021-07-12','2021-11-01 16:58:50','2021-11-01 16:58:50',NULL),(685,3800,332,57,40752,46696,1,27720.40,0,'2021-06-28','2021-11-01 17:25:02','2021-11-01 17:25:02',NULL),(686,3800,332,25,40752,46696,2,23775.42,0,'2021-06-28','2021-11-01 17:25:02','2021-11-01 17:25:02',NULL),(687,3800,332,23,40752,46696,2,3944.98,0,'2021-06-28','2021-11-01 17:25:02','2021-11-01 17:25:02',NULL),(691,3800,334,57,40752,46698,1,700000.00,0,'2021-08-13','2021-11-01 17:27:34','2021-11-01 17:27:34',NULL),(692,3800,334,60,40752,46698,2,700000.00,0,'2021-08-13','2021-11-01 17:27:34','2021-11-01 17:27:34',NULL),(693,3800,335,57,40752,46697,1,611380.00,0,'2021-07-15','2021-11-01 17:47:20','2021-11-01 17:47:20',NULL),(694,3800,335,60,40752,46697,2,611380.00,0,'2021-07-15','2021-11-01 17:47:20','2021-11-01 17:47:20',NULL);
INSERT INTO `cta_cte_tesoreria_detail` VALUES (695,3800,336,57,40752,46695,1,69138.73,0,'2021-05-03','2021-11-02 11:51:54','2021-11-02 11:51:54',NULL),(696,3800,336,23,40752,46695,2,13149.05,0,'2021-05-03','2021-11-02 11:51:54','2021-11-02 11:51:54',NULL),(697,3800,336,25,40752,46695,2,55989.68,0,'2021-05-03','2021-11-02 11:51:54','2021-11-02 11:51:54',NULL),(698,3800,337,57,40752,46696,1,50900.41,0,'2021-06-15','2021-11-02 11:54:44','2021-11-02 11:54:44',NULL),(699,3800,337,23,40752,46696,2,9096.09,0,'2021-06-15','2021-11-02 11:54:44','2021-11-02 11:54:44',NULL),(700,3800,337,25,40752,46696,2,41804.32,0,'2021-06-15','2021-11-02 11:54:44','2021-11-02 11:54:44',NULL),(701,3800,338,57,40752,46699,1,371345.13,0,'2021-09-20','2021-11-03 16:53:23','2021-11-03 16:53:23',NULL),(702,3800,338,60,40752,46699,2,366550.59,0,'2021-09-20','2021-11-03 16:53:23','2021-11-03 16:53:23',NULL),(703,3800,338,23,40752,46699,2,4794.54,0,'2021-09-20','2021-11-03 16:53:23','2021-11-03 16:53:23',NULL),(704,3800,339,57,40752,46693,1,52797.14,0,'2021-02-23','2021-11-03 17:14:22','2021-11-03 17:14:22',NULL),(705,3800,339,25,40752,46693,2,43279.55,0,'2021-02-23','2021-11-03 17:14:22','2021-11-03 17:14:22',NULL),(706,3800,339,23,40752,46693,2,9517.59,0,'2021-02-23','2021-11-03 17:14:22','2021-11-03 17:14:22',NULL),(707,3800,340,57,40752,46695,1,35754.98,0,'2021-05-20','2021-11-05 18:54:25','2021-11-05 18:54:25',NULL),(708,3800,340,25,40752,46695,2,30024.54,0,'2021-05-20','2021-11-05 18:54:25','2021-11-05 18:54:25',NULL),(709,3800,340,23,40752,46695,2,5730.44,0,'2021-05-20','2021-11-05 18:54:25','2021-11-05 18:54:25',NULL),(710,3800,341,57,40752,46694,1,20736.86,0,'2021-04-08','2021-11-05 18:59:34','2021-11-05 18:59:34',NULL),(711,3800,341,25,40752,46694,2,20736.86,0,'2021-04-08','2021-11-05 18:59:34','2021-11-05 18:59:34',NULL),(712,3800,342,57,40752,46694,1,20824.45,0,'2021-04-20','2021-11-05 19:00:50','2021-11-05 19:00:50',NULL),(713,3800,342,25,40752,46694,2,20824.45,0,'2021-04-20','2021-11-05 19:00:50','2021-11-05 19:00:50',NULL),(714,3800,343,57,40752,46694,1,20999.64,0,'2021-04-29','2021-11-05 19:02:08','2021-11-05 19:02:08',NULL),(715,3800,343,25,40752,46694,2,20999.64,0,'2021-04-29','2021-11-05 19:02:08','2021-11-05 19:02:08',NULL),(716,3800,344,57,40752,46694,1,20999.64,0,'2021-04-29','2021-11-05 19:03:28','2021-11-05 19:03:28',NULL),(717,3800,344,25,40752,46694,2,20999.64,0,'2021-04-29','2021-11-05 19:03:28','2021-11-05 19:03:28',NULL),(718,3800,345,57,40752,46695,1,15012.27,0,'2021-05-20','2021-11-05 19:04:47','2021-11-05 19:04:47',NULL),(719,3800,345,25,40752,46695,2,15012.27,0,'2021-05-20','2021-11-05 19:04:47','2021-11-05 19:04:47',NULL),(720,3800,346,57,40752,46696,1,11887.71,0,'2021-06-28','2021-11-05 19:06:23','2021-11-05 19:06:23',NULL),(721,3800,346,25,40752,46696,2,11887.71,0,'2021-06-28','2021-11-05 19:06:23','2021-11-05 19:06:23',NULL),(722,3800,347,57,40752,46694,1,20703.17,0,'2021-04-09','2021-11-05 19:07:34','2021-11-05 19:07:34',NULL),(723,3800,347,25,40752,46694,2,20703.17,0,'2021-04-09','2021-11-05 19:07:34','2021-11-05 19:07:34',NULL),(724,3800,348,57,40752,46694,1,20757.07,0,'2021-04-14','2021-11-05 19:08:54','2021-11-05 19:08:54',NULL),(725,3800,348,25,40752,46694,2,20757.07,0,'2021-04-14','2021-11-05 19:08:54','2021-11-05 19:08:54',NULL),(726,3800,349,57,40752,46695,1,20999.64,0,'2021-05-06','2021-11-05 19:10:07','2021-11-05 19:10:07',NULL),(727,3800,349,25,40752,46695,2,20999.64,0,'2021-05-06','2021-11-05 19:10:07','2021-11-05 19:10:07',NULL),(728,3800,350,57,40752,46696,1,224408.83,0,'2021-06-24','2021-11-05 20:20:31','2021-11-05 20:20:31',NULL),(729,3800,350,60,40752,46696,2,224408.83,0,'2021-06-24','2021-11-05 20:20:31','2021-11-05 20:20:31',NULL),(730,3800,351,57,40752,46697,1,113782.35,0,'2021-07-13','2021-11-05 20:21:45','2021-11-05 20:21:45',NULL),(731,3800,351,60,40752,46697,2,113782.35,0,'2021-07-13','2021-11-05 20:21:45','2021-11-05 20:21:45',NULL),(732,3800,352,57,40752,46697,1,90434.19,0,'2021-07-21','2021-11-05 20:23:15','2021-11-05 20:23:15',NULL);
INSERT INTO `cta_cte_tesoreria_detail` VALUES (733,3800,352,60,40752,46697,2,90434.19,0,'2021-07-21','2021-11-05 20:23:15','2021-11-05 20:23:15',NULL),(734,3800,353,57,40752,46697,1,300000.00,0,'2021-07-22','2021-11-05 20:24:55','2021-11-05 20:24:55',NULL),(735,3800,353,60,40752,46697,2,300000.00,0,'2021-07-22','2021-11-05 20:24:55','2021-11-05 20:24:55',NULL),(736,3800,354,57,40752,46697,1,300000.00,0,'2021-07-27','2021-11-05 20:26:14','2021-11-05 20:26:14',NULL),(737,3800,354,60,40752,46697,2,300000.00,0,'2021-07-27','2021-11-05 20:26:14','2021-11-05 20:26:14',NULL),(738,3800,355,57,40752,46697,1,200000.00,0,'2021-07-02','2021-11-06 10:15:51','2021-11-06 10:15:51',NULL),(739,3800,355,60,40752,46697,2,200000.00,0,'2021-07-02','2021-11-06 10:15:51','2021-11-06 10:15:51',NULL),(740,3800,356,57,40752,46697,1,100000.00,0,'2021-07-07','2021-11-06 10:17:03','2021-11-06 10:17:03',NULL),(741,3800,356,60,40752,46697,2,100000.00,0,'2021-07-07','2021-11-06 10:17:03','2021-11-06 10:17:03',NULL),(742,3800,357,57,40752,46698,1,50000.00,0,'2021-08-20','2021-11-06 10:18:09','2021-11-06 10:18:09',NULL),(743,3800,357,60,40752,46698,2,50000.00,0,'2021-08-20','2021-11-06 10:18:09','2021-11-06 10:18:09',NULL),(744,3800,358,57,40752,46693,1,142000.00,0,'2021-03-19','2021-11-06 10:30:47','2021-11-06 10:30:47',NULL),(745,3800,358,60,40752,46693,2,142000.00,0,'2021-03-19','2021-11-06 10:30:47','2021-11-06 10:30:47',NULL),(746,3800,359,57,40752,46695,1,257825.40,0,'2021-05-21','2021-11-06 10:36:06','2021-11-06 10:36:06',NULL),(747,3800,359,60,40752,46695,2,257825.40,0,'2021-05-21','2021-11-06 10:36:06','2021-11-06 10:36:06',NULL),(748,3800,360,57,40752,46697,1,49399.46,0,'2021-07-15','2021-11-06 10:37:28','2021-11-06 10:37:28',NULL),(749,3800,360,60,40752,46697,2,49399.46,0,'2021-07-15','2021-11-06 10:37:28','2021-11-06 10:37:28',NULL),(750,3800,361,57,40752,46697,1,64384.36,0,'2021-07-06','2021-11-06 10:39:04','2021-11-06 10:39:04',NULL),(751,3800,361,60,40752,46697,2,59000.00,0,'2021-07-06','2021-11-06 10:39:04','2021-11-06 10:39:04',NULL),(752,3800,361,359,40752,46697,2,5384.36,0,'2021-07-06','2021-11-06 10:39:04','2021-11-06 10:39:04',NULL),(753,3800,362,57,40752,46697,1,25375.00,0,'2021-07-01','2021-11-06 11:41:33','2021-11-06 11:41:33',NULL),(754,3800,362,25,40752,46697,2,25375.00,0,'2021-07-01','2021-11-06 11:41:33','2021-11-06 11:41:33',NULL),(761,3800,366,57,40752,46697,1,157300.00,0,'2021-07-23','2021-11-06 18:57:59','2021-11-06 18:57:59',NULL),(762,3800,366,60,40752,46697,2,157300.00,0,'2021-07-23','2021-11-06 18:57:59','2021-11-06 18:57:59',NULL),(763,3800,367,57,40752,46698,1,81312.00,0,'2021-08-19','2021-11-06 19:12:17','2021-11-06 19:12:17',NULL),(764,3800,367,60,40752,46698,2,81312.00,0,'2021-08-19','2021-11-06 19:12:17','2021-11-06 19:12:17',NULL),(765,3800,368,57,40752,46699,1,130000.00,0,'2021-09-09','2021-11-06 19:14:46','2021-11-06 19:14:46',NULL),(766,3800,368,60,40752,46699,2,130000.00,0,'2021-09-09','2021-11-06 19:14:46','2021-11-06 19:14:46',NULL),(767,3800,369,57,40752,46694,1,133100.00,0,'2021-04-19','2021-11-06 19:18:27','2021-11-06 19:18:27',NULL),(768,3800,369,60,40752,46694,2,133100.00,0,'2021-04-19','2021-11-06 19:18:27','2021-11-06 19:18:27',NULL),(769,3800,370,57,40752,46693,1,114950.00,0,'2021-03-30','2021-11-06 19:22:37','2021-11-06 19:22:37',NULL),(770,3800,370,60,40752,46693,2,114950.00,0,'2021-03-30','2021-11-06 19:22:37','2021-11-06 19:22:37',NULL),(771,3800,371,57,40752,46697,1,157300.00,0,'2021-07-23','2021-11-06 19:26:45','2021-11-06 19:26:45',NULL),(772,3800,371,60,40752,46697,2,157300.00,0,'2021-07-23','2021-11-06 19:26:45','2021-11-06 19:26:45',NULL),(773,3800,372,57,40752,46695,1,133100.00,0,'2021-05-11','2021-11-06 19:30:12','2021-11-06 19:30:12',NULL),(774,3800,372,60,40752,46695,2,133100.00,0,'2021-05-11','2021-11-06 19:30:12','2021-11-06 19:30:12',NULL),(775,3800,373,57,40752,46697,1,49399.46,0,'2021-07-15','2021-11-06 19:38:37','2021-11-06 19:38:37',NULL);
INSERT INTO `cta_cte_tesoreria_detail` VALUES (776,3800,373,60,40752,46697,2,49399.46,0,'2021-07-15','2021-11-06 19:38:37','2021-11-06 19:38:37',NULL),(777,3800,374,57,40752,46695,1,63249.34,0,'2021-05-18','2021-11-06 19:40:23','2021-11-06 19:40:23',NULL),(778,3800,374,60,40752,46695,2,63249.34,0,'2021-05-18','2021-11-06 19:40:23','2021-11-06 19:40:23',NULL),(779,3800,375,57,40752,46696,1,50000.00,0,'2021-06-28','2021-11-06 19:42:28','2021-11-06 19:42:28',NULL),(780,3800,375,60,40752,46696,2,50000.00,0,'2021-06-28','2021-11-06 19:42:28','2021-11-06 19:42:28',NULL),(781,3800,376,57,40752,46694,1,16495.00,0,'2021-04-28','2021-11-06 19:44:00','2021-11-06 19:44:00',NULL),(782,3800,376,60,40752,46694,2,16495.00,0,'2021-04-28','2021-11-06 19:44:00','2021-11-06 19:44:00',NULL),(783,3800,377,57,40752,46696,1,48400.00,0,'2021-01-17','2021-11-06 19:49:16','2021-11-06 19:49:16',NULL),(784,3800,377,60,40752,46696,2,48400.00,0,'2021-01-17','2021-11-06 19:49:16','2021-11-06 19:49:16',NULL),(785,3800,378,57,40752,46696,1,60500.00,0,'2021-06-18','2021-11-06 19:50:56','2021-11-06 19:50:56',NULL),(786,3800,378,60,40752,46696,2,60500.00,0,'2021-06-18','2021-11-06 19:50:56','2021-11-06 19:50:56',NULL),(787,3800,379,57,40752,46697,1,5485.42,0,'2021-07-25','2021-11-06 19:54:00','2021-11-06 19:54:00',NULL),(788,3800,379,359,40752,46697,2,5485.42,0,'2021-07-25','2021-11-06 19:54:00','2021-11-06 19:54:00',NULL),(789,3800,380,57,40752,46698,1,2728.51,0,'2021-08-25','2021-11-06 19:54:46','2021-11-06 19:54:46',NULL),(790,3800,380,359,40752,46698,2,2728.51,0,'2021-08-25','2021-11-06 19:54:46','2021-11-06 19:54:46',NULL),(791,3800,381,57,40752,46697,1,8100.00,0,'2021-07-08','2021-11-06 19:57:16','2021-11-06 19:57:16',NULL),(792,3800,381,359,40752,46697,2,8100.00,0,'2021-07-08','2021-11-06 19:57:16','2021-11-06 19:57:16',NULL),(793,3800,382,57,40752,46694,1,150000.00,0,'2021-04-09','2021-11-06 20:11:20','2021-11-06 20:11:20',NULL),(794,3800,382,60,40752,46694,2,150000.00,0,'2021-04-09','2021-11-06 20:11:20','2021-11-06 20:11:20',NULL),(795,3800,383,57,40752,46697,1,60500.00,0,'2021-07-07','2021-11-06 20:14:12','2021-11-06 20:14:12',NULL),(796,3800,383,60,40752,46697,2,60500.00,0,'2021-07-07','2021-11-06 20:14:12','2021-11-06 20:14:12',NULL),(797,3800,384,57,40752,46696,1,61346.25,0,'2021-06-18','2021-11-08 11:07:12','2021-11-08 11:07:12',NULL),(798,3800,384,25,40752,46696,2,40897.50,0,'2021-06-18','2021-11-08 11:07:12','2021-11-08 11:07:12',NULL),(799,3800,384,25,40752,46696,2,20448.75,0,'2021-06-18','2021-11-08 11:07:12','2021-11-08 11:07:12',NULL),(800,3800,385,57,40752,46699,1,48400.00,0,'2021-09-17','2021-11-08 11:57:55','2021-11-08 11:57:55',NULL),(801,3800,385,60,40752,46699,2,48400.00,0,'2021-09-17','2021-11-08 11:57:55','2021-11-08 11:57:55',NULL),(802,3800,386,57,40752,46696,1,60500.00,0,'2021-06-18','2021-11-08 11:59:23','2021-11-08 11:59:23',NULL),(803,3800,386,60,40752,46696,2,60500.00,0,'2021-06-18','2021-11-08 11:59:23','2021-11-08 11:59:23',NULL),(804,3800,387,57,40752,46697,1,60500.00,0,'2021-07-07','2021-11-08 12:00:40','2021-11-08 12:00:40',NULL),(805,3800,387,60,40752,46697,2,60500.00,0,'2021-07-07','2021-11-08 12:00:40','2021-11-08 12:00:40',NULL),(806,3800,388,57,40752,46699,1,1100.00,0,'2021-09-23','2021-11-08 12:12:35','2021-11-08 12:12:35',NULL),(807,3800,388,359,40752,46699,2,1100.00,0,'2021-09-23','2021-11-08 12:12:35','2021-11-08 12:12:35',NULL),(808,3800,389,57,40752,46696,1,12376.98,0,'2021-06-04','2021-11-08 12:44:22','2021-11-08 12:44:22',NULL),(809,3800,389,25,40752,46696,2,12376.98,0,'2021-06-04','2021-11-08 12:44:22','2021-11-08 12:44:22',NULL),(814,3800,392,57,40752,46697,1,20328.00,0,'2021-07-06','2021-11-08 12:52:51','2021-11-08 12:52:51',NULL),(815,3800,392,60,40752,46697,2,20328.00,0,'2021-07-06','2021-11-08 12:52:51','2021-11-08 12:52:51',NULL),(816,3800,393,13,40752,46696,2,1789194.00,0,'2021-06-07','2021-11-08 17:52:59','2021-11-08 17:52:59',NULL),(817,3800,393,60,40752,46696,1,1789194.00,0,'2021-06-07','2021-11-08 17:52:59','2021-11-08 17:52:59',NULL);
INSERT INTO `cta_cte_tesoreria_detail` VALUES (818,3800,394,57,40752,46697,1,9450.00,0,'2021-07-22','2021-11-08 18:26:54','2021-11-08 18:26:54',NULL),(819,3800,394,359,40752,46697,2,9450.00,0,'2021-07-22','2021-11-08 18:26:54','2021-11-08 18:26:54',NULL),(820,5627,395,57,40752,46700,1,137955.40,0,'2021-10-21','2021-12-06 15:28:12','2021-12-06 15:28:12',NULL),(821,5627,395,60,40752,46700,2,137955.40,0,'2021-10-21','2021-12-06 15:28:12','2021-12-06 15:28:12',NULL),(822,5627,396,57,40752,46700,1,66000.00,0,'2021-10-25','2021-12-06 15:30:27','2021-12-06 15:30:27',NULL),(823,5627,396,60,40752,46700,2,66000.00,0,'2021-10-25','2021-12-06 15:30:27','2021-12-06 15:30:27',NULL),(824,5627,397,57,40752,46700,1,66000.00,0,'2021-10-25','2021-12-06 15:32:13','2021-12-06 15:32:13',NULL),(825,5627,397,60,40752,46700,2,66000.00,0,'2021-10-25','2021-12-06 15:32:13','2021-12-06 15:32:13',NULL),(826,5627,398,57,40752,46700,1,104280.00,0,'2021-12-06','2021-12-06 15:33:33','2021-12-06 15:33:33',NULL),(827,5627,398,60,40752,46700,2,104280.00,0,'2021-12-06','2021-12-06 15:33:33','2021-12-06 15:33:33',NULL),(828,5627,399,57,40752,46700,1,567193.32,0,'2021-12-06','2021-12-06 15:35:07','2021-12-06 15:35:07',NULL),(829,5627,399,60,40752,46700,2,567193.32,0,'2021-12-06','2021-12-06 15:35:07','2021-12-06 15:35:07',NULL),(830,5627,400,57,40752,46700,1,1631975.28,0,'2021-10-15','2021-12-06 15:37:07','2021-12-06 15:37:07',NULL),(831,5627,400,60,40752,46700,2,1631975.28,0,'2021-10-15','2021-12-06 15:37:07','2021-12-06 15:37:07',NULL),(832,5627,401,57,40752,46700,1,133920.00,0,'2021-10-28','2021-12-06 15:38:31','2021-12-06 15:38:31',NULL),(833,5627,401,60,40752,46700,2,133920.00,0,'2021-10-28','2021-12-06 15:38:31','2021-12-06 15:38:31',NULL),(834,5627,402,57,40752,46700,1,246007.40,0,'2021-10-28','2021-12-06 15:43:28','2021-12-06 15:43:28',NULL),(835,5627,402,60,40752,46700,2,246007.40,0,'2021-10-28','2021-12-06 15:43:28','2021-12-06 15:43:28',NULL),(836,5627,403,57,40752,46700,1,321850.47,0,'2021-10-04','2021-12-06 15:48:26','2021-12-06 15:48:26',NULL),(837,5627,403,60,40752,46700,2,321850.47,0,'2021-10-04','2021-12-06 15:48:26','2021-12-06 15:48:26',NULL),(838,5627,404,57,40752,46700,1,108920.00,0,'2021-12-06','2021-12-06 15:49:57','2021-12-06 15:49:57',NULL),(839,5627,404,60,40752,46700,2,108920.00,0,'2021-12-06','2021-12-06 15:49:57','2021-12-06 15:49:57',NULL),(840,5627,405,57,40752,46685,1,12000.00,0,'2021-10-12','2021-12-06 15:51:50','2021-12-06 15:51:50',NULL),(841,5627,405,60,40752,46685,2,12000.00,0,'2021-10-12','2021-12-06 15:51:50','2021-12-06 15:51:50',NULL),(842,5627,406,57,40752,46700,1,101065.40,0,'2021-10-25','2021-12-06 15:53:19','2021-12-06 15:53:19',NULL),(843,5627,406,60,40752,46700,2,101065.40,0,'2021-10-25','2021-12-06 15:53:19','2021-12-06 15:53:19',NULL),(844,5627,407,57,40752,46700,1,10102.36,0,'2021-10-19','2021-12-06 15:54:53','2021-12-06 15:54:53',NULL),(845,5627,407,60,40752,46700,2,10102.36,0,'2021-10-19','2021-12-06 15:54:53','2021-12-06 15:54:53',NULL),(846,5627,408,57,40752,46700,1,188963.40,0,'2021-10-25','2021-12-06 15:56:51','2021-12-06 15:56:51',NULL),(847,5627,408,60,40752,46700,2,188963.40,0,'2021-10-25','2021-12-06 15:56:51','2021-12-06 15:56:51',NULL),(848,5627,409,57,40752,46700,1,500000.00,0,'2021-10-22','2021-12-06 15:58:19','2021-12-06 15:58:19',NULL),(849,5627,409,60,40752,46700,2,500000.00,0,'2021-10-22','2021-12-06 15:58:19','2021-12-06 15:58:19',NULL),(850,5627,410,57,40752,46700,1,500000.00,0,'2021-10-20','2021-12-06 15:59:44','2021-12-06 15:59:44',NULL),(851,5627,410,60,40752,46700,2,500000.00,0,'2021-10-20','2021-12-06 15:59:44','2021-12-06 15:59:44',NULL),(852,5627,411,57,40752,46700,1,58609.25,0,'2021-10-07','2021-12-06 16:01:23','2021-12-06 16:01:23',NULL),(853,5627,411,60,40752,46700,2,58609.25,0,'2021-10-07','2021-12-06 16:01:23','2021-12-06 16:01:23',NULL),(854,5627,412,57,40752,46700,1,107021.40,0,'2021-10-05','2021-12-06 16:03:25','2021-12-06 16:03:25',NULL);
INSERT INTO `cta_cte_tesoreria_detail` VALUES (855,5627,412,60,40752,46700,2,107021.40,0,'2021-10-05','2021-12-06 16:03:25','2021-12-06 16:03:25',NULL),(856,5627,413,57,40752,46700,1,131827.45,0,'2021-10-22','2021-12-06 16:05:19','2021-12-06 16:05:19',NULL),(857,5627,413,60,40752,46700,2,131827.45,0,'2021-10-22','2021-12-06 16:05:19','2021-12-06 16:05:19',NULL),(858,5627,414,57,40752,46700,1,844853.79,0,'2021-10-07','2021-12-06 16:06:51','2021-12-06 16:06:51',NULL),(859,5627,414,60,40752,46700,2,844853.79,0,'2021-10-07','2021-12-06 16:06:51','2021-12-06 16:06:51',NULL),(860,5627,415,57,40752,46700,1,219575.75,0,'2021-10-06','2021-12-06 16:08:08','2021-12-06 16:08:08',NULL),(861,5627,415,60,40752,46700,2,219575.75,0,'2021-10-06','2021-12-06 16:08:08','2021-12-06 16:08:08',NULL),(862,5627,416,57,40752,46700,1,790239.22,0,'2021-10-14','2021-12-06 16:11:23','2021-12-06 16:11:23',NULL),(863,5627,416,60,40752,46700,2,790239.22,0,'2021-10-14','2021-12-06 16:11:23','2021-12-06 16:11:23',NULL),(864,5627,417,57,40752,46701,1,228400.00,0,'2021-11-01','2021-12-06 16:12:41','2021-12-06 16:12:41',NULL),(865,5627,417,60,40752,46701,2,228400.00,0,'2021-11-01','2021-12-06 16:12:41','2021-12-06 16:12:41',NULL),(866,5627,418,57,40752,46700,1,372100.00,0,'2021-10-25','2021-12-06 16:14:06','2021-12-06 16:14:06',NULL),(867,5627,418,60,40752,46700,2,372100.00,0,'2021-10-25','2021-12-06 16:14:06','2021-12-06 16:14:06',NULL),(868,5627,419,57,40752,46700,1,258700.00,0,'2021-10-22','2021-12-06 16:15:25','2021-12-06 16:15:25',NULL),(869,5627,419,60,40752,46700,2,258700.00,0,'2021-10-22','2021-12-06 16:15:25','2021-12-06 16:15:25',NULL),(870,5627,420,57,40752,46700,1,37570.00,0,'2021-10-29','2021-12-06 16:16:58','2021-12-06 16:16:58',NULL),(871,5627,420,60,40752,46700,2,37570.00,0,'2021-10-29','2021-12-06 16:16:58','2021-12-06 16:16:58',NULL),(872,5627,421,57,40752,46701,1,115973.96,0,'2021-11-01','2021-12-06 16:18:21','2021-12-06 16:18:21',NULL),(873,5627,421,60,40752,46701,2,115973.96,0,'2021-11-01','2021-12-06 16:18:21','2021-12-06 16:18:21',NULL),(874,5627,422,57,40752,46700,1,150000.00,0,'2021-10-12','2021-12-06 16:19:45','2021-12-06 16:19:45',NULL),(875,5627,422,60,40752,46700,2,150000.00,0,'2021-10-12','2021-12-06 16:19:45','2021-12-06 16:19:45',NULL),(876,5627,423,57,40752,46700,1,536409.94,0,'2021-10-27','2021-12-06 16:22:07','2021-12-06 16:22:07',NULL),(877,5627,423,60,40752,46700,2,536409.94,0,'2021-10-27','2021-12-06 16:22:07','2021-12-06 16:22:07',NULL),(878,5627,424,57,40752,46700,1,33000.00,0,'2021-10-18','2021-12-06 16:23:26','2021-12-06 16:23:26',NULL),(879,5627,424,60,40752,46700,2,33000.00,0,'2021-10-18','2021-12-06 16:23:26','2021-12-06 16:23:26',NULL),(880,5627,425,57,40752,46700,1,130000.00,0,'2021-10-04','2021-12-06 16:24:45','2021-12-06 16:24:45',NULL),(881,5627,425,60,40752,46700,2,130000.00,0,'2021-10-04','2021-12-06 16:24:45','2021-12-06 16:24:45',NULL),(882,5627,426,57,40752,46700,1,203537.30,0,'2021-10-05','2021-12-06 16:26:02','2021-12-06 16:26:02',NULL),(883,5627,426,60,40752,46700,2,203537.30,0,'2021-10-05','2021-12-06 16:26:02','2021-12-06 16:26:02',NULL),(884,5627,427,57,40752,46700,1,10000.00,0,'2021-10-29','2021-12-07 15:07:03','2021-12-07 15:07:03',NULL),(885,5627,427,60,40752,46700,2,10000.00,0,'2021-10-29','2021-12-07 15:07:03','2021-12-07 15:07:03',NULL),(886,5627,428,57,40752,46700,1,148570.00,0,'2021-10-22','2021-12-07 15:08:31','2021-12-07 15:08:31',NULL),(887,5627,428,60,40752,46700,2,148570.00,0,'2021-10-22','2021-12-07 15:08:31','2021-12-07 15:08:31',NULL),(888,5627,429,57,40752,46700,1,90000.00,0,'2021-10-26','2021-12-07 15:12:10','2021-12-07 15:12:10',NULL),(889,5627,429,60,40752,46700,2,90000.00,0,'2021-10-26','2021-12-07 15:12:10','2021-12-07 15:12:10',NULL),(892,5627,431,57,40752,46700,1,68669.23,0,'2021-10-06','2021-12-07 15:17:06','2021-12-07 15:17:06',NULL),(893,5627,431,60,40752,46700,2,68669.23,0,'2021-10-06','2021-12-07 15:17:06','2021-12-07 15:17:06',NULL);
INSERT INTO `cta_cte_tesoreria_detail` VALUES (894,5627,432,57,40752,46700,1,52000.00,0,'2021-10-15','2021-12-07 15:18:39','2021-12-07 15:18:39',NULL),(895,5627,432,60,40752,46700,2,52000.00,0,'2021-10-15','2021-12-07 15:18:39','2021-12-07 15:18:39',NULL),(896,5627,433,57,40752,46700,1,437781.19,0,'2021-10-04','2021-12-07 15:20:01','2021-12-07 15:20:01',NULL),(897,5627,433,60,40752,46700,2,437781.19,0,'2021-10-04','2021-12-07 15:20:01','2021-12-07 15:20:01',NULL),(898,5627,434,57,40752,46700,1,62920.00,0,'2021-10-29','2021-12-07 15:23:32','2021-12-07 15:23:32',NULL),(899,5627,434,60,40752,46700,2,62920.00,0,'2021-10-29','2021-12-07 15:23:32','2021-12-07 15:23:32',NULL),(900,5627,435,57,40752,46700,1,816698.29,0,'2021-10-12','2021-12-07 15:25:09','2021-12-07 15:25:09',NULL),(901,5627,435,60,40752,46700,2,816698.29,0,'2021-10-12','2021-12-07 15:25:09','2021-12-07 15:25:09',NULL),(902,5627,436,57,40752,46700,1,816698.29,0,'2021-10-12','2021-12-07 15:26:26','2021-12-07 15:26:26',NULL),(903,5627,436,60,40752,46700,2,816698.29,0,'2021-10-12','2021-12-07 15:26:26','2021-12-07 15:26:26',NULL),(904,5627,437,57,40752,46700,1,119064.00,0,'2021-10-12','2021-12-07 15:27:47','2021-12-07 15:27:47',NULL),(905,5627,437,60,40752,46700,2,119064.00,0,'2021-10-12','2021-12-07 15:27:47','2021-12-07 15:27:47',NULL),(906,5627,438,57,40752,46701,1,800000.00,0,'2021-11-09','2021-12-18 20:16:25','2021-12-18 20:16:25',NULL),(907,5627,438,60,40752,46701,2,800000.00,0,'2021-11-09','2021-12-18 20:16:25','2021-12-18 20:16:25',NULL),(908,5627,439,57,40752,46701,1,1500000.00,0,'2021-11-08','2021-12-18 20:18:10','2021-12-18 20:18:10',NULL),(909,5627,439,60,40752,46701,2,1500000.00,0,'2021-11-08','2021-12-18 20:18:10','2021-12-18 20:18:10',NULL),(910,5627,440,57,40752,46701,1,2500000.00,0,'2021-11-05','2021-12-18 20:19:32','2021-12-18 20:19:32',NULL),(911,5627,440,60,40752,46701,2,2500000.00,0,'2021-11-05','2021-12-18 20:19:32','2021-12-18 20:19:32',NULL),(912,5627,441,57,40752,46701,1,30000.00,0,'2021-11-15','2021-12-18 20:21:18','2021-12-18 20:21:18',NULL),(913,5627,441,60,40752,46701,2,30000.00,0,'2021-11-15','2021-12-18 20:21:18','2021-12-18 20:21:18',NULL),(914,5627,442,57,40752,46701,1,215523.50,0,'2021-11-29','2021-12-18 20:23:44','2021-12-18 20:23:44',NULL),(915,5627,442,60,40752,46701,2,215523.50,0,'2021-11-29','2021-12-18 20:23:44','2021-12-18 20:23:44',NULL),(916,5627,443,57,40752,46701,1,106076.31,0,'2021-11-25','2021-12-18 20:25:08','2021-12-18 20:25:08',NULL),(917,5627,443,60,40752,46701,2,106076.31,0,'2021-11-25','2021-12-18 20:25:08','2021-12-18 20:25:08',NULL),(918,5627,444,57,40752,46701,1,79218.70,0,'2021-11-08','2021-12-18 20:26:26','2021-12-18 20:26:26',NULL),(919,5627,444,60,40752,46701,2,79218.70,0,'2021-11-08','2021-12-18 20:26:26','2021-12-18 20:26:26',NULL),(920,5627,445,57,40752,46701,1,92746.50,0,'2021-11-03','2021-12-18 20:27:35','2021-12-18 20:27:35',NULL),(921,5627,445,60,40752,46701,2,92746.50,0,'2021-11-03','2021-12-18 20:27:35','2021-12-18 20:27:35',NULL),(922,5627,446,57,40752,46701,1,400000.00,0,'2021-11-23','2021-12-18 20:28:47','2021-12-18 20:28:47',NULL),(923,5627,446,60,40752,46701,2,400000.00,0,'2021-11-23','2021-12-18 20:28:47','2021-12-18 20:28:47',NULL),(924,5627,447,57,40752,46701,1,61635.36,0,'2021-11-10','2021-12-18 20:31:00','2021-12-18 20:31:00',NULL),(925,5627,447,60,40752,46701,2,61635.36,0,'2021-11-10','2021-12-18 20:31:00','2021-12-18 20:31:00',NULL),(926,5627,448,57,40752,46701,1,142477.50,0,'2021-11-11','2021-12-21 18:03:32','2021-12-21 18:03:32',NULL),(927,5627,448,60,40752,46701,2,142477.50,0,'2021-11-11','2021-12-21 18:03:32','2021-12-21 18:03:32',NULL),(928,5627,449,57,40752,46701,1,228400.00,0,'2021-11-01','2021-12-21 18:05:16','2021-12-21 18:05:16',NULL),(929,5627,449,60,40752,46701,2,228400.00,0,'2021-11-01','2021-12-21 18:05:16','2021-12-21 18:05:16',NULL),(930,5627,450,57,40752,46701,1,37571.00,0,'2021-11-10','2021-12-21 18:06:43','2021-12-21 18:06:43',NULL);
INSERT INTO `cta_cte_tesoreria_detail` VALUES (931,5627,450,60,40752,46701,2,37571.00,0,'2021-11-10','2021-12-21 18:06:43','2021-12-21 18:06:43',NULL),(932,5627,451,57,40752,46701,1,10096.00,0,'2021-11-16','2021-12-21 18:07:55','2021-12-21 18:07:55',NULL),(933,5627,451,60,40752,46701,2,10096.00,0,'2021-11-16','2021-12-21 18:07:55','2021-12-21 18:07:55',NULL),(934,5627,452,57,40752,46701,1,659191.36,0,'2021-11-16','2021-12-21 18:09:15','2021-12-21 18:09:15',NULL),(935,5627,452,60,40752,46701,2,659191.36,0,'2021-11-16','2021-12-21 18:09:15','2021-12-21 18:09:15',NULL),(936,5627,453,57,40752,46701,1,681972.63,0,'2021-11-12','2021-12-21 18:10:31','2021-12-21 18:10:31',NULL),(937,5627,453,60,40752,46701,2,681972.63,0,'2021-11-12','2021-12-21 18:10:31','2021-12-21 18:10:31',NULL),(938,5627,454,57,40752,46701,1,115973.95,0,'2021-11-01','2021-12-21 18:11:46','2021-12-21 18:11:46',NULL),(939,5627,454,60,40752,46701,2,115973.95,0,'2021-11-01','2021-12-21 18:11:46','2021-12-21 18:11:46',NULL),(940,5627,455,57,40752,46701,1,355000.00,0,'2021-11-11','2021-12-21 18:20:49','2021-12-21 18:20:49',NULL),(941,5627,455,60,40752,46701,2,355000.00,0,'2021-11-11','2021-12-21 18:20:49','2021-12-21 18:20:49',NULL),(942,5627,456,57,40752,46701,1,48400.00,0,'2021-11-15','2021-12-21 18:22:44','2021-12-21 18:22:44',NULL),(943,5627,456,60,40752,46701,2,48400.00,0,'2021-11-15','2021-12-21 18:22:44','2021-12-21 18:22:44',NULL),(944,5627,457,57,40752,46701,1,130000.00,0,'2021-11-05','2021-12-21 18:24:00','2021-12-21 18:24:00',NULL),(945,5627,457,60,40752,46701,2,130000.00,0,'2021-11-05','2021-12-21 18:24:00','2021-12-21 18:24:00',NULL),(946,5627,458,57,40752,46701,1,6367.63,0,'2021-11-10','2021-12-21 18:25:32','2021-12-21 18:25:32',NULL),(947,5627,458,60,40752,46701,2,6367.63,0,'2021-11-10','2021-12-21 18:25:32','2021-12-21 18:25:32',NULL),(948,5627,459,57,40752,46701,1,205337.30,0,'2021-11-05','2021-12-21 18:27:27','2021-12-21 18:27:27',NULL),(949,5627,459,60,40752,46701,2,205337.30,0,'2021-11-05','2021-12-21 18:27:27','2021-12-21 18:27:27',NULL),(950,5627,460,57,40752,46701,1,90000.00,0,'2021-11-25','2021-12-21 18:28:36','2021-12-21 18:28:36',NULL),(951,5627,460,60,40752,46701,2,90000.00,0,'2021-11-25','2021-12-21 18:28:36','2021-12-21 18:28:36',NULL),(952,5627,461,57,40752,46701,1,135000.00,0,'2021-11-11','2021-12-21 18:34:24','2021-12-21 18:34:24',NULL),(953,5627,461,60,40752,46701,2,135000.00,0,'2021-11-11','2021-12-21 18:34:24','2021-12-21 18:34:24',NULL),(954,5627,462,57,40752,46701,1,140000.00,0,'2021-11-04','2021-12-21 18:36:00','2021-12-21 18:36:00',NULL),(955,5627,462,60,40752,46701,2,140000.00,0,'2021-11-04','2021-12-21 18:36:00','2021-12-21 18:36:00',NULL),(956,5627,463,57,40752,46701,1,122000.00,0,'2021-11-24','2021-12-21 18:37:09','2021-12-21 18:37:09',NULL),(957,5627,463,60,40752,46701,2,122000.00,0,'2021-11-24','2021-12-21 18:37:09','2021-12-21 18:37:09',NULL),(958,5627,464,57,40752,46701,1,145000.00,0,'2021-11-09','2021-12-21 18:39:42','2021-12-21 18:39:42',NULL),(959,5627,464,60,40752,46701,2,145000.00,0,'2021-11-09','2021-12-21 18:39:42','2021-12-21 18:39:42',NULL),(960,5627,465,57,40752,46701,1,366396.00,0,'2021-11-30','2021-12-21 18:41:14','2021-12-21 18:41:14',NULL),(961,5627,465,60,40752,46701,2,366396.00,0,'2021-11-30','2021-12-21 18:41:14','2021-12-21 18:41:14',NULL),(962,5627,466,57,40752,46701,1,1200000.00,0,'2021-11-29','2021-12-21 18:42:36','2021-12-21 18:42:36',NULL),(963,5627,466,60,40752,46701,2,1200000.00,0,'2021-11-29','2021-12-21 18:42:36','2021-12-21 18:42:36',NULL),(964,5627,467,57,40752,46701,1,314549.55,0,'2021-11-03','2021-12-21 18:44:46','2021-12-21 18:44:46',NULL),(965,5627,467,60,40752,46701,2,314549.55,0,'2021-11-03','2021-12-21 18:44:46','2021-12-21 18:44:46',NULL),(966,5627,468,57,40752,46701,1,141287.40,0,'2021-11-10','2021-12-21 18:46:16','2021-12-21 18:46:16',NULL),(967,5627,468,60,40752,46701,2,141287.40,0,'2021-11-10','2021-12-21 18:46:16','2021-12-21 18:46:16',NULL);
INSERT INTO `cta_cte_tesoreria_detail` VALUES (968,5627,469,57,40752,46701,1,96543.40,0,'2021-11-15','2021-12-22 16:21:38','2021-12-22 16:21:38',NULL),(969,5627,469,60,40752,46701,2,96543.40,0,'2021-11-15','2021-12-22 16:21:38','2021-12-22 16:21:38',NULL),(970,5627,470,57,40752,46701,1,18000.00,0,'2021-11-15','2021-12-22 16:22:55','2021-12-22 16:22:55',NULL),(971,5627,470,60,40752,46701,2,18000.00,0,'2021-11-15','2021-12-22 16:22:55','2021-12-22 16:22:55',NULL),(972,5627,471,57,40752,46701,1,540995.90,0,'2021-11-03','2021-12-22 16:26:06','2021-12-22 16:26:06',NULL),(973,5627,471,60,40752,46701,2,540995.90,0,'2021-11-03','2021-12-22 16:26:06','2021-12-22 16:26:06',NULL),(974,5627,472,57,40752,46701,1,68147.20,0,'2021-11-11','2021-12-22 16:27:26','2021-12-22 16:27:26',NULL),(975,5627,472,60,40752,46701,2,68147.20,0,'2021-11-11','2021-12-22 16:27:26','2021-12-22 16:27:26',NULL),(976,3800,473,57,40752,46700,1,147798.00,0,'2021-10-01','2022-01-07 16:57:24','2022-01-07 16:57:24',NULL),(977,3800,473,25,40752,46700,2,147798.00,0,'2021-10-01','2022-01-07 16:57:24','2022-01-07 16:57:24',NULL),(995,3800,482,57,40752,46700,1,39380.00,0,'2021-10-01','2022-01-07 17:44:10','2022-01-07 17:44:10',NULL),(996,3800,482,23,40752,46700,2,39380.00,0,'2021-10-01','2022-01-07 17:44:10','2022-01-07 17:44:10',NULL),(997,3800,483,57,40752,46700,1,456.00,0,'2021-10-05','2022-01-07 17:45:41','2022-01-07 17:45:41',NULL),(998,3800,483,23,40752,46700,2,456.00,0,'2021-10-05','2022-01-07 17:45:41','2022-01-07 17:45:41',NULL),(999,3800,484,57,40752,46700,1,48142.70,0,'2021-10-06','2022-01-07 17:49:37','2022-01-07 17:49:37',NULL),(1000,3800,484,23,40752,46700,2,48142.70,0,'2021-10-06','2022-01-07 17:49:37','2022-01-07 17:49:37',NULL),(1001,3800,485,57,40752,46700,1,288.65,0,'2021-10-06','2022-01-07 17:50:53','2022-01-07 17:50:53',NULL),(1002,3800,485,23,40752,46700,2,288.65,0,'2021-10-06','2022-01-07 17:50:53','2022-01-07 17:50:53',NULL),(1003,3800,486,57,40752,46700,1,38706.08,0,'2021-10-12','2022-01-07 17:52:13','2022-01-07 17:52:13',NULL),(1004,3800,486,25,40752,46700,2,38706.08,0,'2021-10-12','2022-01-07 17:52:13','2022-01-07 17:52:13',NULL),(1005,3800,487,57,40752,46700,1,38706.08,0,'2021-10-12','2022-01-07 17:53:25','2022-01-07 17:53:25',NULL),(1006,3800,487,25,40752,46700,2,38706.08,0,'2021-10-12','2022-01-07 17:53:25','2022-01-07 17:53:25',NULL),(1007,3800,488,57,40752,46700,1,66969.94,0,'2021-10-13','2022-01-07 17:55:18','2022-01-07 17:55:18',NULL),(1008,3800,488,25,40752,46700,2,54302.84,0,'2021-10-13','2022-01-07 17:55:18','2022-01-07 17:55:18',NULL),(1009,3800,488,23,40752,46700,2,12667.10,0,'2021-10-13','2022-01-07 17:55:18','2022-01-07 17:55:18',NULL),(1010,3800,489,57,40752,46700,1,104226.00,0,'2021-10-15','2022-01-07 17:58:25','2022-01-07 17:58:25',NULL),(1011,3800,489,25,40752,46700,2,77344.80,0,'2021-10-15','2022-01-07 17:58:25','2022-01-07 17:58:25',NULL),(1012,3800,489,25,40752,46700,2,26881.20,0,'2021-10-15','2022-01-07 17:58:25','2022-01-07 17:58:25',NULL),(1013,3800,490,57,40752,46700,1,511.07,0,'2021-10-22','2022-01-07 17:59:47','2022-01-07 17:59:47',NULL),(1014,3800,490,23,40752,46700,2,511.07,0,'2021-10-22','2022-01-07 17:59:47','2022-01-07 17:59:47',NULL),(1015,3800,491,57,40752,46700,1,18616.60,0,'2021-10-25','2022-01-07 18:00:54','2022-01-07 18:00:54',NULL),(1016,3800,491,23,40752,46700,2,18616.60,0,'2021-10-25','2022-01-07 18:00:54','2022-01-07 18:00:54',NULL),(1017,3800,492,57,40752,46700,1,332.60,0,'2021-10-25','2022-01-07 18:02:07','2022-01-07 18:02:07',NULL),(1018,3800,492,23,40752,46700,2,332.60,0,'2021-10-25','2022-01-07 18:02:07','2022-01-07 18:02:07',NULL),(1019,3800,493,57,40752,46700,1,6741.60,0,'2021-10-27','2022-01-07 18:11:55','2022-01-07 18:11:55',NULL),(1020,3800,493,23,40752,46700,2,6741.60,0,'2021-10-27','2022-01-07 18:11:55','2022-01-07 18:11:55',NULL),(1021,3800,494,57,40752,46700,1,44462.92,0,'2021-10-27','2022-01-07 18:15:06','2022-01-07 18:15:06',NULL),(1022,3800,494,25,40752,46700,2,36797.38,0,'2021-10-27','2022-01-07 18:15:06','2022-01-07 18:15:06',NULL);
INSERT INTO `cta_cte_tesoreria_detail` VALUES (1023,3800,494,23,40752,46700,2,7665.54,0,'2021-10-27','2022-01-07 18:15:06','2022-01-07 18:15:06',NULL),(1024,3800,495,57,40752,46701,1,44869.55,0,'2021-11-03','2022-01-07 18:18:17','2022-01-07 18:18:17',NULL),(1025,3800,495,25,40752,46701,2,37113.65,0,'2021-11-03','2022-01-07 18:18:17','2022-01-07 18:18:17',NULL),(1026,3800,495,23,40752,46701,2,7755.90,0,'2021-11-03','2022-01-07 18:18:17','2022-01-07 18:18:17',NULL),(1027,3800,496,57,40752,46701,1,48762.70,0,'2021-11-05','2022-01-07 18:19:27','2022-01-07 18:19:27',NULL),(1028,3800,496,23,40752,46701,2,48762.70,0,'2021-11-05','2022-01-07 18:19:27','2022-01-07 18:19:27',NULL),(1029,3800,497,57,40752,46701,1,454090.00,0,'2021-11-05','2022-01-07 18:30:28','2022-01-07 18:30:28',NULL),(1030,3800,497,25,40752,46701,2,454090.00,0,'2021-11-05','2022-01-07 18:30:28','2022-01-07 18:30:28',NULL),(1031,3800,498,57,40752,46701,1,1499.00,0,'2021-11-08','2022-01-07 18:34:07','2022-01-07 18:34:07',NULL),(1032,3800,498,23,40752,46701,2,1499.00,0,'2021-11-08','2022-01-07 18:34:07','2022-01-07 18:34:07',NULL),(1033,3800,499,57,40752,46701,1,1008.60,0,'2021-11-10','2022-01-07 18:35:11','2022-01-07 18:35:11',NULL),(1034,3800,499,23,40752,46701,2,1008.60,0,'2021-11-10','2022-01-07 18:35:11','2022-01-07 18:35:11',NULL),(1035,3800,500,57,40752,46701,1,9928.88,0,'2021-11-11','2022-01-07 18:36:15','2022-01-07 18:36:15',NULL),(1036,3800,500,23,40752,46701,2,9928.88,0,'2021-11-11','2022-01-07 18:36:15','2022-01-07 18:36:15',NULL),(1037,3800,501,57,40752,46701,1,2401.00,0,'2021-11-11','2022-01-07 18:37:15','2022-01-07 18:37:15',NULL),(1038,3800,501,23,40752,46701,2,2401.00,0,'2021-11-11','2022-01-07 18:37:15','2022-01-07 18:37:15',NULL),(1039,3800,502,57,40752,46701,1,256.60,0,'2021-11-15','2022-01-07 18:40:22','2022-01-07 18:40:22',NULL),(1040,3800,502,23,40752,46701,2,256.60,0,'2021-11-15','2022-01-07 18:40:22','2022-01-07 18:40:22',NULL),(1041,3800,503,57,40752,46701,1,256.60,0,'2021-11-15','2022-01-07 18:41:21','2022-01-07 18:41:21',NULL),(1042,3800,503,23,40752,46701,2,256.60,0,'2021-11-15','2022-01-07 18:41:21','2022-01-07 18:41:21',NULL),(1043,3800,504,57,40752,46701,1,256.60,0,'2021-11-15','2022-01-07 18:42:27','2022-01-07 18:42:27',NULL),(1044,3800,504,23,40752,46701,2,256.60,0,'2021-11-15','2022-01-07 18:42:27','2022-01-07 18:42:27',NULL),(1045,3800,505,57,40752,46701,1,1228.60,0,'2021-11-15','2022-01-07 18:43:48','2022-01-07 18:43:48',NULL),(1046,3800,505,23,40752,46701,2,1228.60,0,'2021-11-15','2022-01-07 18:43:48','2022-01-07 18:43:48',NULL),(1047,3800,506,57,40752,46701,1,3728.60,0,'2021-11-16','2022-01-07 18:46:12','2022-01-07 18:46:12',NULL),(1048,3800,506,23,40752,46701,2,2768.60,0,'2021-11-16','2022-01-07 18:46:12','2022-01-07 18:46:12',NULL),(1049,3800,506,23,40752,46701,2,960.00,0,'2021-11-16','2022-01-07 18:46:12','2022-01-07 18:46:12',NULL),(1050,3800,507,57,40752,46701,1,12593.08,0,'2021-11-16','2022-01-07 18:47:37','2022-01-07 18:47:37',NULL),(1051,3800,507,23,40752,46701,2,12593.08,0,'2021-11-16','2022-01-07 18:47:37','2022-01-07 18:47:37',NULL),(1052,3800,508,57,40752,46701,1,4416.60,0,'2021-11-19','2022-01-07 18:49:22','2022-01-07 18:49:22',NULL),(1053,3800,508,23,40752,46701,2,4416.60,0,'2021-11-19','2022-01-07 18:49:22','2022-01-07 18:49:22',NULL),(1054,3800,509,57,40752,46701,1,164471.58,0,'2021-11-23','2022-01-07 18:50:53','2022-01-07 18:50:53',NULL),(1055,3800,509,25,40752,46701,2,78319.80,0,'2021-11-23','2022-01-07 18:50:53','2022-01-07 18:50:53',NULL),(1056,3800,509,25,40752,46701,2,86151.78,0,'2021-11-23','2022-01-07 18:50:53','2022-01-07 18:50:53',NULL),(1057,3800,510,57,40752,46701,1,2665.00,0,'2021-11-24','2022-01-07 18:52:22','2022-01-07 18:52:22',NULL),(1058,3800,510,23,40752,46701,2,2665.00,0,'2021-11-24','2022-01-07 18:52:22','2022-01-07 18:52:22',NULL),(1059,3800,511,57,40752,46701,1,-37685.38,0,'2021-11-25','2022-01-07 18:55:35','2022-01-07 18:55:35',NULL),(1060,3800,511,23,40752,46701,2,-44000.00,0,'2021-11-25','2022-01-07 18:55:35','2022-01-07 18:55:35',NULL);
INSERT INTO `cta_cte_tesoreria_detail` VALUES (1061,3800,511,23,40752,46701,2,2692.38,0,'2021-11-25','2022-01-07 18:55:35','2022-01-07 18:55:35',NULL),(1062,3800,511,23,40752,46701,2,253.20,0,'2021-11-25','2022-01-07 18:55:35','2022-01-07 18:55:35',NULL),(1063,3800,511,23,40752,46701,2,3369.04,0,'2021-11-25','2022-01-07 18:55:35','2022-01-07 18:55:35',NULL),(1064,3800,512,57,40752,46701,1,397982.90,0,'2021-11-30','2022-01-07 18:58:15','2022-01-07 18:58:15',NULL),(1065,3800,512,25,40752,46701,2,48015.10,0,'2021-11-30','2022-01-07 18:58:15','2022-01-07 18:58:15',NULL),(1066,3800,512,25,40752,46701,2,89079.90,0,'2021-11-30','2022-01-07 18:58:15','2022-01-07 18:58:15',NULL),(1067,3800,512,25,40752,46701,2,87259.90,0,'2021-11-30','2022-01-07 18:58:15','2022-01-07 18:58:15',NULL),(1068,3800,512,25,40752,46701,2,173628.00,0,'2021-11-30','2022-01-07 18:58:15','2022-01-07 18:58:15',NULL),(1069,3800,513,57,40752,46702,1,49537.70,0,'2021-12-09','2022-01-07 18:59:30','2022-01-07 18:59:30',NULL),(1070,3800,513,23,40752,46702,2,49537.70,0,'2021-12-09','2022-01-07 18:59:30','2022-01-07 18:59:30',NULL),(1071,3800,514,57,40752,46702,1,515.16,0,'2021-12-14','2022-01-07 19:01:20','2022-01-07 19:01:20',NULL),(1072,3800,514,23,40752,46702,2,515.16,0,'2021-12-14','2022-01-07 19:01:20','2022-01-07 19:01:20',NULL),(1073,3800,515,13,40752,46700,2,1849270.93,0,'2021-10-01','2022-01-10 15:59:45','2022-01-10 15:59:45',NULL),(1074,3800,515,384,40752,46700,1,1849270.93,0,'2021-10-01','2022-01-10 15:59:45','2022-01-10 15:59:45',NULL),(1077,5627,517,57,40752,46702,1,5250.00,0,'2021-12-06','2022-01-12 16:04:34','2022-01-12 16:04:34',NULL),(1078,5627,517,60,40752,46702,2,5250.00,0,'2021-12-06','2022-01-12 16:04:34','2022-01-12 16:04:34',NULL),(1079,5627,518,57,40752,46702,1,25000.00,0,'2021-12-06','2022-01-12 16:06:21','2022-01-12 16:06:21',NULL),(1080,5627,518,60,40752,46702,2,25000.00,0,'2021-12-06','2022-01-12 16:06:21','2022-01-12 16:06:21',NULL),(1081,5627,519,57,40752,46702,1,25500.00,0,'2021-12-02','2022-01-12 16:09:23','2022-01-12 16:09:23',NULL),(1082,5627,519,60,40752,46702,2,25500.00,0,'2021-12-02','2022-01-12 16:09:23','2022-01-12 16:09:23',NULL),(1083,5627,520,57,40752,46702,1,5142.50,0,'2021-12-09','2022-01-12 16:11:49','2022-01-12 16:11:49',NULL),(1084,5627,520,60,40752,46702,2,5142.50,0,'2021-12-09','2022-01-12 16:11:49','2022-01-12 16:11:49',NULL),(1085,5627,521,57,40752,46702,1,3500.00,0,'2021-12-03','2022-01-12 16:13:30','2022-01-12 16:13:30',NULL),(1086,5627,521,60,40752,46702,2,3500.00,0,'2021-12-03','2022-01-12 16:13:30','2022-01-12 16:13:30',NULL),(1087,5627,522,57,40752,46702,1,18675.00,0,'2021-12-17','2022-01-12 16:15:17','2022-01-12 16:15:17',NULL),(1088,5627,522,60,40752,46702,2,18675.00,0,'2021-12-17','2022-01-12 16:15:17','2022-01-12 16:15:17',NULL),(1089,5627,523,57,40752,46702,1,80.00,0,'2021-12-20','2022-01-12 16:17:19','2022-01-12 16:17:19',NULL),(1090,5627,523,60,40752,46702,2,80.00,0,'2021-12-20','2022-01-12 16:17:19','2022-01-12 16:17:19',NULL),(1091,5627,524,57,40752,46702,1,96800.00,0,'2021-12-02','2022-01-12 16:18:50','2022-01-12 16:18:50',NULL),(1092,5627,524,60,40752,46702,2,96800.00,0,'2021-12-02','2022-01-12 16:18:50','2022-01-12 16:18:50',NULL),(1093,5627,525,57,40752,46702,1,48400.00,0,'2021-12-01','2022-01-12 16:20:10','2022-01-12 16:20:10',NULL),(1094,5627,525,60,40752,46702,2,48400.00,0,'2021-12-01','2022-01-12 16:20:10','2022-01-12 16:20:10',NULL),(1095,5627,526,57,40752,46702,1,4114.00,0,'2021-12-20','2022-01-12 16:22:40','2022-01-12 16:22:40',NULL),(1096,5627,526,60,40752,46702,2,4114.00,0,'2021-12-20','2022-01-12 16:22:40','2022-01-12 16:22:40',NULL),(1097,5627,527,57,40752,46702,1,48400.00,0,'2021-12-01','2022-01-12 16:24:00','2022-01-12 16:24:00',NULL),(1098,5627,527,60,40752,46702,2,48400.00,0,'2021-12-01','2022-01-12 16:24:00','2022-01-12 16:24:00',NULL),(1099,5627,528,57,40752,46702,1,130000.00,0,'2021-12-06','2022-01-12 16:25:18','2022-01-12 16:25:18',NULL);
INSERT INTO `cta_cte_tesoreria_detail` VALUES (1100,5627,528,60,40752,46702,2,130000.00,0,'2021-12-06','2022-01-12 16:25:18','2022-01-12 16:25:18',NULL),(1101,5627,529,57,40752,46702,1,207587.30,0,'2022-01-09','2022-01-12 16:26:59','2022-01-12 16:26:59',NULL),(1102,5627,529,60,40752,46702,2,207587.30,0,'2022-01-09','2022-01-12 16:26:59','2022-01-12 16:26:59',NULL),(1103,5627,530,57,40752,46702,1,27400.90,0,'2021-12-06','2022-01-12 16:28:36','2022-01-12 16:28:36',NULL),(1104,5627,530,60,40752,46702,2,27400.90,0,'2021-12-06','2022-01-12 16:28:36','2022-01-12 16:28:36',NULL),(1105,5627,531,57,40752,46702,1,96800.00,0,'2021-12-01','2022-01-12 16:31:34','2022-01-12 16:31:34',NULL),(1106,5627,531,60,40752,46702,2,96800.00,0,'2021-12-01','2022-01-12 16:31:34','2022-01-12 16:31:34',NULL),(1107,5627,532,57,40752,46702,1,84700.00,0,'2021-12-03','2022-01-12 16:33:01','2022-01-12 16:33:01',NULL),(1108,5627,532,60,40752,46702,2,84700.00,0,'2021-12-03','2022-01-12 16:33:01','2022-01-12 16:33:01',NULL),(1109,3800,533,13,40752,46706,2,3226823.80,0,'2022-01-13','2022-01-26 10:27:50','2022-01-26 10:27:50',NULL),(1110,3800,533,384,40752,46706,1,3226823.80,0,'2022-01-13','2022-01-26 10:27:50','2022-01-26 10:27:50',NULL),(1111,3800,534,57,40752,46706,1,12213.51,0,'2022-01-13','2022-01-26 10:44:26','2022-01-26 10:44:26',NULL),(1112,3800,534,60,40752,46706,2,12213.51,0,'2022-01-13','2022-01-26 10:44:26','2022-01-26 10:44:26',NULL),(1113,5627,535,57,40752,46706,1,10300.00,0,'2022-01-26','2022-02-05 16:06:49','2022-02-05 16:06:49',NULL),(1114,5627,535,60,40752,46706,2,10300.00,0,'2022-01-26','2022-02-05 16:06:49','2022-02-05 16:06:49',NULL),(1115,5627,536,57,40752,46706,1,53816.00,0,'2022-01-07','2022-02-05 16:09:28','2022-02-05 16:09:28',NULL),(1116,5627,536,60,40752,46706,2,53816.00,0,'2022-01-07','2022-02-05 16:09:28','2022-02-05 16:09:28',NULL),(1117,5627,537,57,40752,46706,1,409013.60,0,'2022-01-07','2022-02-05 16:11:04','2022-02-05 16:11:04',NULL),(1118,5627,537,60,40752,46706,2,409013.60,0,'2022-01-07','2022-02-05 16:11:04','2022-02-05 16:11:04',NULL),(1119,5627,538,57,40752,46706,1,1000000.00,0,'2022-01-28','2022-02-05 16:15:41','2022-02-05 16:15:41',NULL),(1120,5627,538,60,40752,46706,2,1000000.00,0,'2022-01-28','2022-02-05 16:15:41','2022-02-05 16:15:41',NULL),(1121,5627,539,57,40752,46706,1,1000000.00,0,'2022-01-18','2022-02-05 16:17:10','2022-02-05 16:17:10',NULL),(1122,5627,539,60,40752,46706,2,1000000.00,0,'2022-01-18','2022-02-05 16:17:10','2022-02-05 16:17:10',NULL),(1123,5627,540,57,40752,46706,1,1000000.00,0,'2022-01-17','2022-02-05 16:18:41','2022-02-05 16:18:41',NULL),(1124,5627,540,60,40752,46706,2,1000000.00,0,'2022-01-17','2022-02-05 16:18:41','2022-02-05 16:18:41',NULL),(1125,5627,541,57,40752,46706,1,2000000.00,0,'2022-01-14','2022-02-05 16:19:59','2022-02-05 16:19:59',NULL),(1126,5627,541,60,40752,46706,2,2000000.00,0,'2022-01-14','2022-02-05 16:19:59','2022-02-05 16:19:59',NULL),(1127,5627,542,57,40752,46706,1,7697.87,0,'2022-01-24','2022-02-05 16:21:59','2022-02-05 16:21:59',NULL),(1128,5627,542,60,40752,46706,2,7697.87,0,'2022-01-24','2022-02-05 16:21:59','2022-02-05 16:21:59',NULL),(1129,5627,543,57,40752,46706,1,169400.00,0,'2022-01-31','2022-02-05 16:25:07','2022-02-05 16:25:07',NULL),(1130,5627,543,60,40752,46706,2,169400.00,0,'2022-01-31','2022-02-05 16:25:07','2022-02-05 16:25:07',NULL),(1131,5627,544,57,40752,46706,1,181500.00,0,'2022-01-10','2022-02-05 16:26:29','2022-02-05 16:26:29',NULL),(1132,5627,544,60,40752,46706,2,181500.00,0,'2022-01-10','2022-02-05 16:26:29','2022-02-05 16:26:29',NULL),(1133,5627,545,57,40752,46706,1,500000.00,0,'2022-01-18','2022-02-05 16:27:50','2022-02-05 16:27:50',NULL),(1134,5627,545,60,40752,46706,2,500000.00,0,'2022-01-18','2022-02-05 16:27:50','2022-02-05 16:27:50',NULL),(1135,5627,546,57,40752,46706,1,49336.24,0,'2022-01-18','2022-02-05 16:29:07','2022-02-05 16:29:07',NULL),(1136,5627,546,60,40752,46706,2,49336.24,0,'2022-01-18','2022-02-05 16:29:07','2022-02-05 16:29:07',NULL);
INSERT INTO `cta_cte_tesoreria_detail` VALUES (1137,5627,547,57,40752,46706,1,927446.34,0,'2022-01-11','2022-02-05 16:30:59','2022-02-05 16:30:59',NULL),(1138,5627,547,60,40752,46706,2,927446.34,0,'2022-01-11','2022-02-05 16:30:59','2022-02-05 16:30:59',NULL),(1139,5627,548,57,40752,46706,1,31000.00,0,'2022-01-14','2022-02-05 16:33:14','2022-02-05 16:33:14',NULL),(1140,5627,548,60,40752,46706,2,31000.00,0,'2022-01-14','2022-02-05 16:33:14','2022-02-05 16:33:14',NULL),(1141,5627,549,57,40752,46706,1,130000.00,0,'2022-01-10','2022-02-05 16:34:22','2022-02-05 16:34:22',NULL),(1142,5627,549,60,40752,46706,2,130000.00,0,'2022-01-10','2022-02-05 16:34:22','2022-02-05 16:34:22',NULL),(1143,5627,550,57,40752,46706,1,179564.00,0,'2022-01-10','2022-02-05 16:35:35','2022-02-05 16:35:35',NULL),(1144,5627,550,60,40752,46706,2,179564.00,0,'2022-01-10','2022-02-05 16:35:35','2022-02-05 16:35:35',NULL),(1145,5627,551,57,40752,46706,1,210737.30,0,'2022-01-10','2022-02-05 16:36:49','2022-02-05 16:36:49',NULL),(1146,5627,551,60,40752,46706,2,210737.30,0,'2022-01-10','2022-02-05 16:36:49','2022-02-05 16:36:49',NULL),(1147,5627,552,57,40752,46706,1,100000.00,0,'2022-01-24','2022-02-05 16:38:06','2022-02-05 16:38:06',NULL),(1148,5627,552,60,40752,46706,2,100000.00,0,'2022-01-24','2022-02-05 16:38:06','2022-02-05 16:38:06',NULL),(1149,5627,553,57,40752,46706,1,150000.00,0,'2022-01-13','2022-02-05 16:39:14','2022-02-05 16:39:14',NULL),(1150,5627,553,60,40752,46706,2,150000.00,0,'2022-01-13','2022-02-05 16:39:14','2022-02-05 16:39:14',NULL),(1151,5627,554,57,40752,46706,1,150000.00,0,'2022-01-12','2022-02-05 16:40:28','2022-02-05 16:40:28',NULL),(1152,5627,554,60,40752,46706,2,150000.00,0,'2022-01-12','2022-02-05 16:40:28','2022-02-05 16:40:28',NULL),(1153,5627,555,57,40752,46706,1,66550.00,0,'2022-01-10','2022-02-05 16:43:21','2022-02-05 16:43:21',NULL),(1154,5627,555,60,40752,46706,2,66550.00,0,'2022-01-10','2022-02-05 16:43:21','2022-02-05 16:43:21',NULL),(1155,5627,556,57,40752,46706,1,757543.89,0,'2022-01-25','2022-02-05 16:44:49','2022-02-05 16:44:49',NULL),(1156,5627,556,60,40752,46706,2,757543.89,0,'2022-01-25','2022-02-05 16:44:49','2022-02-05 16:44:49',NULL),(1157,5627,557,57,40752,46706,1,2000000.00,0,'2022-01-21','2022-02-05 16:46:11','2022-02-05 16:46:11',NULL),(1158,5627,557,60,40752,46706,2,2000000.00,0,'2022-01-21','2022-02-05 16:46:11','2022-02-05 16:46:11',NULL),(1159,5627,558,57,40752,46707,1,104617.70,0,'2022-02-18','2022-04-19 15:23:02','2022-04-19 15:23:02',NULL),(1160,5627,558,60,40752,46707,2,104617.70,0,'2022-02-18','2022-04-19 15:23:02','2022-04-19 15:23:02',NULL),(1161,5627,559,57,40752,46707,1,204656.40,0,'2022-02-04','2022-04-19 15:25:22','2022-04-19 15:25:22',NULL),(1162,5627,559,60,40752,46707,2,204656.40,0,'2022-02-04','2022-04-19 15:25:22','2022-04-19 15:25:22',NULL),(1163,5627,560,57,40752,46707,1,70400.00,0,'2022-02-21','2022-04-19 15:26:59','2022-04-19 15:26:59',NULL),(1164,5627,560,60,40752,46707,2,70400.00,0,'2022-02-21','2022-04-19 15:26:59','2022-04-19 15:26:59',NULL),(1165,5627,561,57,40752,46707,1,97000.00,0,'2022-02-01','2022-04-19 15:28:37','2022-04-19 15:28:37',NULL),(1166,5627,561,60,40752,46707,2,97000.00,0,'2022-02-01','2022-04-19 15:28:37','2022-04-19 15:28:37',NULL),(1167,5627,562,57,40752,46707,1,102909.15,0,'2022-02-11','2022-04-19 15:30:03','2022-04-19 15:30:03',NULL),(1168,5627,562,60,40752,46707,2,102909.15,0,'2022-02-11','2022-04-19 15:30:03','2022-04-19 15:30:03',NULL),(1169,5627,563,57,40752,46707,1,39999.00,0,'2022-02-17','2022-04-19 15:31:22','2022-04-19 15:31:22',NULL),(1170,5627,563,60,40752,46707,2,39999.00,0,'2022-02-17','2022-04-19 15:31:22','2022-04-19 15:31:22',NULL),(1171,5627,564,57,40752,46707,1,25000.00,0,'2022-02-15','2022-04-19 15:32:39','2022-04-19 15:32:39',NULL),(1172,5627,564,60,40752,46707,2,25000.00,0,'2022-02-15','2022-04-19 15:32:39','2022-04-19 15:32:39',NULL),(1173,5627,565,57,40752,46707,1,1000000.00,0,'2022-02-17','2022-04-19 15:34:52','2022-04-19 15:34:52',NULL);
INSERT INTO `cta_cte_tesoreria_detail` VALUES (1174,5627,565,60,40752,46707,2,1000000.00,0,'2022-02-17','2022-04-19 15:34:52','2022-04-19 15:34:52',NULL),(1175,5627,566,57,40752,46707,1,1000000.00,0,'2022-02-04','2022-04-19 15:36:15','2022-04-19 15:36:15',NULL),(1176,5627,566,60,40752,46707,2,1000000.00,0,'2022-02-04','2022-04-19 15:36:15','2022-04-19 15:36:15',NULL),(1177,5627,567,57,40752,46707,1,451841.21,0,'2022-02-14','2022-04-19 15:37:38','2022-04-19 15:37:38',NULL),(1178,5627,567,60,40752,46707,2,451841.21,0,'2022-02-14','2022-04-19 15:37:38','2022-04-19 15:37:38',NULL),(1179,5627,568,57,40752,46707,1,400000.00,0,'2022-02-10','2022-04-19 15:38:56','2022-04-19 15:38:56',NULL),(1180,5627,568,60,40752,46707,2,400000.00,0,'2022-02-10','2022-04-19 15:38:56','2022-04-19 15:38:56',NULL),(1181,5627,569,57,40752,46707,1,231636.23,0,'2022-02-08','2022-04-19 15:43:34','2022-04-19 15:43:34',NULL),(1182,5627,569,60,40752,46707,2,231636.23,0,'2022-02-08','2022-04-19 15:43:34','2022-04-19 15:43:34',NULL),(1183,5627,570,57,40752,46707,1,75141.00,0,'2022-02-14','2022-04-19 15:45:09','2022-04-19 15:45:09',NULL),(1184,5627,570,60,40752,46707,2,75141.00,0,'2022-02-14','2022-04-19 15:45:09','2022-04-19 15:45:09',NULL),(1185,5627,571,57,40752,46707,1,5324.00,0,'2022-02-24','2022-04-19 15:46:43','2022-04-19 15:46:43',NULL),(1186,5627,571,60,40752,46707,2,5324.00,0,'2022-02-24','2022-04-19 15:46:43','2022-04-19 15:46:43',NULL),(1187,5627,572,57,40752,46707,1,13915.00,0,'2022-02-04','2022-04-19 15:48:46','2022-04-19 15:48:46',NULL),(1188,5627,572,60,40752,46707,2,13915.00,0,'2022-02-04','2022-04-19 15:48:46','2022-04-19 15:48:46',NULL),(1189,5627,573,57,40752,46707,1,130000.00,0,'2022-02-04','2022-04-19 15:50:03','2022-04-19 15:50:03',NULL),(1190,5627,573,60,40752,46707,2,130000.00,0,'2022-02-04','2022-04-19 15:50:03','2022-04-19 15:50:03',NULL),(1191,5627,574,57,40752,46707,1,214787.30,0,'2022-02-15','2022-04-19 16:07:46','2022-04-19 16:07:46',NULL),(1192,5627,574,60,40752,46707,2,214787.30,0,'2022-02-15','2022-04-19 16:07:46','2022-04-19 16:07:46',NULL),(1193,5627,575,57,40752,46707,1,100000.00,0,'2022-02-11','2022-04-19 16:11:25','2022-04-19 16:11:25',NULL),(1194,5627,575,60,40752,46707,2,100000.00,0,'2022-02-11','2022-04-19 16:11:25','2022-04-19 16:11:25',NULL),(1195,5627,576,57,40752,46707,1,64658.00,0,'2022-02-01','2022-04-19 16:12:50','2022-04-19 16:12:50',NULL),(1196,5627,576,60,40752,46707,2,64658.00,0,'2022-02-01','2022-04-19 16:12:50','2022-04-19 16:12:50',NULL),(1197,5627,577,57,40752,46707,1,40286.20,0,'2022-02-21','2022-04-19 16:14:29','2022-04-19 16:14:29',NULL),(1198,5627,577,60,40752,46707,2,40286.20,0,'2022-02-21','2022-04-19 16:14:29','2022-04-19 16:14:29',NULL),(1199,5627,578,57,40752,46707,1,1500.00,0,'2022-02-04','2022-04-19 16:16:25','2022-04-19 16:16:25',NULL),(1200,5627,578,60,40752,46707,2,1500.00,0,'2022-02-04','2022-04-19 16:16:25','2022-04-19 16:16:25',NULL),(1201,5627,579,57,40752,46707,1,12000.00,0,'2022-02-02','2022-04-19 16:17:32','2022-04-19 16:17:32',NULL),(1202,5627,579,60,40752,46707,2,12000.00,0,'2022-02-02','2022-04-19 16:17:32','2022-04-19 16:17:32',NULL),(1203,5627,580,57,40752,46707,1,12000.00,0,'2022-02-02','2022-04-19 16:20:56','2022-04-19 16:20:56',NULL),(1204,5627,580,60,40752,46707,2,12000.00,0,'2022-02-02','2022-04-19 16:20:56','2022-04-19 16:20:56',NULL),(1205,5627,581,57,40752,46707,1,76605.05,0,'2022-02-01','2022-04-19 16:22:26','2022-04-19 16:22:26',NULL),(1206,5627,581,60,40752,46707,2,76605.05,0,'2022-02-01','2022-04-19 16:22:26','2022-04-19 16:22:26',NULL),(1207,5627,582,57,40752,46707,1,25410.00,0,'2022-02-01','2022-04-19 16:23:39','2022-04-19 16:23:39',NULL),(1208,5627,582,60,40752,46707,2,25410.00,0,'2022-02-01','2022-04-19 16:23:39','2022-04-19 16:23:39',NULL),(1209,5627,583,57,40752,46707,1,302856.33,0,'2022-02-15','2022-04-19 16:26:05','2022-04-19 16:26:05',NULL),(1210,5627,583,60,40752,46707,2,302856.33,0,'2022-02-15','2022-04-19 16:26:05','2022-04-19 16:26:05',NULL);
INSERT INTO `cta_cte_tesoreria_detail` VALUES (1211,5627,584,57,40752,46707,1,700000.00,0,'2022-02-10','2022-04-19 16:28:27','2022-04-19 16:28:27',NULL),(1212,5627,584,60,40752,46707,2,700000.00,0,'2022-02-10','2022-04-19 16:28:27','2022-04-19 16:28:27',NULL),(1213,5627,585,57,40752,46707,1,1000000.00,0,'2022-02-02','2022-04-19 16:30:22','2022-04-19 16:30:22',NULL),(1214,5627,585,60,40752,46707,2,1000000.00,0,'2022-02-02','2022-04-19 16:30:22','2022-04-19 16:30:22',NULL),(1215,5627,586,57,40752,46708,1,115494.50,0,'2022-03-17','2022-04-19 16:32:37','2022-04-19 16:32:37',NULL),(1216,5627,586,60,40752,46708,2,115494.50,0,'2022-03-17','2022-04-19 16:32:37','2022-04-19 16:32:37',NULL),(1217,5627,587,57,40752,46708,1,833067.25,0,'2022-03-17','2022-04-19 16:36:01','2022-04-19 16:36:01',NULL),(1218,5627,587,60,40752,46708,2,833067.25,0,'2022-03-17','2022-04-19 16:36:01','2022-04-19 16:36:01',NULL),(1219,5627,588,57,40752,46708,1,500000.00,0,'2022-03-29','2022-04-19 16:37:28','2022-04-19 16:37:28',NULL),(1220,5627,588,60,40752,46708,2,500000.00,0,'2022-03-29','2022-04-19 16:37:28','2022-04-19 16:37:28',NULL),(1221,5627,589,57,40752,46708,1,15645.50,0,'2022-03-29','2022-04-19 16:38:57','2022-04-19 16:38:57',NULL),(1222,5627,589,60,40752,46708,2,15645.50,0,'2022-03-29','2022-04-19 16:38:57','2022-04-19 16:38:57',NULL),(1223,5627,590,57,40752,46708,1,1430961.50,0,'2022-03-25','2022-04-19 16:40:44','2022-04-19 16:40:44',NULL),(1224,5627,590,60,40752,46708,2,1430961.50,0,'2022-03-25','2022-04-19 16:40:44','2022-04-19 16:40:44',NULL),(1225,5627,591,57,40752,46708,1,95450.00,0,'2022-03-22','2022-04-19 16:42:00','2022-04-19 16:42:00',NULL),(1226,5627,591,60,40752,46708,2,95450.00,0,'2022-03-22','2022-04-19 16:42:00','2022-04-19 16:42:00',NULL),(1227,5627,592,57,40752,46708,1,80000.00,0,'2022-03-18','2022-04-19 16:43:12','2022-04-19 16:43:12',NULL),(1228,5627,592,60,40752,46708,2,80000.00,0,'2022-03-18','2022-04-19 16:43:12','2022-04-19 16:43:12',NULL),(1229,5627,593,57,40752,46708,1,20000.00,0,'2022-03-28','2022-04-19 16:44:45','2022-04-19 16:44:45',NULL),(1230,5627,593,60,40752,46708,2,20000.00,0,'2022-03-28','2022-04-19 16:44:45','2022-04-19 16:44:45',NULL),(1231,5627,594,57,40752,46708,1,186929.85,0,'2022-03-15','2022-04-19 16:46:04','2022-04-19 16:46:04',NULL),(1232,5627,594,60,40752,46708,2,186929.85,0,'2022-03-15','2022-04-19 16:46:04','2022-04-19 16:46:04',NULL),(1233,5627,595,57,40752,46708,1,979906.73,0,'2022-03-14','2022-04-19 16:47:16','2022-04-19 16:47:16',NULL),(1234,5627,595,60,40752,46708,2,979906.73,0,'2022-03-14','2022-04-19 16:47:16','2022-04-19 16:47:16',NULL),(1235,5627,596,57,40752,46708,1,1600000.00,0,'2022-03-14','2022-04-19 16:48:34','2022-04-19 16:48:34',NULL),(1236,5627,596,60,40752,46708,2,1600000.00,0,'2022-03-14','2022-04-19 16:48:34','2022-04-19 16:48:34',NULL),(1237,5627,597,57,40752,46708,1,39000.00,0,'2022-03-22','2022-04-19 16:49:49','2022-04-19 16:49:49',NULL),(1238,5627,597,60,40752,46708,2,39000.00,0,'2022-03-22','2022-04-19 16:49:49','2022-04-19 16:49:49',NULL),(1239,5627,598,57,40752,46708,1,146253.00,0,'2022-03-22','2022-04-19 16:51:02','2022-04-19 16:51:02',NULL),(1240,5627,598,60,40752,46708,2,146253.00,0,'2022-03-22','2022-04-19 16:51:02','2022-04-19 16:51:02',NULL),(1241,5627,599,57,40752,46708,1,80000.00,0,'2022-03-18','2022-04-19 16:54:00','2022-04-19 16:54:00',NULL),(1242,5627,599,60,40752,46708,2,80000.00,0,'2022-03-18','2022-04-19 16:54:00','2022-04-19 16:54:00',NULL),(1243,5627,600,57,40752,46708,1,80000.00,0,'2022-03-18','2022-04-19 16:55:19','2022-04-19 16:55:19',NULL),(1244,5627,600,60,40752,46708,2,80000.00,0,'2022-03-18','2022-04-19 16:55:19','2022-04-19 16:55:19',NULL),(1245,5627,601,57,40752,46708,1,156090.00,0,'2022-03-17','2022-04-19 16:56:33','2022-04-19 16:56:33',NULL),(1246,5627,601,60,40752,46708,2,156090.00,0,'2022-03-17','2022-04-19 16:56:33','2022-04-19 16:56:33',NULL),(1247,5627,602,57,40752,46708,1,19950.00,0,'2022-03-30','2022-04-19 16:57:48','2022-04-19 16:57:48',NULL);
INSERT INTO `cta_cte_tesoreria_detail` VALUES (1248,5627,602,60,40752,46708,2,19950.00,0,'2022-03-30','2022-04-19 16:57:48','2022-04-19 16:57:48',NULL),(1249,5627,603,57,40752,46708,1,220637.30,0,'2022-03-21','2022-04-19 16:59:01','2022-04-19 16:59:01',NULL),(1250,5627,603,60,40752,46708,2,220637.30,0,'2022-03-21','2022-04-19 16:59:01','2022-04-19 16:59:01',NULL);

--
-- Table structure for table `ctacte_bancos`
--

CREATE TABLE `ctacte_bancos` (
  `id` int(10) unsigned NOT NULL AUTO_INCREMENT,
  `user_id` int(10) unsigned DEFAULT NULL,
  `nombre` varchar(255) COLLATE utf8mb4_unicode_ci DEFAULT NULL,
  `codigoBCRA` int(11) DEFAULT NULL,
  `cuit` varchar(191) COLLATE utf8mb4_unicode_ci DEFAULT NULL,
  `created_at` timestamp NULL DEFAULT NULL,
  `updated_at` timestamp NULL DEFAULT NULL,
  `deleted_at` timestamp NULL DEFAULT NULL,
  PRIMARY KEY (`id`)
) ENGINE=InnoDB AUTO_INCREMENT=82 DEFAULT CHARSET=utf8mb4 COLLATE=utf8mb4_unicode_ci;

--
-- Dumping data for table `ctacte_bancos`
--

INSERT INTO `ctacte_bancos` VALUES (1,NULL,'BANCO DE GALICIA Y BUENOS AIRES S.A.',7,'30-50000173-5',NULL,NULL,NULL),(2,NULL,'BANCO DE LA NACION ARGENTINA',11,'30-50001091-2',NULL,NULL,NULL),(3,NULL,'BANCO DE LA PROVINCIA DE BUENOS AIRES',14,'33-99924210-9',NULL,NULL,NULL),(4,NULL,'INDUSTRIAL AND COMMERCIAL BANK OF CHINA',15,'30-70944784-6',NULL,NULL,NULL),(5,NULL,'CITIBANK N.A.',16,'30-50000562-5',NULL,NULL,NULL),(6,NULL,'BBVA BANCO FRANCES S.A.',17,'30-50000319-3',NULL,NULL,NULL),(7,NULL,'THE BANK OF TOKYO-MITSUBISHI UFJ, LTD.',18,'30-50001183-8',NULL,NULL,NULL),(8,NULL,'BANCO DE LA PROVINCIA DE CORDOBA S.A.',20,'30-99922856-5',NULL,NULL,NULL),(9,NULL,'BANCO SUPERVIELLE S.A.',27,'33-50000517-9',NULL,NULL,NULL),(10,NULL,'BANCO DE LA CIUDAD DE BUENOS AIRES',29,'30-99903208-3',NULL,NULL,NULL),(11,NULL,'BANCO PATAGONIA S.A.',34,'30-50000661-3',NULL,NULL,NULL),(12,NULL,'BANCO HIPOTECARIO S.A.',44,'30-50001107-2',NULL,NULL,NULL),(13,NULL,'BANCO DE SAN JUAN S.A.',45,'30-50000944-2',NULL,NULL,NULL),(14,NULL,'BANCO DEL TUCUMAN S.A.',60,'30-51794820-5',NULL,NULL,NULL),(15,NULL,'BANCO MUNICIPAL DE ROSARIO',65,'33-99918181-9',NULL,NULL,NULL),(16,NULL,'BANCO SANTANDER RIO S.A.',72,'30-50000845-4',NULL,NULL,NULL),(17,NULL,'BANCO DEL CHUBUT S.A.',83,'30-50001299-0',NULL,NULL,NULL),(18,NULL,'BANCO DE SANTA CRUZ S.A.',86,'30-50009880-1',NULL,NULL,NULL),(19,NULL,'BANCO DE LA PAMPA SOCIEDAD DE ECONOMÍA M',93,'30-50001251-6',NULL,NULL,NULL),(20,NULL,'BANCO DE CORRIENTES S.A.',94,'30-50001060-2',NULL,NULL,NULL),(21,NULL,'BANCO PROVINCIA DEL NEUQUÉN SOCIEDAD ANÓ',97,'30-50001404-7',NULL,NULL,NULL),(22,NULL,'BANCO INTERFINANZAS S.A.',147,'30-52271441-7',NULL,NULL,NULL),(23,NULL,'HSBC BANK ARGENTINA S.A.',150,'33-53718600-9',NULL,NULL,NULL),(24,NULL,'JPMORGAN CHASE BANK, NATIONAL ASSOCIATIO',165,'30-58313794-3',NULL,NULL,NULL),(25,NULL,'BANCO CREDICOOP COOPERATIVO LIMITADO',191,'30-57142135-2',NULL,NULL,NULL),(26,NULL,'BANCO DE VALORES S.A.',198,'30-57612427-5',NULL,NULL,NULL),(27,NULL,'BANCO ROELA S.A.',247,'30-53561044-0',NULL,NULL,NULL),(28,NULL,'BANCO MARIVA S.A.',254,'30-51642044-4',NULL,NULL,NULL),(29,NULL,'BANCO ITAU ARGENTINA S.A.',259,'30-58018941-1',NULL,NULL,NULL),(30,NULL,'BANK OF AMERICA, NATIONAL ASSOCIATION',262,'30-50005055-8',NULL,NULL,NULL),(31,NULL,'BNP PARIBAS',266,'30-58472756-6',NULL,NULL,NULL),(32,NULL,'BANCO PROVINCIA DE TIERRA DEL FUEGO',268,'30-57565578-1',NULL,NULL,NULL),(33,NULL,'BANCO DE LA REPUBLICA ORIENTAL DEL URUGU',269,'30-58833784-3',NULL,NULL,NULL),(34,NULL,'BANCO SAENZ S.A.',277,'30-53467243-4',NULL,NULL,NULL),(35,NULL,'BANCO MERIDIAN S.A.',281,'30-53448749-1',NULL,NULL,NULL),(36,NULL,'BANCO MACRO S.A.',285,'30-50001008-4',NULL,NULL,NULL),(37,NULL,'BANCO COMAFI SOCIEDAD ANONIMA',299,'30-60473101-8',NULL,NULL,NULL),(38,NULL,'BANCO DE INVERSION Y COMERCIO EXTERIOR S',300,'30-65112908-3',NULL,NULL,NULL),(39,NULL,'BANCO PIANO S.A.',301,'30-56915176-3',NULL,NULL,NULL),(40,NULL,'BANCO JULIO SOCIEDAD ANONIMA',305,'30-65744121-6',NULL,NULL,NULL),(41,NULL,'BANCO RIOJA SOCIEDAD ANONIMA UNIPERSONAL',309,'30-67185933-9',NULL,NULL,NULL),(42,NULL,'BANCO DEL SOL S.A.',310,'30-67793756-0',NULL,NULL,NULL),(43,NULL,'NUEVO BANCO DEL CHACO S. A.',311,'30-67015779-9',NULL,NULL,NULL),(44,NULL,'BANCO VOII S.A.',312,'30-54674163-6',NULL,NULL,NULL),(45,NULL,'BANCO DE FORMOSA S.A.',315,'30-67137590-0',NULL,NULL,NULL),(46,NULL,'BANCO CMF S.A.',319,'30-57661429-9',NULL,NULL,NULL),(47,NULL,'BANCO DE SANTIAGO DEL ESTERO S.A.',321,'33-68666464-9',NULL,NULL,NULL),(48,NULL,'BANCO INDUSTRIAL S.A.',322,'30-68502995-9',NULL,NULL,NULL),(49,NULL,'NUEVO BANCO DE SANTA FE SOCIEDAD ANONIMA',330,'30-69243266-1',NULL,NULL,NULL),(50,NULL,'BANCO CETELEM ARGENTINA S.A.',331,'30-69730636-2',NULL,NULL,NULL),(51,NULL,'BANCO DE SERVICIOS FINANCIEROS S.A.',332,'30-69726589-5',NULL,NULL,NULL),(52,NULL,'BANCO BRADESCO ARGENTINA S.A.U.',336,'30-70125555-7',NULL,NULL,NULL),(53,NULL,'BANCO DE SERVICIOS Y TRANSACCIONES S.A.',338,'30-70496099-5',NULL,NULL,NULL);
INSERT INTO `ctacte_bancos` VALUES (54,NULL,'RCI BANQUE S.A.',339,'30-70710834-3',NULL,NULL,NULL),(55,NULL,'BACS BANCO DE CREDITO Y SECURITIZACION S',340,'30-70722741-5',NULL,NULL,NULL),(56,NULL,'BANCO MASVENTAS S.A.',341,'30-54061826-3',NULL,NULL,NULL),(57,NULL,'BANCO WANAP S.A.',384,'30-71565463-2',NULL,NULL,NULL),(58,NULL,'NUEVO BANCO DE ENTRE RÍOS S.A.',386,'33-70799551-9',NULL,NULL,NULL),(59,NULL,'BANCO COLUMBIA S.A.',389,'30-51763749-8',NULL,NULL,NULL),(60,NULL,'BANCO BICA S.A.',426,'30-71233123-9',NULL,NULL,NULL),(61,NULL,'BANCO COINAG S.A.',431,'30-71419596-0',NULL,NULL,NULL),(62,NULL,'BANCO DE COMERCIO S.A.',432,'30-54203363-7',NULL,NULL,NULL),(63,NULL,'FORD CREDIT COMPAÑIA FINANCIERA S.A.',44059,'30-51654454-2',NULL,NULL,NULL),(64,NULL,'COMPAÑIA FINANCIERA ARGENTINA S.A.',44077,'30-53800640-4',NULL,NULL,NULL),(65,NULL,'VOLKWAGEN FINANCIAL SERVICES CIA.FIN.S.A',44088,'30-68241957-8',NULL,NULL,NULL),(66,NULL,'CORDIAL COMPAÑÍA FINANCIERA S.A.',44090,'30-70181085-2',NULL,NULL,NULL),(67,NULL,'FCA COMPAÑIA FINANCIERA S.A.',44092,'30-69230488-4',NULL,NULL,NULL),(68,NULL,'GPAT COMPAÑIA FINANCIERA S.A.',44093,'30-67856482-2',NULL,NULL,NULL),(69,NULL,'MERCEDES-BENZ COMPAÑÍA FINANCIERA ARGENT',44094,'30-70700229-4',NULL,NULL,NULL),(70,NULL,'ROMBO COMPAÑÍA FINANCIERA S.A.',44095,'33-70712490-9',NULL,NULL,NULL),(71,NULL,'JOHN DEERE CREDIT COMPAÑÍA FINANCIERA S.',44096,'30-70702485-9',NULL,NULL,NULL),(72,NULL,'PSA FINANCE ARGENTINA COMPAÑÍA FINANCIER',44098,'30-70784736-7',NULL,NULL,NULL),(73,NULL,'TOYOTA COMPAÑÍA FINANCIERA DE ARGENTINA',44099,'30-70900042-6',NULL,NULL,NULL),(74,NULL,'FINANDINO COMPAÑIA FINANCIERA S.A.',44100,'30-71259240-7',NULL,NULL,NULL),(75,NULL,'MONTEMAR COMPAÑIA FINANCIERA S.A.',45056,'30-58138551-6',NULL,NULL,NULL),(76,NULL,'MULTIFINANZAS COMPAÑIA FINANCIERA S.A.',45072,'30-62828435-7',NULL,NULL,NULL),(77,NULL,'CAJA DE CREDITO \"CUENCA\" COOPERATIVA LIM',65203,'30-71622694-4',NULL,NULL,NULL),(78,NULL,'MERCADO PAGO',NULL,NULL,NULL,NULL,NULL),(79,NULL,'UALA',NULL,NULL,NULL,NULL,NULL),(80,NULL,'ICBC',NULL,NULL,NULL,NULL,NULL),(81,NULL,'BMA SAU',NULL,NULL,NULL,NULL,NULL);

--
-- Table structure for table `ctacte_bancos_datos`
--

CREATE TABLE `ctacte_bancos_datos` (
  `id` int(10) unsigned NOT NULL AUTO_INCREMENT,
  `cuenta_conta_id` int(10) unsigned DEFAULT NULL,
  `nombre` varchar(255) COLLATE utf8mb4_unicode_ci DEFAULT NULL,
  `cuit` varchar(255) COLLATE utf8mb4_unicode_ci DEFAULT NULL,
  `titular` varchar(255) COLLATE utf8mb4_unicode_ci DEFAULT NULL,
  `cuenta` varchar(255) COLLATE utf8mb4_unicode_ci DEFAULT NULL,
  `num_cuenta` varchar(255) COLLATE utf8mb4_unicode_ci DEFAULT NULL,
  `cbu` varchar(255) COLLATE utf8mb4_unicode_ci DEFAULT NULL,
  `alias` varchar(255) COLLATE utf8mb4_unicode_ci DEFAULT NULL,
  `status` int(11) NOT NULL DEFAULT '1',
  `created_at` timestamp NULL DEFAULT NULL,
  `updated_at` timestamp NULL DEFAULT NULL,
  PRIMARY KEY (`id`),
  KEY `ctacte_bancos_datos_cuenta_conta_id_foreign` (`cuenta_conta_id`),
  CONSTRAINT `ctacte_bancos_datos_cuenta_conta_id_foreign` FOREIGN KEY (`cuenta_conta_id`) REFERENCES `conta_plan_cuenta` (`id`)
) ENGINE=InnoDB DEFAULT CHARSET=utf8mb4 COLLATE=utf8mb4_unicode_ci;

--
-- Dumping data for table `ctacte_bancos_datos`
--


--
-- Table structure for table `ctacte_cheques`
--

CREATE TABLE `ctacte_cheques` (
  `id` int(10) unsigned NOT NULL AUTO_INCREMENT,
  `user_id` int(10) unsigned DEFAULT NULL,
  `asiento_id` varchar(191) COLLATE utf8mb4_unicode_ci DEFAULT NULL,
  `cuenta_conta_id` int(10) unsigned DEFAULT NULL,
  `cta_cte_tesoreria_cuenta_id` int(10) unsigned DEFAULT NULL,
  `cta_cte_tesoreria_id` int(10) unsigned DEFAULT NULL,
  `cta_cte_tesoreria_detail_id` int(10) unsigned DEFAULT NULL,
  `cta_cte_cliente_id` int(10) unsigned DEFAULT NULL,
  `cta_cte_cliente_id2` int(10) unsigned DEFAULT NULL,
  `cta_cte_cliente_detail_id` int(10) unsigned DEFAULT NULL,
  `nf_cta_cte_id2` int(10) unsigned DEFAULT NULL,
  `nf_cta_cte_id` int(10) unsigned DEFAULT NULL,
  `monto` decimal(16,2) DEFAULT NULL,
  `cheque3ros` tinyint(1) NOT NULL DEFAULT '0',
  `cheque_emitidos` tinyint(1) NOT NULL DEFAULT '0',
  `fecha` date DEFAULT NULL,
  `fecha_cobro` date DEFAULT NULL,
  `banco_id` int(10) unsigned NOT NULL,
  `person_id` int(10) unsigned DEFAULT NULL,
  `cuit` text COLLATE utf8mb4_unicode_ci,
  `titular` varchar(255) COLLATE utf8mb4_unicode_ci DEFAULT NULL,
  `abierto_cruzado` int(11) NOT NULL DEFAULT '1',
  `is_no_a_la_orden` tinyint(1) NOT NULL DEFAULT '0',
  `numero` int(10) unsigned DEFAULT NULL,
  `foto` varchar(255) COLLATE utf8mb4_unicode_ci DEFAULT NULL,
  `comentario` varchar(255) COLLATE utf8mb4_unicode_ci DEFAULT NULL,
  `status` int(11) NOT NULL DEFAULT '1',
  `created_at` timestamp NULL DEFAULT NULL,
  `updated_at` timestamp NULL DEFAULT NULL,
  `deleted_at` timestamp NULL DEFAULT NULL,
  PRIMARY KEY (`id`),
  KEY `ctacte_cheques_asiento_id_foreign` (`asiento_id`),
  KEY `ctacte_cheques_cuenta_conta_id_foreign` (`cuenta_conta_id`),
  KEY `ctacte_cheques_banco_id_foreign` (`banco_id`),
  KEY `ctacte_cheques_person_id_foreign` (`person_id`),
  KEY `ctacte_cheques_cta_cte_cliente_id2_foreign` (`cta_cte_cliente_id2`),
  KEY `ctacte_cheques_cta_cte_cliente_id_foreign` (`cta_cte_cliente_id`),
  KEY `cta_cte_tesorer_id` (`cta_cte_tesoreria_id`),
  KEY `ctacte_cheques_nf_cta_cte_id_foreign` (`nf_cta_cte_id`),
  KEY `ctacte_cheques_nf_cta_cte_id2_foreign` (`nf_cta_cte_id2`),
  KEY `ctacte_cheques_cta_cte_tesoreria_cuenta_id_foreign` (`cta_cte_tesoreria_cuenta_id`),
  KEY `ctacte_cheques_cta_cte_cliente_detail_id_foreign` (`cta_cte_cliente_detail_id`),
  KEY `ctacte_cheques_cta_cte_tesoreria_detail_id_foreign` (`cta_cte_tesoreria_detail_id`),
  CONSTRAINT `cta_cte_tesorer_id` FOREIGN KEY (`cta_cte_tesoreria_id`) REFERENCES `cta_cte_tesoreria` (`id`),
  CONSTRAINT `ctacte_cheques_banco_id_foreign` FOREIGN KEY (`banco_id`) REFERENCES `ctacte_bancos` (`id`),
  CONSTRAINT `ctacte_cheques_cta_cte_cliente_detail_id_foreign` FOREIGN KEY (`cta_cte_cliente_detail_id`) REFERENCES `cta_cte_cliente_details` (`id`),
  CONSTRAINT `ctacte_cheques_cta_cte_cliente_id2_foreign` FOREIGN KEY (`cta_cte_cliente_id2`) REFERENCES `cta_cte_cliente` (`id`),
  CONSTRAINT `ctacte_cheques_cta_cte_cliente_id_foreign` FOREIGN KEY (`cta_cte_cliente_id`) REFERENCES `cta_cte_cliente` (`id`),
  CONSTRAINT `ctacte_cheques_cta_cte_tesoreria_cuenta_id_foreign` FOREIGN KEY (`cta_cte_tesoreria_cuenta_id`) REFERENCES `cta_cte_tesoreria_cuentas` (`id`),
  CONSTRAINT `ctacte_cheques_cta_cte_tesoreria_detail_id_foreign` FOREIGN KEY (`cta_cte_tesoreria_detail_id`) REFERENCES `cta_cte_tesoreria_detail` (`id`),
  CONSTRAINT `ctacte_cheques_cuenta_conta_id_foreign` FOREIGN KEY (`cuenta_conta_id`) REFERENCES `conta_plan_cuenta` (`id`),
  CONSTRAINT `ctacte_cheques_nf_cta_cte_id2_foreign` FOREIGN KEY (`nf_cta_cte_id2`) REFERENCES `nf_cta_cte` (`id`),
  CONSTRAINT `ctacte_cheques_nf_cta_cte_id_foreign` FOREIGN KEY (`nf_cta_cte_id`) REFERENCES `nf_cta_cte` (`id`),
  CONSTRAINT `ctacte_cheques_person_id_foreign` FOREIGN KEY (`person_id`) REFERENCES `persons` (`id`)
) ENGINE=InnoDB AUTO_INCREMENT=480 DEFAULT CHARSET=utf8mb4 COLLATE=utf8mb4_unicode_ci;

--
-- Dumping data for table `ctacte_cheques`
--

INSERT INTO `ctacte_cheques` VALUES (1,3794,NULL,NULL,NULL,NULL,NULL,2041,NULL,NULL,NULL,NULL,182479.41,0,1,'2021-06-29','2021-06-29',8,40752,NULL,'Agrifeed',2,0,2906,NULL,'',1,'2021-06-29 11:47:45','2021-09-02 11:22:04','2021-09-02 11:22:04'),(2,3800,NULL,NULL,NULL,NULL,NULL,2891,NULL,NULL,NULL,NULL,778728.00,1,0,'2021-03-31','2021-03-31',9,40752,NULL,'Agrifeed',1,0,31032021,NULL,'Factura 1',1,'2021-09-02 13:02:28','2021-09-02 13:02:28',NULL),(3,3800,NULL,NULL,NULL,NULL,NULL,2892,NULL,NULL,NULL,NULL,197687.30,0,1,'2021-07-05','2021-07-05',9,40752,NULL,'agrifeed',1,0,5072021,NULL,'paga fc 44',1,'2021-09-02 13:25:51','2021-09-02 13:25:51',NULL),(4,3794,NULL,NULL,NULL,NULL,NULL,2893,NULL,NULL,NULL,NULL,777024.00,1,0,'2021-03-26','2021-03-26',9,40752,NULL,'Agrifeed',1,0,26032021,NULL,'Factura 3',1,'2021-09-03 09:59:31','2021-09-03 09:59:31',NULL),(5,3794,NULL,NULL,NULL,NULL,NULL,2894,NULL,NULL,NULL,NULL,1386112.00,1,0,'2021-07-01','2021-07-01',9,40752,NULL,'Agrifeed',1,0,1072021,NULL,'Fc 61',1,'2021-09-03 10:02:44','2021-09-03 10:02:44',NULL),(6,3794,NULL,NULL,NULL,NULL,NULL,2895,NULL,NULL,NULL,NULL,2516192.00,1,0,'2021-07-14','2021-07-14',9,40752,NULL,'Agrifeed',1,0,14072021,NULL,'Fc 64 y 66 Letha',1,'2021-09-03 10:04:48','2021-09-03 10:04:48',NULL),(7,3794,NULL,NULL,NULL,NULL,NULL,2896,NULL,NULL,NULL,NULL,822510.00,1,0,'2021-08-02','2021-08-02',9,40752,NULL,'Agrifeed',1,0,2082021,NULL,'Fc 79',1,'2021-09-03 10:06:17','2021-09-03 10:06:17',NULL),(8,3794,NULL,NULL,NULL,NULL,NULL,2897,NULL,NULL,NULL,NULL,831060.00,1,0,'2021-08-31','2021-08-31',9,40752,NULL,'Agrifeed',1,0,31082021,NULL,'Fc 83 JS',1,'2021-09-03 10:07:25','2021-09-03 10:07:25',NULL),(9,3800,NULL,NULL,NULL,NULL,NULL,2898,NULL,NULL,NULL,NULL,33701.00,0,1,'2021-04-08','2021-09-09',9,40752,NULL,'agrifeed',1,0,20210409,NULL,'',1,'2021-09-03 11:47:47','2021-09-03 11:49:06','2021-09-03 11:49:06'),(10,3800,NULL,NULL,NULL,NULL,NULL,2899,NULL,NULL,NULL,NULL,31701.87,0,1,'2021-04-09','2021-04-09',9,40752,NULL,'Agrifeed',1,0,9042021,NULL,'',1,'2021-09-03 19:10:55','2021-09-03 19:10:55',NULL),(11,3800,NULL,NULL,NULL,NULL,NULL,2900,NULL,NULL,NULL,NULL,155490.61,0,1,'2021-05-31','2021-05-31',9,40752,NULL,'Agrifeed ',1,0,31052021,NULL,'',1,'2021-09-03 19:14:33','2021-09-03 19:14:33',NULL),(12,3800,NULL,NULL,NULL,NULL,NULL,2901,NULL,NULL,NULL,NULL,584168.68,0,1,'2021-04-13','2021-04-13',9,40752,NULL,'Agrifeed',1,0,13042021,NULL,'',1,'2021-09-03 19:17:40','2021-09-03 19:17:40',NULL),(13,3800,NULL,NULL,NULL,NULL,NULL,2902,NULL,NULL,NULL,NULL,585111.98,0,1,'2021-04-13','2021-04-13',9,40752,NULL,'Agrifeed',1,0,13042021,NULL,'',1,'2021-09-03 19:21:46','2021-09-03 19:21:46',NULL),(14,3800,NULL,NULL,NULL,NULL,NULL,2903,NULL,NULL,NULL,NULL,585677.96,0,1,'2021-04-21','2021-04-21',9,40752,NULL,'Agrifeed',1,0,21042021,NULL,'',1,'2021-09-03 19:23:48','2021-09-03 19:23:48',NULL),(15,3800,NULL,NULL,NULL,NULL,NULL,2904,NULL,NULL,NULL,NULL,587989.71,0,1,'2021-04-29','2021-04-29',9,40752,NULL,'Agrifeed',1,0,29042021,NULL,'',1,'2021-09-03 19:25:35','2021-09-03 19:25:35',NULL),(16,3800,NULL,NULL,NULL,NULL,NULL,2905,NULL,NULL,NULL,NULL,587989.71,0,1,'2021-04-29','2021-04-29',9,40752,NULL,'Agrifeed',1,0,29042021,NULL,'',1,'2021-09-03 19:27:55','2021-09-03 19:27:55',NULL),(17,3800,NULL,NULL,NULL,NULL,NULL,2906,NULL,NULL,NULL,NULL,587989.71,0,1,'2021-05-06','2021-05-06',9,40752,NULL,'Agrifeed',1,0,6052021,NULL,'',1,'2021-09-03 19:29:45','2021-09-03 19:29:45',NULL),(18,3800,NULL,NULL,NULL,NULL,NULL,2907,NULL,NULL,NULL,NULL,587989.71,0,1,'2021-05-06','2021-05-06',9,40752,NULL,'Agrifeed',1,0,6052021,NULL,'',1,'2021-09-03 19:31:22','2021-11-09 18:30:54','2021-11-09 18:30:54'),(19,3800,NULL,NULL,NULL,NULL,NULL,2908,NULL,NULL,NULL,NULL,587989.71,0,1,'2021-05-18','2021-05-18',9,40752,NULL,'Agrifeed',1,0,18052021,NULL,'',1,'2021-09-03 19:33:04','2021-09-03 19:33:04',NULL),(20,3800,NULL,NULL,NULL,NULL,NULL,2909,NULL,NULL,NULL,NULL,587564.56,0,1,'2021-05-18','2021-05-18',9,40752,NULL,'Agrifeed',1,0,18052021,NULL,'',1,'2021-09-03 19:37:16','2021-11-09 18:32:31','2021-11-09 18:32:31');
INSERT INTO `ctacte_cheques` VALUES (21,3800,NULL,NULL,NULL,NULL,NULL,2910,NULL,NULL,NULL,NULL,587989.71,0,1,'2021-06-02','2021-06-02',9,40752,NULL,'Agrifeed',1,0,2062021,NULL,'',1,'2021-09-03 19:40:00','2021-09-03 19:40:38','2021-09-03 19:40:38'),(22,3800,NULL,NULL,NULL,NULL,NULL,2911,NULL,NULL,NULL,NULL,587989.71,0,1,'2021-06-02','2021-06-02',9,40752,NULL,'Agrifeed',1,0,2062021,NULL,'',1,'2021-09-03 19:42:07','2021-09-03 19:42:07',NULL),(23,3800,NULL,NULL,NULL,NULL,NULL,2912,NULL,NULL,NULL,NULL,585677.96,0,1,'2021-06-08','2021-06-08',9,40752,NULL,'Agrifeed',1,0,8062021,NULL,'',1,'2021-09-03 19:43:40','2021-11-09 18:33:07','2021-11-09 18:33:07'),(24,3800,NULL,NULL,NULL,NULL,NULL,2913,NULL,NULL,NULL,NULL,786703.45,0,1,'2021-05-13','2021-05-13',9,40752,NULL,'Agrifeed',1,0,13052021,NULL,'',1,'2021-09-03 19:45:51','2021-09-03 19:45:51',NULL),(25,3800,NULL,NULL,NULL,NULL,NULL,2914,NULL,NULL,NULL,NULL,700000.00,0,1,'2021-06-08','2021-06-08',9,40752,NULL,'Agrifeed',1,0,8062021,NULL,'',1,'2021-09-03 19:47:27','2021-09-03 19:47:27',NULL),(26,3800,NULL,NULL,NULL,NULL,NULL,2915,NULL,NULL,NULL,NULL,150000.00,0,1,'2021-07-22','2021-07-22',9,40752,NULL,'Agrifeed',1,0,22072021,NULL,'',1,'2021-09-03 19:50:40','2021-09-03 19:50:40',NULL),(27,3800,NULL,NULL,NULL,NULL,NULL,2916,NULL,NULL,NULL,NULL,85033.48,0,1,'2021-05-31','2021-05-31',9,40752,NULL,'Agrifeed',1,0,31052021,NULL,'',1,'2021-09-03 19:56:16','2021-09-03 19:56:16',NULL),(28,3800,NULL,NULL,NULL,NULL,NULL,2917,NULL,NULL,NULL,NULL,154337.40,0,1,'2021-06-29','2021-06-29',9,40752,NULL,'Agrifeed',1,0,29062021,NULL,'',1,'2021-09-03 19:57:38','2021-09-03 19:57:38',NULL),(29,3800,NULL,NULL,NULL,NULL,NULL,2918,NULL,NULL,NULL,NULL,20600.00,0,1,'2021-04-19','2021-04-19',9,40752,NULL,'Agrifeed',1,0,19042021,NULL,'',1,'2021-09-03 19:59:03','2021-09-03 19:59:03',NULL),(30,3800,NULL,NULL,NULL,NULL,NULL,2919,NULL,NULL,NULL,NULL,250000.00,0,1,'2021-05-13','2021-05-13',9,40752,NULL,'Agrifeed',1,0,13052021,NULL,'',1,'2021-09-03 20:00:51','2021-09-03 20:00:51',NULL),(31,3800,NULL,NULL,NULL,NULL,NULL,2920,NULL,NULL,NULL,NULL,240000.00,0,1,'2021-05-17','2021-05-17',9,40752,NULL,'Agrifeed',1,0,17052021,NULL,'',1,'2021-09-03 20:02:36','2021-09-03 20:02:36',NULL),(32,3800,NULL,NULL,NULL,NULL,NULL,2921,NULL,NULL,NULL,NULL,194536.36,0,1,'2021-06-30','2021-06-30',9,40752,NULL,'Agrifeed',1,0,30062021,NULL,'',1,'2021-09-03 20:05:37','2021-09-03 20:05:37',NULL),(33,3800,NULL,NULL,NULL,NULL,NULL,2922,NULL,NULL,NULL,NULL,67800.00,0,1,'2021-08-05','2021-08-05',9,40752,NULL,'Agrifeed',1,0,5082021,NULL,'',1,'2021-09-03 20:07:03','2021-09-03 20:07:03',NULL),(34,3800,NULL,NULL,NULL,NULL,NULL,2923,NULL,NULL,NULL,NULL,50000.00,0,1,'2021-05-10','2021-05-10',9,40752,NULL,'Agrifeed',1,0,10052021,NULL,'',1,'2021-09-03 20:08:37','2021-09-03 20:08:37',NULL),(35,3800,NULL,NULL,NULL,NULL,NULL,2924,NULL,NULL,NULL,NULL,145200.00,0,1,'2021-05-26','2021-05-26',9,40752,NULL,'Agrifeed',1,0,26052021,NULL,'',1,'2021-09-03 20:10:40','2021-09-03 20:10:40',NULL),(36,3800,NULL,NULL,NULL,NULL,NULL,2925,NULL,NULL,NULL,NULL,300000.00,0,1,'2021-05-05','2021-05-05',9,40752,NULL,'Agrifeed',1,0,5052021,NULL,'',1,'2021-09-03 20:12:36','2021-09-03 20:12:36',NULL),(37,3800,NULL,NULL,NULL,NULL,NULL,2926,NULL,NULL,NULL,NULL,1315000.00,0,1,'2021-05-06','2021-05-06',9,40752,NULL,'Agrifeed',1,0,6052021,NULL,'',1,'2021-09-03 20:14:06','2021-09-03 20:14:06',NULL),(38,3800,NULL,NULL,NULL,NULL,NULL,2927,NULL,NULL,NULL,NULL,1500000.00,0,1,'2021-05-07','2021-05-07',9,40752,NULL,'Agrifeed',1,0,7052021,NULL,'',1,'2021-09-03 20:15:32','2021-09-03 20:15:32',NULL),(39,3800,NULL,NULL,NULL,NULL,NULL,2928,NULL,NULL,NULL,NULL,700000.00,0,1,'2021-06-03','2021-06-03',9,40752,NULL,'Agrifeed',1,0,3062021,NULL,'',1,'2021-09-03 20:16:55','2021-09-03 20:16:55',NULL),(40,3800,NULL,NULL,NULL,NULL,NULL,2929,NULL,NULL,NULL,NULL,1812749.00,0,1,'2021-06-07','2021-06-07',9,40752,NULL,'Agrifeed',1,0,7062021,NULL,'',1,'2021-09-03 20:18:19','2021-09-03 20:18:19',NULL);
INSERT INTO `ctacte_cheques` VALUES (41,3800,NULL,NULL,NULL,NULL,NULL,2930,NULL,NULL,NULL,NULL,100000.00,0,1,'2021-05-21','2021-05-21',9,40752,NULL,'Agrifeed',1,0,21052021,NULL,'',1,'2021-09-03 20:19:54','2021-09-03 20:19:54',NULL),(42,3800,NULL,NULL,NULL,NULL,NULL,2931,NULL,NULL,NULL,NULL,101500.00,0,1,'2021-06-23','2021-06-23',9,40752,NULL,'Agrifeed',1,0,23062021,NULL,'',1,'2021-09-03 20:21:19','2021-09-03 20:21:19',NULL),(43,3800,NULL,NULL,NULL,NULL,NULL,3152,NULL,NULL,NULL,NULL,1160000.00,0,1,'2021-06-23','2021-06-23',9,40752,NULL,'Agrifeed',1,0,23062021,NULL,'',1,'2021-09-06 11:14:54','2021-09-06 11:14:54',NULL),(44,3800,NULL,NULL,NULL,NULL,NULL,3153,NULL,NULL,NULL,NULL,186000.00,0,1,'2021-08-02','2021-08-02',9,40752,NULL,'Agrifeed',1,0,2082021,NULL,'',1,'2021-09-06 11:16:42','2021-09-06 11:16:42',NULL),(45,3800,NULL,NULL,NULL,NULL,NULL,3154,NULL,NULL,NULL,NULL,37200.00,0,1,'2021-08-19','2021-08-19',9,40752,NULL,'Agrifeed',1,0,19082021,NULL,'',1,'2021-09-06 11:18:31','2021-09-06 11:18:31',NULL),(46,3800,NULL,NULL,NULL,NULL,NULL,3155,NULL,NULL,NULL,NULL,37200.00,0,1,'2021-08-19','2021-08-19',9,40752,NULL,'Agrifeed',1,0,19082021,NULL,'',1,'2021-09-06 11:20:14','2021-09-06 11:20:14',NULL),(47,3800,NULL,NULL,NULL,NULL,NULL,3156,NULL,NULL,NULL,NULL,111600.00,0,1,'2021-08-19','2021-08-19',9,40752,NULL,'Agrifeed',1,0,19082021,NULL,'',1,'2021-09-06 11:22:03','2021-09-06 11:22:03',NULL),(48,3800,NULL,NULL,NULL,NULL,NULL,3157,NULL,NULL,NULL,NULL,223200.00,0,1,'2021-08-25','2021-08-25',9,40752,NULL,'Agrifeed',1,0,25082021,NULL,'',1,'2021-09-06 11:23:44','2021-09-06 11:23:44',NULL),(49,3800,NULL,NULL,NULL,NULL,NULL,3158,NULL,NULL,NULL,NULL,116402.00,0,1,'2021-02-02','2021-08-02',9,40752,NULL,'Agrifeed',1,0,2082021,NULL,'',1,'2021-09-06 11:25:33','2021-09-06 11:25:33',NULL),(50,3800,NULL,NULL,NULL,NULL,NULL,3159,NULL,NULL,NULL,NULL,52257.32,0,1,'2021-08-19','2021-08-19',9,40752,NULL,'Agrifeed',1,0,19082021,NULL,'',1,'2021-09-06 11:27:08','2021-09-06 11:27:08',NULL),(51,3800,NULL,NULL,NULL,NULL,NULL,3160,NULL,NULL,NULL,NULL,58689.84,0,1,'2021-08-19','2021-08-19',9,40752,NULL,'Agrifeed',1,0,19082021,NULL,'',1,'2021-09-06 11:29:06','2021-09-06 11:29:06',NULL),(52,3800,NULL,NULL,NULL,NULL,NULL,3161,NULL,NULL,NULL,NULL,59982.12,0,1,'2021-08-25','2021-08-25',9,40752,NULL,'Agrifeed',1,0,25082021,NULL,'',1,'2021-09-06 11:30:48','2021-09-06 11:30:48',NULL),(53,3800,NULL,NULL,NULL,NULL,NULL,3162,NULL,NULL,NULL,NULL,58689.84,0,1,'2021-08-25','2021-08-25',9,40752,NULL,'Agrifeed',1,0,25082021,NULL,'',1,'2021-09-06 11:33:21','2021-09-06 11:33:21',NULL),(54,3800,NULL,NULL,NULL,NULL,NULL,3163,NULL,NULL,NULL,NULL,575413.00,0,1,'2021-06-18','2021-06-18',9,40752,NULL,'Agrifeed',1,0,18062021,NULL,'',1,'2021-09-06 11:36:19','2021-09-06 11:36:19',NULL),(55,3800,NULL,NULL,NULL,NULL,NULL,3164,NULL,NULL,NULL,NULL,1073856.00,0,1,'2021-07-14','2021-07-14',9,40752,NULL,'Agrifeed',1,0,14072021,NULL,'',1,'2021-09-06 11:38:09','2021-09-06 11:38:09',NULL),(56,3800,NULL,NULL,NULL,NULL,NULL,3165,NULL,NULL,NULL,NULL,1000000.00,0,1,'2021-08-09','2021-08-09',9,40752,NULL,'Agrifeed',1,0,9082021,NULL,'',1,'2021-09-06 11:39:54','2021-09-06 11:39:54',NULL),(57,3800,NULL,NULL,NULL,NULL,NULL,3166,NULL,NULL,NULL,NULL,620000.00,0,1,'2021-08-10','2021-08-10',9,40752,NULL,'Agrifeed',1,0,10082021,NULL,'',1,'2021-09-06 11:41:18','2021-09-06 11:41:18',NULL),(58,3800,NULL,NULL,NULL,NULL,NULL,3167,NULL,NULL,NULL,NULL,2197962.00,0,1,'2021-05-18','2021-05-18',9,40752,NULL,'Agrifeed',1,0,18052021,NULL,'',1,'2021-09-06 11:42:58','2021-09-06 11:42:58',NULL),(59,3800,NULL,NULL,NULL,NULL,NULL,3168,NULL,NULL,NULL,NULL,1500000.00,0,1,'2021-07-01','2021-07-01',9,40752,NULL,'Agrifeed',1,0,1072021,NULL,'',1,'2021-09-06 11:44:45','2021-09-06 11:44:45',NULL),(60,3800,NULL,NULL,NULL,NULL,NULL,3169,NULL,NULL,NULL,NULL,48400.00,0,1,'2021-06-17','2021-06-17',9,40752,NULL,'Agrifeed',1,0,17062021,NULL,'',1,'2021-09-06 11:46:15','2021-09-06 11:46:15',NULL);
INSERT INTO `ctacte_cheques` VALUES (61,3800,NULL,NULL,NULL,NULL,NULL,3170,NULL,NULL,NULL,NULL,2710303.20,0,1,'2021-04-28','2021-04-28',9,40752,NULL,'Agrifeed',1,0,28042021,NULL,'',1,'2021-09-06 11:48:02','2021-09-06 11:48:02',NULL),(62,3800,NULL,NULL,NULL,NULL,NULL,3171,NULL,NULL,NULL,NULL,1245000.00,0,1,'2021-05-20','2021-05-20',9,40752,NULL,'Agrifeed',1,0,20052021,NULL,'',1,'2021-09-06 11:49:33','2021-09-06 11:49:33',NULL),(63,3800,NULL,NULL,NULL,NULL,NULL,3172,NULL,NULL,NULL,NULL,1008264.00,0,1,'2021-05-21','2021-05-21',9,40752,NULL,'Agrifeed',1,0,21052021,NULL,'',1,'2021-09-06 11:51:01','2021-09-06 11:51:01',NULL),(64,3800,NULL,NULL,NULL,NULL,NULL,3173,NULL,NULL,NULL,NULL,588276.00,0,1,'2021-06-01','2021-06-01',9,40752,NULL,'Agrifeed',1,0,1062021,NULL,'',1,'2021-09-06 11:52:34','2021-09-06 11:52:34',NULL),(65,3800,NULL,NULL,NULL,NULL,NULL,3174,NULL,NULL,NULL,NULL,156284.70,0,1,'2021-08-19','2021-08-19',9,40752,NULL,'Agrifeed',1,0,19082021,NULL,'',1,'2021-09-06 11:54:04','2021-09-06 11:54:04',NULL),(66,3800,NULL,NULL,NULL,NULL,NULL,3175,NULL,NULL,NULL,NULL,1000000.00,0,1,'2021-06-03','2021-06-03',9,40752,NULL,'Agrifeed',1,0,3062021,NULL,'',1,'2021-09-06 11:55:52','2021-09-06 11:55:52',NULL),(67,3800,NULL,NULL,NULL,NULL,NULL,3176,NULL,NULL,NULL,NULL,585655.19,0,1,'2021-06-04','2021-06-04',9,40752,NULL,'Agrifeed',1,0,4062021,NULL,'',1,'2021-09-06 12:04:24','2021-09-06 12:04:24',NULL),(68,3800,NULL,NULL,NULL,NULL,NULL,3177,NULL,NULL,NULL,NULL,157300.00,0,1,'2021-07-05','2021-07-05',9,40752,NULL,'Agrifeed',1,0,5072021,NULL,'',1,'2021-09-06 12:06:16','2021-09-06 12:06:16',NULL),(69,3800,NULL,NULL,NULL,NULL,NULL,3178,NULL,NULL,NULL,NULL,157300.00,0,1,'2021-07-23','2021-07-23',9,40752,NULL,'Agrrifeed',1,0,23072021,NULL,'',1,'2021-09-06 12:07:51','2021-11-06 18:56:11','2021-11-06 18:56:11'),(70,3800,NULL,NULL,NULL,NULL,NULL,3179,NULL,NULL,NULL,NULL,130000.00,0,1,'2021-06-07','2021-06-07',9,40752,NULL,'Agrifeed',1,0,7062021,NULL,'',1,'2021-09-06 12:09:19','2021-09-06 12:09:19',NULL),(71,3800,NULL,NULL,NULL,NULL,NULL,3180,NULL,NULL,NULL,NULL,88971.30,0,1,'2021-08-13','2021-08-13',9,40752,NULL,'Agrifeed',1,0,13082021,NULL,'',1,'2021-09-06 12:11:02','2021-09-06 12:11:02',NULL),(72,3800,NULL,NULL,NULL,NULL,NULL,3181,NULL,NULL,NULL,NULL,121000.00,0,1,'2021-04-19','2021-04-19',9,40752,NULL,'Agrifeed',1,0,19042021,NULL,'',1,'2021-09-06 12:12:29','2021-09-06 12:12:29',NULL),(73,3800,NULL,NULL,NULL,NULL,NULL,3182,NULL,NULL,NULL,NULL,144755.90,0,1,'2021-07-05','2021-07-05',9,40752,NULL,'Agrifeed',1,0,5072021,NULL,'',1,'2021-09-06 12:13:59','2021-09-06 12:13:59',NULL),(74,3800,NULL,NULL,NULL,NULL,NULL,3183,NULL,NULL,NULL,NULL,151250.00,0,1,'2021-07-05','2021-07-05',9,40752,NULL,'Agrifeed',1,0,5072021,NULL,'',1,'2021-09-06 12:15:44','2021-09-06 12:15:44',NULL),(75,3800,NULL,NULL,NULL,NULL,NULL,3184,NULL,NULL,NULL,NULL,20000.00,0,1,'2021-06-23','2021-06-23',9,40752,NULL,'Agrifeed',1,0,23062021,NULL,'',1,'2021-09-06 12:17:15','2021-09-06 12:17:15',NULL),(76,3800,NULL,NULL,NULL,NULL,NULL,3185,NULL,NULL,NULL,NULL,169400.00,0,1,'2021-07-20','2021-07-20',9,40752,NULL,'Agrifeed',1,0,20072021,NULL,'',1,'2021-09-06 12:18:50','2021-09-06 12:18:50',NULL),(77,3800,NULL,NULL,NULL,NULL,NULL,3186,NULL,NULL,NULL,NULL,50000.00,0,1,'2021-07-16','2021-07-16',9,40752,NULL,'Agrifeed',1,0,16072021,NULL,'',1,'2021-09-06 12:20:15','2021-09-06 12:20:15',NULL),(78,3800,NULL,NULL,NULL,NULL,NULL,3187,NULL,NULL,NULL,NULL,121000.00,0,1,'2021-04-16','2021-04-16',9,40752,NULL,'Agrifeed',1,0,16042021,NULL,'',1,'2021-09-06 12:21:37','2021-09-06 12:21:37',NULL),(79,3800,NULL,NULL,NULL,NULL,NULL,3188,NULL,NULL,NULL,NULL,133100.00,0,1,'2021-05-03','2021-05-03',9,40752,NULL,'Agrifeed',1,0,3052021,NULL,'',1,'2021-09-06 12:23:02','2021-09-06 12:23:02',NULL),(80,3800,NULL,NULL,NULL,NULL,NULL,3189,NULL,NULL,NULL,NULL,1800000.00,0,1,'2021-05-18','2021-05-18',9,40752,NULL,'Agrifeed',1,0,18052021,NULL,'',1,'2021-09-06 12:24:43','2021-09-06 12:24:43',NULL);
INSERT INTO `ctacte_cheques` VALUES (81,3800,NULL,NULL,NULL,NULL,NULL,3190,NULL,NULL,NULL,NULL,1400000.00,0,1,'2021-05-21','2021-05-21',9,40752,NULL,'Agrifeed',1,0,21052021,NULL,'',1,'2021-09-06 12:26:18','2021-09-06 12:26:18',NULL),(82,3800,NULL,NULL,NULL,NULL,NULL,3191,NULL,NULL,NULL,NULL,1000000.00,0,1,'2021-05-27','2021-05-27',9,40752,NULL,'Agrifeed',1,0,27052021,NULL,'',1,'2021-09-06 12:28:04','2021-09-06 12:28:04',NULL),(83,3800,NULL,NULL,NULL,NULL,NULL,3192,NULL,NULL,NULL,NULL,1000000.00,0,1,'2021-06-02','2021-06-02',9,40752,NULL,'Agrifeed',1,0,2062021,NULL,'',1,'2021-09-06 12:29:29','2021-09-06 12:29:29',NULL),(84,3800,NULL,NULL,NULL,NULL,NULL,3193,NULL,NULL,NULL,NULL,1000000.00,0,1,'2021-06-07','2021-06-07',9,40752,NULL,'Agrifeed',1,0,7062021,NULL,'',1,'2021-09-06 12:31:01','2021-09-06 12:31:01',NULL),(85,3800,NULL,NULL,NULL,NULL,NULL,3194,NULL,NULL,NULL,NULL,1000000.00,0,1,'2021-06-22','2021-06-22',9,40752,NULL,'Agrifeed',1,0,22062021,NULL,'',1,'2021-09-06 17:37:17','2021-09-06 17:37:17',NULL),(86,3800,NULL,NULL,NULL,NULL,NULL,3195,NULL,NULL,NULL,NULL,1000000.00,0,1,'2021-06-28','2021-06-28',9,40752,NULL,'Agrifee',1,0,28062021,NULL,'',1,'2021-09-06 17:39:15','2021-09-06 17:39:15',NULL),(87,3800,NULL,NULL,NULL,NULL,NULL,3196,NULL,NULL,NULL,NULL,600000.00,0,1,'2021-07-14','2021-07-14',9,40752,NULL,'Agrifeed',1,0,14072021,NULL,'',1,'2021-09-06 17:40:42','2021-09-06 17:40:42',NULL),(88,3800,NULL,NULL,NULL,NULL,NULL,3197,NULL,NULL,NULL,NULL,300000.00,0,1,'2021-07-19','2021-07-19',9,40752,NULL,'Agrifeed',1,0,19072021,NULL,'',1,'2021-09-06 17:42:34','2021-09-06 17:42:34',NULL),(89,3800,NULL,NULL,NULL,NULL,NULL,3198,NULL,NULL,NULL,NULL,71986.70,0,1,'2021-07-22','2021-07-22',9,40752,NULL,'Agrifeed',1,0,22072021,NULL,'',1,'2021-09-06 17:44:11','2021-09-06 17:44:11',NULL),(90,3800,NULL,NULL,NULL,NULL,NULL,3199,NULL,NULL,NULL,NULL,22264.00,0,1,'2021-04-14','2021-04-14',9,40752,NULL,'Agrifeed',1,0,14042021,NULL,'',1,'2021-09-06 17:45:41','2021-09-06 17:45:41',NULL),(91,3800,NULL,NULL,NULL,NULL,NULL,3200,NULL,NULL,NULL,NULL,18634.00,0,1,'2021-04-26','2021-04-26',9,40752,NULL,'Agrifeed',1,0,26042021,NULL,'',1,'2021-09-06 17:47:10','2021-09-06 17:47:10',NULL),(92,3800,NULL,NULL,NULL,NULL,NULL,3201,NULL,NULL,NULL,NULL,16698.00,0,1,'2021-05-03','2021-05-03',9,40752,NULL,'Agrifeed',1,0,3052021,NULL,'',1,'2021-09-06 17:48:47','2021-09-06 17:48:47',NULL),(93,3800,NULL,NULL,NULL,NULL,NULL,3202,NULL,NULL,NULL,NULL,42834.00,0,1,'2021-05-03','2021-05-03',9,40752,NULL,'Agrifeed',1,0,3052021,NULL,'',1,'2021-09-06 17:50:23','2021-09-06 17:50:23',NULL),(94,3800,NULL,NULL,NULL,NULL,NULL,3203,NULL,NULL,NULL,NULL,19602.00,0,1,'2021-05-12','2021-05-12',9,40752,NULL,'Agrifeed',1,0,12052021,NULL,'',1,'2021-09-06 17:51:55','2021-09-06 17:51:55',NULL),(95,3800,NULL,NULL,NULL,NULL,NULL,3204,NULL,NULL,NULL,NULL,25168.00,0,1,'2021-05-17','2021-05-17',9,40752,NULL,'Agrifeed',1,0,17052021,NULL,'',1,'2021-09-06 17:53:20','2021-09-06 17:53:20',NULL),(96,3800,NULL,NULL,NULL,NULL,NULL,3205,NULL,NULL,NULL,NULL,59900.00,0,1,'2021-07-13','2021-07-13',9,40752,NULL,'Agrifeed',1,0,13072021,NULL,'',1,'2021-09-06 17:54:47','2021-09-06 17:54:47',NULL),(97,3800,NULL,NULL,NULL,NULL,NULL,3206,NULL,NULL,NULL,NULL,121000.00,0,1,'2021-04-16','2021-04-16',9,40752,NULL,'Agrofeed',1,0,16042021,NULL,'',1,'2021-09-06 17:56:29','2021-09-06 17:56:29',NULL),(98,3800,NULL,NULL,NULL,NULL,NULL,3207,NULL,NULL,NULL,NULL,881475.08,0,1,'2021-04-30','2021-04-30',9,40752,NULL,'Agrifeed',1,0,30042021,NULL,'',1,'2021-09-06 17:57:53','2021-09-06 17:57:53',NULL),(99,3800,NULL,NULL,NULL,NULL,NULL,3208,NULL,NULL,NULL,NULL,53427.00,0,1,'2021-04-19','2021-04-19',9,40752,NULL,'Agrifeed',1,0,19042021,NULL,'',1,'2021-09-06 17:59:18','2021-09-06 17:59:18',NULL),(100,3800,NULL,NULL,NULL,NULL,NULL,3209,NULL,NULL,NULL,NULL,108490.34,0,1,'2021-04-23','2021-04-23',9,40752,NULL,'Agrifeed',1,0,23042021,NULL,'',1,'2021-09-06 18:00:46','2021-09-06 18:00:46',NULL);
INSERT INTO `ctacte_cheques` VALUES (101,3800,NULL,NULL,NULL,NULL,NULL,3210,NULL,NULL,NULL,NULL,65340.00,0,1,'2021-07-07','2021-07-07',9,40752,NULL,'Agrifeed',1,0,7072021,NULL,'',1,'2021-09-06 18:02:15','2021-09-06 18:02:15',NULL),(102,3800,NULL,NULL,NULL,NULL,NULL,3211,NULL,NULL,NULL,NULL,76421.18,0,1,'2021-05-14','2021-05-14',9,40752,NULL,'Agrifeed',1,0,14052021,NULL,'',1,'2021-09-06 18:03:53','2021-09-06 18:03:53',NULL),(103,3800,NULL,NULL,NULL,NULL,NULL,3212,NULL,NULL,NULL,NULL,158118.76,0,1,'2021-06-15','2021-06-15',9,40752,NULL,'Agrifeed',1,0,15062021,NULL,'',1,'2021-09-06 18:05:45','2021-09-06 18:05:45',NULL),(104,3800,NULL,NULL,NULL,NULL,NULL,3213,NULL,NULL,NULL,NULL,237762.00,0,1,'2021-06-24','2021-06-24',9,40752,NULL,'Agrifeed',1,0,24062021,NULL,'',1,'2021-09-06 18:07:21','2021-09-06 18:07:21',NULL),(105,3800,NULL,NULL,NULL,NULL,NULL,3214,NULL,NULL,NULL,NULL,86031.00,0,1,'2021-08-25','2021-08-25',9,40752,NULL,'Arifeed',1,0,25082021,NULL,'',1,'2021-09-06 18:09:00','2021-09-06 18:09:00',NULL),(106,3800,NULL,NULL,NULL,NULL,NULL,3215,NULL,NULL,NULL,NULL,114950.00,0,1,'2021-03-30','2021-03-30',9,40752,NULL,'Agrifeed',1,0,30032021,NULL,'',1,'2021-09-06 18:10:29','2021-09-06 18:10:29',NULL),(107,3800,NULL,NULL,NULL,NULL,NULL,3216,NULL,NULL,NULL,NULL,133100.00,0,1,'2021-05-12','2021-05-12',9,40752,NULL,'Agrifeed',1,0,12052021,NULL,'',1,'2021-09-06 18:12:00','2021-11-06 20:01:03','2021-11-06 20:01:03'),(108,3800,NULL,NULL,NULL,NULL,NULL,3217,NULL,NULL,NULL,NULL,133100.00,0,1,'2021-06-04','2021-06-04',9,40752,NULL,'Agrifeed',1,0,4062021,NULL,'',1,'2021-09-06 18:38:22','2021-11-06 20:00:49','2021-11-06 20:00:49'),(109,3800,NULL,NULL,NULL,NULL,NULL,3218,NULL,NULL,NULL,NULL,65340.00,0,1,'2021-07-07','2021-07-07',9,40752,NULL,'Agrifeed',1,0,7072021,NULL,'',1,'2021-09-06 18:40:25','2021-09-06 18:40:25',NULL),(110,3800,NULL,NULL,NULL,NULL,NULL,3219,NULL,NULL,NULL,NULL,11000.00,0,1,'2021-03-11','2021-03-11',9,40752,NULL,'Agrifeed',1,0,11032021,NULL,'',1,'2021-09-06 18:42:16','2021-09-06 18:42:16',NULL),(111,3800,NULL,NULL,NULL,NULL,NULL,3220,NULL,NULL,NULL,NULL,40104.24,0,1,'2021-06-04','2021-06-04',9,40752,NULL,'Agrifeed',1,0,4062021,NULL,'',1,'2021-09-06 18:44:00','2021-09-06 18:44:00',NULL),(112,3800,NULL,NULL,NULL,NULL,NULL,3221,NULL,NULL,NULL,NULL,63078.12,0,1,'2021-05-18','2021-05-18',9,40752,NULL,'Agrifeed',1,0,18052021,NULL,'',1,'2021-09-06 18:45:37','2021-09-06 18:45:37',NULL),(113,3800,NULL,NULL,NULL,NULL,NULL,3222,NULL,NULL,NULL,NULL,63342.05,0,1,'2021-05-18','2021-05-18',9,40752,NULL,'Agrifeed',1,0,18052021,NULL,'',1,'2021-09-06 18:47:16','2021-09-06 18:47:16',NULL),(114,3800,NULL,NULL,NULL,NULL,NULL,3223,NULL,NULL,NULL,NULL,110000.00,0,1,'2021-05-03','2021-05-03',9,40752,NULL,'Agrifeed',1,0,3052021,NULL,'',1,'2021-09-06 18:49:22','2021-09-06 18:49:22',NULL),(115,3800,NULL,NULL,NULL,NULL,NULL,3224,NULL,NULL,NULL,NULL,125000.00,0,1,'2021-06-16','2021-06-16',9,40752,NULL,'Agrifeed',1,0,16062021,NULL,'',1,'2021-09-06 18:50:58','2021-09-06 18:50:58',NULL),(116,3800,NULL,NULL,NULL,NULL,NULL,3225,NULL,NULL,NULL,NULL,157300.00,0,1,'2021-06-03','2021-06-03',9,40752,NULL,'Agrifeed',1,0,3062021,NULL,'',1,'2021-09-06 18:52:27','2021-09-06 18:52:27',NULL),(117,3800,NULL,NULL,NULL,NULL,NULL,3226,NULL,NULL,NULL,NULL,157300.00,0,1,'2021-09-06','2021-06-11',9,40752,NULL,'Agrifeed',1,0,11062021,NULL,'',1,'2021-09-06 18:53:42','2021-09-06 18:53:42',NULL),(118,3800,NULL,NULL,NULL,NULL,NULL,3227,NULL,NULL,NULL,NULL,45000.00,0,1,'2021-07-16','2021-07-16',9,40752,NULL,'Agrifeed',1,0,16072021,NULL,'',1,'2021-09-06 18:56:53','2021-09-06 18:56:53',NULL),(119,3800,NULL,NULL,NULL,NULL,NULL,3228,NULL,NULL,NULL,NULL,120000.00,0,1,'2021-06-07','2021-06-07',9,40752,NULL,'Agrifeed',1,0,7062021,NULL,'',1,'2021-09-06 18:58:44','2021-09-06 18:58:44',NULL),(120,3800,NULL,NULL,NULL,NULL,NULL,3229,NULL,NULL,NULL,NULL,111963.14,0,1,'2021-06-15','2021-06-15',9,40752,NULL,'Agrifeed',1,0,15062021,NULL,'',1,'2021-09-06 19:00:09','2021-09-06 19:00:09',NULL);
INSERT INTO `ctacte_cheques` VALUES (121,3800,NULL,NULL,NULL,NULL,NULL,3230,NULL,NULL,NULL,NULL,200000.00,0,1,'2021-07-12','2021-07-12',9,40752,NULL,'Agrifeed',1,0,12072021,NULL,'',1,'2021-09-06 19:01:36','2021-09-06 19:01:36',NULL),(122,3800,NULL,NULL,NULL,NULL,NULL,3231,NULL,NULL,NULL,NULL,103696.63,0,1,'2021-08-19','2021-08-19',9,40752,NULL,'Agrifeed',1,0,19082021,NULL,'',1,'2021-09-06 19:03:07','2021-09-06 19:03:07',NULL),(123,3800,NULL,NULL,NULL,NULL,NULL,3232,NULL,NULL,NULL,NULL,42371.18,0,1,'2021-08-23','2021-08-23',9,40752,NULL,'Agrifeed',1,0,23082021,NULL,'',1,'2021-09-06 19:04:34','2021-09-06 19:04:34',NULL),(124,3800,NULL,NULL,NULL,NULL,NULL,3233,NULL,NULL,NULL,NULL,42371.18,0,1,'2021-08-23','2021-08-23',9,40752,NULL,'Agrifeed',1,0,23082021,NULL,'',1,'2021-09-06 19:06:07','2021-09-06 19:06:07',NULL),(125,3800,NULL,NULL,NULL,NULL,NULL,3234,NULL,NULL,NULL,NULL,42162.45,0,1,'2021-08-23','2021-08-23',9,40752,NULL,'Agrifeed',1,0,23082021,NULL,'',1,'2021-09-06 19:07:32','2021-09-06 19:07:32',NULL),(126,3800,NULL,NULL,NULL,NULL,NULL,3235,NULL,NULL,NULL,NULL,62938.15,0,1,'2021-08-23','2021-08-23',9,40752,NULL,'Agrifeed',1,0,23082021,NULL,'',1,'2021-09-06 19:08:58','2021-09-06 19:08:58',NULL),(127,3800,NULL,NULL,NULL,NULL,NULL,3236,NULL,NULL,NULL,NULL,62626.68,0,1,'2021-08-23','2021-08-23',9,40752,NULL,'Agrifeed',1,0,23082021,NULL,'',1,'2021-09-06 19:10:31','2021-09-06 19:10:31',NULL),(128,3800,NULL,NULL,NULL,NULL,NULL,3237,NULL,NULL,NULL,NULL,136934.98,0,1,'2021-08-27','2021-08-27',9,40752,NULL,'Agrifeed',1,0,27082021,NULL,'',1,'2021-09-06 19:12:20','2021-09-06 19:12:20',NULL),(129,3800,NULL,NULL,NULL,NULL,NULL,3238,NULL,NULL,NULL,NULL,60500.00,0,1,'2021-05-14','2021-05-14',9,40752,NULL,'Agrifeed',1,0,14052021,NULL,'',1,'2021-09-06 19:13:46','2021-09-06 19:13:46',NULL),(130,3800,NULL,NULL,NULL,NULL,NULL,3239,NULL,NULL,NULL,NULL,58080.00,0,1,'2021-06-18','2021-06-18',9,40752,NULL,'Agrifeed',1,0,18062021,NULL,'',1,'2021-09-06 19:15:13','2021-09-06 19:15:13',NULL),(131,3800,NULL,NULL,NULL,NULL,NULL,3240,NULL,NULL,NULL,NULL,595610.40,0,1,'2021-04-30','2021-04-30',9,40752,NULL,'Agrifeed',1,0,30042021,NULL,'',1,'2021-09-06 19:16:48','2021-09-06 19:16:48',NULL),(132,3800,NULL,NULL,NULL,NULL,NULL,3241,NULL,NULL,NULL,NULL,574338.60,0,1,'2021-04-30','2021-04-30',9,40752,NULL,'Agrifeed',1,0,30042021,NULL,'',1,'2021-09-06 19:18:30','2021-09-06 19:18:30',NULL),(133,3800,NULL,NULL,NULL,NULL,NULL,3242,NULL,NULL,NULL,NULL,574338.60,0,1,'2021-04-30','2021-04-30',9,40752,NULL,'Agrifeed',1,0,30042021,NULL,'',1,'2021-09-06 19:20:19','2021-09-06 19:20:19',NULL),(134,3800,NULL,NULL,NULL,NULL,NULL,3243,NULL,NULL,NULL,NULL,645559.20,0,1,'2021-05-11','2021-05-11',9,40752,NULL,'Agrifeed',1,0,11052021,NULL,'',1,'2021-09-06 19:21:45','2021-09-06 19:21:45',NULL),(135,3800,NULL,NULL,NULL,NULL,NULL,3244,NULL,NULL,NULL,NULL,611617.50,0,1,'2021-05-11','2021-05-11',9,40752,NULL,'Agrifeed',1,0,11052021,NULL,'',1,'2021-09-06 19:23:12','2021-09-06 19:23:12',NULL),(136,3800,NULL,NULL,NULL,NULL,NULL,3245,NULL,NULL,NULL,NULL,611617.50,0,1,'2021-05-11','2021-05-11',9,40752,NULL,'Agrifeed',1,0,11052021,NULL,'',1,'2021-09-06 19:24:35','2021-09-06 19:24:35',NULL),(137,3800,NULL,NULL,NULL,NULL,NULL,3246,NULL,NULL,NULL,NULL,595610.40,0,1,'2021-05-12','2021-05-12',9,40752,NULL,'Agrifeed',1,0,12052021,NULL,'',1,'2021-09-06 19:26:00','2021-09-06 19:26:00',NULL),(138,3800,NULL,NULL,NULL,NULL,NULL,3247,NULL,NULL,NULL,NULL,74451.30,0,1,'2021-05-13','2021-05-13',9,40752,NULL,'Agrifeed',1,0,13052021,NULL,'',1,'2021-09-06 19:27:25','2021-09-06 19:27:25',NULL),(139,3800,NULL,NULL,NULL,NULL,NULL,3248,NULL,NULL,NULL,NULL,1812794.00,0,1,'2021-06-04','2021-06-04',9,40752,NULL,'Agrifeed',1,0,4062021,NULL,'',1,'2021-09-06 19:28:51','2021-09-06 19:28:51',NULL),(140,3800,NULL,NULL,NULL,NULL,NULL,3249,NULL,NULL,NULL,NULL,605027.50,0,1,'2021-06-07','2021-06-07',9,40752,NULL,'Agrifeed',1,0,7062021,NULL,'',1,'2021-09-06 19:30:24','2021-09-06 19:30:24',NULL);
INSERT INTO `ctacte_cheques` VALUES (141,3800,NULL,NULL,NULL,NULL,NULL,3250,NULL,NULL,NULL,NULL,60500.00,0,1,'2021-05-14','2021-05-14',9,40752,NULL,'Agrifeed',1,0,14052021,NULL,'',1,'2021-09-06 19:31:46','2021-09-06 19:31:46',NULL),(142,3800,NULL,NULL,NULL,NULL,NULL,3251,NULL,NULL,NULL,NULL,5500.00,0,1,'2021-04-12','2021-04-12',9,40752,NULL,'Agrifeed',1,0,12042021,NULL,'',1,'2021-09-06 19:33:11','2021-09-06 19:33:11',NULL),(143,3800,NULL,NULL,NULL,NULL,NULL,3252,NULL,NULL,NULL,NULL,7800.00,0,1,'2021-05-03','2021-05-03',9,40752,NULL,'Agrifeed',1,0,3052021,NULL,'',1,'2021-09-06 19:34:31','2021-09-06 19:34:31',NULL),(144,3800,NULL,NULL,NULL,NULL,NULL,3253,NULL,NULL,NULL,NULL,121000.00,0,1,'2021-04-23','2021-04-23',9,40752,NULL,'Agrifeed',1,0,23042021,NULL,'',1,'2021-09-06 19:36:27','2021-09-06 19:36:27',NULL),(145,3800,NULL,NULL,NULL,NULL,NULL,3254,NULL,NULL,NULL,NULL,30000.00,0,1,'2021-06-04','2021-06-04',9,40752,NULL,'Agrifeed',1,0,4062021,NULL,'',1,'2021-09-06 19:37:55','2021-09-06 19:37:55',NULL),(146,3800,NULL,NULL,NULL,NULL,NULL,3255,NULL,NULL,NULL,NULL,40000.00,0,1,'2021-06-23','2021-06-23',9,40752,NULL,'Agrifeed',1,0,23062021,NULL,'',1,'2021-09-06 19:39:14','2021-09-06 19:39:14',NULL),(147,3800,NULL,NULL,NULL,NULL,NULL,3256,NULL,NULL,NULL,NULL,123000.00,0,1,'2021-07-01','2021-07-01',9,40752,NULL,'Agrifeed',1,0,1072021,NULL,'',1,'2021-09-06 19:40:53','2021-09-06 19:40:53',NULL),(148,3800,NULL,NULL,NULL,NULL,NULL,3257,NULL,NULL,NULL,NULL,17942.92,0,1,'2021-07-27','2021-07-27',9,40752,NULL,'Agrifeed',1,0,27072021,NULL,'',1,'2021-09-07 11:00:42','2021-09-07 11:00:42',NULL),(149,3800,NULL,NULL,NULL,NULL,NULL,3258,NULL,NULL,NULL,NULL,320000.00,0,1,'2021-07-27','2021-07-27',9,40752,NULL,'Agrifeed',1,0,27072021,NULL,'',1,'2021-09-07 11:02:08','2021-09-07 11:02:08',NULL),(150,3800,NULL,NULL,NULL,NULL,NULL,3259,NULL,NULL,NULL,NULL,22350.76,0,1,'2021-05-05','2021-05-05',9,40752,NULL,'Agrifeed',1,0,5052021,NULL,'',1,'2021-09-07 11:03:46','2021-09-07 11:03:46',NULL),(151,3800,NULL,NULL,NULL,NULL,NULL,3260,NULL,NULL,NULL,NULL,98343.36,0,1,'2021-05-05','2021-05-05',9,40752,NULL,'Agrifeed',1,0,5052021,NULL,'',1,'2021-09-07 11:05:20','2021-09-07 11:05:20',NULL),(152,3800,NULL,NULL,NULL,NULL,NULL,3261,NULL,NULL,NULL,NULL,182479.41,0,1,'2021-06-29','2021-06-29',9,40752,NULL,'Agrifeed',1,0,29062021,NULL,'',1,'2021-09-07 11:07:38','2021-09-07 11:07:38',NULL),(153,3800,NULL,NULL,NULL,NULL,NULL,3262,NULL,NULL,NULL,NULL,221354.59,0,1,'2021-07-12','2021-07-12',9,40752,NULL,'Agrifeed',1,0,12072021,NULL,'',1,'2021-09-07 11:09:11','2021-09-07 11:09:11',NULL),(154,3800,NULL,NULL,NULL,NULL,NULL,3263,NULL,NULL,NULL,NULL,84000.00,0,1,'2021-07-29','2021-07-29',9,40752,NULL,'Agrrifeed',1,0,29072021,NULL,'',1,'2021-09-07 11:10:36','2021-09-07 11:10:36',NULL),(155,3800,NULL,NULL,NULL,NULL,NULL,3264,NULL,NULL,NULL,NULL,80000.00,0,1,'2021-05-28','2021-05-28',9,40752,NULL,'Agrifeed',1,0,28052021,NULL,'',1,'2021-09-07 11:12:13','2021-09-07 11:12:13',NULL),(156,3800,NULL,NULL,NULL,NULL,NULL,3265,NULL,NULL,NULL,NULL,130000.00,0,1,'2021-06-30','2021-06-30',9,40752,NULL,'Agrifeed',1,0,30062021,NULL,'',1,'2021-09-07 11:13:46','2021-09-07 11:13:46',NULL),(157,3800,NULL,NULL,NULL,NULL,NULL,3266,NULL,NULL,NULL,NULL,130000.00,0,1,'2021-08-02','2021-08-02',9,40752,NULL,'Agrifeed',1,0,2082021,NULL,'',1,'2021-09-07 11:19:53','2021-09-07 11:19:53',NULL),(158,3800,NULL,NULL,NULL,NULL,NULL,3267,NULL,NULL,NULL,NULL,6750.00,0,1,'2021-04-14','2021-04-14',9,40752,NULL,'Agrifeed',1,0,14042021,NULL,'',1,'2021-09-07 11:21:15','2021-09-07 11:21:15',NULL),(159,3800,NULL,NULL,NULL,NULL,NULL,3268,NULL,NULL,NULL,NULL,17750.00,0,1,'2021-05-28','2021-05-28',9,40752,NULL,'Agrifeed',1,0,28052021,NULL,'',1,'2021-09-07 11:22:34','2021-09-07 11:22:34',NULL),(160,3800,NULL,NULL,NULL,NULL,NULL,3269,NULL,NULL,NULL,NULL,9500.00,0,1,'2021-07-21','2021-07-21',9,40752,NULL,'Agrifeed',1,0,21072021,NULL,'',1,'2021-09-07 11:23:50','2021-09-07 11:23:50',NULL);
INSERT INTO `ctacte_cheques` VALUES (161,3800,NULL,NULL,NULL,NULL,NULL,3270,NULL,NULL,NULL,NULL,236555.00,0,1,'2021-04-12','2021-04-12',9,40752,NULL,'Agrifeed',1,0,12042021,NULL,'',1,'2021-09-07 11:25:14','2021-09-07 11:25:14',NULL),(162,3800,NULL,NULL,NULL,NULL,NULL,3271,NULL,NULL,NULL,NULL,238370.00,0,1,'2021-05-10','2021-05-10',9,40752,NULL,'Agrifeed',1,0,10052021,NULL,'',1,'2021-09-07 11:26:45','2021-09-07 11:26:45',NULL),(163,3800,NULL,NULL,NULL,NULL,NULL,3272,NULL,NULL,NULL,NULL,242000.00,0,1,'2021-06-07','2021-06-07',9,40752,NULL,'Agrifeed',1,0,7062021,NULL,'',1,'2021-09-07 11:28:16','2021-09-07 11:28:16',NULL),(164,3800,NULL,NULL,NULL,NULL,NULL,3273,NULL,NULL,NULL,NULL,197687.30,0,1,'2021-07-05','2021-07-05',9,40752,NULL,'Arifeed',1,0,5072021,NULL,'',1,'2021-09-07 11:29:52','2021-10-29 12:58:55','2021-10-29 12:58:55'),(165,3800,NULL,NULL,NULL,NULL,NULL,3274,NULL,NULL,NULL,NULL,199937.30,0,1,'2021-08-13','2021-08-13',9,40752,NULL,'Agrifeed',1,0,13082021,NULL,'',1,'2021-09-07 11:31:16','2021-09-07 11:31:16',NULL),(166,3800,NULL,NULL,NULL,NULL,NULL,3275,NULL,NULL,NULL,NULL,95640.00,0,1,'2021-03-03','2021-03-03',9,40752,NULL,'Agrifeed',1,0,3032021,NULL,'',1,'2021-09-07 11:32:44','2021-09-09 14:21:28','2021-09-09 14:21:28'),(167,3800,NULL,NULL,NULL,NULL,NULL,3276,NULL,NULL,NULL,NULL,567152.10,0,1,'2021-03-10','2021-03-10',9,40752,NULL,'Agrifeed',1,0,10032021,NULL,'',1,'2021-09-07 11:34:09','2021-09-07 11:34:09',NULL),(168,3800,NULL,NULL,NULL,NULL,NULL,3277,NULL,NULL,NULL,NULL,133100.00,0,1,'2021-04-19','2021-04-19',9,40752,NULL,'Agrifeed',1,0,19042021,NULL,'',1,'2021-09-07 11:35:46','2021-11-03 17:12:23','2021-11-03 17:12:23'),(169,3800,NULL,NULL,NULL,NULL,NULL,3278,NULL,NULL,NULL,NULL,133100.00,0,1,'2021-05-03','2021-05-03',9,40752,NULL,'Agrifeed',1,0,3052021,NULL,'',1,'2021-09-07 11:37:09','2021-09-07 11:37:09',NULL),(170,3800,NULL,NULL,NULL,NULL,NULL,3279,NULL,NULL,NULL,NULL,145200.00,0,1,'2021-05-19','2021-05-19',9,40752,NULL,'Agrifeed',1,0,19052021,NULL,'',1,'2021-09-07 11:38:35','2021-09-07 11:38:35',NULL),(171,3800,NULL,NULL,NULL,NULL,NULL,3280,NULL,NULL,NULL,NULL,157300.00,0,1,'2021-05-27','2021-05-27',9,40752,NULL,'Agrifeed',1,0,27052021,NULL,'',1,'2021-09-07 11:39:55','2021-09-07 11:39:55',NULL),(172,3800,NULL,NULL,NULL,NULL,NULL,3281,NULL,NULL,NULL,NULL,600000.00,0,1,'2021-04-05','2021-04-05',9,40752,NULL,'Agrifeed',1,0,5042021,NULL,'',1,'2021-09-07 11:41:25','2021-09-07 11:41:25',NULL),(173,3800,NULL,NULL,NULL,NULL,NULL,3282,NULL,NULL,NULL,NULL,699602.90,0,1,'2021-04-07','2021-04-07',9,40752,NULL,'Agrifeed',1,0,7042021,NULL,'',1,'2021-09-07 11:42:47','2021-09-07 11:42:47',NULL),(174,3800,NULL,NULL,NULL,NULL,NULL,3283,NULL,NULL,NULL,NULL,699602.90,0,1,'2021-04-07','2021-04-07',9,40752,NULL,'Agrifeed',1,0,7042021,NULL,'',1,'2021-09-07 11:44:21','2021-09-07 11:44:21',NULL),(175,3800,NULL,NULL,NULL,NULL,NULL,3284,NULL,NULL,NULL,NULL,99602.90,0,1,'2021-04-07','2021-04-07',9,40752,NULL,'Agrifeed',1,0,7042021,NULL,'',1,'2021-09-07 11:45:47','2021-09-07 11:45:47',NULL),(176,3800,NULL,NULL,NULL,NULL,NULL,3285,NULL,NULL,NULL,NULL,699602.90,0,1,'2021-04-09','2021-04-09',9,40752,NULL,'Agrifeed',1,0,9042021,NULL,'',1,'2021-09-07 11:47:10','2021-09-07 11:47:10',NULL),(177,3800,NULL,NULL,NULL,NULL,NULL,3286,NULL,NULL,NULL,NULL,701440.74,0,1,'2021-04-14','2021-04-14',9,40752,NULL,'Agrifeed',1,0,14042021,NULL,'',1,'2021-09-07 11:48:32','2021-09-07 11:48:32',NULL),(178,3800,NULL,NULL,NULL,NULL,NULL,3287,NULL,NULL,NULL,NULL,706647.94,0,1,'2021-04-14','2021-04-14',9,40752,NULL,'Agrifeed',1,0,14042021,NULL,'',1,'2021-09-07 11:55:36','2021-09-07 11:55:36',NULL),(179,3800,NULL,NULL,NULL,NULL,NULL,3288,NULL,NULL,NULL,NULL,706647.94,0,1,'2021-04-21','2021-04-21',9,40752,NULL,'Agrifeed',1,0,21042021,NULL,'',1,'2021-09-07 11:58:08','2021-09-07 11:58:08',NULL),(180,3800,NULL,NULL,NULL,NULL,NULL,3289,NULL,NULL,NULL,NULL,709251.54,0,1,'2021-04-22','2021-04-22',9,40752,NULL,'Agrifeed',1,0,22042021,NULL,'',1,'2021-09-07 11:59:22','2021-09-07 11:59:22',NULL);
INSERT INTO `ctacte_cheques` VALUES (181,3800,NULL,NULL,NULL,NULL,NULL,3290,NULL,NULL,NULL,NULL,709251.54,0,1,'2021-04-27','2021-04-27',9,40752,NULL,'Agrifeed',1,0,27042021,NULL,'',1,'2021-09-07 12:00:39','2021-09-07 12:00:39',NULL),(182,3800,NULL,NULL,NULL,NULL,NULL,3291,NULL,NULL,NULL,NULL,712391.29,0,1,'2021-04-27','2021-04-27',9,40752,NULL,'Agrifeed',1,0,27042021,NULL,'',1,'2021-09-07 12:02:32','2021-09-07 12:02:32',NULL),(183,3800,NULL,NULL,NULL,NULL,NULL,3292,NULL,NULL,NULL,NULL,717904.69,0,1,'2021-05-11','2021-05-11',9,40752,NULL,'Agrifeed',1,0,11052021,NULL,'',1,'2021-09-07 12:03:49','2021-09-07 12:03:49',NULL),(184,3800,NULL,NULL,NULL,NULL,NULL,3293,NULL,NULL,NULL,NULL,714458.74,0,1,'2021-05-11','2021-05-11',9,40752,NULL,'Agrifeed',1,0,11052021,NULL,'',1,'2021-09-07 12:05:08','2021-09-07 12:05:08',NULL),(185,3800,NULL,NULL,NULL,NULL,NULL,3294,NULL,NULL,NULL,NULL,719895.68,0,1,'2021-05-21','2021-05-21',9,40752,NULL,'Agrifeed',1,0,21052021,NULL,'',1,'2021-09-07 12:07:05','2021-09-07 12:07:05',NULL),(186,3800,NULL,NULL,NULL,NULL,NULL,3295,NULL,NULL,NULL,NULL,717904.00,0,1,'2021-05-26','2021-05-26',9,40752,NULL,'Agrifeed',1,0,26052021,NULL,'',1,'2021-09-07 12:09:06','2021-09-07 12:09:06',NULL),(187,3800,NULL,NULL,NULL,NULL,NULL,3296,NULL,NULL,NULL,NULL,606656.05,0,1,'2021-05-26','2021-05-26',9,40752,NULL,'Agrifeed',1,0,26052021,NULL,'',1,'2021-09-07 12:12:00','2021-09-07 12:12:00',NULL),(188,3800,NULL,NULL,NULL,NULL,NULL,3297,NULL,NULL,NULL,NULL,606656.05,0,1,'2021-06-01','2021-06-01',9,40752,NULL,'Agrifeed',1,0,1062021,NULL,'',1,'2021-09-07 12:13:19','2021-09-07 12:13:19',NULL),(189,3800,NULL,NULL,NULL,NULL,NULL,3298,NULL,NULL,NULL,NULL,650000.00,0,1,'2021-06-09','2021-06-09',9,40752,NULL,'Agrifeed',1,0,9062021,NULL,'',1,'2021-09-07 12:14:48','2021-09-07 12:14:48',NULL),(190,3800,NULL,NULL,NULL,NULL,NULL,3299,NULL,NULL,NULL,NULL,600000.00,0,1,'2021-06-11','2021-06-11',9,40752,NULL,'Agrifeed',1,0,11062021,NULL,'',1,'2021-09-07 12:16:10','2021-09-07 12:16:10',NULL),(191,3800,NULL,NULL,NULL,NULL,NULL,3300,NULL,NULL,NULL,NULL,850000.00,0,1,'2021-06-15','2021-06-15',9,40752,NULL,'Agrifeed',1,0,15062021,NULL,'',1,'2021-09-07 12:17:50','2021-09-07 12:17:50',NULL),(192,3800,NULL,NULL,NULL,NULL,NULL,3301,NULL,NULL,NULL,NULL,1120337.40,0,1,'2021-06-28','2021-06-28',9,40752,NULL,'Agrifeed',1,0,28062021,NULL,'',1,'2021-09-07 13:01:41','2021-09-07 13:01:41',NULL),(193,3800,NULL,NULL,NULL,NULL,NULL,3302,NULL,NULL,NULL,NULL,869799.39,0,1,'2021-07-16','2021-07-16',9,40752,NULL,'Agrifeed',1,0,16072021,NULL,'',1,'2021-09-07 13:03:08','2021-09-07 13:03:08',NULL),(194,3800,NULL,NULL,NULL,NULL,NULL,3303,NULL,NULL,NULL,NULL,800000.00,0,1,'2021-08-02','2021-08-02',9,40752,NULL,'Agrifeed',1,0,2082021,NULL,'',1,'2021-09-07 13:04:30','2021-09-07 13:04:30',NULL),(195,3800,NULL,NULL,NULL,NULL,NULL,3304,NULL,NULL,NULL,NULL,71536.05,0,1,'2021-08-13','2021-08-13',9,40752,NULL,'Agrifeed',1,0,13082021,NULL,'',1,'2021-09-07 13:05:50','2021-09-07 13:05:50',NULL),(196,3800,NULL,NULL,NULL,NULL,NULL,3305,NULL,NULL,NULL,NULL,52785.04,0,1,'2021-05-18','2021-05-18',9,40752,NULL,'Agrifeed',1,0,18052021,NULL,'',1,'2021-09-07 13:07:20','2021-09-07 13:07:20',NULL),(197,3800,NULL,NULL,NULL,NULL,NULL,3306,NULL,NULL,NULL,NULL,120887.91,0,1,'2021-05-18','2021-05-18',9,40752,NULL,'Agrifeed',1,0,18052021,NULL,'',1,'2021-09-07 13:08:43','2021-09-07 13:08:43',NULL),(198,3800,NULL,NULL,NULL,NULL,NULL,3307,NULL,NULL,NULL,NULL,80000.00,0,1,'2021-05-26','2021-05-26',9,40752,NULL,'Agrifeed',1,0,26052021,NULL,'',1,'2021-09-07 13:10:06','2021-09-07 13:10:06',NULL),(199,3800,NULL,NULL,NULL,NULL,NULL,3308,NULL,NULL,NULL,NULL,50600.00,0,1,'2021-07-27','2021-07-27',9,40752,NULL,'Agrifeed',1,0,27072021,NULL,'',1,'2021-09-07 13:11:41','2021-09-07 13:11:41',NULL),(200,3800,NULL,NULL,NULL,NULL,NULL,3309,NULL,NULL,NULL,NULL,114950.00,0,1,'2021-04-16','2021-04-16',9,40752,NULL,'Agrifeed',1,0,16042021,NULL,'',1,'2021-09-07 13:13:04','2021-09-07 13:13:04',NULL);
INSERT INTO `ctacte_cheques` VALUES (201,3800,NULL,NULL,NULL,NULL,NULL,3310,NULL,NULL,NULL,NULL,121000.00,0,1,'2021-04-22','2021-04-22',9,40752,NULL,'Agrifeed',1,0,22042021,NULL,'',1,'2021-09-07 14:19:50','2021-09-07 14:19:50',NULL),(202,3800,NULL,NULL,NULL,NULL,NULL,3311,NULL,NULL,NULL,NULL,144143.40,0,1,'2021-06-15','2021-06-15',9,40752,NULL,'Agrifeed',1,0,15062021,NULL,'',1,'2021-09-07 14:21:43','2021-09-07 14:21:43',NULL),(203,3800,NULL,NULL,NULL,NULL,NULL,3312,NULL,NULL,NULL,NULL,114950.00,0,1,'2021-03-30','2021-03-30',9,40752,NULL,'Agrifeed',1,0,30032021,NULL,'',1,'2021-09-07 14:23:16','2021-09-07 14:23:16',NULL),(204,3800,NULL,NULL,NULL,NULL,NULL,3313,NULL,NULL,NULL,NULL,121000.00,0,1,'2021-04-16','2021-04-16',9,40752,NULL,'Agrifeed',1,0,16042021,NULL,'',1,'2021-09-07 14:24:36','2021-11-08 12:30:50','2021-11-08 12:30:50'),(205,3800,NULL,NULL,NULL,NULL,NULL,3314,NULL,NULL,NULL,NULL,121000.00,0,1,'2021-04-16','2021-04-16',9,40752,NULL,'Agrifeed',1,0,16042021,NULL,'',1,'2021-09-07 14:25:51','2021-09-07 14:25:51',NULL),(206,3800,NULL,NULL,NULL,NULL,NULL,3315,NULL,NULL,NULL,NULL,121000.00,0,1,'2021-04-19','2021-04-19',9,40752,NULL,'Agrifeed',1,0,19042021,NULL,'',1,'2021-09-07 14:27:39','2021-09-07 14:27:39',NULL),(207,3800,NULL,NULL,NULL,NULL,NULL,3316,NULL,NULL,NULL,NULL,121000.00,0,1,'2021-05-04','2021-05-04',9,40752,NULL,'Agrifeed',1,0,4052021,NULL,'',1,'2021-09-07 14:29:03','2021-09-07 14:29:03',NULL),(208,3800,NULL,NULL,NULL,NULL,NULL,3317,NULL,NULL,NULL,NULL,121000.00,0,1,'2021-05-11','2021-05-11',9,40752,NULL,'Agrifeed',1,0,11052021,NULL,'',1,'2021-09-07 14:30:17','2021-09-07 14:30:17',NULL),(209,3800,NULL,NULL,NULL,NULL,NULL,3318,NULL,NULL,NULL,NULL,127050.00,0,1,'2021-05-04','2021-05-04',9,40752,NULL,'Agrifeed',1,0,4052021,NULL,'',1,'2021-09-07 14:31:41','2021-09-07 14:31:41',NULL),(210,3800,NULL,NULL,NULL,NULL,NULL,3319,NULL,NULL,NULL,NULL,163350.00,0,1,'2021-05-28','2021-05-28',9,40752,NULL,'Agrifeed',1,0,28052021,NULL,'',1,'2021-09-07 14:35:47','2021-09-07 14:35:47',NULL),(211,3800,NULL,NULL,NULL,NULL,NULL,3320,NULL,NULL,NULL,NULL,133100.00,0,1,'2021-05-11','2021-05-11',9,40752,NULL,'Agrifeed',1,0,11052021,NULL,'',1,'2021-09-07 14:37:03','2021-09-07 14:37:03',NULL),(212,3800,NULL,NULL,NULL,NULL,NULL,3321,NULL,NULL,NULL,NULL,145200.00,0,1,'2021-05-11','2021-05-11',9,40752,NULL,'Agrifeed',1,0,11052021,NULL,'',1,'2021-09-07 14:42:30','2021-09-07 14:42:30',NULL),(213,3800,NULL,NULL,NULL,NULL,NULL,3322,NULL,NULL,NULL,NULL,133100.00,0,1,'2021-05-11','2021-05-11',9,40752,NULL,'Agrifeed',1,0,11052021,NULL,'',1,'2021-09-07 14:44:11','2021-09-07 14:44:11',NULL),(214,3800,NULL,NULL,NULL,NULL,NULL,3323,NULL,NULL,NULL,NULL,145200.00,0,1,'2021-06-02','2021-06-02',9,40752,NULL,'Agrifeed',1,0,2062021,NULL,'',1,'2021-09-07 14:45:55','2021-11-06 19:20:24','2021-11-06 19:20:24'),(215,3800,NULL,NULL,NULL,NULL,NULL,3324,NULL,NULL,NULL,NULL,133100.00,0,1,'2021-06-02','2021-06-02',9,40752,NULL,'Agrifeed',1,0,2062021,NULL,'',1,'2021-09-07 14:47:28','2021-11-06 19:20:12','2021-11-06 19:20:12'),(216,3800,NULL,NULL,NULL,NULL,NULL,3325,NULL,NULL,NULL,NULL,115821.20,0,1,'2021-05-13','2021-05-13',9,40752,NULL,'Agrifeed',1,0,13052021,NULL,'',1,'2021-09-07 14:48:55','2021-09-07 14:48:55',NULL),(217,3800,NULL,NULL,NULL,NULL,NULL,3326,NULL,NULL,NULL,NULL,225036.00,0,1,'2021-06-04','2021-06-04',9,40752,NULL,'Agrifeed',1,0,4062021,NULL,'',1,'2021-09-07 14:50:35','2021-09-07 14:50:35',NULL),(218,3800,NULL,NULL,NULL,NULL,NULL,3327,NULL,NULL,NULL,NULL,50280.00,0,1,'2021-05-21','2021-05-21',9,40752,NULL,'Agrifeed',1,0,21052021,NULL,'',1,'2021-09-07 14:52:04','2021-09-07 14:52:04',NULL),(219,3800,NULL,NULL,NULL,NULL,NULL,3328,NULL,NULL,NULL,NULL,20000.00,0,1,'2021-06-23','2021-06-23',9,40752,NULL,'Agrifeed',1,0,23062021,NULL,'',1,'2021-09-07 14:53:21','2021-09-07 14:53:21',NULL),(220,3800,NULL,NULL,NULL,NULL,NULL,3329,NULL,NULL,NULL,NULL,149400.00,0,1,'2021-07-22','2021-07-22',9,40752,NULL,'Agrifeed',1,0,22072021,NULL,'',1,'2021-09-07 14:54:39','2021-09-07 14:54:39',NULL);
INSERT INTO `ctacte_cheques` VALUES (221,3800,NULL,NULL,NULL,NULL,NULL,3330,NULL,NULL,NULL,NULL,60500.00,0,1,'2021-05-14','2021-05-14',9,40752,NULL,'Agrifeed',1,0,14052021,NULL,'',1,'2021-09-07 14:55:58','2021-09-07 14:55:58',NULL),(222,3800,NULL,NULL,NULL,NULL,NULL,3331,NULL,NULL,NULL,NULL,60500.00,0,1,'2021-06-17','2021-06-17',9,40752,NULL,'Agrifeed',1,0,17062021,NULL,'',1,'2021-09-07 14:57:23','2021-09-07 14:57:23',NULL),(223,3800,NULL,NULL,NULL,NULL,NULL,3332,NULL,NULL,NULL,NULL,144143.40,0,1,'2021-06-15','2021-06-15',9,40752,NULL,'Agrifeed',1,0,15062021,NULL,'',1,'2021-09-07 14:58:45','2021-09-07 14:58:45',NULL),(224,3800,NULL,NULL,NULL,NULL,NULL,3333,NULL,NULL,NULL,NULL,78190.20,0,1,'2021-04-05','2021-04-05',9,40752,NULL,'Agrifeed',1,0,5042021,NULL,'',1,'2021-09-07 15:11:17','2021-09-07 15:11:17',NULL),(225,3800,NULL,NULL,NULL,NULL,NULL,3820,NULL,NULL,NULL,NULL,831060.00,1,0,'2021-08-31','2021-08-31',9,40752,NULL,'AGRIFEED',1,0,779744,NULL,'',1,'2021-10-15 11:17:56','2021-11-02 16:19:12','2021-11-02 16:19:12'),(226,3794,NULL,NULL,NULL,NULL,NULL,3821,NULL,NULL,NULL,NULL,1865800.00,1,0,'2021-10-01','2021-10-01',9,40752,NULL,'AGRIFEED',1,0,785785,NULL,'',1,'2021-10-15 11:19:06','2021-10-15 11:19:06',NULL),(227,5627,NULL,NULL,NULL,NULL,NULL,3844,NULL,NULL,NULL,NULL,223429.10,0,1,'2021-09-10','2021-09-10',9,40752,NULL,'Agrifeed',1,0,10092021,NULL,'',1,'2021-10-25 15:50:26','2021-10-25 15:50:26',NULL),(228,5627,NULL,NULL,NULL,NULL,NULL,3845,NULL,NULL,NULL,NULL,168766.29,0,1,'2021-09-07','2021-09-07',9,40752,NULL,'Agrifeed',1,0,7092021,NULL,'',1,'2021-10-25 15:52:39','2021-10-25 15:52:39',NULL),(229,5627,NULL,NULL,NULL,NULL,NULL,3846,NULL,NULL,NULL,NULL,30382.32,0,1,'2021-09-07','2021-09-07',9,40752,NULL,'Agrifeed',1,0,7092021,NULL,'',1,'2021-10-25 15:54:37','2021-10-25 15:54:37',NULL),(230,5627,NULL,NULL,NULL,NULL,NULL,3847,NULL,NULL,NULL,NULL,202924.33,0,1,'2021-09-15','2021-09-15',9,40752,NULL,'Agrifeed',1,0,15092021,NULL,'',1,'2021-10-25 15:56:24','2021-10-25 15:56:24',NULL),(231,5627,NULL,NULL,NULL,NULL,NULL,3848,NULL,NULL,NULL,NULL,33256.80,0,1,'2021-09-08','2021-09-08',9,40752,NULL,'Agrifeed',1,0,8092021,NULL,'',1,'2021-10-25 15:58:47','2021-10-25 15:58:47',NULL),(232,5627,NULL,NULL,NULL,NULL,NULL,3849,NULL,NULL,NULL,NULL,111600.00,0,1,'2021-09-08','2021-09-08',9,40752,NULL,'Agrifeed',1,0,8092021,NULL,'',1,'2021-10-25 16:00:15','2021-10-25 16:00:15',NULL),(233,5627,NULL,NULL,NULL,NULL,NULL,3850,NULL,NULL,NULL,NULL,111600.00,0,1,'2021-09-01','2021-09-01',9,40752,NULL,'Agrifeed',1,0,1092021,NULL,'',1,'2021-10-25 16:01:54','2021-10-25 16:01:54',NULL),(234,5627,NULL,NULL,NULL,NULL,NULL,3851,NULL,NULL,NULL,NULL,98010.00,0,1,'2021-09-28','2021-09-28',9,40752,NULL,'Agrifeed',1,0,28092021,NULL,'',1,'2021-10-25 16:08:42','2021-10-25 16:08:42',NULL),(235,5627,NULL,NULL,NULL,NULL,NULL,3852,NULL,NULL,NULL,NULL,163979.20,0,1,'2021-09-22','2021-09-22',9,40752,NULL,'Agrifeed',1,0,22092021,NULL,'',1,'2021-10-25 16:10:23','2021-10-25 16:10:23',NULL),(236,5627,NULL,NULL,NULL,NULL,NULL,3853,NULL,NULL,NULL,NULL,138932.20,0,1,'2021-09-22','2021-09-22',9,40752,NULL,'Agrifeed',1,0,22092021,NULL,'',1,'2021-10-25 16:11:33','2021-10-25 16:11:33',NULL),(237,5627,NULL,NULL,NULL,NULL,NULL,3854,NULL,NULL,NULL,NULL,98029.36,0,1,'2021-09-10','2021-09-10',9,40752,NULL,'Agrifeed',1,0,10092021,NULL,'',1,'2021-10-25 16:12:48','2021-10-25 16:12:48',NULL),(238,5627,NULL,NULL,NULL,NULL,NULL,3855,NULL,NULL,NULL,NULL,92008.40,0,1,'2021-09-02','2021-09-02',9,40752,NULL,'Agrifeed',1,0,2092021,NULL,'',1,'2021-10-25 16:14:09','2021-10-25 16:14:09',NULL),(239,5627,NULL,NULL,NULL,NULL,NULL,3856,NULL,NULL,NULL,NULL,800000.00,0,1,'2021-09-16','2021-09-16',9,40752,NULL,'Agrifeed',1,0,16092021,NULL,'',1,'2021-10-25 16:21:34','2021-10-25 16:21:34',NULL),(240,5627,NULL,NULL,NULL,NULL,NULL,3857,NULL,NULL,NULL,NULL,2000000.00,0,1,'2021-09-14','2021-09-14',9,40752,NULL,'Agrifeed',1,0,14092021,NULL,'',1,'2021-10-25 16:22:57','2021-10-25 16:22:57',NULL);
INSERT INTO `ctacte_cheques` VALUES (241,5627,NULL,NULL,NULL,NULL,NULL,3858,NULL,NULL,NULL,NULL,2000000.00,0,1,'2021-09-13','2021-09-13',9,40752,NULL,'Agrifeed',1,0,13092021,NULL,'',1,'2021-10-25 16:24:20','2021-10-25 16:24:20',NULL),(242,5627,NULL,NULL,NULL,NULL,NULL,3859,NULL,NULL,NULL,NULL,1000000.00,0,1,'2021-09-10','2021-09-10',9,40752,NULL,'Agrifeed',1,0,10092021,NULL,'',1,'2021-10-25 16:25:30','2021-10-25 16:25:30',NULL),(243,5627,NULL,NULL,NULL,NULL,NULL,3860,NULL,NULL,NULL,NULL,641706.00,0,1,'2021-09-07','2021-09-07',9,40752,NULL,'Agrifeed',1,0,7092021,NULL,'',1,'2021-10-25 16:26:48','2021-10-25 16:26:48',NULL),(244,5627,NULL,NULL,NULL,NULL,NULL,3861,NULL,NULL,NULL,NULL,12000.00,0,1,'2021-09-28','2021-09-28',9,40752,NULL,'Agrifeed',1,0,18092021,NULL,'',1,'2021-10-25 16:28:09','2021-10-25 16:28:09',NULL),(245,5627,NULL,NULL,NULL,NULL,NULL,3862,NULL,NULL,NULL,NULL,51098.30,0,1,'2021-09-09','2021-09-09',9,40752,NULL,'Agrifeed',1,0,9092021,NULL,'',1,'2021-10-25 16:31:08','2021-10-25 16:31:08',NULL),(246,5627,NULL,NULL,NULL,NULL,NULL,3863,NULL,NULL,NULL,NULL,48106.50,0,1,'2021-09-01','2021-09-01',9,40752,NULL,'Agrifeed',1,0,1092021,NULL,'',1,'2021-10-25 16:32:31','2021-10-25 16:32:31',NULL),(247,5627,NULL,NULL,NULL,NULL,NULL,3864,NULL,NULL,NULL,NULL,66550.00,0,1,'2021-09-15','2021-09-15',9,40752,NULL,'Agrifeed',1,0,15092021,NULL,'',1,'2021-10-25 16:34:01','2021-10-25 16:34:01',NULL),(248,5627,NULL,NULL,NULL,NULL,NULL,3865,NULL,NULL,NULL,NULL,48400.00,0,1,'2021-09-17','2021-09-17',9,40752,NULL,'Agrifeed',1,0,17092021,NULL,'',1,'2021-10-25 16:35:28','2021-10-25 16:35:28',NULL),(249,5627,NULL,NULL,NULL,NULL,NULL,3866,NULL,NULL,NULL,NULL,30250.00,0,1,'2021-09-14','2021-09-14',9,40752,NULL,'Agrifeed',1,0,14092021,NULL,'',1,'2021-10-25 16:36:53','2021-10-25 16:36:53',NULL),(250,5627,NULL,NULL,NULL,NULL,NULL,3867,NULL,NULL,NULL,NULL,66550.00,0,1,'2021-09-17','2021-09-17',9,40752,NULL,'Agrifeed',1,0,170920201,NULL,'',1,'2021-10-25 16:38:17','2021-10-25 16:38:17',NULL),(251,5627,NULL,NULL,NULL,NULL,NULL,3868,NULL,NULL,NULL,NULL,500000.00,0,1,'2021-09-24','2021-09-24',9,40752,NULL,'Agrifeed',1,0,24092021,NULL,'',1,'2021-10-25 16:39:48','2021-10-25 16:39:48',NULL),(252,5627,NULL,NULL,NULL,NULL,NULL,3869,NULL,NULL,NULL,NULL,1145919.00,0,1,'2021-09-24','2021-09-24',9,40752,NULL,'Agrifeed',1,0,24092021,NULL,'',1,'2021-10-25 16:41:44','2021-10-25 16:41:44',NULL),(253,5627,NULL,NULL,NULL,NULL,NULL,3870,NULL,NULL,NULL,NULL,1000000.00,0,1,'2021-09-22','2021-09-22',9,40752,NULL,'Agrifeed',1,0,22092021,NULL,'',1,'2021-10-25 16:43:01','2021-10-25 16:43:01',NULL),(254,5627,NULL,NULL,NULL,NULL,NULL,3871,NULL,NULL,NULL,NULL,17242.50,0,1,'2021-09-30','2021-09-30',9,40752,NULL,'Agrifeed',1,0,30092021,NULL,'',1,'2021-10-25 16:46:03','2021-10-25 16:46:03',NULL),(255,5627,NULL,NULL,NULL,NULL,NULL,3872,NULL,NULL,NULL,NULL,66550.00,0,1,'2021-09-17','2021-09-17',9,40752,NULL,'Agrifeed',1,0,17092021,NULL,'',1,'2021-10-25 16:47:25','2021-10-25 16:47:25',NULL),(256,5627,NULL,NULL,NULL,NULL,NULL,3873,NULL,NULL,NULL,NULL,50820.00,0,1,'2021-09-14','2021-09-14',9,40752,NULL,'Agrifeed',1,0,14092021,NULL,'',1,'2021-10-25 16:48:50','2021-10-25 16:48:50',NULL),(257,5627,NULL,NULL,NULL,NULL,NULL,3874,NULL,NULL,NULL,NULL,207555.00,0,1,'2021-09-17','2021-09-17',9,40752,NULL,'Agrifeed',1,0,17092021,NULL,'',1,'2021-10-25 16:50:31','2021-10-25 16:50:31',NULL),(258,5627,NULL,NULL,NULL,NULL,NULL,3875,NULL,NULL,NULL,NULL,180000.00,0,1,'2021-09-23','2021-09-23',9,40752,NULL,'Agrifeed',1,0,23092021,NULL,'',1,'2021-10-25 16:51:52','2021-10-25 16:51:52',NULL),(259,5627,NULL,NULL,NULL,NULL,NULL,3876,NULL,NULL,NULL,NULL,240000.00,0,1,'2021-09-17','2021-09-17',9,40752,NULL,'Agrifeed',1,0,17092021,NULL,'',1,'2021-10-25 16:53:10','2021-10-25 16:53:10',NULL),(260,5627,NULL,NULL,NULL,NULL,NULL,3877,NULL,NULL,NULL,NULL,36300.00,0,1,'2021-10-25','2021-09-14',9,40752,NULL,'Agrifeed',1,0,14092021,NULL,'',1,'2021-10-25 16:54:21','2021-10-25 16:54:21',NULL);
INSERT INTO `ctacte_cheques` VALUES (261,5627,NULL,NULL,NULL,NULL,NULL,3878,NULL,NULL,NULL,NULL,130000.00,0,1,'2021-09-09','2021-09-09',9,40752,NULL,'Agrifeed',1,0,9092021,NULL,'',1,'2021-10-25 16:55:38','2021-10-25 16:55:38',NULL),(262,5627,NULL,NULL,NULL,NULL,NULL,3879,NULL,NULL,NULL,NULL,187308.00,0,1,'2021-09-27','2021-09-27',9,40752,NULL,'Agrifeed',1,0,27092021,NULL,'',1,'2021-10-25 16:59:15','2021-10-25 16:59:15',NULL),(263,5627,NULL,NULL,NULL,NULL,NULL,3880,NULL,NULL,NULL,NULL,4500.00,0,1,'2021-09-21','2021-09-21',9,40752,NULL,'Agrifeed',1,0,21092021,NULL,'',1,'2021-10-25 17:01:09','2021-10-25 17:01:09',NULL),(264,3800,NULL,NULL,NULL,NULL,NULL,3881,NULL,NULL,NULL,NULL,201287.30,0,1,'2021-09-06','2021-09-06',9,40752,NULL,'Agrifeed',1,0,6092021,NULL,'',1,'2021-10-25 17:02:32','2021-10-29 12:08:31','2021-10-29 12:08:31'),(265,5627,NULL,NULL,NULL,NULL,NULL,3882,NULL,NULL,NULL,NULL,60000.00,0,1,'2021-09-28','2021-09-28',9,40752,NULL,'Agrifeed',1,0,28092021,NULL,'',1,'2021-10-25 17:03:57','2021-10-25 17:03:57',NULL),(266,5627,NULL,NULL,NULL,NULL,NULL,3883,NULL,NULL,NULL,NULL,100000.00,0,1,'2021-09-09','2021-09-09',9,40752,NULL,'Agrifeed',1,0,9092021,NULL,'',1,'2021-10-25 17:05:08','2021-10-25 17:05:08',NULL),(267,5627,NULL,NULL,NULL,NULL,NULL,3884,NULL,NULL,NULL,NULL,100000.00,0,1,'2021-09-01','2021-09-01',9,40752,NULL,'Agrifeed',1,0,1092021,NULL,'',1,'2021-10-25 17:06:29','2021-10-25 17:06:29',NULL),(268,5627,NULL,NULL,NULL,NULL,NULL,3885,NULL,NULL,NULL,NULL,36300.00,0,1,'2021-09-14','2021-09-14',9,40752,NULL,'Agrifeed',1,0,14092021,NULL,'',1,'2021-10-25 17:09:05','2021-10-25 17:09:05',NULL),(269,5627,NULL,NULL,NULL,NULL,NULL,3886,NULL,NULL,NULL,NULL,66550.00,0,1,'2021-09-15','2021-09-15',9,40752,NULL,'Agrifeed',1,0,15092021,NULL,'',1,'2021-10-25 17:10:24','2021-10-25 17:10:24',NULL),(270,5627,NULL,NULL,NULL,NULL,NULL,3887,NULL,NULL,NULL,NULL,24000.00,0,1,'2021-09-16','2021-09-16',9,40752,NULL,'Agrifeed',1,0,16092021,NULL,'',1,'2021-10-25 17:11:34','2021-10-25 17:11:34',NULL),(271,5627,NULL,NULL,NULL,NULL,NULL,3888,NULL,NULL,NULL,NULL,188760.00,0,1,'2021-09-13','2021-09-13',9,40752,NULL,'Agrifeed',1,0,13092021,NULL,'',1,'2021-10-25 17:12:59','2021-10-25 17:12:59',NULL),(272,5627,NULL,NULL,NULL,NULL,NULL,3889,NULL,NULL,NULL,NULL,18842.00,0,1,'2021-09-13','2021-09-13',9,40752,NULL,'Agrifeed',1,0,13092021,NULL,'',1,'2021-10-25 17:14:14','2021-10-25 17:14:14',NULL),(273,3800,NULL,NULL,NULL,NULL,NULL,3890,NULL,NULL,NULL,NULL,201287.30,0,1,'2021-09-06','2021-09-06',9,40752,NULL,'agrefeed',1,0,609,NULL,'',1,'2021-10-29 12:19:34','2021-10-29 12:19:34',NULL),(274,3800,NULL,NULL,NULL,NULL,NULL,3904,NULL,NULL,NULL,NULL,539980.00,0,1,'2021-08-31','2021-11-01',9,40752,NULL,'agrefeed',1,0,123,NULL,'',1,'2021-11-01 16:53:16','2021-11-01 16:53:16',NULL),(275,3800,NULL,NULL,NULL,NULL,NULL,3907,NULL,NULL,NULL,NULL,884110.00,0,1,'2021-07-01','2021-11-01',9,40752,NULL,'agrefeed',1,0,107,NULL,'',1,'2021-11-01 16:57:35','2021-11-01 16:57:35',NULL),(276,3800,NULL,NULL,NULL,NULL,NULL,3908,NULL,NULL,NULL,NULL,884110.00,0,1,'2021-07-01','2021-11-01',9,40752,NULL,'agrefeed',1,0,107,NULL,'',1,'2021-11-01 16:57:36','2021-11-06 11:38:48','2021-11-06 11:38:48'),(277,3800,NULL,NULL,NULL,NULL,NULL,3912,NULL,NULL,NULL,NULL,700000.00,0,1,'2021-08-13','2021-08-13',9,40752,NULL,'agrefeed',1,0,234,NULL,'',1,'2021-11-01 17:27:34','2021-11-01 17:27:34',NULL),(278,3800,NULL,NULL,NULL,NULL,NULL,3913,NULL,NULL,NULL,NULL,611380.00,0,1,'2021-07-15','2021-07-15',9,40752,NULL,'agrefeed',1,0,611,NULL,'',1,'2021-11-01 17:47:20','2021-11-01 17:47:20',NULL),(279,3800,NULL,NULL,NULL,NULL,NULL,3939,NULL,NULL,NULL,NULL,366550.59,0,1,'2021-09-20','2021-09-20',9,40752,NULL,'agrifeed',1,0,123,NULL,'',1,'2021-11-03 16:53:23','2021-11-03 16:53:23',NULL),(280,3800,NULL,NULL,NULL,NULL,NULL,4181,NULL,NULL,NULL,NULL,224408.83,0,1,'2021-06-24','2021-06-24',9,40752,NULL,'ag',1,0,2406,NULL,'',1,'2021-11-05 20:20:31','2021-11-05 20:20:31',NULL);
INSERT INTO `ctacte_cheques` VALUES (281,3800,NULL,NULL,NULL,NULL,NULL,4182,NULL,NULL,NULL,NULL,113782.35,0,1,'2021-07-13','2021-07-13',9,40752,NULL,'a',1,0,1307,NULL,'',1,'2021-11-05 20:21:45','2021-11-05 20:21:45',NULL),(282,3800,NULL,NULL,NULL,NULL,NULL,4183,NULL,NULL,NULL,NULL,90434.19,0,1,'2021-07-21','2021-07-21',9,40752,NULL,'a',1,0,2107,NULL,'',1,'2021-11-05 20:23:15','2021-11-05 20:23:15',NULL),(283,3800,NULL,NULL,NULL,NULL,NULL,4184,NULL,NULL,NULL,NULL,300000.00,0,1,'2021-07-22','2021-07-22',9,40752,NULL,'a',1,0,2207,NULL,'',1,'2021-11-05 20:24:55','2021-11-05 20:24:55',NULL),(284,3800,NULL,NULL,NULL,NULL,NULL,4185,NULL,NULL,NULL,NULL,300000.00,0,1,'2021-07-27','2021-07-27',9,40752,NULL,'a',1,0,123,NULL,'',1,'2021-11-05 20:26:14','2021-11-05 20:26:14',NULL),(285,3800,NULL,NULL,NULL,NULL,NULL,4186,NULL,NULL,NULL,NULL,200000.00,0,1,'2021-07-02','2021-11-06',9,40752,NULL,'ag',1,0,207,NULL,'',1,'2021-11-06 10:15:51','2021-11-06 10:15:51',NULL),(286,3800,NULL,NULL,NULL,NULL,NULL,4187,NULL,NULL,NULL,NULL,100000.00,0,1,'2021-07-07','2021-07-07',9,40752,NULL,'a',1,0,707,NULL,'',1,'2021-11-06 10:17:03','2021-11-06 10:17:03',NULL),(287,3800,NULL,NULL,NULL,NULL,NULL,4188,NULL,NULL,NULL,NULL,50000.00,0,1,'2021-08-20','2021-08-20',9,40752,NULL,'a',1,0,2008,NULL,'',1,'2021-11-06 10:18:09','2021-11-06 10:18:09',NULL),(288,3800,NULL,NULL,NULL,NULL,NULL,4189,NULL,NULL,NULL,NULL,142000.00,0,1,'2021-03-19','2021-03-19',9,40752,NULL,'a',1,0,1903,NULL,'',1,'2021-11-06 10:30:47','2021-11-06 10:30:47',NULL),(289,3800,NULL,NULL,NULL,NULL,NULL,4190,NULL,NULL,NULL,NULL,257825.40,0,1,'2021-05-21','2021-11-06',9,40752,NULL,'a',1,0,2105,NULL,'',1,'2021-11-06 10:36:06','2021-11-06 10:36:06',NULL),(290,3800,NULL,NULL,NULL,NULL,NULL,4191,NULL,NULL,NULL,NULL,49399.46,0,1,'2021-07-15','2021-07-15',9,40752,NULL,'a',1,0,1507,NULL,'',1,'2021-11-06 10:37:28','2021-11-06 10:37:28',NULL),(291,3800,NULL,NULL,NULL,NULL,NULL,4192,NULL,NULL,NULL,NULL,59000.00,0,1,'2021-07-06','2021-07-06',9,40752,NULL,'a',1,0,607,NULL,'',1,'2021-11-06 10:39:04','2021-11-06 10:39:04',NULL),(292,3800,NULL,NULL,NULL,NULL,NULL,4194,NULL,NULL,NULL,NULL,60500.00,0,1,'2021-07-07','2021-07-07',9,40719,NULL,'a',1,0,707,NULL,'',1,'2021-11-06 18:47:34','2021-11-08 11:55:54','2021-11-08 11:55:54'),(293,3800,NULL,NULL,NULL,NULL,NULL,4195,NULL,NULL,NULL,NULL,60500.00,0,1,'2021-06-18','2021-06-18',9,40719,NULL,'a',1,0,1806,NULL,'',1,'2021-11-06 18:48:47','2021-11-08 11:56:02','2021-11-08 11:56:02'),(294,3800,NULL,NULL,NULL,NULL,NULL,4196,NULL,NULL,NULL,NULL,48400.00,0,1,'2021-09-17','2021-09-17',9,40719,NULL,'a',1,0,1709,NULL,'',1,'2021-11-06 18:50:16','2021-11-08 11:55:57','2021-11-08 11:55:57'),(295,3800,NULL,NULL,NULL,NULL,NULL,4197,NULL,NULL,NULL,NULL,157300.00,0,1,'2021-07-23','2021-07-23',9,40752,NULL,'a',1,0,2307,NULL,'',1,'2021-11-06 18:57:59','2021-11-06 18:57:59',NULL),(296,3800,NULL,NULL,NULL,NULL,NULL,4198,NULL,NULL,NULL,NULL,81312.00,0,1,'2021-08-19','2021-08-19',9,40752,NULL,'a',1,0,198,NULL,'',1,'2021-11-06 19:12:17','2021-11-06 19:12:17',NULL),(297,3800,NULL,NULL,NULL,NULL,NULL,4199,NULL,NULL,NULL,NULL,130000.00,0,1,'2021-09-09','2021-09-09',9,40752,NULL,'a',1,0,909,NULL,'',1,'2021-11-06 19:14:46','2021-11-06 19:14:46',NULL),(298,3800,NULL,NULL,NULL,NULL,NULL,4200,NULL,NULL,NULL,NULL,133100.00,0,1,'2021-04-19','2021-11-06',9,40752,NULL,'a',1,0,1904,NULL,'',1,'2021-11-06 19:18:27','2021-11-06 19:18:27',NULL),(299,3800,NULL,NULL,NULL,NULL,NULL,4201,NULL,NULL,NULL,NULL,114950.00,0,1,'2021-03-30','2021-03-30',9,40752,NULL,'a',1,0,3003,NULL,'',1,'2021-11-06 19:22:37','2021-11-06 19:22:37',NULL),(300,3800,NULL,NULL,NULL,NULL,NULL,4202,NULL,NULL,NULL,NULL,157300.00,0,1,'2021-07-23','2021-07-23',9,40752,NULL,'a',1,0,2307,NULL,'',1,'2021-11-06 19:26:45','2021-11-06 19:26:45',NULL),(301,3800,NULL,NULL,NULL,NULL,NULL,4203,NULL,NULL,NULL,NULL,133100.00,0,1,'2021-05-11','2021-05-13',9,40752,NULL,'a',1,0,1105,NULL,'',1,'2021-11-06 19:30:12','2021-11-06 19:30:12',NULL);
INSERT INTO `ctacte_cheques` VALUES (302,3800,NULL,NULL,NULL,NULL,NULL,4204,NULL,NULL,NULL,NULL,49399.46,0,1,'2021-07-15','2021-07-15',9,40752,NULL,'a',1,0,1507,NULL,'',1,'2021-11-06 19:38:37','2021-11-06 19:38:37',NULL),(303,3800,NULL,NULL,NULL,NULL,NULL,4205,NULL,NULL,NULL,NULL,63249.34,0,1,'2021-05-18','2021-05-18',9,40752,NULL,'a',1,0,1805,NULL,'',1,'2021-11-06 19:40:23','2021-11-06 19:40:23',NULL),(304,3800,NULL,NULL,NULL,NULL,NULL,4206,NULL,NULL,NULL,NULL,50000.00,0,1,'2021-06-28','2021-06-28',9,40752,NULL,'a',1,0,2806,NULL,'',1,'2021-11-06 19:42:28','2021-11-06 19:42:28',NULL),(305,3800,NULL,NULL,NULL,NULL,NULL,4207,NULL,NULL,NULL,NULL,16495.00,0,1,'2021-04-28','2021-04-28',9,40752,NULL,'a',1,0,2804,NULL,'',1,'2021-11-06 19:44:00','2021-11-06 19:44:00',NULL),(306,3800,NULL,NULL,NULL,NULL,NULL,4208,NULL,NULL,NULL,NULL,48400.00,0,1,'2021-01-17','2021-06-17',9,40752,NULL,'a',1,0,1706,NULL,'',1,'2021-11-06 19:49:16','2021-11-06 19:49:16',NULL),(307,3800,NULL,NULL,NULL,NULL,NULL,4209,NULL,NULL,NULL,NULL,60500.00,0,1,'2021-06-18','2021-06-18',9,40752,NULL,'a',1,0,1806,NULL,'',1,'2021-11-06 19:50:56','2021-11-06 19:50:56',NULL),(308,3800,NULL,NULL,NULL,NULL,NULL,4213,NULL,NULL,NULL,NULL,150000.00,0,1,'2021-04-09','2021-04-09',9,40752,NULL,'AA',1,0,904,NULL,'',1,'2021-11-06 20:11:20','2021-11-06 20:11:20',NULL),(309,3800,NULL,NULL,NULL,NULL,NULL,4214,NULL,NULL,NULL,NULL,60500.00,0,1,'2021-07-07','2021-07-07',9,40752,NULL,'A',1,0,707,NULL,'',1,'2021-11-06 20:14:12','2021-11-06 20:14:12',NULL),(310,3800,NULL,NULL,NULL,NULL,NULL,4234,NULL,NULL,NULL,NULL,48400.00,0,1,'2021-09-17','2021-11-08',9,40752,NULL,'a',1,0,1709,NULL,'',1,'2021-11-08 11:57:55','2021-11-08 11:57:55',NULL),(311,3800,NULL,NULL,NULL,NULL,NULL,4235,NULL,NULL,NULL,NULL,60500.00,0,1,'2021-06-18','2021-06-18',9,40752,NULL,'a',1,0,1806,NULL,'',1,'2021-11-08 11:59:23','2021-11-08 11:59:23',NULL),(312,3800,NULL,NULL,NULL,NULL,NULL,4236,NULL,NULL,NULL,NULL,60500.00,0,1,'2021-07-07','2021-07-07',9,40752,NULL,'a',1,0,707,NULL,'',1,'2021-11-08 12:00:40','2021-11-08 12:00:40',NULL),(313,3800,NULL,NULL,NULL,NULL,NULL,4241,NULL,NULL,NULL,NULL,20328.00,0,1,'2021-07-06','2021-07-06',9,40752,NULL,'a',1,0,607,NULL,'',1,'2021-11-08 12:52:51','2021-11-08 12:52:51',NULL),(314,3800,NULL,NULL,NULL,NULL,NULL,4242,NULL,NULL,NULL,NULL,1789194.00,0,1,'2021-06-07','2021-06-07',9,40752,NULL,'a',1,0,706,NULL,'devolucion del pago realizado el 4/6',1,'2021-11-08 17:52:59','2021-11-08 17:52:59',NULL),(315,5627,NULL,NULL,NULL,NULL,NULL,4673,NULL,NULL,NULL,NULL,137955.40,0,1,'2021-10-21','2021-10-21',9,40752,NULL,'Agrifeed',1,0,21102021,NULL,'',1,'2021-12-06 15:28:12','2021-12-06 15:28:12',NULL),(316,5627,NULL,NULL,NULL,NULL,NULL,4674,NULL,NULL,NULL,NULL,66000.00,0,1,'2021-10-25','2021-10-25',9,40752,NULL,'Agrifeed',1,0,25102021,NULL,'',1,'2021-12-06 15:30:27','2021-12-06 15:30:27',NULL),(317,5627,NULL,NULL,NULL,NULL,NULL,4675,NULL,NULL,NULL,NULL,66000.00,0,1,'2021-10-25','2021-10-19',9,40752,NULL,'Agrifeed',1,0,19102021,NULL,'',1,'2021-12-06 15:32:13','2021-12-06 15:32:13',NULL),(318,5627,NULL,NULL,NULL,NULL,NULL,4676,NULL,NULL,NULL,NULL,104280.00,0,1,'2021-12-06','2021-10-13',9,40752,NULL,'Agrifeed',1,0,13102021,NULL,'',1,'2021-12-06 15:33:33','2021-12-06 15:33:33',NULL),(319,5627,NULL,NULL,NULL,NULL,NULL,4677,NULL,NULL,NULL,NULL,567193.32,0,1,'2021-12-06','2021-10-27',9,40752,NULL,'Agrifeed',1,0,27102021,NULL,'',1,'2021-12-06 15:35:07','2021-12-06 15:35:07',NULL),(320,5627,NULL,NULL,NULL,NULL,NULL,4678,NULL,NULL,NULL,NULL,1631975.28,0,1,'2021-10-15','2021-10-15',9,40752,NULL,'Agrifeed',1,0,15102021,NULL,'',1,'2021-12-06 15:37:07','2021-12-06 15:37:07',NULL),(321,5627,NULL,NULL,NULL,NULL,NULL,4679,NULL,NULL,NULL,NULL,133920.00,0,1,'2021-10-28','2021-10-28',9,40752,NULL,'Agrifeed',1,0,28102021,NULL,'',1,'2021-12-06 15:38:31','2021-12-06 15:38:31',NULL),(322,5627,NULL,NULL,NULL,NULL,NULL,4680,NULL,NULL,NULL,NULL,246007.40,0,1,'2021-10-28','2021-10-28',9,40752,NULL,'Agrifeed',1,0,28102021,NULL,'',1,'2021-12-06 15:43:28','2021-12-06 15:43:28',NULL);
INSERT INTO `ctacte_cheques` VALUES (323,5627,NULL,NULL,NULL,NULL,NULL,4681,NULL,NULL,NULL,NULL,321850.47,0,1,'2021-10-04','2021-10-04',9,40752,NULL,'Agrifeed',1,0,4102021,NULL,'',1,'2021-12-06 15:48:26','2021-12-06 15:48:26',NULL),(324,5627,NULL,NULL,NULL,NULL,NULL,4682,NULL,NULL,NULL,NULL,108920.00,0,1,'2021-12-06','2021-10-25',9,40752,NULL,'Agrifeed',1,0,25102021,NULL,'',1,'2021-12-06 15:49:57','2021-12-06 15:49:57',NULL),(325,5627,NULL,NULL,NULL,NULL,NULL,4683,NULL,NULL,NULL,NULL,12000.00,0,1,'2021-10-12','2021-10-12',9,40752,NULL,'Agrifeed',1,0,12102021,NULL,'',1,'2021-12-06 15:51:50','2021-12-06 15:51:50',NULL),(326,5627,NULL,NULL,NULL,NULL,NULL,4684,NULL,NULL,NULL,NULL,101065.40,0,1,'2021-10-25','2021-10-25',9,40752,NULL,'Agrifeed',1,0,25102021,NULL,'',1,'2021-12-06 15:53:19','2021-12-06 15:53:19',NULL),(327,5627,NULL,NULL,NULL,NULL,NULL,4685,NULL,NULL,NULL,NULL,10102.36,0,1,'2021-10-19','2021-10-19',9,40752,NULL,'Agrifeed',1,0,19102021,NULL,'',1,'2021-12-06 15:54:53','2021-12-06 15:54:53',NULL),(328,5627,NULL,NULL,NULL,NULL,NULL,4686,NULL,NULL,NULL,NULL,188963.40,0,1,'2021-10-25','2021-10-25',9,40752,NULL,'Agrifeed',1,0,25102021,NULL,'',1,'2021-12-06 15:56:51','2021-12-06 15:56:51',NULL),(329,5627,NULL,NULL,NULL,NULL,NULL,4687,NULL,NULL,NULL,NULL,500000.00,0,1,'2021-10-22','2021-10-22',9,40752,NULL,'Agrifeed',1,0,22102021,NULL,'',1,'2021-12-06 15:58:19','2021-12-06 15:58:19',NULL),(330,5627,NULL,NULL,NULL,NULL,NULL,4688,NULL,NULL,NULL,NULL,500000.00,0,1,'2021-10-20','2021-10-20',9,40752,NULL,'Agrifeed',1,0,20102021,NULL,'',1,'2021-12-06 15:59:44','2021-12-06 15:59:44',NULL),(331,5627,NULL,NULL,NULL,NULL,NULL,4689,NULL,NULL,NULL,NULL,58609.25,0,1,'2021-10-07','2021-10-07',9,40752,NULL,'Agrifeed',1,0,7102021,NULL,'',1,'2021-12-06 16:01:23','2021-12-06 16:01:23',NULL),(332,5627,NULL,NULL,NULL,NULL,NULL,4690,NULL,NULL,NULL,NULL,107021.40,0,1,'2021-10-05','2021-10-05',9,40752,NULL,'Agrifeed',1,0,5102021,NULL,'',1,'2021-12-06 16:03:25','2021-12-06 16:03:25',NULL),(333,5627,NULL,NULL,NULL,NULL,NULL,4691,NULL,NULL,NULL,NULL,131827.45,0,1,'2021-10-22','2021-10-22',9,40752,NULL,'Agrifeed',1,0,22102021,NULL,'',1,'2021-12-06 16:05:19','2021-12-06 16:05:19',NULL),(334,5627,NULL,NULL,NULL,NULL,NULL,4692,NULL,NULL,NULL,NULL,844853.79,0,1,'2021-10-07','2021-10-07',9,40752,NULL,'Agrifeed',1,0,7102021,NULL,'',1,'2021-12-06 16:06:51','2021-12-06 16:06:51',NULL),(335,5627,NULL,NULL,NULL,NULL,NULL,4693,NULL,NULL,NULL,NULL,219575.75,0,1,'2021-10-06','2021-10-06',9,40752,NULL,'Agrifeed',1,0,6102021,NULL,'',1,'2021-12-06 16:08:08','2021-12-06 16:08:08',NULL),(336,5627,NULL,NULL,NULL,NULL,NULL,4694,NULL,NULL,NULL,NULL,790239.22,0,1,'2021-10-14','2021-10-14',9,40752,NULL,'Agrifeed',1,0,14102021,NULL,'',1,'2021-12-06 16:11:23','2021-12-06 16:11:23',NULL),(337,5627,NULL,NULL,NULL,NULL,NULL,4695,NULL,NULL,NULL,NULL,228400.00,0,1,'2021-11-01','2021-11-01',9,40752,NULL,'Agrifeed',1,0,1112021,NULL,'',1,'2021-12-06 16:12:41','2021-12-06 16:12:41',NULL),(338,5627,NULL,NULL,NULL,NULL,NULL,4696,NULL,NULL,NULL,NULL,372100.00,0,1,'2021-10-25','2021-10-25',9,40752,NULL,'Agrifeed',1,0,25102021,NULL,'',1,'2021-12-06 16:14:06','2021-12-06 16:14:06',NULL),(339,5627,NULL,NULL,NULL,NULL,NULL,4697,NULL,NULL,NULL,NULL,258700.00,0,1,'2021-10-22','2021-10-22',9,40752,NULL,'Agrifeed',1,0,22102021,NULL,'',1,'2021-12-06 16:15:25','2021-12-06 16:15:25',NULL),(340,5627,NULL,NULL,NULL,NULL,NULL,4698,NULL,NULL,NULL,NULL,37570.00,0,1,'2021-10-29','2021-10-29',9,40752,NULL,'Agrifeed',1,0,29102021,NULL,'',1,'2021-12-06 16:16:58','2021-12-06 16:16:58',NULL),(341,5627,NULL,NULL,NULL,NULL,NULL,4699,NULL,NULL,NULL,NULL,115973.96,0,1,'2021-11-01','2021-11-01',9,40752,NULL,'Agrifeed',1,0,1112021,NULL,'',1,'2021-12-06 16:18:21','2021-12-06 16:18:21',NULL),(342,5627,NULL,NULL,NULL,NULL,NULL,4700,NULL,NULL,NULL,NULL,150000.00,0,1,'2021-10-12','2021-10-12',9,40752,NULL,'Agrifeed',1,0,12102021,NULL,'',1,'2021-12-06 16:19:45','2021-12-06 16:19:45',NULL);
INSERT INTO `ctacte_cheques` VALUES (343,5627,NULL,NULL,NULL,NULL,NULL,4701,NULL,NULL,NULL,NULL,536409.94,0,1,'2021-10-27','2021-10-27',9,40752,NULL,'Agrifeed',1,0,27102021,NULL,'',1,'2021-12-06 16:22:07','2021-12-06 16:22:07',NULL),(344,5627,NULL,NULL,NULL,NULL,NULL,4702,NULL,NULL,NULL,NULL,33000.00,0,1,'2021-10-18','2021-10-18',9,40752,NULL,'Agrifeed',1,0,18102021,NULL,'',1,'2021-12-06 16:23:26','2021-12-06 16:23:26',NULL),(345,5627,NULL,NULL,NULL,NULL,NULL,4703,NULL,NULL,NULL,NULL,130000.00,0,1,'2021-10-04','2021-10-04',9,40752,NULL,'Agrifeed',1,0,4102021,NULL,'',1,'2021-12-06 16:24:45','2021-12-06 16:24:45',NULL),(346,5627,NULL,NULL,NULL,NULL,NULL,4704,NULL,NULL,NULL,NULL,203537.30,0,1,'2021-10-05','2021-10-05',9,40752,NULL,'Agrifeed',1,0,5102021,NULL,'',1,'2021-12-06 16:26:02','2021-12-06 16:26:02',NULL),(347,5627,NULL,NULL,NULL,NULL,NULL,4705,NULL,NULL,NULL,NULL,10000.00,0,1,'2021-10-29','2021-10-29',9,40752,NULL,'Agrifeed',1,0,29102021,NULL,'',1,'2021-12-07 15:07:03','2021-12-07 15:07:03',NULL),(348,5627,NULL,NULL,NULL,NULL,NULL,4706,NULL,NULL,NULL,NULL,148570.00,0,1,'2021-10-22','2021-10-22',9,40752,NULL,'Agrifeed',1,0,22102021,NULL,'',1,'2021-12-07 15:08:31','2021-12-07 15:08:31',NULL),(349,5627,NULL,NULL,NULL,NULL,NULL,4707,NULL,NULL,NULL,NULL,90000.00,0,1,'2021-10-26','2021-10-26',9,40752,NULL,'Agrifeed',1,0,26102021,NULL,'',1,'2021-12-07 15:12:10','2021-12-07 15:12:10',NULL),(350,5627,NULL,NULL,NULL,NULL,NULL,4708,NULL,NULL,NULL,NULL,90000.00,0,1,'2021-10-26','2021-10-26',9,40752,NULL,'Agrifeed',1,0,26102021,NULL,'',1,'2021-12-07 15:12:12','2021-12-07 15:15:30','2021-12-07 15:15:30'),(351,5627,NULL,NULL,NULL,NULL,NULL,4709,NULL,NULL,NULL,NULL,68669.23,0,1,'2021-10-06','2021-10-06',9,40752,NULL,'Agrifeed',1,0,6102021,NULL,'',1,'2021-12-07 15:17:06','2021-12-07 15:17:06',NULL),(352,5627,NULL,NULL,NULL,NULL,NULL,4710,NULL,NULL,NULL,NULL,52000.00,0,1,'2021-10-15','2021-10-15',9,40752,NULL,'Agrifeed',1,0,15102021,NULL,'',1,'2021-12-07 15:18:39','2021-12-07 15:18:39',NULL),(353,5627,NULL,NULL,NULL,NULL,NULL,4711,NULL,NULL,NULL,NULL,437781.19,0,1,'2021-10-04','2021-10-04',9,40752,NULL,'Agrifeed',1,0,4102021,NULL,'',1,'2021-12-07 15:20:01','2021-12-07 15:20:01',NULL),(354,5627,NULL,NULL,NULL,NULL,NULL,4712,NULL,NULL,NULL,NULL,62920.00,0,1,'2021-10-29','2021-10-29',9,40752,NULL,'Agrifeed',1,0,29102021,NULL,'',1,'2021-12-07 15:23:32','2021-12-07 15:23:32',NULL),(355,5627,NULL,NULL,NULL,NULL,NULL,4713,NULL,NULL,NULL,NULL,816698.29,0,1,'2021-10-12','2021-10-12',9,40752,NULL,'Agrifeed',1,0,12102021,NULL,'',1,'2021-12-07 15:25:09','2021-12-07 15:25:09',NULL),(356,5627,NULL,NULL,NULL,NULL,NULL,4714,NULL,NULL,NULL,NULL,816698.29,0,1,'2021-10-12','2021-10-12',9,40752,NULL,'Agrifeed',1,0,12102021,NULL,'',1,'2021-12-07 15:26:26','2021-12-07 15:26:26',NULL),(357,5627,NULL,NULL,NULL,NULL,NULL,4715,NULL,NULL,NULL,NULL,119064.00,0,1,'2021-10-12','2021-10-12',9,40752,NULL,'Agrifeed',1,0,12102021,NULL,'',1,'2021-12-07 15:27:47','2021-12-07 15:27:47',NULL),(358,5627,NULL,NULL,NULL,NULL,NULL,4890,NULL,NULL,NULL,NULL,800000.00,0,1,'2021-11-09','2021-11-09',9,40752,NULL,'Agrifeed',1,0,9112021,NULL,'',1,'2021-12-18 20:16:25','2021-12-18 20:16:25',NULL),(359,5627,NULL,NULL,NULL,NULL,NULL,4891,NULL,NULL,NULL,NULL,1500000.00,0,1,'2021-11-08','2021-11-08',9,40752,NULL,'Agrifeed',1,0,8112021,NULL,'',1,'2021-12-18 20:18:10','2021-12-18 20:18:10',NULL),(360,5627,NULL,NULL,NULL,NULL,NULL,4892,NULL,NULL,NULL,NULL,2500000.00,0,1,'2021-11-05','2021-11-05',9,40752,NULL,'Agrifeed',1,0,5112021,NULL,'',1,'2021-12-18 20:19:32','2021-12-18 20:19:32',NULL),(361,5627,NULL,NULL,NULL,NULL,NULL,4893,NULL,NULL,NULL,NULL,30000.00,0,1,'2021-11-15','2021-11-15',9,40752,NULL,'Agrifeed',1,0,15112021,NULL,'',1,'2021-12-18 20:21:18','2021-12-18 20:21:18',NULL),(362,5627,NULL,NULL,NULL,NULL,NULL,4894,NULL,NULL,NULL,NULL,215523.50,0,1,'2021-11-29','2021-11-29',9,40752,NULL,'Agrifeed',1,0,29112021,NULL,'',1,'2021-12-18 20:23:44','2021-12-18 20:23:44',NULL);
INSERT INTO `ctacte_cheques` VALUES (363,5627,NULL,NULL,NULL,NULL,NULL,4895,NULL,NULL,NULL,NULL,106076.31,0,1,'2021-11-25','2021-11-25',9,40752,NULL,'Agrifeed',1,0,25112021,NULL,'',1,'2021-12-18 20:25:08','2021-12-18 20:25:08',NULL),(364,5627,NULL,NULL,NULL,NULL,NULL,4896,NULL,NULL,NULL,NULL,79218.70,0,1,'2021-11-08','2021-11-08',9,40752,NULL,'Agrifeed',1,0,8112021,NULL,'',1,'2021-12-18 20:26:26','2021-12-18 20:26:26',NULL),(365,5627,NULL,NULL,NULL,NULL,NULL,4897,NULL,NULL,NULL,NULL,92746.50,0,1,'2021-11-03','2021-11-03',9,40752,NULL,'Agrifeed',1,0,3112021,NULL,'',1,'2021-12-18 20:27:35','2021-12-18 20:27:35',NULL),(366,5627,NULL,NULL,NULL,NULL,NULL,4898,NULL,NULL,NULL,NULL,400000.00,0,1,'2021-11-23','2021-11-23',9,40752,NULL,'Agrifeed',1,0,23112021,NULL,'',1,'2021-12-18 20:28:47','2021-12-18 20:28:47',NULL),(367,5627,NULL,NULL,NULL,NULL,NULL,4899,NULL,NULL,NULL,NULL,61635.36,0,1,'2021-11-10','2021-11-10',9,40752,NULL,'Agrifeed',1,0,10112021,NULL,'',1,'2021-12-18 20:31:00','2021-12-18 20:31:00',NULL),(368,5627,NULL,NULL,NULL,NULL,NULL,4901,NULL,NULL,NULL,NULL,142477.50,0,1,'2021-11-11','2021-11-11',9,40752,NULL,'Agrifeed',1,0,11112021,NULL,'',1,'2021-12-21 18:03:32','2021-12-21 18:03:32',NULL),(369,5627,NULL,NULL,NULL,NULL,NULL,4902,NULL,NULL,NULL,NULL,228400.00,0,1,'2021-11-01','2021-11-01',9,40752,NULL,'Agrifeed',1,0,1112021,NULL,'',1,'2021-12-21 18:05:16','2021-12-21 18:05:16',NULL),(370,5627,NULL,NULL,NULL,NULL,NULL,4903,NULL,NULL,NULL,NULL,37571.00,0,1,'2021-11-10','2021-11-10',9,40752,NULL,'Agrifeed',1,0,10112021,NULL,'',1,'2021-12-21 18:06:43','2021-12-21 18:06:43',NULL),(371,5627,NULL,NULL,NULL,NULL,NULL,4904,NULL,NULL,NULL,NULL,10096.00,0,1,'2021-11-16','2021-11-16',9,40752,NULL,'Agrifeed',1,0,16112021,NULL,'',1,'2021-12-21 18:07:55','2021-12-21 18:07:55',NULL),(372,5627,NULL,NULL,NULL,NULL,NULL,4905,NULL,NULL,NULL,NULL,659191.36,0,1,'2021-11-16','2021-11-16',9,40752,NULL,'Agrifeed',1,0,16112021,NULL,'',1,'2021-12-21 18:09:15','2021-12-21 18:09:15',NULL),(373,5627,NULL,NULL,NULL,NULL,NULL,4906,NULL,NULL,NULL,NULL,681972.63,0,1,'2021-11-12','2021-11-12',9,40752,NULL,'Agrifeed',1,0,12112021,NULL,'',1,'2021-12-21 18:10:31','2021-12-21 18:10:31',NULL),(374,5627,NULL,NULL,NULL,NULL,NULL,4907,NULL,NULL,NULL,NULL,115973.95,0,1,'2021-11-01','2021-11-01',9,40752,NULL,'Agrifeed',1,0,1112021,NULL,'',1,'2021-12-21 18:11:46','2021-12-21 18:11:46',NULL),(375,5627,NULL,NULL,NULL,NULL,NULL,4908,NULL,NULL,NULL,NULL,355000.00,0,1,'2021-11-11','2021-11-11',9,40752,NULL,'Agrifeed',1,0,11112021,NULL,'',1,'2021-12-21 18:20:49','2021-12-21 18:20:49',NULL),(376,5627,NULL,NULL,NULL,NULL,NULL,4909,NULL,NULL,NULL,NULL,48400.00,0,1,'2021-11-15','2021-11-15',9,40752,NULL,'Agrifeed',1,0,15112021,NULL,'',1,'2021-12-21 18:22:44','2021-12-21 18:22:44',NULL),(377,5627,NULL,NULL,NULL,NULL,NULL,4910,NULL,NULL,NULL,NULL,130000.00,0,1,'2021-11-05','2021-11-05',9,40752,NULL,'Agrifeed',1,0,5112021,NULL,'',1,'2021-12-21 18:24:00','2021-12-21 18:24:00',NULL),(378,5627,NULL,NULL,NULL,NULL,NULL,4911,NULL,NULL,NULL,NULL,6367.63,0,1,'2021-11-10','2021-11-10',9,40752,NULL,'Agrifeed',1,0,10112021,NULL,'',1,'2021-12-21 18:25:32','2021-12-21 18:25:32',NULL),(379,5627,NULL,NULL,NULL,NULL,NULL,4912,NULL,NULL,NULL,NULL,205337.30,0,1,'2021-11-05','2021-11-05',9,40752,NULL,'Agrifeed',1,0,5112021,NULL,'',1,'2021-12-21 18:27:27','2021-12-21 18:27:27',NULL),(380,5627,NULL,NULL,NULL,NULL,NULL,4913,NULL,NULL,NULL,NULL,90000.00,0,1,'2021-11-25','2021-11-25',9,40752,NULL,'Agrifeed',1,0,25112021,NULL,'',1,'2021-12-21 18:28:36','2021-12-21 18:28:36',NULL),(381,5627,NULL,NULL,NULL,NULL,NULL,4914,NULL,NULL,NULL,NULL,135000.00,0,1,'2021-11-11','2021-11-11',9,40752,NULL,'Agrifeed',1,0,11112021,NULL,'',1,'2021-12-21 18:34:24','2021-12-21 18:34:24',NULL),(382,5627,NULL,NULL,NULL,NULL,NULL,4915,NULL,NULL,NULL,NULL,140000.00,0,1,'2021-11-04','2021-11-04',9,40752,NULL,'Agrifeed',1,0,4112021,NULL,'',1,'2021-12-21 18:36:00','2021-12-21 18:36:00',NULL);
INSERT INTO `ctacte_cheques` VALUES (383,5627,NULL,NULL,NULL,NULL,NULL,4916,NULL,NULL,NULL,NULL,122000.00,0,1,'2021-11-24','2021-11-24',9,40752,NULL,'Agrifeed',1,0,24112021,NULL,'',1,'2021-12-21 18:37:09','2021-12-21 18:37:09',NULL),(384,5627,NULL,NULL,NULL,NULL,NULL,4917,NULL,NULL,NULL,NULL,145000.00,0,1,'2021-11-09','2021-11-09',9,40752,NULL,'Agrifeed',1,0,9112021,NULL,'',1,'2021-12-21 18:39:42','2021-12-21 18:39:42',NULL),(385,5627,NULL,NULL,NULL,NULL,NULL,4918,NULL,NULL,NULL,NULL,366396.00,0,1,'2021-11-30','2021-11-30',9,40752,NULL,'Agrifeed',1,0,30112021,NULL,'',1,'2021-12-21 18:41:14','2021-12-21 18:41:14',NULL),(386,5627,NULL,NULL,NULL,NULL,NULL,4919,NULL,NULL,NULL,NULL,1200000.00,0,1,'2021-11-29','2021-11-29',9,40752,NULL,'Agrifeed',1,0,29112021,NULL,'',1,'2021-12-21 18:42:36','2021-12-21 18:42:36',NULL),(387,5627,NULL,NULL,NULL,NULL,NULL,4920,NULL,NULL,NULL,NULL,314549.55,0,1,'2021-11-03','2021-11-03',9,40752,NULL,'Agrifeed',1,0,3112021,NULL,'',1,'2021-12-21 18:44:46','2021-12-21 18:44:46',NULL),(388,5627,NULL,NULL,NULL,NULL,NULL,4921,NULL,NULL,NULL,NULL,141287.40,0,1,'2021-11-10','2021-11-10',9,40752,NULL,'Agrifeed',1,0,10112021,NULL,'',1,'2021-12-21 18:46:16','2021-12-21 18:46:16',NULL),(389,5627,NULL,NULL,NULL,NULL,NULL,4922,NULL,NULL,NULL,NULL,96543.40,0,1,'2021-11-15','2021-11-15',9,40752,NULL,'Agrifeed',1,0,15112021,NULL,'',1,'2021-12-22 16:21:38','2021-12-22 16:21:38',NULL),(390,5627,NULL,NULL,NULL,NULL,NULL,4923,NULL,NULL,NULL,NULL,18000.00,0,1,'2021-11-15','2021-11-15',9,40752,NULL,'Agrifeed',1,0,15112021,NULL,'',1,'2021-12-22 16:22:55','2021-12-22 16:22:55',NULL),(391,5627,NULL,NULL,NULL,NULL,NULL,4924,NULL,NULL,NULL,NULL,540995.90,0,1,'2021-11-03','2021-11-03',9,40752,NULL,'Agrifeed',1,0,3112021,NULL,'',1,'2021-12-22 16:26:06','2021-12-22 16:26:06',NULL),(392,5627,NULL,NULL,NULL,NULL,NULL,4925,NULL,NULL,NULL,NULL,68147.20,0,1,'2021-11-11','2021-11-11',9,40752,NULL,'Agrifeed',1,0,11112021,NULL,'',1,'2021-12-22 16:27:26','2021-12-22 16:27:26',NULL),(393,5627,NULL,NULL,NULL,NULL,NULL,5190,NULL,NULL,NULL,NULL,25500.00,0,1,'2021-12-02','2021-12-02',9,40752,NULL,'Agrifeed',1,0,2122021,NULL,'',1,'2022-01-12 16:01:50','2022-01-12 16:08:00','2022-01-12 16:08:00'),(394,5627,NULL,NULL,NULL,NULL,NULL,5191,NULL,NULL,NULL,NULL,5250.00,0,1,'2021-12-06','2021-12-06',9,40752,NULL,'Agrifeed',1,0,2122021,NULL,'',1,'2022-01-12 16:04:34','2022-01-12 16:04:34',NULL),(395,5627,NULL,NULL,NULL,NULL,NULL,5192,NULL,NULL,NULL,NULL,25000.00,0,1,'2021-12-06','2021-12-06',9,40752,NULL,'Agrifeed',1,0,6122021,NULL,'',1,'2022-01-12 16:06:21','2022-01-12 16:06:21',NULL),(396,5627,NULL,NULL,NULL,NULL,NULL,5193,NULL,NULL,NULL,NULL,25500.00,0,1,'2021-12-02','2021-12-02',9,40752,NULL,'Agrifeed',1,0,2122021,NULL,'',1,'2022-01-12 16:09:23','2022-01-12 16:09:23',NULL),(397,5627,NULL,NULL,NULL,NULL,NULL,5194,NULL,NULL,NULL,NULL,5142.50,0,1,'2021-12-09','2021-12-09',9,40752,NULL,'Agrifeed',1,0,9122021,NULL,'',1,'2022-01-12 16:11:49','2022-01-12 16:11:49',NULL),(398,5627,NULL,NULL,NULL,NULL,NULL,5195,NULL,NULL,NULL,NULL,3500.00,0,1,'2021-12-03','2021-12-03',9,40752,NULL,'Agrifeed',1,0,3122021,NULL,'',1,'2022-01-12 16:13:30','2022-01-12 16:13:30',NULL),(399,5627,NULL,NULL,NULL,NULL,NULL,5196,NULL,NULL,NULL,NULL,18675.00,0,1,'2021-12-17','2021-12-17',9,40752,NULL,'Agrifeed',1,0,17122021,NULL,'',1,'2022-01-12 16:15:17','2022-01-12 16:15:17',NULL),(400,5627,NULL,NULL,NULL,NULL,NULL,5197,NULL,NULL,NULL,NULL,80.00,0,1,'2021-12-20','2021-12-20',9,40752,NULL,'Agrifeed',1,0,20122021,NULL,'',1,'2022-01-12 16:17:19','2022-01-12 16:17:19',NULL),(401,5627,NULL,NULL,NULL,NULL,NULL,5198,NULL,NULL,NULL,NULL,96800.00,0,1,'2021-12-02','2021-12-02',9,40752,NULL,'Agrifeed',1,0,2122021,NULL,'',1,'2022-01-12 16:18:50','2022-01-12 16:18:50',NULL),(402,5627,NULL,NULL,NULL,NULL,NULL,5199,NULL,NULL,NULL,NULL,48400.00,0,1,'2021-12-01','2021-12-01',9,40752,NULL,'Agrifeed',1,0,1122021,NULL,'',1,'2022-01-12 16:20:10','2022-01-12 16:20:10',NULL);
INSERT INTO `ctacte_cheques` VALUES (403,5627,NULL,NULL,NULL,NULL,NULL,5200,NULL,NULL,NULL,NULL,4114.00,0,1,'2021-12-20','2021-12-20',9,40752,NULL,'Agrifeed',1,0,20122021,NULL,'',1,'2022-01-12 16:22:40','2022-01-12 16:22:40',NULL),(404,5627,NULL,NULL,NULL,NULL,NULL,5201,NULL,NULL,NULL,NULL,48400.00,0,1,'2021-12-01','2021-12-01',9,40752,NULL,'Agrifeed',1,0,1122021,NULL,'',1,'2022-01-12 16:24:00','2022-01-12 16:24:00',NULL),(405,5627,NULL,NULL,NULL,NULL,NULL,5202,NULL,NULL,NULL,NULL,130000.00,0,1,'2021-12-06','2021-12-06',9,40752,NULL,'Agrifeed',1,0,6122021,NULL,'',1,'2022-01-12 16:25:18','2022-01-12 16:25:18',NULL),(406,5627,NULL,NULL,NULL,NULL,NULL,5203,NULL,NULL,NULL,NULL,207587.30,0,1,'2022-01-09','2021-12-09',9,40752,NULL,'Agrifeed',1,0,9122021,NULL,'',1,'2022-01-12 16:26:59','2022-01-12 16:26:59',NULL),(407,5627,NULL,NULL,NULL,NULL,NULL,5204,NULL,NULL,NULL,NULL,27400.90,0,1,'2021-12-06','2021-12-06',9,40752,NULL,'Agrifeed',1,0,3122021,NULL,'',1,'2022-01-12 16:28:36','2022-01-12 16:28:36',NULL),(408,5627,NULL,NULL,NULL,NULL,NULL,5205,NULL,NULL,NULL,NULL,96800.00,0,1,'2021-12-01','2021-12-01',9,40752,NULL,'Agrifeed',1,0,1122021,NULL,'',1,'2022-01-12 16:31:34','2022-01-12 16:31:34',NULL),(409,5627,NULL,NULL,NULL,NULL,NULL,5206,NULL,NULL,NULL,NULL,84700.00,0,1,'2021-12-03','2021-12-03',9,40752,NULL,'Agrifeed',1,0,3122021,NULL,'',1,'2022-01-12 16:33:01','2022-01-12 16:33:01',NULL),(410,3800,NULL,NULL,NULL,NULL,NULL,5400,NULL,NULL,NULL,NULL,12213.51,0,1,'2022-01-13','2022-01-13',9,40752,NULL,'agi',1,0,123,NULL,'',1,'2022-01-26 10:44:26','2022-01-26 10:44:26',NULL),(411,5627,NULL,NULL,NULL,NULL,NULL,5583,NULL,NULL,NULL,NULL,10300.00,0,1,'2022-01-26','2022-01-26',9,40752,NULL,'Agrifeed',1,0,26012022,NULL,'',1,'2022-02-05 16:06:49','2022-02-05 16:06:49',NULL),(412,5627,NULL,NULL,NULL,NULL,NULL,5584,NULL,NULL,NULL,NULL,53816.00,0,1,'2022-01-07','2022-01-07',9,40752,NULL,'Agrifeed',1,0,7012022,NULL,'',1,'2022-02-05 16:09:28','2022-02-05 16:09:28',NULL),(413,5627,NULL,NULL,NULL,NULL,NULL,5585,NULL,NULL,NULL,NULL,409013.60,0,1,'2022-01-07','2022-01-07',9,40752,NULL,'Agrifeed',1,0,7012022,NULL,'',1,'2022-02-05 16:11:04','2022-02-05 16:11:04',NULL),(414,5627,NULL,NULL,NULL,NULL,NULL,5586,NULL,NULL,NULL,NULL,1000000.00,0,1,'2022-01-28','2022-01-28',9,40752,NULL,'Agrifeed',1,0,28012022,NULL,'',1,'2022-02-05 16:15:41','2022-02-05 16:15:41',NULL),(415,5627,NULL,NULL,NULL,NULL,NULL,5587,NULL,NULL,NULL,NULL,1000000.00,0,1,'2022-01-18','2022-01-28',9,40752,NULL,'Agrifeed',1,0,28012022,NULL,'',1,'2022-02-05 16:17:10','2022-02-05 16:17:10',NULL),(416,5627,NULL,NULL,NULL,NULL,NULL,5588,NULL,NULL,NULL,NULL,1000000.00,0,1,'2022-01-17','2022-01-17',9,40752,NULL,'Agrifeed',1,0,17012022,NULL,'',1,'2022-02-05 16:18:41','2022-02-05 16:18:41',NULL),(417,5627,NULL,NULL,NULL,NULL,NULL,5589,NULL,NULL,NULL,NULL,2000000.00,0,1,'2022-01-14','2022-01-14',9,40752,NULL,'Agrifeed',1,0,14012022,NULL,'',1,'2022-02-05 16:19:59','2022-02-05 16:19:59',NULL),(418,5627,NULL,NULL,NULL,NULL,NULL,5590,NULL,NULL,NULL,NULL,7697.87,0,1,'2022-01-24','2022-01-24',9,40752,NULL,'Agrifeed',1,0,24012022,NULL,'',1,'2022-02-05 16:21:59','2022-02-05 16:21:59',NULL),(419,5627,NULL,NULL,NULL,NULL,NULL,5591,NULL,NULL,NULL,NULL,169400.00,0,1,'2022-01-31','2022-01-31',9,40752,NULL,'Agrifeed',1,0,31012022,NULL,'',1,'2022-02-05 16:25:07','2022-02-05 16:25:07',NULL),(420,5627,NULL,NULL,NULL,NULL,NULL,5592,NULL,NULL,NULL,NULL,181500.00,0,1,'2022-01-10','2022-01-10',9,40752,NULL,'Agrifeed',1,0,10012022,NULL,'',1,'2022-02-05 16:26:29','2022-02-05 16:26:29',NULL),(421,5627,NULL,NULL,NULL,NULL,NULL,5593,NULL,NULL,NULL,NULL,500000.00,0,1,'2022-01-18','2022-01-18',9,40752,NULL,'Agrifeed',1,0,18012022,NULL,'',1,'2022-02-05 16:27:50','2022-02-05 16:27:50',NULL),(422,5627,NULL,NULL,NULL,NULL,NULL,5594,NULL,NULL,NULL,NULL,49336.24,0,1,'2022-01-18','2022-01-18',9,40752,NULL,'Agrifeed',1,0,18012022,NULL,'',1,'2022-02-05 16:29:07','2022-02-05 16:29:07',NULL);
INSERT INTO `ctacte_cheques` VALUES (423,5627,NULL,NULL,NULL,NULL,NULL,5595,NULL,NULL,NULL,NULL,927446.34,0,1,'2022-01-11','2022-01-11',9,40752,NULL,'Agrifeed',1,0,11012022,NULL,'',1,'2022-02-05 16:30:59','2022-02-05 16:30:59',NULL),(424,5627,NULL,NULL,NULL,NULL,NULL,5596,NULL,NULL,NULL,NULL,31000.00,0,1,'2022-01-14','2022-01-14',9,40752,NULL,'Agrifeed',1,0,14012022,NULL,'',1,'2022-02-05 16:33:14','2022-02-05 16:33:14',NULL),(425,5627,NULL,NULL,NULL,NULL,NULL,5597,NULL,NULL,NULL,NULL,130000.00,0,1,'2022-01-10','2022-01-10',9,40752,NULL,'Agrifeed',1,0,10012022,NULL,'',1,'2022-02-05 16:34:22','2022-02-05 16:34:22',NULL),(426,5627,NULL,NULL,NULL,NULL,NULL,5598,NULL,NULL,NULL,NULL,179564.00,0,1,'2022-01-10','2022-01-10',9,40752,NULL,'Agrifeed',1,0,10012022,NULL,'',1,'2022-02-05 16:35:35','2022-02-05 16:35:35',NULL),(427,5627,NULL,NULL,NULL,NULL,NULL,5599,NULL,NULL,NULL,NULL,210737.30,0,1,'2022-01-10','2022-01-10',9,40752,NULL,'Agrifeed',1,0,10012022,NULL,'',1,'2022-02-05 16:36:49','2022-02-05 16:36:49',NULL),(428,5627,NULL,NULL,NULL,NULL,NULL,5600,NULL,NULL,NULL,NULL,100000.00,0,1,'2022-01-24','2022-01-24',9,40752,NULL,'Agrifeed',1,0,24012022,NULL,'',1,'2022-02-05 16:38:06','2022-02-05 16:38:06',NULL),(429,5627,NULL,NULL,NULL,NULL,NULL,5601,NULL,NULL,NULL,NULL,150000.00,0,1,'2022-01-13','2022-01-13',9,40752,NULL,'Agrifeed',1,0,13012022,NULL,'',1,'2022-02-05 16:39:14','2022-02-05 16:39:14',NULL),(430,5627,NULL,NULL,NULL,NULL,NULL,5602,NULL,NULL,NULL,NULL,150000.00,0,1,'2022-01-12','2022-01-12',9,40752,NULL,'Agrifeed',1,0,12012022,NULL,'',1,'2022-02-05 16:40:28','2022-02-05 16:40:28',NULL),(431,5627,NULL,NULL,NULL,NULL,NULL,5603,NULL,NULL,NULL,NULL,66550.00,0,1,'2022-01-10','2022-01-10',9,40752,NULL,'Agrifeed',1,0,10012022,NULL,'',1,'2022-02-05 16:43:21','2022-02-05 16:43:21',NULL),(432,5627,NULL,NULL,NULL,NULL,NULL,5604,NULL,NULL,NULL,NULL,757543.89,0,1,'2022-01-25','2022-01-25',9,40752,NULL,'Agrifeed',1,0,25012022,NULL,'',1,'2022-02-05 16:44:49','2022-02-05 16:44:49',NULL),(433,5627,NULL,NULL,NULL,NULL,NULL,5605,NULL,NULL,NULL,NULL,2000000.00,0,1,'2022-01-21','2022-01-21',9,40752,NULL,'Agrifeed',1,0,21012022,NULL,'',1,'2022-02-05 16:46:11','2022-02-05 16:46:11',NULL),(434,5627,NULL,NULL,NULL,NULL,NULL,7358,NULL,NULL,NULL,NULL,104617.70,0,1,'2022-02-18','2022-02-18',9,40752,NULL,'Agrifeed',1,0,18022022,NULL,'',1,'2022-04-19 15:23:02','2022-04-19 15:23:02',NULL),(435,5627,NULL,NULL,NULL,NULL,NULL,7359,NULL,NULL,NULL,NULL,204656.40,0,1,'2022-02-04','2022-02-04',9,40752,NULL,'Agrifeed',1,0,4022022,NULL,'',1,'2022-04-19 15:25:22','2022-04-19 15:25:22',NULL),(436,5627,NULL,NULL,NULL,NULL,NULL,7360,NULL,NULL,NULL,NULL,70400.00,0,1,'2022-02-21','2022-02-21',9,40752,NULL,'Agrifeed',1,0,21022022,NULL,'',1,'2022-04-19 15:26:59','2022-04-19 15:26:59',NULL),(437,5627,NULL,NULL,NULL,NULL,NULL,7361,NULL,NULL,NULL,NULL,97000.00,0,1,'2022-02-01','2022-02-01',9,40752,NULL,'Agrifeed',1,0,1022022,NULL,'',1,'2022-04-19 15:28:37','2022-04-19 15:28:37',NULL),(438,5627,NULL,NULL,NULL,NULL,NULL,7362,NULL,NULL,NULL,NULL,102909.15,0,1,'2022-02-11','2022-02-11',9,40752,NULL,'Agrifeed',1,0,11022022,NULL,'',1,'2022-04-19 15:30:03','2022-04-19 15:30:03',NULL),(439,5627,NULL,NULL,NULL,NULL,NULL,7363,NULL,NULL,NULL,NULL,39999.00,0,1,'2022-02-17','2022-02-17',9,40752,NULL,'Agrifeed',1,0,17022022,NULL,'',1,'2022-04-19 15:31:22','2022-04-19 15:31:22',NULL),(440,5627,NULL,NULL,NULL,NULL,NULL,7364,NULL,NULL,NULL,NULL,25000.00,0,1,'2022-02-15','2022-02-15',9,40752,NULL,'Agrifeed',1,0,15022022,NULL,'',1,'2022-04-19 15:32:39','2022-04-19 15:32:39',NULL),(441,5627,NULL,NULL,NULL,NULL,NULL,7365,NULL,NULL,NULL,NULL,1000000.00,0,1,'2022-02-17','2022-02-17',9,40752,NULL,'Agrifeed',1,0,17022022,NULL,'',1,'2022-04-19 15:34:52','2022-04-19 15:34:52',NULL),(442,5627,NULL,NULL,NULL,NULL,NULL,7366,NULL,NULL,NULL,NULL,1000000.00,0,1,'2022-02-04','2022-02-04',9,40752,NULL,'Agrifeed',1,0,4022022,NULL,'',1,'2022-04-19 15:36:15','2022-04-19 15:36:15',NULL);
INSERT INTO `ctacte_cheques` VALUES (443,5627,NULL,NULL,NULL,NULL,NULL,7367,NULL,NULL,NULL,NULL,451841.21,0,1,'2022-02-14','2022-02-14',9,40752,NULL,'Agrifeed',1,0,14022022,NULL,'',1,'2022-04-19 15:37:38','2022-04-19 15:37:38',NULL),(444,5627,NULL,NULL,NULL,NULL,NULL,7368,NULL,NULL,NULL,NULL,400000.00,0,1,'2022-02-10','2022-02-10',9,40752,NULL,'Agrifeed',1,0,10022022,NULL,'',1,'2022-04-19 15:38:56','2022-04-19 15:38:56',NULL),(445,5627,NULL,NULL,NULL,NULL,NULL,7369,NULL,NULL,NULL,NULL,231636.23,0,1,'2022-02-08','2022-02-08',9,40752,NULL,'Agrifeed',1,0,8022022,NULL,'',1,'2022-04-19 15:43:34','2022-04-19 15:43:34',NULL),(446,5627,NULL,NULL,NULL,NULL,NULL,7370,NULL,NULL,NULL,NULL,75141.00,0,1,'2022-02-14','2022-02-14',9,40752,NULL,'Agrifeed',1,0,14022022,NULL,'',1,'2022-04-19 15:45:09','2022-04-19 15:45:09',NULL),(447,5627,NULL,NULL,NULL,NULL,NULL,7371,NULL,NULL,NULL,NULL,5324.00,0,1,'2022-02-24','2022-02-24',9,40752,NULL,'Agrifeed',1,0,24022022,NULL,'',1,'2022-04-19 15:46:43','2022-04-19 15:46:43',NULL),(448,5627,NULL,NULL,NULL,NULL,NULL,7372,NULL,NULL,NULL,NULL,13915.00,0,1,'2022-02-04','2022-02-04',9,40752,NULL,'Agrifeed',1,0,4022022,NULL,'',1,'2022-04-19 15:48:46','2022-04-19 15:48:46',NULL),(449,5627,NULL,NULL,NULL,NULL,NULL,7373,NULL,NULL,NULL,NULL,130000.00,0,1,'2022-02-04','2022-02-04',9,40752,NULL,'Agrifeed',1,0,4022022,NULL,'',1,'2022-04-19 15:50:03','2022-04-19 15:50:03',NULL),(450,5627,NULL,NULL,NULL,NULL,NULL,7374,NULL,NULL,NULL,NULL,214787.30,0,1,'2022-02-15','2022-02-15',9,40752,NULL,'Agrifeed',1,0,15022022,NULL,'',1,'2022-04-19 16:07:46','2022-04-19 16:07:46',NULL),(451,5627,NULL,NULL,NULL,NULL,NULL,7375,NULL,NULL,NULL,NULL,100000.00,0,1,'2022-02-11','2022-02-11',9,40752,NULL,'Agrifeed',1,0,11022022,NULL,'',1,'2022-04-19 16:11:25','2022-04-19 16:11:25',NULL),(452,5627,NULL,NULL,NULL,NULL,NULL,7376,NULL,NULL,NULL,NULL,64658.00,0,1,'2022-02-01','2022-02-01',9,40752,NULL,'Agrifeed',1,0,1022022,NULL,'',1,'2022-04-19 16:12:50','2022-04-19 16:12:50',NULL),(453,5627,NULL,NULL,NULL,NULL,NULL,7377,NULL,NULL,NULL,NULL,40286.20,0,1,'2022-02-21','2022-02-21',9,40752,NULL,'Agrifeed',1,0,21022022,NULL,'',1,'2022-04-19 16:14:29','2022-04-19 16:14:29',NULL),(454,5627,NULL,NULL,NULL,NULL,NULL,7378,NULL,NULL,NULL,NULL,1500.00,0,1,'2022-02-04','2022-02-04',9,40752,NULL,'Agrifeed',1,0,4022022,NULL,'',1,'2022-04-19 16:16:25','2022-04-19 16:16:25',NULL),(455,5627,NULL,NULL,NULL,NULL,NULL,7379,NULL,NULL,NULL,NULL,12000.00,0,1,'2022-02-02','2022-02-02',9,40752,NULL,'Agrifeed',1,0,2022022,NULL,'',1,'2022-04-19 16:17:32','2022-04-19 16:17:32',NULL),(456,5627,NULL,NULL,NULL,NULL,NULL,7380,NULL,NULL,NULL,NULL,12000.00,0,1,'2022-02-02','2022-02-02',9,40752,NULL,'Agrifeed',1,0,2022022,NULL,'',1,'2022-04-19 16:20:56','2022-04-19 16:20:56',NULL),(457,5627,NULL,NULL,NULL,NULL,NULL,7381,NULL,NULL,NULL,NULL,76605.05,0,1,'2022-02-01','2022-02-01',9,40752,NULL,'Agrifeed',1,0,1022022,NULL,'',1,'2022-04-19 16:22:26','2022-04-19 16:22:26',NULL),(458,5627,NULL,NULL,NULL,NULL,NULL,7382,NULL,NULL,NULL,NULL,25410.00,0,1,'2022-02-01','2022-02-01',9,40752,NULL,'Agrifeed',1,0,1022022,NULL,'',1,'2022-04-19 16:23:39','2022-04-19 16:23:39',NULL),(459,5627,NULL,NULL,NULL,NULL,NULL,7383,NULL,NULL,NULL,NULL,302856.33,0,1,'2022-02-15','2022-02-15',9,40752,NULL,'Agrifeed',1,0,15022022,NULL,'',1,'2022-04-19 16:26:05','2022-04-19 16:26:05',NULL),(460,5627,NULL,NULL,NULL,NULL,NULL,7384,NULL,NULL,NULL,NULL,700000.00,0,1,'2022-02-10','2022-02-10',9,40752,NULL,'Agrifeed',1,0,10022022,NULL,'',1,'2022-04-19 16:28:27','2022-04-19 16:28:27',NULL),(461,5627,NULL,NULL,NULL,NULL,NULL,7385,NULL,NULL,NULL,NULL,1000000.00,0,1,'2022-02-02','2022-02-02',9,40752,NULL,'Agrifeed',1,0,2022022,NULL,'',1,'2022-04-19 16:30:22','2022-04-19 16:30:22',NULL),(462,5627,NULL,NULL,NULL,NULL,NULL,7386,NULL,NULL,NULL,NULL,115494.50,0,1,'2022-03-17','2022-03-17',9,40752,NULL,'Agrifeed',1,0,17032022,NULL,'',1,'2022-04-19 16:32:37','2022-04-19 16:32:37',NULL);
INSERT INTO `ctacte_cheques` VALUES (463,5627,NULL,NULL,NULL,NULL,NULL,7387,NULL,NULL,NULL,NULL,833067.25,0,1,'2022-03-17','2022-03-17',9,40752,NULL,'Agrifeed',1,0,17032022,NULL,'',1,'2022-04-19 16:36:01','2022-04-19 16:36:01',NULL),(464,5627,NULL,NULL,NULL,NULL,NULL,7388,NULL,NULL,NULL,NULL,500000.00,0,1,'2022-03-29','2022-03-29',9,40752,NULL,'Agrifeed',1,0,29032022,NULL,'',1,'2022-04-19 16:37:28','2022-04-19 16:37:28',NULL),(465,5627,NULL,NULL,NULL,NULL,NULL,7389,NULL,NULL,NULL,NULL,15645.50,0,1,'2022-03-29','2022-03-29',9,40752,NULL,'Agrifeed',1,0,29032022,NULL,'',1,'2022-04-19 16:38:57','2022-04-19 16:38:57',NULL),(466,5627,NULL,NULL,NULL,NULL,NULL,7390,NULL,NULL,NULL,NULL,1430961.50,0,1,'2022-03-25','2022-03-25',9,40752,NULL,'Agrifeed',1,0,25032022,NULL,'',1,'2022-04-19 16:40:44','2022-04-19 16:40:44',NULL),(467,5627,NULL,NULL,NULL,NULL,NULL,7391,NULL,NULL,NULL,NULL,95450.00,0,1,'2022-03-22','2022-03-22',9,40752,NULL,'Agrifeed',1,0,22032022,NULL,'',1,'2022-04-19 16:42:00','2022-04-19 16:42:00',NULL),(468,5627,NULL,NULL,NULL,NULL,NULL,7392,NULL,NULL,NULL,NULL,80000.00,0,1,'2022-03-18','2022-03-18',9,40752,NULL,'Agrifeed',1,0,18032022,NULL,'',1,'2022-04-19 16:43:13','2022-04-19 16:43:13',NULL),(469,5627,NULL,NULL,NULL,NULL,NULL,7393,NULL,NULL,NULL,NULL,20000.00,0,1,'2022-03-28','2022-03-28',9,40752,NULL,'Agrifeed',1,0,28032022,NULL,'',1,'2022-04-19 16:44:45','2022-04-19 16:44:45',NULL),(470,5627,NULL,NULL,NULL,NULL,NULL,7394,NULL,NULL,NULL,NULL,186929.85,0,1,'2022-03-15','2022-03-15',9,40752,NULL,'Agrifeed',1,0,15032022,NULL,'',1,'2022-04-19 16:46:04','2022-04-19 16:46:04',NULL),(471,5627,NULL,NULL,NULL,NULL,NULL,7395,NULL,NULL,NULL,NULL,979906.73,0,1,'2022-03-14','2022-03-14',9,40752,NULL,'Agrifeed',1,0,14032022,NULL,'',1,'2022-04-19 16:47:16','2022-04-19 16:47:16',NULL),(472,5627,NULL,NULL,NULL,NULL,NULL,7396,NULL,NULL,NULL,NULL,1600000.00,0,1,'2022-03-14','2022-03-14',9,40752,NULL,'Agrifeed',1,0,14032022,NULL,'',1,'2022-04-19 16:48:34','2022-04-19 16:48:34',NULL),(473,5627,NULL,NULL,NULL,NULL,NULL,7397,NULL,NULL,NULL,NULL,39000.00,0,1,'2022-03-22','2022-03-22',9,40752,NULL,'Agrefeed',1,0,22032022,NULL,'',1,'2022-04-19 16:49:49','2022-04-19 16:49:49',NULL),(474,5627,NULL,NULL,NULL,NULL,NULL,7398,NULL,NULL,NULL,NULL,146253.00,0,1,'2022-03-22','2022-03-22',9,40752,NULL,'Agrifeed',1,0,22032022,NULL,'',1,'2022-04-19 16:51:02','2022-04-19 16:51:02',NULL),(475,5627,NULL,NULL,NULL,NULL,NULL,7399,NULL,NULL,NULL,NULL,80000.00,0,1,'2022-03-18','2022-03-18',9,40752,NULL,'Agrifeed',1,0,18032022,NULL,'',1,'2022-04-19 16:54:00','2022-04-19 16:54:00',NULL),(476,5627,NULL,NULL,NULL,NULL,NULL,7400,NULL,NULL,NULL,NULL,80000.00,0,1,'2022-03-18','2022-03-18',9,40752,NULL,'Agrifeed',1,0,18032022,NULL,'',1,'2022-04-19 16:55:19','2022-04-19 16:55:19',NULL),(477,5627,NULL,NULL,NULL,NULL,NULL,7401,NULL,NULL,NULL,NULL,156090.00,0,1,'2022-03-17','2022-03-17',9,40752,NULL,'Agrifeed',1,0,17032022,NULL,'',1,'2022-04-19 16:56:33','2022-04-19 16:56:33',NULL),(478,5627,NULL,NULL,NULL,NULL,NULL,7402,NULL,NULL,NULL,NULL,19950.00,0,1,'2022-03-30','2022-03-30',9,40752,NULL,'Agrifeed',1,0,30032022,NULL,'',1,'2022-04-19 16:57:48','2022-04-19 16:57:48',NULL),(479,5627,NULL,NULL,NULL,NULL,NULL,7403,NULL,NULL,NULL,NULL,220637.30,0,1,'2022-03-21','2022-03-21',9,40752,NULL,'Agrifeed',1,0,21032022,NULL,'',1,'2022-04-19 16:59:01','2022-04-19 16:59:01',NULL);

--
