-- Table structure for table `syj_convenio_formatosicoss`
--

CREATE TABLE `syj_convenio_formatosicoss` (
  `user_id` int(10) unsigned DEFAULT NULL,
  `syj_convenio_id` int(10) unsigned DEFAULT NULL,
  `syj_formato_sicoss_id` int(10) unsigned DEFAULT NULL,
  `created_at` timestamp NULL DEFAULT NULL,
  `updated_at` timestamp NULL DEFAULT NULL,
  `deleted_at` timestamp NULL DEFAULT NULL,
  KEY `syj_convenio_formatosicoss_syj_convenio_id_foreign` (`syj_convenio_id`),
  KEY `syj_convenio_formatosicoss_syj_formato_sicoss_id_foreign` (`syj_formato_sicoss_id`),
  CONSTRAINT `syj_convenio_formatosicoss_syj_convenio_id_foreign` FOREIGN KEY (`syj_convenio_id`) REFERENCES `syj_convenios` (`id`),
  CONSTRAINT `syj_convenio_formatosicoss_syj_formato_sicoss_id_foreign` FOREIGN KEY (`syj_formato_sicoss_id`) REFERENCES `syj_formato_sicoss` (`id`)
) ENGINE=InnoDB DEFAULT CHARSET=utf8mb4 COLLATE=utf8mb4_unicode_ci;

--
-- Dumping data for table `syj_convenio_formatosicoss`
--

INSERT INTO `syj_convenio_formatosicoss` VALUES (NULL,5,1,NULL,NULL,NULL),(1,6,1,NULL,NULL,NULL),(1,7,1,NULL,NULL,NULL),(88,13,1,NULL,NULL,NULL),(88,14,1,NULL,NULL,NULL),(88,15,1,NULL,NULL,NULL),(88,16,1,NULL,NULL,NULL),(88,17,1,NULL,NULL,NULL),(88,18,1,NULL,NULL,NULL),(88,19,1,NULL,NULL,NULL),(88,20,1,NULL,NULL,NULL),(88,21,1,NULL,NULL,NULL),(88,22,1,NULL,NULL,NULL),(88,24,1,NULL,NULL,NULL),(1,34,1,NULL,NULL,NULL),(NULL,5,2,'2021-04-22 14:53:56','2021-04-22 14:53:56',NULL),(NULL,6,2,'2021-04-22 14:53:56','2021-04-22 14:53:56',NULL),(NULL,7,2,'2021-04-22 14:53:56','2021-04-22 14:53:56',NULL),(NULL,13,2,'2021-04-22 14:53:56','2021-04-22 14:53:56',NULL),(NULL,14,2,'2021-04-22 14:53:56','2021-04-22 14:53:56',NULL),(NULL,15,2,'2021-04-22 14:53:56','2021-04-22 14:53:56',NULL),(NULL,16,2,'2021-04-22 14:53:56','2021-04-22 14:53:56',NULL),(NULL,17,2,'2021-04-22 14:53:56','2021-04-22 14:53:56',NULL),(NULL,18,2,'2021-04-22 14:53:56','2021-04-22 14:53:56',NULL),(NULL,19,2,'2021-04-22 14:53:56','2021-04-22 14:53:56',NULL),(NULL,20,2,'2021-04-22 14:53:56','2021-04-22 14:53:56',NULL),(NULL,21,2,'2021-04-22 14:53:56','2021-04-22 14:53:56',NULL),(NULL,22,2,'2021-04-22 14:53:56','2021-04-22 14:53:56',NULL),(NULL,24,2,'2021-04-22 14:53:56','2021-04-22 14:53:56',NULL),(NULL,34,2,'2021-04-22 14:53:56','2021-04-22 14:53:56',NULL),(3799,35,1,NULL,NULL,NULL),(3799,35,2,'2021-04-22 17:53:56','2021-04-22 17:53:56',NULL),(3799,36,1,NULL,NULL,NULL),(3799,36,2,'2021-04-22 17:53:56','2021-04-22 17:53:56',NULL),(3799,37,1,NULL,NULL,NULL),(3799,37,2,'2021-04-22 17:53:56','2021-04-22 17:53:56',NULL),(3799,38,1,NULL,NULL,NULL),(3799,38,2,'2021-04-22 17:53:56','2021-04-22 17:53:56',NULL),(3799,39,1,NULL,NULL,NULL),(3799,39,2,'2021-04-22 20:53:56','2021-04-22 20:53:56',NULL),(3799,40,1,NULL,'2021-10-01 08:10:54','2021-10-01 08:10:54'),(3799,40,2,'2021-04-22 20:53:56','2021-10-01 08:10:54','2021-10-01 08:10:54'),(NULL,41,1,NULL,NULL,NULL),(NULL,41,2,NULL,NULL,NULL);

--
-- Table structure for table `syj_convenios`
--

CREATE TABLE `syj_convenios` (
  `id` int(10) unsigned NOT NULL AUTO_INCREMENT,
  `user_id` int(10) unsigned DEFAULT NULL,
  `descripcion` varchar(191) COLLATE utf8mb4_unicode_ci DEFAULT NULL,
  `syj_emp_afecta_id` int(10) unsigned NOT NULL,
  `habilitado` tinyint(1) NOT NULL DEFAULT '1',
  `created_at` timestamp NULL DEFAULT NULL,
  `updated_at` timestamp NULL DEFAULT NULL,
  `deleted_at` timestamp NULL DEFAULT NULL,
  PRIMARY KEY (`id`),
  KEY `syj_convenios_syj_emp_afecta_id_foreign` (`syj_emp_afecta_id`),
  CONSTRAINT `syj_convenios_syj_emp_afecta_id_foreign` FOREIGN KEY (`syj_emp_afecta_id`) REFERENCES `syj_emp_afecta` (`id`)
) ENGINE=InnoDB AUTO_INCREMENT=42 DEFAULT CHARSET=utf8mb4 COLLATE=utf8mb4_unicode_ci;

--
-- Dumping data for table `syj_convenios`
--

INSERT INTO `syj_convenios` VALUES (5,88,'CONVENIO GENERICO',2,1,'2020-04-07 03:01:58','2021-04-22 14:53:54',NULL),(6,3799,'COMERCIO 130/75 Access',2,1,'2020-05-11 15:11:16','2021-07-27 16:10:15',NULL),(7,1,'DIRECTORES - GERENTES',2,1,'2020-05-12 12:36:54','2021-04-22 14:53:54',NULL),(13,88,'TINTOREROS 0526/08',3,1,'2020-05-13 10:17:46','2020-05-13 10:48:47',NULL),(14,88,'SANIDAD 108/75',2,1,'2020-05-13 12:21:02','2020-05-13 12:21:26',NULL),(15,88,'SANIDAD 122/75',2,1,'2020-05-13 15:40:51','2020-05-13 15:40:51',NULL),(16,88,'UOCRA 76/75',3,1,'2020-05-19 09:56:17','2020-05-19 09:56:17',NULL),(17,88,'SOECRA - COCHERIAS 749/18',2,1,'2020-05-19 11:20:07','2021-04-22 14:53:54',NULL),(18,88,'SOCAYA 179/75',3,1,'2020-05-19 14:24:18','2020-05-19 14:24:18',NULL),(19,88,'AOTRA 500/07',3,1,'2020-05-19 15:21:50','2020-05-19 15:21:50',NULL),(20,88,'UTHGRA 389/04',2,1,'2020-05-20 08:56:34','2021-04-22 14:53:54',NULL),(21,88,'SOMRA 281/96',2,1,'2020-05-20 11:46:24','2021-04-22 14:53:54',NULL),(22,88,'CAMIONEROS 40/89',2,1,'2020-05-20 13:28:57','2021-04-22 14:53:54',NULL),(24,88,'ATILRA 02/88',2,1,'2020-05-21 20:24:45','2021-04-22 14:53:54',NULL),(34,88,'UPSRA - Seguridad 507/07',2,1,'2020-05-22 12:48:31','2021-04-22 14:53:54',NULL),(35,3799,'FUERA DE CONVENIO Access',2,1,'2021-04-25 15:34:23','2021-09-27 15:03:51',NULL),(36,3799,'FAIGA 60/89',2,1,'2021-05-03 15:11:56','2021-05-03 15:11:56',NULL),(37,3799,'COMERCIO 130/75 Alfa',2,1,'2021-05-27 19:25:48','2021-05-27 19:25:48',NULL),(38,3799,'Copia de COMERCIO 130/75',2,1,'2021-07-27 16:09:45','2021-07-27 16:09:45',NULL),(39,3799,'FUERA DE CONVENIO Agraf',2,1,'2021-10-01 08:10:38','2021-10-01 08:10:38',NULL),(40,3799,'FUERA DE CONVENIO Agraf',2,1,'2021-10-01 08:10:42','2021-10-01 08:10:54','2021-10-01 08:10:54'),(41,NULL,'Empleado Eventual',1,1,'2021-10-23 08:04:30','2021-10-23 08:04:30',NULL);

--
-- Table structure for table `syj_domicilios`
--

CREATE TABLE `syj_domicilios` (
  `id` int(10) unsigned NOT NULL AUTO_INCREMENT,
  `user_id` int(10) unsigned DEFAULT NULL,
  `person_id` int(10) unsigned NOT NULL,
  `pais_id` int(10) unsigned NOT NULL,
  `zone_id` int(10) unsigned NOT NULL,
  `localidad_id` int(10) unsigned NOT NULL,
  `calle` varchar(191) COLLATE utf8mb4_unicode_ci DEFAULT NULL,
  `numero` int(11) DEFAULT NULL,
  `piso` varchar(191) COLLATE utf8mb4_unicode_ci DEFAULT NULL,
  `depto` varchar(191) COLLATE utf8mb4_unicode_ci DEFAULT NULL,
  `cod_postal` int(11) DEFAULT NULL,
  `sucursal` varchar(191) COLLATE utf8mb4_unicode_ci DEFAULT NULL,
  `is_legal` tinyint(1) NOT NULL DEFAULT '0',
  `habilitado` tinyint(1) NOT NULL DEFAULT '1',
  `created_at` timestamp NULL DEFAULT NULL,
  `updated_at` timestamp NULL DEFAULT NULL,
  `deleted_at` timestamp NULL DEFAULT NULL,
  PRIMARY KEY (`id`),
  KEY `syj_domicilios_person_id_foreign` (`person_id`),
  KEY `syj_domicilios_pais_id_foreign` (`pais_id`),
  KEY `syj_domicilios_zone_id_foreign` (`zone_id`),
  KEY `syj_domicilios_localidad_id_foreign` (`localidad_id`),
  CONSTRAINT `syj_domicilios_localidad_id_foreign` FOREIGN KEY (`localidad_id`) REFERENCES `localidad` (`id`),
  CONSTRAINT `syj_domicilios_pais_id_foreign` FOREIGN KEY (`pais_id`) REFERENCES `pais` (`id`),
  CONSTRAINT `syj_domicilios_person_id_foreign` FOREIGN KEY (`person_id`) REFERENCES `persons` (`id`),
  CONSTRAINT `syj_domicilios_zone_id_foreign` FOREIGN KEY (`zone_id`) REFERENCES `zones` (`id`)
) ENGINE=InnoDB AUTO_INCREMENT=9 DEFAULT CHARSET=utf8mb4 COLLATE=utf8mb4_unicode_ci;

--
-- Dumping data for table `syj_domicilios`
--

INSERT INTO `syj_domicilios` VALUES (1,3799,40753,1,22,1,'Malabia',429,'','',1414,'1',0,0,'2021-04-24 17:28:21','2025-07-28 16:39:38',NULL),(2,3799,40759,1,23,9,'Av. Mitre',1575,'','',1613,'1',1,1,'2021-04-26 16:16:25','2021-04-27 14:20:06',NULL),(3,3799,40761,1,23,10,'Alexander Fleming',1435,'','',1640,'1',1,1,'2021-05-03 15:06:09','2021-06-07 12:33:31',NULL),(4,3799,40761,1,23,10,'Alexander Fleming',1435,'','',1640,'1',1,1,'2021-05-03 15:07:02','2021-05-03 15:07:06','2021-05-03 15:07:06'),(5,3799,40762,1,23,11,'Azopardo',4865,'','',1650,'1',1,1,'2021-06-08 10:42:41','2021-06-08 10:42:41',NULL),(6,3799,40762,1,23,11,'Azopardo',4865,'','',1650,'1',1,1,'2021-06-08 10:43:08','2021-06-08 10:43:13','2021-06-08 10:43:13'),(7,3799,40752,1,22,1,'Av. Pueyrredón',2488,'12','A',1119,'1',1,1,'2021-07-28 19:00:27','2021-07-28 19:00:27',NULL),(8,3799,40753,1,22,1,'Monroe',5088,'','',1431,'2',1,1,'2025-07-18 14:48:21','2025-07-28 16:27:37',NULL);

--
-- Table structure for table `syj_emp_afecta`
--

CREATE TABLE `syj_emp_afecta` (
  `id` int(10) unsigned NOT NULL AUTO_INCREMENT,
  `user_id` int(10) unsigned DEFAULT NULL,
  `descripcion` varchar(191) COLLATE utf8mb4_unicode_ci NOT NULL,
  `habilitado` tinyint(1) NOT NULL DEFAULT '1',
  `created_at` timestamp NULL DEFAULT NULL,
  `updated_at` timestamp NULL DEFAULT NULL,
  `deleted_at` timestamp NULL DEFAULT NULL,
  PRIMARY KEY (`id`),
  UNIQUE KEY `syj_emp_afecta_descripcion_unique` (`descripcion`)
) ENGINE=InnoDB AUTO_INCREMENT=4 DEFAULT CHARSET=utf8mb4 COLLATE=utf8mb4_unicode_ci;

--
-- Dumping data for table `syj_emp_afecta`
--

INSERT INTO `syj_emp_afecta` VALUES (1,NULL,'Todos',1,'2020-05-28 20:55:23','2020-05-28 20:55:23',NULL),(2,NULL,'Mensual/Jornal',1,'2020-05-28 20:55:23','2020-05-28 20:55:23',NULL),(3,NULL,'Quincenal',1,'2020-05-28 20:55:23','2020-05-28 20:55:23',NULL);

--
-- Table structure for table `syj_emp_alcance`
--

CREATE TABLE `syj_emp_alcance` (
  `id` int(10) unsigned NOT NULL AUTO_INCREMENT,
  `user_id` int(10) unsigned DEFAULT NULL,
  `descripcion` varchar(191) COLLATE utf8mb4_unicode_ci NOT NULL,
  `habilitado` tinyint(1) NOT NULL DEFAULT '1',
  `created_at` timestamp NULL DEFAULT NULL,
  `updated_at` timestamp NULL DEFAULT NULL,
  `deleted_at` timestamp NULL DEFAULT NULL,
  PRIMARY KEY (`id`),
  UNIQUE KEY `syj_emp_alcance_descripcion_unique` (`descripcion`)
) ENGINE=InnoDB AUTO_INCREMENT=3 DEFAULT CHARSET=utf8mb4 COLLATE=utf8mb4_unicode_ci;

--
-- Dumping data for table `syj_emp_alcance`
--

INSERT INTO `syj_emp_alcance` VALUES (1,NULL,'General',1,'2020-05-28 20:55:23','2020-05-28 20:55:23',NULL),(2,NULL,'Por Empleado',1,'2020-05-28 20:55:23','2020-05-28 20:55:23',NULL);

--
-- Table structure for table `syj_emp_cod_siniestro`
--

CREATE TABLE `syj_emp_cod_siniestro` (
  `id` int(10) unsigned NOT NULL AUTO_INCREMENT,
  `user_id` int(10) unsigned DEFAULT NULL,
  `codigo_afip` varchar(191) COLLATE utf8mb4_unicode_ci NOT NULL,
  `descripcion` varchar(191) COLLATE utf8mb4_unicode_ci NOT NULL,
  `habilitado` tinyint(1) NOT NULL DEFAULT '1',
  `created_at` timestamp NULL DEFAULT NULL,
  `updated_at` timestamp NULL DEFAULT NULL,
  `deleted_at` timestamp NULL DEFAULT NULL,
  PRIMARY KEY (`id`),
  UNIQUE KEY `syj_emp_cod_siniestro_codigo_afip_unique` (`codigo_afip`)
) ENGINE=InnoDB AUTO_INCREMENT=15 DEFAULT CHARSET=utf8mb4 COLLATE=utf8mb4_unicode_ci;

--
-- Dumping data for table `syj_emp_cod_siniestro`
--

INSERT INTO `syj_emp_cod_siniestro` VALUES (1,NULL,'0','No Incapacitado',1,'2020-05-28 20:55:24','2020-05-28 20:55:24',NULL),(2,NULL,'1','ILT Incapacidad Laboral Temporaria',1,'2020-05-28 20:55:24','2020-05-28 20:55:24',NULL),(3,NULL,'2','ILPPP Incap Lab Perman Parcial Provisoria',1,'2020-05-28 20:55:24','2020-05-28 20:55:24',NULL),(4,NULL,'3','ILPPD Incap Lab Perman Parcial Definitiva',1,'2020-05-28 20:55:24','2020-05-28 20:55:24',NULL),(5,NULL,'4','ILPTP Incap Lab Perman Total Provisoria',1,'2020-05-28 20:55:24','2020-05-28 20:55:24',NULL),(6,NULL,'5','Capital de recomp Art 15,ap 3 Ley 24557',1,'2020-05-28 20:55:24','2020-05-28 20:55:24',NULL),(7,NULL,'6','Ajuste Definitivo ILPPD de pago mensual',1,'2020-05-28 20:55:24','2020-05-28 20:55:24',NULL),(8,NULL,'7','RENTA PERIOD ILPPD Inc Lab Perm Parc Def>50%',1,'2020-05-28 20:55:24','2020-05-28 20:55:24',NULL),(9,NULL,'8','SRT/SSN F Garantia/F Res ILT Incap Lab Temp',1,'2020-05-28 20:55:24','2020-05-28 20:55:24',NULL),(10,NULL,'9','SRT/SSN F Gtia/F Res ILPPP Inc Lab Perm Parc',1,'2020-05-28 20:55:24','2020-05-28 20:55:24',NULL),(11,NULL,'10','SRT/SSN F Gtia/F Res ILPTP Inc Lab Perm Total',1,'2020-05-28 20:55:24','2020-05-28 20:55:24',NULL),(12,NULL,'11','SRT/SSN F Gtia/F Res ILPPD Inc Lab Perm Par D',1,'2020-05-28 20:55:24','2020-05-28 20:55:24',NULL),(13,NULL,'12','ILPPD Beneficios devengados art 11 p.4',1,'2020-05-28 20:55:24','2020-05-28 20:55:24',NULL),(14,NULL,'13','INFORME Incr salarial de trabaj siniest a ART',1,'2020-05-28 20:55:24','2020-05-28 20:55:24',NULL);

--
-- Table structure for table `syj_emp_condicion`
--

CREATE TABLE `syj_emp_condicion` (
  `id` int(10) unsigned NOT NULL AUTO_INCREMENT,
  `user_id` int(10) unsigned DEFAULT NULL,
  `descripcion` varchar(191) COLLATE utf8mb4_unicode_ci NOT NULL,
  `codigo_afip` int(10) unsigned NOT NULL,
  `habilitado` tinyint(1) NOT NULL DEFAULT '1',
  `created_at` timestamp NULL DEFAULT NULL,
  `updated_at` timestamp NULL DEFAULT NULL,
  `deleted_at` timestamp NULL DEFAULT NULL,
  PRIMARY KEY (`id`),
  UNIQUE KEY `syj_emp_condicion_descripcion_unique` (`descripcion`)
) ENGINE=InnoDB AUTO_INCREMENT=15 DEFAULT CHARSET=utf8mb4 COLLATE=utf8mb4_unicode_ci;

--
-- Dumping data for table `syj_emp_condicion`
--

INSERT INTO `syj_emp_condicion` VALUES (1,NULL,'Jubilado Decreto Nº 894/01 y/o Dec 2288/02',0,1,'2020-05-28 20:55:24','2020-05-28 20:55:24',NULL),(2,NULL,'SERVICIOS COMUNES Mayor de 18 años',1,1,'2020-05-28 20:55:24','2020-05-28 20:55:34',NULL),(3,NULL,'Jubilado',2,1,'2020-05-28 20:55:24','2020-05-28 20:55:34',NULL),(4,NULL,'Menor',3,1,'2020-05-28 20:55:24','2020-05-28 20:55:34',NULL),(5,NULL,'Menor Anterior',4,0,'2020-05-28 20:55:24','2021-09-16 14:56:47',NULL),(6,NULL,'SERVICIOS DIFERENCIADOS Mayor de 18 años',5,1,'2020-05-28 20:55:24','2020-05-28 20:55:34',NULL),(7,NULL,'Pre-Jubilables Sin relacion de dependencia-s/',6,1,'2020-05-28 20:55:24','2020-05-28 20:55:34',NULL),(8,NULL,'MEDIDA DE NO INNOVAR SERV COMUNES',7,0,'2020-05-28 20:55:24','2021-09-16 14:56:47',NULL),(9,NULL,'MEDIDA DE NO INNOVAR SERV DIFERENCIADOS',8,0,'2020-05-28 20:55:24','2021-09-16 14:56:47',NULL),(10,NULL,'Jubilado Decreto Nº 206/00 y/o Decreto 894/01',9,1,'2020-05-28 20:55:24','2020-05-28 20:55:34',NULL),(11,NULL,'Pensión (NO SIPA)',10,1,'2020-05-28 20:55:24','2020-05-28 20:55:34',NULL),(12,NULL,'Pensión no contributiva (NO SIPA)',11,1,'2020-05-28 20:55:24','2020-05-28 20:55:34',NULL),(13,NULL,'Art. 8º Ley Nº 27426',12,1,'2021-09-16 14:56:47','2021-09-16 14:56:47',NULL),(14,NULL,'Servicios Diferenciados no alcanzados por el Dto. 633/2018',13,1,'2021-09-16 14:56:47','2021-09-16 14:56:47',NULL);

--
-- Table structure for table `syj_emp_estado`
--

CREATE TABLE `syj_emp_estado` (
  `id` int(10) unsigned NOT NULL AUTO_INCREMENT,
  `user_id` int(10) unsigned DEFAULT NULL,
  `descripcion` varchar(191) COLLATE utf8mb4_unicode_ci NOT NULL,
  `habilitado` tinyint(1) NOT NULL DEFAULT '1',
  `created_at` timestamp NULL DEFAULT NULL,
  `updated_at` timestamp NULL DEFAULT NULL,
  `deleted_at` timestamp NULL DEFAULT NULL,
  PRIMARY KEY (`id`),
  UNIQUE KEY `syj_emp_estado_descripcion_unique` (`descripcion`)
) ENGINE=InnoDB AUTO_INCREMENT=4 DEFAULT CHARSET=utf8mb4 COLLATE=utf8mb4_unicode_ci;

--
-- Dumping data for table `syj_emp_estado`
--

INSERT INTO `syj_emp_estado` VALUES (1,NULL,'Habilitado',1,'2020-05-28 20:55:23','2020-05-28 20:55:23',NULL),(2,NULL,'Inhabilitado',1,'2020-05-28 20:55:23','2020-05-28 20:55:23',NULL),(3,NULL,'Baja',1,'2020-05-28 20:55:23','2020-05-28 20:55:23',NULL);

--
-- Table structure for table `syj_emp_mod_contratacion`
--

CREATE TABLE `syj_emp_mod_contratacion` (
  `id` int(10) unsigned NOT NULL AUTO_INCREMENT,
  `user_id` int(10) unsigned DEFAULT NULL,
  `codigo_afip` varchar(191) COLLATE utf8mb4_unicode_ci NOT NULL,
  `descripcion` varchar(191) COLLATE utf8mb4_unicode_ci NOT NULL,
  `habilitado` tinyint(1) NOT NULL DEFAULT '1',
  `created_at` timestamp NULL DEFAULT NULL,
  `updated_at` timestamp NULL DEFAULT NULL,
  `deleted_at` timestamp NULL DEFAULT NULL,
  PRIMARY KEY (`id`),
  UNIQUE KEY `syj_emp_mod_contratacion_codigo_afip_unique` (`codigo_afip`)
) ENGINE=InnoDB AUTO_INCREMENT=123 DEFAULT CHARSET=utf8mb4 COLLATE=utf8mb4_unicode_ci;

--
-- Dumping data for table `syj_emp_mod_contratacion`
--

INSERT INTO `syj_emp_mod_contratacion` VALUES (1,NULL,'1','A tiempo parcial:Indeterminado/permanente',1,'2020-05-28 20:55:24','2020-05-28 20:55:24',NULL),(2,NULL,'2','Becarios/Residencias medicas Ley 22127',1,'2020-05-28 20:55:24','2020-05-28 20:55:24',NULL),(3,NULL,'3','De aprendizaje l.25013',1,'2020-05-28 20:55:24','2020-05-28 20:55:24',NULL),(4,NULL,'8','A tiempo completo indet/Trabajo permanente',1,'2020-05-28 20:55:24','2020-05-28 20:55:24',NULL),(5,NULL,'10','Pasantias-sin obra social',1,'2020-05-28 20:55:24','2020-05-28 20:55:24',NULL),(6,NULL,'11','Trabajo de temporada',1,'2020-05-28 20:55:24','2020-05-28 20:55:24',NULL),(7,NULL,'12','Trabajo eventual',1,'2020-05-28 20:55:24','2020-05-28 20:55:24',NULL),(8,NULL,'14','Nuevo Periodo de Prueba',1,'2020-05-28 20:55:24','2020-05-28 20:55:24',NULL),(9,NULL,'15','Pto Nuevo Varones y Mujeres de 25 a 44 años',1,'2020-05-28 20:55:24','2020-05-28 20:55:24',NULL),(10,NULL,'16','Nuevo Periodo de Prueba Trab Disc Art 34',1,'2020-05-28 20:55:24','2020-05-28 20:55:24',NULL),(11,NULL,'17','Pto Nuevo Menor de 25 años, Varones y Mujeres',1,'2020-05-28 20:55:24','2020-05-28 20:55:24',NULL),(12,NULL,'18','Trabajador Discapacitado Art 34 Ley 24147',1,'2020-05-28 20:55:24','2020-05-28 20:55:24',NULL),(13,NULL,'19','Puesto Nuevo. Varones y Mujeres 25 a 44 años',1,'2020-05-28 20:55:24','2020-05-28 20:55:24',NULL),(14,NULL,'20','Pto Nuevo Menor de 25 años, Varones y Mujeres',1,'2020-05-28 20:55:24','2020-05-28 20:55:24',NULL),(15,NULL,'21','A tiempo parcial det(contrato a plazo fijo)',1,'2020-05-28 20:55:24','2020-05-28 20:55:24',NULL),(16,NULL,'22','A Tiempo completo det(contrato a plazo fijo)',1,'2020-05-28 20:55:24','2020-05-28 20:55:24',NULL),(17,NULL,'23','Personal no permanente L 22248',1,'2020-05-28 20:55:24','2020-05-28 20:55:24',NULL),(18,NULL,'24','Personal de la Construccion L 22250',1,'2020-05-28 20:55:24','2020-05-28 20:55:24',NULL),(19,NULL,'25','Empleo publico provincial',1,'2020-05-28 20:55:24','2020-05-28 20:55:24',NULL),(20,NULL,'26','Benef de programa de empleo, capacit y recup',1,'2020-05-28 20:55:24','2020-05-28 20:55:24',NULL),(21,NULL,'27','Pasantias Ley 26427-con obra social-',1,'2020-05-28 20:55:24','2020-05-28 20:55:24',NULL),(22,NULL,'28','Programas Jefes y Jefas de Hogar',1,'2020-05-28 20:55:24','2020-05-28 20:55:24',NULL),(23,NULL,'29','Decreto Nº 1212/03 Aportante Autonomo',1,'2020-05-28 20:55:24','2020-05-28 20:55:24',NULL),(24,NULL,'30','Nuevo Periodo de Prueba Trabaj Discap Art 87',1,'2020-05-28 20:55:24','2020-05-28 20:55:24',NULL),(25,NULL,'31','Trabajador Discapacitado Art 87 L 24013',1,'2020-05-28 20:55:24','2020-05-28 20:55:24',NULL),(26,NULL,'44','Changa Solidaria CCT 62/75',1,'2020-05-28 20:55:24','2020-05-28 20:55:24',NULL),(27,NULL,'45','Personal no permanente hoteles CCT 362/03',1,'2020-05-28 20:55:24','2020-05-28 20:55:24',NULL),(28,NULL,'46','Planta transitoria Adm Pub Nac,Prov y/o Munic',1,'2020-05-28 20:55:24','2020-05-28 20:55:24',NULL),(29,NULL,'47','Representacion Gremial',1,'2020-05-28 20:55:24','2020-05-28 20:55:24',NULL),(30,NULL,'48','Art 4 L 24241 Traslado temp desde el exterior',1,'2020-05-28 20:55:24','2020-05-28 20:55:24',NULL),(31,NULL,'49','Directores-empleado SA con OS y LRT',1,'2020-05-28 20:55:24','2020-05-28 20:55:24',NULL),(32,NULL,'51','Pasantias Ley 26247-con OS- benef pens de dis',1,'2020-05-28 20:55:24','2020-05-28 20:55:24',NULL),(33,NULL,'95','Planes Ministerio de Trabajo',1,'2020-05-28 20:55:24','2020-05-28 20:55:24',NULL),(34,NULL,'96','Plan Trabajo por San Luis Ley 5411/03',1,'2020-05-28 20:55:24','2020-05-28 20:55:24',NULL),(35,NULL,'97','Programa Trabajo para jovenes tucumanos',1,'2020-05-28 20:55:24','2020-05-28 20:55:24',NULL),(36,NULL,'98','BONUS 2da oportunidad',1,'2020-05-28 20:55:24','2020-05-28 20:55:24',NULL),(37,NULL,'99','LRT(Directores SA,municipios,org cent y desc',1,'2020-05-28 20:55:24','2020-05-28 20:55:24',NULL),(38,NULL,'110','Trabajo Permanente Prest.Continua Ley 26727',1,'2020-05-28 20:55:24','2020-05-28 20:55:24',NULL);
INSERT INTO `syj_emp_mod_contratacion` VALUES (39,NULL,'111','Trabajo Temporario Ley 26727',1,'2020-05-28 20:55:24','2020-05-28 20:55:24',NULL),(40,NULL,'112','Trabajo Permanente Discontinuo Ley 26727',1,'2020-05-28 20:55:24','2020-05-28 20:55:24',NULL),(41,NULL,'113','Trabajo por eq.o cuadrilla familiar Ley 26727',1,'2020-05-28 20:55:24','2020-05-28 20:55:24',NULL),(42,NULL,'114','Trabajo temporario con Reducción Ley 26727',0,'2020-05-28 20:55:24','2021-09-16 14:56:47',NULL),(43,NULL,'115','Trabajo permanente disc con reducción ley 267',0,'2020-05-28 20:55:24','2021-09-16 14:56:47',NULL),(44,NULL,'201','Puesto Nuevo art 16 Ley 26467 benef prim 12m',0,'2020-05-28 20:55:24','2021-09-16 14:56:47',NULL),(45,NULL,'202','Pto Nuevo art 16 Ley 26467 trab discap Art 34',0,'2020-05-28 20:55:24','2021-09-16 14:56:47',NULL),(46,NULL,'203','Pto nuevo art 16 Ley 26467 trab disc Art 87',0,'2020-05-28 20:55:24','2021-09-16 14:56:47',NULL),(47,NULL,'204','Pto nuevo art 16 L 26467-meses 13 a 24-benef',0,'2020-05-28 20:55:24','2021-09-16 14:56:47',NULL),(48,NULL,'205','Pto nuevo art 16 L 26467 trab disc Art 34 L24',0,'2020-05-28 20:55:24','2021-09-16 14:56:47',NULL),(49,NULL,'206','Pto nuevo art 16 L 26467 trab disc Art 87 L28',0,'2020-05-28 20:55:24','2021-09-16 14:56:47',NULL),(50,NULL,'301','Art.19 Ley 26940. Tiempo indeterminado',0,'2020-05-28 20:55:24','2022-12-28 17:43:08',NULL),(51,NULL,'302','Art.19 L 26940- Trab. disc. art.34 L 24147 TI',0,'2020-05-28 20:55:24','2022-12-28 17:43:08',NULL),(52,NULL,'303','Art.19 L 26940- Trab. disc. art.34 L 24013 TI',0,'2020-05-28 20:55:24','2022-12-28 17:43:08',NULL),(53,NULL,'304','Art.19 L 26940. Tiempo parcial. Art. 92 LCT',0,'2020-05-28 20:55:24','2022-12-28 17:43:08',NULL),(54,NULL,'305','Art.19 L 26940.Trab. disc. art. 34 L 24147 TP',0,'2020-05-28 20:55:24','2022-12-28 17:43:08',NULL),(55,NULL,'306','Art.19 L 26940.Trab. disc. art. 87 L 24013 TP',0,'2020-05-28 20:55:24','2022-12-28 17:43:08',NULL),(56,NULL,'307','Art.24 L 26940. Hta 15 emp. Prim. 12 meses',0,'2020-05-28 20:55:24','2021-09-16 14:56:47',NULL),(57,NULL,'308','Art24 L 26940 Hta 15 emp. Prim. 12 mes TD A34',0,'2020-05-28 20:55:24','2021-09-16 14:56:47',NULL),(58,NULL,'309','Art24 L 26940 Hta 15 emp. Prim. 12 mes TD A87',0,'2020-05-28 20:55:24','2021-09-16 14:56:47',NULL),(59,NULL,'310','Art 24 L 26940 Hta 15 emp. 2dos12 meses',0,'2020-05-28 20:55:24','2021-09-16 14:56:47',NULL),(60,NULL,'311','Art 24 L 26940 Hta 15 emp. 2dos12 meses',0,'2020-05-28 20:55:24','2021-09-16 14:56:47',NULL),(61,NULL,'312','Art 24 L 26940 Hta 15 emp. 2dos12 meses',0,'2020-05-28 20:55:24','2021-09-16 14:56:47',NULL),(62,NULL,'313','Art 24 L 26940 Hta 16 a 80 emp. Tiempo indet',0,'2020-05-28 20:55:24','2021-09-16 14:56:47',NULL),(63,NULL,'314','Art 24 L 26940 Hta 16 a 80 emp. Tiempo indet',0,'2020-05-28 20:55:24','2021-09-16 14:56:47',NULL),(64,NULL,'315','Art 24 L 26940 Hta 16 a 80 emp. Tiempo indet',0,'2020-05-28 20:55:24','2021-09-16 14:56:47',NULL),(65,NULL,'989','CCG Tabaco Salta',1,'2020-05-28 20:55:24','2020-05-28 20:55:24',NULL),(66,NULL,'990','CCG Tabaco Jujuy',1,'2020-05-28 20:55:24','2020-05-28 20:55:24',NULL),(67,NULL,'991','CCG Vitivinicola de Rio Negro',0,'2020-05-28 20:55:24','2021-09-16 14:56:47',NULL),(68,NULL,'992','CCG Multiproducto del Chaco',1,'2020-05-28 20:55:24','2020-05-28 20:55:24',NULL),(69,NULL,'993','CCG Frutihortícola de San Juan',1,'2020-05-28 20:55:24','2020-05-28 20:55:24',NULL),(70,NULL,'994','CCG Yerba Mate Misiones',1,'2020-05-28 20:55:24','2020-05-28 20:55:24',NULL),(71,NULL,'995','CCG Vitivinícola de San Juan',0,'2020-05-28 20:55:24','2021-09-16 14:56:47',NULL),(72,NULL,'996','CCG Vitivinícola de Mendoza',0,'2020-05-28 20:55:24','2022-12-28 17:43:08',NULL),(73,NULL,'997','CCG forestal del Chaco',1,'2020-05-28 20:55:24','2020-05-28 20:55:24',NULL),(74,NULL,'998','CCG tabaco Virginia del Chaco',1,'2020-05-28 20:55:24','2020-05-28 20:55:24',NULL),(75,NULL,'999','Art11 L 26476 Trabajador registrado Rect. FI',0,'2020-05-28 20:55:24','2021-09-16 14:56:47',NULL);
INSERT INTO `syj_emp_mod_contratacion` VALUES (76,NULL,'59','Taller Protegido de Producción Ley 26816, art. 2º punto 2',1,'2021-09-16 14:56:47','2021-09-16 14:56:47',NULL),(77,NULL,'60','Taller Protegido Especial para el Empleo (TPEE) Ley 26816, art. 2º punto1',1,'2021-09-16 14:56:47','2021-09-16 14:56:47',NULL),(78,NULL,'61','Actor - Interprete en Empleador Contratante Ley 27.203- c/Obra Social',1,'2021-09-16 14:56:47','2021-09-16 14:56:47',NULL),(79,NULL,'62','Actor - Interprete en Empleador Contratante Ley 27.203- s/Obra Social',1,'2021-09-16 14:56:47','2021-09-16 14:56:47',NULL),(80,NULL,'102','Personal permanente discontinuo con ART(para uso de la EU Decreto Nro 762/14)',1,'2021-09-16 14:56:47','2021-09-16 14:56:47',NULL),(81,NULL,'103','Retiro Voluntario - Decreto 263/2018 y otros',1,'2021-09-16 14:56:47','2021-09-16 14:56:47',NULL),(82,NULL,'401','Puesto nuevo Art 2 inc. a Decreto 191/ 2021. Primeros 12 meses',1,'2021-09-16 14:56:47','2021-09-16 14:56:47',NULL),(83,NULL,'404','Puesto nuevo Art 2 inc. d Decreto 191/ 2021. Primeros 12 meses',1,'2021-09-16 14:56:47','2021-09-16 14:56:47',NULL),(84,NULL,'407','Tiempo parcial. Puesto nuevo Art 2 inc. a Decreto 191/ 2021. Primeros 12 meses',1,'2021-09-16 14:56:47','2021-09-16 14:56:47',NULL),(85,NULL,'410','Tiempo parcial. Puesto nuevo Art 2 inc. d Decreto 191/ 2021. Primeros 12 meses',1,'2021-09-16 14:56:47','2021-09-16 14:56:47',NULL),(86,NULL,'413','Discapacitado Ley 24.013 y Puesto nuevo Art 2 inc. a Decreto 191/ 2021',1,'2021-09-16 14:56:47','2021-09-16 14:56:47',NULL),(87,NULL,'414','Discapacitado Ley 24.013 y Puesto nuevo Art 2 inc. d Decreto 191/ 2021',1,'2021-09-16 14:56:47','2021-09-16 14:56:47',NULL),(88,NULL,'415','Discapacitado Ley 24.013 y Tiempo parcial Puesto nuevo Art 2 inc. a Decreto 191/ 2021',1,'2021-09-16 14:56:47','2021-09-16 14:56:47',NULL),(89,NULL,'416','Discapacitado Ley 24.013 y Tiempo parcial Puesto nuevo Art 2 inc. d Decreto 191/ 2021',1,'2021-09-16 14:56:47','2021-09-16 14:56:47',NULL),(90,NULL,'984','CCG foresto industrial del Chaco',1,'2021-09-16 14:56:47','2021-09-16 14:56:47',NULL),(91,NULL,'988','CCG limón Tucumán, Salta y Jujuy',1,'2021-09-16 14:56:47','2021-09-16 14:56:47',NULL),(92,NULL,'63','Acciones de Entrenamiento para el Trabajo - Res 1107/2022',1,'2022-12-28 17:43:08','2022-12-28 17:43:08',NULL),(93,NULL,'402','Puesto nuevo Art 2 inc. b Decreto 191/ 2021. Segundos 12 meses',1,'2022-12-28 17:43:08','2022-12-28 17:43:08',NULL),(94,NULL,'405','Puesto nuevo Art 2 inc. e Decreto 191/ 2021 segundos 12 meses',1,'2022-12-28 17:43:08','2022-12-28 17:43:08',NULL),(95,NULL,'408','Tiempo parcial. Puesto nuevo Art 2 inc. b Decreto 191/ 2021. Segundos 12 meses',1,'2022-12-28 17:43:08','2022-12-28 17:43:08',NULL),(96,NULL,'411','Tiempo parcial. Puesto nuevo Art 2 inc. e Decreto 191/ 2021. Segundos 12 meses',1,'2022-12-28 17:43:08','2022-12-28 17:43:08',NULL),(97,NULL,'501','Puesto Nuevo Art 2 inc. a. Dec. 493/2021',1,'2022-12-28 17:43:08','2022-12-28 17:43:08',NULL),(98,NULL,'502','Puesto Nuevo Art 2 inc. b.Dec. 493/2021',1,'2022-12-28 17:43:08','2022-12-28 17:43:08',NULL),(99,NULL,'503','Tiempo parcial. Puesto Nuevo Art 2 inc. a.Dec. 493/2021',1,'2022-12-28 17:43:08','2022-12-28 17:43:08',NULL),(100,NULL,'504','Tiempo parcial. Puesto Nuevo Art 2 inc. b.Dec. 493/2021',1,'2022-12-28 17:43:08','2022-12-28 17:43:08',NULL),(101,NULL,'505','Discapacitado Ley 24.013 y Puesto nuevo Art 2 inc. a. Dec. 493/2021',1,'2022-12-28 17:43:08','2022-12-28 17:43:08',NULL),(102,NULL,'506','Discapacitado Ley 24.013 y Tiempo parcial Puesto Nuevo Art 2 inc. a.Dec. 493/2021',1,'2022-12-28 17:43:08','2022-12-28 17:43:08',NULL),(103,NULL,'507','Trabajo permanente prestación continua Ley 26727. Puesto Nuevo Art 2 inc. a. Dec. 493/2021',1,'2022-12-28 17:43:08','2022-12-28 17:43:08',NULL),(104,NULL,'508','Trabajo permanente prestación continua Ley 26727. Puesto Nuevo Art 2 inc. b. Dec. 493/2021',1,'2022-12-28 17:43:08','2022-12-28 17:43:08',NULL);
INSERT INTO `syj_emp_mod_contratacion` VALUES (105,NULL,'509','Trabajo permanente discontinuo ley 26727. Puesto Nuevo Art 2 inc. a.  Dec. 493/2021',1,'2022-12-28 17:43:08','2022-12-28 17:43:08',NULL),(106,NULL,'510','Trabajo permanente discontinuo ley 26727. Puesto Nuevo Art 2 inc. b. Dec. 493/2021',1,'2022-12-28 17:43:08','2022-12-28 17:43:08',NULL),(107,NULL,'511','Pthen cpe.descripcion_peris:= ersonal de la Construcción L 22250 Puesto Nuevo Art 2 inc. a. Dec. 493/2021',1,'2022-12-28 17:43:08','2022-12-28 17:43:08',NULL),(108,NULL,'512','Personal de la Construcción L 22250 Puesto Nuevo Art 2 inc. b. Dec. 493/2021',1,'2022-12-28 17:43:08','2022-12-28 17:43:08',NULL),(109,NULL,'601','Contrato por plazo indeterminado a tiempo completo (art 90 Ley 20744) Art 2 Decreto 551/2022. Reduccion 100%.',1,'2022-12-28 17:43:08','2022-12-28 17:43:08',NULL),(110,NULL,'602','Contrato por plazo indeterminado a tiempo parcial (art 90 y art 92 Ley 20744) Art 2 Decreto 551/2022. Reduccion 50%.',1,'2022-12-28 17:43:08','2022-12-28 17:43:08',NULL),(111,NULL,'603','Contrato de trabajo a plazo fijo a tiempo completo ( art 93 Ley 20744) Art 2 Decreto 551/2022. Reduccion 100%.',1,'2022-12-28 17:43:08','2022-12-28 17:43:08',NULL),(112,NULL,'604','Contrato de trabajo a plazo fijo a tiempo parcial ( art 92 y art 93 Ley 20744) Art 2 Decreto 551/2022. Reduccion 50%.',1,'2022-12-28 17:43:08','2022-12-28 17:43:08',NULL),(113,NULL,'605','Contrato trabajo de temporada a tiempo completo ( art 96 Ley 20744) Art 2 Decreto 551/2022. Reduccion 100%.',1,'2022-12-28 17:43:08','2022-12-28 17:43:08',NULL),(114,NULL,'606','Contrato trabajo de temporada a tiempo parcial ( art 92 y art 96 Ley 20744) Art 2 Decreto 551/2022 Reduccion 50%.',1,'2022-12-28 17:43:08','2022-12-28 17:43:08',NULL),(115,NULL,'607','Contrato de trabajo agrario permanente prestación continua a tiempo completo (Ley 26727). Puesto Nuevo Art 2 Decreto 551/2022 Reduccion 100%.',1,'2022-12-28 17:43:08','2022-12-28 17:43:08',NULL),(116,NULL,'608','Contrato de trabajo agrario permanente prestación continua a tiempo parcial (Ley 26727). Puesto Nuevo Art 2 Decreto 551/2022 Reduccion 50%.',1,'2022-12-28 17:43:08','2022-12-28 17:43:08',NULL),(117,NULL,'609','Contrato de trabajo agrario permanente discontinuo a tiempo completo (Ley 26727). Puesto Nuevo Art 2 Decreto 551/2022 Reduccion 100%',1,'2022-12-28 17:43:08','2022-12-28 17:43:08',NULL),(118,NULL,'610','Contrato de trabajo agrario permanente discontinuo a tiempo parcial (Ley 26727). Puesto Nuevo Art 2 Decreto 551/2022 Reduccion 50%.',1,'2022-12-28 17:43:08','2022-12-28 17:43:08',NULL),(119,NULL,'611','Contrato de trabajo agrario de temporada a tiempo completo (Ley 26727). Puesto Nuevo Art 2 Decreto 551/2022 Reduccion 100%.',1,'2022-12-28 17:43:08','2022-12-28 17:43:08',NULL),(120,NULL,'612','Contrato de trabajo agrario de temporada a tiempo parcial (Ley 26727). Puesto Nuevo Art 2 Decreto 551/2022 Reduccion 50%.',1,'2022-12-28 17:43:08','2022-12-28 17:43:08',NULL),(121,NULL,'613','Personal de la Construcción a tiempo completo (Ley 22250) Puesto Nuevo Art 2. Decreto 551/2022 Reduccion 100%.',1,'2022-12-28 17:43:08','2022-12-28 17:43:08',NULL),(122,NULL,'614','Personal de la Construcción a tiempo parcial (Ley 22250 y art 92 Ley 20744) Puesto Nuevo Art 2. Decreto 551/2022 Reduccion 50%.',1,'2022-12-28 17:43:08','2022-12-28 17:43:08',NULL);

--
-- Table structure for table `syj_emp_parentesco`
--

CREATE TABLE `syj_emp_parentesco` (
  `id` int(10) unsigned NOT NULL AUTO_INCREMENT,
  `user_id` int(10) unsigned DEFAULT NULL,
  `descripcion` varchar(191) COLLATE utf8mb4_unicode_ci NOT NULL,
  `habilitado` tinyint(1) NOT NULL DEFAULT '1',
  `created_at` timestamp NULL DEFAULT NULL,
  `updated_at` timestamp NULL DEFAULT NULL,
  `deleted_at` timestamp NULL DEFAULT NULL,
  PRIMARY KEY (`id`)
) ENGINE=InnoDB AUTO_INCREMENT=10 DEFAULT CHARSET=utf8mb4 COLLATE=utf8mb4_unicode_ci;

--
-- Dumping data for table `syj_emp_parentesco`
--

INSERT INTO `syj_emp_parentesco` VALUES (1,NULL,'Cónyuge',1,'2020-05-28 20:55:24','2020-05-28 20:55:24',NULL),(2,NULL,'Concubino/a',1,'2020-05-28 20:55:24','2020-05-28 20:55:24',NULL),(3,NULL,'Hijo soltero menor de 18 años',1,'2020-05-28 20:55:24','2025-02-18 16:06:06',NULL),(4,NULL,'Hijo soltero menor de 18 años cursando est.re',1,'2020-05-28 20:55:24','2025-02-18 16:06:06',NULL),(5,NULL,'Hijo del cónyuge menor de 18 años',1,'2020-05-28 20:55:24','2025-02-18 16:06:06',NULL),(6,NULL,'Hijo de cónyuge soltero de 18 años cursando est.re',1,'2020-05-28 20:55:24','2025-02-18 16:06:06',NULL),(7,NULL,'Menor bajo guarda o tutela',1,'2020-05-28 20:55:24','2020-05-28 20:55:24',NULL),(8,NULL,'Familiar a cargo',1,'2020-05-28 20:55:24','2020-05-28 20:55:24',NULL),(9,NULL,'Mayor de 25 años discapacitado',1,'2020-05-28 20:55:24','2020-05-28 20:55:24',NULL);

--
-- Table structure for table `syj_emp_situacion_revista`
--

CREATE TABLE `syj_emp_situacion_revista` (
  `id` int(10) unsigned NOT NULL AUTO_INCREMENT,
  `user_id` int(10) unsigned DEFAULT NULL,
  `descripcion` varchar(191) COLLATE utf8mb4_unicode_ci NOT NULL,
  `codigo_afip` int(10) unsigned NOT NULL,
  `habilitado` tinyint(1) NOT NULL DEFAULT '1',
  `created_at` timestamp NULL DEFAULT NULL,
  `updated_at` timestamp NULL DEFAULT NULL,
  `deleted_at` timestamp NULL DEFAULT NULL,
  PRIMARY KEY (`id`),
  UNIQUE KEY `syj_emp_situacion_revista_descripcion_unique` (`descripcion`)
) ENGINE=InnoDB AUTO_INCREMENT=34 DEFAULT CHARSET=utf8mb4 COLLATE=utf8mb4_unicode_ci;

--
-- Dumping data for table `syj_emp_situacion_revista`
--

INSERT INTO `syj_emp_situacion_revista` VALUES (1,NULL,'Baja por Fallecimiento',0,1,'2020-05-28 20:55:24','2020-05-28 20:55:24',NULL),(2,NULL,'Activo',1,1,'2020-05-28 20:55:24','2020-05-28 20:55:34',NULL),(3,NULL,'Bajas otras Causales',2,0,'2020-05-28 20:55:24','2021-09-16 14:56:47',NULL),(4,NULL,'Activo Decreto Nº796/97',3,0,'2020-05-28 20:55:24','2021-09-16 14:56:47',NULL),(5,NULL,'Baja otras causales Decreto Nº796/97',4,0,'2020-05-28 20:55:24','2021-09-16 14:56:47',NULL),(6,NULL,'Licencia por Maternidad',5,1,'2020-05-28 20:55:24','2020-05-28 20:55:34',NULL),(7,NULL,'Suspensiones otras Causales',6,1,'2020-05-28 20:55:24','2020-05-28 20:55:34',NULL),(8,NULL,'Baja por Despido',7,0,'2020-05-28 20:55:24','2021-09-16 14:56:47',NULL),(9,NULL,'Baja por Despido Decreto Nº796/97',8,0,'2020-05-28 20:55:24','2021-09-16 14:56:47',NULL),(10,NULL,'Suspendido Ley 20744 art 223 bis',9,1,'2020-05-28 20:55:24','2020-05-28 20:55:34',NULL),(11,NULL,'Licencia por excedencia',10,1,'2020-05-28 20:55:24','2020-05-28 20:55:34',NULL),(12,NULL,'Licencia por Maternidad Down',11,1,'2020-05-28 20:55:24','2020-05-28 20:55:34',NULL),(13,NULL,'Licencia por Vacaciones',12,1,'2020-05-28 20:55:24','2020-05-28 20:55:34',NULL),(14,NULL,'Licencia sin goce de haberes',13,1,'2020-05-28 20:55:24','2020-05-28 20:55:34',NULL),(15,NULL,'Reserva de puesto',14,1,'2020-05-28 20:55:24','2020-05-28 20:55:34',NULL),(16,NULL,'ESE Cese transitorio de serv(art6,inc6y7 D34',15,1,'2020-05-28 20:55:24','2020-05-28 20:55:34',NULL),(17,NULL,'Personal Siniestrado de terc uso por la ART',16,1,'2020-05-28 20:55:24','2020-05-28 20:55:34',NULL),(18,NULL,'Reingreso por disposicion judicial',17,1,'2020-05-28 20:55:24','2020-05-28 20:55:34',NULL),(19,NULL,'ILT primeros 10 dias',18,1,'2020-05-28 20:55:24','2020-05-28 20:55:34',NULL),(20,NULL,'ILT dias 11 y siguientes',19,1,'2020-05-28 20:55:24','2020-05-28 20:55:34',NULL),(21,NULL,'Trabajador siniestrado en nomina de ART',20,1,'2020-05-28 20:55:24','2020-05-28 20:55:34',NULL),(22,NULL,'Trabajador de temporada Reserva de puesto',21,1,'2020-05-28 20:55:24','2020-05-28 20:55:34',NULL),(23,NULL,'Activo- Funciones en el exterior',31,1,'2020-05-28 20:55:24','2020-05-28 20:55:34',NULL),(24,NULL,'Licencia por paternidad',32,1,'2020-05-28 20:55:24','2020-05-28 20:55:34',NULL),(25,NULL,'Licencia por fuerza mayor (Art. 221 LCT)',33,1,'2020-05-28 20:55:24','2020-05-28 20:55:34',NULL),(26,NULL,'Empleado event. en EU (p/su uso ESE) mes com',42,1,'2020-05-28 20:55:24','2020-05-28 20:55:34',NULL),(27,NULL,'Empleado event. en EU (p/su uso ESE) mes inc',43,1,'2020-05-28 20:55:24','2020-05-28 20:55:34',NULL),(28,NULL,'Conservación del emp. p/accidente o enf.incu',44,1,'2020-05-28 20:55:24','2020-05-28 20:55:34',NULL),(29,NULL,'Suspenciones por causas disciplinarias',45,1,'2020-05-28 20:55:24','2020-05-28 20:55:34',NULL),(30,NULL,'Activo - LSD (sin remuneracion)',30,1,'2021-09-16 14:56:47','2021-09-16 14:56:47',NULL),(31,NULL,'Suspendido. Res. 397/2020 MTEySS c/Aportes OS',48,1,'2021-09-16 14:56:47','2021-09-16 14:56:47',NULL),(32,NULL,'Susp. período parcial L 20744 art.223bis / Res. 397 MTEySS',49,1,'2021-09-16 14:56:47','2021-09-16 14:56:47',NULL),(33,NULL,'Dto 792/20 - Mayores 60 años, embarazadas, grupo de riesgo',50,1,'2021-09-16 14:56:47','2021-09-16 14:56:47',NULL);

--
-- Table structure for table `syj_empleado_concepto`
--

CREATE TABLE `syj_empleado_concepto` (
  `user_id` int(10) unsigned DEFAULT NULL,
  `syj_empleado_id` int(10) unsigned DEFAULT NULL,
  `syj_concepto_id` int(10) unsigned DEFAULT NULL,
  `pers_descripcion` tinyint(1) NOT NULL DEFAULT '0',
  `descripcion` varchar(191) COLLATE utf8mb4_unicode_ci DEFAULT NULL,
  `pers_cantidad` tinyint(1) NOT NULL DEFAULT '0',
  `cantidad` decimal(16,2) NOT NULL DEFAULT '0.00',
  `pers_valor` tinyint(1) NOT NULL DEFAULT '0',
  `valor` decimal(16,2) NOT NULL DEFAULT '0.00',
  `pers_importe` tinyint(1) NOT NULL DEFAULT '0',
  `importe` decimal(16,2) NOT NULL DEFAULT '0.00',
  `created_at` timestamp NULL DEFAULT NULL,
  `updated_at` timestamp NULL DEFAULT NULL,
  KEY `syj_empleado_concepto_syj_empleado_id_foreign` (`syj_empleado_id`),
  KEY `syj_empleado_concepto_syj_concepto_id_foreign` (`syj_concepto_id`),
  CONSTRAINT `syj_empleado_concepto_syj_concepto_id_foreign` FOREIGN KEY (`syj_concepto_id`) REFERENCES `syj_conceptos` (`id`),
  CONSTRAINT `syj_empleado_concepto_syj_empleado_id_foreign` FOREIGN KEY (`syj_empleado_id`) REFERENCES `syj_empleados` (`id`)
) ENGINE=InnoDB DEFAULT CHARSET=utf8mb4 COLLATE=utf8mb4_unicode_ci;

--
-- Dumping data for table `syj_empleado_concepto`
--

INSERT INTO `syj_empleado_concepto` VALUES (3799,8,1649,0,'SAC Vacaciones No Gozadas',0,1.00,0,0.00,1,3257.40,'2021-08-26 10:33:12','2021-08-26 10:33:12'),(3799,8,3614,0,'SAC Proporcional',1,1.00,0,0.00,1,46534.22,'2021-08-26 10:33:12','2021-08-26 10:33:12'),(3799,8,1645,0,'Vacaciones No Gozadas',1,8.75,0,0.00,1,37917.86,'2021-08-26 10:33:12','2021-08-26 10:33:12'),(3799,29,3519,0,'Aporte Solidario OSECAC',0,0.00,0,0.00,0,100.00,'2021-09-29 11:13:08','2021-09-29 11:13:08'),(3799,29,3520,0,'OSECAC s/ No Rem',0,3.00,0,0.00,0,0.00,'2021-09-29 11:13:08','2021-09-29 11:13:08'),(3799,29,1627,0,'A Cuenta Futuros Aumentos',1,1.00,1,23142.35,0,0.00,'2021-09-29 11:13:08','2021-09-29 11:13:08'),(3799,29,1645,0,'Vacaciones No Gozadas',0,1.00,1,36308.70,0,0.00,'2021-09-29 11:13:08','2021-09-29 11:13:08'),(3799,29,1649,0,'SAC Vacaciones No Gozadas',0,1.00,0,0.00,0,0.00,'2021-09-29 11:13:08','2021-09-29 11:13:08'),(3799,29,3614,0,'SAC Proporcional',1,1.00,1,19753.51,0,0.00,'2021-09-29 11:13:08','2021-09-29 11:13:08'),(3799,36,3620,0,'Vacaciones',1,7.00,1,20353.58,0,0.00,'2021-10-26 12:41:30','2021-10-26 12:41:30'),(3799,16,3518,0,'Adicional Título Universitario',0,11.00,0,0.00,0,0.00,'2021-11-26 09:09:49','2021-11-26 09:09:49'),(3799,16,3520,0,'OSECAC s/ No Rem',0,3.00,0,0.00,0,0.00,'2021-11-26 09:09:49','2021-11-26 09:09:49'),(3799,16,3519,0,'Aporte Solidario OSECAC',0,0.00,0,0.00,0,100.00,'2021-11-26 09:09:49','2021-11-26 09:09:49'),(3799,16,1627,0,'A Cuenta Futuros Aumentos',1,1.00,1,3766.47,0,0.00,'2021-11-26 09:09:49','2021-11-26 09:09:49'),(3799,16,3614,0,'SAC Proporcional',1,112.00,1,23666.49,0,0.00,'2021-11-26 09:09:49','2021-11-26 09:09:49'),(3799,16,1645,0,'Vacaciones No Gozadas',1,11.36,1,33519.85,0,0.00,'2021-11-26 09:09:49','2021-11-26 09:09:49'),(3799,16,1649,0,'SAC Vacaciones No Gozadas',0,1.00,0,0.00,0,0.00,'2021-11-26 09:09:49','2021-11-26 09:09:49'),(3799,34,3620,0,'Vacaciones',1,7.00,1,21891.03,0,0.00,'2021-11-29 12:29:02','2021-11-29 12:29:02'),(3799,34,3619,0,'Adicional',0,1.00,0,0.00,0,0.00,'2021-11-29 12:29:02','2021-11-29 12:29:02'),(3799,35,3620,0,'Vacaciones',0,0.00,0,0.00,0,0.00,'2021-11-29 14:22:18','2021-11-29 14:22:18'),(3799,37,3620,0,'Vacaciones',0,0.00,0,0.00,0,0.00,'2021-11-29 14:24:22','2021-11-29 14:24:22'),(3799,51,3604,0,'Fed. Gráfica Bonaerense',0,2.00,0,0.00,0,0.00,'2021-12-01 17:33:44','2021-12-01 17:33:44'),(3799,51,3607,0,'Obra Social s/Jornada Completa',0,0.00,0,0.00,1,958.02,'2021-12-01 17:33:44','2021-12-01 17:33:44'),(3799,51,3728,0,'Obra Social s/Jornada Completa',0,3.00,0,0.00,0,0.00,'2021-12-01 17:33:44','2021-12-01 17:33:44'),(3799,51,3980,0,'SAC Proporcional',1,120.00,1,5388.69,0,0.00,'2021-12-01 17:33:44','2021-12-01 17:33:44'),(3799,51,3553,0,'Vacaciones No Gozadas',1,11.67,1,7546.33,0,0.00,'2021-12-01 17:33:44','2021-12-01 17:33:44'),(3799,51,3557,0,'SAC Vacaciones No Gozadas',0,1.00,0,0.00,0,0.00,'2021-12-01 17:33:44','2021-12-01 17:33:44'),(3799,28,1627,0,'A Cuenta Futuros Aumentos',1,1.00,1,38015.65,0,0.00,'2022-01-26 11:50:32','2022-01-26 11:50:32'),(3799,28,1645,0,'Vacaciones No Gozadas',0,1.00,0,0.00,0,0.00,'2022-01-26 11:50:32','2022-01-26 11:50:32'),(3799,28,1649,0,'SAC Vacaciones No Gozadas',0,1.00,0,0.00,0,0.00,'2022-01-26 11:50:32','2022-01-26 11:50:32'),(3799,52,3498,0,'SAC Proporcional',0,0.00,0,0.00,0,0.00,'2022-01-26 12:06:45','2022-01-26 12:06:45'),(3799,52,3464,0,'Vacaciones No Gozadas',1,14.82,1,58722.40,0,0.00,'2022-01-26 12:06:45','2022-01-26 12:06:45'),(3799,52,3468,0,'SAC Vacaciones No Gozadas',0,1.00,0,0.00,0,0.00,'2022-01-26 12:06:45','2022-01-26 12:06:45'),(3799,11,1622,0,'Reintegro Imp. Ganancias RG 5008',0,1.00,1,1706.22,0,0.00,'2022-02-23 14:59:20','2022-02-23 14:59:20'),(3799,11,1627,0,'A Cuenta Futuros Aumentos',1,1.00,1,64455.38,0,0.00,'2022-02-23 14:59:20','2022-02-23 14:59:20'),(3799,11,1645,0,'Vacaciones No Gozadas',1,35.16,1,232914.90,0,0.00,'2022-02-23 14:59:20','2022-02-23 14:59:20'),(3799,11,1649,0,'SAC Vacaciones No Gozadas',0,1.00,0,0.00,0,0.00,'2022-02-23 14:59:20','2022-02-23 14:59:20');
INSERT INTO `syj_empleado_concepto` VALUES (3799,11,3614,0,'SAC Proporcional',1,2.00,1,920.06,0,0.00,'2022-02-23 14:59:20','2022-02-23 14:59:20'),(3799,10,3518,0,'Adicional Título Universitario',0,11.00,0,0.00,0,0.00,'2022-02-23 14:59:58','2022-02-23 14:59:58'),(3799,10,1622,0,'Reintegro Imp. Ganancias RG 5008',0,1.00,1,957.91,0,0.00,'2022-02-23 14:59:58','2022-02-23 14:59:58'),(3799,10,1627,0,'A Cuenta Futuros Aumentos',0,0.00,1,44320.25,0,0.00,'2022-02-23 14:59:58','2022-02-23 14:59:58'),(3799,10,1645,0,'Vacaciones No Gozadas',0,1.00,0,0.00,0,0.00,'2022-02-23 14:59:58','2022-02-23 14:59:58'),(3799,10,1649,0,'SAC Vacaciones No Gozadas',0,1.00,0,0.00,0,0.00,'2022-02-23 14:59:58','2022-02-23 14:59:58'),(3799,10,3614,0,'SAC Proporcional',0,0.01,0,0.00,0,0.00,'2022-02-23 14:59:58','2022-02-23 14:59:58'),(3799,48,3604,0,'Fed. Gráfica Bonaerense',0,2.00,0,0.00,0,0.00,'2022-03-03 10:15:59','2022-03-03 10:15:59'),(3799,48,3533,0,'Adicional Empresa',0,1.00,1,10000.00,0,0.00,'2022-03-03 10:15:59','2022-03-03 10:15:59'),(3799,46,3604,0,'Fed. Gráfica Bonaerense',0,2.00,0,0.00,0,0.00,'2022-03-03 10:17:02','2022-03-03 10:17:02'),(3799,46,3553,0,'Vacaciones No Gozadas',1,15.40,0,0.00,1,35091.12,'2022-03-03 10:17:02','2022-03-03 10:17:02'),(3799,46,3557,0,'SAC Vacaciones No Gozadas',0,1.00,0,0.00,0,0.00,'2022-03-03 10:17:02','2022-03-03 10:17:02'),(3799,46,3984,0,'Inasistencia por Vacaciones',1,-9.00,0,0.00,1,-17089.83,'2022-03-03 10:17:02','2022-03-03 10:17:02'),(3799,20,3518,0,'Adicional Título Universitario',0,11.00,0,0.00,0,0.00,'2022-04-21 12:22:36','2022-04-21 12:22:36'),(3799,20,1627,0,'A Cuenta Futuros Aumentos',0,0.00,1,72808.00,0,0.00,'2022-04-21 12:22:36','2022-04-21 12:22:36'),(3799,20,1645,0,'Vacaciones No Gozadas',0,1.00,0,0.00,0,0.00,'2022-04-21 12:22:36','2022-04-21 12:22:36'),(3799,20,1649,0,'SAC Vacaciones No Gozadas',0,1.00,0,0.00,0,0.00,'2022-04-21 12:22:36','2022-04-21 12:22:36'),(3799,20,3614,0,'SAC Proporcional',0,0.01,0,0.00,0,0.00,'2022-04-21 12:22:36','2022-04-21 12:22:36'),(3799,20,3990,0,'Incremento No Rem. – Acuerdo 2021',0,12.80,0,0.00,0,0.00,'2022-04-21 12:22:36','2022-04-21 12:22:36'),(3799,20,3991,0,'No Rem. – Complemento 01-2022',0,10.40,0,0.00,0,0.00,'2022-04-21 12:22:36','2022-04-21 12:22:36'),(3799,20,1635,0,'Horas Extras al 50%',1,10.00,0,0.00,0,0.00,'2022-04-21 12:22:36','2022-04-21 12:22:36'),(3799,18,1645,0,'Vacaciones No Gozadas',0,1.00,1,20524.58,0,0.00,'2022-07-25 12:57:10','2022-07-25 12:57:10'),(3799,18,1649,0,'SAC Vacaciones No Gozadas',0,1.00,0,0.00,0,0.00,'2022-07-25 12:57:10','2022-07-25 12:57:10'),(3799,18,3614,0,'SAC Proporcional',1,135.00,1,36651.03,0,0.00,'2022-07-25 12:57:10','2022-07-25 12:57:10'),(3799,135,3498,0,'SAC Proporcional',1,8.00,1,444.44,0,0.00,'2022-08-26 12:24:13','2022-08-26 12:24:13'),(3799,135,3464,0,'Vacaciones No Gozadas',1,1.50,1,4500.00,0,0.00,'2022-08-26 12:24:13','2022-08-26 12:24:13'),(3799,135,3468,0,'SAC Vacaciones No Gozadas',0,1.00,0,0.00,0,0.00,'2022-08-26 12:24:13','2022-08-26 12:24:13'),(3799,7,1627,0,'A Cuenta Futuros Aumentos',1,1.00,1,29665.44,0,0.00,'2022-10-25 09:00:27','2022-10-25 09:00:27'),(3799,7,1645,0,'Vacaciones No Gozadas',0,1.00,0,0.00,0,0.00,'2022-10-25 09:00:27','2022-10-25 09:00:27'),(3799,7,1649,0,'SAC Vacaciones No Gozadas',0,1.00,0,0.00,0,0.00,'2022-10-25 09:00:27','2022-10-25 09:00:27'),(3799,7,3614,0,'SAC Proporcional',0,0.01,0,0.00,0,0.00,'2022-10-25 09:00:27','2022-10-25 09:00:27'),(3799,7,3990,0,'Incremento No Remunerativo',0,48.50,0,0.00,0,0.00,'2022-10-25 09:00:27','2022-10-25 09:00:27'),(3799,7,3994,0,'Incremento No Remunerativo',0,48.50,0,0.00,0,0.00,'2022-10-25 09:00:27','2022-10-25 09:00:27'),(3799,33,3712,0,'Sindicato s/ No Rem.',0,2.00,0,0.00,1,91.90,'2022-10-26 08:35:39','2022-10-26 08:35:39'),(3799,22,3523,0,'Aporte Solidario OSECAC',0,0.00,0,0.00,0,100.00,'2022-11-23 15:11:06','2022-11-23 15:11:06'),(3799,22,3464,0,'Vacaciones No Gozadas',0,0.00,0,0.00,0,0.00,'2022-11-23 15:11:06','2022-11-23 15:11:06');
INSERT INTO `syj_empleado_concepto` VALUES (3799,22,3498,0,'SAC Proporcional',0,0.00,0,0.00,0,0.00,'2022-11-23 15:11:06','2022-11-23 15:11:06'),(3799,22,3468,0,'SAC Vacaciones No Gozadas',0,1.00,0,0.00,0,0.00,'2022-11-23 15:11:06','2022-11-23 15:11:06'),(3799,27,1627,0,'A Cuenta Futuros Aumentos',1,1.00,1,34522.42,0,0.00,'2022-11-23 15:11:41','2022-11-23 15:11:41'),(3799,27,3614,0,'SAC Proporcional',1,119.00,0,0.00,1,52203.15,'2022-11-23 15:11:41','2022-11-23 15:11:41'),(3799,27,1649,0,'SAC Vacaciones No Gozadas',0,1.00,0,0.00,0,0.00,'2022-11-23 15:11:41','2022-11-23 15:11:41'),(3799,27,1645,0,'Vacaciones No Gozadas',1,27.94,0,0.00,1,176497.55,'2022-11-23 15:11:41','2022-11-23 15:11:41'),(3799,27,3990,0,'Incremento No Remunerativo',0,6.00,0,0.00,1,5130.20,'2022-11-23 15:11:41','2022-11-23 15:11:41'),(3799,27,1632,0,'Gratificación Especial',0,1.00,0,0.00,1,74584.00,'2022-11-23 15:11:41','2022-11-23 15:11:41'),(3799,140,3498,0,'SAC Proporcional',0,0.00,1,43333.33,1,0.00,'2023-03-28 14:34:18','2023-03-28 14:34:18'),(3799,140,3464,0,'Vacaciones No Gozadas',0,0.00,0,0.00,0,0.00,'2023-03-28 14:34:18','2023-03-28 14:34:18'),(3799,140,3468,0,'SAC Vacaciones No Gozadas',0,1.00,0,0.00,0,0.00,'2023-03-28 14:34:18','2023-03-28 14:34:18'),(3799,38,3619,0,'Adicional',0,1.00,0,0.00,1,323.75,'2023-03-28 18:05:47','2023-03-28 18:05:47'),(3799,143,3498,0,'SAC Proporcional',1,84.00,1,72333.33,0,0.00,'2023-05-28 10:05:59','2023-05-28 10:05:59'),(3799,143,3464,0,'Vacaciones No Gozadas',1,2.90,1,35960.00,0,0.00,'2023-05-28 10:05:59','2023-05-28 10:05:59'),(3799,143,3449,0,'SAC s/ Rubros Indemnizatorios',0,1.00,0,0.00,0,0.00,'2023-05-28 10:05:59','2023-05-28 10:05:59'),(3799,133,3468,0,'SAC Vacaciones No Gozadas',0,1.00,0,0.00,0,0.00,'2023-07-25 12:47:56','2023-07-25 12:47:56'),(3799,133,3498,0,'SAC Proporcional',1,162.00,0,0.00,1,91084.05,'2023-07-25 12:47:56','2023-07-25 12:47:56'),(3799,133,3464,0,'Vacaciones No Gozadas',1,6.30,0,0.00,1,51007.07,'2023-07-25 12:47:56','2023-07-25 12:47:56'),(3799,32,3712,0,'Sindicato s/ No Rem.',0,2.00,0,0.00,1,93.87,'2023-08-07 08:56:56','2023-08-07 08:56:56'),(3799,39,4021,0,'Plus Lic. Matrimonio',1,12.00,0,0.00,1,20216.07,'2023-10-03 11:27:25','2023-10-03 11:27:25'),(3799,129,3464,0,'Vacaciones No Gozadas',0,0.00,0,0.00,0,0.00,'2023-11-28 11:00:31','2023-11-28 11:00:31'),(3799,129,3468,0,'SAC Vacaciones No Gozadas',0,1.00,0,0.00,0,0.00,'2023-11-28 11:00:31','2023-11-28 11:00:31'),(3799,129,3498,0,'SAC Proporcional',0,0.00,0,0.00,0,0.00,'2023-11-28 11:00:31','2023-11-28 11:00:31'),(3799,31,3693,0,'Aporte Solidario OSECAC',0,0.00,0,0.00,0,100.00,'2023-12-20 15:18:23','2023-12-20 15:18:23'),(3799,31,3619,0,'Adicional',0,1.00,0,0.00,0,0.00,'2023-12-20 15:18:23','2023-12-20 15:18:23'),(3799,31,3999,0,'Incremento No Remunerativo',0,48.50,0,0.00,0,0.00,'2023-12-20 15:18:23','2023-12-20 15:18:23'),(3799,31,3694,0,'OSECAC s/ No Rem',0,3.00,0,0.00,0,0.00,'2023-12-20 15:18:23','2023-12-20 15:18:23'),(3799,31,4013,0,'Antigüedad No Remun.',0,0.00,0,0.00,0,0.00,'2023-12-20 15:18:23','2023-12-20 15:18:23'),(3799,31,4014,0,'Presentismo No Remun.',0,8.33,0,0.00,0,0.00,'2023-12-20 15:18:23','2023-12-20 15:18:23'),(3799,31,3650,0,'SAC No Remunerativo',0,0.00,0,0.00,0,0.00,'2023-12-20 15:18:23','2023-12-20 15:18:23'),(3799,145,3498,0,'SAC Proporcional',0,0.00,1,-26388.83,0,0.00,'2024-01-26 09:49:31','2024-01-26 09:49:31'),(3799,145,3464,0,'Vacaciones No Gozadas',1,8.87,1,177400.00,0,0.00,'2024-01-26 09:49:31','2024-01-26 09:49:31'),(3799,145,3468,0,'SAC Vacaciones No Gozadas',0,1.00,0,0.00,0,0.00,'2024-01-26 09:49:31','2024-01-26 09:49:31'),(3799,12,1627,0,'A Cuenta Futuros Aumentos',1,1.00,1,16432.85,0,0.00,'2024-03-25 15:01:51','2024-03-25 15:01:51'),(3799,12,1641,0,'Integración Mes de Despido',0,1.00,0,0.00,0,0.00,'2024-03-25 15:01:51','2024-03-25 15:01:51'),(3799,12,1643,0,'Indemnización Preaviso',0,1.00,0,0.00,0,0.00,'2024-03-25 15:01:51','2024-03-25 15:01:51'),(3799,12,1645,0,'Vacaciones No Gozadas',0,1.00,0,0.00,0,0.00,'2024-03-25 15:01:51','2024-03-25 15:01:51');
INSERT INTO `syj_empleado_concepto` VALUES (3799,12,1692,0,'Indemnizacion por Antigüedad',0,0.00,0,0.00,0,0.00,'2024-03-25 15:01:51','2024-03-25 15:01:51'),(3799,12,1691,0,'SAC s/ Rubros Indemnizatorios',0,0.00,0,0.00,0,0.00,'2024-03-25 15:01:51','2024-03-25 15:01:51'),(3799,12,3614,0,'SAC Proporcional',0,0.01,0,0.00,0,0.00,'2024-03-25 15:01:51','2024-03-25 15:01:51'),(3799,12,4031,0,'Incremento No Remunerativo',0,37.60,0,0.00,0,0.00,'2024-03-25 15:01:51','2024-03-25 15:01:51'),(3799,23,1627,0,'A Cuenta Futuros Aumentos',1,1.00,1,1586.86,0,0.00,'2024-04-29 10:17:59','2024-04-29 10:17:59'),(3799,23,1645,0,'Vacaciones No Gozadas',0,1.00,0,0.00,0,0.00,'2024-04-29 10:17:59','2024-04-29 10:17:59'),(3799,23,1649,0,'SAC Vacaciones No Gozadas',0,1.00,0,0.00,0,0.00,'2024-04-29 10:17:59','2024-04-29 10:17:59'),(3799,23,3614,0,'SAC Proporcional',0,0.01,0,0.00,0,0.00,'2024-04-29 10:17:59','2024-04-29 10:17:59'),(3799,23,3994,0,'Incremento No Remunerativo',0,37.60,0,0.00,0,0.00,'2024-04-29 10:17:59','2024-04-29 10:17:59'),(3799,23,4031,0,'Incremento No Remunerativo',0,37.60,0,0.00,0,0.00,'2024-04-29 10:17:59','2024-04-29 10:17:59'),(3799,141,3604,0,'Fed. Gráfica Bonaerense',0,2.00,0,0.00,0,0.00,'2024-05-07 12:55:27','2024-05-07 12:55:27'),(3799,141,3607,0,'Obra Social s/Jornada Completa',0,0.00,0,0.00,0,0.00,'2024-05-07 12:55:27','2024-05-07 12:55:27'),(3799,141,3728,0,'Obra Social s/Jornada Completa',0,0.00,0,0.00,0,0.00,'2024-05-07 12:55:27','2024-05-07 12:55:27'),(3799,146,3604,0,'Fed. Gráfica Bonaerense',0,2.00,0,0.00,0,0.00,'2024-05-07 12:55:41','2024-05-07 12:55:41'),(3799,146,3728,0,'Obra Social s/Jornada Completa',0,0.00,0,0.00,0,0.00,'2024-05-07 12:55:41','2024-05-07 12:55:41'),(3799,44,3604,0,'Fed. Gráfica Bonaerense',0,2.00,0,0.00,0,0.00,'2024-05-07 12:55:58','2024-05-07 12:55:58'),(3799,44,3602,0,'Concepto No Remunerativo',0,1.00,0,0.00,0,0.00,'2024-05-07 12:55:58','2024-05-07 12:55:58'),(3799,44,3984,0,'Inasistencia por Vacaciones',0,0.00,0,0.00,0,0.00,'2024-05-07 12:55:58','2024-05-07 12:55:58'),(3799,44,3728,0,'Obra Social s/Jornada Completa',0,0.00,0,0.00,1,0.00,'2024-05-07 12:55:58','2024-05-07 12:55:58'),(3799,132,3604,0,'Fed. Gráfica Bonaerense',0,2.00,0,0.00,0,0.00,'2024-05-07 12:56:16','2024-05-07 12:56:16'),(3799,132,3728,0,'Obra Social s/Jornada Completa',0,0.00,0,0.00,0,0.00,'2024-05-07 12:56:16','2024-05-07 12:56:16'),(3799,132,3980,0,'SAC Proporcional',0,0.00,1,3558.24,0,0.00,'2024-05-07 12:56:16','2024-05-07 12:56:16'),(3799,132,3553,0,'Vacaciones No Gozadas',0,0.00,0,0.00,0,0.00,'2024-05-07 12:56:16','2024-05-07 12:56:16'),(3799,132,3557,0,'SAC Vacaciones No Gozadas',0,1.00,0,0.00,0,0.00,'2024-05-07 12:56:16','2024-05-07 12:56:16'),(3799,45,3604,0,'Fed. Gráfica Bonaerense',0,2.00,0,0.00,0,0.00,'2024-05-07 12:56:36','2024-05-07 12:56:36'),(3799,45,3728,0,'Obra Social s/Jornada Completa',0,3.00,0,0.00,0,0.00,'2024-05-07 12:56:36','2024-05-07 12:56:36'),(3799,150,3728,0,'Obra Social s/Jornada Completa',0,0.00,0,0.00,0,0.00,'2024-05-07 13:17:19','2024-05-07 13:17:19'),(3799,150,3604,0,'Fed. Gráfica Bonaerense',0,2.00,0,0.00,0,0.00,'2024-05-07 13:17:19','2024-05-07 13:17:19'),(3799,150,3553,0,'Vacaciones No Gozadas',0,0.00,0,0.00,0,0.00,'2024-05-07 13:17:19','2024-05-07 13:17:19'),(3799,150,3557,0,'SAC Vacaciones No Gozadas',0,1.00,0,0.00,0,0.00,'2024-05-07 13:17:19','2024-05-07 13:17:19'),(3799,150,3980,0,'SAC Proporcional',0,0.00,0,0.00,0,0.00,'2024-05-07 13:17:19','2024-05-07 13:17:19'),(3799,142,4015,0,'Ajuste de Sueldo',0,1.00,0,0.00,0,0.00,'2024-05-27 10:29:22','2024-05-27 10:29:22'),(3799,142,3498,0,'SAC Proporcional',0,0.00,1,57121.78,0,0.00,'2024-05-27 10:29:22','2024-05-27 10:29:22'),(3799,142,3468,0,'SAC Vacaciones No Gozadas',0,1.00,0,0.00,0,0.00,'2024-05-27 10:29:22','2024-05-27 10:29:22'),(3799,142,3464,0,'Vacaciones No Gozadas',0,0.00,1,211936.08,0,0.00,'2024-05-27 10:29:22','2024-05-27 10:29:22'),(3799,156,3607,0,'Obra Social s/Jornada Completa',0,0.00,0,0.00,0,0.00,'2024-07-03 13:33:21','2024-07-03 13:33:21');
INSERT INTO `syj_empleado_concepto` VALUES (3799,156,3728,0,'Obra Social s/Jornada Completa',0,0.00,0,0.00,0,0.00,'2024-07-03 13:33:21','2024-07-03 13:33:21'),(3799,156,3604,0,'Fed. Gráfica Bonaerense',0,2.00,0,0.00,0,0.00,'2024-07-03 13:33:21','2024-07-03 13:33:21'),(3799,156,3533,0,'Adicional Empresa',0,1.00,0,0.00,0,0.00,'2024-07-03 13:33:21','2024-07-03 13:33:21'),(3799,144,3498,0,'SAC Proporcional',1,22.00,0,0.00,1,31836.53,'2024-07-25 09:02:02','2024-07-25 09:02:02'),(3799,144,3464,0,'Vacaciones No Gozadas',1,0.86,0,0.00,1,10717.99,'2024-07-25 09:02:02','2024-07-25 09:02:02'),(3799,144,3468,0,'SAC Vacaciones No Gozadas',0,1.00,0,0.00,0,0.00,'2024-07-25 09:02:02','2024-07-25 09:02:02'),(3799,149,3468,0,'SAC Vacaciones No Gozadas',0,1.00,0,0.00,0,0.00,'2024-07-29 10:58:12','2024-07-29 10:58:12'),(3799,149,3464,0,'Vacaciones No Gozadas',0,0.00,0,0.00,0,0.00,'2024-07-29 10:58:12','2024-07-29 10:58:12'),(3799,149,3498,0,'SAC Proporcional',0,0.00,0,0.00,0,0.00,'2024-07-29 10:58:12','2024-07-29 10:58:12'),(3799,43,3604,0,'Fed. Gráfica Bonaerense',0,2.00,0,0.00,0,0.00,'2024-08-05 11:18:55','2024-08-05 11:18:55'),(3799,43,3541,0,'Inasistencia por Vacaciones',0,0.00,0,0.00,0,0.00,'2024-08-05 11:18:55','2024-08-05 11:18:55'),(3799,43,3728,0,'Obra Social s/Jornada Completa',0,0.00,0,0.00,1,0.00,'2024-08-05 11:18:55','2024-08-05 11:18:55'),(3799,49,3605,0,'Aporte Solidario',0,1.50,0,0.00,0,0.00,'2024-08-05 11:38:11','2024-08-05 11:38:11'),(3799,49,3541,0,'Inasistencia por Vacaciones',0,0.00,0,0.00,0,0.00,'2024-08-05 11:38:11','2024-08-05 11:38:11'),(3799,47,3604,0,'Fed. Gráfica Bonaerense',0,2.00,0,0.00,0,0.00,'2024-09-02 15:49:07','2024-09-02 15:49:07'),(3799,47,3728,0,'Obra Social s/Jornada Completa',0,0.00,0,0.00,0,0.00,'2024-09-02 15:49:07','2024-09-02 15:49:07'),(3799,155,1627,0,'A Cuenta Futuros Aumentos',0,0.00,0,0.00,0,0.00,'2024-11-07 12:18:02','2024-11-07 12:18:02'),(3799,155,4031,0,'Incremento No Remunerativo',0,37.60,0,0.00,0,0.00,'2024-11-07 12:18:02','2024-11-07 12:18:02'),(3799,155,1645,0,'Vacaciones No Gozadas',1,1.00,1,0.00,1,0.00,'2024-11-07 12:18:02','2024-11-07 12:18:02'),(3799,155,3614,0,'SAC Proporcional',1,0.01,1,0.00,1,0.00,'2024-11-07 12:18:02','2024-11-07 12:18:02'),(3799,155,1649,0,'SAC Vacaciones No Gozadas',0,1.00,0,0.00,1,26391.25,'2024-11-07 12:18:02','2024-11-07 12:18:02'),(3799,139,3498,0,'SAC Proporcional',1,0.00,1,0.00,1,0.00,'2024-11-07 12:19:22','2024-11-07 12:19:22'),(3799,139,3468,0,'SAC Vacaciones No Gozadas',1,1.00,1,0.00,1,0.00,'2024-11-07 12:19:22','2024-11-07 12:19:22'),(3799,139,3464,0,'Vacaciones No Gozadas',1,0.00,1,0.00,1,0.00,'2024-11-07 12:19:22','2024-11-07 12:19:22'),(3799,161,3498,0,'SAC Proporcional',1,0.00,1,0.00,1,0.00,'2024-12-12 10:06:54','2024-12-12 10:06:54'),(3799,161,3464,0,'Vacaciones No Gozadas',1,0.00,1,0.00,1,0.00,'2024-12-12 10:06:54','2024-12-12 10:06:54'),(3799,161,3468,0,'SAC Vacaciones No Gozadas',0,1.00,1,0.00,1,0.00,'2024-12-12 10:06:54','2024-12-12 10:06:54'),(3799,151,3498,0,'SAC Proporcional',1,0.00,1,0.00,1,0.00,'2024-12-12 10:07:27','2024-12-12 10:07:27'),(3799,151,3464,0,'Vacaciones No Gozadas',1,0.00,1,0.00,1,0.00,'2024-12-12 10:07:27','2024-12-12 10:07:27'),(3799,151,3468,0,'SAC Vacaciones No Gozadas',1,1.00,1,0.00,1,0.00,'2024-12-12 10:07:27','2024-12-12 10:07:27'),(3799,148,3464,0,'Vacaciones No Gozadas',1,0.00,1,0.00,1,0.00,'2025-01-28 14:16:16','2025-01-28 14:16:16'),(3799,148,3468,0,'SAC Vacaciones No Gozadas',1,1.00,1,0.00,1,0.00,'2025-01-28 14:16:16','2025-01-28 14:16:16'),(3799,148,3498,0,'SAC Proporcional',1,0.00,1,0.00,1,0.00,'2025-01-28 14:16:16','2025-01-28 14:16:16'),(3799,134,3468,0,'SAC Vacaciones No Gozadas',1,1.00,1,0.00,1,0.00,'2025-04-28 14:30:47','2025-04-28 14:30:47'),(3799,134,3498,0,'SAC Proporcional',1,0.00,1,0.00,1,0.00,'2025-04-28 14:30:47','2025-04-28 14:30:47'),(3799,134,3464,0,'Vacaciones No Gozadas',1,0.00,1,0.00,1,0.00,'2025-04-28 14:30:47','2025-04-28 14:30:47'),(3799,130,3464,0,'Vacaciones No Gozadas',1,0.00,1,0.00,1,0.00,'2025-06-08 13:47:10','2025-06-08 13:47:10');
INSERT INTO `syj_empleado_concepto` VALUES (3799,130,3468,0,'SAC Vacaciones No Gozadas',1,1.00,1,0.00,1,0.00,'2025-06-08 13:47:10','2025-06-08 13:47:10'),(3799,130,3498,0,'SAC Proporcional',1,0.00,1,0.00,1,0.00,'2025-06-08 13:47:10','2025-06-08 13:47:10'),(3799,40,3899,0,'SAC',0,180.00,1,35000.00,0,0.00,'2025-07-02 18:06:07','2025-07-02 18:06:07'),(3799,41,3899,0,'SAC',0,180.00,1,30000.00,0,0.00,'2025-07-02 18:06:33','2025-07-02 18:06:33'),(3799,167,3728,0,'Obra Social s/Jornada Completa',1,0.00,1,0.00,1,0.00,'2025-07-02 18:26:05','2025-07-02 18:26:05'),(3799,167,3604,0,'Fed. Gráfica Bonaerense',0,2.00,1,0.00,1,0.00,'2025-07-02 18:26:05','2025-07-02 18:26:05'),(3799,167,3553,0,'Vacaciones No Gozadas',1,0.00,1,0.00,1,0.00,'2025-07-02 18:26:05','2025-07-02 18:26:05'),(3799,167,3557,0,'SAC Vacaciones No Gozadas',1,1.00,1,0.00,1,0.00,'2025-07-02 18:26:05','2025-07-02 18:26:05'),(3799,167,3980,0,'SAC Proporcional',1,0.00,1,0.00,1,0.00,'2025-07-02 18:26:05','2025-07-02 18:26:05'),(3799,17,4015,0,'Ajuste de Sueldo',0,1.00,1,0.00,1,0.00,'2025-07-29 10:29:42','2025-07-29 10:29:42'),(3799,175,3728,0,'Obra Social s/Jornada Completa',1,0.00,1,0.00,1,0.00,'2025-08-07 10:12:48','2025-08-07 10:12:48'),(3799,175,3604,0,'Fed. Gráfica Bonaerense',0,2.00,1,0.00,1,0.00,'2025-08-07 10:12:48','2025-08-07 10:12:48'),(3799,124,3519,0,'Aporte Solidario OSECAC',0,0.00,0,0.00,0,100.00,'2025-08-20 02:53:58','2025-08-20 02:53:58'),(3799,124,3522,0,'OSECAC s/ No Rem J.Comp.',0,1.00,0,0.00,0,0.00,'2025-08-20 02:53:58','2025-08-20 02:53:58'),(3799,124,1627,0,'A Cuenta Futuros Aumentos',0,0.00,0,0.00,0,0.00,'2025-08-20 02:53:58','2025-08-20 02:53:58'),(3799,124,3521,0,'Obra Social s/Jorn. Completa',0,0.00,0,0.00,1,933.31,'2025-08-20 02:53:58','2025-08-20 02:53:58'),(3799,124,3991,0,'No Rem. – Complemento 01-2022',0,2.40,0,0.00,0,0.00,'2025-08-20 02:53:58','2025-08-20 02:53:58'),(3799,124,4036,0,'Ajuste de Sueldo',0,1.00,1,0.00,1,0.00,'2025-08-20 02:53:58','2025-08-20 02:53:58'),(3799,124,4011,0,'Antigüedad No Remunerativo',1,0.00,1,0.00,1,0.00,'2025-08-20 02:53:58','2025-08-20 02:53:58'),(3799,124,4012,0,'Presentismo No Remunerativo',1,8.33,1,0.00,1,0.00,'2025-08-20 02:53:58','2025-08-20 02:53:58'),(3799,124,3990,0,'Increm. No Remunerativo (Osecac)',1,1.00,1,0.00,1,0.00,'2025-08-20 02:53:58','2025-08-20 02:53:58'),(3799,124,3614,0,'SAC Proporcional',1,0.00,1,0.00,1,0.00,'2025-08-20 02:53:58','2025-08-20 02:53:58'),(3799,124,1645,0,'Vacaciones No Gozadas',1,0.00,1,0.00,1,0.00,'2025-08-20 02:53:58','2025-08-20 02:53:58'),(3799,124,1649,0,'SAC Vacaciones No Gozadas',1,1.00,1,0.00,1,0.00,'2025-08-20 02:53:58','2025-08-20 02:53:58'),(3799,176,3604,0,'Fed. Gráfica Bonaerense',1,2.00,1,0.00,1,0.00,'2025-09-03 12:12:42','2025-09-03 12:12:42'),(3799,176,3984,0,'Inasistencia por Vacaciones',1,0.00,1,0.00,1,0.00,'2025-09-03 12:12:42','2025-09-03 12:12:42'),(3799,176,3728,0,'Obra Social s/Jornada Completa',1,0.00,1,0.00,1,0.00,'2025-09-03 12:12:42','2025-09-03 12:12:42'),(3799,3,4015,0,'Ajuste de Sueldo',0,1.00,1,0.00,1,0.00,'2025-09-24 19:14:49','2025-09-24 19:14:49'),(3799,13,3528,0,'Adicional Título Terciario',0,7.70,0,0.00,0,0.00,'2025-09-24 19:26:19','2025-09-24 19:26:19'),(3799,13,1622,0,'Reintegro Imp. Ganancias RG 5008',0,1.00,1,448.82,0,0.00,'2025-09-24 19:26:19','2025-09-24 19:26:19'),(3799,13,1627,0,'A Cuenta Futuros Aumentos',1,1.00,1,42699.03,0,0.00,'2025-09-24 19:26:19','2025-09-24 19:26:19'),(3799,13,4015,0,'Ajuste de Sueldo',0,1.00,1,0.00,1,0.00,'2025-09-24 19:26:19','2025-09-24 19:26:19'),(3799,14,1627,0,'A Cuenta Futuros Aumentos',1,1.00,1,51103.81,0,0.00,'2025-09-24 19:36:37','2025-09-24 19:36:37'),(3799,14,4015,0,'Ajuste de Sueldo',1,1.00,1,0.00,1,0.00,'2025-09-24 19:36:37','2025-09-24 19:36:37'),(3799,15,1627,0,'A Cuenta Futuros Aumentos',1,1.00,1,38456.45,0,0.00,'2025-09-24 19:39:58','2025-09-24 19:39:58'),(3799,15,4015,0,'Ajuste de Sueldo',0,1.00,1,0.00,1,0.00,'2025-09-24 19:39:58','2025-09-24 19:39:58');
INSERT INTO `syj_empleado_concepto` VALUES (3799,42,3604,0,'Fed. Gráfica Bonaerense',0,2.00,0,0.00,0,0.00,'2025-10-01 15:12:30','2025-10-01 15:12:30'),(3799,42,3728,0,'Obra Social s/Jornada Completa',0,0.00,0,0.00,0,0.00,'2025-10-01 15:12:30','2025-10-01 15:12:30'),(3799,42,4009,0,'Obra Social Ajuste',0,0.00,0,0.00,0,0.00,'2025-10-01 15:12:30','2025-10-01 15:12:30'),(3799,50,3605,0,'Aporte Solidario',0,1.50,0,0.00,0,0.00,'2025-10-01 15:13:15','2025-10-01 15:13:15'),(3799,138,4015,0,'Ajuste de Sueldo',0,1.00,1,0.00,1,0.00,'2025-10-10 16:33:16','2025-10-10 16:33:16'),(3799,138,3449,0,'SAC s/ Rubros Indemnizatorios',1,1.00,1,0.00,1,0.00,'2025-10-10 16:33:16','2025-10-10 16:33:16'),(3799,138,3464,0,'Vacaciones No Gozadas',1,0.00,1,0.00,1,0.00,'2025-10-10 16:33:16','2025-10-10 16:33:16'),(3799,138,3498,0,'SAC Proporcional',1,0.00,1,0.00,1,0.00,'2025-10-10 16:33:16','2025-10-10 16:33:16'),(3799,138,3460,0,'Indemnización Integración Mes de Despido',1,1.00,1,0.00,1,0.00,'2025-10-10 16:33:16','2025-10-10 16:33:16'),(3799,4,3523,0,'Aporte Solidario OSECAC',0,0.00,0,0.00,0,100.00,'2025-10-27 10:47:19','2025-10-27 10:47:19'),(3799,4,3454,0,'Horas Extras al 50%',0,0.00,0,0.00,0,0.00,'2025-10-27 10:47:19','2025-10-27 10:47:19'),(3799,4,3513,0,'Concepto No Remunerativo',0,1.00,1,15000.00,0,0.00,'2025-10-27 10:47:19','2025-10-27 10:47:19'),(3799,4,4015,0,'Ajuste de Sueldo',0,1.00,1,0.00,1,0.00,'2025-10-27 10:47:19','2025-10-27 10:47:19'),(3799,2,1627,0,'A Cuenta Futuros Aumentos',1,1.00,1,49463.62,0,0.00,'2025-10-27 10:51:30','2025-10-27 10:51:30'),(3799,25,3518,0,'Adicional Título Universitario',0,11.00,0,0.00,0,0.00,'2025-10-27 10:51:59','2025-10-27 10:51:59'),(3799,25,1622,0,'Reintegro Imp. Ganancias RG 5008',0,1.00,1,573.98,0,0.00,'2025-10-27 10:51:59','2025-10-27 10:51:59'),(3799,25,1627,0,'A Cuenta Futuros Aumentos',0,0.00,1,64625.77,0,0.00,'2025-10-27 10:51:59','2025-10-27 10:51:59'),(3799,147,4015,0,'Ajuste de Sueldo',0,1.00,0,0.00,1,95000.00,'2025-10-27 11:01:41','2025-10-27 11:01:41'),(3799,159,4015,0,'Ajuste de Sueldo',0,1.00,1,0.00,1,0.00,'2025-10-27 11:05:18','2025-10-27 11:05:18'),(3799,158,4015,0,'Ajuste de Sueldo',0,1.00,1,0.00,1,0.00,'2025-10-27 11:05:51','2025-10-27 11:05:51'),(3799,157,4015,0,'Ajuste de Sueldo',0,1.00,1,0.00,1,0.00,'2025-10-27 11:06:20','2025-10-27 11:06:20'),(3799,26,3528,0,'Adicional Título Terciario',0,7.70,0,0.00,0,0.00,'2025-10-27 11:14:28','2025-10-27 11:14:28'),(3799,26,1627,0,'A Cuenta Futuros Aumentos',1,1.00,1,5677.36,0,0.00,'2025-10-27 11:14:28','2025-10-27 11:14:28'),(3799,26,3994,0,'Incremento No Remunerativo',0,1.00,0,0.00,0,0.00,'2025-10-27 11:14:28','2025-10-27 11:14:28'),(3799,26,4036,0,'Ajuste de Sueldo',0,1.00,1,0.00,1,0.00,'2025-10-27 11:14:28','2025-10-27 11:14:28'),(3799,26,1635,0,'Horas Extras al 50%',1,0.00,1,0.00,1,0.00,'2025-10-27 11:14:28','2025-10-27 11:14:28'),(3799,26,1636,0,'Horas Extras al 100%',1,0.00,1,0.00,1,0.00,'2025-10-27 11:14:28','2025-10-27 11:14:28'),(3799,26,1651,0,'Presentismo No Remunerativo',1,8.33,1,0.00,1,0.00,'2025-10-27 11:14:28','2025-10-27 11:14:28'),(3799,26,1650,0,'Antigüedad No Remunerativo',1,0.00,1,0.00,1,0.00,'2025-10-27 11:14:28','2025-10-27 11:14:28'),(3799,30,3518,0,'Adicional Título Universitario',0,11.00,0,0.00,0,0.00,'2025-10-27 11:18:16','2025-10-27 11:18:16'),(3799,30,1627,0,'A Cuenta Futuros Aumentos',1,1.00,1,5782.77,0,0.00,'2025-10-27 11:18:16','2025-10-27 11:18:16'),(3799,30,3994,0,'Incremento No Remunerativo',0,1.00,0,0.00,0,0.00,'2025-10-27 11:18:16','2025-10-27 11:18:16'),(3799,30,4036,0,'Ajuste de Sueldo',0,1.00,1,0.00,1,0.00,'2025-10-27 11:18:16','2025-10-27 11:18:16'),(3799,30,1651,0,'Presentismo No Remunerativo',1,8.33,1,0.00,1,0.00,'2025-10-27 11:18:16','2025-10-27 11:18:16'),(3799,30,1650,0,'Antigüedad No Remunerativo',1,0.00,1,0.00,1,0.00,'2025-10-27 11:18:16','2025-10-27 11:18:16'),(3799,162,1627,0,'A Cuenta Futuros Aumentos',1,0.00,1,0.00,1,0.00,'2025-10-27 11:19:15','2025-10-27 11:19:15');
INSERT INTO `syj_empleado_concepto` VALUES (3799,162,3994,0,'Incremento No Remunerativo',1,0.00,1,0.00,1,0.00,'2025-10-27 11:19:15','2025-10-27 11:19:15'),(3799,162,1650,0,'Antigüedad No Remunerativo',1,0.00,1,0.00,1,0.00,'2025-10-27 11:19:15','2025-10-27 11:19:15'),(3799,162,1651,0,'Presentismo No Remunerativo',1,8.33,1,0.00,1,0.00,'2025-10-27 11:19:15','2025-10-27 11:19:15'),(3799,125,1627,0,'A Cuenta Futuros Aumentos',0,0.00,0,0.00,0,0.00,'2025-10-27 11:21:18','2025-10-27 11:21:18'),(3799,125,3521,0,'Obra Social s/Jorn. Completa',0,0.00,0,0.00,1,933.31,'2025-10-27 11:21:18','2025-10-27 11:21:18'),(3799,125,3991,0,'No Rem. – Complemento 01-2022',0,2.40,0,0.00,0,0.00,'2025-10-27 11:21:18','2025-10-27 11:21:18'),(3799,125,3994,0,'Incremento No Remunerativo',0,1.00,0,0.00,0,0.00,'2025-10-27 11:21:18','2025-10-27 11:21:18'),(3799,125,4036,0,'Ajuste de Sueldo',0,1.00,1,0.00,1,0.00,'2025-10-27 11:21:18','2025-10-27 11:21:18'),(3799,125,1651,0,'Presentismo No Remunerativo',1,8.33,1,0.00,1,0.00,'2025-10-27 11:21:18','2025-10-27 11:21:18'),(3799,125,1650,0,'Antigüedad No Remunerativo',1,0.00,1,0.00,1,0.00,'2025-10-27 11:21:18','2025-10-27 11:21:18'),(3799,1,3519,0,'Aporte Solidario OSECAC',0,0.00,0,0.00,0,100.00,'2025-10-27 11:22:41','2025-10-27 11:22:41'),(3799,1,3520,0,'OSECAC s/ No Rem',0,3.00,0,0.00,0,0.00,'2025-10-27 11:22:41','2025-10-27 11:22:41'),(3799,1,1627,0,'A cuenta Futuros Aumentos',0,1.00,1,8084.25,0,0.00,'2025-10-27 11:22:41','2025-10-27 11:22:41'),(3799,1,4012,0,'Presentismo No Remunerativo',0,8.33,0,0.00,0,0.00,'2025-10-27 11:22:41','2025-10-27 11:22:41'),(3799,1,3990,0,'Incremento No Remunerativo',0,15.00,0,0.00,0,0.00,'2025-10-27 11:22:41','2025-10-27 11:22:41'),(3799,1,4011,0,'Antigüedad No Remunerativo',0,0.00,0,0.00,0,0.00,'2025-10-27 11:22:41','2025-10-27 11:22:41'),(3799,19,3519,0,'Aporte Solidario OSECAC',0,0.00,0,0.00,0,100.00,'2025-10-27 11:25:27','2025-10-27 11:25:27'),(3799,19,3520,0,'OSECAC s/ No Rem',0,3.00,0,0.00,0,0.00,'2025-10-27 11:25:27','2025-10-27 11:25:27'),(3799,19,3522,0,'OSECAC s/ No Rem J.Comp.',1,3.00,0,0.00,0,0.00,'2025-10-27 11:25:27','2025-10-27 11:25:27'),(3799,19,3521,0,'Obra Social s/Jorn. Completa',0,1.00,0,0.00,0,0.00,'2025-10-27 11:25:27','2025-10-27 11:25:27'),(3799,19,3990,0,'Incremento No Remunerativo',0,15.00,0,0.00,0,0.00,'2025-10-27 11:25:27','2025-10-27 11:25:27'),(3799,19,4011,0,'Antigüedad No Remunerativo',0,0.00,0,0.00,0,0.00,'2025-10-27 11:25:27','2025-10-27 11:25:27'),(3799,19,4012,0,'Presentismo No Remunerativo',0,8.33,0,0.00,0,0.00,'2025-10-27 11:25:27','2025-10-27 11:25:27'),(3799,19,1627,0,'A Cuenta Futuros Aumentos',1,0.00,1,0.00,1,0.00,'2025-10-27 11:25:27','2025-10-27 11:25:27'),(3799,173,4041,0,'Asignación Estimulo',1,1.00,1,0.00,1,0.00,'2025-10-27 12:39:47','2025-10-27 12:39:47'),(3799,123,1627,0,'A Cuenta Futuros Aumentos',0,0.00,0,0.00,0,0.00,'2025-10-27 14:40:22','2025-10-27 14:40:22'),(3799,123,3994,0,'Incremento No Remunerativo',0,1.00,0,0.00,0,0.00,'2025-10-27 14:40:22','2025-10-27 14:40:22'),(3799,126,4015,0,'Ajuste de Sueldo',1,1.00,1,0.00,1,0.00,'2025-10-27 14:42:27','2025-10-27 14:42:27'),(3799,24,4015,0,'Ajuste de Sueldo',0,1.00,1,0.00,1,0.00,'2025-10-27 15:10:13','2025-10-27 15:10:13'),(3799,179,3728,0,'Obra Social s/Jornada Completa',1,0.00,1,0.00,1,0.00,'2025-10-28 10:44:03','2025-10-28 10:44:03'),(3799,179,3604,0,'Fed. Gráfica Bonaerense',1,2.00,1,0.00,1,0.00,'2025-10-28 10:44:03','2025-10-28 10:44:03'),(3799,179,3980,0,'SAC Proporcional',1,0.00,1,0.00,1,0.00,'2025-10-28 10:44:03','2025-10-28 10:44:03'),(3799,179,3557,0,'SAC Vacaciones No Gozadas',1,1.00,1,0.00,1,0.00,'2025-10-28 10:44:03','2025-10-28 10:44:03'),(3799,179,3553,0,'Vacaciones No Gozadas',1,0.00,1,0.00,1,0.00,'2025-10-28 10:44:03','2025-10-28 10:44:03');

--
-- Table structure for table `syj_empleado_excluir_concepto`
--

CREATE TABLE `syj_empleado_excluir_concepto` (
  `user_id` int(10) unsigned DEFAULT NULL,
  `syj_empleado_id` int(10) unsigned DEFAULT NULL,
  `syj_concepto_id` int(10) unsigned DEFAULT NULL,
  `created_at` timestamp NULL DEFAULT NULL,
  `updated_at` timestamp NULL DEFAULT NULL,
  KEY `syj_empleado_excluir_concepto_syj_empleado_id_foreign` (`syj_empleado_id`),
  KEY `syj_empleado_excluir_concepto_syj_concepto_id_foreign` (`syj_concepto_id`),
  CONSTRAINT `syj_empleado_excluir_concepto_syj_concepto_id_foreign` FOREIGN KEY (`syj_concepto_id`) REFERENCES `syj_conceptos` (`id`),
  CONSTRAINT `syj_empleado_excluir_concepto_syj_empleado_id_foreign` FOREIGN KEY (`syj_empleado_id`) REFERENCES `syj_empleados` (`id`)
) ENGINE=InnoDB DEFAULT CHARSET=utf8mb4 COLLATE=utf8mb4_unicode_ci;

--
-- Dumping data for table `syj_empleado_excluir_concepto`
--

INSERT INTO `syj_empleado_excluir_concepto` VALUES (3799,8,1688,'2021-08-26 10:33:12','2021-08-26 10:33:12'),(3799,8,3518,'2021-08-26 10:33:12','2021-08-26 10:33:12'),(3799,8,3526,'2021-08-26 10:33:12','2021-08-26 10:33:12'),(3799,8,3524,'2021-08-26 10:33:12','2021-08-26 10:33:12'),(3799,8,3528,'2021-08-26 10:33:12','2021-08-26 10:33:12'),(3799,29,1688,'2021-09-29 11:13:08','2021-09-29 11:13:08'),(3799,29,3518,'2021-09-29 11:13:08','2021-09-29 11:13:08'),(3799,29,3526,'2021-09-29 11:13:08','2021-09-29 11:13:08'),(3799,29,3524,'2021-09-29 11:13:08','2021-09-29 11:13:08'),(3799,29,3528,'2021-09-29 11:13:08','2021-09-29 11:13:08'),(3799,29,1677,'2021-09-29 11:13:08','2021-09-29 11:13:08'),(3799,36,1625,'2021-10-26 12:41:30','2021-10-26 12:41:30'),(3799,36,3518,'2021-10-26 12:41:30','2021-10-26 12:41:30'),(3799,36,3528,'2021-10-26 12:41:30','2021-10-26 12:41:30'),(3799,36,1688,'2021-10-26 12:41:30','2021-10-26 12:41:30'),(3799,16,1688,'2021-11-26 09:09:49','2021-11-26 09:09:49'),(3799,16,3526,'2021-11-26 09:09:49','2021-11-26 09:09:49'),(3799,16,3524,'2021-11-26 09:09:49','2021-11-26 09:09:49'),(3799,16,3528,'2021-11-26 09:09:49','2021-11-26 09:09:49'),(3799,34,1688,'2021-11-29 12:29:02','2021-11-29 12:29:02'),(3799,34,3518,'2021-11-29 12:29:02','2021-11-29 12:29:02'),(3799,34,3528,'2021-11-29 12:29:02','2021-11-29 12:29:02'),(3799,35,1688,'2021-11-29 14:22:18','2021-11-29 14:22:18'),(3799,35,3518,'2021-11-29 14:22:18','2021-11-29 14:22:18'),(3799,35,3528,'2021-11-29 14:22:18','2021-11-29 14:22:18'),(3799,37,1688,'2021-11-29 14:24:22','2021-11-29 14:24:22'),(3799,37,3518,'2021-11-29 14:24:22','2021-11-29 14:24:22'),(3799,37,3528,'2021-11-29 14:24:22','2021-11-29 14:24:22'),(3799,51,3569,'2021-12-01 17:33:44','2021-12-01 17:33:44'),(3799,51,3605,'2021-12-01 17:33:44','2021-12-01 17:33:44'),(3799,51,3568,'2021-12-01 17:33:44','2021-12-01 17:33:44'),(3799,28,1688,'2022-01-26 11:50:32','2022-01-26 11:50:32'),(3799,28,3518,'2022-01-26 11:50:32','2022-01-26 11:50:32'),(3799,28,3524,'2022-01-26 11:50:32','2022-01-26 11:50:32'),(3799,28,3526,'2022-01-26 11:50:32','2022-01-26 11:50:32'),(3799,28,3528,'2022-01-26 11:50:32','2022-01-26 11:50:32'),(3799,52,3454,'2022-01-26 12:06:45','2022-01-26 12:06:45'),(3799,52,3455,'2022-01-26 12:06:45','2022-01-26 12:06:45'),(3799,52,3497,'2022-01-26 12:06:45','2022-01-26 12:06:45'),(3799,52,3456,'2022-01-26 12:06:45','2022-01-26 12:06:45'),(3799,52,3514,'2022-01-26 12:06:45','2022-01-26 12:06:45'),(3799,52,3458,'2022-01-26 12:06:45','2022-01-26 12:06:45'),(3799,11,3518,'2022-02-23 14:59:20','2022-02-23 14:59:20'),(3799,11,1688,'2022-02-23 14:59:20','2022-02-23 14:59:20'),(3799,11,3526,'2022-02-23 14:59:20','2022-02-23 14:59:20'),(3799,11,3524,'2022-02-23 14:59:20','2022-02-23 14:59:20'),(3799,11,3528,'2022-02-23 14:59:20','2022-02-23 14:59:20'),(3799,10,1688,'2022-02-23 14:59:58','2022-02-23 14:59:58'),(3799,10,3526,'2022-02-23 14:59:58','2022-02-23 14:59:58'),(3799,10,3524,'2022-02-23 14:59:58','2022-02-23 14:59:58'),(3799,10,3528,'2022-02-23 14:59:58','2022-02-23 14:59:58'),(3799,10,1677,'2022-02-23 14:59:58','2022-02-23 14:59:58'),(3799,48,3569,'2022-03-03 10:15:59','2022-03-03 10:15:59'),(3799,46,3569,'2022-03-03 10:17:02','2022-03-03 10:17:02'),(3799,20,1688,'2022-04-21 12:22:36','2022-04-21 12:22:36'),(3799,20,3526,'2022-04-21 12:22:36','2022-04-21 12:22:36'),(3799,20,3524,'2022-04-21 12:22:36','2022-04-21 12:22:36'),(3799,20,3528,'2022-04-21 12:22:36','2022-04-21 12:22:36'),(3799,20,1677,'2022-04-21 12:22:36','2022-04-21 12:22:36'),(3799,20,3611,'2022-04-21 12:22:36','2022-04-21 12:22:36'),(3799,20,3989,'2022-04-21 12:22:36','2022-04-21 12:22:36'),(3799,18,3518,'2022-07-25 12:57:10','2022-07-25 12:57:10'),(3799,18,1688,'2022-07-25 12:57:10','2022-07-25 12:57:10'),(3799,18,3526,'2022-07-25 12:57:10','2022-07-25 12:57:10'),(3799,18,3524,'2022-07-25 12:57:10','2022-07-25 12:57:10'),(3799,18,3528,'2022-07-25 12:57:10','2022-07-25 12:57:10'),(3799,18,1679,'2022-07-25 12:57:10','2022-07-25 12:57:10');
INSERT INTO `syj_empleado_excluir_concepto` VALUES (3799,135,3462,'2022-08-26 12:24:13','2022-08-26 12:24:13'),(3799,135,3720,'2022-08-26 12:24:13','2022-08-26 12:24:13'),(3799,7,1688,'2022-10-25 09:00:27','2022-10-25 09:00:27'),(3799,7,3518,'2022-10-25 09:00:27','2022-10-25 09:00:27'),(3799,7,3526,'2022-10-25 09:00:27','2022-10-25 09:00:27'),(3799,7,3524,'2022-10-25 09:00:27','2022-10-25 09:00:27'),(3799,7,3528,'2022-10-25 09:00:27','2022-10-25 09:00:27'),(3799,7,3611,'2022-10-25 09:00:27','2022-10-25 09:00:27'),(3799,7,3994,'2022-10-25 09:00:27','2022-10-25 09:00:27'),(3799,33,1688,'2022-10-26 08:35:39','2022-10-26 08:35:39'),(3799,33,3518,'2022-10-26 08:35:39','2022-10-26 08:35:39'),(3799,33,3820,'2022-10-26 08:35:39','2022-10-26 08:35:39'),(3799,22,3454,'2022-11-23 15:11:06','2022-11-23 15:11:06'),(3799,22,3455,'2022-11-23 15:11:06','2022-11-23 15:11:06'),(3799,22,3497,'2022-11-23 15:11:06','2022-11-23 15:11:06'),(3799,22,3456,'2022-11-23 15:11:06','2022-11-23 15:11:06'),(3799,22,3514,'2022-11-23 15:11:06','2022-11-23 15:11:06'),(3799,22,3462,'2022-11-23 15:11:06','2022-11-23 15:11:06'),(3799,22,3720,'2022-11-23 15:11:06','2022-11-23 15:11:06'),(3799,27,1688,'2022-11-23 15:11:41','2022-11-23 15:11:41'),(3799,27,3518,'2022-11-23 15:11:41','2022-11-23 15:11:41'),(3799,27,3526,'2022-11-23 15:11:41','2022-11-23 15:11:41'),(3799,27,3524,'2022-11-23 15:11:41','2022-11-23 15:11:41'),(3799,27,3528,'2022-11-23 15:11:41','2022-11-23 15:11:41'),(3799,27,3611,'2022-11-23 15:11:41','2022-11-23 15:11:41'),(3799,38,1688,'2023-03-28 18:05:47','2023-03-28 18:05:47'),(3799,38,3518,'2023-03-28 18:05:47','2023-03-28 18:05:47'),(3799,133,3462,'2023-07-25 12:47:56','2023-07-25 12:47:56'),(3799,32,3712,'2023-08-07 08:56:56','2023-08-07 08:56:56'),(3799,39,1688,'2023-10-03 11:27:25','2023-10-03 11:27:25'),(3799,39,3518,'2023-10-03 11:27:25','2023-10-03 11:27:25'),(3799,39,1625,'2023-10-03 11:27:25','2023-10-03 11:27:25'),(3799,39,3528,'2023-10-03 11:27:25','2023-10-03 11:27:25'),(3799,31,1688,'2023-12-20 15:18:23','2023-12-20 15:18:23'),(3799,31,3518,'2023-12-20 15:18:23','2023-12-20 15:18:23'),(3799,31,3528,'2023-12-20 15:18:23','2023-12-20 15:18:23'),(3799,31,3701,'2023-12-20 15:18:23','2023-12-20 15:18:23'),(3799,31,3644,'2023-12-20 15:18:23','2023-12-20 15:18:23'),(3799,31,3645,'2023-12-20 15:18:23','2023-12-20 15:18:23'),(3799,31,3646,'2023-12-20 15:18:23','2023-12-20 15:18:23'),(3799,12,1688,'2024-03-25 15:01:51','2024-03-25 15:01:51'),(3799,12,3518,'2024-03-25 15:01:51','2024-03-25 15:01:51'),(3799,12,3526,'2024-03-25 15:01:51','2024-03-25 15:01:51'),(3799,12,3524,'2024-03-25 15:01:51','2024-03-25 15:01:51'),(3799,12,3528,'2024-03-25 15:01:51','2024-03-25 15:01:51'),(3799,12,3611,'2024-03-25 15:01:51','2024-03-25 15:01:51'),(3799,23,1688,'2024-04-29 10:17:59','2024-04-29 10:17:59'),(3799,23,3518,'2024-04-29 10:17:59','2024-04-29 10:17:59'),(3799,23,3526,'2024-04-29 10:17:59','2024-04-29 10:17:59'),(3799,23,3524,'2024-04-29 10:17:59','2024-04-29 10:17:59'),(3799,23,3528,'2024-04-29 10:17:59','2024-04-29 10:17:59'),(3799,23,3611,'2024-04-29 10:17:59','2024-04-29 10:17:59'),(3799,23,3990,'2024-04-29 10:17:59','2024-04-29 10:17:59'),(3799,23,3994,'2024-04-29 10:17:59','2024-04-29 10:17:59'),(3799,141,3569,'2024-05-07 12:55:27','2024-05-07 12:55:27'),(3799,141,3568,'2024-05-07 12:55:27','2024-05-07 12:55:27'),(3799,146,3569,'2024-05-07 12:55:41','2024-05-07 12:55:41'),(3799,146,3568,'2024-05-07 12:55:41','2024-05-07 12:55:41'),(3799,44,3569,'2024-05-07 12:55:58','2024-05-07 12:55:58'),(3799,44,3537,'2024-05-07 12:55:58','2024-05-07 12:55:58'),(3799,44,3568,'2024-05-07 12:55:58','2024-05-07 12:55:58'),(3799,132,3569,'2024-05-07 12:56:16','2024-05-07 12:56:16'),(3799,45,3569,'2024-05-07 12:56:36','2024-05-07 12:56:36'),(3799,45,3605,'2024-05-07 12:56:36','2024-05-07 12:56:36'),(3799,45,3568,'2024-05-07 12:56:36','2024-05-07 12:56:36'),(3799,150,3569,'2024-05-07 13:17:19','2024-05-07 13:17:19'),(3799,156,3568,'2024-07-03 13:33:21','2024-07-03 13:33:21');
INSERT INTO `syj_empleado_excluir_concepto` VALUES (3799,156,3569,'2024-07-03 13:33:21','2024-07-03 13:33:21'),(3799,43,3571,'2024-08-05 11:18:55','2024-08-05 11:18:55'),(3799,43,3569,'2024-08-05 11:18:55','2024-08-05 11:18:55'),(3799,49,3604,'2024-08-05 11:38:11','2024-08-05 11:38:11'),(3799,49,3567,'2024-08-05 11:38:11','2024-08-05 11:38:11'),(3799,49,3568,'2024-08-05 11:38:11','2024-08-05 11:38:11'),(3799,49,3569,'2024-08-05 11:38:11','2024-08-05 11:38:11'),(3799,47,3605,'2024-09-02 15:49:07','2024-09-02 15:49:07'),(3799,47,3568,'2024-09-02 15:49:07','2024-09-02 15:49:07'),(3799,47,3569,'2024-09-02 15:49:07','2024-09-02 15:49:07'),(3799,155,3611,'2024-11-07 12:18:02','2024-11-07 12:18:02'),(3799,139,3462,'2024-11-07 12:19:22','2024-11-07 12:19:22'),(3799,40,3478,'2025-07-02 18:06:07','2025-07-02 18:06:07'),(3799,40,3477,'2025-07-02 18:06:07','2025-07-02 18:06:07'),(3799,40,3860,'2025-07-02 18:06:07','2025-07-02 18:06:07'),(3799,40,3861,'2025-07-02 18:06:07','2025-07-02 18:06:07'),(3799,41,3477,'2025-07-02 18:06:33','2025-07-02 18:06:33'),(3799,41,3478,'2025-07-02 18:06:33','2025-07-02 18:06:33'),(3799,41,3860,'2025-07-02 18:06:33','2025-07-02 18:06:33'),(3799,41,3861,'2025-07-02 18:06:33','2025-07-02 18:06:33'),(3799,167,3569,'2025-07-02 18:26:05','2025-07-02 18:26:05'),(3799,175,3568,'2025-08-07 10:12:48','2025-08-07 10:12:48'),(3799,175,3569,'2025-08-07 10:12:48','2025-08-07 10:12:48'),(3799,124,3518,'2025-08-20 02:53:58','2025-08-20 02:53:58'),(3799,124,3528,'2025-08-20 02:53:58','2025-08-20 02:53:58'),(3799,124,1660,'2025-08-20 02:53:58','2025-08-20 02:53:58'),(3799,124,3611,'2025-08-20 02:53:58','2025-08-20 02:53:58'),(3799,124,3989,'2025-08-20 02:53:58','2025-08-20 02:53:58'),(3799,176,3568,'2025-09-03 12:12:42','2025-09-03 12:12:42'),(3799,176,3607,'2025-09-03 12:12:42','2025-09-03 12:12:42'),(3799,176,3569,'2025-09-03 12:12:42','2025-09-03 12:12:42'),(3799,3,3477,'2025-09-24 19:14:49','2025-09-24 19:14:49'),(3799,3,3478,'2025-09-24 19:14:49','2025-09-24 19:14:49'),(3799,3,3479,'2025-09-24 19:14:49','2025-09-24 19:14:49'),(3799,3,3498,'2025-09-24 19:14:49','2025-09-24 19:14:49'),(3799,3,3613,'2025-09-24 19:14:49','2025-09-24 19:14:49'),(3799,13,1635,'2025-09-24 19:26:19','2025-09-24 19:26:19'),(3799,13,1636,'2025-09-24 19:26:19','2025-09-24 19:26:19'),(3799,13,3426,'2025-09-24 19:26:19','2025-09-24 19:26:19'),(3799,13,1678,'2025-09-24 19:26:19','2025-09-24 19:26:19'),(3799,13,1637,'2025-09-24 19:26:19','2025-09-24 19:26:19'),(3799,13,3518,'2025-09-24 19:26:19','2025-09-24 19:26:19'),(3799,13,3526,'2025-09-24 19:26:19','2025-09-24 19:26:19'),(3799,13,3524,'2025-09-24 19:26:19','2025-09-24 19:26:19'),(3799,14,1688,'2025-09-24 19:36:37','2025-09-24 19:36:37'),(3799,14,3518,'2025-09-24 19:36:37','2025-09-24 19:36:37'),(3799,14,3526,'2025-09-24 19:36:37','2025-09-24 19:36:37'),(3799,14,3524,'2025-09-24 19:36:37','2025-09-24 19:36:37'),(3799,14,3528,'2025-09-24 19:36:37','2025-09-24 19:36:37'),(3799,15,1688,'2025-09-24 19:39:58','2025-09-24 19:39:58'),(3799,15,3518,'2025-09-24 19:39:58','2025-09-24 19:39:58'),(3799,15,3526,'2025-09-24 19:39:58','2025-09-24 19:39:58'),(3799,15,3524,'2025-09-24 19:39:58','2025-09-24 19:39:58'),(3799,15,3528,'2025-09-24 19:39:58','2025-09-24 19:39:58'),(3799,42,3569,'2025-10-01 15:12:30','2025-10-01 15:12:30'),(3799,42,3568,'2025-10-01 15:12:30','2025-10-01 15:12:30'),(3799,50,3604,'2025-10-01 15:13:15','2025-10-01 15:13:15'),(3799,50,3569,'2025-10-01 15:13:15','2025-10-01 15:13:15'),(3799,50,3537,'2025-10-01 15:13:15','2025-10-01 15:13:15'),(3799,50,3567,'2025-10-01 15:13:15','2025-10-01 15:13:15'),(3799,50,3568,'2025-10-01 15:13:15','2025-10-01 15:13:15'),(3799,2,3524,'2025-10-27 10:51:30','2025-10-27 10:51:30'),(3799,2,3526,'2025-10-27 10:51:30','2025-10-27 10:51:30'),(3799,2,1688,'2025-10-27 10:51:30','2025-10-27 10:51:30'),(3799,2,3518,'2025-10-27 10:51:30','2025-10-27 10:51:30'),(3799,2,3528,'2025-10-27 10:51:30','2025-10-27 10:51:30'),(3799,25,1688,'2025-10-27 10:51:59','2025-10-27 10:51:59');
INSERT INTO `syj_empleado_excluir_concepto` VALUES (3799,25,3526,'2025-10-27 10:51:59','2025-10-27 10:51:59'),(3799,25,3524,'2025-10-27 10:51:59','2025-10-27 10:51:59'),(3799,25,3528,'2025-10-27 10:51:59','2025-10-27 10:51:59'),(3799,26,3518,'2025-10-27 11:14:28','2025-10-27 11:14:28'),(3799,26,3526,'2025-10-27 11:14:28','2025-10-27 11:14:28'),(3799,26,3524,'2025-10-27 11:14:28','2025-10-27 11:14:28'),(3799,30,1688,'2025-10-27 11:18:16','2025-10-27 11:18:16'),(3799,30,3526,'2025-10-27 11:18:16','2025-10-27 11:18:16'),(3799,30,3524,'2025-10-27 11:18:16','2025-10-27 11:18:16'),(3799,30,3528,'2025-10-27 11:18:16','2025-10-27 11:18:16'),(3799,125,1660,'2025-10-27 11:21:18','2025-10-27 11:21:18'),(3799,125,3518,'2025-10-27 11:21:18','2025-10-27 11:21:18'),(3799,125,3528,'2025-10-27 11:21:18','2025-10-27 11:21:18'),(3799,125,3989,'2025-10-27 11:21:18','2025-10-27 11:21:18'),(3799,1,1688,'2025-10-27 11:22:41','2025-10-27 11:22:41'),(3799,1,3518,'2025-10-27 11:22:41','2025-10-27 11:22:41'),(3799,1,3524,'2025-10-27 11:22:41','2025-10-27 11:22:41'),(3799,1,3526,'2025-10-27 11:22:41','2025-10-27 11:22:41'),(3799,1,3528,'2025-10-27 11:22:41','2025-10-27 11:22:41'),(3799,1,1650,'2025-10-27 11:22:41','2025-10-27 11:22:41'),(3799,1,1651,'2025-10-27 11:22:41','2025-10-27 11:22:41'),(3799,1,3611,'2025-10-27 11:22:41','2025-10-27 11:22:41'),(3799,19,1688,'2025-10-27 11:25:27','2025-10-27 11:25:27'),(3799,19,3518,'2025-10-27 11:25:27','2025-10-27 11:25:27'),(3799,19,1662,'2025-10-27 11:25:27','2025-10-27 11:25:27'),(3799,19,1660,'2025-10-27 11:25:27','2025-10-27 11:25:27'),(3799,19,3520,'2025-10-27 11:25:27','2025-10-27 11:25:27'),(3799,19,3526,'2025-10-27 11:25:27','2025-10-27 11:25:27'),(3799,19,3524,'2025-10-27 11:25:27','2025-10-27 11:25:27'),(3799,19,3528,'2025-10-27 11:25:27','2025-10-27 11:25:27'),(3799,19,3611,'2025-10-27 11:25:27','2025-10-27 11:25:27'),(3799,19,3989,'2025-10-27 11:25:27','2025-10-27 11:25:27'),(3799,19,1650,'2025-10-27 11:25:27','2025-10-27 11:25:27'),(3799,19,1651,'2025-10-27 11:25:27','2025-10-27 11:25:27'),(3799,173,1676,'2025-10-27 12:39:47','2025-10-27 12:39:47'),(3799,173,1634,'2025-10-27 12:39:47','2025-10-27 12:39:47'),(3799,173,1658,'2025-10-27 12:39:47','2025-10-27 12:39:47'),(3799,173,1659,'2025-10-27 12:39:47','2025-10-27 12:39:47'),(3799,173,1660,'2025-10-27 12:39:47','2025-10-27 12:39:47'),(3799,173,1661,'2025-10-27 12:39:47','2025-10-27 12:39:47'),(3799,173,1769,'2025-10-27 12:39:47','2025-10-27 12:39:47'),(3799,123,3518,'2025-10-27 14:40:22','2025-10-27 14:40:22'),(3799,123,3528,'2025-10-27 14:40:22','2025-10-27 14:40:22'),(3799,123,3501,'2025-10-27 14:40:22','2025-10-27 14:40:22'),(3799,123,3504,'2025-10-27 14:40:22','2025-10-27 14:40:22'),(3799,6,3501,'2025-10-27 14:47:27','2025-10-27 14:47:27'),(3799,6,3504,'2025-10-27 14:47:27','2025-10-27 14:47:27'),(3799,24,3454,'2025-10-27 15:10:13','2025-10-27 15:10:13'),(3799,24,3458,'2025-10-27 15:10:13','2025-10-27 15:10:13'),(3799,24,3455,'2025-10-27 15:10:13','2025-10-27 15:10:13'),(3799,179,3569,'2025-10-28 10:44:03','2025-10-28 10:44:03'),(3799,179,3568,'2025-10-28 10:44:03','2025-10-28 10:44:03'),(3799,21,1688,'2025-10-30 13:40:19','2025-10-30 13:40:19'),(3799,21,3526,'2025-10-30 13:40:19','2025-10-30 13:40:19'),(3799,21,3524,'2025-10-30 13:40:19','2025-10-30 13:40:19'),(3799,21,3528,'2025-10-30 13:40:19','2025-10-30 13:40:19');

--
-- Table structure for table `syj_empleados`
--

CREATE TABLE `syj_empleados` (
  `id` int(10) unsigned NOT NULL AUTO_INCREMENT,
  `user_id` int(10) unsigned DEFAULT NULL,
  `person_id` int(10) unsigned NOT NULL,
  `has_user` tinyint(1) NOT NULL DEFAULT '0',
  `has_user_sim_gcias` tinyint(1) DEFAULT NULL,
  `legajo` int(11) DEFAULT NULL,
  `apeynombre` varchar(191) COLLATE utf8mb4_unicode_ci NOT NULL,
  `apecasado` varchar(191) COLLATE utf8mb4_unicode_ci DEFAULT NULL,
  `fecha_nacimiento` date DEFAULT NULL,
  `sexo_id` int(10) unsigned DEFAULT NULL,
  `nacionalidad_id` int(10) unsigned DEFAULT NULL,
  `estado_civil_id` int(10) unsigned DEFAULT NULL,
  `pais_id` int(10) unsigned DEFAULT NULL,
  `zone_id` int(10) unsigned DEFAULT NULL,
  `localidad_id` int(10) unsigned DEFAULT NULL,
  `domicilio` varchar(191) COLLATE utf8mb4_unicode_ci DEFAULT NULL,
  `altnumero` varchar(191) COLLATE utf8mb4_unicode_ci DEFAULT NULL,
  `piso` varchar(191) COLLATE utf8mb4_unicode_ci DEFAULT NULL,
  `depto` varchar(191) COLLATE utf8mb4_unicode_ci DEFAULT NULL,
  `cod_postal` varchar(191) COLLATE utf8mb4_unicode_ci DEFAULT NULL,
  `telefono` varchar(191) COLLATE utf8mb4_unicode_ci DEFAULT NULL,
  `movil` varchar(191) COLLATE utf8mb4_unicode_ci DEFAULT NULL,
  `email` varchar(191) COLLATE utf8mb4_unicode_ci DEFAULT NULL,
  `tipo_documento_id` int(10) unsigned DEFAULT NULL,
  `num_documento` varchar(191) COLLATE utf8mb4_unicode_ci DEFAULT NULL,
  `cuil` varchar(191) COLLATE utf8mb4_unicode_ci DEFAULT NULL,
  `syj_emp_estado_id` int(10) unsigned DEFAULT NULL,
  `foto` text COLLATE utf8mb4_unicode_ci,
  `syj_obra_social_id` int(10) unsigned DEFAULT NULL,
  `syj_obra_social_plan_id` int(10) unsigned DEFAULT NULL,
  `syj_forma_pago_id` int(10) unsigned DEFAULT NULL,
  `ctacte_banco_id` int(10) unsigned DEFAULT NULL,
  `num_cta_banco` varchar(191) COLLATE utf8mb4_unicode_ci DEFAULT NULL,
  `cbu` varchar(191) COLLATE utf8mb4_unicode_ci DEFAULT NULL,
  `syj_domicilio_id_laboral` int(10) unsigned DEFAULT NULL,
  `syj_domicilio_id_pago` int(10) unsigned DEFAULT NULL,
  `afiliado_sindicato` tinyint(1) NOT NULL DEFAULT '0',
  `is_pers_temp` tinyint(1) NOT NULL DEFAULT '0',
  `is_zona_patagonica` tinyint(1) NOT NULL DEFAULT '0',
  `is_syj_empleado_event` tinyint(1) unsigned NOT NULL DEFAULT '0',
  `is_comprador` tinyint(1) NOT NULL DEFAULT '0',
  `jefe_empleado_id` int(10) unsigned DEFAULT NULL,
  `syj_empleado_event_id` int(10) unsigned NOT NULL DEFAULT '1',
  `num_construccion` varchar(191) COLLATE utf8mb4_unicode_ci DEFAULT NULL,
  `num_fondo_cese_desemp` varchar(191) COLLATE utf8mb4_unicode_ci DEFAULT NULL,
  `syj_convenio_id` int(10) unsigned DEFAULT NULL,
  `syj_convenio_categoria_id` int(10) unsigned DEFAULT NULL,
  `syj_clase_tipo_liquidacion_id` int(10) unsigned DEFAULT NULL,
  `basico` decimal(16,2) NOT NULL DEFAULT '0.00',
  `basico_person` tinyint(1) NOT NULL DEFAULT '0',
  `adic_fijo` decimal(16,2) NOT NULL DEFAULT '0.00',
  `hs_jornada` decimal(16,2) NOT NULL DEFAULT '0.00',
  `neto_pactado` decimal(16,2) NOT NULL DEFAULT '0.00',
  `syj_seccion_id` int(10) unsigned DEFAULT NULL,
  `syj_cargo_id` int(10) unsigned DEFAULT NULL,
  `syj_centro_costo_id` int(10) unsigned DEFAULT NULL,
  `fecha_ingreso` date DEFAULT NULL,
  `fecha_recon_ing` date DEFAULT NULL,
  `hs_inicio` time DEFAULT NULL,
  `hs_fin` time DEFAULT NULL,
  `inv_deposito_id` bigint(20) unsigned DEFAULT NULL,
  `fecha_baja` date DEFAULT NULL,
  `syj_motivo_egreso_id` int(10) unsigned DEFAULT NULL,
  `liq_en_cero` tinyint(1) NOT NULL DEFAULT '0',
  `syj_tipo_empleador_id` int(10) unsigned DEFAULT NULL,
  `syj_alicuota_apor_cont_id` int(10) unsigned DEFAULT NULL,
  `syj_emp_situacion_revista_id` int(10) unsigned DEFAULT NULL,
  `syj_emp_condicion_id` int(10) unsigned DEFAULT NULL,
  `syj_actividad_id` int(10) unsigned DEFAULT NULL,
  `syj_emp_mod_contratacion_id` int(10) unsigned DEFAULT NULL,
  `syj_emp_cod_siniestro_id` int(10) unsigned DEFAULT NULL,
  `syj_zonageografica_id` int(10) unsigned DEFAULT NULL,
  `syj_regimen_id` int(10) unsigned DEFAULT NULL,
  `is_asignaciones_fami` tinyint(1) NOT NULL DEFAULT '0',
  `is_trabajador_cct` tinyint(1) NOT NULL DEFAULT '0',
  `cant_adherentes` int(10) unsigned DEFAULT '0',
  `cant_hijos` int(10) unsigned DEFAULT '0',
  `is_conyuge` int(10) unsigned DEFAULT '0',
  `art_porcentaje` decimal(20,4) DEFAULT '0.0000',
  `art_fijo` decimal(16,2) NOT NULL DEFAULT '0.00',
  `is_seg_colec_vida_obl` tinyint(1) NOT NULL DEFAULT '0',
  `prima_individual` decimal(16,2) NOT NULL DEFAULT '0.00',
  `syj_emp_sit_revista_1_id` int(10) unsigned DEFAULT NULL,
  `dia_inicio_1` varchar(191) COLLATE utf8mb4_unicode_ci DEFAULT NULL,
  `syj_emp_sit_revista_2_id` int(10) unsigned DEFAULT NULL,
  `dia_inicio_2` varchar(191) COLLATE utf8mb4_unicode_ci DEFAULT NULL,
  `syj_emp_sit_revista_3_id` int(10) unsigned DEFAULT NULL,
  `dia_inicio_3` varchar(191) COLLATE utf8mb4_unicode_ci DEFAULT NULL,
  `dias_propor_tope` varchar(191) COLLATE utf8mb4_unicode_ci DEFAULT '0',
  `nota` text COLLATE utf8mb4_unicode_ci,
  `observaciones_del_recibo` text COLLATE utf8mb4_unicode_ci,
  `color` varchar(7) COLLATE utf8mb4_unicode_ci DEFAULT NULL,
  `habilitado` tinyint(1) NOT NULL DEFAULT '1',
  `created_at` timestamp NULL DEFAULT NULL,
  `updated_at` timestamp NULL DEFAULT NULL,
  `deleted_at` timestamp NULL DEFAULT NULL,
  PRIMARY KEY (`id`),
  KEY `syj_empleados_person_id_foreign` (`person_id`),
  KEY `syj_empleados_sexo_id_foreign` (`sexo_id`),
  KEY `syj_empleados_nacionalidad_id_foreign` (`nacionalidad_id`),
  KEY `syj_empleados_estado_civil_id_foreign` (`estado_civil_id`),
  KEY `syj_empleados_pais_id_foreign` (`pais_id`),
  KEY `syj_empleados_zone_id_foreign` (`zone_id`),
  KEY `syj_empleados_localidad_id_foreign` (`localidad_id`),
  KEY `syj_empleados_tipo_documento_id_foreign` (`tipo_documento_id`),
  KEY `syj_empleados_syj_emp_estado_id_foreign` (`syj_emp_estado_id`),
  KEY `syj_empleados_syj_convenio_id_foreign` (`syj_convenio_id`),
  KEY `syj_empleados_syj_convenio_categoria_id_foreign` (`syj_convenio_categoria_id`),
  KEY `syj_empleados_syj_seccion_id_foreign` (`syj_seccion_id`),
  KEY `syj_empleados_syj_cargo_id_foreign` (`syj_cargo_id`),
  KEY `syj_empleados_syj_centro_costo_id_foreign` (`syj_centro_costo_id`),
  KEY `syj_empleados_syj_motivo_egreso_id_foreign` (`syj_motivo_egreso_id`),
  KEY `syj_empleados_syj_tipo_empleador_id_foreign` (`syj_tipo_empleador_id`),
  KEY `syj_empleados_syj_alicuota_apor_cont_id_foreign` (`syj_alicuota_apor_cont_id`),
  KEY `syj_empleados_syj_obra_social_id_foreign` (`syj_obra_social_id`),
  KEY `syj_empleados_syj_obra_social_plan_id_foreign` (`syj_obra_social_plan_id`),
  KEY `syj_empleados_syj_clase_tipo_liquidacion_id_foreign` (`syj_clase_tipo_liquidacion_id`),
  KEY `syj_empleados_syj_forma_pago_id_foreign` (`syj_forma_pago_id`),
  KEY `syj_empleados_ctacte_banco_id_foreign` (`ctacte_banco_id`),
  KEY `syj_empleados_syj_domicilio_id_laboral_foreign` (`syj_domicilio_id_laboral`),
  KEY `syj_empleados_syj_domicilio_id_pago_foreign` (`syj_domicilio_id_pago`),
  KEY `syj_empleados_syj_emp_situacion_revista_id_foreign` (`syj_emp_situacion_revista_id`),
  KEY `syj_empleados_syj_emp_condicion_id_foreign` (`syj_emp_condicion_id`),
  KEY `syj_empleados_syj_actividad_id_foreign` (`syj_actividad_id`),
  KEY `syj_empleados_syj_emp_mod_contratacion_id_foreign` (`syj_emp_mod_contratacion_id`),
  KEY `syj_empleados_syj_emp_cod_siniestro_id_foreign` (`syj_emp_cod_siniestro_id`),
  KEY `syj_empleados_syj_zonageografica_id_foreign` (`syj_zonageografica_id`),
  KEY `syj_empleados_syj_regimen_id_foreign` (`syj_regimen_id`),
  KEY `syj_empleados_syj_emp_sit_revista_1_id_foreign` (`syj_emp_sit_revista_1_id`),
  KEY `syj_empleados_syj_emp_sit_revista_2_id_foreign` (`syj_emp_sit_revista_2_id`),
  KEY `syj_empleados_syj_emp_sit_revista_3_id_foreign` (`syj_emp_sit_revista_3_id`),
  KEY `syj_empleados_syj_empleado_event_id_foreign` (`syj_empleado_event_id`),
  KEY `syj_empleados_jefe_empleado_id_foreign` (`jefe_empleado_id`),
  KEY `syj_empleados_inv_deposito_id_foreign` (`inv_deposito_id`),
  CONSTRAINT `syj_empleados_ctacte_banco_id_foreign` FOREIGN KEY (`ctacte_banco_id`) REFERENCES `ctacte_bancos` (`id`),
  CONSTRAINT `syj_empleados_estado_civil_id_foreign` FOREIGN KEY (`estado_civil_id`) REFERENCES `estado_civil` (`id`),
  CONSTRAINT `syj_empleados_inv_deposito_id_foreign` FOREIGN KEY (`inv_deposito_id`) REFERENCES `inv_depositos` (`id`) ON DELETE SET NULL,
  CONSTRAINT `syj_empleados_jefe_empleado_id_foreign` FOREIGN KEY (`jefe_empleado_id`) REFERENCES `syj_empleados` (`id`),
  CONSTRAINT `syj_empleados_localidad_id_foreign` FOREIGN KEY (`localidad_id`) REFERENCES `localidad` (`id`),
  CONSTRAINT `syj_empleados_nacionalidad_id_foreign` FOREIGN KEY (`nacionalidad_id`) REFERENCES `nacionalidad` (`id`),
  CONSTRAINT `syj_empleados_pais_id_foreign` FOREIGN KEY (`pais_id`) REFERENCES `pais` (`id`),
  CONSTRAINT `syj_empleados_person_id_foreign` FOREIGN KEY (`person_id`) REFERENCES `persons` (`id`),
  CONSTRAINT `syj_empleados_sexo_id_foreign` FOREIGN KEY (`sexo_id`) REFERENCES `sexo` (`id`),
  CONSTRAINT `syj_empleados_syj_actividad_id_foreign` FOREIGN KEY (`syj_actividad_id`) REFERENCES `syj_actividad` (`id`),
  CONSTRAINT `syj_empleados_syj_alicuota_apor_cont_id_foreign` FOREIGN KEY (`syj_alicuota_apor_cont_id`) REFERENCES `syj_alicuota_aporte_contribucion` (`id`),
  CONSTRAINT `syj_empleados_syj_cargo_id_foreign` FOREIGN KEY (`syj_cargo_id`) REFERENCES `syj_cargos` (`id`),
  CONSTRAINT `syj_empleados_syj_centro_costo_id_foreign` FOREIGN KEY (`syj_centro_costo_id`) REFERENCES `syj_centros_costos` (`id`),
  CONSTRAINT `syj_empleados_syj_clase_tipo_liquidacion_id_foreign` FOREIGN KEY (`syj_clase_tipo_liquidacion_id`) REFERENCES `syj_clase_tipo_liquidacion` (`id`),
  CONSTRAINT `syj_empleados_syj_convenio_categoria_id_foreign` FOREIGN KEY (`syj_convenio_categoria_id`) REFERENCES `syj_convenio_categorias` (`id`),
  CONSTRAINT `syj_empleados_syj_convenio_id_foreign` FOREIGN KEY (`syj_convenio_id`) REFERENCES `syj_convenios` (`id`),
  CONSTRAINT `syj_empleados_syj_domicilio_id_laboral_foreign` FOREIGN KEY (`syj_domicilio_id_laboral`) REFERENCES `syj_domicilios` (`id`),
  CONSTRAINT `syj_empleados_syj_domicilio_id_pago_foreign` FOREIGN KEY (`syj_domicilio_id_pago`) REFERENCES `syj_domicilios` (`id`),
  CONSTRAINT `syj_empleados_syj_emp_cod_siniestro_id_foreign` FOREIGN KEY (`syj_emp_cod_siniestro_id`) REFERENCES `syj_emp_cod_siniestro` (`id`),
  CONSTRAINT `syj_empleados_syj_emp_condicion_id_foreign` FOREIGN KEY (`syj_emp_condicion_id`) REFERENCES `syj_emp_condicion` (`id`),
  CONSTRAINT `syj_empleados_syj_emp_estado_id_foreign` FOREIGN KEY (`syj_emp_estado_id`) REFERENCES `syj_emp_estado` (`id`),
  CONSTRAINT `syj_empleados_syj_emp_mod_contratacion_id_foreign` FOREIGN KEY (`syj_emp_mod_contratacion_id`) REFERENCES `syj_emp_mod_contratacion` (`id`),
  CONSTRAINT `syj_empleados_syj_emp_sit_revista_1_id_foreign` FOREIGN KEY (`syj_emp_sit_revista_1_id`) REFERENCES `syj_emp_situacion_revista` (`id`),
  CONSTRAINT `syj_empleados_syj_emp_sit_revista_2_id_foreign` FOREIGN KEY (`syj_emp_sit_revista_2_id`) REFERENCES `syj_emp_situacion_revista` (`id`),
  CONSTRAINT `syj_empleados_syj_emp_sit_revista_3_id_foreign` FOREIGN KEY (`syj_emp_sit_revista_3_id`) REFERENCES `syj_emp_situacion_revista` (`id`),
  CONSTRAINT `syj_empleados_syj_emp_situacion_revista_id_foreign` FOREIGN KEY (`syj_emp_situacion_revista_id`) REFERENCES `syj_emp_situacion_revista` (`id`),
  CONSTRAINT `syj_empleados_syj_empleado_event_id_foreign` FOREIGN KEY (`syj_empleado_event_id`) REFERENCES `syj_empleados_event` (`id`),
  CONSTRAINT `syj_empleados_syj_forma_pago_id_foreign` FOREIGN KEY (`syj_forma_pago_id`) REFERENCES `syj_forma_pago` (`id`),
  CONSTRAINT `syj_empleados_syj_motivo_egreso_id_foreign` FOREIGN KEY (`syj_motivo_egreso_id`) REFERENCES `syj_motivo_egreso` (`id`),
  CONSTRAINT `syj_empleados_syj_obra_social_id_foreign` FOREIGN KEY (`syj_obra_social_id`) REFERENCES `syj_obra_social` (`id`),
  CONSTRAINT `syj_empleados_syj_obra_social_plan_id_foreign` FOREIGN KEY (`syj_obra_social_plan_id`) REFERENCES `syj_obra_social_planes` (`id`),
  CONSTRAINT `syj_empleados_syj_regimen_id_foreign` FOREIGN KEY (`syj_regimen_id`) REFERENCES `syj_regimen` (`id`),
  CONSTRAINT `syj_empleados_syj_seccion_id_foreign` FOREIGN KEY (`syj_seccion_id`) REFERENCES `syj_secciones` (`id`),
  CONSTRAINT `syj_empleados_syj_tipo_empleador_id_foreign` FOREIGN KEY (`syj_tipo_empleador_id`) REFERENCES `syj_tipo_empleador` (`id`),
  CONSTRAINT `syj_empleados_syj_zonageografica_id_foreign` FOREIGN KEY (`syj_zonageografica_id`) REFERENCES `syj_zonageografica` (`id`),
  CONSTRAINT `syj_empleados_tipo_documento_id_foreign` FOREIGN KEY (`tipo_documento_id`) REFERENCES `tipo_documento` (`id`),
  CONSTRAINT `syj_empleados_zone_id_foreign` FOREIGN KEY (`zone_id`) REFERENCES `zones` (`id`)
) ENGINE=InnoDB AUTO_INCREMENT=180 DEFAULT CHARSET=utf8mb4 COLLATE=utf8mb4_unicode_ci;

--
-- Dumping data for table `syj_empleados`
--

INSERT INTO `syj_empleados` VALUES (1,3799,40753,0,NULL,38,'PIERRI Victor Gabriel',NULL,'1962-10-24',1,1,5,1,NULL,1,'Matheu','1725','3','8','1249',NULL,'1151583415','pierri@accessinformatica.com.ar',6,'14885615','20-14885615-0',1,NULL,227,NULL,5,9,'02700052200 00663490019','0270005220000663490019',8,8,0,0,0,0,0,NULL,1,NULL,NULL,6,39,1,1050882.00,1,0.00,8.00,0.00,2,8,2,'2007-10-25','2007-10-25',NULL,NULL,NULL,NULL,NULL,0,2,2,2,2,128,4,1,1,1,0,0,0,0,0,0.6500,127.65,1,37.21,2,'1',2,'0',2,'0','30',NULL,NULL,'#000000',1,'2021-04-24 17:44:17','2025-10-27 11:22:41',NULL),(2,3799,40753,0,NULL,103,'ABRAHAM Miguel Angel',NULL,'1965-03-09',1,1,6,1,NULL,1,'Av. Triunvirato','4423','6','C','1431',NULL,'1154726694','mabraham@accessinforma',6,'16802007','20-16802007-5',1,NULL,423,NULL,5,9,'02700052200 28040760012','0270005220028040760012',8,8,0,0,0,0,0,NULL,1,NULL,NULL,35,235,1,3201345.00,1,0.00,8.00,0.00,2,3,2,'2015-01-02','2015-01-02',NULL,NULL,NULL,NULL,NULL,0,2,2,2,2,128,4,1,1,1,0,0,0,0,0,0.6500,127.65,1,37.21,2,'1',2,'0',2,'0','30',NULL,NULL,'#000000',1,'2021-04-24 17:44:17','2025-10-27 10:51:30',NULL),(3,3799,40753,0,NULL,41,'MAMONE Daniel Oscar',NULL,'1967-07-24',1,1,6,1,NULL,1,'Burela','2171','8',NULL,'1431',NULL,'1133282222','mamone@accessinformatica.com.ar',6,'18528778','20-18528778-6',1,NULL,2,NULL,5,9,'02700052200 02266830032','0270005220002266830032',8,8,0,0,0,0,0,NULL,1,NULL,NULL,35,210,1,3200000.00,1,0.00,8.00,0.00,1,2,1,'2008-03-01','2008-03-01',NULL,NULL,NULL,NULL,NULL,0,2,2,2,2,50,37,1,1,1,0,0,0,0,0,0.6500,127.65,1,37.21,2,'1',2,'0',2,'0','30',NULL,NULL,'#000000',1,'2021-04-24 17:44:17','2025-09-24 19:14:49',NULL),(4,3799,40753,0,NULL,30,'NUÑEZ Victor Hugo',NULL,'1970-09-25',1,1,6,1,NULL,12,'Alfredo Lazzari','4583',NULL,NULL,'1665',NULL,'1157302119','nunez@accessinformatica.com.ar',6,'21844861','20-21844861-6',1,NULL,227,NULL,5,9,'02700052200 00651360018','0270005220000651360018',8,8,0,0,0,0,0,NULL,1,NULL,NULL,35,235,1,2676087.00,1,0.00,8.00,0.00,2,3,2,'2006-03-03','2006-03-03',NULL,NULL,NULL,NULL,NULL,0,2,2,2,2,128,4,1,1,1,0,0,0,0,0,0.6500,127.65,1,37.21,2,'1',2,'0',2,'0','30',NULL,NULL,'#000000',1,'2021-04-24 17:44:17','2025-10-27 10:47:19',NULL),(5,3799,40753,0,NULL,26,'MARTINEZ Jorge Raúl',NULL,'1971-12-27',1,1,6,1,NULL,23,'Pringles','2711',NULL,NULL,'1825',NULL,'1136123456','martinez@accessinformatica.com.ar',6,'22283399','20-22283399-0',1,NULL,322,NULL,5,1,'07201697880 00035941268','0720169788000035941268',8,8,0,0,0,0,0,NULL,1,NULL,NULL,35,235,1,2937209.00,1,0.00,8.00,0.00,2,8,2,'2005-08-08','2005-08-08',NULL,NULL,NULL,NULL,NULL,0,2,2,2,2,128,4,1,1,1,0,0,0,0,0,0.6500,127.65,1,37.21,2,'1',2,'0',2,'0','0',NULL,NULL,'#000000',1,'2021-04-24 17:44:17','2025-08-20 11:05:48',NULL),(6,3799,40753,0,NULL,91,'LOPEZ GARCIA Santiago Guillermo',NULL,'1976-08-01',1,1,6,1,NULL,14,'Parral','2434',NULL,NULL,'1714',NULL,'1131909036','slopez@accessinformatica.com.ar',6,'25440184','20-25440184-7',1,NULL,423,NULL,5,9,'02700052200 26580230017','0270005220026580230017',8,8,0,0,0,0,0,NULL,1,NULL,NULL,35,235,1,4932237.00,1,0.00,8.00,0.00,2,3,2,'2014-07-21','2014-07-21',NULL,NULL,NULL,NULL,NULL,0,2,2,2,2,128,4,1,1,1,0,0,0,0,0,0.6500,127.65,1,37.21,2,'1',2,'0',2,'0','30',NULL,NULL,'#000000',1,'2021-04-24 17:44:17','2025-10-27 14:47:27',NULL),(7,3799,40753,0,NULL,127,'NOSTEL DOMINGUEZ  Germán Gabriel',NULL,'1981-07-30',1,1,5,1,NULL,15,'Rafael Obligado','5311',NULL,NULL,'1606',NULL,'1168071706','gdominguez@accessinformatica.com.ar',6,'29043006','20-29043006-3',3,NULL,321,NULL,5,1,'00700108300 04018782830','0070010830004018782830',1,1,0,0,0,0,0,NULL,1,NULL,NULL,6,39,1,637459.00,0,0.00,8.00,0.00,2,5,2,'2018-06-18','2018-06-18',NULL,NULL,NULL,'2022-09-08',2,0,2,2,2,2,128,4,1,1,1,0,0,0,0,0,0.6500,127.65,1,37.21,2,'1',2,'0',2,'0','30',NULL,NULL,NULL,1,'2021-04-24 17:44:17','2024-12-26 12:51:28',NULL);
INSERT INTO `syj_empleados` VALUES (8,3799,40753,0,NULL,107,'PANERO Martin Alejandro',NULL,'1982-10-27',1,1,5,1,NULL,1,NULL,NULL,NULL,NULL,NULL,NULL,NULL,NULL,6,'29867872','20-29867872-2',3,NULL,9,NULL,5,9,'02700052200 29757850018','02700052200 29757850018',1,1,0,0,0,0,0,NULL,1,NULL,NULL,6,35,1,1.00,0,0.00,8.00,0.00,2,3,2,'2015-04-01','2015-04-01',NULL,NULL,NULL,'2021-05-31',2,0,2,2,2,2,128,4,1,1,1,0,0,0,0,0,0.6500,127.65,1,37.21,2,'1',2,'0',2,'0','0',NULL,NULL,NULL,1,'2021-04-24 17:44:17','2023-02-25 19:42:33',NULL),(9,3799,40753,0,NULL,112,'AQUINO Pablo Hernán',NULL,'1986-02-07',1,1,5,1,NULL,16,'Edmundo Fierro','184','1','3','1876',NULL,'1164241187','paquino@accessinformatica.com.ar',6,'32093953','20-32093953-5',1,NULL,420,322,5,9,'4177034-9 107-9','0070107130004177034993',8,8,0,1,0,0,0,NULL,1,NULL,NULL,35,235,1,2818504.00,1,0.00,8.00,0.00,2,3,2,'2023-11-21','2015-08-10',NULL,NULL,NULL,NULL,2,0,2,2,2,2,128,4,1,1,1,0,0,0,0,0,0.6500,127.65,1,37.21,2,'1',2,'0',2,'0',NULL,NULL,NULL,'#000000',1,'2021-04-24 17:44:17','2025-10-27 11:03:05',NULL),(10,3799,40753,0,NULL,114,'GUIVISDALSKY Gabriel Dan',NULL,'1986-09-18',1,1,6,1,NULL,1,NULL,NULL,NULL,NULL,NULL,NULL,NULL,NULL,6,'32592593','20-32592593-1',3,NULL,51,NULL,5,16,'07201970880 00031831554','0720197088000031831554',1,1,0,0,0,0,0,NULL,1,NULL,NULL,6,39,1,637459.00,0,0.00,8.00,0.00,2,8,2,'2015-10-13','2015-10-13',NULL,NULL,NULL,'2022-01-17',2,0,2,2,2,2,128,4,1,1,1,0,0,0,0,0,0.6500,127.65,1,37.21,2,'1',2,'0',2,'0','0',NULL,NULL,NULL,1,'2021-04-24 17:44:17','2024-12-26 12:51:28',NULL),(11,3799,40753,0,NULL,69,'FLECHA Juan Manuel',NULL,'1987-02-20',1,1,5,1,NULL,1,NULL,NULL,NULL,NULL,NULL,NULL,NULL,NULL,6,'32781564','20-32781564-5',3,NULL,85,NULL,5,9,'02700052200 07049930019','0270005220007049930019',1,1,0,0,0,0,0,NULL,1,NULL,NULL,6,39,1,637459.00,0,0.00,8.00,0.00,2,8,2,'2011-04-04','2011-04-04',NULL,NULL,NULL,'2022-01-03',2,0,2,2,2,2,128,4,1,1,1,0,0,0,0,0,0.6500,127.65,1,37.21,2,'1',2,'0',2,'0','0',NULL,NULL,NULL,1,'2021-04-24 17:44:17','2024-12-26 12:51:28',NULL),(12,3799,40753,0,NULL,128,'BRUMAT Nicolás Eduardo',NULL,'1987-09-16',1,1,5,1,NULL,1,'Formosa','668','3','B','1424',NULL,'1137057892','nbrumat@accessinformatica.com.ar',6,'33241829','20-33241829-8',3,NULL,180,NULL,5,9,'02700076200 30506810014','0270007620030506810014',1,1,0,0,0,0,0,NULL,1,NULL,NULL,6,39,1,637459.00,0,0.00,8.00,0.00,4,4,3,'2019-02-22','2019-02-22',NULL,NULL,NULL,'2024-02-28',2,0,2,2,2,2,128,4,1,1,1,0,0,0,0,0,0.6500,127.65,1,37.21,2,'1',2,'0',2,'0','30',NULL,NULL,NULL,1,'2021-04-24 17:44:17','2024-12-26 12:51:28',NULL),(13,3799,40753,0,NULL,63,'ALLEGUE Nazareno Nahuel',NULL,'1988-07-04',1,1,5,1,NULL,1,'Av. Galicia','125','3','B','1868',NULL,'1158332179','nallegue@accessinformatica.com.ar',6,'33606665','20-33606665-5',1,NULL,420,NULL,5,9,'02700052200 06486440017','0270005220006486440017',8,8,0,0,0,0,0,NULL,1,NULL,NULL,35,235,1,2787219.00,1,0.00,8.00,0.00,2,8,2,'2010-08-20','2010-08-20',NULL,NULL,NULL,NULL,NULL,0,2,2,2,2,128,4,1,1,1,0,0,0,0,0,0.6500,127.65,1,37.21,2,'1',2,'0',2,'0','30',NULL,NULL,'#000000',1,'2021-04-24 17:44:17','2025-09-24 19:26:19',NULL),(14,3799,40753,0,NULL,117,'CORREA Matias Alejandro',NULL,'1988-11-30',1,1,5,1,NULL,18,'Presidente Illia','1495',NULL,NULL,'1678',NULL,'1130403789','mcorrea@accessinformatica.com.ar',6,'34211203','20-34211203-0',1,NULL,420,NULL,5,9,'02700052200 32147980019','0270005220032147980019',8,8,0,0,0,0,0,NULL,1,NULL,NULL,35,235,1,4191378.00,1,0.00,8.00,0.00,2,8,2,'2016-04-25','2016-04-25',NULL,NULL,NULL,NULL,NULL,0,2,2,2,2,128,4,1,1,1,0,0,0,0,0,0.6500,127.65,1,37.21,2,'1',2,'0',2,'0','30',NULL,NULL,'#000000',1,'2021-04-24 17:44:17','2025-09-24 19:36:37',NULL);
INSERT INTO `syj_empleados` VALUES (15,3799,40753,0,NULL,126,'TARABORRELLI Bruno Vicente',NULL,'1989-12-07',1,1,5,1,NULL,20,'Libertad','5926',NULL,NULL,'1650',NULL,'1165521543','btaraborrelli@accessinformatica.com.ar',6,'34927991','20-34927991-7',1,NULL,321,NULL,5,16,'0150864001000001415073','0150864001000001415073',8,8,0,0,0,0,0,NULL,1,NULL,NULL,35,235,1,2425773.00,1,0.00,8.00,0.00,2,8,2,'2018-05-05','2018-05-02',NULL,NULL,NULL,NULL,NULL,0,2,2,2,2,128,4,1,1,1,0,0,0,0,0,0.6500,127.65,1,37.21,2,'1',2,'0',2,'0','30',NULL,NULL,'#000000',1,'2021-04-24 17:44:17','2025-09-24 19:39:58',NULL),(16,3799,40753,0,NULL,142,'CATALANO Esteban',NULL,'1990-03-16',1,1,5,1,NULL,1,NULL,NULL,NULL,NULL,NULL,NULL,NULL,NULL,6,'35201753','20-35201753-2',3,NULL,227,NULL,5,6,'01703311400 00044873077','0170331140000044873077',1,1,0,0,0,0,0,NULL,1,NULL,NULL,6,39,1,637459.00,0,0.00,8.00,0.00,2,7,1,'2020-10-19','2020-10-19',NULL,NULL,NULL,'2021-10-22',2,0,2,2,2,2,50,4,1,1,1,0,0,0,0,0,0.6500,127.65,1,37.21,2,'1',2,'0',2,'0','0',NULL,NULL,NULL,1,'2021-04-24 17:44:17','2024-12-26 12:51:28',NULL),(17,3799,40753,0,NULL,76,'RASPANTI Julián Emiliano',NULL,'1991-02-14',1,1,5,1,NULL,1,'Freire','2838','3','B','1428',NULL,'1121717442','jraspanti@accessinformatica.com.ar',6,'35729441','20-35729441-0',1,NULL,321,NULL,5,9,'02700052200 20754270018','0270005220020754270018',8,8,0,0,0,0,0,NULL,1,NULL,NULL,35,235,1,2033789.00,1,0.00,8.00,0.00,2,5,2,'2012-03-08','2012-03-08',NULL,NULL,NULL,NULL,NULL,0,2,2,2,2,128,4,1,1,1,0,0,0,0,0,0.6500,183.00,1,37.21,2,'1',2,'0',2,'0','30',NULL,NULL,'#000000',1,'2021-04-24 17:44:17','2025-07-29 10:29:42',NULL),(18,3799,40753,0,NULL,141,'AYMONINO SICCO Lucio Stefano',NULL,'1991-09-14',1,1,5,1,NULL,1,'Parana','557','9','E','1017',NULL,'1161836074','Laymonino@accessinformatica.com.ar',6,'36319674','20-36319674-9',3,NULL,33,NULL,5,16,'07202034880 00034288418','0720203488000034288418',1,1,0,0,0,0,0,NULL,1,NULL,NULL,6,39,1,637459.00,0,0.00,8.00,0.00,2,8,2,'2019-10-07','2019-10-07',NULL,NULL,NULL,'2022-05-15',2,0,2,2,2,2,128,4,1,1,1,0,0,0,0,0,0.6500,127.65,1,37.21,2,'1',2,'0',2,'0','30',NULL,NULL,NULL,1,'2021-04-24 17:44:17','2024-12-26 12:51:28',NULL),(19,3799,40753,0,NULL,104,'RODRIGUEZ Nahuel Federico',NULL,'1995-05-11',1,1,5,1,NULL,21,'Carlos Calvo','3160',NULL,NULL,'1611',NULL,'1160308123','nrodriguez@accessinformatica.com.ar',6,'38394399','20-38394399-0',1,NULL,227,NULL,5,9,'02700052200 28573280010','0270005220028573280010',8,8,0,0,0,0,0,NULL,1,NULL,NULL,6,39,1,1050882.00,1,0.00,6.00,0.00,2,5,2,'2015-01-12','2015-01-12',NULL,NULL,NULL,NULL,NULL,0,2,2,2,2,128,1,1,1,1,0,0,0,0,0,0.6500,127.65,1,37.21,2,'1',2,'0',2,'0','30',NULL,NULL,'#000000',1,'2021-04-24 17:44:17','2025-10-27 11:25:27',NULL),(20,3799,40753,0,NULL,124,'SPADAVECCHIA Guido',NULL,'1994-07-20',1,1,5,1,NULL,1,'Billinghurst','1163','7','E','1425',NULL,'1131406866','gspadavecchia@accessinformatica.com.ar',6,'38425449','20-38425449-8',3,NULL,322,NULL,5,1,'00700108300 04021665878','0070010830004021665878',1,1,0,0,0,0,0,NULL,1,NULL,NULL,6,39,1,637459.00,0,0.00,8.00,0.00,2,8,2,'2018-04-03','2018-04-03',NULL,NULL,NULL,'2022-03-11',2,0,2,2,2,2,128,4,1,1,1,0,0,0,0,0,0.6500,127.65,1,37.21,2,'1',2,'0',2,'0','0',NULL,NULL,NULL,1,'2021-04-24 17:44:17','2024-12-26 12:51:28',NULL),(21,3799,40753,0,NULL,133,'MENDOZA PEÑA Deinnis José',NULL,'1985-04-11',1,1,5,1,NULL,1,'Av.Cordoba','5943','1','H','1414',NULL,'1137767396','dmendoza@accessinformatica.com.ar',6,'19085829','20-19085829-5',1,NULL,420,NULL,5,1,'00704001300 04001758204','0070400130004001758204',8,8,0,0,0,0,0,NULL,1,NULL,NULL,35,235,1,1300919.00,1,0.00,8.00,0.00,2,3,2,'2019-04-09','2019-04-09',NULL,NULL,NULL,NULL,NULL,0,2,2,2,2,50,4,1,1,1,0,0,0,0,0,0.6500,127.65,1,37.21,2,'1',2,'0',2,'0','30',NULL,NULL,'#000000',1,'2021-04-24 17:44:17','2025-10-30 13:40:19',NULL);
INSERT INTO `syj_empleados` VALUES (22,3799,40753,0,NULL,78,'APRO Gladys Elsa',NULL,'1962-06-26',2,1,5,1,NULL,1,'Yerbal','969','8','H','1405',NULL,'1153286037','gapro@accessinformatica.com.ar',6,'14958238','27-14958238-5',3,NULL,227,NULL,5,9,'02700052200 18672240019','0270005220018672240019',1,1,0,0,0,0,0,NULL,1,NULL,NULL,35,212,1,258706.00,1,0.00,8.00,0.00,1,6,1,'2012-04-09','2012-04-09',NULL,NULL,NULL,'2022-10-31',2,0,2,2,2,2,50,4,1,1,1,0,0,0,0,0,0.6500,127.65,1,37.21,2,'1',2,'0',2,'0','30',NULL,NULL,NULL,1,'2021-04-24 17:44:17','2022-11-23 15:11:06',NULL),(23,3799,40753,0,NULL,102,'BRANGE Giselle Elina',NULL,'1976-08-28',2,1,5,1,NULL,1,'Rivadavia','4237','9','64','1205',NULL,'1135734610','gbrange@accessinformatica.com.ar',6,'23538991','27-23538991-1',3,NULL,33,NULL,5,16,'07201970880 00036926390','0720197088000036926390',1,1,0,0,0,0,0,NULL,1,NULL,NULL,6,37,1,637917.00,0,0.00,8.00,0.00,1,6,1,'2014-12-17','2014-12-17',NULL,NULL,NULL,'2024-02-26',2,0,2,2,2,2,50,4,1,1,1,0,0,0,0,0,0.6500,127.65,1,37.21,2,'1',2,'0',2,'0','30',NULL,NULL,NULL,1,'2021-04-24 17:44:17','2024-12-26 12:51:55',NULL),(24,3799,40753,0,NULL,4,'CANTORNA Lorena Andrea',NULL,'1976-01-29',2,1,6,1,NULL,1,'Carrasco','606','2','B','1407',NULL,'1160162222','cantorna@accessinformatica.com.ar',6,'25130595','27-25130595-7',1,NULL,423,NULL,5,9,'02700052200 00641220014','0270005220000641220014',8,8,0,0,0,0,0,NULL,1,NULL,NULL,35,208,1,2892639.00,1,0.00,8.00,0.00,1,1,1,'1996-04-15','1996-04-15',NULL,NULL,NULL,NULL,NULL,0,2,2,2,2,50,4,1,1,1,0,0,0,0,0,0.6500,127.65,1,37.21,2,'1',2,'0',2,'0','30',NULL,NULL,'#000000',1,'2021-04-24 17:44:17','2025-10-27 15:10:13',NULL),(25,3799,40753,0,NULL,118,'COMI Maria Paula',NULL,'1979-05-26',2,1,5,1,NULL,1,'Lambaré','965','2','c','1185',NULL,'1161722664','mpcomi@accessinformatica.com.ar',6,'27183650','27-27183650-9',1,NULL,321,NULL,5,9,'02700052200 32308350013','0270005220032308350013',8,8,0,0,0,0,0,NULL,1,NULL,NULL,35,235,1,2431553.00,1,0.00,8.00,0.00,2,3,2,'2016-06-01','2016-06-01',NULL,NULL,NULL,NULL,NULL,0,2,2,2,2,128,4,1,1,1,0,0,0,0,0,0.6500,127.65,1,37.21,2,'1',2,'0',2,'0','30',NULL,NULL,'#000000',1,'2021-04-24 17:44:17','2025-10-27 10:51:59',NULL),(26,3799,40753,0,NULL,25,'AVILA Silvana Paola',NULL,'1982-09-21',2,1,5,1,NULL,25,'Calle 121','857',NULL,NULL,'1884',NULL,'1167104057','avila@accessinformatica.com.ar',6,'29498647','27-29498647-8',1,NULL,420,NULL,5,9,'02700052200 00091560025','0270005220000091560025',8,8,0,0,0,0,0,NULL,1,NULL,NULL,6,209,1,1069648.00,1,0.00,8.00,0.00,1,6,1,'2005-05-24','2005-05-24',NULL,NULL,NULL,NULL,NULL,0,2,2,2,2,50,4,1,1,1,0,0,0,0,0,0.6500,127.65,1,37.21,2,'1',2,'0',2,'0','30',NULL,NULL,'#000000',1,'2021-04-24 17:44:17','2025-10-27 11:14:28',NULL),(27,3799,40753,0,NULL,45,'VILELA Maria Cecilia',NULL,'1986-10-17',2,1,6,1,NULL,1,'Av. Alvarez Jonte','3705','12','c','1407',NULL,'1168705727','vilela@accessinformatica.com.ar',6,'32690389','27-32690389-8',3,NULL,325,NULL,5,6,'01701247400 00012662225','0170124740000012662225',1,1,0,0,0,0,0,NULL,1,NULL,NULL,6,39,1,637459.00,0,0.00,8.00,0.00,4,4,3,'2008-06-09','2008-06-09',NULL,NULL,NULL,'2022-04-29',2,0,2,2,2,2,128,4,1,1,1,0,0,0,0,0,0.6500,127.65,1,37.21,2,'1',2,'0',2,'0','30',NULL,NULL,NULL,1,'2021-04-24 17:44:17','2024-12-26 12:51:28',NULL),(28,3799,40753,0,NULL,109,'D´ALFONSO Carolina Andrea',NULL,'1993-01-26',2,1,5,1,NULL,1,NULL,NULL,NULL,NULL,NULL,NULL,NULL,NULL,6,'37247850','27-37247850-6',3,NULL,123,NULL,5,9,'02700052200 30361580011','0270005220030361580011',1,1,0,0,0,0,0,NULL,1,NULL,NULL,6,39,1,637459.00,0,0.00,8.00,0.00,2,8,2,'2015-06-22','2015-06-22',NULL,NULL,NULL,'2021-12-27',2,0,2,2,2,2,128,4,1,1,1,0,0,0,0,0,0.6500,127.65,1,37.21,2,'1',2,'0',2,'0','0',NULL,NULL,NULL,1,'2021-04-24 17:44:17','2024-12-26 12:51:28',NULL);
INSERT INTO `syj_empleados` VALUES (29,3799,40753,0,NULL,140,'ZERPA GONZALEZ Tahelys Vanessa',NULL,'1986-11-15',2,1,5,1,NULL,1,NULL,NULL,NULL,NULL,NULL,NULL,NULL,NULL,6,'95707349','27-95707349-8',3,NULL,227,NULL,5,16,'07201956880 00036965490','0720195688000036965490',1,1,0,0,0,0,0,NULL,1,NULL,NULL,6,35,1,1.00,0,0.00,8.00,0.00,2,5,2,'2019-09-23','2019-09-23',NULL,NULL,NULL,NULL,NULL,0,2,2,2,2,128,4,1,1,1,0,0,0,0,0,0.6500,127.65,1,37.21,2,'1',2,'0',2,'0','0',NULL,NULL,NULL,1,'2021-04-24 17:44:17','2023-02-25 19:42:33',NULL),(30,3799,40753,0,NULL,138,'LINARES BARCOS Belitza Carolina',NULL,'1985-03-06',2,1,6,242,NULL,1,'Fco Acuña de Figueroa','151','9','B','1027',NULL,'1157543204','clinares@accessinformatica.com.ar',6,'95876178','27-95876178-9',1,NULL,321,NULL,5,16,'07200977880 00037215204','0720097788000037215204',8,8,0,0,0,0,0,NULL,1,NULL,NULL,6,39,1,1050882.00,1,0.00,8.00,0.00,2,5,2,'2019-09-02','2019-09-02',NULL,NULL,NULL,NULL,NULL,0,2,2,2,2,128,4,1,1,1,0,0,0,0,0,0.6500,127.65,1,37.21,2,'1',2,'0',2,'0','30',NULL,NULL,'#000000',1,'2021-04-24 17:44:17','2025-10-27 11:18:16',NULL),(31,3799,40759,0,NULL,9,'CAMPILI Walter Mario',NULL,'1962-08-10',1,1,6,1,NULL,9,NULL,NULL,NULL,NULL,NULL,NULL,NULL,NULL,6,'16380887','20-16380887-1',1,NULL,227,NULL,5,23,'1500078700012560835932','1500078700012560835932',2,2,0,0,0,0,0,NULL,1,NULL,NULL,37,226,1,457087.23,0,0.00,8.00,0.00,7,11,5,'2003-08-04','2003-08-04',NULL,NULL,NULL,NULL,NULL,0,2,2,2,2,50,9,1,2,1,0,0,0,0,0,5.7700,45.07,1,24.35,2,'1',2,'0',2,'0','0',NULL,NULL,NULL,1,'2021-04-26 16:01:05','2024-01-31 17:36:56',NULL),(32,3799,40759,0,NULL,13,'CURTOSI Oscar Franco',NULL,'1964-02-09',1,1,5,1,NULL,9,NULL,NULL,NULL,NULL,NULL,NULL,NULL,NULL,6,'16724339','20-16724339-9',1,NULL,123,NULL,5,23,'15000787000 12560840532','1500078700012560840532',2,2,0,0,0,0,0,NULL,1,NULL,NULL,37,230,1,457088.35,0,0.00,8.00,0.00,6,10,4,'2003-12-02','2003-12-02',NULL,NULL,NULL,NULL,NULL,0,2,2,2,2,50,9,1,2,1,0,0,0,0,0,5.7700,45.07,1,24.35,2,'1',2,'0',2,'0','0',NULL,NULL,NULL,1,'2021-04-26 16:01:05','2024-01-31 17:38:58',NULL),(33,3799,40759,0,NULL,54,'RUIZ Julio Cesar',NULL,'1970-06-16',1,1,6,1,NULL,9,NULL,NULL,NULL,NULL,NULL,NULL,NULL,NULL,6,'21645390','20-21645390-6',1,NULL,223,NULL,5,23,'15000787000 12562395832','1500078700012562395832',2,2,0,0,0,0,0,NULL,1,NULL,NULL,37,229,1,447498.78,0,0.00,8.00,0.00,6,10,4,'2014-03-01','2014-03-01',NULL,NULL,NULL,NULL,NULL,0,2,2,2,2,50,4,1,2,1,0,0,0,0,0,5.7700,45.07,1,24.35,2,'1',2,'0',2,'0','0',NULL,NULL,NULL,1,'2021-04-26 16:01:05','2024-01-31 17:37:06',NULL),(34,3799,40759,0,NULL,3,'DI ALESSIO Carlos Mauricio',NULL,'1972-04-08',1,1,6,1,NULL,9,NULL,NULL,NULL,NULL,NULL,NULL,NULL,NULL,6,'22759848','20-22759848-5',1,NULL,123,NULL,5,23,'15000787000 12560835246','1500078700012560835246',2,2,0,0,0,0,0,NULL,1,NULL,NULL,37,230,1,457088.35,0,0.00,8.00,0.00,6,10,4,'1997-11-01','1997-11-01',NULL,NULL,NULL,NULL,NULL,0,2,2,2,2,50,4,1,2,1,0,0,0,0,0,5.7700,45.07,1,24.35,2,'1',2,'0',2,'0','0',NULL,NULL,NULL,1,'2021-04-26 16:01:05','2024-01-31 17:38:58',NULL),(35,3799,40759,0,NULL,31,'DE ORLOFF Eduardo Antonio',NULL,'1973-11-06',1,1,6,1,NULL,9,NULL,NULL,NULL,NULL,NULL,NULL,NULL,NULL,6,'23371424','20-23371424-1',1,NULL,223,NULL,5,NULL,'15000787000 12560946414','1500078700012560946414',2,2,0,0,0,0,0,NULL,1,NULL,NULL,37,224,1,450694.57,0,0.00,8.00,0.00,6,12,4,'2007-05-18','2007-05-18',NULL,NULL,NULL,NULL,NULL,0,2,2,2,2,50,4,1,2,1,0,0,0,0,0,5.7700,45.07,1,24.35,2,'1',2,'0',2,'0','0',NULL,NULL,NULL,1,'2021-04-26 16:01:05','2024-01-31 17:36:41',NULL),(36,3799,40759,0,NULL,23,'CALOSO Lucas Raúl',NULL,'1982-07-12',1,1,6,1,NULL,9,NULL,NULL,NULL,NULL,NULL,NULL,NULL,NULL,6,'29633991','20-29633991-2',1,NULL,223,NULL,5,NULL,'15000787000 12560835864','1500078700012560835864',2,2,0,0,0,0,0,NULL,1,NULL,NULL,37,224,1,450694.57,0,0.00,8.00,0.00,6,12,4,'2014-04-07','2005-07-26',NULL,NULL,NULL,NULL,NULL,0,2,2,2,2,50,4,1,2,1,0,0,0,0,0,5.7700,45.07,1,24.35,2,'1',2,'0',2,'0','0',NULL,NULL,NULL,1,'2021-04-26 16:01:05','2024-01-31 17:36:41',NULL);
INSERT INTO `syj_empleados` VALUES (37,3799,40759,0,NULL,55,'TORRES Leandro Emanuel',NULL,'1990-12-23',1,1,5,1,NULL,9,NULL,NULL,NULL,NULL,NULL,NULL,NULL,NULL,6,'35397577','20-35397577-4',1,NULL,223,NULL,5,6,'0170357140000000348809','0170357140000000348809',2,2,0,0,0,0,0,NULL,1,NULL,NULL,37,229,1,447498.78,0,0.00,8.00,0.00,6,10,4,'2014-05-19','2014-05-19',NULL,NULL,NULL,NULL,NULL,0,2,2,2,2,50,4,1,2,1,0,0,0,0,0,5.7700,45.07,1,24.35,2,'1',2,'0',2,'0','0',NULL,NULL,NULL,1,'2021-04-26 16:01:05','2024-01-31 17:37:06',NULL),(38,3799,40759,0,NULL,16,'CAFFARENGHI Leonor Rita',NULL,'1952-05-29',2,1,6,1,NULL,9,NULL,NULL,NULL,NULL,NULL,NULL,NULL,NULL,6,'10263702','27-10263702-5',1,NULL,2,NULL,5,23,'15000787000 12560837082','1500078700012560837082',2,2,0,0,0,0,0,NULL,1,NULL,NULL,37,234,1,224868.42,0,0.00,4.00,0.00,8,13,6,'2004-08-02','2004-08-02',NULL,NULL,NULL,NULL,NULL,0,2,2,2,3,50,1,1,2,1,0,0,0,0,0,5.7700,45.07,1,24.35,2,'1',2,'0',2,'0','0',NULL,NULL,NULL,1,'2021-04-26 16:01:05','2024-01-31 17:37:42',NULL),(39,3799,40759,0,NULL,58,'CESTONA VITALIS Rita Beatriz',NULL,'1973-06-20',2,2,5,1,NULL,9,NULL,NULL,NULL,NULL,NULL,NULL,NULL,NULL,6,'92293409','27-92293409-1',1,NULL,338,NULL,5,6,'01703571400 00000348977','0170357140000000348977',2,2,0,0,0,0,0,NULL,1,NULL,NULL,37,223,1,445901.45,0,0.00,8.00,0.00,8,21,6,'2016-08-01','2016-08-01',NULL,NULL,NULL,NULL,NULL,0,2,2,2,2,50,4,1,2,1,0,0,0,0,0,5.7700,45.07,1,24.35,2,'1',2,'0',2,'0','0',NULL,NULL,NULL,1,'2021-04-26 16:01:05','2024-01-31 17:36:30',NULL),(40,3799,40761,0,NULL,5,'HUBERMAN Marcelo Alejandro',NULL,'1968-01-17',1,1,5,1,NULL,10,NULL,NULL,NULL,NULL,NULL,NULL,NULL,NULL,6,'20010761','20-20010761-7',1,NULL,321,NULL,5,NULL,'0270020520033181090036','0270020520033181090036',3,3,0,0,0,0,0,NULL,1,NULL,NULL,39,247,1,3000000.00,1,0.00,8.00,0.00,9,15,7,'2006-01-01','2006-01-01',NULL,NULL,NULL,NULL,NULL,0,2,2,2,2,16,31,1,2,1,0,0,0,0,0,1.8000,127.65,1,24.35,2,'1',2,'0',2,'0','0',NULL,NULL,'#000000',1,'2021-05-03 16:52:41','2025-07-02 18:06:07',NULL),(41,3799,40761,0,NULL,6,'HUBERMAN Gabriel Dario',NULL,'1968-12-27',1,1,5,1,NULL,10,NULL,NULL,NULL,NULL,NULL,NULL,NULL,NULL,6,'20226978','20-20226978-9',1,NULL,321,NULL,5,NULL,'0270020520033324770034','0270020520033324770034',3,3,0,0,0,0,0,NULL,1,NULL,NULL,39,247,1,3000000.00,1,0.00,8.00,0.00,9,15,7,'2006-01-01','2006-01-01',NULL,NULL,NULL,NULL,NULL,0,2,2,2,2,16,31,1,2,1,0,0,0,0,0,1.8000,127.65,1,24.35,2,'1',2,'0',2,'0','0',NULL,NULL,'#000000',1,'2021-05-03 16:52:41','2025-07-02 18:06:33',NULL),(42,3799,40761,0,NULL,14,'RODRIGUEZ Miguel Angel',NULL,'1968-06-09',1,1,5,1,NULL,10,NULL,NULL,NULL,NULL,NULL,NULL,NULL,NULL,6,'20372056','20-20372056-5',1,NULL,103,NULL,5,NULL,'02700205200 31306760017','0270020520031306760017',3,3,0,0,0,0,0,NULL,1,NULL,NULL,36,261,1,619595.37,0,0.00,8.00,0.00,10,19,8,'2004-05-17','2004-05-17',NULL,NULL,NULL,NULL,NULL,0,2,2,2,2,50,4,1,2,1,0,0,0,0,0,1.8000,127.65,1,24.35,2,'1',2,'0',2,'0','0',NULL,NULL,'#000000',1,'2021-05-03 16:52:41','2025-10-01 15:12:30',NULL),(43,3799,40761,0,NULL,18,'PALAMARCHUK Raúl Emilio',NULL,'1977-02-06',1,1,6,1,NULL,10,NULL,NULL,NULL,NULL,NULL,NULL,NULL,NULL,6,'25877008','20-25877008-1',1,NULL,103,NULL,5,NULL,'0270020520031306740015','0270020520031306740015',3,3,0,0,0,0,0,NULL,1,NULL,NULL,36,214,1,722070.93,0,0.00,8.00,0.00,10,18,8,'2003-10-01','2003-10-01',NULL,NULL,NULL,NULL,NULL,0,2,2,2,2,50,4,1,2,1,0,0,0,0,0,1.8000,127.65,1,24.35,2,'1',2,'0',2,'0','0',NULL,NULL,NULL,1,'2021-05-03 16:52:41','2024-10-03 11:17:45',NULL),(44,3799,40761,0,NULL,19,'DAVILA Marcelo Benjamin',NULL,'1978-01-10',1,1,6,1,NULL,10,NULL,NULL,NULL,NULL,NULL,NULL,NULL,NULL,6,'26381378','20-26381378-3',1,NULL,85,NULL,5,NULL,'0270020520031306760017','0270020520031306760017',3,3,0,0,0,0,0,NULL,1,NULL,NULL,36,216,1,533392.66,0,0.00,8.00,0.00,10,19,8,'2010-09-20','2010-09-20',NULL,NULL,NULL,NULL,NULL,0,2,2,2,2,50,4,1,2,1,0,0,0,0,0,1.8000,127.65,1,24.35,2,'1',2,'0',2,'0','0',NULL,NULL,NULL,1,'2021-05-03 16:52:41','2024-10-03 11:18:08',NULL);
INSERT INTO `syj_empleados` VALUES (45,3799,40761,0,NULL,32,'FARIAS Walter Raúl',NULL,'1978-01-07',1,1,5,1,NULL,10,NULL,NULL,NULL,NULL,NULL,NULL,NULL,NULL,6,'26500195','20-26500195-6',1,NULL,103,NULL,5,NULL,'02700205200 36686720015','0270020520036686720015',3,3,0,0,0,0,0,NULL,1,NULL,NULL,36,216,1,533392.66,0,-2700.00,8.00,0.00,10,19,8,'2018-04-09','2018-04-09',NULL,NULL,NULL,NULL,NULL,0,2,2,2,2,50,4,1,2,1,0,0,0,0,0,1.8000,127.65,1,24.35,2,'1',2,'0',2,'0','0',NULL,NULL,NULL,1,'2021-05-03 16:52:41','2024-10-03 11:18:08',NULL),(46,3799,40761,0,NULL,25,'PASCUET Mauricio Luján',NULL,'1979-10-23',1,1,5,1,NULL,10,NULL,NULL,NULL,NULL,NULL,NULL,NULL,NULL,6,'27771470','20-27771470-2',3,NULL,135,NULL,5,NULL,'0270020520031306810019','0270020520031306810019',3,3,0,0,0,0,0,NULL,1,NULL,NULL,36,215,1,572260.22,0,0.00,8.00,0.00,10,19,8,'2008-02-18','2008-02-18',NULL,NULL,NULL,'2022-01-18',2,0,2,2,2,2,50,4,1,2,1,0,0,0,0,0,1.8000,127.65,1,24.35,2,'1',2,'0',2,'0','0',NULL,NULL,NULL,1,'2021-05-03 16:52:41','2024-10-03 11:17:58',NULL),(47,3799,40761,0,NULL,16,'ROJAS Carlos Alberto',NULL,'1987-09-24',1,1,5,1,NULL,10,NULL,NULL,NULL,NULL,NULL,NULL,NULL,NULL,6,'33398433','20-33398433-5',1,NULL,103,NULL,5,NULL,'02700205200 31306770018','0270020520031306770018',3,3,0,0,0,0,0,NULL,1,NULL,NULL,36,217,1,335533.07,1,0.00,8.00,0.00,10,19,8,'2010-11-30','2010-11-30',NULL,NULL,NULL,NULL,NULL,0,2,2,2,2,50,1,1,2,1,0,0,0,0,0,1.8000,127.65,1,24.35,2,'1',2,'0',2,'0','0',NULL,NULL,NULL,1,'2021-05-03 16:52:41','2024-09-02 15:49:07',NULL),(48,3799,40761,0,NULL,22,'ROJAS Matias Ezequiel',NULL,'1989-11-25',1,1,5,1,NULL,10,NULL,NULL,NULL,NULL,NULL,NULL,NULL,NULL,6,'34907726','20-34907726-5',1,NULL,103,NULL,5,NULL,'02700205200 31306780019','0270020520031306780019',3,3,0,0,0,0,0,NULL,1,NULL,NULL,36,217,1,503299.59,0,0.00,8.00,0.00,10,19,8,'2010-07-03','2010-07-03',NULL,NULL,NULL,NULL,NULL,0,2,2,2,2,50,4,1,2,1,0,0,0,0,0,1.8000,127.65,1,24.35,2,'1',2,'0',2,'0','0',NULL,NULL,NULL,1,'2021-05-03 16:52:41','2024-10-03 11:18:16',NULL),(49,3799,40761,0,NULL,28,'MALDONADO Josefa Yolanda',NULL,'1953-09-03',2,1,7,1,NULL,10,NULL,NULL,NULL,NULL,NULL,NULL,NULL,NULL,6,'10728925','27-10728925-4',1,NULL,2,NULL,5,NULL,'0270020520031306730014','0270020520031306730014',3,3,0,0,0,0,0,NULL,1,NULL,NULL,36,219,1,438682.52,0,0.00,3.20,0.00,10,20,8,'2014-03-11','2014-03-11',NULL,NULL,NULL,NULL,NULL,0,2,2,2,3,50,1,1,2,1,0,0,0,0,0,1.8000,127.65,1,24.35,2,'1',2,'0',2,'0','0',NULL,NULL,NULL,1,'2021-05-03 16:52:41','2024-10-03 11:19:04',NULL),(50,3799,40761,0,NULL,21,'IANNELLO Patricia',NULL,'1962-06-14',2,1,6,1,NULL,10,NULL,NULL,NULL,NULL,NULL,NULL,NULL,NULL,6,'14887136','27-14887136-7',1,NULL,328,NULL,5,NULL,'0270020520031306710012','0270020520031306710012',3,3,0,0,0,0,0,NULL,1,NULL,NULL,36,222,1,1666477.00,1,0.00,8.00,0.00,9,17,7,'2014-04-07','2014-04-07',NULL,NULL,NULL,NULL,NULL,0,2,2,2,3,50,4,1,2,1,0,0,0,0,0,1.8000,127.65,1,24.35,2,'1',2,'0',2,'0','0',NULL,NULL,'#000000',1,'2021-05-03 16:52:41','2025-10-01 15:13:15',NULL),(51,3799,40761,0,NULL,33,'LEGUIZAMON MIZSEY Maria Constanza',NULL,'1987-07-29',2,1,5,1,NULL,10,NULL,NULL,NULL,NULL,NULL,NULL,NULL,NULL,6,'33028357','27-33028357-8',3,NULL,223,NULL,5,NULL,'02700205200 39617480019','0270020520039617480019',3,3,0,0,0,0,0,NULL,1,NULL,NULL,36,219,1,438682.52,0,0.00,4.00,0.00,9,16,7,'2020-03-02','2020-03-02',NULL,NULL,NULL,'2021-10-31',2,0,2,2,2,2,50,1,1,2,1,0,0,0,0,0,1.8000,127.65,1,24.35,2,'1',2,'0',2,'0','0',NULL,NULL,NULL,1,'2021-05-03 16:52:41','2024-10-03 11:19:04',NULL),(52,3799,40753,0,NULL,143,'BOSNJAK Facundo Nicolás',NULL,'1989-09-27',1,1,5,1,NULL,1,'Av. San Martín','5878','5','11','1419',NULL,'1153299894',NULL,2,'34890139','20-34890139-8',3,NULL,322,NULL,5,9,'0270005220045356240012','0270005220045356240012',1,1,0,0,0,0,0,NULL,1,NULL,NULL,35,235,1,100000.00,0,0.00,8.00,0.00,2,3,2,'2021-06-01','2021-06-01',NULL,NULL,NULL,'2022-01-21',2,0,2,2,2,2,128,4,1,1,1,0,0,0,0,NULL,0.6500,127.65,1,37.21,2,'1',2,'0',2,'0','0',NULL,NULL,NULL,1,'2021-06-22 19:28:10','2022-07-01 12:07:17',NULL);
INSERT INTO `syj_empleados` VALUES (53,3799,40762,0,NULL,1,'CLIVIO FRANCISCO RAMON',NULL,NULL,NULL,NULL,NULL,NULL,NULL,NULL,NULL,NULL,NULL,NULL,NULL,NULL,NULL,NULL,6,'11623089','20-11623089-6',1,NULL,NULL,NULL,NULL,NULL,NULL,NULL,NULL,NULL,0,0,0,0,0,NULL,1,NULL,NULL,5,NULL,NULL,0.00,0,0.00,0.00,0.00,NULL,NULL,NULL,'2021-07-05','2021-07-05',NULL,NULL,NULL,NULL,NULL,0,NULL,NULL,NULL,NULL,NULL,NULL,NULL,NULL,NULL,0,0,0,0,0,4.8010,40.00,0,0.00,NULL,NULL,NULL,NULL,NULL,NULL,'0',NULL,NULL,NULL,1,'2021-07-05 14:26:17','2021-07-05 14:26:17',NULL),(54,3799,40762,0,NULL,2,'LUNA DANIEL OSCAR',NULL,NULL,NULL,NULL,NULL,NULL,NULL,NULL,NULL,NULL,NULL,NULL,NULL,NULL,NULL,NULL,6,'12077475','20-12077475-2',1,NULL,NULL,NULL,NULL,NULL,NULL,NULL,NULL,NULL,0,0,0,0,0,NULL,1,NULL,NULL,5,NULL,NULL,0.00,0,0.00,0.00,0.00,NULL,NULL,NULL,'2021-07-05','2021-07-05',NULL,NULL,NULL,NULL,NULL,0,NULL,NULL,NULL,NULL,NULL,NULL,NULL,NULL,NULL,0,0,0,0,0,4.8010,40.00,0,0.00,NULL,NULL,NULL,NULL,NULL,NULL,'0',NULL,NULL,NULL,1,'2021-07-05 14:26:17','2021-07-05 14:26:17',NULL),(55,3799,40762,0,NULL,3,'FUNES MARCELO ALFREDO',NULL,NULL,NULL,NULL,NULL,NULL,NULL,NULL,NULL,NULL,NULL,NULL,NULL,NULL,NULL,NULL,6,'12170053','20-12170053-1',1,NULL,NULL,NULL,NULL,NULL,NULL,NULL,NULL,NULL,0,0,0,0,0,NULL,1,NULL,NULL,5,NULL,NULL,0.00,0,0.00,0.00,0.00,NULL,NULL,NULL,'1969-12-31','1969-12-31',NULL,NULL,NULL,NULL,NULL,0,NULL,NULL,NULL,NULL,NULL,NULL,NULL,NULL,NULL,0,0,0,0,0,4.8010,40.00,0,0.00,NULL,NULL,NULL,NULL,NULL,NULL,'0',NULL,NULL,NULL,1,'2021-07-05 14:26:17','2021-07-05 14:26:17',NULL),(56,3799,40762,0,NULL,4,'GONZALEZ VIVIANO DANIEL',NULL,NULL,NULL,NULL,NULL,NULL,NULL,NULL,NULL,NULL,NULL,NULL,NULL,NULL,NULL,NULL,6,'12706962','20-12706962-0',1,NULL,NULL,NULL,NULL,NULL,NULL,NULL,NULL,NULL,0,0,0,0,0,NULL,1,NULL,NULL,5,NULL,NULL,0.00,0,0.00,0.00,0.00,NULL,NULL,NULL,'2006-11-01','2006-11-01',NULL,NULL,NULL,NULL,NULL,0,NULL,NULL,NULL,NULL,NULL,NULL,NULL,NULL,NULL,0,0,0,0,0,4.8010,40.00,0,0.00,NULL,NULL,NULL,NULL,NULL,NULL,'0',NULL,NULL,NULL,1,'2021-07-05 14:26:17','2021-07-05 14:26:17',NULL),(57,3799,40762,0,NULL,5,'REINHARDT MIGUEL ANTONIO',NULL,NULL,NULL,NULL,NULL,NULL,NULL,NULL,NULL,NULL,NULL,NULL,NULL,NULL,NULL,NULL,6,'12840625','20-12840625-6',1,NULL,NULL,NULL,NULL,NULL,NULL,NULL,NULL,NULL,0,0,0,0,0,NULL,1,NULL,NULL,5,NULL,NULL,0.00,0,0.00,0.00,0.00,NULL,NULL,NULL,'2006-11-01','2006-11-01',NULL,NULL,NULL,NULL,NULL,0,NULL,NULL,NULL,NULL,NULL,NULL,NULL,NULL,NULL,0,0,0,0,0,4.8010,40.00,0,0.00,NULL,NULL,NULL,NULL,NULL,NULL,'0',NULL,NULL,NULL,1,'2021-07-05 14:26:17','2021-07-05 14:26:17',NULL),(58,3799,40762,0,NULL,6,'ORONA RICARDO MARTIN',NULL,NULL,NULL,NULL,NULL,NULL,NULL,NULL,NULL,NULL,NULL,NULL,NULL,NULL,NULL,NULL,6,'13021773','20-13021773-8',1,NULL,NULL,NULL,NULL,NULL,NULL,NULL,NULL,NULL,0,0,0,0,0,NULL,1,NULL,NULL,5,NULL,NULL,0.00,0,0.00,0.00,0.00,NULL,NULL,NULL,'2021-07-05','2021-07-05',NULL,NULL,NULL,NULL,NULL,0,NULL,NULL,NULL,NULL,NULL,NULL,NULL,NULL,NULL,0,0,0,0,0,4.8010,40.00,0,0.00,NULL,NULL,NULL,NULL,NULL,NULL,'0',NULL,NULL,NULL,1,'2021-07-05 14:26:17','2021-07-05 14:26:17',NULL),(59,3799,40762,0,NULL,7,'VERA HECTOR ATILIO',NULL,NULL,NULL,NULL,NULL,NULL,NULL,NULL,NULL,NULL,NULL,NULL,NULL,NULL,NULL,NULL,6,'13368935','20-13368935-5',1,NULL,NULL,NULL,NULL,NULL,NULL,NULL,NULL,NULL,0,0,0,0,0,NULL,1,NULL,NULL,5,NULL,NULL,0.00,0,0.00,0.00,0.00,NULL,NULL,NULL,'2006-06-06','2006-06-06',NULL,NULL,NULL,NULL,NULL,0,NULL,NULL,NULL,NULL,NULL,NULL,NULL,NULL,NULL,0,0,0,0,0,4.8010,40.00,0,0.00,NULL,NULL,NULL,NULL,NULL,NULL,'0',NULL,NULL,NULL,1,'2021-07-05 14:26:17','2021-07-05 14:26:17',NULL);
INSERT INTO `syj_empleados` VALUES (60,3799,40762,0,NULL,8,'GONZALEZ CARLOS ALBERTO',NULL,NULL,NULL,NULL,NULL,NULL,NULL,NULL,NULL,NULL,NULL,NULL,NULL,NULL,NULL,NULL,6,'13397387','20-13397387-8',1,NULL,NULL,NULL,NULL,NULL,NULL,NULL,NULL,NULL,0,0,0,0,0,NULL,1,NULL,NULL,5,NULL,NULL,0.00,0,0.00,0.00,0.00,NULL,NULL,NULL,'2021-07-05','2021-07-05',NULL,NULL,NULL,NULL,NULL,0,NULL,NULL,NULL,NULL,NULL,NULL,NULL,NULL,NULL,0,0,0,0,0,4.8010,40.00,0,0.00,NULL,NULL,NULL,NULL,NULL,NULL,'0',NULL,NULL,NULL,1,'2021-07-05 14:26:17','2021-07-05 14:26:17',NULL),(61,3799,40762,0,NULL,9,'MOLINA EUSTAQUIO DANTE',NULL,NULL,NULL,NULL,NULL,NULL,NULL,NULL,NULL,NULL,NULL,NULL,NULL,NULL,NULL,NULL,6,'13489757','20-13489757-1',1,NULL,NULL,NULL,NULL,NULL,NULL,NULL,NULL,NULL,0,0,0,0,0,NULL,1,NULL,NULL,5,NULL,NULL,0.00,0,0.00,0.00,0.00,NULL,NULL,NULL,'2006-11-01','2006-11-01',NULL,NULL,NULL,NULL,NULL,0,NULL,NULL,NULL,NULL,NULL,NULL,NULL,NULL,NULL,0,0,0,0,0,4.8010,40.00,0,0.00,NULL,NULL,NULL,NULL,NULL,NULL,'0',NULL,NULL,NULL,1,'2021-07-05 14:26:17','2021-07-05 14:26:17',NULL),(62,3799,40762,0,NULL,10,'HERRERA RICARDO GUILLERMO',NULL,NULL,NULL,NULL,NULL,NULL,NULL,NULL,NULL,NULL,NULL,NULL,NULL,NULL,NULL,NULL,6,'13707372','20-13707372-3',1,NULL,NULL,NULL,NULL,NULL,NULL,NULL,NULL,NULL,0,0,0,0,0,NULL,1,NULL,NULL,5,NULL,NULL,0.00,0,0.00,0.00,0.00,NULL,NULL,NULL,'2006-08-03','2006-08-03',NULL,NULL,NULL,NULL,NULL,0,NULL,NULL,NULL,NULL,NULL,NULL,NULL,NULL,NULL,0,0,0,0,0,4.8010,40.00,0,0.00,NULL,NULL,NULL,NULL,NULL,NULL,'0',NULL,NULL,NULL,1,'2021-07-05 14:26:17','2021-07-05 14:26:17',NULL),(63,3799,40762,0,NULL,11,'HEINZE HORACIO RAUL',NULL,NULL,NULL,NULL,NULL,NULL,NULL,NULL,NULL,NULL,NULL,NULL,NULL,NULL,NULL,NULL,6,'13846876','20-13846876-4',1,NULL,NULL,NULL,NULL,NULL,NULL,NULL,NULL,NULL,0,0,0,0,0,NULL,1,NULL,NULL,5,NULL,NULL,0.00,0,0.00,0.00,0.00,NULL,NULL,NULL,'2021-07-05','2021-07-05',NULL,NULL,NULL,NULL,NULL,0,NULL,NULL,NULL,NULL,NULL,NULL,NULL,NULL,NULL,0,0,0,0,0,4.8010,40.00,0,0.00,NULL,NULL,NULL,NULL,NULL,NULL,'0',NULL,NULL,NULL,1,'2021-07-05 14:26:17','2021-07-05 14:26:17',NULL),(64,3799,40762,0,NULL,12,'GOMEZ LAZARO RAMON',NULL,NULL,NULL,NULL,NULL,NULL,NULL,NULL,NULL,NULL,NULL,NULL,NULL,NULL,NULL,NULL,6,'13904882','20-13904882-3',1,NULL,NULL,NULL,NULL,NULL,NULL,NULL,NULL,NULL,0,0,0,0,0,NULL,1,NULL,NULL,5,NULL,NULL,0.00,0,0.00,0.00,0.00,NULL,NULL,NULL,'2006-11-01','2006-11-01',NULL,NULL,NULL,NULL,NULL,0,NULL,NULL,NULL,NULL,NULL,NULL,NULL,NULL,NULL,0,0,0,0,0,4.8010,40.00,0,0.00,NULL,NULL,NULL,NULL,NULL,NULL,'0',NULL,NULL,NULL,1,'2021-07-05 14:26:17','2021-07-05 14:26:17',NULL),(65,3799,40762,0,NULL,13,'PORCEL JULIO DANIEL',NULL,NULL,NULL,NULL,NULL,NULL,NULL,NULL,NULL,NULL,NULL,NULL,NULL,NULL,NULL,NULL,6,'14064593','20-14064593-2',1,NULL,NULL,NULL,NULL,NULL,NULL,NULL,NULL,NULL,0,0,0,0,0,NULL,1,NULL,NULL,5,NULL,NULL,0.00,0,0.00,0.00,0.00,NULL,NULL,NULL,'2021-07-05','2021-07-05',NULL,NULL,NULL,NULL,NULL,0,NULL,NULL,NULL,NULL,NULL,NULL,NULL,NULL,NULL,0,0,0,0,0,4.8010,40.00,0,0.00,NULL,NULL,NULL,NULL,NULL,NULL,'0',NULL,NULL,NULL,1,'2021-07-05 14:26:17','2021-07-05 14:26:17',NULL),(66,3799,40762,0,NULL,14,'ABREGU MARCELINO',NULL,NULL,NULL,NULL,NULL,NULL,NULL,NULL,NULL,NULL,NULL,NULL,NULL,NULL,NULL,NULL,6,'14477828','20-14477828-7',1,NULL,NULL,NULL,NULL,NULL,NULL,NULL,NULL,NULL,0,0,0,0,0,NULL,1,NULL,NULL,5,NULL,NULL,0.00,0,0.00,0.00,0.00,NULL,NULL,NULL,'2006-11-01','2006-11-01',NULL,NULL,NULL,NULL,NULL,0,NULL,NULL,NULL,NULL,NULL,NULL,NULL,NULL,NULL,0,0,0,0,0,4.8010,40.00,0,0.00,NULL,NULL,NULL,NULL,NULL,NULL,'0',NULL,NULL,NULL,1,'2021-07-05 14:26:17','2021-07-05 14:26:17',NULL);
INSERT INTO `syj_empleados` VALUES (67,3799,40762,0,NULL,15,'GROSSO EDUARDO OSCAR',NULL,NULL,NULL,NULL,NULL,NULL,NULL,NULL,NULL,NULL,NULL,NULL,NULL,NULL,NULL,NULL,6,'14873529','20-14873529-9',1,NULL,NULL,NULL,NULL,NULL,NULL,NULL,NULL,NULL,0,0,0,0,0,NULL,1,NULL,NULL,5,NULL,NULL,0.00,0,0.00,0.00,0.00,NULL,NULL,NULL,'2021-07-05','2021-07-05',NULL,NULL,NULL,NULL,NULL,0,NULL,NULL,NULL,NULL,NULL,NULL,NULL,NULL,NULL,0,0,0,0,0,4.8010,40.00,0,0.00,NULL,NULL,NULL,NULL,NULL,NULL,'0',NULL,NULL,NULL,1,'2021-07-05 14:26:17','2021-07-05 14:26:17',NULL),(68,3799,40762,0,NULL,16,'SEYAHIAN SERGIO ESTEBAN',NULL,NULL,NULL,NULL,NULL,NULL,NULL,NULL,NULL,NULL,NULL,NULL,NULL,NULL,NULL,NULL,6,'16639311','20-16639311-7',1,NULL,NULL,NULL,NULL,NULL,NULL,NULL,NULL,NULL,0,0,0,0,0,NULL,1,NULL,NULL,5,NULL,NULL,0.00,0,0.00,0.00,0.00,NULL,NULL,NULL,'2006-11-01','2006-11-01',NULL,NULL,NULL,NULL,NULL,0,NULL,NULL,NULL,NULL,NULL,NULL,NULL,NULL,NULL,0,0,0,0,0,4.8010,40.00,0,0.00,NULL,NULL,NULL,NULL,NULL,NULL,'0',NULL,NULL,NULL,1,'2021-07-05 14:26:17','2021-07-05 14:26:17',NULL),(69,3799,40762,0,NULL,17,'FLORENTIN GREGORIO EDGARDO',NULL,NULL,NULL,NULL,NULL,NULL,NULL,NULL,NULL,NULL,NULL,NULL,NULL,NULL,NULL,NULL,6,'16876356','20-16876356-6',1,NULL,NULL,NULL,NULL,NULL,NULL,NULL,NULL,NULL,0,0,0,0,0,NULL,1,NULL,NULL,5,NULL,NULL,0.00,0,0.00,0.00,0.00,NULL,NULL,NULL,'2021-07-05','2021-07-05',NULL,NULL,NULL,NULL,NULL,0,NULL,NULL,NULL,NULL,NULL,NULL,NULL,NULL,NULL,0,0,0,0,0,4.8010,40.00,0,0.00,NULL,NULL,NULL,NULL,NULL,NULL,'0',NULL,NULL,NULL,1,'2021-07-05 14:26:17','2021-07-05 14:26:17',NULL),(70,3799,40762,0,NULL,18,'LEMOS WALTER HIPOLITO',NULL,NULL,NULL,NULL,NULL,NULL,NULL,NULL,NULL,NULL,NULL,NULL,NULL,NULL,NULL,NULL,6,'16989618','20-16989618-7',1,NULL,NULL,NULL,NULL,NULL,NULL,NULL,NULL,NULL,0,0,0,0,0,NULL,1,NULL,NULL,5,NULL,NULL,0.00,0,0.00,0.00,0.00,NULL,NULL,NULL,'2021-07-05','2021-07-05',NULL,NULL,NULL,NULL,NULL,0,NULL,NULL,NULL,NULL,NULL,NULL,NULL,NULL,NULL,0,0,0,0,0,4.8010,40.00,0,0.00,NULL,NULL,NULL,NULL,NULL,NULL,'0',NULL,NULL,NULL,1,'2021-07-05 14:26:17','2021-07-05 14:26:17',NULL),(71,3799,40762,0,NULL,19,'BIDEGARAY JORGE OSMAR',NULL,NULL,NULL,NULL,NULL,NULL,NULL,NULL,NULL,NULL,NULL,NULL,NULL,NULL,NULL,NULL,6,'17602478','20-17602478-0',1,NULL,NULL,NULL,NULL,NULL,NULL,NULL,NULL,NULL,0,0,0,0,0,NULL,1,NULL,NULL,5,NULL,NULL,0.00,0,0.00,0.00,0.00,NULL,NULL,NULL,'1969-12-31','1969-12-31',NULL,NULL,NULL,NULL,NULL,0,NULL,NULL,NULL,NULL,NULL,NULL,NULL,NULL,NULL,0,0,0,0,0,4.8010,40.00,0,0.00,NULL,NULL,NULL,NULL,NULL,NULL,'0',NULL,NULL,NULL,1,'2021-07-05 14:26:17','2021-07-05 14:26:17',NULL),(72,3799,40762,0,NULL,20,'GONZALEZ LEMES JORGE SALVADOR',NULL,NULL,NULL,NULL,NULL,NULL,NULL,NULL,NULL,NULL,NULL,NULL,NULL,NULL,NULL,NULL,6,'17687992','20-17687992-1',1,NULL,NULL,NULL,NULL,NULL,NULL,NULL,NULL,NULL,0,0,0,0,0,NULL,1,NULL,NULL,5,NULL,NULL,0.00,0,0.00,0.00,0.00,NULL,NULL,NULL,'2007-03-04','2007-03-04',NULL,NULL,NULL,NULL,NULL,0,NULL,NULL,NULL,NULL,NULL,NULL,NULL,NULL,NULL,0,0,0,0,0,4.8010,40.00,0,0.00,NULL,NULL,NULL,NULL,NULL,NULL,'0',NULL,NULL,NULL,1,'2021-07-05 14:26:17','2021-07-05 14:26:17',NULL),(73,3799,40762,0,NULL,21,'MORALES ADRIAN OMAR',NULL,NULL,NULL,NULL,NULL,NULL,NULL,NULL,NULL,NULL,NULL,NULL,NULL,NULL,NULL,NULL,6,'17965305','20-17965305-3',1,NULL,NULL,NULL,NULL,NULL,NULL,NULL,NULL,NULL,0,0,0,0,0,NULL,1,NULL,NULL,5,NULL,NULL,0.00,0,0.00,0.00,0.00,NULL,NULL,NULL,'2006-08-03','2006-08-03',NULL,NULL,NULL,NULL,NULL,0,NULL,NULL,NULL,NULL,NULL,NULL,NULL,NULL,NULL,0,0,0,0,0,4.8010,40.00,0,0.00,NULL,NULL,NULL,NULL,NULL,NULL,'0',NULL,NULL,NULL,1,'2021-07-05 14:26:17','2021-07-05 14:26:17',NULL);
INSERT INTO `syj_empleados` VALUES (74,3799,40762,0,NULL,22,'LOPEZ HECTOR CIRIACO',NULL,NULL,NULL,NULL,NULL,NULL,NULL,NULL,NULL,NULL,NULL,NULL,NULL,NULL,NULL,NULL,6,'18026017','20-18026017-0',1,NULL,NULL,NULL,NULL,NULL,NULL,NULL,NULL,NULL,0,0,0,0,0,NULL,1,NULL,NULL,5,NULL,NULL,0.00,0,0.00,0.00,0.00,NULL,NULL,NULL,'2021-07-05','2021-07-05',NULL,NULL,NULL,NULL,NULL,0,NULL,NULL,NULL,NULL,NULL,NULL,NULL,NULL,NULL,0,0,0,0,0,4.8010,40.00,0,0.00,NULL,NULL,NULL,NULL,NULL,NULL,'0',NULL,NULL,NULL,1,'2021-07-05 14:26:17','2021-07-05 14:26:17',NULL),(75,3799,40762,0,NULL,23,'LUNA RAUL CRUZ',NULL,NULL,NULL,NULL,NULL,NULL,NULL,NULL,NULL,NULL,NULL,NULL,NULL,NULL,NULL,NULL,6,'18183128','20-18183128-7',1,NULL,NULL,NULL,NULL,NULL,NULL,NULL,NULL,NULL,0,0,0,0,0,NULL,1,NULL,NULL,5,NULL,NULL,0.00,0,0.00,0.00,0.00,NULL,NULL,NULL,'2006-11-01','2006-11-01',NULL,NULL,NULL,NULL,NULL,0,NULL,NULL,NULL,NULL,NULL,NULL,NULL,NULL,NULL,0,0,0,0,0,4.8010,40.00,0,0.00,NULL,NULL,NULL,NULL,NULL,NULL,'0',NULL,NULL,NULL,1,'2021-07-05 14:26:17','2021-07-05 14:26:17',NULL),(76,3799,40762,0,NULL,24,'OJEDA BUENAVENTURA',NULL,NULL,NULL,NULL,NULL,NULL,NULL,NULL,NULL,NULL,NULL,NULL,NULL,NULL,NULL,NULL,6,'18665055','20-18665055-8',1,NULL,NULL,NULL,NULL,NULL,NULL,NULL,NULL,NULL,0,0,0,0,0,NULL,1,NULL,NULL,5,NULL,NULL,0.00,0,0.00,0.00,0.00,NULL,NULL,NULL,'2021-07-05','2021-07-05',NULL,NULL,NULL,NULL,NULL,0,NULL,NULL,NULL,NULL,NULL,NULL,NULL,NULL,NULL,0,0,0,0,0,4.8010,40.00,0,0.00,NULL,NULL,NULL,NULL,NULL,NULL,'0',NULL,NULL,NULL,1,'2021-07-05 14:26:17','2021-07-05 14:26:17',NULL),(77,3799,40762,0,NULL,25,'GIMENEZ RODOLFO JAVIER',NULL,NULL,NULL,NULL,NULL,NULL,NULL,NULL,NULL,NULL,NULL,NULL,NULL,NULL,NULL,NULL,6,'21103706','20-21103706-8',1,NULL,NULL,NULL,NULL,NULL,NULL,NULL,NULL,NULL,0,0,0,0,0,NULL,1,NULL,NULL,5,NULL,NULL,0.00,0,0.00,0.00,0.00,NULL,NULL,NULL,'2006-11-01','2006-11-01',NULL,NULL,NULL,NULL,NULL,0,NULL,NULL,NULL,NULL,NULL,NULL,NULL,NULL,NULL,0,0,0,0,0,4.8010,40.00,0,0.00,NULL,NULL,NULL,NULL,NULL,NULL,'0',NULL,NULL,NULL,1,'2021-07-05 14:26:17','2021-07-05 14:26:17',NULL),(78,3799,40762,0,NULL,26,'ROMERO SABINO ALBERTO',NULL,NULL,NULL,NULL,NULL,NULL,NULL,NULL,NULL,NULL,NULL,NULL,NULL,NULL,NULL,NULL,6,'21576013','20-21576013-9',1,NULL,NULL,NULL,NULL,NULL,NULL,NULL,NULL,NULL,0,0,0,0,0,NULL,1,NULL,NULL,5,NULL,NULL,0.00,0,0.00,0.00,0.00,NULL,NULL,NULL,'2021-07-05','2021-07-05',NULL,NULL,NULL,NULL,NULL,0,NULL,NULL,NULL,NULL,NULL,NULL,NULL,NULL,NULL,0,0,0,0,0,4.8010,40.00,0,0.00,NULL,NULL,NULL,NULL,NULL,NULL,'0',NULL,NULL,NULL,1,'2021-07-05 14:26:17','2021-07-05 14:26:17',NULL),(79,3799,40762,0,NULL,27,'VIVERO JOSE OMAR',NULL,NULL,NULL,NULL,NULL,NULL,NULL,NULL,NULL,NULL,NULL,NULL,NULL,NULL,NULL,NULL,6,'21672416','20-21672416-0',1,NULL,NULL,NULL,NULL,NULL,NULL,NULL,NULL,NULL,0,0,0,0,0,NULL,1,NULL,NULL,5,NULL,NULL,0.00,0,0.00,0.00,0.00,NULL,NULL,NULL,'2021-07-05','2021-07-05',NULL,NULL,NULL,NULL,NULL,0,NULL,NULL,NULL,NULL,NULL,NULL,NULL,NULL,NULL,0,0,0,0,0,4.8010,40.00,0,0.00,NULL,NULL,NULL,NULL,NULL,NULL,'0',NULL,NULL,NULL,1,'2021-07-05 14:26:17','2021-07-05 14:26:17',NULL),(80,3799,40762,0,NULL,28,'ESPINOZA WALTER ALBERTO',NULL,NULL,NULL,NULL,NULL,NULL,NULL,NULL,NULL,NULL,NULL,NULL,NULL,NULL,NULL,NULL,6,'22066449','20-22066449-0',1,NULL,NULL,NULL,NULL,NULL,NULL,NULL,NULL,NULL,0,0,0,0,0,NULL,1,NULL,NULL,5,NULL,NULL,0.00,0,0.00,0.00,0.00,NULL,NULL,NULL,'2008-04-05','2008-04-05',NULL,NULL,NULL,NULL,NULL,0,NULL,NULL,NULL,NULL,NULL,NULL,NULL,NULL,NULL,0,0,0,0,0,4.8010,40.00,0,0.00,NULL,NULL,NULL,NULL,NULL,NULL,'0',NULL,NULL,NULL,1,'2021-07-05 14:26:17','2021-07-05 14:26:17',NULL);
INSERT INTO `syj_empleados` VALUES (81,3799,40762,0,NULL,29,'RAMIREZ ALBERTO DOMINGO',NULL,NULL,NULL,NULL,NULL,NULL,NULL,NULL,NULL,NULL,NULL,NULL,NULL,NULL,NULL,NULL,6,'22072288','20-22072288-1',1,NULL,NULL,NULL,NULL,NULL,NULL,NULL,NULL,NULL,0,0,0,0,0,NULL,1,NULL,NULL,5,NULL,NULL,0.00,0,0.00,0.00,0.00,NULL,NULL,NULL,'2021-07-05','2021-07-05',NULL,NULL,NULL,NULL,NULL,0,NULL,NULL,NULL,NULL,NULL,NULL,NULL,NULL,NULL,0,0,0,0,0,4.8010,40.00,0,0.00,NULL,NULL,NULL,NULL,NULL,NULL,'0',NULL,NULL,NULL,1,'2021-07-05 14:26:17','2021-07-05 14:26:17',NULL),(82,3799,40762,0,NULL,30,'ROMANO EUGENIO EPIFANIO',NULL,NULL,NULL,NULL,NULL,NULL,NULL,NULL,NULL,NULL,NULL,NULL,NULL,NULL,NULL,NULL,6,'23019298','20-23019298-8',1,NULL,NULL,NULL,NULL,NULL,NULL,NULL,NULL,NULL,0,0,0,0,0,NULL,1,NULL,NULL,5,NULL,NULL,0.00,0,0.00,0.00,0.00,NULL,NULL,NULL,'1969-12-31','1969-12-31',NULL,NULL,NULL,NULL,NULL,0,NULL,NULL,NULL,NULL,NULL,NULL,NULL,NULL,NULL,0,0,0,0,0,4.8010,40.00,0,0.00,NULL,NULL,NULL,NULL,NULL,NULL,'0',NULL,NULL,NULL,1,'2021-07-05 14:26:17','2021-07-05 14:26:17',NULL),(83,3799,40762,0,NULL,31,'DIAZ SILVIO JORGE',NULL,NULL,NULL,NULL,NULL,NULL,NULL,NULL,NULL,NULL,NULL,NULL,NULL,NULL,NULL,NULL,6,'23175832','20-23175832-2',1,NULL,NULL,NULL,NULL,NULL,NULL,NULL,NULL,NULL,0,0,0,0,0,NULL,1,NULL,NULL,5,NULL,NULL,0.00,0,0.00,0.00,0.00,NULL,NULL,NULL,'2006-10-02','2006-10-02',NULL,NULL,NULL,NULL,NULL,0,NULL,NULL,NULL,NULL,NULL,NULL,NULL,NULL,NULL,0,0,0,0,0,4.8010,40.00,0,0.00,NULL,NULL,NULL,NULL,NULL,NULL,'0',NULL,NULL,NULL,1,'2021-07-06 09:40:47','2021-07-06 09:40:47',NULL),(84,3799,40762,0,NULL,32,'VARELA CLAUDIO GASTON',NULL,NULL,NULL,NULL,NULL,NULL,NULL,NULL,NULL,NULL,NULL,NULL,NULL,NULL,NULL,NULL,6,'23593826','20-23593826-0',1,NULL,NULL,NULL,NULL,NULL,NULL,NULL,NULL,NULL,0,0,0,0,0,NULL,1,NULL,NULL,5,NULL,NULL,0.00,0,0.00,0.00,0.00,NULL,NULL,NULL,'2021-07-06','2021-07-06',NULL,NULL,NULL,NULL,NULL,0,NULL,NULL,NULL,NULL,NULL,NULL,NULL,NULL,NULL,0,0,0,0,0,4.8010,40.00,0,0.00,NULL,NULL,NULL,NULL,NULL,NULL,'0',NULL,NULL,NULL,1,'2021-07-06 09:40:47','2021-07-06 09:40:47',NULL),(85,3799,40762,0,NULL,33,'SANTILLAN MANUEL ALEJANDRO',NULL,NULL,NULL,NULL,NULL,NULL,NULL,NULL,NULL,NULL,NULL,NULL,NULL,NULL,NULL,NULL,6,'23594878','20-23594878-9',1,NULL,NULL,NULL,NULL,NULL,NULL,NULL,NULL,NULL,0,0,0,0,0,NULL,1,NULL,NULL,5,NULL,NULL,0.00,0,0.00,0.00,0.00,NULL,NULL,NULL,'2021-07-06','2021-07-06',NULL,NULL,NULL,NULL,NULL,0,NULL,NULL,NULL,NULL,NULL,NULL,NULL,NULL,NULL,0,0,0,0,0,4.8010,40.00,0,0.00,NULL,NULL,NULL,NULL,NULL,NULL,'0',NULL,NULL,NULL,1,'2021-07-06 09:40:47','2021-07-06 09:40:47',NULL),(86,3799,40762,0,NULL,34,'MAURIÑO JORGE OSVALDO',NULL,NULL,NULL,NULL,NULL,NULL,NULL,NULL,NULL,NULL,NULL,NULL,NULL,NULL,NULL,NULL,6,'24690537','20-24690537-2',1,NULL,NULL,NULL,NULL,NULL,NULL,NULL,NULL,NULL,0,0,0,0,0,NULL,1,NULL,NULL,5,NULL,NULL,0.00,0,0.00,0.00,0.00,NULL,NULL,NULL,'2007-10-01','2007-10-01',NULL,NULL,NULL,NULL,NULL,0,NULL,NULL,NULL,NULL,NULL,NULL,NULL,NULL,NULL,0,0,0,0,0,4.8010,40.00,0,0.00,NULL,NULL,NULL,NULL,NULL,NULL,'0',NULL,NULL,NULL,1,'2021-07-06 09:40:47','2021-07-06 09:40:47',NULL),(87,3799,40762,0,NULL,35,'SILVA MARCO ANTONIO',NULL,NULL,NULL,NULL,NULL,NULL,NULL,NULL,NULL,NULL,NULL,NULL,NULL,NULL,NULL,NULL,6,'25393257','20-25393257-1',1,NULL,NULL,NULL,NULL,NULL,NULL,NULL,NULL,NULL,0,0,0,0,0,NULL,1,NULL,NULL,5,NULL,NULL,0.00,0,0.00,0.00,0.00,NULL,NULL,NULL,'2021-07-06','2021-07-06',NULL,NULL,NULL,NULL,NULL,0,NULL,NULL,NULL,NULL,NULL,NULL,NULL,NULL,NULL,0,0,0,0,0,4.8010,40.00,0,0.00,NULL,NULL,NULL,NULL,NULL,NULL,'0',NULL,NULL,NULL,1,'2021-07-06 09:40:47','2021-07-06 09:40:47',NULL);
INSERT INTO `syj_empleados` VALUES (88,3799,40762,0,NULL,36,'ENRIQUEZ ANDRES GASTON',NULL,NULL,NULL,NULL,NULL,NULL,NULL,NULL,NULL,NULL,NULL,NULL,NULL,NULL,NULL,NULL,6,'26110505','20-26110505-6',1,NULL,NULL,NULL,NULL,NULL,NULL,NULL,NULL,NULL,0,0,0,0,0,NULL,1,NULL,NULL,5,NULL,NULL,0.00,0,0.00,0.00,0.00,NULL,NULL,NULL,'2006-11-01','2006-11-01',NULL,NULL,NULL,NULL,NULL,0,NULL,NULL,NULL,NULL,NULL,NULL,NULL,NULL,NULL,0,0,0,0,0,4.8010,40.00,0,0.00,NULL,NULL,NULL,NULL,NULL,NULL,'0',NULL,NULL,NULL,1,'2021-07-06 09:40:47','2021-07-06 09:40:47',NULL),(89,3799,40762,0,NULL,37,'VERON LUIS ALEJANDRO',NULL,NULL,NULL,NULL,NULL,NULL,NULL,NULL,NULL,NULL,NULL,NULL,NULL,NULL,NULL,NULL,6,'26566241','20-26566241-3',1,NULL,NULL,NULL,NULL,NULL,NULL,NULL,NULL,NULL,0,0,0,0,0,NULL,1,NULL,NULL,5,NULL,NULL,0.00,0,0.00,0.00,0.00,NULL,NULL,NULL,'1969-12-31','1969-12-31',NULL,NULL,NULL,NULL,NULL,0,NULL,NULL,NULL,NULL,NULL,NULL,NULL,NULL,NULL,0,0,0,0,0,4.8010,40.00,0,0.00,NULL,NULL,NULL,NULL,NULL,NULL,'0',NULL,NULL,NULL,1,'2021-07-06 09:40:47','2021-07-06 09:40:47',NULL),(90,3799,40762,0,NULL,38,'DIAZ OMAR FABIAN',NULL,NULL,NULL,NULL,NULL,NULL,NULL,NULL,NULL,NULL,NULL,NULL,NULL,NULL,NULL,NULL,6,'26741529','20-26741529-4',1,NULL,NULL,NULL,NULL,NULL,NULL,NULL,NULL,NULL,0,0,0,0,0,NULL,1,NULL,NULL,5,NULL,NULL,0.00,0,0.00,0.00,0.00,NULL,NULL,NULL,'2006-08-03','2006-08-03',NULL,NULL,NULL,NULL,NULL,0,NULL,NULL,NULL,NULL,NULL,NULL,NULL,NULL,NULL,0,0,0,0,0,4.8010,40.00,0,0.00,NULL,NULL,NULL,NULL,NULL,NULL,'0',NULL,NULL,NULL,1,'2021-07-06 09:40:47','2021-07-06 09:40:47',NULL),(91,3799,40762,0,NULL,39,'PEREYRA RAUL GERARDO',NULL,NULL,NULL,NULL,NULL,NULL,NULL,NULL,NULL,NULL,NULL,NULL,NULL,NULL,NULL,NULL,6,'28415891','20-28415891-2',1,NULL,NULL,NULL,NULL,NULL,NULL,NULL,NULL,NULL,0,0,0,0,0,NULL,1,NULL,NULL,5,NULL,NULL,0.00,0,0.00,0.00,0.00,NULL,NULL,NULL,'2006-06-06','2006-06-06',NULL,NULL,NULL,NULL,NULL,0,NULL,NULL,NULL,NULL,NULL,NULL,NULL,NULL,NULL,0,0,0,0,0,4.8010,40.00,0,0.00,NULL,NULL,NULL,NULL,NULL,NULL,'0',NULL,NULL,NULL,1,'2021-07-06 09:40:47','2021-07-06 09:40:47',NULL),(92,3799,40762,0,NULL,40,'PEREYRA PABLO JOSE',NULL,NULL,NULL,NULL,NULL,NULL,NULL,NULL,NULL,NULL,NULL,NULL,NULL,NULL,NULL,NULL,6,'28814768','20-28814768-0',1,NULL,NULL,NULL,NULL,NULL,NULL,NULL,NULL,NULL,0,0,0,0,0,NULL,1,NULL,NULL,5,NULL,NULL,0.00,0,0.00,0.00,0.00,NULL,NULL,NULL,'2006-06-06','2006-06-06',NULL,NULL,NULL,NULL,NULL,0,NULL,NULL,NULL,NULL,NULL,NULL,NULL,NULL,NULL,0,0,0,0,0,4.8010,40.00,0,0.00,NULL,NULL,NULL,NULL,NULL,NULL,'0',NULL,NULL,NULL,1,'2021-07-06 09:40:47','2021-07-06 09:40:47',NULL),(93,3799,40762,0,NULL,41,'ANDRADA LEONARDO DANIEL',NULL,NULL,NULL,NULL,NULL,NULL,NULL,NULL,NULL,NULL,NULL,NULL,NULL,NULL,NULL,NULL,6,'29191362','20-29191362-9',1,NULL,NULL,NULL,NULL,NULL,NULL,NULL,NULL,NULL,0,0,0,0,0,NULL,1,NULL,NULL,5,NULL,NULL,0.00,0,0.00,0.00,0.00,NULL,NULL,NULL,'2021-05-11','2021-05-11',NULL,NULL,NULL,NULL,NULL,0,NULL,NULL,NULL,NULL,NULL,NULL,NULL,NULL,NULL,0,0,0,0,0,4.8010,40.00,0,0.00,NULL,NULL,NULL,NULL,NULL,NULL,'0',NULL,NULL,NULL,1,'2021-07-06 09:40:47','2021-07-06 09:40:47',NULL),(94,3799,40762,0,NULL,42,'BARUA RAMON ANTONIO',NULL,NULL,NULL,NULL,NULL,NULL,NULL,NULL,NULL,NULL,NULL,NULL,NULL,NULL,NULL,NULL,6,'30283833','20-30283833-0',1,NULL,NULL,NULL,NULL,NULL,NULL,NULL,NULL,NULL,0,0,0,0,0,NULL,1,NULL,NULL,5,NULL,NULL,0.00,0,0.00,0.00,0.00,NULL,NULL,NULL,'2006-10-02','2006-10-02',NULL,NULL,NULL,NULL,NULL,0,NULL,NULL,NULL,NULL,NULL,NULL,NULL,NULL,NULL,0,0,0,0,0,4.8010,40.00,0,0.00,NULL,NULL,NULL,NULL,NULL,NULL,'0',NULL,NULL,NULL,1,'2021-07-06 09:40:47','2021-07-06 09:40:47',NULL);
INSERT INTO `syj_empleados` VALUES (95,3799,40762,0,NULL,43,'DONATI LUIS MARTIN',NULL,NULL,NULL,NULL,NULL,NULL,NULL,NULL,NULL,NULL,NULL,NULL,NULL,NULL,NULL,NULL,6,'30746042','20-30746042-5',1,NULL,NULL,NULL,NULL,NULL,NULL,NULL,NULL,NULL,0,0,0,0,0,NULL,1,NULL,NULL,5,NULL,NULL,0.00,0,0.00,0.00,0.00,NULL,NULL,NULL,'2021-07-06','2021-07-06',NULL,NULL,NULL,NULL,NULL,0,NULL,NULL,NULL,NULL,NULL,NULL,NULL,NULL,NULL,0,0,0,0,0,4.8010,40.00,0,0.00,NULL,NULL,NULL,NULL,NULL,NULL,'0',NULL,NULL,NULL,1,'2021-07-06 09:40:47','2021-07-06 09:40:47',NULL),(96,3799,40762,0,NULL,44,'INSAURRALDE JUAN PABLO',NULL,NULL,NULL,NULL,NULL,NULL,NULL,NULL,NULL,NULL,NULL,NULL,NULL,NULL,NULL,NULL,6,'30873977','20-30873977-6',1,NULL,NULL,NULL,NULL,NULL,NULL,NULL,NULL,NULL,0,0,0,0,0,NULL,1,NULL,NULL,5,NULL,NULL,0.00,0,0.00,0.00,0.00,NULL,NULL,NULL,'2006-08-03','2006-08-03',NULL,NULL,NULL,NULL,NULL,0,NULL,NULL,NULL,NULL,NULL,NULL,NULL,NULL,NULL,0,0,0,0,0,4.8010,40.00,0,0.00,NULL,NULL,NULL,NULL,NULL,NULL,'0',NULL,NULL,NULL,1,'2021-07-06 09:40:47','2021-07-06 09:40:47',NULL),(97,3799,40762,0,NULL,45,'VALLEJOS JORGE SEBASTIAN',NULL,NULL,NULL,NULL,NULL,NULL,NULL,NULL,NULL,NULL,NULL,NULL,NULL,NULL,NULL,NULL,6,'31859785','20-31859785-6',1,NULL,NULL,NULL,NULL,NULL,NULL,NULL,NULL,NULL,0,0,0,0,0,NULL,1,NULL,NULL,5,NULL,NULL,0.00,0,0.00,0.00,0.00,NULL,NULL,NULL,'2006-06-06','2006-06-06',NULL,NULL,NULL,NULL,NULL,0,NULL,NULL,NULL,NULL,NULL,NULL,NULL,NULL,NULL,0,0,0,0,0,4.8010,40.00,0,0.00,NULL,NULL,NULL,NULL,NULL,NULL,'0',NULL,NULL,NULL,1,'2021-07-06 09:40:47','2021-07-06 09:40:47',NULL),(98,3799,40762,0,NULL,46,'OZAN JULIO GASTON',NULL,NULL,NULL,NULL,NULL,NULL,NULL,NULL,NULL,NULL,NULL,NULL,NULL,NULL,NULL,NULL,6,'33049660','20-33049660-7',1,NULL,NULL,NULL,NULL,NULL,NULL,NULL,NULL,NULL,0,0,0,0,0,NULL,1,NULL,NULL,5,NULL,NULL,0.00,0,0.00,0.00,0.00,NULL,NULL,NULL,'2006-05-07','2006-05-07',NULL,NULL,NULL,NULL,NULL,0,NULL,NULL,NULL,NULL,NULL,NULL,NULL,NULL,NULL,0,0,0,0,0,4.8010,40.00,0,0.00,NULL,NULL,NULL,NULL,NULL,NULL,'0',NULL,NULL,NULL,1,'2021-07-06 09:40:47','2021-07-06 09:40:47',NULL),(99,3799,40762,0,NULL,47,'ROMANO SEBASTIAN',NULL,NULL,NULL,NULL,NULL,NULL,NULL,NULL,NULL,NULL,NULL,NULL,NULL,NULL,NULL,NULL,6,'36702815','20-36702815-8',1,NULL,NULL,NULL,NULL,NULL,NULL,NULL,NULL,NULL,0,0,0,0,0,NULL,1,NULL,NULL,5,NULL,NULL,0.00,0,0.00,0.00,0.00,NULL,NULL,NULL,'1969-12-31','1969-12-31',NULL,NULL,NULL,NULL,NULL,0,NULL,NULL,NULL,NULL,NULL,NULL,NULL,NULL,NULL,0,0,0,0,0,4.8010,40.00,0,0.00,NULL,NULL,NULL,NULL,NULL,NULL,'0',NULL,NULL,NULL,1,'2021-07-06 09:40:47','2021-07-06 09:40:47',NULL),(100,3799,40762,0,NULL,48,'SEYAHIAN MAXIMO',NULL,NULL,NULL,NULL,NULL,NULL,NULL,NULL,NULL,NULL,NULL,NULL,NULL,NULL,NULL,NULL,6,'43877783','20-43877783-1',1,NULL,NULL,NULL,NULL,NULL,NULL,NULL,NULL,NULL,0,0,0,0,0,NULL,1,NULL,NULL,5,NULL,NULL,0.00,0,0.00,0.00,0.00,NULL,NULL,NULL,'2021-07-06','2021-07-06',NULL,NULL,NULL,NULL,NULL,0,NULL,NULL,NULL,NULL,NULL,NULL,NULL,NULL,NULL,0,0,0,0,0,4.8010,40.00,0,0.00,NULL,NULL,NULL,NULL,NULL,NULL,'0',NULL,NULL,NULL,1,'2021-07-06 09:40:47','2021-07-06 09:40:47',NULL),(101,3799,40762,0,NULL,49,'JIMENEZ ARZAMENDIA CARLOS',NULL,NULL,NULL,NULL,NULL,NULL,NULL,NULL,NULL,NULL,NULL,NULL,NULL,NULL,NULL,NULL,6,'92156979','20-92156979-4',1,NULL,NULL,NULL,NULL,NULL,NULL,NULL,NULL,NULL,0,0,0,0,0,NULL,1,NULL,NULL,5,NULL,NULL,0.00,0,0.00,0.00,0.00,NULL,NULL,NULL,'2006-06-06','2006-06-06',NULL,NULL,NULL,NULL,NULL,0,NULL,NULL,NULL,NULL,NULL,NULL,NULL,NULL,NULL,0,0,0,0,0,4.8010,40.00,0,0.00,NULL,NULL,NULL,NULL,NULL,NULL,'0',NULL,NULL,NULL,1,'2021-07-06 09:40:47','2021-07-06 09:40:47',NULL);
INSERT INTO `syj_empleados` VALUES (102,3799,40762,0,NULL,50,'DIAZ SAEZ JUAN CARLOS',NULL,NULL,NULL,NULL,NULL,NULL,NULL,NULL,NULL,NULL,NULL,NULL,NULL,NULL,NULL,NULL,6,'92159500','20-92159500-0',1,NULL,NULL,NULL,NULL,NULL,NULL,NULL,NULL,NULL,0,0,0,0,0,NULL,1,NULL,NULL,5,NULL,NULL,0.00,0,0.00,0.00,0.00,NULL,NULL,NULL,'2019-02-26','2019-02-26',NULL,NULL,NULL,NULL,NULL,0,NULL,NULL,NULL,NULL,NULL,NULL,NULL,NULL,NULL,0,0,0,0,0,4.8010,40.00,0,0.00,NULL,NULL,NULL,NULL,NULL,NULL,'0',NULL,NULL,NULL,1,'2021-07-06 09:40:47','2021-07-06 09:40:47',NULL),(103,3799,40762,0,NULL,51,'POZO MUÑOZ JUVENAL FERNANDO',NULL,NULL,NULL,NULL,NULL,NULL,NULL,NULL,NULL,NULL,NULL,NULL,NULL,NULL,NULL,NULL,6,'92999296','20-92999296-3',1,NULL,NULL,NULL,NULL,NULL,NULL,NULL,NULL,NULL,0,0,0,0,0,NULL,1,NULL,NULL,5,NULL,NULL,0.00,0,0.00,0.00,0.00,NULL,NULL,NULL,'2006-08-03','2006-08-03',NULL,NULL,NULL,NULL,NULL,0,NULL,NULL,NULL,NULL,NULL,NULL,NULL,NULL,NULL,0,0,0,0,0,4.8010,40.00,0,0.00,NULL,NULL,NULL,NULL,NULL,NULL,'0',NULL,NULL,NULL,1,'2021-07-06 09:40:47','2021-07-06 09:40:47',NULL),(104,3799,40762,0,NULL,52,'ESPINOLA GALEANO PEDRO',NULL,NULL,NULL,NULL,NULL,NULL,NULL,NULL,NULL,NULL,NULL,NULL,NULL,NULL,NULL,NULL,6,'93398056','20-93398056-2',1,NULL,NULL,NULL,NULL,NULL,NULL,NULL,NULL,NULL,0,0,0,0,0,NULL,1,NULL,NULL,5,NULL,NULL,0.00,0,0.00,0.00,0.00,NULL,NULL,NULL,'2021-07-06','2021-07-06',NULL,NULL,NULL,NULL,NULL,0,NULL,NULL,NULL,NULL,NULL,NULL,NULL,NULL,NULL,0,0,0,0,0,4.8010,40.00,0,0.00,NULL,NULL,NULL,NULL,NULL,NULL,'0',NULL,NULL,NULL,1,'2021-07-06 09:40:47','2021-07-06 09:40:47',NULL),(105,3799,40762,0,NULL,53,'FERNANDEZ ROJALES JUAN ALBERTO',NULL,NULL,NULL,NULL,NULL,NULL,NULL,NULL,NULL,NULL,NULL,NULL,NULL,NULL,NULL,NULL,6,'93604001','20-93604001-3',1,NULL,NULL,NULL,NULL,NULL,NULL,NULL,NULL,NULL,0,0,0,0,0,NULL,1,NULL,NULL,5,NULL,NULL,0.00,0,0.00,0.00,0.00,NULL,NULL,NULL,'2021-07-06','2021-07-06',NULL,NULL,NULL,NULL,NULL,0,NULL,NULL,NULL,NULL,NULL,NULL,NULL,NULL,NULL,0,0,0,0,0,4.8010,40.00,0,0.00,NULL,NULL,NULL,NULL,NULL,NULL,'0',NULL,NULL,NULL,1,'2021-07-06 09:40:47','2021-07-06 09:40:47',NULL),(106,3799,40762,0,NULL,54,'FLORES BAZALAR WALTER ALEJANDRO',NULL,NULL,NULL,NULL,NULL,NULL,NULL,NULL,NULL,NULL,NULL,NULL,NULL,NULL,NULL,NULL,6,'93620054','20-93620054-1',1,NULL,NULL,NULL,NULL,NULL,NULL,NULL,NULL,NULL,0,0,0,0,0,NULL,1,NULL,NULL,5,NULL,NULL,0.00,0,0.00,0.00,0.00,NULL,NULL,NULL,'2021-07-06','2021-07-06',NULL,NULL,NULL,NULL,NULL,0,NULL,NULL,NULL,NULL,NULL,NULL,NULL,NULL,NULL,0,0,0,0,0,4.8010,40.00,0,0.00,NULL,NULL,NULL,NULL,NULL,NULL,'0',NULL,NULL,NULL,1,'2021-07-06 09:40:47','2021-07-06 09:40:47',NULL),(107,3799,40762,0,NULL,55,'DIAZ DOMINGO ROGELIO',NULL,NULL,NULL,NULL,NULL,NULL,NULL,NULL,NULL,NULL,NULL,NULL,NULL,NULL,NULL,NULL,6,'08269507','23-08269507-9',1,NULL,NULL,NULL,NULL,NULL,NULL,NULL,NULL,NULL,0,0,0,0,0,NULL,1,NULL,NULL,5,NULL,NULL,0.00,0,0.00,0.00,0.00,NULL,NULL,NULL,'2021-07-06','2021-07-06',NULL,NULL,NULL,NULL,NULL,0,NULL,NULL,NULL,NULL,NULL,NULL,NULL,NULL,NULL,0,0,0,0,0,4.8010,40.00,0,0.00,NULL,NULL,NULL,NULL,NULL,NULL,'0',NULL,NULL,NULL,1,'2021-07-06 09:40:47','2021-07-06 09:40:47',NULL),(108,3799,40762,0,NULL,56,'MILLA JUAN CARLOS',NULL,NULL,NULL,NULL,NULL,NULL,NULL,NULL,NULL,NULL,NULL,NULL,NULL,NULL,NULL,NULL,6,'11649270','23-11649270-9',1,NULL,NULL,NULL,NULL,NULL,NULL,NULL,NULL,NULL,0,0,0,0,0,NULL,1,NULL,NULL,5,NULL,NULL,0.00,0,0.00,0.00,0.00,NULL,NULL,NULL,'1969-12-31','1969-12-31',NULL,NULL,NULL,NULL,NULL,0,NULL,NULL,NULL,NULL,NULL,NULL,NULL,NULL,NULL,0,0,0,0,0,4.8010,40.00,0,0.00,NULL,NULL,NULL,NULL,NULL,NULL,'0',NULL,NULL,NULL,1,'2021-07-06 09:40:47','2021-07-06 09:40:47',NULL);
INSERT INTO `syj_empleados` VALUES (109,3799,40762,0,NULL,57,'FERNANDEZ SERGIO FABIAN',NULL,NULL,NULL,NULL,NULL,NULL,NULL,NULL,NULL,NULL,NULL,NULL,NULL,NULL,NULL,NULL,6,'18130290','23-18130290-9',1,NULL,NULL,NULL,NULL,NULL,NULL,NULL,NULL,NULL,0,0,0,0,0,NULL,1,NULL,NULL,5,NULL,NULL,0.00,0,0.00,0.00,0.00,NULL,NULL,NULL,'1969-12-31','1969-12-31',NULL,NULL,NULL,NULL,NULL,0,NULL,NULL,NULL,NULL,NULL,NULL,NULL,NULL,NULL,0,0,0,0,0,4.8010,40.00,0,0.00,NULL,NULL,NULL,NULL,NULL,NULL,'0',NULL,NULL,NULL,1,'2021-07-06 09:40:47','2021-07-06 09:40:47',NULL),(110,3799,40762,0,NULL,58,'MEDINA CARLOS ALBERTO',NULL,NULL,NULL,NULL,NULL,NULL,NULL,NULL,NULL,NULL,NULL,NULL,NULL,NULL,NULL,NULL,6,'18362226','23-18362226-9',1,NULL,NULL,NULL,NULL,NULL,NULL,NULL,NULL,NULL,0,0,0,0,0,NULL,1,NULL,NULL,5,NULL,NULL,0.00,0,0.00,0.00,0.00,NULL,NULL,NULL,'2006-10-02','2006-10-02',NULL,NULL,NULL,NULL,NULL,0,NULL,NULL,NULL,NULL,NULL,NULL,NULL,NULL,NULL,0,0,0,0,0,4.8010,40.00,0,0.00,NULL,NULL,NULL,NULL,NULL,NULL,'0',NULL,NULL,NULL,1,'2021-07-06 09:40:47','2021-07-06 09:40:47',NULL),(111,3799,40762,0,NULL,59,'INSAURRALDE GUILLERMO GERMAN',NULL,NULL,NULL,NULL,NULL,NULL,NULL,NULL,NULL,NULL,NULL,NULL,NULL,NULL,NULL,NULL,6,'23816231','23-23816231-9',1,NULL,NULL,NULL,NULL,NULL,NULL,NULL,NULL,NULL,0,0,0,0,0,NULL,1,NULL,NULL,5,NULL,NULL,0.00,0,0.00,0.00,0.00,NULL,NULL,NULL,'2009-11-06','2009-11-06',NULL,NULL,NULL,NULL,NULL,0,NULL,NULL,NULL,NULL,NULL,NULL,NULL,NULL,NULL,0,0,0,0,0,4.8010,40.00,0,0.00,NULL,NULL,NULL,NULL,NULL,NULL,'0',NULL,NULL,NULL,1,'2021-07-06 09:40:47','2021-07-06 09:40:47',NULL),(112,3799,40762,0,NULL,60,'LENISA CRISTIAN DANIEL',NULL,NULL,NULL,NULL,NULL,NULL,NULL,NULL,NULL,NULL,NULL,NULL,NULL,NULL,NULL,NULL,6,'25219559','23-25219559-9',1,NULL,NULL,NULL,NULL,NULL,NULL,NULL,NULL,NULL,0,0,0,0,0,NULL,1,NULL,NULL,5,NULL,NULL,0.00,0,0.00,0.00,0.00,NULL,NULL,NULL,'2006-10-02','2006-10-02',NULL,NULL,NULL,NULL,NULL,0,NULL,NULL,NULL,NULL,NULL,NULL,NULL,NULL,NULL,0,0,0,0,0,4.8010,40.00,0,0.00,NULL,NULL,NULL,NULL,NULL,NULL,'0',NULL,NULL,NULL,1,'2021-07-06 09:40:47','2021-07-06 09:40:47',NULL),(113,3799,40762,0,NULL,61,'ALEGRE JUAN ANTONIO',NULL,NULL,NULL,NULL,NULL,NULL,NULL,NULL,NULL,NULL,NULL,NULL,NULL,NULL,NULL,NULL,6,'30463077','23-30463077-9',1,NULL,NULL,NULL,NULL,NULL,NULL,NULL,NULL,NULL,0,0,0,0,0,NULL,1,NULL,NULL,5,NULL,NULL,0.00,0,0.00,0.00,0.00,NULL,NULL,NULL,'2006-10-02','2006-10-02',NULL,NULL,NULL,NULL,NULL,0,NULL,NULL,NULL,NULL,NULL,NULL,NULL,NULL,NULL,0,0,0,0,0,4.8010,40.00,0,0.00,NULL,NULL,NULL,NULL,NULL,NULL,'0',NULL,NULL,NULL,1,'2021-07-06 09:40:55','2021-07-06 09:40:55',NULL),(114,3799,40762,0,NULL,62,'CARRASCO BRIAN ESTEBAN',NULL,NULL,NULL,NULL,NULL,NULL,NULL,NULL,NULL,NULL,NULL,NULL,NULL,NULL,NULL,NULL,6,'38486007','23-38486007-9',1,NULL,NULL,NULL,NULL,NULL,NULL,NULL,NULL,NULL,0,0,0,0,0,NULL,1,NULL,NULL,5,NULL,NULL,0.00,0,0.00,0.00,0.00,NULL,NULL,NULL,'2020-06-01','2020-06-01',NULL,NULL,NULL,NULL,NULL,0,NULL,NULL,NULL,NULL,NULL,NULL,NULL,NULL,NULL,0,0,0,0,0,4.8010,40.00,0,0.00,NULL,NULL,NULL,NULL,NULL,NULL,'0',NULL,NULL,NULL,1,'2021-07-06 09:40:55','2021-07-06 09:40:55',NULL),(115,3799,40762,0,NULL,63,'STÜRTZ LIDIA ANGELICA',NULL,NULL,NULL,NULL,NULL,NULL,NULL,NULL,NULL,NULL,NULL,NULL,NULL,NULL,NULL,NULL,6,'13783628','27-13783628-4',1,NULL,NULL,NULL,NULL,NULL,NULL,NULL,NULL,NULL,0,0,0,0,0,NULL,1,NULL,NULL,5,NULL,NULL,0.00,0,0.00,0.00,0.00,NULL,NULL,NULL,'2006-11-01','2006-11-01',NULL,NULL,NULL,NULL,NULL,0,NULL,NULL,NULL,NULL,NULL,NULL,NULL,NULL,NULL,0,0,0,0,0,4.8010,40.00,0,0.00,NULL,NULL,NULL,NULL,NULL,NULL,'0',NULL,NULL,NULL,1,'2021-07-06 09:40:55','2021-07-06 09:40:55',NULL);
INSERT INTO `syj_empleados` VALUES (116,3799,40762,0,NULL,64,'VIDAL MARIA BELEN',NULL,NULL,NULL,NULL,NULL,NULL,NULL,NULL,NULL,NULL,NULL,NULL,NULL,NULL,NULL,NULL,6,'16920510','27-16920510-3',1,NULL,NULL,NULL,NULL,NULL,NULL,NULL,NULL,NULL,0,0,0,0,0,NULL,1,NULL,NULL,5,NULL,NULL,0.00,0,0.00,0.00,0.00,NULL,NULL,NULL,'2021-07-06','2021-07-06',NULL,NULL,NULL,NULL,NULL,0,NULL,NULL,NULL,NULL,NULL,NULL,NULL,NULL,NULL,0,0,0,0,0,4.8010,40.00,0,0.00,NULL,NULL,NULL,NULL,NULL,NULL,'0',NULL,NULL,NULL,1,'2021-07-06 09:40:55','2021-07-06 09:40:55',NULL),(117,3799,40762,0,NULL,65,'SALA ANALIA FERNANDA',NULL,NULL,NULL,NULL,NULL,NULL,NULL,NULL,NULL,NULL,NULL,NULL,NULL,NULL,NULL,NULL,6,'27780916','27-27780916-3',1,NULL,NULL,NULL,NULL,NULL,NULL,NULL,NULL,NULL,0,0,0,0,0,NULL,1,NULL,NULL,5,NULL,NULL,0.00,0,0.00,0.00,0.00,NULL,NULL,NULL,'2021-07-06','2021-07-06',NULL,NULL,NULL,NULL,NULL,0,NULL,NULL,NULL,NULL,NULL,NULL,NULL,NULL,NULL,0,0,0,0,0,4.8010,40.00,0,0.00,NULL,NULL,NULL,NULL,NULL,NULL,'0',NULL,NULL,NULL,1,'2021-07-06 09:40:55','2021-07-06 09:40:55',NULL),(118,3799,40762,0,NULL,66,'CARDOSO GABRIEL MAXIMILIANO',NULL,NULL,NULL,NULL,NULL,NULL,NULL,NULL,NULL,NULL,NULL,NULL,NULL,NULL,NULL,NULL,6,'30007720','27-30007720-5',1,NULL,NULL,NULL,NULL,NULL,NULL,NULL,NULL,NULL,0,0,0,0,0,NULL,1,NULL,NULL,5,NULL,NULL,0.00,0,0.00,0.00,0.00,NULL,NULL,NULL,'2006-10-02','2006-10-02',NULL,NULL,NULL,NULL,NULL,0,NULL,NULL,NULL,NULL,NULL,NULL,NULL,NULL,NULL,0,0,0,0,0,4.8010,40.00,0,0.00,NULL,NULL,NULL,NULL,NULL,NULL,'0',NULL,NULL,NULL,1,'2021-07-06 09:40:55','2021-07-06 09:40:55',NULL),(119,3799,40762,0,NULL,67,'BERMUDEZ FAGUNDEZ CELIA OLGA',NULL,NULL,NULL,NULL,NULL,NULL,NULL,NULL,NULL,NULL,NULL,NULL,NULL,NULL,NULL,NULL,6,'94258694','27-94258694-4',1,NULL,NULL,NULL,NULL,NULL,NULL,NULL,NULL,NULL,0,0,0,0,0,NULL,1,NULL,NULL,5,NULL,NULL,0.00,0,0.00,0.00,0.00,NULL,NULL,NULL,'2021-07-06','2021-07-06',NULL,NULL,NULL,NULL,NULL,0,NULL,NULL,NULL,NULL,NULL,NULL,NULL,NULL,NULL,0,0,0,0,0,4.8010,40.00,0,0.00,NULL,NULL,NULL,NULL,NULL,NULL,'0',NULL,NULL,NULL,1,'2021-07-06 09:40:55','2021-07-06 09:40:55',NULL),(120,3799,40752,0,NULL,1,'LANUSSE Romulo José',NULL,'1952-05-10',1,1,6,1,NULL,1,NULL,NULL,NULL,NULL,NULL,NULL,NULL,NULL,2,'10140904','20-10140904-0',1,NULL,2,NULL,1,NULL,NULL,NULL,7,7,0,0,0,0,0,NULL,1,NULL,NULL,7,41,1,150000.00,0,0.00,8.00,0.00,11,22,9,'2021-07-01','2021-07-01',NULL,NULL,NULL,NULL,NULL,0,2,2,2,2,16,37,1,1,1,0,0,0,0,NULL,4.0900,100.00,1,37.21,2,'1',2,'0',2,'0','0',NULL,NULL,NULL,1,'2021-07-28 19:08:54','2022-03-02 12:57:56',NULL),(121,3799,40753,0,NULL,144,'BRAGALE Andrea Claudia',NULL,'1975-02-24',2,1,5,1,NULL,1,'Teodoro Vilardebó','1875',NULL,'3','1407',NULL,'1166754887','abragale@accessinformatica.com.ar',2,'24197978','23-24197978-4',1,NULL,420,NULL,5,1,'0070067230004029919793','0070067230004029919793',8,8,0,0,0,0,0,NULL,1,NULL,NULL,35,235,1,2645607.00,1,0.00,8.00,0.00,2,3,2,'2021-09-01','2021-09-01',NULL,NULL,NULL,NULL,NULL,0,2,2,2,2,128,4,1,1,1,0,0,0,0,NULL,0.6500,127.65,1,37.21,2,'1',2,'0',2,'0','30',NULL,NULL,'#000000',1,'2021-09-27 14:49:11','2025-10-27 14:39:07',NULL),(122,3799,40753,0,NULL,145,'ELIAS Adrián Eduardo',NULL,'1989-05-08',1,1,6,1,NULL,1,'Guemes','4574','1','C','1425',NULL,'1137616269','aelias@accessinformatica.com.ar',2,'34506136','20-34506136-4',1,NULL,420,NULL,5,23,NULL,'1500062600031061183050',8,8,0,0,0,0,0,NULL,1,NULL,NULL,35,235,1,3973997.00,1,0.00,8.00,0.00,2,3,2,'2021-10-04','2021-10-04',NULL,NULL,NULL,NULL,NULL,0,2,2,2,2,128,4,1,1,1,0,0,0,0,NULL,0.6500,127.65,1,37.21,2,'1',2,'0',2,'0','30',NULL,NULL,'#000000',1,'2021-10-26 11:22:01','2025-10-27 14:39:46',NULL);
INSERT INTO `syj_empleados` VALUES (123,3799,40753,0,NULL,146,'CARAVELLO Diego Maximiliano',NULL,'1990-07-12',1,1,5,1,NULL,1,'Av. de los Incas','4496','7','C','1427',NULL,'1158919343','dcaravello@accessinformatica.com.ar',2,'35271188','20-35271188-9',1,NULL,420,NULL,5,23,NULL,'0720036688000024096454',8,8,0,0,0,0,0,NULL,1,NULL,NULL,35,235,1,2622410.00,1,0.00,8.00,0.00,2,5,2,'2021-11-01','2021-11-01',NULL,NULL,NULL,NULL,NULL,0,2,2,2,2,128,4,1,1,1,0,0,0,0,NULL,0.6500,127.65,1,37.21,2,'1',2,'0',2,'0','30',NULL,NULL,'#000000',1,'2021-11-26 08:47:35','2025-10-27 14:40:22',NULL),(124,3799,40753,0,NULL,147,'MIRCZYN Jonathan Javier',NULL,'1998-08-15',1,1,5,1,NULL,1,'Manuel Ricardo Trelles','1861',NULL,NULL,'1416',NULL,'1138555024','jmirczyn@accessinformatica.com.ar',2,'41559851','20-41559851-4',3,NULL,227,NULL,5,NULL,NULL,'0720792388000001726118',8,8,0,0,0,0,0,NULL,1,NULL,NULL,6,39,1,1050463.00,1,0.00,6.00,0.00,2,5,2,'2021-11-01','2021-11-01',NULL,NULL,NULL,'2025-07-22',2,0,2,2,2,2,128,1,1,1,1,0,0,0,0,NULL,0.6500,127.65,1,37.21,2,'1',2,'0',2,'0','30',NULL,NULL,'#000000',1,'2021-11-26 08:50:03','2025-08-20 02:53:58',NULL),(125,3799,40753,0,NULL,148,'PANACCIO Guido Daniel',NULL,'1999-09-30',1,1,5,1,NULL,7,'Manuel Bermúdez','4675',NULL,NULL,'1678',NULL,'1134212036','gpanaccio@accessinformatica.com.ar',2,'42137994','20-42137994-8',1,NULL,322,NULL,5,9,NULL,'0270005220046399860012',8,8,0,0,0,0,0,NULL,1,NULL,NULL,6,39,1,1050882.00,1,0.00,6.00,0.00,2,5,2,'2021-11-01','2021-11-01',NULL,NULL,NULL,NULL,NULL,0,2,2,2,2,128,1,1,1,1,0,0,0,0,NULL,0.6500,127.65,1,37.21,2,'1',2,'0',2,'0','30',NULL,NULL,'#000000',1,'2021-11-26 08:54:01','2025-10-27 11:21:18',NULL),(126,3799,40753,0,NULL,149,'DOMINGUEZ Denisa Macarena',NULL,'1985-09-07',2,1,5,1,NULL,1,'José Bonifacio','1679','8','A','1406',NULL,'1162916321','ddominguez@accessinformatica.com.ar',2,'31822229','27-31822229-6',1,NULL,420,NULL,5,23,NULL,'1500054100030069650782',8,8,0,0,0,0,0,NULL,1,NULL,NULL,35,212,1,3327063.00,1,0.00,8.00,0.00,1,6,1,'2021-11-08','2021-11-08',NULL,NULL,NULL,NULL,NULL,0,2,2,2,2,50,4,1,1,1,0,0,0,0,NULL,0.6500,127.65,1,37.21,2,'1',2,'0',2,'0','30',NULL,NULL,'#000000',1,'2021-11-26 09:01:07','2025-10-27 14:42:27',NULL),(127,3799,40753,0,NULL,150,'MAROTTOLI Carolina Soledad',NULL,'1979-11-25',2,1,5,1,NULL,24,'Carabelas','124',NULL,'20','1876',NULL,'1137054997','cmarottoli@accessinformatica.com.ar',2,'27383897','27-27383897-5',1,NULL,420,NULL,5,NULL,NULL,'0070107130004159145231',8,8,0,0,0,0,0,NULL,1,NULL,NULL,35,235,1,2357169.00,1,0.00,8.00,0.00,2,3,2,'2022-01-24','2022-01-24',NULL,NULL,NULL,NULL,NULL,0,2,2,2,2,128,4,1,1,1,0,0,0,0,NULL,0.6500,127.65,1,37.21,2,'1',2,'0',2,'0','30',NULL,NULL,'#000000',1,'2022-01-26 12:27:35','2025-10-27 10:55:28',NULL),(128,3799,40753,0,NULL,151,'SCHARGORODSKY Leandro David',NULL,'1998-02-06',1,1,5,1,NULL,1,'Jose Bonifacio','2232','3',NULL,'1406',NULL,'1136774714','dschargorodsky@accessinformatica.com.ar',2,'41222777','20-41222777-9',1,NULL,420,NULL,5,NULL,NULL,'0720769588000004192668',8,8,0,0,0,0,0,NULL,1,NULL,NULL,35,235,1,2436302.00,1,0.00,8.00,0.00,2,8,2,'2022-02-15','2022-02-15',NULL,NULL,NULL,NULL,NULL,0,2,2,2,2,128,4,1,1,1,0,0,0,0,NULL,0.6500,127.65,1,37.21,2,'1',2,'0',2,'0','30',NULL,NULL,'#000000',1,'2022-02-23 12:11:44','2025-10-27 10:53:41',NULL),(129,3799,40753,0,NULL,152,'MARTINEZ Franco Tobias',NULL,'2000-02-09',1,1,5,1,NULL,23,'Monasterio','848',NULL,NULL,'1825',NULL,'1130870938','fmartinez@accessinformatica.com.ar',2,'42416965','20-42416954-5',3,NULL,322,NULL,1,NULL,NULL,NULL,1,1,0,0,0,0,0,NULL,1,NULL,NULL,35,235,1,367805.00,1,0.00,8.00,0.00,2,8,2,'2022-02-15','2022-02-15',NULL,NULL,NULL,'2023-10-30',2,0,2,2,2,2,128,4,1,1,1,0,0,0,0,NULL,0.6500,127.65,1,37.21,2,'1',2,'0',2,'0','30',NULL,NULL,NULL,1,'2022-02-23 12:16:22','2023-11-28 11:00:31',NULL);
INSERT INTO `syj_empleados` VALUES (130,3799,40753,0,NULL,153,'ATIAS ABREGU Simón Pedro',NULL,'2002-07-16',1,1,5,1,NULL,1,'Franco','3072',NULL,NULL,'1419','45712095','1164094399',NULL,2,'43918697','20-43918697-7',3,NULL,322,NULL,1,NULL,NULL,NULL,1,1,0,0,0,0,0,NULL,1,NULL,NULL,35,235,1,1194093.00,1,0.00,8.00,0.00,2,8,2,'2022-03-28','2022-03-28',NULL,NULL,NULL,'2025-06-01',2,0,2,2,2,2,128,1,1,1,1,0,0,0,0,NULL,0.6500,127.65,1,37.21,2,'1',2,'0',2,'0','30',NULL,NULL,'#000000',1,'2022-03-29 12:16:40','2025-06-08 13:47:10',NULL),(131,3799,40753,0,NULL,154,'MARINOVICH Martín',NULL,'1996-09-19',1,1,5,1,NULL,5,'Pje. la Paz','2180',NULL,NULL,'1870',NULL,'1126506432',NULL,2,'39911560','20-39911560-5',1,NULL,420,NULL,1,NULL,NULL,NULL,8,8,0,0,0,0,0,NULL,1,NULL,NULL,35,235,1,2799922.00,1,0.00,8.00,0.00,2,8,2,'2022-03-28','2022-03-28',NULL,NULL,NULL,NULL,NULL,0,2,2,2,2,128,4,1,1,1,0,0,0,0,NULL,0.6500,127.65,1,37.21,2,'1',2,'0',2,'0','30',NULL,NULL,'#000000',1,'2022-03-29 12:22:25','2025-10-27 10:54:44',NULL),(132,3799,40761,0,NULL,33,'FARIAS Walter Ezequiel',NULL,'1998-07-25',1,1,5,1,NULL,1,NULL,NULL,NULL,NULL,NULL,NULL,NULL,NULL,2,'41392421','23-41392421-9',3,NULL,103,NULL,1,NULL,NULL,NULL,3,3,0,0,0,0,0,NULL,1,NULL,NULL,36,219,1,438682.52,0,0.00,8.00,0.00,10,23,8,'2022-04-11','2022-04-11',NULL,NULL,NULL,'2022-07-28',2,0,2,2,2,2,50,4,1,1,1,0,0,0,0,NULL,1.8000,127.65,1,24.35,2,'1',2,'0',2,'0','0',NULL,NULL,NULL,1,'2022-05-03 15:53:38','2024-10-03 11:19:04',NULL),(133,3799,40753,0,NULL,155,'ABAD Diego Agustin',NULL,'1989-06-22',1,1,5,1,NULL,1,NULL,NULL,NULL,NULL,NULL,NULL,NULL,NULL,2,'34551481','20-34551481-4',3,NULL,322,NULL,1,NULL,NULL,NULL,1,1,0,0,0,0,0,NULL,1,NULL,NULL,35,235,1,202409.00,1,0.00,8.00,0.00,2,8,2,'2022-05-30','2022-05-30',NULL,NULL,NULL,'2023-06-12',2,0,2,2,2,2,128,4,1,1,1,0,0,0,0,NULL,0.6500,127.65,1,37.21,2,'1',2,'0',2,'0','0',NULL,NULL,NULL,1,'2022-05-26 09:47:55','2023-07-25 12:47:56',NULL),(134,3799,40753,0,NULL,156,'GONZALEZ Juan Gabriel',NULL,'2000-04-13',1,1,5,1,NULL,1,NULL,NULL,NULL,NULL,NULL,NULL,NULL,NULL,2,'42588110','20-42588110-9',3,NULL,322,NULL,1,NULL,NULL,NULL,1,1,0,0,0,0,0,NULL,1,NULL,NULL,35,235,1,1362109.00,1,0.00,8.00,0.00,2,8,2,'2022-05-30','2022-05-30',NULL,NULL,NULL,'2025-03-31',2,0,2,2,2,2,128,4,1,1,1,0,0,0,0,NULL,0.6500,127.65,1,37.21,2,'1',2,'0',2,'0','0',NULL,NULL,'#000000',1,'2022-05-26 09:50:33','2025-04-28 14:30:47',NULL),(135,3799,40753,0,NULL,157,'PEREIRA Facundo Ignacio',NULL,'1999-05-02',1,1,5,1,NULL,1,NULL,NULL,NULL,NULL,NULL,NULL,NULL,NULL,2,'41915271','20-41915271-5',3,NULL,322,NULL,1,NULL,NULL,NULL,1,1,0,0,0,0,0,NULL,1,NULL,NULL,35,235,1,75000.00,1,0.00,8.00,0.00,4,24,3,'2022-05-30','2022-05-30',NULL,NULL,NULL,'2022-07-08',2,0,2,2,2,2,128,4,1,1,1,0,0,0,0,NULL,0.6500,127.65,1,37.21,2,'1',2,'0',2,'0','0',NULL,NULL,NULL,1,'2022-05-26 09:59:00','2022-08-26 12:24:13',NULL),(136,3799,40753,0,NULL,158,'SANCHEZ URRA Omar Alejandro',NULL,'1988-01-20',1,1,5,1,NULL,1,NULL,NULL,NULL,NULL,NULL,NULL,NULL,NULL,2,'33506653','20-33506653-8',1,NULL,423,NULL,1,NULL,NULL,NULL,8,8,0,0,0,0,0,NULL,1,NULL,NULL,35,235,1,2747587.00,1,0.00,8.00,0.00,2,8,2,'2022-05-30','2022-05-30',NULL,NULL,NULL,NULL,NULL,0,2,2,2,2,128,4,1,1,1,0,0,0,0,NULL,0.6500,127.65,1,37.21,2,'1',2,'0',2,'0','0',NULL,NULL,'#000000',1,'2022-05-26 13:28:32','2025-10-27 10:55:56',NULL),(137,3799,40753,0,NULL,159,'BRESSAN Roman Victor',NULL,'1994-09-10',1,1,5,1,NULL,1,NULL,NULL,NULL,NULL,NULL,NULL,NULL,NULL,2,'38337756','20-38337756-1',1,NULL,425,NULL,1,NULL,NULL,NULL,8,8,0,0,0,0,0,NULL,1,NULL,NULL,35,235,1,2778279.00,1,0.00,8.00,0.00,2,8,2,'2022-07-04','2022-07-04',NULL,NULL,NULL,NULL,NULL,0,2,2,2,2,128,4,1,1,1,0,0,0,0,NULL,0.6500,127.65,1,37.21,2,'1',2,'0',2,'0','0',NULL,NULL,'#000000',1,'2022-07-25 09:51:10','2025-10-27 10:57:26',NULL);
INSERT INTO `syj_empleados` VALUES (138,3799,40753,0,NULL,160,'PRANDO Juan Alberto',NULL,'1996-08-14',1,1,5,1,NULL,1,NULL,NULL,NULL,NULL,NULL,NULL,NULL,NULL,2,'39771971','27-39711971-3',3,NULL,420,NULL,5,NULL,NULL,'0290019310000525363207',8,8,0,0,0,0,0,NULL,1,NULL,NULL,35,235,1,1558562.00,1,0.00,8.00,0.00,4,25,3,'2022-08-08','2022-08-08',NULL,NULL,NULL,'2025-09-19',1,0,2,2,2,2,128,4,1,1,1,0,0,0,0,NULL,0.6500,141.00,1,37.21,2,'1',2,'0',2,'0','0',NULL,NULL,'#000000',1,'2022-08-26 08:47:39','2025-10-10 16:33:16',NULL),(139,3799,40753,0,NULL,161,'ROMANO Sebastian Felix',NULL,'1995-01-22',1,1,5,1,NULL,1,NULL,NULL,NULL,NULL,NULL,NULL,NULL,NULL,2,'38636371','20-38636371-5',3,NULL,322,NULL,5,NULL,NULL,'0720757288000035962690',1,1,0,0,0,0,0,NULL,1,NULL,NULL,35,235,1,917519.00,1,0.00,8.00,0.00,4,3,3,'2022-09-01','2022-09-01',NULL,NULL,NULL,'2024-10-07',2,0,2,2,2,2,128,4,1,1,1,0,0,0,0,NULL,0.6500,149.00,1,37.21,2,'1',2,'0',2,'0','0',NULL,NULL,NULL,1,'2022-09-27 08:49:29','2024-11-07 12:19:22',NULL),(140,3799,40753,0,NULL,162,'VARGAS Jesus Gastón',NULL,'1993-04-09',1,1,5,1,NULL,1,NULL,NULL,NULL,NULL,NULL,NULL,NULL,NULL,2,'37838389','20-37838389-8',3,NULL,85,NULL,5,NULL,NULL,'0170301440000042628662',1,1,0,0,0,0,0,NULL,1,NULL,NULL,35,235,1,260000.00,1,0.00,8.00,0.00,4,3,3,'2022-10-03','2022-10-03',NULL,NULL,NULL,'2023-02-28',2,0,2,2,2,2,128,4,1,1,1,0,0,0,0,NULL,0.6500,149.00,1,37.21,2,'3',2,'0',2,'0','0',NULL,NULL,NULL,1,'2022-10-25 09:32:13','2023-03-28 14:34:18',NULL),(141,3799,40761,0,NULL,33,'ARZAMENDIA Nestor Francisco',NULL,'1968-02-12',1,1,5,1,NULL,1,NULL,NULL,NULL,NULL,NULL,NULL,NULL,NULL,2,'20061853','20-20061853-0',1,NULL,103,NULL,1,NULL,NULL,NULL,3,3,0,0,0,0,0,NULL,1,NULL,NULL,36,216,1,533392.66,0,0.00,8.00,0.00,10,19,8,'2022-11-17','2022-11-17',NULL,NULL,NULL,NULL,NULL,0,2,2,2,2,50,4,1,2,1,0,0,0,0,NULL,1.8000,164.00,1,37.21,2,'1',2,'0',2,'0','0',NULL,NULL,NULL,1,'2022-12-05 14:20:33','2024-10-03 11:18:08',NULL),(142,3799,40753,0,NULL,163,'MARTINEZ Julieta Soledad',NULL,'1995-06-23',2,1,5,1,NULL,1,NULL,NULL,NULL,NULL,NULL,NULL,NULL,NULL,2,'37563960','27-37563960-8',3,NULL,29,NULL,5,NULL,NULL,'0070052830004019448412',1,1,0,0,0,0,0,NULL,1,NULL,NULL,35,235,1,321310.00,1,0.00,8.00,0.00,2,5,2,'2022-12-01','2022-12-01',NULL,NULL,NULL,'2024-03-04',2,0,2,2,2,2,128,4,1,1,1,0,0,0,0,NULL,0.6500,164.00,1,37.21,2,'1',2,'0',2,'0','0',NULL,NULL,NULL,1,'2022-12-08 15:56:32','2024-05-27 10:29:22',NULL),(143,3799,40753,0,NULL,164,'BEHREND, Sergio Martin',NULL,'1988-12-28',1,1,5,1,NULL,1,NULL,NULL,NULL,NULL,NULL,NULL,NULL,NULL,2,'34353563','20-34353563-6',3,NULL,321,NULL,5,16,NULL,'0720058888000022419622',1,1,0,0,0,0,0,NULL,1,NULL,NULL,35,235,1,310000.00,1,0.00,8.00,0.00,2,3,2,'2023-01-16','2023-01-16',NULL,NULL,NULL,'2023-04-10',4,0,2,2,2,2,128,4,1,1,1,0,0,0,0,NULL,0.6500,183.00,1,37.21,2,'1',2,'0',2,'0','0',NULL,NULL,NULL,1,'2023-01-25 10:38:43','2023-05-28 10:05:59',NULL),(144,3799,40753,0,NULL,165,'VAZQUEZ Matias Damian',NULL,'1995-01-15',1,1,5,1,NULL,1,NULL,NULL,NULL,NULL,NULL,NULL,NULL,NULL,2,'38787297','20-38787297-4',3,NULL,185,NULL,5,NULL,NULL,'0110213230021327793951',1,1,0,0,0,0,0,NULL,1,NULL,NULL,35,235,1,710402.00,1,0.00,8.00,0.00,12,26,10,'2023-03-21','2023-03-21',NULL,NULL,NULL,'2024-07-22',2,0,2,2,2,2,50,4,1,1,1,0,0,0,0,NULL,0.6500,127.65,1,37.21,2,'1',2,'0',2,'0','0',NULL,NULL,NULL,1,'2023-03-28 14:40:59','2024-07-25 09:02:02',NULL),(145,3799,40753,0,NULL,166,'SANCHEZ MARIN Lisimaco Ramon',NULL,'1983-10-10',1,1,5,1,NULL,1,NULL,NULL,NULL,NULL,NULL,NULL,NULL,NULL,2,'95808815','23-95808815-9',3,NULL,322,NULL,5,NULL,NULL,'0290046910000050377193',1,1,0,0,0,0,0,NULL,1,NULL,NULL,35,235,1,500000.00,1,0.00,8.00,0.00,13,3,11,'2023-04-24','2023-04-24',NULL,NULL,NULL,'2023-12-11',2,0,2,2,2,2,128,4,1,1,1,0,0,0,0,NULL,0.0500,127.65,1,37.21,2,'1',2,'0',2,'0','0',NULL,NULL,NULL,1,'2023-04-23 12:00:15','2024-01-26 09:49:31',NULL);
INSERT INTO `syj_empleados` VALUES (146,3799,40761,0,NULL,34,'BRIGNOLO Chiara',NULL,'1997-06-04',2,1,5,1,NULL,1,NULL,NULL,NULL,NULL,NULL,NULL,NULL,NULL,2,'40399377','27-40399377-3',1,NULL,103,NULL,1,NULL,NULL,NULL,3,3,0,0,0,0,0,NULL,1,NULL,NULL,36,219,1,438682.52,0,0.00,8.00,0.00,10,20,8,'2023-04-01','2023-04-01',NULL,NULL,NULL,NULL,NULL,0,2,2,2,2,50,4,1,2,1,0,0,0,0,NULL,1.8000,127.65,1,24.35,2,'1',2,'0',2,'0','0',NULL,NULL,NULL,1,'2023-05-03 07:57:42','2024-10-03 11:19:04',NULL),(147,3799,40753,0,NULL,167,'VARGAS SANCHEZ Edgar José',NULL,'1986-05-25',1,1,5,1,NULL,1,NULL,NULL,NULL,NULL,NULL,NULL,NULL,NULL,2,'96005805','20-96005805-5',1,NULL,420,NULL,5,NULL,NULL,'0720097730000037663529',8,8,0,0,0,0,0,NULL,1,NULL,NULL,35,235,1,2512104.00,1,0.00,8.00,0.00,13,3,11,'2023-06-26','2023-06-26',NULL,NULL,NULL,NULL,NULL,0,2,2,2,2,128,4,1,1,1,0,0,0,0,NULL,0.6500,127.65,1,262.00,2,'1',2,'0',2,'0','0',NULL,NULL,'#000000',1,'2023-06-23 08:21:05','2025-10-27 11:01:41',NULL),(148,3799,40753,0,NULL,168,'BRINSO Belen Caterina',NULL,'2001-07-06',2,1,5,1,NULL,1,NULL,NULL,NULL,NULL,NULL,NULL,NULL,NULL,2,'43441783','27-43441783-5',3,NULL,322,NULL,1,NULL,NULL,NULL,1,1,0,0,0,0,0,NULL,1,NULL,NULL,35,235,1,989823.00,1,0.00,8.00,0.00,2,8,2,'2023-07-03','2023-07-03',NULL,NULL,NULL,'2024-12-16',2,0,2,2,2,2,129,1,1,1,1,0,0,0,0,NULL,0.6500,127.65,1,37.21,2,'0',2,'0',2,'0','0',NULL,NULL,NULL,1,'2023-07-25 12:43:22','2025-01-28 14:16:16',NULL),(149,3799,40753,0,NULL,169,'BARRAGUIRRE Francisco',NULL,'2000-03-27',1,1,5,1,NULL,1,NULL,NULL,NULL,NULL,NULL,NULL,NULL,NULL,2,'42571335','20-42571335-4',3,NULL,322,NULL,1,NULL,NULL,NULL,1,1,0,0,0,0,0,NULL,1,NULL,NULL,35,235,1,798000.00,1,0.00,8.00,0.00,2,8,2,'2023-07-18','2023-07-18',NULL,NULL,NULL,'2024-06-10',2,0,2,2,2,2,128,4,1,1,1,0,0,0,0,NULL,0.6500,127.65,1,37.21,2,'1',2,'0',2,'0','0',NULL,NULL,NULL,1,'2023-07-25 12:47:21','2024-07-29 10:58:11',NULL),(150,3799,40761,0,NULL,35,'TOUTO Georgina',NULL,'1979-10-18',2,1,5,1,NULL,1,'Benardi','3048',NULL,NULL,'1650',NULL,NULL,NULL,2,'27711776','27-27711776-8',3,NULL,143,NULL,1,NULL,NULL,NULL,3,3,0,0,0,0,0,NULL,1,NULL,NULL,36,215,1,572260.22,0,0.00,4.00,0.00,10,19,8,'2023-10-01','2023-10-01',NULL,NULL,NULL,'2024-02-29',2,0,2,2,2,2,50,1,1,2,1,0,0,0,0,NULL,1.8000,127.65,1,24.35,2,'1',2,'0',2,'0','0',NULL,NULL,NULL,1,'2023-10-27 12:39:01','2024-10-03 11:17:58',NULL),(151,3799,40753,0,NULL,171,'TESSAROLO Facundo Gabriel',NULL,'2001-04-04',1,1,5,1,NULL,1,'Dr  Carlos Di Taranto','414',NULL,NULL,'1778',NULL,'1139433648',NULL,2,'43253736','20-43253736-7',3,NULL,322,322,3,9,'011-4917331-1','0270011320049173310011',1,1,0,1,0,0,0,NULL,1,NULL,NULL,35,235,1,683624.00,1,0.00,8.00,0.00,13,24,11,'2023-11-21','2023-11-21',NULL,NULL,NULL,'2024-11-13',2,0,2,2,2,2,128,4,1,1,1,0,0,0,0,NULL,0.6500,127.65,1,37.21,2,'1',2,'0',2,'0','0',NULL,NULL,NULL,1,'2023-11-21 10:55:58','2024-12-12 10:07:27',NULL),(152,3799,40753,0,NULL,170,'VALENTINUZZI Joaquin Federico',NULL,'1996-01-27',1,1,5,1,NULL,1,'Hualfin','926',NULL,NULL,'1424',NULL,'1144789464',NULL,2,'39374919','23-39374919-9',1,NULL,420,321,1,NULL,NULL,NULL,8,8,0,1,0,0,0,NULL,1,NULL,NULL,35,235,1,1616521.00,1,0.00,8.00,0.00,13,24,11,'2023-11-13','2023-11-13',NULL,NULL,NULL,NULL,NULL,0,2,2,2,2,128,4,1,1,1,0,0,0,0,NULL,0.6500,127.65,1,37.21,2,'1',2,'0',2,'0','0',NULL,NULL,'#000000',1,'2023-11-22 18:23:14','2025-10-27 11:02:14',NULL),(153,3799,40753,0,NULL,172,'ORTIZ Ezequiel Sebastian',NULL,'1994-07-10',1,1,5,1,NULL,7,'Rauch','2200',NULL,'2B','1678',NULL,'1150604165',NULL,2,'38396347','20-38396347-9',1,NULL,420,322,3,9,'011-4917331-1','0270011320049173310011',8,8,0,1,0,0,0,NULL,1,NULL,NULL,35,235,1,2033737.00,1,0.00,8.00,0.00,2,8,2,'2023-12-11','2023-12-11',NULL,NULL,NULL,NULL,NULL,0,2,2,2,2,128,4,1,1,1,0,0,0,0,NULL,0.6500,127.65,1,37.21,2,'1',2,'0',2,'0','0',NULL,NULL,'#000000',1,'2023-12-10 11:48:45','2025-10-27 11:03:42',NULL);
INSERT INTO `syj_empleados` VALUES (154,3799,40753,0,NULL,173,'URETA Genesis',NULL,'2001-06-26',2,1,6,1,NULL,18,NULL,NULL,NULL,NULL,NULL,NULL,NULL,NULL,2,'43519202','27-43519202-0',1,NULL,321,NULL,5,1,NULL,'0070019130004056087151',8,8,0,0,0,0,0,NULL,1,NULL,NULL,35,235,1,2263982.00,1,0.00,8.00,0.00,13,3,11,'2024-01-23','2024-01-23',NULL,NULL,NULL,NULL,NULL,0,2,2,2,2,129,4,1,1,1,0,0,0,0,NULL,0.5000,444.00,1,78.36,2,'1',2,'0',2,'0','0',NULL,NULL,'#000000',1,'2024-01-26 09:48:42','2025-10-27 11:04:50',NULL),(155,3799,40753,0,NULL,174,'BURGOS BARRIOS Tatiana Micaela Belen',NULL,'1999-04-28',2,1,5,1,NULL,1,NULL,NULL,NULL,NULL,NULL,NULL,NULL,NULL,2,'42046669','27-42046669-8',3,NULL,322,NULL,1,NULL,NULL,NULL,1,1,0,0,0,0,0,NULL,1,NULL,NULL,6,37,1,637917.00,0,0.00,8.00,0.00,1,6,1,'2024-03-25','2024-03-25',NULL,NULL,NULL,'2024-10-04',2,0,2,2,2,2,50,4,1,1,1,0,0,0,0,NULL,0.6500,127.65,1,37.21,2,'1',2,'0',2,'0','0',NULL,NULL,NULL,1,'2024-03-25 13:36:13','2024-12-26 12:51:55',NULL),(156,3799,40761,0,NULL,35,'BRUNETTI Maria Carlota',NULL,'2011-09-18',2,1,5,1,NULL,1,NULL,NULL,NULL,NULL,NULL,NULL,NULL,NULL,2,'23157567','27-23157567-2',1,NULL,202,NULL,1,NULL,NULL,NULL,3,3,0,0,0,0,0,NULL,1,NULL,NULL,36,214,1,722070.93,0,0.00,4.00,200000.00,9,16,7,'2024-05-01','2024-05-01',NULL,NULL,NULL,NULL,NULL,0,2,2,2,2,50,1,1,2,1,0,0,0,0,NULL,1.8000,127.65,1,24.35,2,'1',2,'0',2,'0','0',NULL,NULL,NULL,1,'2024-06-04 22:58:31','2024-10-03 11:17:45',NULL),(157,3799,40753,0,NULL,177,'HERSCOVICH Ezequiel David',NULL,'2024-07-23',1,1,5,1,NULL,1,NULL,NULL,NULL,NULL,NULL,NULL,NULL,NULL,2,'45689403','20-45689403-9',1,NULL,420,322,1,NULL,NULL,'0720429088000001454022',8,8,0,0,0,0,0,NULL,1,NULL,NULL,35,235,1,1383360.00,1,0.00,8.00,0.00,13,5,11,'2024-07-22','2024-07-22',NULL,NULL,NULL,NULL,NULL,0,2,2,2,2,128,1,1,1,1,0,0,0,0,NULL,0.6500,127.65,1,37.21,2,'1',2,'0',2,'0','30',NULL,NULL,'#000000',1,'2024-07-23 09:59:24','2025-10-27 11:06:20',NULL),(158,3799,40753,0,NULL,176,'MEYORIN Martiniano',NULL,'2002-08-14',1,1,5,1,NULL,1,'Malvinas Argentinas','296',NULL,NULL,NULL,NULL,NULL,NULL,2,'44020549','20-44020549-7',1,NULL,420,322,1,NULL,NULL,NULL,8,8,0,0,0,0,0,NULL,1,NULL,NULL,35,212,1,1875048.00,1,0.00,8.00,0.00,13,5,11,'2024-07-08','2024-07-08',NULL,NULL,NULL,NULL,NULL,0,2,2,2,2,128,4,1,1,1,0,0,0,0,NULL,0.6500,127.65,1,37.21,2,'1',2,'0',2,'0','30',NULL,NULL,'#000000',1,'2024-07-25 09:28:53','2025-10-27 11:05:51',NULL),(159,3799,40753,0,NULL,175,'ANTOLA Andrés Nahuel',NULL,'2024-07-29',1,1,5,1,NULL,1,NULL,NULL,NULL,NULL,NULL,NULL,NULL,NULL,2,'40388560','20-40388560-7',1,NULL,420,322,1,6,NULL,'0170106340000002000000',8,8,0,0,0,0,0,NULL,1,NULL,NULL,35,235,1,2547624.00,1,0.00,8.00,0.00,2,8,2,'2024-07-01','2024-07-01',NULL,NULL,NULL,NULL,NULL,0,2,2,2,2,128,4,1,1,1,0,0,0,0,NULL,0.6500,127.65,1,37.21,2,'1',2,'0',2,'0','0',NULL,NULL,'#000000',1,'2024-07-29 12:16:45','2025-10-27 11:05:18',NULL),(160,3799,40753,0,NULL,178,'NARDINI Ezequiel',NULL,'1989-07-22',1,1,5,1,NULL,1,'AV. JUJUY','1633','7A',NULL,NULL,NULL,'1134760501',NULL,2,'34585078','20-34585078-4',1,NULL,420,223,1,NULL,NULL,NULL,8,8,0,0,0,0,0,NULL,1,NULL,NULL,35,235,1,2300013.00,1,0.00,8.00,0.00,13,26,11,'2024-09-17','2024-09-17',NULL,NULL,NULL,NULL,NULL,0,2,2,2,2,50,4,1,1,1,0,0,0,0,NULL,0.6500,127.65,1,37.21,2,'9',2,'0',2,'0','0',NULL,NULL,'#000000',1,'2024-09-17 10:11:07','2025-10-30 13:37:18',NULL),(161,3799,40753,0,NULL,179,'SIBLER Barbara Axya',NULL,'1983-04-19',2,1,5,1,NULL,1,'Bulnes','1960',NULL,NULL,NULL,NULL,'1164993320',NULL,2,'30090570','27-30090570-1',3,NULL,321,321,1,NULL,NULL,NULL,1,1,0,0,0,0,0,NULL,1,NULL,NULL,35,235,1,2000000.00,1,0.00,8.00,0.00,13,3,11,'2024-09-17','2024-09-17',NULL,NULL,NULL,'2024-11-04',2,0,2,2,2,2,41,4,1,1,1,0,0,0,0,NULL,0.6500,127.65,1,37.21,2,'18',2,'1',2,'1','0',NULL,NULL,NULL,1,'2024-09-17 10:21:42','2024-12-12 10:06:54',NULL);
INSERT INTO `syj_empleados` VALUES (162,3799,40753,0,NULL,180,'ODELLO Pablo',NULL,'1979-10-17',1,1,5,1,NULL,1,NULL,NULL,NULL,NULL,NULL,NULL,NULL,NULL,2,'27711917','20-27711917-0',1,NULL,420,NULL,1,NULL,NULL,NULL,8,8,0,0,0,0,0,NULL,1,NULL,NULL,6,37,1,1051637.00,1,0.00,8.00,0.00,1,6,1,'2024-10-07','2024-10-07',NULL,NULL,NULL,NULL,NULL,0,2,2,2,2,50,4,1,1,1,0,0,0,0,NULL,0.6500,127.65,1,37.21,2,'1',2,'0',2,'0','0',NULL,NULL,'#000000',1,'2024-10-23 10:37:02','2025-10-27 11:19:15',NULL),(163,3799,40753,0,NULL,181,'OVIEDO Diego',NULL,'1980-06-18',1,1,5,1,NULL,1,'Jozami de Cancio','2451','Dpto','A','3100',NULL,'(0343) 154-602611',NULL,2,'28263704','23-28263704-9',1,NULL,322,NULL,1,NULL,NULL,NULL,8,8,0,0,0,0,0,NULL,1,NULL,NULL,35,235,1,4310621.00,1,0.00,8.00,0.00,13,27,11,'2024-11-26','2024-11-26',NULL,NULL,NULL,NULL,NULL,0,2,2,2,2,128,4,1,1,1,0,0,0,0,NULL,0.6500,127.65,1,37.21,2,'26',2,'0',2,'0','0',NULL,NULL,'#000000',1,'2024-11-25 15:54:23','2025-10-27 14:41:08',NULL),(164,3799,40753,0,NULL,182,'MORDOJ BAEZ Matias Gabriel',NULL,'2001-01-25',1,1,5,1,NULL,1,NULL,NULL,NULL,NULL,NULL,NULL,NULL,NULL,2,'42290293','20-42290293-8',1,NULL,322,NULL,1,NULL,NULL,NULL,8,8,0,0,0,0,0,NULL,1,NULL,NULL,35,235,1,1596371.00,1,0.00,8.00,0.00,13,24,11,'2024-12-04','2024-12-04',NULL,NULL,NULL,NULL,NULL,0,2,2,2,2,128,4,1,1,1,0,0,0,0,NULL,0.6500,149.00,1,37.21,2,'1',2,'0',2,'0','0',NULL,NULL,'#000000',1,'2024-12-12 10:18:47','2025-10-27 11:06:58',NULL),(165,3799,40753,0,NULL,183,'GUARAGNINI Juan Ignacio',NULL,'1998-12-22',1,1,5,1,NULL,1,NULL,NULL,NULL,NULL,NULL,NULL,NULL,NULL,2,'41674831','20-41674831-5',1,NULL,33,NULL,1,NULL,NULL,NULL,8,8,0,0,0,0,0,NULL,1,NULL,NULL,35,235,1,2397956.00,1,0.00,8.00,0.00,13,3,11,'2024-12-10','2024-12-10',NULL,NULL,NULL,NULL,NULL,0,2,2,2,2,128,4,1,1,1,0,0,0,0,NULL,0.6500,127.65,1,37.21,2,'10',2,'0',2,'0','0',NULL,NULL,'#000000',1,'2024-12-12 10:45:28','2025-10-27 11:07:31',NULL),(166,3799,40753,0,NULL,184,'ACEVEDO Sebastian Ignacio',NULL,'1987-04-26',1,1,5,1,NULL,1,NULL,NULL,NULL,NULL,NULL,NULL,NULL,NULL,2,'32767634','20-32767634-3',1,NULL,420,NULL,1,NULL,NULL,NULL,8,8,0,0,0,0,0,NULL,1,NULL,NULL,35,235,1,2160000.00,1,0.00,8.00,0.00,2,8,2,'2025-03-25','2025-03-25',NULL,NULL,NULL,NULL,NULL,0,2,2,2,2,128,4,1,1,1,0,0,0,0,NULL,0.6500,127.65,1,37.21,2,'1',2,'0',2,'0','0',NULL,NULL,'#000000',1,'2025-03-25 20:48:37','2025-07-29 15:13:45',NULL),(167,3799,40761,0,NULL,36,'MOLINA BURGOS Luka Gabriel',NULL,'2005-07-15',1,1,5,1,NULL,1,NULL,NULL,NULL,NULL,NULL,NULL,NULL,NULL,2,'46752218','20-46752218-4',3,NULL,103,NULL,1,NULL,NULL,NULL,3,3,0,0,0,0,0,NULL,1,NULL,NULL,36,219,1,286886.00,1,0.00,8.00,0.00,10,20,8,'2025-04-01','2025-04-01',NULL,NULL,NULL,'2025-04-25',2,0,2,2,2,2,50,4,1,2,1,0,0,0,0,NULL,1.8000,127.65,1,24.35,2,'1',2,'0',2,'0','0',NULL,NULL,'#000000',1,'2025-05-08 15:06:28','2025-07-02 18:26:05',NULL),(168,3799,40753,0,NULL,185,'ZIMMERMANN Juan Manuel',NULL,'2000-09-15',1,1,5,1,NULL,1,NULL,NULL,NULL,NULL,NULL,NULL,NULL,NULL,2,'42876044','20-42876044-2',1,NULL,423,NULL,1,NULL,NULL,NULL,8,8,0,0,0,0,0,NULL,1,NULL,NULL,35,235,1,1760000.00,1,0.00,8.00,0.00,4,25,3,'2025-05-12','2025-05-12',NULL,NULL,NULL,NULL,NULL,0,2,2,2,2,128,4,1,1,1,0,0,0,0,NULL,0.6500,127.65,1,37.21,2,'12',2,'0',2,'0','0',NULL,NULL,'#000000',1,'2025-05-28 04:14:36','2025-09-24 20:03:36',NULL),(169,3799,40753,0,NULL,186,'BAEZ Martina Belén',NULL,'1999-08-18',2,1,5,1,NULL,1,NULL,NULL,NULL,NULL,NULL,NULL,NULL,NULL,2,'42138463','27-42138463-6',1,NULL,423,NULL,1,NULL,NULL,NULL,8,8,0,0,0,0,0,NULL,1,NULL,NULL,35,235,1,1680000.00,1,0.00,8.00,0.00,4,25,3,'2025-05-26','2025-05-26',NULL,NULL,NULL,NULL,NULL,0,2,2,2,2,129,4,1,1,1,0,0,0,0,NULL,0.6500,127.65,1,37.21,2,'26',2,'0',2,'0','0',NULL,NULL,'#000000',1,'2025-05-28 04:24:38','2025-09-24 20:06:45',NULL);
INSERT INTO `syj_empleados` VALUES (170,3799,40753,0,NULL,187,'CAMPUZANO Mateo Carlos',NULL,'2005-03-20',1,1,5,1,NULL,1,NULL,NULL,NULL,NULL,NULL,NULL,NULL,NULL,2,'46562313','20-46562313-7',1,NULL,423,NULL,1,NULL,NULL,NULL,8,8,0,0,0,0,0,NULL,1,NULL,NULL,35,235,1,1440000.00,1,0.00,8.00,0.00,4,25,3,'2025-05-26','2025-05-26',NULL,NULL,NULL,NULL,NULL,0,2,2,2,2,128,4,1,1,1,0,0,0,0,NULL,0.6500,127.65,1,37.21,2,'26',2,'0',2,'0','0',NULL,NULL,'#000000',1,'2025-05-28 04:32:55','2025-09-24 20:07:43',NULL),(171,3799,40753,0,NULL,188,'PAILLET DIEHL Juan Ignacio',NULL,'1999-05-12',1,1,5,1,NULL,1,NULL,NULL,NULL,NULL,NULL,NULL,NULL,NULL,2,'4191531','20-41915631-1',1,NULL,321,NULL,1,NULL,NULL,NULL,8,8,0,0,0,0,0,NULL,1,NULL,NULL,35,235,1,1815000.00,1,0.00,8.00,0.00,13,5,11,'2025-07-02','2025-07-02',NULL,NULL,NULL,NULL,NULL,0,2,2,2,2,128,4,1,1,1,0,0,0,0,NULL,0.6500,127.65,1,37.21,2,'1',2,'0',2,'0','0',NULL,NULL,'#000000',1,'2025-07-28 13:39:29','2025-10-27 11:08:09',NULL),(172,3799,40753,0,NULL,189,'BISCAYART Nazareno',NULL,'2000-02-23',1,1,5,1,NULL,1,NULL,NULL,NULL,NULL,NULL,NULL,NULL,NULL,2,'42418435','20-42418435-8',1,NULL,423,NULL,1,NULL,NULL,NULL,8,8,0,0,0,0,0,NULL,1,NULL,NULL,35,235,1,1375000.00,1,0.00,8.00,0.00,13,5,11,'2025-07-02','2025-07-02',NULL,NULL,NULL,NULL,NULL,0,2,2,2,2,128,4,1,1,1,0,0,0,0,NULL,0.6500,127.65,1,37.21,2,'1',2,'0',2,'0','0',NULL,NULL,'#000000',1,'2025-07-28 14:39:29','2025-10-27 11:09:47',NULL),(173,3799,40753,0,NULL,190,'DARDA Camila Rocío',NULL,'2004-10-05',2,1,5,1,NULL,1,NULL,NULL,NULL,NULL,NULL,NULL,NULL,NULL,2,'46105257','27-46105257-1',1,NULL,423,NULL,1,NULL,NULL,NULL,8,8,0,0,0,0,0,NULL,1,NULL,NULL,6,33,1,424320.00,1,0.00,8.00,0.00,1,6,1,'2025-07-02','2025-07-02',NULL,NULL,NULL,NULL,NULL,0,2,2,2,2,129,21,1,1,1,0,0,0,0,NULL,0.6500,127.65,1,37.21,2,'1',2,'0',2,'0','0',NULL,NULL,'#000000',1,'2025-07-28 15:05:56','2025-10-27 12:39:47',NULL),(174,3799,40753,0,NULL,191,'LAMAESTRA Débora Ayelen',NULL,'1995-03-17',2,1,5,1,NULL,1,NULL,NULL,NULL,NULL,NULL,NULL,NULL,NULL,2,'38839694','27-38839694-1',1,NULL,9,NULL,1,NULL,NULL,NULL,8,8,0,0,0,0,0,NULL,1,NULL,NULL,35,235,1,2329800.00,1,0.00,8.00,0.00,13,3,11,'2025-07-21','2025-07-21',NULL,NULL,NULL,NULL,NULL,0,2,2,2,2,129,4,1,1,1,0,0,0,0,NULL,0.6500,127.65,1,37.21,2,'1',2,'0',2,'0','0',NULL,NULL,'#000000',1,'2025-07-28 15:32:59','2025-10-27 11:10:29',NULL),(175,3799,40761,0,NULL,38,'JUAREZ Romina De Los Ángeles',NULL,'1990-06-30',2,1,5,1,NULL,1,NULL,NULL,NULL,NULL,NULL,NULL,NULL,NULL,2,'35395536','27-35395536-0',1,NULL,22,NULL,1,NULL,NULL,NULL,3,3,0,0,0,0,0,NULL,1,NULL,NULL,36,260,1,450130.26,0,0.00,8.00,0.00,10,23,8,'2025-07-01','2025-07-01',NULL,NULL,NULL,NULL,NULL,0,2,2,2,2,50,4,1,2,1,0,0,0,0,NULL,1.8000,127.65,1,24.35,2,'1',2,'0',2,'0','0',NULL,NULL,'#000000',1,'2025-08-07 09:27:37','2025-08-07 10:12:48',NULL),(176,3799,40761,0,NULL,39,'CARPELLINO KAIPEKIAN Santiago Francisco',NULL,'1972-07-11',1,1,5,1,NULL,1,NULL,NULL,NULL,NULL,NULL,NULL,NULL,NULL,6,'96337800','27-96337800-4',1,NULL,103,NULL,1,NULL,NULL,NULL,3,3,0,0,0,0,0,NULL,1,NULL,NULL,36,214,1,722070.93,0,0.00,8.00,0.00,10,18,8,'2025-08-01','2025-08-01',NULL,NULL,NULL,NULL,NULL,0,2,2,2,2,50,4,1,2,1,0,0,0,0,NULL,1.8000,127.65,1,24.35,2,'1',2,'0',2,'0','0',NULL,NULL,'#000000',1,'2025-09-03 11:41:25','2025-09-03 12:12:42',NULL),(177,3799,40753,0,NULL,192,'DE MARTINO Ornella Navila',NULL,'2001-10-01',2,1,5,1,NULL,1,NULL,NULL,NULL,NULL,NULL,NULL,NULL,NULL,2,'43745412','23-43745412-4',1,NULL,426,NULL,1,NULL,NULL,NULL,8,8,0,0,0,0,0,NULL,1,NULL,NULL,35,235,1,1900000.00,1,0.00,8.00,0.00,13,3,11,'2025-09-15','2025-09-15',NULL,NULL,NULL,NULL,NULL,0,2,2,2,2,129,4,1,1,1,0,0,0,0,NULL,0.6500,127.65,1,37.21,2,'1',2,'0',2,'0','0',NULL,NULL,'#000000',1,'2025-09-24 18:58:44','2025-09-24 18:58:44',NULL);
INSERT INTO `syj_empleados` VALUES (178,3799,40753,0,NULL,193,'ESCALADA Gabriel Yago',NULL,'1995-11-16',1,1,6,1,NULL,1,NULL,NULL,NULL,NULL,NULL,NULL,NULL,NULL,2,'39156370','20-39156370-6',1,NULL,223,NULL,1,NULL,NULL,NULL,8,8,0,0,0,0,0,NULL,1,NULL,NULL,35,235,1,2000000.00,1,0.00,8.00,0.00,13,28,11,'2025-10-13','2025-10-13',NULL,NULL,NULL,NULL,NULL,0,2,2,2,2,128,4,1,1,1,0,0,0,0,NULL,0.6500,127.65,1,37.21,2,'1',2,'0',2,'0','0',NULL,NULL,'#000000',1,'2025-10-10 17:36:31','2025-10-10 17:36:31',NULL),(179,3799,40761,0,NULL,40,'TREMITTE Esteban Martin',NULL,'1970-10-25',1,1,5,1,NULL,1,NULL,NULL,NULL,NULL,NULL,NULL,NULL,NULL,2,'25144441','20-25144441-3',1,NULL,227,NULL,1,NULL,NULL,NULL,3,3,0,0,0,0,0,NULL,1,NULL,NULL,36,260,1,909525.05,1,0.00,8.00,0.00,10,23,8,'2025-10-01','2025-10-01',NULL,NULL,NULL,NULL,NULL,0,2,2,2,2,50,4,1,2,1,0,0,0,0,NULL,1.8000,127.65,1,24.35,2,'1',2,'0',2,'0','0',NULL,NULL,'#000000',1,'2025-10-27 16:00:17','2025-10-28 10:44:03',NULL);

--
-- Table structure for table `syj_empleados_event`
--

CREATE TABLE `syj_empleados_event` (
  `id` int(10) unsigned NOT NULL AUTO_INCREMENT,
  `user_id` int(11) DEFAULT NULL,
  `dias_trabajados` int(10) unsigned NOT NULL DEFAULT '0',
  `hs_trabajadas` int(10) unsigned NOT NULL DEFAULT '0',
  `cuit_empleador` varchar(191) COLLATE utf8mb4_unicode_ci DEFAULT NULL,
  `fecha_ingreso` date DEFAULT NULL,
  `fecha_cese` date DEFAULT NULL,
  `categoria` varchar(191) COLLATE utf8mb4_unicode_ci DEFAULT NULL,
  `puesto` varchar(191) COLLATE utf8mb4_unicode_ci DEFAULT NULL,
  `remuneracion` decimal(16,2) NOT NULL DEFAULT '0.00',
  `created_at` timestamp NULL DEFAULT NULL,
  `updated_at` timestamp NULL DEFAULT NULL,
  `deleted_at` timestamp NULL DEFAULT NULL,
  PRIMARY KEY (`id`)
) ENGINE=InnoDB AUTO_INCREMENT=2 DEFAULT CHARSET=utf8mb4 COLLATE=utf8mb4_unicode_ci;

--
-- Dumping data for table `syj_empleados_event`
--

INSERT INTO `syj_empleados_event` VALUES (1,NULL,0,0,NULL,NULL,NULL,NULL,NULL,0.00,'2021-10-23 08:04:30','2021-10-23 08:04:30',NULL);

--
-- Table structure for table `syj_empleados_familia`
--

CREATE TABLE `syj_empleados_familia` (
  `id` int(10) unsigned NOT NULL AUTO_INCREMENT,
  `user_id` int(10) unsigned DEFAULT NULL,
  `person_id` int(10) unsigned DEFAULT NULL,
  `syj_empleado_id` int(10) unsigned DEFAULT NULL,
  `syj_emp_parentesco_id` int(10) unsigned NOT NULL,
  `apenombre` varchar(191) COLLATE utf8mb4_unicode_ci DEFAULT NULL,
  `apecasada` varchar(191) COLLATE utf8mb4_unicode_ci DEFAULT NULL,
  `sexo_id` int(10) unsigned DEFAULT NULL,
  `nacionalidad_id` int(10) unsigned DEFAULT NULL,
  `estado_civil_id` int(10) unsigned DEFAULT NULL,
  `pais_id` int(10) unsigned DEFAULT NULL,
  `zone_id` int(10) unsigned DEFAULT NULL,
  `localidad_id` int(10) unsigned DEFAULT NULL,
  `domicilio` varchar(191) COLLATE utf8mb4_unicode_ci DEFAULT NULL,
  `altnumero` varchar(191) COLLATE utf8mb4_unicode_ci DEFAULT NULL,
  `piso` varchar(191) COLLATE utf8mb4_unicode_ci DEFAULT NULL,
  `depto` varchar(191) COLLATE utf8mb4_unicode_ci DEFAULT NULL,
  `cod_postal` varchar(191) COLLATE utf8mb4_unicode_ci DEFAULT NULL,
  `telefono` varchar(191) COLLATE utf8mb4_unicode_ci DEFAULT NULL,
  `email` varchar(191) COLLATE utf8mb4_unicode_ci DEFAULT NULL,
  `tipo_documento_id` int(10) unsigned DEFAULT NULL,
  `numero` varchar(191) COLLATE utf8mb4_unicode_ci DEFAULT NULL,
  `fecha_nacimiento` date DEFAULT NULL,
  `fecha_alta` date DEFAULT NULL,
  `fecha_baja` date DEFAULT NULL,
  `discapacitado` tinyint(1) DEFAULT '0',
  `deducible_imp_ganancias` tinyint(1) DEFAULT '0',
  `deducible_50_porciento` tinyint(1) DEFAULT '0',
  `syj_g4_tipo_deduc_personal_id` int(10) unsigned DEFAULT NULL,
  `habilitado` tinyint(1) NOT NULL DEFAULT '1',
  `created_at` timestamp NULL DEFAULT NULL,
  `updated_at` timestamp NULL DEFAULT NULL,
  `deleted_at` timestamp NULL DEFAULT NULL,
  PRIMARY KEY (`id`),
  KEY `syj_empleados_familia_syj_empleado_id_foreign` (`syj_empleado_id`),
  KEY `syj_empleados_familia_person_id_foreign` (`person_id`),
  KEY `syj_empleados_familia_syj_emp_parentesco_id_foreign` (`syj_emp_parentesco_id`),
  KEY `syj_empleados_familia_sexo_id_foreign` (`sexo_id`),
  KEY `syj_empleados_familia_nacionalidad_id_foreign` (`nacionalidad_id`),
  KEY `syj_empleados_familia_estado_civil_id_foreign` (`estado_civil_id`),
  KEY `syj_empleados_familia_pais_id_foreign` (`pais_id`),
  KEY `syj_empleados_familia_zone_id_foreign` (`zone_id`),
  KEY `syj_empleados_familia_localidad_id_foreign` (`localidad_id`),
  KEY `syj_empleados_familia_syj_g4_tipo_deduc_personal_id_foreign` (`syj_g4_tipo_deduc_personal_id`),
  CONSTRAINT `syj_empleados_familia_estado_civil_id_foreign` FOREIGN KEY (`estado_civil_id`) REFERENCES `estado_civil` (`id`),
  CONSTRAINT `syj_empleados_familia_localidad_id_foreign` FOREIGN KEY (`localidad_id`) REFERENCES `localidad` (`id`),
  CONSTRAINT `syj_empleados_familia_nacionalidad_id_foreign` FOREIGN KEY (`nacionalidad_id`) REFERENCES `nacionalidad` (`id`),
  CONSTRAINT `syj_empleados_familia_pais_id_foreign` FOREIGN KEY (`pais_id`) REFERENCES `pais` (`id`),
  CONSTRAINT `syj_empleados_familia_person_id_foreign` FOREIGN KEY (`person_id`) REFERENCES `persons` (`id`),
  CONSTRAINT `syj_empleados_familia_sexo_id_foreign` FOREIGN KEY (`sexo_id`) REFERENCES `sexo` (`id`),
  CONSTRAINT `syj_empleados_familia_syj_emp_parentesco_id_foreign` FOREIGN KEY (`syj_emp_parentesco_id`) REFERENCES `syj_emp_parentesco` (`id`),
  CONSTRAINT `syj_empleados_familia_syj_empleado_id_foreign` FOREIGN KEY (`syj_empleado_id`) REFERENCES `syj_empleados` (`id`),
  CONSTRAINT `syj_empleados_familia_syj_g4_tipo_deduc_personal_id_foreign` FOREIGN KEY (`syj_g4_tipo_deduc_personal_id`) REFERENCES `syj_g4_tipo_deduc_personal` (`id`),
  CONSTRAINT `syj_empleados_familia_zone_id_foreign` FOREIGN KEY (`zone_id`) REFERENCES `zones` (`id`)
) ENGINE=InnoDB DEFAULT CHARSET=utf8mb4 COLLATE=utf8mb4_unicode_ci;

--
-- Dumping data for table `syj_empleados_familia`
--


--
-- Table structure for table `syj_empleados_files`
--

CREATE TABLE `syj_empleados_files` (
  `id` int(10) unsigned NOT NULL AUTO_INCREMENT,
  `user_id` int(10) unsigned DEFAULT NULL,
  `empleado_id` int(10) unsigned NOT NULL,
  `person_id` int(10) unsigned NOT NULL,
  `syj_empleados_files_masivo_id` int(10) unsigned DEFAULT NULL,
  `descripcion` varchar(191) COLLATE utf8mb4_unicode_ci DEFAULT NULL,
  `path` varchar(191) COLLATE utf8mb4_unicode_ci DEFAULT NULL,
  `name_original_file` varchar(191) COLLATE utf8mb4_unicode_ci DEFAULT NULL,
  `fecha` date DEFAULT NULL,
  `habilitado` tinyint(1) NOT NULL DEFAULT '1',
  `created_at` timestamp NULL DEFAULT NULL,
  `updated_at` timestamp NULL DEFAULT NULL,
  `deleted_at` timestamp NULL DEFAULT NULL,
  PRIMARY KEY (`id`),
  KEY `syj_empleados_files_empleado_id_foreign` (`empleado_id`),
  KEY `syj_empleados_files_person_id_foreign` (`person_id`),
  CONSTRAINT `syj_empleados_files_empleado_id_foreign` FOREIGN KEY (`empleado_id`) REFERENCES `syj_empleados` (`id`),
  CONSTRAINT `syj_empleados_files_person_id_foreign` FOREIGN KEY (`person_id`) REFERENCES `persons` (`id`)
) ENGINE=InnoDB DEFAULT CHARSET=utf8mb4 COLLATE=utf8mb4_unicode_ci;

--
-- Dumping data for table `syj_empleados_files`
--


--
-- Table structure for table `syj_empleados_files_masivos`
--

CREATE TABLE `syj_empleados_files_masivos` (
  `id` int(10) unsigned NOT NULL AUTO_INCREMENT,
  `user_id` int(10) unsigned DEFAULT NULL,
  `person_id` int(10) unsigned NOT NULL,
  `descripcion` varchar(191) COLLATE utf8mb4_unicode_ci DEFAULT NULL,
  `path` varchar(191) COLLATE utf8mb4_unicode_ci DEFAULT NULL,
  `name_original_file` varchar(191) COLLATE utf8mb4_unicode_ci DEFAULT NULL,
  `fecha` date DEFAULT NULL,
  `habilitado` tinyint(1) NOT NULL DEFAULT '1',
  `created_at` timestamp NULL DEFAULT NULL,
  `updated_at` timestamp NULL DEFAULT NULL,
  `deleted_at` timestamp NULL DEFAULT NULL,
  PRIMARY KEY (`id`),
  KEY `syj_empleados_files_masivos_person_id_foreign` (`person_id`),
  CONSTRAINT `syj_empleados_files_masivos_person_id_foreign` FOREIGN KEY (`person_id`) REFERENCES `persons` (`id`)
) ENGINE=InnoDB DEFAULT CHARSET=utf8mb4 COLLATE=utf8mb4_unicode_ci;

--
-- Dumping data for table `syj_empleados_files_masivos`
--


--
-- Table structure for table `syj_empleados_pdfauto`
--

CREATE TABLE `syj_empleados_pdfauto` (
  `id` int(10) unsigned NOT NULL AUTO_INCREMENT,
  `user_id` int(10) unsigned DEFAULT NULL,
  `person_id` int(10) unsigned NOT NULL,
  `empleado_id` int(10) unsigned DEFAULT NULL,
  `period_id` int(10) unsigned NOT NULL,
  `descripcion` varchar(191) COLLATE utf8mb4_unicode_ci DEFAULT NULL,
  `path` varchar(191) COLLATE utf8mb4_unicode_ci DEFAULT NULL,
  `name_original_file` varchar(191) COLLATE utf8mb4_unicode_ci DEFAULT NULL,
  `fecha` date DEFAULT NULL,
  `habilitado` tinyint(1) NOT NULL DEFAULT '1',
  `syj_liq_firma_estado_id` int(10) unsigned NOT NULL DEFAULT '1',
  `syj_liq_firma_fecha` date DEFAULT NULL,
  `created_at` timestamp NULL DEFAULT NULL,
  `updated_at` timestamp NULL DEFAULT NULL,
  `deleted_at` timestamp NULL DEFAULT NULL,
  PRIMARY KEY (`id`),
  KEY `syj_empleados_pdfauto_person_id_foreign` (`person_id`),
  KEY `syj_empleados_pdfauto_empleado_id_foreign` (`empleado_id`),
  KEY `syj_empleados_pdfauto_period_id_foreign` (`period_id`),
  CONSTRAINT `syj_empleados_pdfauto_empleado_id_foreign` FOREIGN KEY (`empleado_id`) REFERENCES `syj_empleados` (`id`),
  CONSTRAINT `syj_empleados_pdfauto_period_id_foreign` FOREIGN KEY (`period_id`) REFERENCES `periods` (`id`),
  CONSTRAINT `syj_empleados_pdfauto_person_id_foreign` FOREIGN KEY (`person_id`) REFERENCES `persons` (`id`)
) ENGINE=InnoDB DEFAULT CHARSET=utf8mb4 COLLATE=utf8mb4_unicode_ci;

--
-- Dumping data for table `syj_empleados_pdfauto`
--


--
-- Table structure for table `syj_empleados_pdfauto_config`
--

CREATE TABLE `syj_empleados_pdfauto_config` (
  `id` int(10) unsigned NOT NULL AUTO_INCREMENT,
  `person_id` int(10) unsigned NOT NULL,
  `vertical` tinyint(1) NOT NULL DEFAULT '1',
  `fuente_recibos` tinyint(1) NOT NULL DEFAULT '0',
  `opcion_c` tinyint(1) NOT NULL DEFAULT '1',
  `created_at` timestamp NULL DEFAULT NULL,
  `updated_at` timestamp NULL DEFAULT NULL,
  `deleted_at` timestamp NULL DEFAULT NULL,
  PRIMARY KEY (`id`),
  KEY `syj_empleados_pdfauto_config_person_id_foreign` (`person_id`),
  CONSTRAINT `syj_empleados_pdfauto_config_person_id_foreign` FOREIGN KEY (`person_id`) REFERENCES `persons` (`id`)
) ENGINE=InnoDB DEFAULT CHARSET=utf8mb4 COLLATE=utf8mb4_unicode_ci;

--
-- Dumping data for table `syj_empleados_pdfauto_config`
--


--
-- Table structure for table `syj_empleados_vacacion`
--

CREATE TABLE `syj_empleados_vacacion` (
  `id` int(10) unsigned NOT NULL AUTO_INCREMENT,
  `user_id` int(10) unsigned DEFAULT NULL,
  `person_id` int(10) unsigned DEFAULT NULL,
  `syj_empleado_id` int(10) unsigned DEFAULT NULL,
  `anio` int(10) unsigned NOT NULL,
  `cantidad_dias` int(10) unsigned NOT NULL,
  `cantidad_tomados` int(10) unsigned NOT NULL,
  `created_at` timestamp NULL DEFAULT NULL,
  `updated_at` timestamp NULL DEFAULT NULL,
  `deleted_at` timestamp NULL DEFAULT NULL,
  PRIMARY KEY (`id`),
  KEY `syj_empleados_vacacion_syj_empleado_id_foreign` (`syj_empleado_id`),
  KEY `syj_empleados_vacacion_person_id_foreign` (`person_id`),
  CONSTRAINT `syj_empleados_vacacion_person_id_foreign` FOREIGN KEY (`person_id`) REFERENCES `persons` (`id`),
  CONSTRAINT `syj_empleados_vacacion_syj_empleado_id_foreign` FOREIGN KEY (`syj_empleado_id`) REFERENCES `syj_empleados` (`id`)
) ENGINE=InnoDB DEFAULT CHARSET=utf8mb4 COLLATE=utf8mb4_unicode_ci;

--
-- Dumping data for table `syj_empleados_vacacion`
--


--
-- Table structure for table `syj_forma_pago`
--

CREATE TABLE `syj_forma_pago` (
  `id` int(10) unsigned NOT NULL AUTO_INCREMENT,
  `user_id` int(10) unsigned DEFAULT NULL,
  `descripcion` varchar(191) COLLATE utf8mb4_unicode_ci NOT NULL,
  `habilitado` tinyint(1) NOT NULL DEFAULT '1',
  `created_at` timestamp NULL DEFAULT NULL,
  `updated_at` timestamp NULL DEFAULT NULL,
  `deleted_at` timestamp NULL DEFAULT NULL,
  PRIMARY KEY (`id`),
  UNIQUE KEY `syj_forma_pago_descripcion_unique` (`descripcion`)
) ENGINE=InnoDB AUTO_INCREMENT=6 DEFAULT CHARSET=utf8mb4 COLLATE=utf8mb4_unicode_ci;

--
-- Dumping data for table `syj_forma_pago`
--

INSERT INTO `syj_forma_pago` VALUES (1,NULL,'Efectivo',1,'2020-05-28 20:55:24','2020-05-28 20:55:24',NULL),(2,NULL,'Cheque',1,'2020-05-28 20:55:24','2020-05-28 20:55:24',NULL),(3,NULL,'Deposito en Caja Ahorro',1,'2020-05-28 20:55:24','2020-05-28 20:55:24',NULL),(4,NULL,'Deposito en Cta Cte',1,'2020-05-28 20:55:24','2020-05-28 20:55:24',NULL),(5,NULL,'Deposito en CBU',1,'2020-05-28 20:55:24','2020-05-28 20:55:24',NULL);

--
-- Table structure for table `syj_formato_sicoss`
--

CREATE TABLE `syj_formato_sicoss` (
  `id` int(10) unsigned NOT NULL AUTO_INCREMENT,
  `user_id` int(10) unsigned DEFAULT NULL,
  `descripcion` varchar(191) COLLATE utf8mb4_unicode_ci DEFAULT NULL,
  `is_lsd` tinyint(1) NOT NULL DEFAULT '1',
  `created_at` timestamp NULL DEFAULT NULL,
  `updated_at` timestamp NULL DEFAULT NULL,
  `deleted_at` timestamp NULL DEFAULT NULL,
  PRIMARY KEY (`id`)
) ENGINE=InnoDB AUTO_INCREMENT=3 DEFAULT CHARSET=utf8mb4 COLLATE=utf8mb4_unicode_ci;

--
-- Dumping data for table `syj_formato_sicoss`
--

INSERT INTO `syj_formato_sicoss` VALUES (1,NULL,'Standard Versión 42',0,NULL,'2021-04-22 14:53:56',NULL),(2,NULL,'Libro de Sueldo Digital',1,'2021-04-22 14:53:56','2021-04-22 14:53:56',NULL);

--
-- Table structure for table `syj_formato_sicoss_asoc_origen`
--

CREATE TABLE `syj_formato_sicoss_asoc_origen` (
  `id` int(10) unsigned NOT NULL AUTO_INCREMENT,
  `user_id` int(10) unsigned DEFAULT NULL,
  `descripcion` varchar(191) COLLATE utf8mb4_unicode_ci DEFAULT NULL,
  `created_at` timestamp NULL DEFAULT NULL,
  `updated_at` timestamp NULL DEFAULT NULL,
  PRIMARY KEY (`id`)
) ENGINE=InnoDB AUTO_INCREMENT=4 DEFAULT CHARSET=utf8mb4 COLLATE=utf8mb4_unicode_ci;

--
-- Dumping data for table `syj_formato_sicoss_asoc_origen`
--

INSERT INTO `syj_formato_sicoss_asoc_origen` VALUES (1,NULL,'Ninguno',NULL,NULL),(2,NULL,'Rango de Tipos de Conceptos',NULL,NULL),(3,NULL,'Seleccionando Conceptos',NULL,NULL);

--
-- Table structure for table `syj_formato_sicoss_detalle`
--

CREATE TABLE `syj_formato_sicoss_detalle` (
  `id` int(10) unsigned NOT NULL AUTO_INCREMENT,
  `user_id` int(10) unsigned DEFAULT NULL,
  `syj_convenio_id` int(10) unsigned NOT NULL DEFAULT '5',
  `orden` int(11) DEFAULT NULL,
  `descripcion` varchar(191) COLLATE utf8mb4_unicode_ci DEFAULT NULL,
  `importe` decimal(16,2) NOT NULL DEFAULT '0.00',
  `longitud` int(11) DEFAULT '0',
  `completar_con` varchar(191) COLLATE utf8mb4_unicode_ci DEFAULT '0',
  `syj_formato_sicoss_format_id` int(10) unsigned DEFAULT '1',
  `str_pad_to` varchar(191) COLLATE utf8mb4_unicode_ci DEFAULT NULL,
  `syj_formato_sicoss_id` int(10) unsigned DEFAULT NULL,
  `syj_formato_sicoss_detalle_origen_id` int(10) unsigned DEFAULT NULL,
  `syj_funciones_sicoss_id` int(10) unsigned DEFAULT NULL,
  `syj_formato_sicoss_asoc_origen_id` int(10) unsigned NOT NULL DEFAULT '1',
  `syj_concepto_asoc_filtro_id` int(10) unsigned DEFAULT NULL,
  `syj_concepto_tipo_id_desde` int(10) unsigned DEFAULT NULL,
  `syj_concepto_tipo_id_hasta` int(10) unsigned DEFAULT NULL,
  `syj_concepto_asoc_operacion_id` int(10) unsigned DEFAULT NULL,
  `syj_concepto_asoc_columna_id` int(10) unsigned DEFAULT NULL,
  `observaciones` varchar(191) COLLATE utf8mb4_unicode_ci DEFAULT NULL,
  `habilitado` tinyint(1) NOT NULL DEFAULT '1',
  `created_at` timestamp NULL DEFAULT NULL,
  `updated_at` timestamp NULL DEFAULT NULL,
  `deleted_at` timestamp NULL DEFAULT NULL,
  PRIMARY KEY (`id`),
  KEY `syj_formato_sicoss_detalle_syj_formato_sicoss_id_foreign` (`syj_formato_sicoss_id`),
  KEY `syj_f_sicos_origen_foreign` (`syj_formato_sicoss_detalle_origen_id`),
  KEY `syj_formato_sicoss_detalle_syj_funciones_sicoss_id_foreign` (`syj_funciones_sicoss_id`),
  KEY `syj_f_sicos_asoc_or_foreign` (`syj_formato_sicoss_asoc_origen_id`),
  KEY `syj_formato_sicoss_detalle_syj_concepto_asoc_filtro_id_foreign` (`syj_concepto_asoc_filtro_id`),
  KEY `syj_formato_sicoss_detalle_syj_concepto_tipo_id_desde_foreign` (`syj_concepto_tipo_id_desde`),
  KEY `syj_formato_sicoss_detalle_syj_concepto_tipo_id_hasta_foreign` (`syj_concepto_tipo_id_hasta`),
  KEY `syj_f_sicos_asoc_op_foreign` (`syj_concepto_asoc_operacion_id`),
  KEY `syj_formato_sicoss_detalle_syj_concepto_asoc_columna_id_foreign` (`syj_concepto_asoc_columna_id`),
  KEY `syj_format_foreign` (`syj_formato_sicoss_format_id`),
  KEY `syj_formato_sicoss_detalle_syj_convenio_id_foreign` (`syj_convenio_id`),
  CONSTRAINT `syj_f_sicos_asoc_op_foreign` FOREIGN KEY (`syj_concepto_asoc_operacion_id`) REFERENCES `syj_concepto_asoc_operacion` (`id`),
  CONSTRAINT `syj_f_sicos_asoc_or_foreign` FOREIGN KEY (`syj_formato_sicoss_asoc_origen_id`) REFERENCES `syj_formato_sicoss_asoc_origen` (`id`),
  CONSTRAINT `syj_f_sicos_origen_foreign` FOREIGN KEY (`syj_formato_sicoss_detalle_origen_id`) REFERENCES `syj_formato_sicoss_detalle_origen` (`id`),
  CONSTRAINT `syj_format_foreign` FOREIGN KEY (`syj_formato_sicoss_format_id`) REFERENCES `syj_formato_sicoss_format` (`id`),
  CONSTRAINT `syj_formato_sicoss_detalle_syj_concepto_asoc_columna_id_foreign` FOREIGN KEY (`syj_concepto_asoc_columna_id`) REFERENCES `syj_concepto_asoc_columna` (`id`),
  CONSTRAINT `syj_formato_sicoss_detalle_syj_concepto_asoc_filtro_id_foreign` FOREIGN KEY (`syj_concepto_asoc_filtro_id`) REFERENCES `syj_concepto_asoc_filtros` (`id`),
  CONSTRAINT `syj_formato_sicoss_detalle_syj_concepto_tipo_id_desde_foreign` FOREIGN KEY (`syj_concepto_tipo_id_desde`) REFERENCES `syj_concepto_tipos` (`id`),
  CONSTRAINT `syj_formato_sicoss_detalle_syj_concepto_tipo_id_hasta_foreign` FOREIGN KEY (`syj_concepto_tipo_id_hasta`) REFERENCES `syj_concepto_tipos` (`id`),
  CONSTRAINT `syj_formato_sicoss_detalle_syj_convenio_id_foreign` FOREIGN KEY (`syj_convenio_id`) REFERENCES `syj_convenios` (`id`),
  CONSTRAINT `syj_formato_sicoss_detalle_syj_formato_sicoss_id_foreign` FOREIGN KEY (`syj_formato_sicoss_id`) REFERENCES `syj_formato_sicoss` (`id`),
  CONSTRAINT `syj_formato_sicoss_detalle_syj_funciones_sicoss_id_foreign` FOREIGN KEY (`syj_funciones_sicoss_id`) REFERENCES `syj_funciones_sicoss` (`id`)
) ENGINE=InnoDB AUTO_INCREMENT=2466 DEFAULT CHARSET=utf8mb4 COLLATE=utf8mb4_unicode_ci;

--
-- Dumping data for table `syj_formato_sicoss_detalle`
--

INSERT INTO `syj_formato_sicoss_detalle` VALUES (1,1,5,1,'CUIL',0.00,11,NULL,1,'STR_PAD_RIGHT',1,2,1,1,NULL,NULL,NULL,NULL,NULL,'',1,NULL,'2020-05-03 12:16:17',NULL),(2,1,5,2,'Apellido y Nombre',0.00,30,NULL,1,'STR_PAD_RIGHT',1,2,2,1,NULL,NULL,NULL,NULL,NULL,'',1,NULL,'2020-05-02 11:49:09',NULL),(3,1,5,3,'Conyuge',0.00,1,'0',4,'STR_PAD_RIGHT',1,2,3,1,NULL,NULL,NULL,NULL,NULL,'',1,NULL,'2020-05-03 14:00:13',NULL),(4,1,5,4,'Cantidad de Hijos',0.00,2,'0',1,'STR_PAD_LEFT',1,2,4,1,NULL,NULL,NULL,NULL,NULL,'',1,NULL,'2020-05-03 12:18:04',NULL),(5,1,5,5,'Codigo de Situacion',0.00,2,'0',1,'STR_PAD_LEFT',1,2,5,1,NULL,NULL,NULL,NULL,NULL,'',1,NULL,'2020-05-03 12:18:24',NULL),(6,NULL,5,6,'Codigo de Condicion',0.00,2,'0',1,'STR_PAD_LEFT',1,2,6,1,NULL,NULL,NULL,NULL,NULL,'',1,NULL,'2020-04-29 11:18:17',NULL),(7,NULL,5,7,'Codigo de Actividad',0.00,3,'0',1,'STR_PAD_LEFT',1,2,7,1,NULL,NULL,NULL,NULL,NULL,'',1,NULL,'2020-04-29 11:18:17',NULL),(8,NULL,5,8,'Codigo de Zona',0.00,2,'0',1,'STR_PAD_LEFT',1,2,8,1,NULL,NULL,NULL,NULL,NULL,'',1,NULL,'2020-04-29 11:18:17',NULL),(9,1,5,9,'Porcentaje de Aporte Adicional SS',0.00,5,NULL,3,'STR_PAD_LEFT',1,1,NULL,1,NULL,NULL,NULL,NULL,NULL,'',1,NULL,'2020-05-03 12:59:20',NULL),(10,NULL,5,10,'Codigo de Modalidad de Contratacion',0.00,3,'0',1,'STR_PAD_LEFT',1,2,9,1,NULL,NULL,NULL,NULL,NULL,'',1,NULL,'2020-04-29 11:18:17',NULL),(11,1,5,11,'Codigo de Obra Social',0.00,6,'0',1,'STR_PAD_LEFT',1,2,10,1,NULL,NULL,NULL,NULL,NULL,'',1,NULL,'2020-05-02 12:53:43',NULL),(12,1,5,12,'Cantidad de Adherentes',0.00,2,'0',1,'STR_PAD_LEFT',1,2,11,1,NULL,NULL,NULL,NULL,NULL,'',1,NULL,'2020-05-02 12:55:30',NULL),(13,1,5,13,'Remuneracion Total',0.00,12,NULL,3,'STR_PAD_LEFT',1,3,NULL,2,NULL,2,3,2,4,'',1,NULL,'2020-05-03 12:25:04',NULL),(14,1,5,14,'Remuneracion Imponible 1',0.00,12,NULL,3,'STR_PAD_LEFT',1,3,NULL,2,NULL,2,2,2,4,'',1,NULL,'2020-05-03 12:25:12',NULL),(15,1,5,15,'Asignaciones Familiares Pagadas',0.00,9,NULL,3,'STR_PAD_LEFT',1,1,NULL,1,NULL,NULL,NULL,NULL,NULL,'',1,NULL,'2020-05-02 12:57:07',NULL),(16,1,5,16,'Importe Aporte Voluntario',0.00,9,NULL,3,'STR_PAD_LEFT',1,1,NULL,1,NULL,NULL,NULL,NULL,NULL,'',1,NULL,'2020-05-02 12:57:14',NULL),(17,1,5,17,'Importe Adicional OS',0.00,9,NULL,3,'STR_PAD_LEFT',1,1,NULL,1,NULL,NULL,NULL,NULL,NULL,'',1,NULL,'2020-05-02 12:57:21',NULL),(18,1,5,18,'Importe Excedentes Aportes SS',0.00,9,NULL,3,'STR_PAD_LEFT',1,1,NULL,1,NULL,NULL,NULL,NULL,NULL,'',1,NULL,'2020-05-02 12:57:25',NULL),(19,1,5,19,'Importe Excedentes Aportes OS',0.00,9,NULL,3,'STR_PAD_LEFT',1,1,NULL,1,NULL,NULL,NULL,NULL,NULL,'',1,NULL,'2020-05-02 12:57:30',NULL),(20,1,5,20,'Provincia Localidad',0.00,50,NULL,1,'STR_PAD_RIGHT',1,2,12,1,NULL,NULL,NULL,NULL,NULL,'',1,NULL,'2020-05-02 13:29:03',NULL),(21,1,5,21,'Remuneracion Imponible 2',0.00,12,NULL,3,'STR_PAD_LEFT',1,3,NULL,2,NULL,2,2,2,4,'',1,NULL,'2020-05-03 12:28:27',NULL),(22,1,5,22,'Remuneracion Imponible 3',0.00,12,NULL,3,'STR_PAD_LEFT',1,3,NULL,2,NULL,2,2,2,4,'',1,NULL,'2020-05-03 12:28:33',NULL),(23,1,5,23,'Remuneracion Imponible 4',0.00,12,NULL,3,'STR_PAD_LEFT',1,3,26,3,NULL,NULL,NULL,2,3,'',1,NULL,'2020-05-27 16:01:16',NULL),(24,1,5,24,'Codigo de Siniestrado',0.00,2,'0',1,'STR_PAD_LEFT',1,2,13,1,NULL,NULL,NULL,NULL,NULL,'',1,NULL,'2020-05-02 12:59:35',NULL),(25,1,5,25,'Marca de Corresponde Reduccion',0.00,1,'0',4,'STR_PAD_LEFT',1,2,26,1,NULL,NULL,NULL,NULL,NULL,'',1,NULL,'2020-05-03 14:07:54',NULL),(26,1,5,26,'Capital de Recomposicion de LRT',0.00,9,NULL,3,'STR_PAD_LEFT',1,1,NULL,1,NULL,NULL,NULL,NULL,NULL,'',1,NULL,'2020-05-03 13:37:13',NULL),(27,1,5,27,'Tipo de Empresa',0.00,1,'0',1,'STR_PAD_LEFT',1,2,14,1,NULL,NULL,NULL,NULL,NULL,'',1,NULL,'2020-05-02 13:01:19',NULL),(28,1,5,28,'Aporte Adicional de Obra Social',0.00,9,NULL,3,'STR_PAD_LEFT',1,3,NULL,3,NULL,NULL,NULL,2,4,'',1,NULL,'2020-05-03 12:29:21',NULL),(29,1,5,29,'Regimen',0.00,1,NULL,1,'STR_PAD_LEFT',1,2,15,1,NULL,NULL,NULL,NULL,NULL,'',1,NULL,'2020-05-02 13:01:54',NULL);
INSERT INTO `syj_formato_sicoss_detalle` VALUES (30,1,5,30,'Situacion de Revista 1',0.00,2,'0',1,'STR_PAD_LEFT',1,2,16,1,NULL,NULL,NULL,NULL,NULL,'',1,NULL,'2020-05-02 13:02:04',NULL),(31,1,5,31,'Dia inicio Situacion Revista 1',0.00,2,'0',1,'STR_PAD_LEFT',1,2,17,1,NULL,NULL,NULL,NULL,NULL,'',1,NULL,'2020-05-02 13:02:17',NULL),(32,1,5,32,'Situacion de Revista 2',0.00,2,'0',1,'STR_PAD_LEFT',1,2,18,1,NULL,NULL,NULL,NULL,NULL,'',1,NULL,'2020-05-02 13:02:50',NULL),(33,1,5,33,'Dia inicio Situacion Revista 2',0.00,2,'0',1,'STR_PAD_LEFT',1,2,19,1,NULL,NULL,NULL,NULL,NULL,'',1,NULL,'2020-05-02 13:02:38',NULL),(34,1,5,34,'Situacion de Revista 3',0.00,2,'0',1,'STR_PAD_LEFT',1,2,20,1,NULL,NULL,NULL,NULL,NULL,'',1,NULL,'2020-05-02 13:03:01',NULL),(35,1,5,35,'Dia inicio Situacion Revista 3',0.00,2,'0',1,'STR_PAD_LEFT',1,2,21,1,NULL,NULL,NULL,NULL,NULL,'',1,NULL,'2020-05-02 13:03:10',NULL),(36,1,5,36,'Sueldo + Adicionales',0.00,12,NULL,3,'STR_PAD_LEFT',1,3,NULL,3,NULL,NULL,NULL,2,4,'',1,NULL,'2020-05-03 12:30:12',NULL),(37,1,5,37,'SAC',0.00,12,NULL,3,'STR_PAD_LEFT',1,3,NULL,3,NULL,NULL,NULL,2,4,'',1,NULL,'2020-05-03 12:30:19',NULL),(38,1,5,38,'Horas Extra',0.00,12,NULL,3,'STR_PAD_LEFT',1,3,NULL,3,NULL,NULL,NULL,2,4,'',1,NULL,'2020-05-27 00:02:29',NULL),(39,1,5,39,'Zona desfavorable',0.00,12,NULL,3,'STR_PAD_LEFT',1,1,NULL,1,NULL,NULL,NULL,NULL,NULL,'',1,NULL,'2020-05-02 13:03:46',NULL),(40,88,5,40,'Vacaciones',0.00,12,NULL,3,'STR_PAD_LEFT',1,3,NULL,3,NULL,NULL,NULL,2,4,'',1,NULL,'2020-05-27 09:05:00',NULL),(41,88,5,41,'Cantidad de dias trabajados',0.00,9,'0',2,'STR_PAD_LEFT',1,3,NULL,3,NULL,NULL,NULL,2,2,'',1,NULL,'2020-05-27 09:05:14',NULL),(42,1,5,42,'Remuneracion Imponible 5',0.00,12,NULL,3,'STR_PAD_LEFT',1,3,NULL,2,NULL,2,2,2,4,'',1,NULL,'2020-05-03 12:31:27',NULL),(43,1,5,43,'Trabajador Convencionado',0.00,1,'0',4,'STR_PAD_LEFT',1,2,22,1,NULL,NULL,NULL,NULL,NULL,'',1,NULL,'2020-05-03 13:58:08',NULL),(44,1,5,44,'Remuneracion Imponible 6',0.00,12,NULL,3,'STR_PAD_LEFT',1,1,NULL,1,NULL,NULL,NULL,NULL,NULL,'',1,NULL,'2020-05-02 13:04:46',NULL),(45,1,5,45,'Tipo de Operacion',0.00,1,NULL,3,'STR_PAD_LEFT',1,1,NULL,1,NULL,NULL,NULL,NULL,NULL,'',1,NULL,'2020-05-03 13:57:50',NULL),(46,88,5,46,'Adicionales',0.00,12,NULL,3,'STR_PAD_LEFT',1,3,NULL,3,NULL,NULL,NULL,2,4,'',1,NULL,'2020-05-27 09:05:26',NULL),(47,88,5,47,'Premios',0.00,12,NULL,3,'STR_PAD_LEFT',1,3,NULL,3,NULL,NULL,NULL,2,4,'',1,NULL,'2020-05-27 09:05:33',NULL),(48,88,5,48,'Remuneracion Imponible 8',0.00,12,'0',3,'STR_PAD_LEFT',1,3,NULL,3,NULL,2,2,2,3,'',1,NULL,'2020-05-27 09:04:17',NULL),(49,1,5,49,'Remuneracion Imponible 7',0.00,12,NULL,3,'STR_PAD_LEFT',1,1,NULL,1,NULL,NULL,NULL,NULL,NULL,'',1,NULL,'2020-05-02 13:06:15',NULL),(50,88,5,50,'Cantidad de Horas Extras',0.00,3,'0',2,'STR_PAD_LEFT',1,3,NULL,3,NULL,NULL,NULL,2,2,'',1,NULL,'2020-05-27 09:05:39',NULL),(51,88,5,51,'Conceptos No Remunerativos',0.00,12,NULL,3,'STR_PAD_LEFT',1,3,NULL,2,NULL,3,3,2,4,'',1,NULL,'2020-05-27 09:05:46',NULL),(52,1,5,52,'Maternidad',0.00,12,NULL,3,'STR_PAD_LEFT',1,3,NULL,3,NULL,NULL,NULL,2,4,'',1,NULL,'2020-05-03 12:32:52',NULL),(53,1,5,53,'Rectificacion de remuneraciones',0.00,9,NULL,3,'STR_PAD_LEFT',1,1,NULL,1,NULL,NULL,NULL,NULL,NULL,'',1,NULL,'2020-05-02 13:07:28',NULL),(54,1,5,54,'Remuneracion Imponible 9',0.00,12,NULL,3,'STR_PAD_LEFT',1,3,NULL,2,NULL,2,3,2,4,'',1,NULL,'2020-05-03 12:33:17',NULL),(55,1,5,55,'Contribucion tarea diferencial (%)',0.00,9,NULL,3,'STR_PAD_LEFT',1,1,NULL,1,NULL,NULL,NULL,NULL,NULL,'',1,NULL,'2020-05-02 13:07:48',NULL),(56,1,5,56,'Horas Trabajadas',0.00,3,'0',1,'STR_PAD_LEFT',1,2,26,1,NULL,NULL,NULL,NULL,NULL,'',1,NULL,'2020-05-03 13:28:57',NULL),(57,1,5,57,'Seguro Colectivo de Vida Obligatorio',0.00,1,'0',4,'STR_PAD_LEFT',1,2,24,1,NULL,NULL,NULL,NULL,NULL,'',1,NULL,'2020-05-03 13:58:36',NULL),(58,1,5,58,'Importe a detraer Ley 27430',0.00,12,NULL,3,'STR_PAD_LEFT',1,1,NULL,1,NULL,NULL,NULL,NULL,NULL,'',1,NULL,'2020-05-02 13:08:33',NULL);
INSERT INTO `syj_formato_sicoss_detalle` VALUES (59,88,5,59,'Incremento Salarial',0.00,12,NULL,3,'STR_PAD_LEFT',1,3,NULL,3,NULL,NULL,NULL,2,4,NULL,1,NULL,'2020-05-27 09:06:04',NULL),(60,1,5,60,'Remuneracion Imponible 11',0.00,12,NULL,3,'STR_PAD_LEFT',1,1,NULL,1,NULL,NULL,NULL,NULL,NULL,NULL,1,NULL,'2020-05-03 13:21:29',NULL),(61,NULL,6,1,'CUIL',0.00,11,NULL,1,'STR_PAD_RIGHT',1,2,1,1,NULL,NULL,NULL,NULL,NULL,'',1,NULL,NULL,NULL),(62,NULL,6,2,'Apellido y Nombre',0.00,30,NULL,1,'STR_PAD_RIGHT',1,2,2,1,NULL,NULL,NULL,NULL,NULL,'',1,NULL,NULL,NULL),(63,NULL,6,3,'Conyuge',0.00,1,'0',4,'STR_PAD_RIGHT',1,2,3,1,NULL,NULL,NULL,NULL,NULL,'',1,NULL,NULL,NULL),(64,NULL,6,4,'Cantidad de Hijos',0.00,2,'0',1,'STR_PAD_LEFT',1,2,4,1,NULL,NULL,NULL,NULL,NULL,'',1,NULL,NULL,NULL),(65,NULL,6,5,'Codigo de Situacion',0.00,2,'0',1,'STR_PAD_LEFT',1,2,5,1,NULL,NULL,NULL,NULL,NULL,'',1,NULL,NULL,NULL),(66,NULL,6,6,'Codigo de Condicion',0.00,2,'0',1,'STR_PAD_LEFT',1,2,6,1,NULL,NULL,NULL,NULL,NULL,'',1,NULL,NULL,NULL),(67,NULL,6,7,'Codigo de Actividad',0.00,3,'0',1,'STR_PAD_LEFT',1,2,7,1,NULL,NULL,NULL,NULL,NULL,'',1,NULL,NULL,NULL),(68,NULL,6,8,'Codigo de Zona',0.00,2,'0',1,'STR_PAD_LEFT',1,2,8,1,NULL,NULL,NULL,NULL,NULL,'',1,NULL,NULL,NULL),(69,NULL,6,9,'Porcentaje de Aporte Adicional SS',0.00,5,NULL,3,'STR_PAD_LEFT',1,1,NULL,1,NULL,NULL,NULL,NULL,NULL,'',1,NULL,NULL,NULL),(70,NULL,6,10,'Codigo de Modalidad de Contratacion',0.00,3,'0',1,'STR_PAD_LEFT',1,2,9,1,NULL,NULL,NULL,NULL,NULL,'',1,NULL,NULL,NULL),(71,NULL,6,11,'Codigo de Obra Social',0.00,6,'0',1,'STR_PAD_LEFT',1,2,10,1,NULL,NULL,NULL,NULL,NULL,'',1,NULL,NULL,NULL),(72,NULL,6,12,'Cantidad de Adherentes',0.00,2,'0',1,'STR_PAD_LEFT',1,2,11,1,NULL,NULL,NULL,NULL,NULL,'',1,NULL,NULL,NULL),(73,NULL,6,13,'Remuneracion Total',0.00,12,NULL,3,'STR_PAD_LEFT',1,3,NULL,2,NULL,2,3,2,4,'',1,NULL,NULL,NULL),(74,NULL,6,14,'Remuneracion Imponible 1',0.00,12,NULL,3,'STR_PAD_LEFT',1,3,NULL,2,NULL,2,2,2,4,'',1,NULL,NULL,NULL),(75,NULL,6,15,'Asignaciones Familiares Pagadas',0.00,9,NULL,3,'STR_PAD_LEFT',1,1,NULL,1,NULL,NULL,NULL,NULL,NULL,'',1,NULL,NULL,NULL),(76,NULL,6,16,'Importe Aporte Voluntario',0.00,9,NULL,3,'STR_PAD_LEFT',1,1,NULL,1,NULL,NULL,NULL,NULL,NULL,'',1,NULL,NULL,NULL),(77,NULL,6,17,'Importe Adicional OS',0.00,9,NULL,3,'STR_PAD_LEFT',1,1,NULL,1,NULL,NULL,NULL,NULL,NULL,'',1,NULL,NULL,NULL),(78,NULL,6,18,'Importe Excedentes Aportes SS',0.00,9,NULL,3,'STR_PAD_LEFT',1,1,NULL,1,NULL,NULL,NULL,NULL,NULL,'',1,NULL,NULL,NULL),(79,NULL,6,19,'Importe Excedentes Aportes OS',0.00,9,NULL,3,'STR_PAD_LEFT',1,1,NULL,1,NULL,NULL,NULL,NULL,NULL,'',1,NULL,NULL,NULL),(80,NULL,6,20,'Provincia Localidad',0.00,50,NULL,1,'STR_PAD_RIGHT',1,2,12,1,NULL,NULL,NULL,NULL,NULL,'',1,NULL,NULL,NULL),(81,NULL,6,21,'Remuneracion Imponible 2',0.00,12,NULL,3,'STR_PAD_LEFT',1,3,NULL,2,NULL,2,2,2,4,'',1,NULL,NULL,NULL),(82,NULL,6,22,'Remuneracion Imponible 3',0.00,12,NULL,3,'STR_PAD_LEFT',1,3,NULL,2,NULL,2,2,2,4,'',1,NULL,NULL,NULL),(83,3799,6,23,'Remuneracion Imponible 4',0.00,12,NULL,3,'STR_PAD_LEFT',1,3,26,2,NULL,2,2,2,4,'',1,NULL,'2022-03-29 10:40:23',NULL),(84,NULL,6,24,'Codigo de Siniestrado',0.00,2,'0',1,'STR_PAD_LEFT',1,2,13,1,NULL,NULL,NULL,NULL,NULL,'',1,NULL,NULL,NULL),(85,NULL,6,25,'Marca de Corresponde Reduccion',0.00,1,'0',4,'STR_PAD_LEFT',1,2,26,1,NULL,NULL,NULL,NULL,NULL,'',1,NULL,NULL,NULL),(86,NULL,6,26,'Capital de Recomposicion de LRT',0.00,9,NULL,3,'STR_PAD_LEFT',1,1,NULL,1,NULL,NULL,NULL,NULL,NULL,'',1,NULL,NULL,NULL),(87,NULL,6,27,'Tipo de Empresa',0.00,1,'0',1,'STR_PAD_LEFT',1,2,14,1,NULL,NULL,NULL,NULL,NULL,'',1,NULL,NULL,NULL),(88,3799,6,28,'Aporte Adicional de Obra Social',0.00,9,NULL,3,'STR_PAD_LEFT',1,3,NULL,3,NULL,NULL,NULL,2,4,'',1,NULL,'2021-05-03 12:11:13',NULL),(89,NULL,6,29,'Regimen',0.00,1,NULL,1,'STR_PAD_LEFT',1,2,15,1,NULL,NULL,NULL,NULL,NULL,'',1,NULL,NULL,NULL),(90,NULL,6,30,'Situacion de Revista 1',0.00,2,'0',1,'STR_PAD_LEFT',1,2,16,1,NULL,NULL,NULL,NULL,NULL,'',1,NULL,NULL,NULL);
INSERT INTO `syj_formato_sicoss_detalle` VALUES (91,NULL,6,31,'Dia inicio Situacion Revista 1',0.00,2,'0',1,'STR_PAD_LEFT',1,2,17,1,NULL,NULL,NULL,NULL,NULL,'',1,NULL,NULL,NULL),(92,NULL,6,32,'Situacion de Revista 2',0.00,2,'0',1,'STR_PAD_LEFT',1,2,18,1,NULL,NULL,NULL,NULL,NULL,'',1,NULL,NULL,NULL),(93,NULL,6,33,'Dia inicio Situacion Revista 2',0.00,2,'0',1,'STR_PAD_LEFT',1,2,19,1,NULL,NULL,NULL,NULL,NULL,'',1,NULL,NULL,NULL),(94,NULL,6,34,'Situacion de Revista 3',0.00,2,'0',1,'STR_PAD_LEFT',1,2,20,1,NULL,NULL,NULL,NULL,NULL,'',1,NULL,NULL,NULL),(95,NULL,6,35,'Dia inicio Situacion Revista 3',0.00,2,'0',1,'STR_PAD_LEFT',1,2,21,1,NULL,NULL,NULL,NULL,NULL,'',1,NULL,NULL,NULL),(96,1,6,36,'Sueldo + Adicionales',0.00,12,NULL,3,'STR_PAD_LEFT',1,3,NULL,3,NULL,NULL,NULL,2,4,'',1,NULL,'2020-05-27 16:05:41',NULL),(97,1,6,37,'SAC',0.00,12,NULL,3,'STR_PAD_LEFT',1,3,NULL,3,NULL,NULL,NULL,2,4,'',1,NULL,'2020-05-27 16:09:31',NULL),(98,3799,6,38,'Horas Extra',0.00,12,NULL,3,'STR_PAD_LEFT',1,3,NULL,3,NULL,NULL,NULL,2,4,'',1,NULL,'2021-05-03 11:37:01',NULL),(99,NULL,6,39,'Zona desfavorable',0.00,12,NULL,3,'STR_PAD_LEFT',1,1,NULL,1,NULL,NULL,NULL,NULL,NULL,'',1,NULL,NULL,NULL),(100,1,6,40,'Vacaciones',0.00,12,NULL,3,'STR_PAD_LEFT',1,3,NULL,3,NULL,NULL,NULL,2,4,'',1,NULL,'2020-05-27 00:03:26',NULL),(101,1,6,41,'Cantidad de dias trabajados',0.00,9,'0',2,'STR_PAD_LEFT',1,3,NULL,3,NULL,NULL,NULL,2,2,'',1,NULL,'2020-05-27 00:04:22',NULL),(102,NULL,6,42,'Remuneracion Imponible 5',0.00,12,NULL,3,'STR_PAD_LEFT',1,3,NULL,2,NULL,2,2,2,4,'',1,NULL,NULL,NULL),(103,NULL,6,43,'Trabajador Convencionado',0.00,1,'0',4,'STR_PAD_LEFT',1,2,22,1,NULL,NULL,NULL,NULL,NULL,'',1,NULL,NULL,NULL),(104,NULL,6,44,'Remuneracion Imponible 6',0.00,12,NULL,3,'STR_PAD_LEFT',1,1,NULL,1,NULL,NULL,NULL,NULL,NULL,'',1,NULL,NULL,NULL),(105,NULL,6,45,'Tipo de Operacion',0.00,1,NULL,3,'STR_PAD_LEFT',1,1,NULL,1,NULL,NULL,NULL,NULL,NULL,'',1,NULL,NULL,NULL),(106,3799,6,46,'Adicionales',0.00,12,NULL,3,'STR_PAD_LEFT',1,3,NULL,3,NULL,NULL,NULL,2,4,'',1,NULL,'2021-05-03 11:36:30',NULL),(107,1,6,47,'Premios',0.00,12,NULL,3,'STR_PAD_LEFT',1,3,NULL,3,NULL,NULL,NULL,2,4,'',1,NULL,'2020-05-27 00:05:51',NULL),(108,1,6,48,'Remuneracion Imponible 8',0.00,12,'0',3,'STR_PAD_LEFT',1,3,NULL,3,NULL,2,2,2,3,'',1,NULL,'2020-05-27 00:06:21',NULL),(109,NULL,6,49,'Remuneracion Imponible 7',0.00,12,NULL,3,'STR_PAD_LEFT',1,1,NULL,1,NULL,NULL,NULL,NULL,NULL,'',1,NULL,NULL,NULL),(110,3799,6,50,'Cantidad de Horas Extras',0.00,3,'0',2,'STR_PAD_LEFT',1,3,NULL,3,NULL,NULL,NULL,2,2,'',1,NULL,'2021-05-03 11:36:44',NULL),(111,NULL,6,51,'Conceptos No Remunerativos',0.00,12,NULL,3,'STR_PAD_LEFT',1,3,NULL,2,NULL,3,3,2,4,'',1,NULL,NULL,NULL),(112,1,6,52,'Maternidad',0.00,12,NULL,3,'STR_PAD_LEFT',1,3,NULL,3,NULL,NULL,NULL,2,4,'',1,NULL,'2020-05-27 00:07:33',NULL),(113,NULL,6,53,'Rectificacion de remuneraciones',0.00,9,NULL,3,'STR_PAD_LEFT',1,1,NULL,1,NULL,NULL,NULL,NULL,NULL,'',1,NULL,NULL,NULL),(114,NULL,6,54,'Remuneracion Imponible 9',0.00,12,NULL,3,'STR_PAD_LEFT',1,3,NULL,2,NULL,2,3,2,4,'',1,NULL,NULL,NULL),(115,NULL,6,55,'Contribucion tarea diferencial (%)',0.00,9,NULL,3,'STR_PAD_LEFT',1,1,NULL,1,NULL,NULL,NULL,NULL,NULL,'',1,NULL,NULL,NULL),(116,NULL,6,56,'Horas Trabajadas',0.00,3,'0',1,'STR_PAD_LEFT',1,2,26,1,NULL,NULL,NULL,NULL,NULL,'',1,NULL,NULL,NULL),(117,NULL,6,57,'Seguro Colectivo de Vida Obligatorio',0.00,1,'0',4,'STR_PAD_LEFT',1,2,24,1,NULL,NULL,NULL,NULL,NULL,'',1,NULL,NULL,NULL),(118,NULL,6,58,'Importe a detraer Ley 27430',0.00,12,NULL,3,'STR_PAD_LEFT',1,1,NULL,1,NULL,NULL,NULL,NULL,NULL,'',1,NULL,NULL,NULL),(119,1,6,59,'Incremento Salarial',0.00,12,NULL,3,'STR_PAD_LEFT',1,3,NULL,3,NULL,NULL,NULL,2,4,NULL,1,NULL,'2020-05-27 00:08:13',NULL),(120,NULL,6,60,'Remuneracion Imponible 11',0.00,12,NULL,3,'STR_PAD_LEFT',1,1,NULL,1,NULL,NULL,NULL,NULL,NULL,NULL,1,NULL,NULL,NULL),(124,NULL,7,1,'CUIL',0.00,11,NULL,1,'STR_PAD_RIGHT',1,2,1,1,NULL,NULL,NULL,NULL,NULL,'',1,NULL,NULL,NULL);
INSERT INTO `syj_formato_sicoss_detalle` VALUES (125,NULL,7,2,'Apellido y Nombre',0.00,30,NULL,1,'STR_PAD_RIGHT',1,2,2,1,NULL,NULL,NULL,NULL,NULL,'',1,NULL,NULL,NULL),(126,NULL,7,3,'Conyuge',0.00,1,'0',4,'STR_PAD_RIGHT',1,2,3,1,NULL,NULL,NULL,NULL,NULL,'',1,NULL,NULL,NULL),(127,NULL,7,4,'Cantidad de Hijos',0.00,2,'0',1,'STR_PAD_LEFT',1,2,4,1,NULL,NULL,NULL,NULL,NULL,'',1,NULL,NULL,NULL),(128,NULL,7,5,'Codigo de Situacion',0.00,2,'0',1,'STR_PAD_LEFT',1,2,5,1,NULL,NULL,NULL,NULL,NULL,'',1,NULL,NULL,NULL),(129,NULL,7,6,'Codigo de Condicion',0.00,2,'0',1,'STR_PAD_LEFT',1,2,6,1,NULL,NULL,NULL,NULL,NULL,'',1,NULL,NULL,NULL),(130,NULL,7,7,'Codigo de Actividad',0.00,3,'0',1,'STR_PAD_LEFT',1,2,7,1,NULL,NULL,NULL,NULL,NULL,'',1,NULL,NULL,NULL),(131,NULL,7,8,'Codigo de Zona',0.00,2,'0',1,'STR_PAD_LEFT',1,2,8,1,NULL,NULL,NULL,NULL,NULL,'',1,NULL,NULL,NULL),(132,1,7,9,'Porcentaje de Aporte Adicional SS',0.00,5,NULL,3,'STR_PAD_LEFT',1,1,NULL,1,NULL,NULL,NULL,NULL,NULL,'',1,NULL,'2020-05-27 10:18:14',NULL),(133,NULL,7,10,'Codigo de Modalidad de Contratacion',0.00,3,'0',1,'STR_PAD_LEFT',1,2,9,1,NULL,NULL,NULL,NULL,NULL,'',1,NULL,NULL,NULL),(134,NULL,7,11,'Codigo de Obra Social',0.00,6,'0',1,'STR_PAD_LEFT',1,2,10,1,NULL,NULL,NULL,NULL,NULL,'',1,NULL,NULL,NULL),(135,NULL,7,12,'Cantidad de Adherentes',0.00,2,'0',1,'STR_PAD_LEFT',1,2,11,1,NULL,NULL,NULL,NULL,NULL,'',1,NULL,NULL,NULL),(136,NULL,7,13,'Remuneracion Total',0.00,12,NULL,3,'STR_PAD_LEFT',1,3,NULL,2,NULL,2,3,2,4,'',1,NULL,NULL,NULL),(137,NULL,7,14,'Remuneracion Imponible 1',0.00,12,NULL,3,'STR_PAD_LEFT',1,3,NULL,2,NULL,2,2,2,4,'',1,NULL,NULL,NULL),(138,1,7,15,'Asignaciones Familiares Pagadas',0.00,9,NULL,3,'STR_PAD_LEFT',1,1,NULL,1,NULL,NULL,NULL,NULL,NULL,'',1,NULL,'2020-05-27 10:18:45',NULL),(139,NULL,7,16,'Importe Aporte Voluntario',0.00,9,NULL,3,'STR_PAD_LEFT',1,1,NULL,1,NULL,NULL,NULL,NULL,NULL,'',1,NULL,NULL,NULL),(140,NULL,7,17,'Importe Adicional OS',0.00,9,NULL,3,'STR_PAD_LEFT',1,1,NULL,1,NULL,NULL,NULL,NULL,NULL,'',1,NULL,NULL,NULL),(141,NULL,7,18,'Importe Excedentes Aportes SS',0.00,9,NULL,3,'STR_PAD_LEFT',1,1,NULL,1,NULL,NULL,NULL,NULL,NULL,'',1,NULL,NULL,NULL),(142,NULL,7,19,'Importe Excedentes Aportes OS',0.00,9,NULL,3,'STR_PAD_LEFT',1,1,NULL,1,NULL,NULL,NULL,NULL,NULL,'',1,NULL,NULL,NULL),(143,NULL,7,20,'Provincia Localidad',0.00,50,NULL,1,'STR_PAD_RIGHT',1,2,12,1,NULL,NULL,NULL,NULL,NULL,'',1,NULL,NULL,NULL),(144,NULL,7,21,'Remuneracion Imponible 2',0.00,12,NULL,3,'STR_PAD_LEFT',1,3,NULL,2,NULL,2,2,2,4,'',1,NULL,NULL,NULL),(145,NULL,7,22,'Remuneracion Imponible 3',0.00,12,NULL,3,'STR_PAD_LEFT',1,3,NULL,2,NULL,2,2,2,4,'',1,NULL,NULL,NULL),(146,1,7,23,'Remuneracion Imponible 4',0.00,12,NULL,3,'STR_PAD_LEFT',1,3,NULL,2,NULL,2,2,2,4,'',1,NULL,'2020-05-27 13:48:22',NULL),(147,NULL,7,24,'Codigo de Siniestrado',0.00,2,'0',1,'STR_PAD_LEFT',1,2,13,1,NULL,NULL,NULL,NULL,NULL,'',1,NULL,NULL,NULL),(148,NULL,7,25,'Marca de Corresponde Reduccion',0.00,1,'0',4,'STR_PAD_LEFT',1,2,26,1,NULL,NULL,NULL,NULL,NULL,'',1,NULL,NULL,NULL),(149,NULL,7,26,'Capital de Recomposicion de LRT',0.00,9,NULL,3,'STR_PAD_LEFT',1,1,NULL,1,NULL,NULL,NULL,NULL,NULL,'',1,NULL,NULL,NULL),(150,NULL,7,27,'Tipo de Empresa',0.00,1,'0',1,'STR_PAD_LEFT',1,2,14,1,NULL,NULL,NULL,NULL,NULL,'',1,NULL,NULL,NULL),(151,NULL,7,28,'Aporte Adicional de Obra Social',0.00,9,NULL,3,'STR_PAD_LEFT',1,3,NULL,3,NULL,NULL,NULL,2,4,'',1,NULL,NULL,NULL),(152,NULL,7,29,'Regimen',0.00,1,NULL,1,'STR_PAD_LEFT',1,2,15,1,NULL,NULL,NULL,NULL,NULL,'',1,NULL,NULL,NULL),(153,NULL,7,30,'Situacion de Revista 1',0.00,2,'0',1,'STR_PAD_LEFT',1,2,16,1,NULL,NULL,NULL,NULL,NULL,'',1,NULL,NULL,NULL),(154,NULL,7,31,'Dia inicio Situacion Revista 1',0.00,2,'0',1,'STR_PAD_LEFT',1,2,17,1,NULL,NULL,NULL,NULL,NULL,'',1,NULL,NULL,NULL),(155,NULL,7,32,'Situacion de Revista 2',0.00,2,'0',1,'STR_PAD_LEFT',1,2,18,1,NULL,NULL,NULL,NULL,NULL,'',1,NULL,NULL,NULL),(156,NULL,7,33,'Dia inicio Situacion Revista 2',0.00,2,'0',1,'STR_PAD_LEFT',1,2,19,1,NULL,NULL,NULL,NULL,NULL,'',1,NULL,NULL,NULL);
INSERT INTO `syj_formato_sicoss_detalle` VALUES (157,NULL,7,34,'Situacion de Revista 3',0.00,2,'0',1,'STR_PAD_LEFT',1,2,20,1,NULL,NULL,NULL,NULL,NULL,'',1,NULL,NULL,NULL),(158,NULL,7,35,'Dia inicio Situacion Revista 3',0.00,2,'0',1,'STR_PAD_LEFT',1,2,21,1,NULL,NULL,NULL,NULL,NULL,'',1,NULL,NULL,NULL),(159,88,7,36,'Sueldo + Adicionales',0.00,12,NULL,3,'STR_PAD_LEFT',1,3,NULL,3,NULL,NULL,NULL,2,4,'',1,NULL,'2020-05-27 09:18:43',NULL),(160,88,7,37,'SAC',0.00,12,NULL,3,'STR_PAD_LEFT',1,3,NULL,3,NULL,NULL,NULL,2,4,'',1,NULL,'2020-05-27 09:18:31',NULL),(161,88,7,38,'Horas Extra',0.00,12,NULL,3,'STR_PAD_LEFT',1,3,NULL,3,NULL,NULL,NULL,2,4,'',1,NULL,'2020-05-27 09:19:10',NULL),(162,NULL,7,39,'Zona desfavorable',0.00,12,NULL,3,'STR_PAD_LEFT',1,1,NULL,1,NULL,NULL,NULL,NULL,NULL,'',1,NULL,NULL,NULL),(163,88,7,40,'Vacaciones',0.00,12,NULL,3,'STR_PAD_LEFT',1,3,NULL,3,NULL,NULL,NULL,2,4,'',1,NULL,'2020-05-27 09:19:34',NULL),(164,1,7,41,'Cantidad de dias trabajados',0.00,9,NULL,2,'STR_PAD_LEFT',1,3,NULL,3,NULL,NULL,NULL,2,2,'',1,NULL,'2020-05-27 10:13:50',NULL),(165,NULL,7,42,'Remuneracion Imponible 5',0.00,12,NULL,3,'STR_PAD_LEFT',1,3,NULL,2,NULL,2,2,2,4,'',1,NULL,NULL,NULL),(166,NULL,7,43,'Trabajador Convencionado',0.00,1,'0',4,'STR_PAD_LEFT',1,2,22,1,NULL,NULL,NULL,NULL,NULL,'',1,NULL,NULL,NULL),(167,NULL,7,44,'Remuneracion Imponible 6',0.00,12,NULL,3,'STR_PAD_LEFT',1,1,NULL,1,NULL,NULL,NULL,NULL,NULL,'',1,NULL,NULL,NULL),(168,NULL,7,45,'Tipo de Operacion',0.00,1,NULL,3,'STR_PAD_LEFT',1,1,NULL,1,NULL,NULL,NULL,NULL,NULL,'',1,NULL,NULL,NULL),(169,88,7,46,'Adicionales',0.00,12,NULL,3,'STR_PAD_LEFT',1,3,NULL,3,NULL,NULL,NULL,2,4,'',1,NULL,'2020-05-27 09:20:16',NULL),(170,88,7,47,'Premios',0.00,12,NULL,3,'STR_PAD_LEFT',1,3,NULL,3,NULL,NULL,NULL,2,4,'',1,NULL,'2020-05-27 09:20:49',NULL),(171,1,7,48,'Remuneracion Imponible 8',0.00,12,NULL,3,'STR_PAD_LEFT',1,3,NULL,2,NULL,2,2,2,4,'',1,NULL,'2020-05-27 10:35:06',NULL),(172,NULL,7,49,'Remuneracion Imponible 7',0.00,12,NULL,3,'STR_PAD_LEFT',1,1,NULL,1,NULL,NULL,NULL,NULL,NULL,'',1,NULL,NULL,NULL),(173,88,7,50,'Cantidad de Horas Extras',0.00,3,'0',2,'STR_PAD_LEFT',1,3,NULL,3,NULL,NULL,NULL,2,2,'',1,NULL,'2020-05-27 09:21:13',NULL),(174,88,7,51,'Conceptos No Remunerativos',0.00,12,NULL,3,'STR_PAD_LEFT',1,3,NULL,2,NULL,3,3,2,4,'',1,NULL,'2020-05-27 09:21:20',NULL),(175,NULL,7,52,'Maternidad',0.00,12,NULL,3,'STR_PAD_LEFT',1,3,NULL,3,NULL,NULL,NULL,2,4,'',1,NULL,NULL,NULL),(176,NULL,7,53,'Rectificacion de remuneraciones',0.00,9,NULL,3,'STR_PAD_LEFT',1,1,NULL,1,NULL,NULL,NULL,NULL,NULL,'',1,NULL,NULL,NULL),(177,NULL,7,54,'Remuneracion Imponible 9',0.00,12,NULL,3,'STR_PAD_LEFT',1,3,NULL,2,NULL,2,3,2,4,'',1,NULL,NULL,NULL),(178,NULL,7,55,'Contribucion tarea diferencial (%)',0.00,9,NULL,3,'STR_PAD_LEFT',1,1,NULL,1,NULL,NULL,NULL,NULL,NULL,'',1,NULL,NULL,NULL),(179,NULL,7,56,'Horas Trabajadas',0.00,3,'0',1,'STR_PAD_LEFT',1,2,26,1,NULL,NULL,NULL,NULL,NULL,'',1,NULL,NULL,NULL),(180,NULL,7,57,'Seguro Colectivo de Vida Obligatorio',0.00,1,'0',4,'STR_PAD_LEFT',1,2,24,1,NULL,NULL,NULL,NULL,NULL,'',1,NULL,NULL,NULL),(181,NULL,7,58,'Importe a detraer Ley 27430',0.00,12,NULL,3,'STR_PAD_LEFT',1,1,NULL,1,NULL,NULL,NULL,NULL,NULL,'',1,NULL,NULL,NULL),(182,NULL,7,59,'Incremento Salarial',0.00,12,NULL,3,'STR_PAD_LEFT',1,3,NULL,3,NULL,NULL,NULL,2,4,NULL,1,NULL,NULL,NULL),(183,NULL,7,60,'Remuneracion Imponible 11',0.00,12,NULL,3,'STR_PAD_LEFT',1,1,NULL,1,NULL,NULL,NULL,NULL,NULL,NULL,1,NULL,NULL,NULL),(187,NULL,13,1,'CUIL',0.00,11,NULL,1,'STR_PAD_RIGHT',1,2,1,1,NULL,NULL,NULL,NULL,NULL,'',1,NULL,NULL,NULL),(188,NULL,13,2,'Apellido y Nombre',0.00,30,NULL,1,'STR_PAD_RIGHT',1,2,2,1,NULL,NULL,NULL,NULL,NULL,'',1,NULL,NULL,NULL),(189,NULL,13,3,'Conyuge',0.00,1,'0',4,'STR_PAD_RIGHT',1,2,3,1,NULL,NULL,NULL,NULL,NULL,'',1,NULL,NULL,NULL),(190,NULL,13,4,'Cantidad de Hijos',0.00,2,'0',1,'STR_PAD_LEFT',1,2,4,1,NULL,NULL,NULL,NULL,NULL,'',1,NULL,NULL,NULL),(191,NULL,13,5,'Codigo de Situacion',0.00,2,'0',1,'STR_PAD_LEFT',1,2,5,1,NULL,NULL,NULL,NULL,NULL,'',1,NULL,NULL,NULL);
INSERT INTO `syj_formato_sicoss_detalle` VALUES (192,NULL,13,6,'Codigo de Condicion',0.00,2,'0',1,'STR_PAD_LEFT',1,2,6,1,NULL,NULL,NULL,NULL,NULL,'',1,NULL,NULL,NULL),(193,NULL,13,7,'Codigo de Actividad',0.00,3,'0',1,'STR_PAD_LEFT',1,2,7,1,NULL,NULL,NULL,NULL,NULL,'',1,NULL,NULL,NULL),(194,NULL,13,8,'Codigo de Zona',0.00,2,'0',1,'STR_PAD_LEFT',1,2,8,1,NULL,NULL,NULL,NULL,NULL,'',1,NULL,NULL,NULL),(195,NULL,13,9,'Porcentaje de Aporte Adicional SS',0.00,5,NULL,3,'STR_PAD_LEFT',1,1,NULL,1,NULL,NULL,NULL,NULL,NULL,'',1,NULL,NULL,NULL),(196,NULL,13,10,'Codigo de Modalidad de Contratacion',0.00,3,'0',1,'STR_PAD_LEFT',1,2,9,1,NULL,NULL,NULL,NULL,NULL,'',1,NULL,NULL,NULL),(197,NULL,13,11,'Codigo de Obra Social',0.00,6,'0',1,'STR_PAD_LEFT',1,2,10,1,NULL,NULL,NULL,NULL,NULL,'',1,NULL,NULL,NULL),(198,NULL,13,12,'Cantidad de Adherentes',0.00,2,'0',1,'STR_PAD_LEFT',1,2,11,1,NULL,NULL,NULL,NULL,NULL,'',1,NULL,NULL,NULL),(199,NULL,13,13,'Remuneracion Total',0.00,12,NULL,3,'STR_PAD_LEFT',1,3,NULL,2,NULL,2,3,2,4,'',1,NULL,NULL,NULL),(200,NULL,13,14,'Remuneracion Imponible 1',0.00,12,NULL,3,'STR_PAD_LEFT',1,3,NULL,2,NULL,2,2,2,4,'',1,NULL,NULL,NULL),(201,NULL,13,15,'Asignaciones Familiares Pagadas',0.00,9,NULL,3,'STR_PAD_LEFT',1,1,NULL,1,NULL,NULL,NULL,NULL,NULL,'',1,NULL,NULL,NULL),(202,NULL,13,16,'Importe Aporte Voluntario',0.00,9,NULL,3,'STR_PAD_LEFT',1,1,NULL,1,NULL,NULL,NULL,NULL,NULL,'',1,NULL,NULL,NULL),(203,NULL,13,17,'Importe Adicional OS',0.00,9,NULL,3,'STR_PAD_LEFT',1,1,NULL,1,NULL,NULL,NULL,NULL,NULL,'',1,NULL,NULL,NULL),(204,NULL,13,18,'Importe Excedentes Aportes SS',0.00,9,NULL,3,'STR_PAD_LEFT',1,1,NULL,1,NULL,NULL,NULL,NULL,NULL,'',1,NULL,NULL,NULL),(205,NULL,13,19,'Importe Excedentes Aportes OS',0.00,9,NULL,3,'STR_PAD_LEFT',1,1,NULL,1,NULL,NULL,NULL,NULL,NULL,'',1,NULL,NULL,NULL),(206,NULL,13,20,'Provincia Localidad',0.00,50,NULL,1,'STR_PAD_RIGHT',1,2,12,1,NULL,NULL,NULL,NULL,NULL,'',1,NULL,NULL,NULL),(207,NULL,13,21,'Remuneracion Imponible 2',0.00,12,NULL,3,'STR_PAD_LEFT',1,3,NULL,2,NULL,2,2,2,4,'',1,NULL,NULL,NULL),(208,NULL,13,22,'Remuneracion Imponible 3',0.00,12,NULL,3,'STR_PAD_LEFT',1,3,NULL,2,NULL,2,2,2,4,'',1,NULL,NULL,NULL),(209,1,13,23,'Remuneracion Imponible 4',0.00,12,NULL,3,'STR_PAD_LEFT',1,3,26,3,NULL,NULL,NULL,2,3,'',1,NULL,'2020-05-27 15:53:41',NULL),(210,NULL,13,24,'Codigo de Siniestrado',0.00,2,'0',1,'STR_PAD_LEFT',1,2,13,1,NULL,NULL,NULL,NULL,NULL,'',1,NULL,NULL,NULL),(211,NULL,13,25,'Marca de Corresponde Reduccion',0.00,1,'0',4,'STR_PAD_LEFT',1,2,26,1,NULL,NULL,NULL,NULL,NULL,'',1,NULL,NULL,NULL),(212,NULL,13,26,'Capital de Recomposicion de LRT',0.00,9,NULL,3,'STR_PAD_LEFT',1,1,NULL,1,NULL,NULL,NULL,NULL,NULL,'',1,NULL,NULL,NULL),(213,NULL,13,27,'Tipo de Empresa',0.00,1,'0',1,'STR_PAD_LEFT',1,2,14,1,NULL,NULL,NULL,NULL,NULL,'',1,NULL,NULL,NULL),(214,NULL,13,28,'Aporte Adicional de Obra Social',0.00,9,NULL,3,'STR_PAD_LEFT',1,3,NULL,3,NULL,NULL,NULL,2,4,'',1,NULL,NULL,NULL),(215,NULL,13,29,'Regimen',0.00,1,NULL,1,'STR_PAD_LEFT',1,2,15,1,NULL,NULL,NULL,NULL,NULL,'',1,NULL,NULL,NULL),(216,NULL,13,30,'Situacion de Revista 1',0.00,2,'0',1,'STR_PAD_LEFT',1,2,16,1,NULL,NULL,NULL,NULL,NULL,'',1,NULL,NULL,NULL),(217,NULL,13,31,'Dia inicio Situacion Revista 1',0.00,2,'0',1,'STR_PAD_LEFT',1,2,17,1,NULL,NULL,NULL,NULL,NULL,'',1,NULL,NULL,NULL),(218,NULL,13,32,'Situacion de Revista 2',0.00,2,'0',1,'STR_PAD_LEFT',1,2,18,1,NULL,NULL,NULL,NULL,NULL,'',1,NULL,NULL,NULL),(219,NULL,13,33,'Dia inicio Situacion Revista 2',0.00,2,'0',1,'STR_PAD_LEFT',1,2,19,1,NULL,NULL,NULL,NULL,NULL,'',1,NULL,NULL,NULL),(220,NULL,13,34,'Situacion de Revista 3',0.00,2,'0',1,'STR_PAD_LEFT',1,2,20,1,NULL,NULL,NULL,NULL,NULL,'',1,NULL,NULL,NULL),(221,NULL,13,35,'Dia inicio Situacion Revista 3',0.00,2,'0',1,'STR_PAD_LEFT',1,2,21,1,NULL,NULL,NULL,NULL,NULL,'',1,NULL,NULL,NULL),(222,88,13,36,'Sueldo + Adicionales',0.00,12,NULL,3,'STR_PAD_LEFT',1,3,NULL,3,NULL,NULL,NULL,2,4,'',1,NULL,'2020-05-27 09:26:02',NULL);
INSERT INTO `syj_formato_sicoss_detalle` VALUES (223,88,13,37,'SAC',0.00,12,NULL,3,'STR_PAD_LEFT',1,3,NULL,3,NULL,NULL,NULL,2,4,'',1,NULL,'2020-05-27 09:26:14',NULL),(224,88,13,38,'Horas Extra',0.00,12,NULL,3,'STR_PAD_LEFT',1,3,NULL,3,NULL,NULL,NULL,2,4,'',1,NULL,'2020-05-27 09:26:39',NULL),(225,NULL,13,39,'Zona desfavorable',0.00,12,NULL,3,'STR_PAD_LEFT',1,1,NULL,1,NULL,NULL,NULL,NULL,NULL,'',1,NULL,NULL,NULL),(226,88,13,40,'Vacaciones',0.00,12,NULL,3,'STR_PAD_LEFT',1,3,NULL,3,NULL,NULL,NULL,2,4,'',1,NULL,'2020-05-27 09:26:47',NULL),(227,1,13,41,'Cantidad de dias trabajados',0.00,9,NULL,2,'STR_PAD_LEFT',1,1,NULL,3,NULL,NULL,NULL,2,2,'',1,NULL,'2020-05-27 15:56:16',NULL),(228,NULL,13,42,'Remuneracion Imponible 5',0.00,12,NULL,3,'STR_PAD_LEFT',1,3,NULL,2,NULL,2,2,2,4,'',1,NULL,NULL,NULL),(229,NULL,13,43,'Trabajador Convencionado',0.00,1,'0',4,'STR_PAD_LEFT',1,2,22,1,NULL,NULL,NULL,NULL,NULL,'',1,NULL,NULL,NULL),(230,NULL,13,44,'Remuneracion Imponible 6',0.00,12,NULL,3,'STR_PAD_LEFT',1,1,NULL,1,NULL,NULL,NULL,NULL,NULL,'',1,NULL,NULL,NULL),(231,NULL,13,45,'Tipo de Operacion',0.00,1,NULL,3,'STR_PAD_LEFT',1,1,NULL,1,NULL,NULL,NULL,NULL,NULL,'',1,NULL,NULL,NULL),(232,88,13,46,'Adicionales',0.00,12,NULL,3,'STR_PAD_LEFT',1,3,NULL,3,NULL,NULL,NULL,2,4,'',1,NULL,'2020-05-27 09:27:45',NULL),(233,88,13,47,'Premios',0.00,12,NULL,3,'STR_PAD_LEFT',1,3,NULL,3,NULL,NULL,NULL,2,4,'',1,NULL,'2020-05-27 15:36:34',NULL),(234,88,13,48,'Remuneracion Imponible 8',0.00,12,'0',3,'STR_PAD_LEFT',1,3,NULL,3,NULL,2,2,2,3,'',1,NULL,'2020-05-27 09:25:07',NULL),(235,NULL,13,49,'Remuneracion Imponible 7',0.00,12,NULL,3,'STR_PAD_LEFT',1,1,NULL,1,NULL,NULL,NULL,NULL,NULL,'',1,NULL,NULL,NULL),(236,88,13,50,'Cantidad de Horas Extras',0.00,3,'0',2,'STR_PAD_LEFT',1,3,NULL,3,NULL,NULL,NULL,2,2,'',1,NULL,'2020-05-27 09:28:39',NULL),(237,88,13,51,'Conceptos No Remunerativos',0.00,12,NULL,3,'STR_PAD_LEFT',1,3,NULL,2,NULL,3,3,2,4,'',1,NULL,'2020-05-27 09:28:44',NULL),(238,NULL,13,52,'Maternidad',0.00,12,NULL,3,'STR_PAD_LEFT',1,3,NULL,3,NULL,NULL,NULL,2,4,'',1,NULL,NULL,NULL),(239,NULL,13,53,'Rectificacion de remuneraciones',0.00,9,NULL,3,'STR_PAD_LEFT',1,1,NULL,1,NULL,NULL,NULL,NULL,NULL,'',1,NULL,NULL,NULL),(240,NULL,13,54,'Remuneracion Imponible 9',0.00,12,NULL,3,'STR_PAD_LEFT',1,3,NULL,2,NULL,2,3,2,4,'',1,NULL,NULL,NULL),(241,NULL,13,55,'Contribucion tarea diferencial (%)',0.00,9,NULL,3,'STR_PAD_LEFT',1,1,NULL,1,NULL,NULL,NULL,NULL,NULL,'',1,NULL,NULL,NULL),(242,88,13,56,'Horas Trabajadas',0.00,3,'0',1,'STR_PAD_LEFT',1,3,26,3,NULL,NULL,NULL,2,2,'',1,NULL,'2020-05-27 09:29:37',NULL),(243,NULL,13,57,'Seguro Colectivo de Vida Obligatorio',0.00,1,'0',4,'STR_PAD_LEFT',1,2,24,1,NULL,NULL,NULL,NULL,NULL,'',1,NULL,NULL,NULL),(244,NULL,13,58,'Importe a detraer Ley 27430',0.00,12,NULL,3,'STR_PAD_LEFT',1,1,NULL,1,NULL,NULL,NULL,NULL,NULL,'',1,NULL,NULL,NULL),(245,88,13,59,'Incremento Salarial',0.00,12,NULL,3,'STR_PAD_LEFT',1,3,NULL,3,NULL,NULL,NULL,2,4,NULL,1,NULL,'2020-05-27 09:30:14',NULL),(246,NULL,13,60,'Remuneracion Imponible 11',0.00,12,NULL,3,'STR_PAD_LEFT',1,1,NULL,1,NULL,NULL,NULL,NULL,NULL,NULL,1,NULL,NULL,NULL),(250,NULL,14,1,'CUIL',0.00,11,NULL,1,'STR_PAD_RIGHT',1,2,1,1,NULL,NULL,NULL,NULL,NULL,'',1,NULL,NULL,NULL),(251,NULL,14,2,'Apellido y Nombre',0.00,30,NULL,1,'STR_PAD_RIGHT',1,2,2,1,NULL,NULL,NULL,NULL,NULL,'',1,NULL,NULL,NULL),(252,NULL,14,3,'Conyuge',0.00,1,'0',4,'STR_PAD_RIGHT',1,2,3,1,NULL,NULL,NULL,NULL,NULL,'',1,NULL,NULL,NULL),(253,NULL,14,4,'Cantidad de Hijos',0.00,2,'0',1,'STR_PAD_LEFT',1,2,4,1,NULL,NULL,NULL,NULL,NULL,'',1,NULL,NULL,NULL),(254,NULL,14,5,'Codigo de Situacion',0.00,2,'0',1,'STR_PAD_LEFT',1,2,5,1,NULL,NULL,NULL,NULL,NULL,'',1,NULL,NULL,NULL),(255,NULL,14,6,'Codigo de Condicion',0.00,2,'0',1,'STR_PAD_LEFT',1,2,6,1,NULL,NULL,NULL,NULL,NULL,'',1,NULL,NULL,NULL),(256,NULL,14,7,'Codigo de Actividad',0.00,3,'0',1,'STR_PAD_LEFT',1,2,7,1,NULL,NULL,NULL,NULL,NULL,'',1,NULL,NULL,NULL),(257,NULL,14,8,'Codigo de Zona',0.00,2,'0',1,'STR_PAD_LEFT',1,2,8,1,NULL,NULL,NULL,NULL,NULL,'',1,NULL,NULL,NULL);
INSERT INTO `syj_formato_sicoss_detalle` VALUES (258,NULL,14,9,'Porcentaje de Aporte Adicional SS',0.00,5,NULL,3,'STR_PAD_LEFT',1,1,NULL,1,NULL,NULL,NULL,NULL,NULL,'',1,NULL,NULL,NULL),(259,NULL,14,10,'Codigo de Modalidad de Contratacion',0.00,3,'0',1,'STR_PAD_LEFT',1,2,9,1,NULL,NULL,NULL,NULL,NULL,'',1,NULL,NULL,NULL),(260,NULL,14,11,'Codigo de Obra Social',0.00,6,'0',1,'STR_PAD_LEFT',1,2,10,1,NULL,NULL,NULL,NULL,NULL,'',1,NULL,NULL,NULL),(261,NULL,14,12,'Cantidad de Adherentes',0.00,2,'0',1,'STR_PAD_LEFT',1,2,11,1,NULL,NULL,NULL,NULL,NULL,'',1,NULL,NULL,NULL),(262,NULL,14,13,'Remuneracion Total',0.00,12,NULL,3,'STR_PAD_LEFT',1,3,NULL,2,NULL,2,3,2,4,'',1,NULL,NULL,NULL),(263,NULL,14,14,'Remuneracion Imponible 1',0.00,12,NULL,3,'STR_PAD_LEFT',1,3,NULL,2,NULL,2,2,2,4,'',1,NULL,NULL,NULL),(264,NULL,14,15,'Asignaciones Familiares Pagadas',0.00,9,NULL,3,'STR_PAD_LEFT',1,1,NULL,1,NULL,NULL,NULL,NULL,NULL,'',1,NULL,NULL,NULL),(265,NULL,14,16,'Importe Aporte Voluntario',0.00,9,NULL,3,'STR_PAD_LEFT',1,1,NULL,1,NULL,NULL,NULL,NULL,NULL,'',1,NULL,NULL,NULL),(266,NULL,14,17,'Importe Adicional OS',0.00,9,NULL,3,'STR_PAD_LEFT',1,1,NULL,1,NULL,NULL,NULL,NULL,NULL,'',1,NULL,NULL,NULL),(267,NULL,14,18,'Importe Excedentes Aportes SS',0.00,9,NULL,3,'STR_PAD_LEFT',1,1,NULL,1,NULL,NULL,NULL,NULL,NULL,'',1,NULL,NULL,NULL),(268,NULL,14,19,'Importe Excedentes Aportes OS',0.00,9,NULL,3,'STR_PAD_LEFT',1,1,NULL,1,NULL,NULL,NULL,NULL,NULL,'',1,NULL,NULL,NULL),(269,NULL,14,20,'Provincia Localidad',0.00,50,NULL,1,'STR_PAD_RIGHT',1,2,12,1,NULL,NULL,NULL,NULL,NULL,'',1,NULL,NULL,NULL),(270,NULL,14,21,'Remuneracion Imponible 2',0.00,12,NULL,3,'STR_PAD_LEFT',1,3,NULL,2,NULL,2,2,2,4,'',1,NULL,NULL,NULL),(271,NULL,14,22,'Remuneracion Imponible 3',0.00,12,NULL,3,'STR_PAD_LEFT',1,3,NULL,2,NULL,2,2,2,4,'',1,NULL,NULL,NULL),(272,1,14,23,'Remuneracion Imponible 4',0.00,12,NULL,3,'STR_PAD_LEFT',1,3,26,3,NULL,NULL,NULL,2,4,'',1,NULL,'2020-05-27 11:11:19',NULL),(273,NULL,14,24,'Codigo de Siniestrado',0.00,2,'0',1,'STR_PAD_LEFT',1,2,13,1,NULL,NULL,NULL,NULL,NULL,'',1,NULL,NULL,NULL),(274,NULL,14,25,'Marca de Corresponde Reduccion',0.00,1,'0',4,'STR_PAD_LEFT',1,2,26,1,NULL,NULL,NULL,NULL,NULL,'',1,NULL,NULL,NULL),(275,NULL,14,26,'Capital de Recomposicion de LRT',0.00,9,NULL,3,'STR_PAD_LEFT',1,1,NULL,1,NULL,NULL,NULL,NULL,NULL,'',1,NULL,NULL,NULL),(276,NULL,14,27,'Tipo de Empresa',0.00,1,'0',1,'STR_PAD_LEFT',1,2,14,1,NULL,NULL,NULL,NULL,NULL,'',1,NULL,NULL,NULL),(277,NULL,14,28,'Aporte Adicional de Obra Social',0.00,9,NULL,3,'STR_PAD_LEFT',1,3,NULL,3,NULL,NULL,NULL,2,4,'',1,NULL,NULL,NULL),(278,NULL,14,29,'Regimen',0.00,1,NULL,1,'STR_PAD_LEFT',1,2,15,1,NULL,NULL,NULL,NULL,NULL,'',1,NULL,NULL,NULL),(279,NULL,14,30,'Situacion de Revista 1',0.00,2,'0',1,'STR_PAD_LEFT',1,2,16,1,NULL,NULL,NULL,NULL,NULL,'',1,NULL,NULL,NULL),(280,NULL,14,31,'Dia inicio Situacion Revista 1',0.00,2,'0',1,'STR_PAD_LEFT',1,2,17,1,NULL,NULL,NULL,NULL,NULL,'',1,NULL,NULL,NULL),(281,NULL,14,32,'Situacion de Revista 2',0.00,2,'0',1,'STR_PAD_LEFT',1,2,18,1,NULL,NULL,NULL,NULL,NULL,'',1,NULL,NULL,NULL),(282,NULL,14,33,'Dia inicio Situacion Revista 2',0.00,2,'0',1,'STR_PAD_LEFT',1,2,19,1,NULL,NULL,NULL,NULL,NULL,'',1,NULL,NULL,NULL),(283,NULL,14,34,'Situacion de Revista 3',0.00,2,'0',1,'STR_PAD_LEFT',1,2,20,1,NULL,NULL,NULL,NULL,NULL,'',1,NULL,NULL,NULL),(284,NULL,14,35,'Dia inicio Situacion Revista 3',0.00,2,'0',1,'STR_PAD_LEFT',1,2,21,1,NULL,NULL,NULL,NULL,NULL,'',1,NULL,NULL,NULL),(285,88,14,36,'Sueldo + Adicionales',0.00,12,NULL,3,'STR_PAD_LEFT',1,3,NULL,3,NULL,NULL,NULL,2,4,'',1,NULL,'2020-05-27 09:36:15',NULL),(286,88,14,37,'SAC',0.00,12,NULL,3,'STR_PAD_LEFT',1,3,NULL,3,NULL,NULL,NULL,2,4,'',1,NULL,'2020-05-27 09:36:34',NULL),(287,88,14,38,'Horas Extra',0.00,12,NULL,3,'STR_PAD_LEFT',1,3,NULL,3,NULL,NULL,NULL,2,4,'',1,NULL,'2020-05-27 09:36:57',NULL),(288,NULL,14,39,'Zona desfavorable',0.00,12,NULL,3,'STR_PAD_LEFT',1,1,NULL,1,NULL,NULL,NULL,NULL,NULL,'',1,NULL,NULL,NULL);
INSERT INTO `syj_formato_sicoss_detalle` VALUES (289,88,14,40,'Vacaciones',0.00,12,NULL,3,'STR_PAD_LEFT',1,3,NULL,3,NULL,NULL,NULL,2,4,'',1,NULL,'2020-05-27 09:37:21',NULL),(290,88,14,41,'Cantidad de dias trabajados',0.00,9,'0',2,'STR_PAD_LEFT',1,3,NULL,3,NULL,NULL,NULL,2,2,'',1,NULL,'2020-05-27 09:37:38',NULL),(291,NULL,14,42,'Remuneracion Imponible 5',0.00,12,NULL,3,'STR_PAD_LEFT',1,3,NULL,2,NULL,2,2,2,4,'',1,NULL,NULL,NULL),(292,NULL,14,43,'Trabajador Convencionado',0.00,1,'0',4,'STR_PAD_LEFT',1,2,22,1,NULL,NULL,NULL,NULL,NULL,'',1,NULL,NULL,NULL),(293,NULL,14,44,'Remuneracion Imponible 6',0.00,12,NULL,3,'STR_PAD_LEFT',1,1,NULL,1,NULL,NULL,NULL,NULL,NULL,'',1,NULL,NULL,NULL),(294,NULL,14,45,'Tipo de Operacion',0.00,1,NULL,3,'STR_PAD_LEFT',1,1,NULL,1,NULL,NULL,NULL,NULL,NULL,'',1,NULL,NULL,NULL),(295,88,14,46,'Adicionales',0.00,12,NULL,3,'STR_PAD_LEFT',1,3,NULL,3,NULL,NULL,NULL,2,4,'',1,NULL,'2020-05-27 09:37:57',NULL),(296,88,14,47,'Premios',0.00,12,NULL,3,'STR_PAD_LEFT',1,3,NULL,3,NULL,NULL,NULL,2,4,'',1,NULL,'2020-05-27 09:38:43',NULL),(297,88,14,48,'Remuneracion Imponible 8',0.00,12,'0',3,'STR_PAD_LEFT',1,3,NULL,3,NULL,2,2,2,3,'',1,NULL,'2020-05-27 09:35:40',NULL),(298,NULL,14,49,'Remuneracion Imponible 7',0.00,12,NULL,3,'STR_PAD_LEFT',1,1,NULL,1,NULL,NULL,NULL,NULL,NULL,'',1,NULL,NULL,NULL),(299,88,14,50,'Cantidad de Horas Extras',0.00,3,'0',2,'STR_PAD_LEFT',1,3,NULL,3,NULL,NULL,NULL,2,2,'',1,NULL,'2020-05-27 09:39:03',NULL),(300,88,14,51,'Conceptos No Remunerativos',0.00,12,NULL,3,'STR_PAD_LEFT',1,3,NULL,2,NULL,3,3,2,4,'',1,NULL,'2020-05-27 09:39:10',NULL),(301,NULL,14,52,'Maternidad',0.00,12,NULL,3,'STR_PAD_LEFT',1,3,NULL,3,NULL,NULL,NULL,2,4,'',1,NULL,NULL,NULL),(302,NULL,14,53,'Rectificacion de remuneraciones',0.00,9,NULL,3,'STR_PAD_LEFT',1,1,NULL,1,NULL,NULL,NULL,NULL,NULL,'',1,NULL,NULL,NULL),(303,NULL,14,54,'Remuneracion Imponible 9',0.00,12,NULL,3,'STR_PAD_LEFT',1,3,NULL,2,NULL,2,3,2,4,'',1,NULL,NULL,NULL),(304,NULL,14,55,'Contribucion tarea diferencial (%)',0.00,9,NULL,3,'STR_PAD_LEFT',1,1,NULL,1,NULL,NULL,NULL,NULL,NULL,'',1,NULL,NULL,NULL),(305,88,14,56,'Horas Trabajadas',0.00,3,'0',1,'STR_PAD_LEFT',1,2,26,1,NULL,NULL,NULL,NULL,NULL,'',1,NULL,'2020-05-27 09:39:19',NULL),(306,NULL,14,57,'Seguro Colectivo de Vida Obligatorio',0.00,1,'0',4,'STR_PAD_LEFT',1,2,24,1,NULL,NULL,NULL,NULL,NULL,'',1,NULL,NULL,NULL),(307,NULL,14,58,'Importe a detraer Ley 27430',0.00,12,NULL,3,'STR_PAD_LEFT',1,1,NULL,1,NULL,NULL,NULL,NULL,NULL,'',1,NULL,NULL,NULL),(308,88,14,59,'Incremento Salarial',0.00,12,NULL,3,'STR_PAD_LEFT',1,3,NULL,3,NULL,NULL,NULL,2,4,NULL,1,NULL,'2020-05-27 09:39:28',NULL),(309,NULL,14,60,'Remuneracion Imponible 11',0.00,12,NULL,3,'STR_PAD_LEFT',1,1,NULL,1,NULL,NULL,NULL,NULL,NULL,NULL,1,NULL,NULL,NULL),(313,NULL,15,1,'CUIL',0.00,11,NULL,1,'STR_PAD_RIGHT',1,2,1,1,NULL,NULL,NULL,NULL,NULL,'',1,NULL,NULL,NULL),(314,NULL,15,2,'Apellido y Nombre',0.00,30,NULL,1,'STR_PAD_RIGHT',1,2,2,1,NULL,NULL,NULL,NULL,NULL,'',1,NULL,NULL,NULL),(315,NULL,15,3,'Conyuge',0.00,1,'0',4,'STR_PAD_RIGHT',1,2,3,1,NULL,NULL,NULL,NULL,NULL,'',1,NULL,NULL,NULL),(316,NULL,15,4,'Cantidad de Hijos',0.00,2,'0',1,'STR_PAD_LEFT',1,2,4,1,NULL,NULL,NULL,NULL,NULL,'',1,NULL,NULL,NULL),(317,NULL,15,5,'Codigo de Situacion',0.00,2,'0',1,'STR_PAD_LEFT',1,2,5,1,NULL,NULL,NULL,NULL,NULL,'',1,NULL,NULL,NULL),(318,NULL,15,6,'Codigo de Condicion',0.00,2,'0',1,'STR_PAD_LEFT',1,2,6,1,NULL,NULL,NULL,NULL,NULL,'',1,NULL,NULL,NULL),(319,NULL,15,7,'Codigo de Actividad',0.00,3,'0',1,'STR_PAD_LEFT',1,2,7,1,NULL,NULL,NULL,NULL,NULL,'',1,NULL,NULL,NULL),(320,NULL,15,8,'Codigo de Zona',0.00,2,'0',1,'STR_PAD_LEFT',1,2,8,1,NULL,NULL,NULL,NULL,NULL,'',1,NULL,NULL,NULL),(321,NULL,15,9,'Porcentaje de Aporte Adicional SS',0.00,5,NULL,3,'STR_PAD_LEFT',1,1,NULL,1,NULL,NULL,NULL,NULL,NULL,'',1,NULL,NULL,NULL),(322,NULL,15,10,'Codigo de Modalidad de Contratacion',0.00,3,'0',1,'STR_PAD_LEFT',1,2,9,1,NULL,NULL,NULL,NULL,NULL,'',1,NULL,NULL,NULL);
INSERT INTO `syj_formato_sicoss_detalle` VALUES (323,NULL,15,11,'Codigo de Obra Social',0.00,6,'0',1,'STR_PAD_LEFT',1,2,10,1,NULL,NULL,NULL,NULL,NULL,'',1,NULL,NULL,NULL),(324,NULL,15,12,'Cantidad de Adherentes',0.00,2,'0',1,'STR_PAD_LEFT',1,2,11,1,NULL,NULL,NULL,NULL,NULL,'',1,NULL,NULL,NULL),(325,NULL,15,13,'Remuneracion Total',0.00,12,NULL,3,'STR_PAD_LEFT',1,3,NULL,2,NULL,2,3,2,4,'',1,NULL,NULL,NULL),(326,NULL,15,14,'Remuneracion Imponible 1',0.00,12,NULL,3,'STR_PAD_LEFT',1,3,NULL,2,NULL,2,2,2,4,'',1,NULL,NULL,NULL),(327,NULL,15,15,'Asignaciones Familiares Pagadas',0.00,9,NULL,3,'STR_PAD_LEFT',1,1,NULL,1,NULL,NULL,NULL,NULL,NULL,'',1,NULL,NULL,NULL),(328,NULL,15,16,'Importe Aporte Voluntario',0.00,9,NULL,3,'STR_PAD_LEFT',1,1,NULL,1,NULL,NULL,NULL,NULL,NULL,'',1,NULL,NULL,NULL),(329,NULL,15,17,'Importe Adicional OS',0.00,9,NULL,3,'STR_PAD_LEFT',1,1,NULL,1,NULL,NULL,NULL,NULL,NULL,'',1,NULL,NULL,NULL),(330,NULL,15,18,'Importe Excedentes Aportes SS',0.00,9,NULL,3,'STR_PAD_LEFT',1,1,NULL,1,NULL,NULL,NULL,NULL,NULL,'',1,NULL,NULL,NULL),(331,NULL,15,19,'Importe Excedentes Aportes OS',0.00,9,NULL,3,'STR_PAD_LEFT',1,1,NULL,1,NULL,NULL,NULL,NULL,NULL,'',1,NULL,NULL,NULL),(332,NULL,15,20,'Provincia Localidad',0.00,50,NULL,1,'STR_PAD_RIGHT',1,2,12,1,NULL,NULL,NULL,NULL,NULL,'',1,NULL,NULL,NULL),(333,NULL,15,21,'Remuneracion Imponible 2',0.00,12,NULL,3,'STR_PAD_LEFT',1,3,NULL,2,NULL,2,2,2,4,'',1,NULL,NULL,NULL),(334,NULL,15,22,'Remuneracion Imponible 3',0.00,12,NULL,3,'STR_PAD_LEFT',1,3,NULL,2,NULL,2,2,2,4,'',1,NULL,NULL,NULL),(335,88,15,23,'Remuneracion Imponible 4',0.00,12,NULL,3,'STR_PAD_LEFT',1,3,26,3,NULL,NULL,NULL,2,3,'',1,NULL,'2020-05-27 17:02:09',NULL),(336,NULL,15,24,'Codigo de Siniestrado',0.00,2,'0',1,'STR_PAD_LEFT',1,2,13,1,NULL,NULL,NULL,NULL,NULL,'',1,NULL,NULL,NULL),(337,NULL,15,25,'Marca de Corresponde Reduccion',0.00,1,'0',4,'STR_PAD_LEFT',1,2,26,1,NULL,NULL,NULL,NULL,NULL,'',1,NULL,NULL,NULL),(338,NULL,15,26,'Capital de Recomposicion de LRT',0.00,9,NULL,3,'STR_PAD_LEFT',1,1,NULL,1,NULL,NULL,NULL,NULL,NULL,'',1,NULL,NULL,NULL),(339,NULL,15,27,'Tipo de Empresa',0.00,1,'0',1,'STR_PAD_LEFT',1,2,14,1,NULL,NULL,NULL,NULL,NULL,'',1,NULL,NULL,NULL),(340,NULL,15,28,'Aporte Adicional de Obra Social',0.00,9,NULL,3,'STR_PAD_LEFT',1,3,NULL,3,NULL,NULL,NULL,2,4,'',1,NULL,NULL,NULL),(341,NULL,15,29,'Regimen',0.00,1,NULL,1,'STR_PAD_LEFT',1,2,15,1,NULL,NULL,NULL,NULL,NULL,'',1,NULL,NULL,NULL),(342,NULL,15,30,'Situacion de Revista 1',0.00,2,'0',1,'STR_PAD_LEFT',1,2,16,1,NULL,NULL,NULL,NULL,NULL,'',1,NULL,NULL,NULL),(343,NULL,15,31,'Dia inicio Situacion Revista 1',0.00,2,'0',1,'STR_PAD_LEFT',1,2,17,1,NULL,NULL,NULL,NULL,NULL,'',1,NULL,NULL,NULL),(344,NULL,15,32,'Situacion de Revista 2',0.00,2,'0',1,'STR_PAD_LEFT',1,2,18,1,NULL,NULL,NULL,NULL,NULL,'',1,NULL,NULL,NULL),(345,NULL,15,33,'Dia inicio Situacion Revista 2',0.00,2,'0',1,'STR_PAD_LEFT',1,2,19,1,NULL,NULL,NULL,NULL,NULL,'',1,NULL,NULL,NULL),(346,NULL,15,34,'Situacion de Revista 3',0.00,2,'0',1,'STR_PAD_LEFT',1,2,20,1,NULL,NULL,NULL,NULL,NULL,'',1,NULL,NULL,NULL),(347,NULL,15,35,'Dia inicio Situacion Revista 3',0.00,2,'0',1,'STR_PAD_LEFT',1,2,21,1,NULL,NULL,NULL,NULL,NULL,'',1,NULL,NULL,NULL),(348,88,15,36,'Sueldo + Adicionales',0.00,12,NULL,3,'STR_PAD_LEFT',1,3,NULL,3,NULL,NULL,NULL,2,4,'',1,NULL,'2020-05-27 09:42:32',NULL),(349,88,15,37,'SAC',0.00,12,NULL,3,'STR_PAD_LEFT',1,3,NULL,3,NULL,NULL,NULL,2,4,'',1,NULL,'2020-05-27 09:42:42',NULL),(350,88,15,38,'Horas Extra',0.00,12,NULL,3,'STR_PAD_LEFT',1,3,NULL,3,NULL,NULL,NULL,2,4,'',1,NULL,'2020-05-27 11:50:52',NULL),(351,NULL,15,39,'Zona desfavorable',0.00,12,NULL,3,'STR_PAD_LEFT',1,1,NULL,1,NULL,NULL,NULL,NULL,NULL,'',1,NULL,NULL,NULL),(352,88,15,40,'Vacaciones',0.00,12,NULL,3,'STR_PAD_LEFT',1,3,NULL,3,NULL,NULL,NULL,2,4,'',1,NULL,'2020-05-27 11:51:02',NULL),(353,88,15,41,'Cantidad de dias trabajados',0.00,9,'0',2,'STR_PAD_LEFT',1,3,NULL,3,NULL,NULL,NULL,2,2,'',1,NULL,'2020-05-27 11:51:43',NULL);
INSERT INTO `syj_formato_sicoss_detalle` VALUES (354,NULL,15,42,'Remuneracion Imponible 5',0.00,12,NULL,3,'STR_PAD_LEFT',1,3,NULL,2,NULL,2,2,2,4,'',1,NULL,NULL,NULL),(355,NULL,15,43,'Trabajador Convencionado',0.00,1,'0',4,'STR_PAD_LEFT',1,2,22,1,NULL,NULL,NULL,NULL,NULL,'',1,NULL,NULL,NULL),(356,NULL,15,44,'Remuneracion Imponible 6',0.00,12,NULL,3,'STR_PAD_LEFT',1,1,NULL,1,NULL,NULL,NULL,NULL,NULL,'',1,NULL,NULL,NULL),(357,NULL,15,45,'Tipo de Operacion',0.00,1,NULL,3,'STR_PAD_LEFT',1,1,NULL,1,NULL,NULL,NULL,NULL,NULL,'',1,NULL,NULL,NULL),(358,88,15,46,'Adicionales',0.00,12,NULL,3,'STR_PAD_LEFT',1,3,NULL,3,NULL,NULL,NULL,2,4,'',1,NULL,'2020-05-27 11:51:56',NULL),(359,88,15,47,'Premios',0.00,12,NULL,3,'STR_PAD_LEFT',1,3,NULL,3,NULL,NULL,NULL,2,4,'',1,NULL,'2020-05-27 11:52:24',NULL),(360,88,15,48,'Remuneracion Imponible 8',0.00,12,'0',3,'STR_PAD_LEFT',1,3,NULL,3,NULL,2,2,2,3,'',1,NULL,'2020-05-27 17:02:18',NULL),(361,NULL,15,49,'Remuneracion Imponible 7',0.00,12,NULL,3,'STR_PAD_LEFT',1,1,NULL,1,NULL,NULL,NULL,NULL,NULL,'',1,NULL,NULL,NULL),(362,88,15,50,'Cantidad de Horas Extras',0.00,3,'0',2,'STR_PAD_LEFT',1,3,NULL,3,NULL,NULL,NULL,2,2,'',1,NULL,'2020-05-27 11:52:46',NULL),(363,88,15,51,'Conceptos No Remunerativos',0.00,12,NULL,3,'STR_PAD_LEFT',1,3,NULL,2,NULL,3,3,2,4,'',1,NULL,'2020-05-27 11:52:52',NULL),(364,NULL,15,52,'Maternidad',0.00,12,NULL,3,'STR_PAD_LEFT',1,3,NULL,3,NULL,NULL,NULL,2,4,'',1,NULL,NULL,NULL),(365,NULL,15,53,'Rectificacion de remuneraciones',0.00,9,NULL,3,'STR_PAD_LEFT',1,1,NULL,1,NULL,NULL,NULL,NULL,NULL,'',1,NULL,NULL,NULL),(366,NULL,15,54,'Remuneracion Imponible 9',0.00,12,NULL,3,'STR_PAD_LEFT',1,3,NULL,2,NULL,2,3,2,4,'',1,NULL,NULL,NULL),(367,NULL,15,55,'Contribucion tarea diferencial (%)',0.00,9,NULL,3,'STR_PAD_LEFT',1,1,NULL,1,NULL,NULL,NULL,NULL,NULL,'',1,NULL,NULL,NULL),(368,88,15,56,'Horas Trabajadas',0.00,3,'0',1,'STR_PAD_LEFT',1,2,26,1,NULL,NULL,NULL,NULL,NULL,'',1,NULL,'2020-05-27 11:52:59',NULL),(369,NULL,15,57,'Seguro Colectivo de Vida Obligatorio',0.00,1,'0',4,'STR_PAD_LEFT',1,2,24,1,NULL,NULL,NULL,NULL,NULL,'',1,NULL,NULL,NULL),(370,NULL,15,58,'Importe a detraer Ley 27430',0.00,12,NULL,3,'STR_PAD_LEFT',1,1,NULL,1,NULL,NULL,NULL,NULL,NULL,'',1,NULL,NULL,NULL),(371,NULL,15,59,'Incremento Salarial',0.00,12,NULL,3,'STR_PAD_LEFT',1,3,NULL,3,NULL,NULL,NULL,2,4,NULL,1,NULL,NULL,NULL),(372,NULL,15,60,'Remuneracion Imponible 11',0.00,12,NULL,3,'STR_PAD_LEFT',1,1,NULL,1,NULL,NULL,NULL,NULL,NULL,NULL,1,NULL,NULL,NULL),(376,NULL,16,1,'CUIL',0.00,11,NULL,1,'STR_PAD_RIGHT',1,2,1,1,NULL,NULL,NULL,NULL,NULL,'',1,NULL,NULL,NULL),(377,NULL,16,2,'Apellido y Nombre',0.00,30,NULL,1,'STR_PAD_RIGHT',1,2,2,1,NULL,NULL,NULL,NULL,NULL,'',1,NULL,NULL,NULL),(378,NULL,16,3,'Conyuge',0.00,1,'0',4,'STR_PAD_RIGHT',1,2,3,1,NULL,NULL,NULL,NULL,NULL,'',1,NULL,NULL,NULL),(379,NULL,16,4,'Cantidad de Hijos',0.00,2,'0',1,'STR_PAD_LEFT',1,2,4,1,NULL,NULL,NULL,NULL,NULL,'',1,NULL,NULL,NULL),(380,NULL,16,5,'Codigo de Situacion',0.00,2,'0',1,'STR_PAD_LEFT',1,2,5,1,NULL,NULL,NULL,NULL,NULL,'',1,NULL,NULL,NULL),(381,NULL,16,6,'Codigo de Condicion',0.00,2,'0',1,'STR_PAD_LEFT',1,2,6,1,NULL,NULL,NULL,NULL,NULL,'',1,NULL,NULL,NULL),(382,NULL,16,7,'Codigo de Actividad',0.00,3,'0',1,'STR_PAD_LEFT',1,2,7,1,NULL,NULL,NULL,NULL,NULL,'',1,NULL,NULL,NULL),(383,NULL,16,8,'Codigo de Zona',0.00,2,'0',1,'STR_PAD_LEFT',1,2,8,1,NULL,NULL,NULL,NULL,NULL,'',1,NULL,NULL,NULL),(384,NULL,16,9,'Porcentaje de Aporte Adicional SS',0.00,5,NULL,3,'STR_PAD_LEFT',1,1,NULL,1,NULL,NULL,NULL,NULL,NULL,'',1,NULL,NULL,NULL),(385,NULL,16,10,'Codigo de Modalidad de Contratacion',0.00,3,'0',1,'STR_PAD_LEFT',1,2,9,1,NULL,NULL,NULL,NULL,NULL,'',1,NULL,NULL,NULL),(386,NULL,16,11,'Codigo de Obra Social',0.00,6,'0',1,'STR_PAD_LEFT',1,2,10,1,NULL,NULL,NULL,NULL,NULL,'',1,NULL,NULL,NULL),(387,NULL,16,12,'Cantidad de Adherentes',0.00,2,'0',1,'STR_PAD_LEFT',1,2,11,1,NULL,NULL,NULL,NULL,NULL,'',1,NULL,NULL,NULL),(388,NULL,16,13,'Remuneracion Total',0.00,12,NULL,3,'STR_PAD_LEFT',1,3,NULL,2,NULL,2,3,2,4,'',1,NULL,NULL,NULL);
INSERT INTO `syj_formato_sicoss_detalle` VALUES (389,NULL,16,14,'Remuneracion Imponible 1',0.00,12,NULL,3,'STR_PAD_LEFT',1,3,NULL,2,NULL,2,2,2,4,'',1,NULL,NULL,NULL),(390,NULL,16,15,'Asignaciones Familiares Pagadas',0.00,9,NULL,3,'STR_PAD_LEFT',1,1,NULL,1,NULL,NULL,NULL,NULL,NULL,'',1,NULL,NULL,NULL),(391,NULL,16,16,'Importe Aporte Voluntario',0.00,9,NULL,3,'STR_PAD_LEFT',1,1,NULL,1,NULL,NULL,NULL,NULL,NULL,'',1,NULL,NULL,NULL),(392,NULL,16,17,'Importe Adicional OS',0.00,9,NULL,3,'STR_PAD_LEFT',1,1,NULL,1,NULL,NULL,NULL,NULL,NULL,'',1,NULL,NULL,NULL),(393,NULL,16,18,'Importe Excedentes Aportes SS',0.00,9,NULL,3,'STR_PAD_LEFT',1,1,NULL,1,NULL,NULL,NULL,NULL,NULL,'',1,NULL,NULL,NULL),(394,NULL,16,19,'Importe Excedentes Aportes OS',0.00,9,NULL,3,'STR_PAD_LEFT',1,1,NULL,1,NULL,NULL,NULL,NULL,NULL,'',1,NULL,NULL,NULL),(395,NULL,16,20,'Provincia Localidad',0.00,50,NULL,1,'STR_PAD_RIGHT',1,2,12,1,NULL,NULL,NULL,NULL,NULL,'',1,NULL,NULL,NULL),(396,NULL,16,21,'Remuneracion Imponible 2',0.00,12,NULL,3,'STR_PAD_LEFT',1,3,NULL,2,NULL,2,2,2,4,'',1,NULL,NULL,NULL),(397,NULL,16,22,'Remuneracion Imponible 3',0.00,12,NULL,3,'STR_PAD_LEFT',1,3,NULL,2,NULL,2,2,2,4,'',1,NULL,NULL,NULL),(398,88,16,23,'Remuneracion Imponible 4',0.00,12,NULL,3,'STR_PAD_LEFT',1,3,26,3,NULL,NULL,NULL,2,3,'',1,NULL,'2020-05-27 17:02:56',NULL),(399,NULL,16,24,'Codigo de Siniestrado',0.00,2,'0',1,'STR_PAD_LEFT',1,2,13,1,NULL,NULL,NULL,NULL,NULL,'',1,NULL,NULL,NULL),(400,NULL,16,25,'Marca de Corresponde Reduccion',0.00,1,'0',4,'STR_PAD_LEFT',1,2,26,1,NULL,NULL,NULL,NULL,NULL,'',1,NULL,NULL,NULL),(401,NULL,16,26,'Capital de Recomposicion de LRT',0.00,9,NULL,3,'STR_PAD_LEFT',1,1,NULL,1,NULL,NULL,NULL,NULL,NULL,'',1,NULL,NULL,NULL),(402,NULL,16,27,'Tipo de Empresa',0.00,1,'0',1,'STR_PAD_LEFT',1,2,14,1,NULL,NULL,NULL,NULL,NULL,'',1,NULL,NULL,NULL),(403,NULL,16,28,'Aporte Adicional de Obra Social',0.00,9,NULL,3,'STR_PAD_LEFT',1,3,NULL,3,NULL,NULL,NULL,2,4,'',1,NULL,NULL,NULL),(404,NULL,16,29,'Regimen',0.00,1,NULL,1,'STR_PAD_LEFT',1,2,15,1,NULL,NULL,NULL,NULL,NULL,'',1,NULL,NULL,NULL),(405,NULL,16,30,'Situacion de Revista 1',0.00,2,'0',1,'STR_PAD_LEFT',1,2,16,1,NULL,NULL,NULL,NULL,NULL,'',1,NULL,NULL,NULL),(406,NULL,16,31,'Dia inicio Situacion Revista 1',0.00,2,'0',1,'STR_PAD_LEFT',1,2,17,1,NULL,NULL,NULL,NULL,NULL,'',1,NULL,NULL,NULL),(407,NULL,16,32,'Situacion de Revista 2',0.00,2,'0',1,'STR_PAD_LEFT',1,2,18,1,NULL,NULL,NULL,NULL,NULL,'',1,NULL,NULL,NULL),(408,NULL,16,33,'Dia inicio Situacion Revista 2',0.00,2,'0',1,'STR_PAD_LEFT',1,2,19,1,NULL,NULL,NULL,NULL,NULL,'',1,NULL,NULL,NULL),(409,NULL,16,34,'Situacion de Revista 3',0.00,2,'0',1,'STR_PAD_LEFT',1,2,20,1,NULL,NULL,NULL,NULL,NULL,'',1,NULL,NULL,NULL),(410,NULL,16,35,'Dia inicio Situacion Revista 3',0.00,2,'0',1,'STR_PAD_LEFT',1,2,21,1,NULL,NULL,NULL,NULL,NULL,'',1,NULL,NULL,NULL),(411,88,16,36,'Sueldo + Adicionales',0.00,12,NULL,3,'STR_PAD_LEFT',1,3,NULL,3,NULL,NULL,NULL,2,4,'',1,NULL,'2020-05-28 15:04:54',NULL),(412,88,16,37,'SAC',0.00,12,NULL,3,'STR_PAD_LEFT',1,3,NULL,3,NULL,NULL,NULL,2,4,'',1,NULL,'2020-05-28 15:05:01',NULL),(413,88,16,38,'Horas Extra',0.00,12,NULL,3,'STR_PAD_LEFT',1,3,NULL,3,NULL,NULL,NULL,2,4,'',1,NULL,'2020-05-28 15:05:07',NULL),(414,NULL,16,39,'Zona desfavorable',0.00,12,NULL,3,'STR_PAD_LEFT',1,1,NULL,1,NULL,NULL,NULL,NULL,NULL,'',1,NULL,NULL,NULL),(415,88,16,40,'Vacaciones',0.00,12,NULL,3,'STR_PAD_LEFT',1,3,NULL,3,NULL,NULL,NULL,2,4,'',1,NULL,'2020-05-28 15:05:14',NULL),(416,1,16,41,'Cantidad de dias trabajados',0.00,9,NULL,2,'STR_PAD_LEFT',1,2,26,3,NULL,NULL,NULL,2,2,'',1,NULL,'2020-05-28 15:22:28',NULL),(417,NULL,16,42,'Remuneracion Imponible 5',0.00,12,NULL,3,'STR_PAD_LEFT',1,3,NULL,2,NULL,2,2,2,4,'',1,NULL,NULL,NULL),(418,NULL,16,43,'Trabajador Convencionado',0.00,1,'0',4,'STR_PAD_LEFT',1,2,22,1,NULL,NULL,NULL,NULL,NULL,'',1,NULL,NULL,NULL),(419,NULL,16,44,'Remuneracion Imponible 6',0.00,12,NULL,3,'STR_PAD_LEFT',1,1,NULL,1,NULL,NULL,NULL,NULL,NULL,'',1,NULL,NULL,NULL);
INSERT INTO `syj_formato_sicoss_detalle` VALUES (420,NULL,16,45,'Tipo de Operacion',0.00,1,NULL,3,'STR_PAD_LEFT',1,1,NULL,1,NULL,NULL,NULL,NULL,NULL,'',1,NULL,NULL,NULL),(421,88,16,46,'Adicionales',0.00,12,NULL,3,'STR_PAD_LEFT',1,3,NULL,3,NULL,NULL,NULL,2,4,'',1,NULL,'2020-05-28 15:05:31',NULL),(422,88,16,47,'Premios',0.00,12,NULL,3,'STR_PAD_LEFT',1,3,NULL,3,NULL,NULL,NULL,2,4,'',1,NULL,'2020-05-28 15:05:37',NULL),(423,88,16,48,'Remuneracion Imponible 8',0.00,12,'0',3,'STR_PAD_LEFT',1,3,NULL,3,NULL,2,2,2,3,'',1,NULL,'2020-05-27 17:03:02',NULL),(424,NULL,16,49,'Remuneracion Imponible 7',0.00,12,NULL,3,'STR_PAD_LEFT',1,1,NULL,1,NULL,NULL,NULL,NULL,NULL,'',1,NULL,NULL,NULL),(425,88,16,50,'Cantidad de Horas Extras',0.00,3,'0',2,'STR_PAD_LEFT',1,3,NULL,3,NULL,NULL,NULL,2,2,'',1,NULL,'2020-05-28 15:05:46',NULL),(426,88,16,51,'Conceptos No Remunerativos',0.00,12,NULL,3,'STR_PAD_LEFT',1,3,NULL,2,NULL,3,3,2,4,'',1,NULL,'2020-05-28 15:05:51',NULL),(427,NULL,16,52,'Maternidad',0.00,12,NULL,3,'STR_PAD_LEFT',1,3,NULL,3,NULL,NULL,NULL,2,4,'',1,NULL,NULL,NULL),(428,NULL,16,53,'Rectificacion de remuneraciones',0.00,9,NULL,3,'STR_PAD_LEFT',1,1,NULL,1,NULL,NULL,NULL,NULL,NULL,'',1,NULL,NULL,NULL),(429,NULL,16,54,'Remuneracion Imponible 9',0.00,12,NULL,3,'STR_PAD_LEFT',1,3,NULL,2,NULL,2,3,2,4,'',1,NULL,NULL,NULL),(430,NULL,16,55,'Contribucion tarea diferencial (%)',0.00,9,NULL,3,'STR_PAD_LEFT',1,1,NULL,1,NULL,NULL,NULL,NULL,NULL,'',1,NULL,NULL,NULL),(431,1,16,56,'Horas Trabajadas',0.00,3,'0',1,'STR_PAD_LEFT',1,3,26,3,NULL,NULL,NULL,2,2,'',1,NULL,'2020-05-28 15:19:31',NULL),(432,NULL,16,57,'Seguro Colectivo de Vida Obligatorio',0.00,1,'0',4,'STR_PAD_LEFT',1,2,24,1,NULL,NULL,NULL,NULL,NULL,'',1,NULL,NULL,NULL),(433,NULL,16,58,'Importe a detraer Ley 27430',0.00,12,NULL,3,'STR_PAD_LEFT',1,1,NULL,1,NULL,NULL,NULL,NULL,NULL,'',1,NULL,NULL,NULL),(434,88,16,59,'Incremento Salarial',0.00,12,NULL,3,'STR_PAD_LEFT',1,3,NULL,3,NULL,NULL,NULL,2,4,NULL,1,NULL,'2020-05-27 12:36:49',NULL),(435,NULL,16,60,'Remuneracion Imponible 11',0.00,12,NULL,3,'STR_PAD_LEFT',1,1,NULL,1,NULL,NULL,NULL,NULL,NULL,NULL,1,NULL,NULL,NULL),(439,NULL,17,1,'CUIL',0.00,11,NULL,1,'STR_PAD_RIGHT',1,2,1,1,NULL,NULL,NULL,NULL,NULL,'',1,NULL,NULL,NULL),(440,NULL,17,2,'Apellido y Nombre',0.00,30,NULL,1,'STR_PAD_RIGHT',1,2,2,1,NULL,NULL,NULL,NULL,NULL,'',1,NULL,NULL,NULL),(441,NULL,17,3,'Conyuge',0.00,1,'0',4,'STR_PAD_RIGHT',1,2,3,1,NULL,NULL,NULL,NULL,NULL,'',1,NULL,NULL,NULL),(442,NULL,17,4,'Cantidad de Hijos',0.00,2,'0',1,'STR_PAD_LEFT',1,2,4,1,NULL,NULL,NULL,NULL,NULL,'',1,NULL,NULL,NULL),(443,NULL,17,5,'Codigo de Situacion',0.00,2,'0',1,'STR_PAD_LEFT',1,2,5,1,NULL,NULL,NULL,NULL,NULL,'',1,NULL,NULL,NULL),(444,NULL,17,6,'Codigo de Condicion',0.00,2,'0',1,'STR_PAD_LEFT',1,2,6,1,NULL,NULL,NULL,NULL,NULL,'',1,NULL,NULL,NULL),(445,NULL,17,7,'Codigo de Actividad',0.00,3,'0',1,'STR_PAD_LEFT',1,2,7,1,NULL,NULL,NULL,NULL,NULL,'',1,NULL,NULL,NULL),(446,NULL,17,8,'Codigo de Zona',0.00,2,'0',1,'STR_PAD_LEFT',1,2,8,1,NULL,NULL,NULL,NULL,NULL,'',1,NULL,NULL,NULL),(447,NULL,17,9,'Porcentaje de Aporte Adicional SS',0.00,5,NULL,3,'STR_PAD_LEFT',1,1,NULL,1,NULL,NULL,NULL,NULL,NULL,'',1,NULL,NULL,NULL),(448,NULL,17,10,'Codigo de Modalidad de Contratacion',0.00,3,'0',1,'STR_PAD_LEFT',1,2,9,1,NULL,NULL,NULL,NULL,NULL,'',1,NULL,NULL,NULL),(449,NULL,17,11,'Codigo de Obra Social',0.00,6,'0',1,'STR_PAD_LEFT',1,2,10,1,NULL,NULL,NULL,NULL,NULL,'',1,NULL,NULL,NULL),(450,NULL,17,12,'Cantidad de Adherentes',0.00,2,'0',1,'STR_PAD_LEFT',1,2,11,1,NULL,NULL,NULL,NULL,NULL,'',1,NULL,NULL,NULL),(451,NULL,17,13,'Remuneracion Total',0.00,12,NULL,3,'STR_PAD_LEFT',1,3,NULL,2,NULL,2,3,2,4,'',1,NULL,NULL,NULL),(452,NULL,17,14,'Remuneracion Imponible 1',0.00,12,NULL,3,'STR_PAD_LEFT',1,3,NULL,2,NULL,2,2,2,4,'',1,NULL,NULL,NULL),(453,NULL,17,15,'Asignaciones Familiares Pagadas',0.00,9,NULL,3,'STR_PAD_LEFT',1,1,NULL,1,NULL,NULL,NULL,NULL,NULL,'',1,NULL,NULL,NULL);
INSERT INTO `syj_formato_sicoss_detalle` VALUES (454,NULL,17,16,'Importe Aporte Voluntario',0.00,9,NULL,3,'STR_PAD_LEFT',1,1,NULL,1,NULL,NULL,NULL,NULL,NULL,'',1,NULL,NULL,NULL),(455,NULL,17,17,'Importe Adicional OS',0.00,9,NULL,3,'STR_PAD_LEFT',1,1,NULL,1,NULL,NULL,NULL,NULL,NULL,'',1,NULL,NULL,NULL),(456,NULL,17,18,'Importe Excedentes Aportes SS',0.00,9,NULL,3,'STR_PAD_LEFT',1,1,NULL,1,NULL,NULL,NULL,NULL,NULL,'',1,NULL,NULL,NULL),(457,NULL,17,19,'Importe Excedentes Aportes OS',0.00,9,NULL,3,'STR_PAD_LEFT',1,1,NULL,1,NULL,NULL,NULL,NULL,NULL,'',1,NULL,NULL,NULL),(458,NULL,17,20,'Provincia Localidad',0.00,50,NULL,1,'STR_PAD_RIGHT',1,2,12,1,NULL,NULL,NULL,NULL,NULL,'',1,NULL,NULL,NULL),(459,NULL,17,21,'Remuneracion Imponible 2',0.00,12,NULL,3,'STR_PAD_LEFT',1,3,NULL,2,NULL,2,2,2,4,'',1,NULL,NULL,NULL),(460,NULL,17,22,'Remuneracion Imponible 3',0.00,12,NULL,3,'STR_PAD_LEFT',1,3,NULL,2,NULL,2,2,2,4,'',1,NULL,NULL,NULL),(461,88,17,23,'Remuneracion Imponible 4',0.00,12,NULL,3,'STR_PAD_LEFT',1,3,26,3,NULL,NULL,NULL,2,3,'',1,NULL,'2020-05-27 17:13:37',NULL),(462,NULL,17,24,'Codigo de Siniestrado',0.00,2,'0',1,'STR_PAD_LEFT',1,2,13,1,NULL,NULL,NULL,NULL,NULL,'',1,NULL,NULL,NULL),(463,NULL,17,25,'Marca de Corresponde Reduccion',0.00,1,'0',4,'STR_PAD_LEFT',1,2,26,1,NULL,NULL,NULL,NULL,NULL,'',1,NULL,NULL,NULL),(464,NULL,17,26,'Capital de Recomposicion de LRT',0.00,9,NULL,3,'STR_PAD_LEFT',1,1,NULL,1,NULL,NULL,NULL,NULL,NULL,'',1,NULL,NULL,NULL),(465,NULL,17,27,'Tipo de Empresa',0.00,1,'0',1,'STR_PAD_LEFT',1,2,14,1,NULL,NULL,NULL,NULL,NULL,'',1,NULL,NULL,NULL),(466,NULL,17,28,'Aporte Adicional de Obra Social',0.00,9,NULL,3,'STR_PAD_LEFT',1,3,NULL,3,NULL,NULL,NULL,2,4,'',1,NULL,NULL,NULL),(467,NULL,17,29,'Regimen',0.00,1,NULL,1,'STR_PAD_LEFT',1,2,15,1,NULL,NULL,NULL,NULL,NULL,'',1,NULL,NULL,NULL),(468,NULL,17,30,'Situacion de Revista 1',0.00,2,'0',1,'STR_PAD_LEFT',1,2,16,1,NULL,NULL,NULL,NULL,NULL,'',1,NULL,NULL,NULL),(469,NULL,17,31,'Dia inicio Situacion Revista 1',0.00,2,'0',1,'STR_PAD_LEFT',1,2,17,1,NULL,NULL,NULL,NULL,NULL,'',1,NULL,NULL,NULL),(470,NULL,17,32,'Situacion de Revista 2',0.00,2,'0',1,'STR_PAD_LEFT',1,2,18,1,NULL,NULL,NULL,NULL,NULL,'',1,NULL,NULL,NULL),(471,NULL,17,33,'Dia inicio Situacion Revista 2',0.00,2,'0',1,'STR_PAD_LEFT',1,2,19,1,NULL,NULL,NULL,NULL,NULL,'',1,NULL,NULL,NULL),(472,NULL,17,34,'Situacion de Revista 3',0.00,2,'0',1,'STR_PAD_LEFT',1,2,20,1,NULL,NULL,NULL,NULL,NULL,'',1,NULL,NULL,NULL),(473,NULL,17,35,'Dia inicio Situacion Revista 3',0.00,2,'0',1,'STR_PAD_LEFT',1,2,21,1,NULL,NULL,NULL,NULL,NULL,'',1,NULL,NULL,NULL),(474,88,17,36,'Sueldo + Adicionales',0.00,12,NULL,3,'STR_PAD_LEFT',1,3,NULL,3,NULL,NULL,NULL,2,4,'',1,NULL,'2020-05-27 12:46:49',NULL),(475,88,17,37,'SAC',0.00,12,NULL,3,'STR_PAD_LEFT',1,3,NULL,3,NULL,NULL,NULL,2,4,'',1,NULL,'2020-05-27 12:49:47',NULL),(476,88,17,38,'Horas Extra',0.00,12,NULL,3,'STR_PAD_LEFT',1,3,NULL,3,NULL,NULL,NULL,2,4,'',1,NULL,'2020-05-27 12:50:01',NULL),(477,NULL,17,39,'Zona desfavorable',0.00,12,NULL,3,'STR_PAD_LEFT',1,1,NULL,1,NULL,NULL,NULL,NULL,NULL,'',1,NULL,NULL,NULL),(478,88,17,40,'Vacaciones',0.00,12,NULL,3,'STR_PAD_LEFT',1,3,NULL,3,NULL,NULL,NULL,2,4,'',1,NULL,'2020-05-27 12:50:09',NULL),(479,88,17,41,'Cantidad de dias trabajados',0.00,9,'0',2,'STR_PAD_LEFT',1,3,NULL,3,NULL,NULL,NULL,2,2,'',1,NULL,'2020-05-27 12:50:31',NULL),(480,NULL,17,42,'Remuneracion Imponible 5',0.00,12,NULL,3,'STR_PAD_LEFT',1,3,NULL,2,NULL,2,2,2,4,'',1,NULL,NULL,NULL),(481,NULL,17,43,'Trabajador Convencionado',0.00,1,'0',4,'STR_PAD_LEFT',1,2,22,1,NULL,NULL,NULL,NULL,NULL,'',1,NULL,NULL,NULL),(482,NULL,17,44,'Remuneracion Imponible 6',0.00,12,NULL,3,'STR_PAD_LEFT',1,1,NULL,1,NULL,NULL,NULL,NULL,NULL,'',1,NULL,NULL,NULL),(483,NULL,17,45,'Tipo de Operacion',0.00,1,NULL,3,'STR_PAD_LEFT',1,1,NULL,1,NULL,NULL,NULL,NULL,NULL,'',1,NULL,NULL,NULL),(484,88,17,46,'Adicionales',0.00,12,NULL,3,'STR_PAD_LEFT',1,3,NULL,3,NULL,NULL,NULL,2,4,'',1,NULL,'2020-05-27 12:50:42',NULL);
INSERT INTO `syj_formato_sicoss_detalle` VALUES (485,88,17,47,'Premios',0.00,12,NULL,3,'STR_PAD_LEFT',1,3,NULL,3,NULL,NULL,NULL,2,4,'',1,NULL,'2020-05-27 12:50:55',NULL),(486,88,17,48,'Remuneracion Imponible 8',0.00,12,'0',3,'STR_PAD_LEFT',1,3,NULL,3,NULL,2,2,2,3,'',1,NULL,'2020-05-27 17:13:47',NULL),(487,NULL,17,49,'Remuneracion Imponible 7',0.00,12,NULL,3,'STR_PAD_LEFT',1,1,NULL,1,NULL,NULL,NULL,NULL,NULL,'',1,NULL,NULL,NULL),(488,88,17,50,'Cantidad de Horas Extras',0.00,3,'0',2,'STR_PAD_LEFT',1,3,NULL,3,NULL,NULL,NULL,2,2,'',1,NULL,'2020-05-27 12:51:14',NULL),(489,88,17,51,'Conceptos No Remunerativos',0.00,12,NULL,3,'STR_PAD_LEFT',1,3,NULL,2,NULL,3,3,2,4,'',1,NULL,'2020-05-27 12:51:19',NULL),(490,NULL,17,52,'Maternidad',0.00,12,NULL,3,'STR_PAD_LEFT',1,3,NULL,3,NULL,NULL,NULL,2,4,'',1,NULL,NULL,NULL),(491,NULL,17,53,'Rectificacion de remuneraciones',0.00,9,NULL,3,'STR_PAD_LEFT',1,1,NULL,1,NULL,NULL,NULL,NULL,NULL,'',1,NULL,NULL,NULL),(492,NULL,17,54,'Remuneracion Imponible 9',0.00,12,NULL,3,'STR_PAD_LEFT',1,3,NULL,2,NULL,2,3,2,4,'',1,NULL,NULL,NULL),(493,NULL,17,55,'Contribucion tarea diferencial (%)',0.00,9,NULL,3,'STR_PAD_LEFT',1,1,NULL,1,NULL,NULL,NULL,NULL,NULL,'',1,NULL,NULL,NULL),(494,88,17,56,'Horas Trabajadas',0.00,3,'0',1,'STR_PAD_LEFT',1,2,26,1,NULL,NULL,NULL,NULL,NULL,'',1,NULL,'2020-05-27 12:51:27',NULL),(495,NULL,17,57,'Seguro Colectivo de Vida Obligatorio',0.00,1,'0',4,'STR_PAD_LEFT',1,2,24,1,NULL,NULL,NULL,NULL,NULL,'',1,NULL,NULL,NULL),(496,NULL,17,58,'Importe a detraer Ley 27430',0.00,12,NULL,3,'STR_PAD_LEFT',1,1,NULL,1,NULL,NULL,NULL,NULL,NULL,'',1,NULL,NULL,NULL),(497,88,17,59,'Incremento Salarial',0.00,12,NULL,3,'STR_PAD_LEFT',1,3,NULL,3,NULL,NULL,NULL,2,4,NULL,1,NULL,'2020-05-27 12:51:41',NULL),(498,NULL,17,60,'Remuneracion Imponible 11',0.00,12,NULL,3,'STR_PAD_LEFT',1,1,NULL,1,NULL,NULL,NULL,NULL,NULL,NULL,1,NULL,NULL,NULL),(502,NULL,18,1,'CUIL',0.00,11,NULL,1,'STR_PAD_RIGHT',1,2,1,1,NULL,NULL,NULL,NULL,NULL,'',1,NULL,NULL,NULL),(503,NULL,18,2,'Apellido y Nombre',0.00,30,NULL,1,'STR_PAD_RIGHT',1,2,2,1,NULL,NULL,NULL,NULL,NULL,'',1,NULL,NULL,NULL),(504,NULL,18,3,'Conyuge',0.00,1,'0',4,'STR_PAD_RIGHT',1,2,3,1,NULL,NULL,NULL,NULL,NULL,'',1,NULL,NULL,NULL),(505,NULL,18,4,'Cantidad de Hijos',0.00,2,'0',1,'STR_PAD_LEFT',1,2,4,1,NULL,NULL,NULL,NULL,NULL,'',1,NULL,NULL,NULL),(506,NULL,18,5,'Codigo de Situacion',0.00,2,'0',1,'STR_PAD_LEFT',1,2,5,1,NULL,NULL,NULL,NULL,NULL,'',1,NULL,NULL,NULL),(507,NULL,18,6,'Codigo de Condicion',0.00,2,'0',1,'STR_PAD_LEFT',1,2,6,1,NULL,NULL,NULL,NULL,NULL,'',1,NULL,NULL,NULL),(508,NULL,18,7,'Codigo de Actividad',0.00,3,'0',1,'STR_PAD_LEFT',1,2,7,1,NULL,NULL,NULL,NULL,NULL,'',1,NULL,NULL,NULL),(509,NULL,18,8,'Codigo de Zona',0.00,2,'0',1,'STR_PAD_LEFT',1,2,8,1,NULL,NULL,NULL,NULL,NULL,'',1,NULL,NULL,NULL),(510,NULL,18,9,'Porcentaje de Aporte Adicional SS',0.00,5,NULL,3,'STR_PAD_LEFT',1,1,NULL,1,NULL,NULL,NULL,NULL,NULL,'',1,NULL,NULL,NULL),(511,NULL,18,10,'Codigo de Modalidad de Contratacion',0.00,3,'0',1,'STR_PAD_LEFT',1,2,9,1,NULL,NULL,NULL,NULL,NULL,'',1,NULL,NULL,NULL),(512,NULL,18,11,'Codigo de Obra Social',0.00,6,'0',1,'STR_PAD_LEFT',1,2,10,1,NULL,NULL,NULL,NULL,NULL,'',1,NULL,NULL,NULL),(513,NULL,18,12,'Cantidad de Adherentes',0.00,2,'0',1,'STR_PAD_LEFT',1,2,11,1,NULL,NULL,NULL,NULL,NULL,'',1,NULL,NULL,NULL),(514,NULL,18,13,'Remuneracion Total',0.00,12,NULL,3,'STR_PAD_LEFT',1,3,NULL,2,NULL,2,3,2,4,'',1,NULL,NULL,NULL),(515,NULL,18,14,'Remuneracion Imponible 1',0.00,12,NULL,3,'STR_PAD_LEFT',1,3,NULL,2,NULL,2,2,2,4,'',1,NULL,NULL,NULL),(516,NULL,18,15,'Asignaciones Familiares Pagadas',0.00,9,NULL,3,'STR_PAD_LEFT',1,1,NULL,1,NULL,NULL,NULL,NULL,NULL,'',1,NULL,NULL,NULL),(517,NULL,18,16,'Importe Aporte Voluntario',0.00,9,NULL,3,'STR_PAD_LEFT',1,1,NULL,1,NULL,NULL,NULL,NULL,NULL,'',1,NULL,NULL,NULL),(518,NULL,18,17,'Importe Adicional OS',0.00,9,NULL,3,'STR_PAD_LEFT',1,1,NULL,1,NULL,NULL,NULL,NULL,NULL,'',1,NULL,NULL,NULL);
INSERT INTO `syj_formato_sicoss_detalle` VALUES (519,NULL,18,18,'Importe Excedentes Aportes SS',0.00,9,NULL,3,'STR_PAD_LEFT',1,1,NULL,1,NULL,NULL,NULL,NULL,NULL,'',1,NULL,NULL,NULL),(520,NULL,18,19,'Importe Excedentes Aportes OS',0.00,9,NULL,3,'STR_PAD_LEFT',1,1,NULL,1,NULL,NULL,NULL,NULL,NULL,'',1,NULL,NULL,NULL),(521,NULL,18,20,'Provincia Localidad',0.00,50,NULL,1,'STR_PAD_RIGHT',1,2,12,1,NULL,NULL,NULL,NULL,NULL,'',1,NULL,NULL,NULL),(522,NULL,18,21,'Remuneracion Imponible 2',0.00,12,NULL,3,'STR_PAD_LEFT',1,3,NULL,2,NULL,2,2,2,4,'',1,NULL,NULL,NULL),(523,NULL,18,22,'Remuneracion Imponible 3',0.00,12,NULL,3,'STR_PAD_LEFT',1,3,NULL,2,NULL,2,2,2,4,'',1,NULL,NULL,NULL),(524,88,18,23,'Remuneracion Imponible 4',0.00,12,NULL,3,'STR_PAD_LEFT',1,3,26,3,NULL,NULL,NULL,2,3,'',1,NULL,'2020-05-27 17:14:15',NULL),(525,NULL,18,24,'Codigo de Siniestrado',0.00,2,'0',1,'STR_PAD_LEFT',1,2,13,1,NULL,NULL,NULL,NULL,NULL,'',1,NULL,NULL,NULL),(526,NULL,18,25,'Marca de Corresponde Reduccion',0.00,1,'0',4,'STR_PAD_LEFT',1,2,26,1,NULL,NULL,NULL,NULL,NULL,'',1,NULL,NULL,NULL),(527,NULL,18,26,'Capital de Recomposicion de LRT',0.00,9,NULL,3,'STR_PAD_LEFT',1,1,NULL,1,NULL,NULL,NULL,NULL,NULL,'',1,NULL,NULL,NULL),(528,NULL,18,27,'Tipo de Empresa',0.00,1,'0',1,'STR_PAD_LEFT',1,2,14,1,NULL,NULL,NULL,NULL,NULL,'',1,NULL,NULL,NULL),(529,NULL,18,28,'Aporte Adicional de Obra Social',0.00,9,NULL,3,'STR_PAD_LEFT',1,3,NULL,3,NULL,NULL,NULL,2,4,'',1,NULL,NULL,NULL),(530,NULL,18,29,'Regimen',0.00,1,NULL,1,'STR_PAD_LEFT',1,2,15,1,NULL,NULL,NULL,NULL,NULL,'',1,NULL,NULL,NULL),(531,NULL,18,30,'Situacion de Revista 1',0.00,2,'0',1,'STR_PAD_LEFT',1,2,16,1,NULL,NULL,NULL,NULL,NULL,'',1,NULL,NULL,NULL),(532,NULL,18,31,'Dia inicio Situacion Revista 1',0.00,2,'0',1,'STR_PAD_LEFT',1,2,17,1,NULL,NULL,NULL,NULL,NULL,'',1,NULL,NULL,NULL),(533,NULL,18,32,'Situacion de Revista 2',0.00,2,'0',1,'STR_PAD_LEFT',1,2,18,1,NULL,NULL,NULL,NULL,NULL,'',1,NULL,NULL,NULL),(534,NULL,18,33,'Dia inicio Situacion Revista 2',0.00,2,'0',1,'STR_PAD_LEFT',1,2,19,1,NULL,NULL,NULL,NULL,NULL,'',1,NULL,NULL,NULL),(535,NULL,18,34,'Situacion de Revista 3',0.00,2,'0',1,'STR_PAD_LEFT',1,2,20,1,NULL,NULL,NULL,NULL,NULL,'',1,NULL,NULL,NULL),(536,NULL,18,35,'Dia inicio Situacion Revista 3',0.00,2,'0',1,'STR_PAD_LEFT',1,2,21,1,NULL,NULL,NULL,NULL,NULL,'',1,NULL,NULL,NULL),(537,88,18,36,'Sueldo + Adicionales',0.00,12,NULL,3,'STR_PAD_LEFT',1,3,NULL,3,NULL,NULL,NULL,2,4,'',1,NULL,'2020-05-28 13:49:37',NULL),(538,88,18,37,'SAC',0.00,12,NULL,3,'STR_PAD_LEFT',1,3,NULL,3,NULL,NULL,NULL,2,4,'',1,NULL,'2020-05-27 13:11:58',NULL),(539,88,18,38,'Horas Extra',0.00,12,NULL,3,'STR_PAD_LEFT',1,3,NULL,3,NULL,NULL,NULL,2,4,'',1,NULL,'2020-05-27 13:12:23',NULL),(540,NULL,18,39,'Zona desfavorable',0.00,12,NULL,3,'STR_PAD_LEFT',1,1,NULL,1,NULL,NULL,NULL,NULL,NULL,'',1,NULL,NULL,NULL),(541,88,18,40,'Vacaciones',0.00,12,NULL,3,'STR_PAD_LEFT',1,3,NULL,3,NULL,NULL,NULL,2,4,'',1,NULL,'2020-05-27 13:12:40',NULL),(542,88,18,41,'Cantidad de dias trabajados',0.00,9,'0',2,'STR_PAD_LEFT',1,3,NULL,3,NULL,NULL,NULL,2,2,'',1,NULL,'2020-05-28 13:47:33',NULL),(543,NULL,18,42,'Remuneracion Imponible 5',0.00,12,NULL,3,'STR_PAD_LEFT',1,3,NULL,2,NULL,2,2,2,4,'',1,NULL,NULL,NULL),(544,NULL,18,43,'Trabajador Convencionado',0.00,1,'0',4,'STR_PAD_LEFT',1,2,22,1,NULL,NULL,NULL,NULL,NULL,'',1,NULL,NULL,NULL),(545,NULL,18,44,'Remuneracion Imponible 6',0.00,12,NULL,3,'STR_PAD_LEFT',1,1,NULL,1,NULL,NULL,NULL,NULL,NULL,'',1,NULL,NULL,NULL),(546,NULL,18,45,'Tipo de Operacion',0.00,1,NULL,3,'STR_PAD_LEFT',1,1,NULL,1,NULL,NULL,NULL,NULL,NULL,'',1,NULL,NULL,NULL),(547,88,18,46,'Adicionales',0.00,12,NULL,3,'STR_PAD_LEFT',1,3,NULL,3,NULL,NULL,NULL,2,4,'',1,NULL,'2020-05-27 13:13:24',NULL),(548,88,18,47,'Premios',0.00,12,NULL,3,'STR_PAD_LEFT',1,3,NULL,3,NULL,NULL,NULL,2,4,'',1,NULL,'2020-05-27 13:13:33',NULL),(549,88,18,48,'Remuneracion Imponible 8',0.00,12,'0',3,'STR_PAD_LEFT',1,3,NULL,3,NULL,2,2,2,3,'',1,NULL,'2020-05-27 17:14:22',NULL);
INSERT INTO `syj_formato_sicoss_detalle` VALUES (550,NULL,18,49,'Remuneracion Imponible 7',0.00,12,NULL,3,'STR_PAD_LEFT',1,1,NULL,1,NULL,NULL,NULL,NULL,NULL,'',1,NULL,NULL,NULL),(551,88,18,50,'Cantidad de Horas Extras',0.00,3,'0',2,'STR_PAD_LEFT',1,3,NULL,3,NULL,NULL,NULL,2,2,'',1,NULL,'2020-05-27 13:14:13',NULL),(552,88,18,51,'Conceptos No Remunerativos',0.00,12,NULL,3,'STR_PAD_LEFT',1,3,NULL,2,NULL,3,3,2,4,'',1,NULL,'2020-05-27 13:14:19',NULL),(553,NULL,18,52,'Maternidad',0.00,12,NULL,3,'STR_PAD_LEFT',1,3,NULL,3,NULL,NULL,NULL,2,4,'',1,NULL,NULL,NULL),(554,NULL,18,53,'Rectificacion de remuneraciones',0.00,9,NULL,3,'STR_PAD_LEFT',1,1,NULL,1,NULL,NULL,NULL,NULL,NULL,'',1,NULL,NULL,NULL),(555,NULL,18,54,'Remuneracion Imponible 9',0.00,12,NULL,3,'STR_PAD_LEFT',1,3,NULL,2,NULL,2,3,2,4,'',1,NULL,NULL,NULL),(556,NULL,18,55,'Contribucion tarea diferencial (%)',0.00,9,NULL,3,'STR_PAD_LEFT',1,1,NULL,1,NULL,NULL,NULL,NULL,NULL,'',1,NULL,NULL,NULL),(557,88,18,56,'Horas Trabajadas',0.00,3,'0',1,'STR_PAD_LEFT',1,3,26,3,NULL,NULL,NULL,2,2,'',1,NULL,'2020-05-28 13:47:41',NULL),(558,NULL,18,57,'Seguro Colectivo de Vida Obligatorio',0.00,1,'0',4,'STR_PAD_LEFT',1,2,24,1,NULL,NULL,NULL,NULL,NULL,'',1,NULL,NULL,NULL),(559,NULL,18,58,'Importe a detraer Ley 27430',0.00,12,NULL,3,'STR_PAD_LEFT',1,1,NULL,1,NULL,NULL,NULL,NULL,NULL,'',1,NULL,NULL,NULL),(560,88,18,59,'Incremento Salarial',0.00,12,NULL,3,'STR_PAD_LEFT',1,3,NULL,3,NULL,NULL,NULL,2,4,NULL,1,NULL,'2020-05-27 13:14:47',NULL),(561,NULL,18,60,'Remuneracion Imponible 11',0.00,12,NULL,3,'STR_PAD_LEFT',1,1,NULL,1,NULL,NULL,NULL,NULL,NULL,NULL,1,NULL,NULL,NULL),(565,NULL,19,1,'CUIL',0.00,11,NULL,1,'STR_PAD_RIGHT',1,2,1,1,NULL,NULL,NULL,NULL,NULL,'',1,NULL,NULL,NULL),(566,NULL,19,2,'Apellido y Nombre',0.00,30,NULL,1,'STR_PAD_RIGHT',1,2,2,1,NULL,NULL,NULL,NULL,NULL,'',1,NULL,NULL,NULL),(567,NULL,19,3,'Conyuge',0.00,1,'0',4,'STR_PAD_RIGHT',1,2,3,1,NULL,NULL,NULL,NULL,NULL,'',1,NULL,NULL,NULL),(568,NULL,19,4,'Cantidad de Hijos',0.00,2,'0',1,'STR_PAD_LEFT',1,2,4,1,NULL,NULL,NULL,NULL,NULL,'',1,NULL,NULL,NULL),(569,NULL,19,5,'Codigo de Situacion',0.00,2,'0',1,'STR_PAD_LEFT',1,2,5,1,NULL,NULL,NULL,NULL,NULL,'',1,NULL,NULL,NULL),(570,NULL,19,6,'Codigo de Condicion',0.00,2,'0',1,'STR_PAD_LEFT',1,2,6,1,NULL,NULL,NULL,NULL,NULL,'',1,NULL,NULL,NULL),(571,NULL,19,7,'Codigo de Actividad',0.00,3,'0',1,'STR_PAD_LEFT',1,2,7,1,NULL,NULL,NULL,NULL,NULL,'',1,NULL,NULL,NULL),(572,NULL,19,8,'Codigo de Zona',0.00,2,'0',1,'STR_PAD_LEFT',1,2,8,1,NULL,NULL,NULL,NULL,NULL,'',1,NULL,NULL,NULL),(573,NULL,19,9,'Porcentaje de Aporte Adicional SS',0.00,5,NULL,3,'STR_PAD_LEFT',1,1,NULL,1,NULL,NULL,NULL,NULL,NULL,'',1,NULL,NULL,NULL),(574,NULL,19,10,'Codigo de Modalidad de Contratacion',0.00,3,'0',1,'STR_PAD_LEFT',1,2,9,1,NULL,NULL,NULL,NULL,NULL,'',1,NULL,NULL,NULL),(575,NULL,19,11,'Codigo de Obra Social',0.00,6,'0',1,'STR_PAD_LEFT',1,2,10,1,NULL,NULL,NULL,NULL,NULL,'',1,NULL,NULL,NULL),(576,NULL,19,12,'Cantidad de Adherentes',0.00,2,'0',1,'STR_PAD_LEFT',1,2,11,1,NULL,NULL,NULL,NULL,NULL,'',1,NULL,NULL,NULL),(577,NULL,19,13,'Remuneracion Total',0.00,12,NULL,3,'STR_PAD_LEFT',1,3,NULL,2,NULL,2,3,2,4,'',1,NULL,NULL,NULL),(578,NULL,19,14,'Remuneracion Imponible 1',0.00,12,NULL,3,'STR_PAD_LEFT',1,3,NULL,2,NULL,2,2,2,4,'',1,NULL,NULL,NULL),(579,NULL,19,15,'Asignaciones Familiares Pagadas',0.00,9,NULL,3,'STR_PAD_LEFT',1,1,NULL,1,NULL,NULL,NULL,NULL,NULL,'',1,NULL,NULL,NULL),(580,NULL,19,16,'Importe Aporte Voluntario',0.00,9,NULL,3,'STR_PAD_LEFT',1,1,NULL,1,NULL,NULL,NULL,NULL,NULL,'',1,NULL,NULL,NULL),(581,NULL,19,17,'Importe Adicional OS',0.00,9,NULL,3,'STR_PAD_LEFT',1,1,NULL,1,NULL,NULL,NULL,NULL,NULL,'',1,NULL,NULL,NULL),(582,NULL,19,18,'Importe Excedentes Aportes SS',0.00,9,NULL,3,'STR_PAD_LEFT',1,1,NULL,1,NULL,NULL,NULL,NULL,NULL,'',1,NULL,NULL,NULL),(583,NULL,19,19,'Importe Excedentes Aportes OS',0.00,9,NULL,3,'STR_PAD_LEFT',1,1,NULL,1,NULL,NULL,NULL,NULL,NULL,'',1,NULL,NULL,NULL);
INSERT INTO `syj_formato_sicoss_detalle` VALUES (584,NULL,19,20,'Provincia Localidad',0.00,50,NULL,1,'STR_PAD_RIGHT',1,2,12,1,NULL,NULL,NULL,NULL,NULL,'',1,NULL,NULL,NULL),(585,NULL,19,21,'Remuneracion Imponible 2',0.00,12,NULL,3,'STR_PAD_LEFT',1,3,NULL,2,NULL,2,2,2,4,'',1,NULL,NULL,NULL),(586,NULL,19,22,'Remuneracion Imponible 3',0.00,12,NULL,3,'STR_PAD_LEFT',1,3,NULL,2,NULL,2,2,2,4,'',1,NULL,NULL,NULL),(587,88,19,23,'Remuneracion Imponible 4',0.00,12,NULL,3,'STR_PAD_LEFT',1,3,26,3,NULL,NULL,NULL,2,3,'',1,NULL,'2020-05-27 17:00:31',NULL),(588,NULL,19,24,'Codigo de Siniestrado',0.00,2,'0',1,'STR_PAD_LEFT',1,2,13,1,NULL,NULL,NULL,NULL,NULL,'',1,NULL,NULL,NULL),(589,NULL,19,25,'Marca de Corresponde Reduccion',0.00,1,'0',4,'STR_PAD_LEFT',1,2,26,1,NULL,NULL,NULL,NULL,NULL,'',1,NULL,NULL,NULL),(590,NULL,19,26,'Capital de Recomposicion de LRT',0.00,9,NULL,3,'STR_PAD_LEFT',1,1,NULL,1,NULL,NULL,NULL,NULL,NULL,'',1,NULL,NULL,NULL),(591,NULL,19,27,'Tipo de Empresa',0.00,1,'0',1,'STR_PAD_LEFT',1,2,14,1,NULL,NULL,NULL,NULL,NULL,'',1,NULL,NULL,NULL),(592,NULL,19,28,'Aporte Adicional de Obra Social',0.00,9,NULL,3,'STR_PAD_LEFT',1,3,NULL,3,NULL,NULL,NULL,2,4,'',1,NULL,NULL,NULL),(593,NULL,19,29,'Regimen',0.00,1,NULL,1,'STR_PAD_LEFT',1,2,15,1,NULL,NULL,NULL,NULL,NULL,'',1,NULL,NULL,NULL),(594,NULL,19,30,'Situacion de Revista 1',0.00,2,'0',1,'STR_PAD_LEFT',1,2,16,1,NULL,NULL,NULL,NULL,NULL,'',1,NULL,NULL,NULL),(595,NULL,19,31,'Dia inicio Situacion Revista 1',0.00,2,'0',1,'STR_PAD_LEFT',1,2,17,1,NULL,NULL,NULL,NULL,NULL,'',1,NULL,NULL,NULL),(596,NULL,19,32,'Situacion de Revista 2',0.00,2,'0',1,'STR_PAD_LEFT',1,2,18,1,NULL,NULL,NULL,NULL,NULL,'',1,NULL,NULL,NULL),(597,NULL,19,33,'Dia inicio Situacion Revista 2',0.00,2,'0',1,'STR_PAD_LEFT',1,2,19,1,NULL,NULL,NULL,NULL,NULL,'',1,NULL,NULL,NULL),(598,NULL,19,34,'Situacion de Revista 3',0.00,2,'0',1,'STR_PAD_LEFT',1,2,20,1,NULL,NULL,NULL,NULL,NULL,'',1,NULL,NULL,NULL),(599,NULL,19,35,'Dia inicio Situacion Revista 3',0.00,2,'0',1,'STR_PAD_LEFT',1,2,21,1,NULL,NULL,NULL,NULL,NULL,'',1,NULL,NULL,NULL),(600,88,19,36,'Sueldo + Adicionales',0.00,12,NULL,3,'STR_PAD_LEFT',1,3,NULL,3,NULL,NULL,NULL,2,4,'',1,NULL,'2020-05-27 16:54:31',NULL),(601,88,19,37,'SAC',0.00,12,NULL,3,'STR_PAD_LEFT',1,3,NULL,3,NULL,NULL,NULL,2,4,'',1,NULL,'2020-05-27 17:15:02',NULL),(602,88,19,38,'Horas Extra',0.00,12,NULL,3,'STR_PAD_LEFT',1,3,NULL,3,NULL,NULL,NULL,2,4,'',1,NULL,'2020-05-27 17:15:24',NULL),(603,NULL,19,39,'Zona desfavorable',0.00,12,NULL,3,'STR_PAD_LEFT',1,1,NULL,1,NULL,NULL,NULL,NULL,NULL,'',1,NULL,NULL,NULL),(604,88,19,40,'Vacaciones',0.00,12,NULL,3,'STR_PAD_LEFT',1,3,NULL,3,NULL,NULL,NULL,2,4,'',1,NULL,'2020-05-27 17:15:32',NULL),(605,88,19,41,'Cantidad de dias trabajados',0.00,9,'0',2,'STR_PAD_LEFT',1,3,NULL,3,NULL,NULL,NULL,2,2,'',1,NULL,'2020-05-27 17:15:53',NULL),(606,NULL,19,42,'Remuneracion Imponible 5',0.00,12,NULL,3,'STR_PAD_LEFT',1,3,NULL,2,NULL,2,2,2,4,'',1,NULL,NULL,NULL),(607,NULL,19,43,'Trabajador Convencionado',0.00,1,'0',4,'STR_PAD_LEFT',1,2,22,1,NULL,NULL,NULL,NULL,NULL,'',1,NULL,NULL,NULL),(608,NULL,19,44,'Remuneracion Imponible 6',0.00,12,NULL,3,'STR_PAD_LEFT',1,1,NULL,1,NULL,NULL,NULL,NULL,NULL,'',1,NULL,NULL,NULL),(609,NULL,19,45,'Tipo de Operacion',0.00,1,NULL,3,'STR_PAD_LEFT',1,1,NULL,1,NULL,NULL,NULL,NULL,NULL,'',1,NULL,NULL,NULL),(610,88,19,46,'Adicionales',0.00,12,NULL,3,'STR_PAD_LEFT',1,3,NULL,3,NULL,NULL,NULL,2,4,'',1,NULL,'2020-05-27 17:16:08',NULL),(611,88,19,47,'Premios',0.00,12,NULL,3,'STR_PAD_LEFT',1,3,NULL,3,NULL,NULL,NULL,2,4,'',1,NULL,'2020-05-27 17:16:22',NULL),(612,88,19,48,'Remuneracion Imponible 8',0.00,12,'0',3,'STR_PAD_LEFT',1,3,NULL,3,NULL,2,2,2,3,'',1,NULL,'2020-05-27 16:50:54',NULL),(613,NULL,19,49,'Remuneracion Imponible 7',0.00,12,NULL,3,'STR_PAD_LEFT',1,1,NULL,1,NULL,NULL,NULL,NULL,NULL,'',1,NULL,NULL,NULL),(614,88,19,50,'Cantidad de Horas Extras',0.00,3,'0',2,'STR_PAD_LEFT',1,3,NULL,3,NULL,NULL,NULL,2,2,'',1,NULL,'2020-05-27 17:16:38',NULL);
INSERT INTO `syj_formato_sicoss_detalle` VALUES (615,88,19,51,'Conceptos No Remunerativos',0.00,12,NULL,3,'STR_PAD_LEFT',1,3,NULL,2,NULL,3,3,2,4,'',1,NULL,'2020-05-27 17:16:43',NULL),(616,NULL,19,52,'Maternidad',0.00,12,NULL,3,'STR_PAD_LEFT',1,3,NULL,3,NULL,NULL,NULL,2,4,'',1,NULL,NULL,NULL),(617,NULL,19,53,'Rectificacion de remuneraciones',0.00,9,NULL,3,'STR_PAD_LEFT',1,1,NULL,1,NULL,NULL,NULL,NULL,NULL,'',1,NULL,NULL,NULL),(618,NULL,19,54,'Remuneracion Imponible 9',0.00,12,NULL,3,'STR_PAD_LEFT',1,3,NULL,2,NULL,2,3,2,4,'',1,NULL,NULL,NULL),(619,NULL,19,55,'Contribucion tarea diferencial (%)',0.00,9,NULL,3,'STR_PAD_LEFT',1,1,NULL,1,NULL,NULL,NULL,NULL,NULL,'',1,NULL,NULL,NULL),(620,88,19,56,'Horas Trabajadas',0.00,3,'0',1,'STR_PAD_LEFT',1,3,26,3,NULL,NULL,NULL,2,4,'',1,NULL,'2020-05-27 16:51:38',NULL),(621,NULL,19,57,'Seguro Colectivo de Vida Obligatorio',0.00,1,'0',4,'STR_PAD_LEFT',1,2,24,1,NULL,NULL,NULL,NULL,NULL,'',1,NULL,NULL,NULL),(622,NULL,19,58,'Importe a detraer Ley 27430',0.00,12,NULL,3,'STR_PAD_LEFT',1,1,NULL,1,NULL,NULL,NULL,NULL,NULL,'',1,NULL,NULL,NULL),(623,88,19,59,'Incremento Salarial',0.00,12,NULL,3,'STR_PAD_LEFT',1,3,NULL,3,NULL,NULL,NULL,2,4,NULL,1,NULL,'2020-05-27 16:56:25',NULL),(624,NULL,19,60,'Remuneracion Imponible 11',0.00,12,NULL,3,'STR_PAD_LEFT',1,1,NULL,1,NULL,NULL,NULL,NULL,NULL,NULL,1,NULL,NULL,NULL),(628,NULL,20,1,'CUIL',0.00,11,NULL,1,'STR_PAD_RIGHT',1,2,1,1,NULL,NULL,NULL,NULL,NULL,'',1,NULL,NULL,NULL),(629,NULL,20,2,'Apellido y Nombre',0.00,30,NULL,1,'STR_PAD_RIGHT',1,2,2,1,NULL,NULL,NULL,NULL,NULL,'',1,NULL,NULL,NULL),(630,NULL,20,3,'Conyuge',0.00,1,'0',4,'STR_PAD_RIGHT',1,2,3,1,NULL,NULL,NULL,NULL,NULL,'',1,NULL,NULL,NULL),(631,NULL,20,4,'Cantidad de Hijos',0.00,2,'0',1,'STR_PAD_LEFT',1,2,4,1,NULL,NULL,NULL,NULL,NULL,'',1,NULL,NULL,NULL),(632,NULL,20,5,'Codigo de Situacion',0.00,2,'0',1,'STR_PAD_LEFT',1,2,5,1,NULL,NULL,NULL,NULL,NULL,'',1,NULL,NULL,NULL),(633,NULL,20,6,'Codigo de Condicion',0.00,2,'0',1,'STR_PAD_LEFT',1,2,6,1,NULL,NULL,NULL,NULL,NULL,'',1,NULL,NULL,NULL),(634,NULL,20,7,'Codigo de Actividad',0.00,3,'0',1,'STR_PAD_LEFT',1,2,7,1,NULL,NULL,NULL,NULL,NULL,'',1,NULL,NULL,NULL),(635,NULL,20,8,'Codigo de Zona',0.00,2,'0',1,'STR_PAD_LEFT',1,2,8,1,NULL,NULL,NULL,NULL,NULL,'',1,NULL,NULL,NULL),(636,NULL,20,9,'Porcentaje de Aporte Adicional SS',0.00,5,NULL,3,'STR_PAD_LEFT',1,1,NULL,1,NULL,NULL,NULL,NULL,NULL,'',1,NULL,NULL,NULL),(637,NULL,20,10,'Codigo de Modalidad de Contratacion',0.00,3,'0',1,'STR_PAD_LEFT',1,2,9,1,NULL,NULL,NULL,NULL,NULL,'',1,NULL,NULL,NULL),(638,NULL,20,11,'Codigo de Obra Social',0.00,6,'0',1,'STR_PAD_LEFT',1,2,10,1,NULL,NULL,NULL,NULL,NULL,'',1,NULL,NULL,NULL),(639,NULL,20,12,'Cantidad de Adherentes',0.00,2,'0',1,'STR_PAD_LEFT',1,2,11,1,NULL,NULL,NULL,NULL,NULL,'',1,NULL,NULL,NULL),(640,NULL,20,13,'Remuneracion Total',0.00,12,NULL,3,'STR_PAD_LEFT',1,3,NULL,2,NULL,2,3,2,4,'',1,NULL,NULL,NULL),(641,NULL,20,14,'Remuneracion Imponible 1',0.00,12,NULL,3,'STR_PAD_LEFT',1,3,NULL,2,NULL,2,2,2,4,'',1,NULL,NULL,NULL),(642,NULL,20,15,'Asignaciones Familiares Pagadas',0.00,9,NULL,3,'STR_PAD_LEFT',1,1,NULL,1,NULL,NULL,NULL,NULL,NULL,'',1,NULL,NULL,NULL),(643,NULL,20,16,'Importe Aporte Voluntario',0.00,9,NULL,3,'STR_PAD_LEFT',1,1,NULL,1,NULL,NULL,NULL,NULL,NULL,'',1,NULL,NULL,NULL),(644,NULL,20,17,'Importe Adicional OS',0.00,9,NULL,3,'STR_PAD_LEFT',1,1,NULL,1,NULL,NULL,NULL,NULL,NULL,'',1,NULL,NULL,NULL),(645,NULL,20,18,'Importe Excedentes Aportes SS',0.00,9,NULL,3,'STR_PAD_LEFT',1,1,NULL,1,NULL,NULL,NULL,NULL,NULL,'',1,NULL,NULL,NULL),(646,NULL,20,19,'Importe Excedentes Aportes OS',0.00,9,NULL,3,'STR_PAD_LEFT',1,1,NULL,1,NULL,NULL,NULL,NULL,NULL,'',1,NULL,NULL,NULL),(647,NULL,20,20,'Provincia Localidad',0.00,50,NULL,1,'STR_PAD_RIGHT',1,2,12,1,NULL,NULL,NULL,NULL,NULL,'',1,NULL,NULL,NULL),(648,NULL,20,21,'Remuneracion Imponible 2',0.00,12,NULL,3,'STR_PAD_LEFT',1,3,NULL,2,NULL,2,2,2,4,'',1,NULL,NULL,NULL),(649,NULL,20,22,'Remuneracion Imponible 3',0.00,12,NULL,3,'STR_PAD_LEFT',1,3,NULL,2,NULL,2,2,2,4,'',1,NULL,NULL,NULL);
INSERT INTO `syj_formato_sicoss_detalle` VALUES (650,88,20,23,'Remuneracion Imponible 4',0.00,12,NULL,3,'STR_PAD_LEFT',1,3,26,3,NULL,NULL,NULL,2,3,'',1,NULL,'2020-05-27 17:17:40',NULL),(651,NULL,20,24,'Codigo de Siniestrado',0.00,2,'0',1,'STR_PAD_LEFT',1,2,13,1,NULL,NULL,NULL,NULL,NULL,'',1,NULL,NULL,NULL),(652,NULL,20,25,'Marca de Corresponde Reduccion',0.00,1,'0',4,'STR_PAD_LEFT',1,2,26,1,NULL,NULL,NULL,NULL,NULL,'',1,NULL,NULL,NULL),(653,NULL,20,26,'Capital de Recomposicion de LRT',0.00,9,NULL,3,'STR_PAD_LEFT',1,1,NULL,1,NULL,NULL,NULL,NULL,NULL,'',1,NULL,NULL,NULL),(654,NULL,20,27,'Tipo de Empresa',0.00,1,'0',1,'STR_PAD_LEFT',1,2,14,1,NULL,NULL,NULL,NULL,NULL,'',1,NULL,NULL,NULL),(655,NULL,20,28,'Aporte Adicional de Obra Social',0.00,9,NULL,3,'STR_PAD_LEFT',1,3,NULL,3,NULL,NULL,NULL,2,4,'',1,NULL,NULL,NULL),(656,NULL,20,29,'Regimen',0.00,1,NULL,1,'STR_PAD_LEFT',1,2,15,1,NULL,NULL,NULL,NULL,NULL,'',1,NULL,NULL,NULL),(657,NULL,20,30,'Situacion de Revista 1',0.00,2,'0',1,'STR_PAD_LEFT',1,2,16,1,NULL,NULL,NULL,NULL,NULL,'',1,NULL,NULL,NULL),(658,NULL,20,31,'Dia inicio Situacion Revista 1',0.00,2,'0',1,'STR_PAD_LEFT',1,2,17,1,NULL,NULL,NULL,NULL,NULL,'',1,NULL,NULL,NULL),(659,NULL,20,32,'Situacion de Revista 2',0.00,2,'0',1,'STR_PAD_LEFT',1,2,18,1,NULL,NULL,NULL,NULL,NULL,'',1,NULL,NULL,NULL),(660,NULL,20,33,'Dia inicio Situacion Revista 2',0.00,2,'0',1,'STR_PAD_LEFT',1,2,19,1,NULL,NULL,NULL,NULL,NULL,'',1,NULL,NULL,NULL),(661,NULL,20,34,'Situacion de Revista 3',0.00,2,'0',1,'STR_PAD_LEFT',1,2,20,1,NULL,NULL,NULL,NULL,NULL,'',1,NULL,NULL,NULL),(662,NULL,20,35,'Dia inicio Situacion Revista 3',0.00,2,'0',1,'STR_PAD_LEFT',1,2,21,1,NULL,NULL,NULL,NULL,NULL,'',1,NULL,NULL,NULL),(663,88,20,36,'Sueldo + Adicionales',0.00,12,NULL,3,'STR_PAD_LEFT',1,3,NULL,3,NULL,NULL,NULL,2,4,'',1,NULL,'2020-05-27 14:11:35',NULL),(664,88,20,37,'SAC',0.00,12,NULL,3,'STR_PAD_LEFT',1,3,NULL,3,NULL,NULL,NULL,2,4,'',1,NULL,'2020-05-27 14:11:51',NULL),(665,88,20,38,'Horas Extra',0.00,12,NULL,3,'STR_PAD_LEFT',1,3,NULL,3,NULL,NULL,NULL,2,4,'',1,NULL,'2020-05-27 14:12:11',NULL),(666,NULL,20,39,'Zona desfavorable',0.00,12,NULL,3,'STR_PAD_LEFT',1,1,NULL,1,NULL,NULL,NULL,NULL,NULL,'',1,NULL,NULL,NULL),(667,88,20,40,'Vacaciones',0.00,12,NULL,3,'STR_PAD_LEFT',1,3,NULL,3,NULL,NULL,NULL,2,4,'',1,NULL,'2020-05-27 14:12:20',NULL),(668,88,20,41,'Cantidad de dias trabajados',0.00,9,'0',2,'STR_PAD_LEFT',1,3,NULL,3,NULL,NULL,NULL,2,2,'',1,NULL,'2020-05-27 14:12:45',NULL),(669,NULL,20,42,'Remuneracion Imponible 5',0.00,12,NULL,3,'STR_PAD_LEFT',1,3,NULL,2,NULL,2,2,2,4,'',1,NULL,NULL,NULL),(670,NULL,20,43,'Trabajador Convencionado',0.00,1,'0',4,'STR_PAD_LEFT',1,2,22,1,NULL,NULL,NULL,NULL,NULL,'',1,NULL,NULL,NULL),(671,NULL,20,44,'Remuneracion Imponible 6',0.00,12,NULL,3,'STR_PAD_LEFT',1,1,NULL,1,NULL,NULL,NULL,NULL,NULL,'',1,NULL,NULL,NULL),(672,NULL,20,45,'Tipo de Operacion',0.00,1,NULL,3,'STR_PAD_LEFT',1,1,NULL,1,NULL,NULL,NULL,NULL,NULL,'',1,NULL,NULL,NULL),(673,88,20,46,'Adicionales',0.00,12,NULL,3,'STR_PAD_LEFT',1,3,NULL,3,NULL,NULL,NULL,2,4,'',1,NULL,'2020-05-28 16:31:10',NULL),(674,88,20,47,'Premios',0.00,12,NULL,3,'STR_PAD_LEFT',1,3,NULL,3,NULL,NULL,NULL,2,4,'',1,NULL,'2020-05-27 14:14:41',NULL),(675,88,20,48,'Remuneracion Imponible 8',0.00,12,'0',3,'STR_PAD_LEFT',1,3,NULL,3,NULL,2,2,2,3,'',1,NULL,'2020-05-27 17:17:54',NULL),(676,NULL,20,49,'Remuneracion Imponible 7',0.00,12,NULL,3,'STR_PAD_LEFT',1,1,NULL,1,NULL,NULL,NULL,NULL,NULL,'',1,NULL,NULL,NULL),(677,88,20,50,'Cantidad de Horas Extras',0.00,3,'0',2,'STR_PAD_LEFT',1,3,NULL,3,NULL,NULL,NULL,2,2,'',1,NULL,'2020-05-27 14:15:38',NULL),(678,88,20,51,'Conceptos No Remunerativos',0.00,12,NULL,3,'STR_PAD_LEFT',1,3,NULL,2,NULL,3,3,2,4,'',1,NULL,'2020-05-27 14:15:43',NULL),(679,NULL,20,52,'Maternidad',0.00,12,NULL,3,'STR_PAD_LEFT',1,3,NULL,3,NULL,NULL,NULL,2,4,'',1,NULL,NULL,NULL),(680,NULL,20,53,'Rectificacion de remuneraciones',0.00,9,NULL,3,'STR_PAD_LEFT',1,1,NULL,1,NULL,NULL,NULL,NULL,NULL,'',1,NULL,NULL,NULL);
INSERT INTO `syj_formato_sicoss_detalle` VALUES (681,NULL,20,54,'Remuneracion Imponible 9',0.00,12,NULL,3,'STR_PAD_LEFT',1,3,NULL,2,NULL,2,3,2,4,'',1,NULL,NULL,NULL),(682,NULL,20,55,'Contribucion tarea diferencial (%)',0.00,9,NULL,3,'STR_PAD_LEFT',1,1,NULL,1,NULL,NULL,NULL,NULL,NULL,'',1,NULL,NULL,NULL),(683,88,20,56,'Horas Trabajadas',0.00,3,'0',1,'STR_PAD_LEFT',1,2,26,1,NULL,NULL,NULL,NULL,NULL,'',1,NULL,'2020-05-27 14:15:49',NULL),(684,NULL,20,57,'Seguro Colectivo de Vida Obligatorio',0.00,1,'0',4,'STR_PAD_LEFT',1,2,24,1,NULL,NULL,NULL,NULL,NULL,'',1,NULL,NULL,NULL),(685,NULL,20,58,'Importe a detraer Ley 27430',0.00,12,NULL,3,'STR_PAD_LEFT',1,1,NULL,1,NULL,NULL,NULL,NULL,NULL,'',1,NULL,NULL,NULL),(686,88,20,59,'Incremento Salarial',0.00,12,NULL,3,'STR_PAD_LEFT',1,3,NULL,3,NULL,NULL,NULL,2,4,NULL,1,NULL,'2020-05-27 14:15:52',NULL),(687,NULL,20,60,'Remuneracion Imponible 11',0.00,12,NULL,3,'STR_PAD_LEFT',1,1,NULL,1,NULL,NULL,NULL,NULL,NULL,NULL,1,NULL,NULL,NULL),(691,NULL,21,1,'CUIL',0.00,11,NULL,1,'STR_PAD_RIGHT',1,2,1,1,NULL,NULL,NULL,NULL,NULL,'',1,NULL,NULL,NULL),(692,NULL,21,2,'Apellido y Nombre',0.00,30,NULL,1,'STR_PAD_RIGHT',1,2,2,1,NULL,NULL,NULL,NULL,NULL,'',1,NULL,NULL,NULL),(693,NULL,21,3,'Conyuge',0.00,1,'0',4,'STR_PAD_RIGHT',1,2,3,1,NULL,NULL,NULL,NULL,NULL,'',1,NULL,NULL,NULL),(694,NULL,21,4,'Cantidad de Hijos',0.00,2,'0',1,'STR_PAD_LEFT',1,2,4,1,NULL,NULL,NULL,NULL,NULL,'',1,NULL,NULL,NULL),(695,NULL,21,5,'Codigo de Situacion',0.00,2,'0',1,'STR_PAD_LEFT',1,2,5,1,NULL,NULL,NULL,NULL,NULL,'',1,NULL,NULL,NULL),(696,NULL,21,6,'Codigo de Condicion',0.00,2,'0',1,'STR_PAD_LEFT',1,2,6,1,NULL,NULL,NULL,NULL,NULL,'',1,NULL,NULL,NULL),(697,NULL,21,7,'Codigo de Actividad',0.00,3,'0',1,'STR_PAD_LEFT',1,2,7,1,NULL,NULL,NULL,NULL,NULL,'',1,NULL,NULL,NULL),(698,NULL,21,8,'Codigo de Zona',0.00,2,'0',1,'STR_PAD_LEFT',1,2,8,1,NULL,NULL,NULL,NULL,NULL,'',1,NULL,NULL,NULL),(699,NULL,21,9,'Porcentaje de Aporte Adicional SS',0.00,5,NULL,3,'STR_PAD_LEFT',1,1,NULL,1,NULL,NULL,NULL,NULL,NULL,'',1,NULL,NULL,NULL),(700,NULL,21,10,'Codigo de Modalidad de Contratacion',0.00,3,'0',1,'STR_PAD_LEFT',1,2,9,1,NULL,NULL,NULL,NULL,NULL,'',1,NULL,NULL,NULL),(701,NULL,21,11,'Codigo de Obra Social',0.00,6,'0',1,'STR_PAD_LEFT',1,2,10,1,NULL,NULL,NULL,NULL,NULL,'',1,NULL,NULL,NULL),(702,NULL,21,12,'Cantidad de Adherentes',0.00,2,'0',1,'STR_PAD_LEFT',1,2,11,1,NULL,NULL,NULL,NULL,NULL,'',1,NULL,NULL,NULL),(703,NULL,21,13,'Remuneracion Total',0.00,12,NULL,3,'STR_PAD_LEFT',1,3,NULL,2,NULL,2,3,2,4,'',1,NULL,NULL,NULL),(704,NULL,21,14,'Remuneracion Imponible 1',0.00,12,NULL,3,'STR_PAD_LEFT',1,3,NULL,2,NULL,2,2,2,4,'',1,NULL,NULL,NULL),(705,NULL,21,15,'Asignaciones Familiares Pagadas',0.00,9,NULL,3,'STR_PAD_LEFT',1,1,NULL,1,NULL,NULL,NULL,NULL,NULL,'',1,NULL,NULL,NULL),(706,NULL,21,16,'Importe Aporte Voluntario',0.00,9,NULL,3,'STR_PAD_LEFT',1,1,NULL,1,NULL,NULL,NULL,NULL,NULL,'',1,NULL,NULL,NULL),(707,NULL,21,17,'Importe Adicional OS',0.00,9,NULL,3,'STR_PAD_LEFT',1,1,NULL,1,NULL,NULL,NULL,NULL,NULL,'',1,NULL,NULL,NULL),(708,NULL,21,18,'Importe Excedentes Aportes SS',0.00,9,NULL,3,'STR_PAD_LEFT',1,1,NULL,1,NULL,NULL,NULL,NULL,NULL,'',1,NULL,NULL,NULL),(709,NULL,21,19,'Importe Excedentes Aportes OS',0.00,9,NULL,3,'STR_PAD_LEFT',1,1,NULL,1,NULL,NULL,NULL,NULL,NULL,'',1,NULL,NULL,NULL),(710,NULL,21,20,'Provincia Localidad',0.00,50,NULL,1,'STR_PAD_RIGHT',1,2,12,1,NULL,NULL,NULL,NULL,NULL,'',1,NULL,NULL,NULL),(711,NULL,21,21,'Remuneracion Imponible 2',0.00,12,NULL,3,'STR_PAD_LEFT',1,3,NULL,2,NULL,2,2,2,4,'',1,NULL,NULL,NULL),(712,NULL,21,22,'Remuneracion Imponible 3',0.00,12,NULL,3,'STR_PAD_LEFT',1,3,NULL,2,NULL,2,2,2,4,'',1,NULL,NULL,NULL),(713,88,21,23,'Remuneracion Imponible 4',0.00,12,NULL,3,'STR_PAD_LEFT',1,3,26,3,NULL,NULL,NULL,2,3,'',1,NULL,'2020-05-27 17:18:27',NULL),(714,NULL,21,24,'Codigo de Siniestrado',0.00,2,'0',1,'STR_PAD_LEFT',1,2,13,1,NULL,NULL,NULL,NULL,NULL,'',1,NULL,NULL,NULL);
INSERT INTO `syj_formato_sicoss_detalle` VALUES (715,NULL,21,25,'Marca de Corresponde Reduccion',0.00,1,'0',4,'STR_PAD_LEFT',1,2,26,1,NULL,NULL,NULL,NULL,NULL,'',1,NULL,NULL,NULL),(716,NULL,21,26,'Capital de Recomposicion de LRT',0.00,9,NULL,3,'STR_PAD_LEFT',1,1,NULL,1,NULL,NULL,NULL,NULL,NULL,'',1,NULL,NULL,NULL),(717,NULL,21,27,'Tipo de Empresa',0.00,1,'0',1,'STR_PAD_LEFT',1,2,14,1,NULL,NULL,NULL,NULL,NULL,'',1,NULL,NULL,NULL),(718,NULL,21,28,'Aporte Adicional de Obra Social',0.00,9,NULL,3,'STR_PAD_LEFT',1,3,NULL,3,NULL,NULL,NULL,2,4,'',1,NULL,NULL,NULL),(719,NULL,21,29,'Regimen',0.00,1,NULL,1,'STR_PAD_LEFT',1,2,15,1,NULL,NULL,NULL,NULL,NULL,'',1,NULL,NULL,NULL),(720,NULL,21,30,'Situacion de Revista 1',0.00,2,'0',1,'STR_PAD_LEFT',1,2,16,1,NULL,NULL,NULL,NULL,NULL,'',1,NULL,NULL,NULL),(721,NULL,21,31,'Dia inicio Situacion Revista 1',0.00,2,'0',1,'STR_PAD_LEFT',1,2,17,1,NULL,NULL,NULL,NULL,NULL,'',1,NULL,NULL,NULL),(722,NULL,21,32,'Situacion de Revista 2',0.00,2,'0',1,'STR_PAD_LEFT',1,2,18,1,NULL,NULL,NULL,NULL,NULL,'',1,NULL,NULL,NULL),(723,NULL,21,33,'Dia inicio Situacion Revista 2',0.00,2,'0',1,'STR_PAD_LEFT',1,2,19,1,NULL,NULL,NULL,NULL,NULL,'',1,NULL,NULL,NULL),(724,NULL,21,34,'Situacion de Revista 3',0.00,2,'0',1,'STR_PAD_LEFT',1,2,20,1,NULL,NULL,NULL,NULL,NULL,'',1,NULL,NULL,NULL),(725,NULL,21,35,'Dia inicio Situacion Revista 3',0.00,2,'0',1,'STR_PAD_LEFT',1,2,21,1,NULL,NULL,NULL,NULL,NULL,'',1,NULL,NULL,NULL),(726,88,21,36,'Sueldo + Adicionales',0.00,12,NULL,3,'STR_PAD_LEFT',1,3,NULL,3,NULL,NULL,NULL,2,4,'',1,NULL,'2020-05-27 14:17:11',NULL),(727,88,21,37,'SAC',0.00,12,NULL,3,'STR_PAD_LEFT',1,3,NULL,3,NULL,NULL,NULL,2,4,'',1,NULL,'2020-05-27 14:17:21',NULL),(728,88,21,38,'Horas Extra',0.00,12,NULL,3,'STR_PAD_LEFT',1,3,NULL,3,NULL,NULL,NULL,2,4,'',1,NULL,'2020-05-27 14:17:45',NULL),(729,NULL,21,39,'Zona desfavorable',0.00,12,NULL,3,'STR_PAD_LEFT',1,1,NULL,1,NULL,NULL,NULL,NULL,NULL,'',1,NULL,NULL,NULL),(730,88,21,40,'Vacaciones',0.00,12,NULL,3,'STR_PAD_LEFT',1,3,NULL,3,NULL,NULL,NULL,2,4,'',1,NULL,'2020-05-27 14:17:54',NULL),(731,88,21,41,'Cantidad de dias trabajados',0.00,9,'0',2,'STR_PAD_LEFT',1,3,NULL,3,NULL,NULL,NULL,2,2,'',1,NULL,'2020-05-27 14:18:15',NULL),(732,NULL,21,42,'Remuneracion Imponible 5',0.00,12,NULL,3,'STR_PAD_LEFT',1,3,NULL,2,NULL,2,2,2,4,'',1,NULL,NULL,NULL),(733,NULL,21,43,'Trabajador Convencionado',0.00,1,'0',4,'STR_PAD_LEFT',1,2,22,1,NULL,NULL,NULL,NULL,NULL,'',1,NULL,NULL,NULL),(734,NULL,21,44,'Remuneracion Imponible 6',0.00,12,NULL,3,'STR_PAD_LEFT',1,1,NULL,1,NULL,NULL,NULL,NULL,NULL,'',1,NULL,NULL,NULL),(735,NULL,21,45,'Tipo de Operacion',0.00,1,NULL,3,'STR_PAD_LEFT',1,1,NULL,1,NULL,NULL,NULL,NULL,NULL,'',1,NULL,NULL,NULL),(736,88,21,46,'Adicionales',0.00,12,NULL,3,'STR_PAD_LEFT',1,3,NULL,3,NULL,NULL,NULL,2,4,'',1,NULL,'2020-05-27 14:18:29',NULL),(737,88,21,47,'Premios',0.00,12,NULL,3,'STR_PAD_LEFT',1,3,NULL,3,NULL,NULL,NULL,2,4,'',1,NULL,'2020-05-27 14:18:42',NULL),(738,88,21,48,'Remuneracion Imponible 8',0.00,12,'0',3,'STR_PAD_LEFT',1,3,NULL,3,NULL,2,2,2,3,'',1,NULL,'2020-05-27 14:19:08',NULL),(739,NULL,21,49,'Remuneracion Imponible 7',0.00,12,NULL,3,'STR_PAD_LEFT',1,1,NULL,1,NULL,NULL,NULL,NULL,NULL,'',1,NULL,NULL,NULL),(740,88,21,50,'Cantidad de Horas Extras',0.00,3,'0',2,'STR_PAD_LEFT',1,3,NULL,3,NULL,NULL,NULL,2,2,'',1,NULL,'2020-05-27 14:19:27',NULL),(741,88,21,51,'Conceptos No Remunerativos',0.00,12,NULL,3,'STR_PAD_LEFT',1,3,NULL,2,NULL,3,3,2,4,'',1,NULL,'2020-05-27 14:19:32',NULL),(742,NULL,21,52,'Maternidad',0.00,12,NULL,3,'STR_PAD_LEFT',1,3,NULL,3,NULL,NULL,NULL,2,4,'',1,NULL,NULL,NULL),(743,NULL,21,53,'Rectificacion de remuneraciones',0.00,9,NULL,3,'STR_PAD_LEFT',1,1,NULL,1,NULL,NULL,NULL,NULL,NULL,'',1,NULL,NULL,NULL),(744,NULL,21,54,'Remuneracion Imponible 9',0.00,12,NULL,3,'STR_PAD_LEFT',1,3,NULL,2,NULL,2,3,2,4,'',1,NULL,NULL,NULL),(745,NULL,21,55,'Contribucion tarea diferencial (%)',0.00,9,NULL,3,'STR_PAD_LEFT',1,1,NULL,1,NULL,NULL,NULL,NULL,NULL,'',1,NULL,NULL,NULL);
INSERT INTO `syj_formato_sicoss_detalle` VALUES (746,NULL,21,56,'Horas Trabajadas',0.00,3,'0',1,'STR_PAD_LEFT',1,2,26,1,NULL,NULL,NULL,NULL,NULL,'',1,NULL,NULL,NULL),(747,NULL,21,57,'Seguro Colectivo de Vida Obligatorio',0.00,1,'0',4,'STR_PAD_LEFT',1,2,24,1,NULL,NULL,NULL,NULL,NULL,'',1,NULL,NULL,NULL),(748,NULL,21,58,'Importe a detraer Ley 27430',0.00,12,NULL,3,'STR_PAD_LEFT',1,1,NULL,1,NULL,NULL,NULL,NULL,NULL,'',1,NULL,NULL,NULL),(749,88,21,59,'Incremento Salarial',0.00,12,NULL,3,'STR_PAD_LEFT',1,3,NULL,3,NULL,NULL,NULL,2,4,NULL,1,NULL,'2020-05-27 14:19:51',NULL),(750,NULL,21,60,'Remuneracion Imponible 11',0.00,12,NULL,3,'STR_PAD_LEFT',1,1,NULL,1,NULL,NULL,NULL,NULL,NULL,NULL,1,NULL,NULL,NULL),(754,NULL,22,1,'CUIL',0.00,11,NULL,1,'STR_PAD_RIGHT',1,2,1,1,NULL,NULL,NULL,NULL,NULL,'',1,NULL,NULL,NULL),(755,NULL,22,2,'Apellido y Nombre',0.00,30,NULL,1,'STR_PAD_RIGHT',1,2,2,1,NULL,NULL,NULL,NULL,NULL,'',1,NULL,NULL,NULL),(756,NULL,22,3,'Conyuge',0.00,1,'0',4,'STR_PAD_RIGHT',1,2,3,1,NULL,NULL,NULL,NULL,NULL,'',1,NULL,NULL,NULL),(757,NULL,22,4,'Cantidad de Hijos',0.00,2,'0',1,'STR_PAD_LEFT',1,2,4,1,NULL,NULL,NULL,NULL,NULL,'',1,NULL,NULL,NULL),(758,NULL,22,5,'Codigo de Situacion',0.00,2,'0',1,'STR_PAD_LEFT',1,2,5,1,NULL,NULL,NULL,NULL,NULL,'',1,NULL,NULL,NULL),(759,NULL,22,6,'Codigo de Condicion',0.00,2,'0',1,'STR_PAD_LEFT',1,2,6,1,NULL,NULL,NULL,NULL,NULL,'',1,NULL,NULL,NULL),(760,NULL,22,7,'Codigo de Actividad',0.00,3,'0',1,'STR_PAD_LEFT',1,2,7,1,NULL,NULL,NULL,NULL,NULL,'',1,NULL,NULL,NULL),(761,NULL,22,8,'Codigo de Zona',0.00,2,'0',1,'STR_PAD_LEFT',1,2,8,1,NULL,NULL,NULL,NULL,NULL,'',1,NULL,NULL,NULL),(762,NULL,22,9,'Porcentaje de Aporte Adicional SS',0.00,5,NULL,3,'STR_PAD_LEFT',1,1,NULL,1,NULL,NULL,NULL,NULL,NULL,'',1,NULL,NULL,NULL),(763,NULL,22,10,'Codigo de Modalidad de Contratacion',0.00,3,'0',1,'STR_PAD_LEFT',1,2,9,1,NULL,NULL,NULL,NULL,NULL,'',1,NULL,NULL,NULL),(764,NULL,22,11,'Codigo de Obra Social',0.00,6,'0',1,'STR_PAD_LEFT',1,2,10,1,NULL,NULL,NULL,NULL,NULL,'',1,NULL,NULL,NULL),(765,NULL,22,12,'Cantidad de Adherentes',0.00,2,'0',1,'STR_PAD_LEFT',1,2,11,1,NULL,NULL,NULL,NULL,NULL,'',1,NULL,NULL,NULL),(766,NULL,22,13,'Remuneracion Total',0.00,12,NULL,3,'STR_PAD_LEFT',1,3,NULL,2,NULL,2,3,2,4,'',1,NULL,NULL,NULL),(767,NULL,22,14,'Remuneracion Imponible 1',0.00,12,NULL,3,'STR_PAD_LEFT',1,3,NULL,2,NULL,2,2,2,4,'',1,NULL,NULL,NULL),(768,NULL,22,15,'Asignaciones Familiares Pagadas',0.00,9,NULL,3,'STR_PAD_LEFT',1,1,NULL,1,NULL,NULL,NULL,NULL,NULL,'',1,NULL,NULL,NULL),(769,NULL,22,16,'Importe Aporte Voluntario',0.00,9,NULL,3,'STR_PAD_LEFT',1,1,NULL,1,NULL,NULL,NULL,NULL,NULL,'',1,NULL,NULL,NULL),(770,NULL,22,17,'Importe Adicional OS',0.00,9,NULL,3,'STR_PAD_LEFT',1,1,NULL,1,NULL,NULL,NULL,NULL,NULL,'',1,NULL,NULL,NULL),(771,NULL,22,18,'Importe Excedentes Aportes SS',0.00,9,NULL,3,'STR_PAD_LEFT',1,1,NULL,1,NULL,NULL,NULL,NULL,NULL,'',1,NULL,NULL,NULL),(772,NULL,22,19,'Importe Excedentes Aportes OS',0.00,9,NULL,3,'STR_PAD_LEFT',1,1,NULL,1,NULL,NULL,NULL,NULL,NULL,'',1,NULL,NULL,NULL),(773,NULL,22,20,'Provincia Localidad',0.00,50,NULL,1,'STR_PAD_RIGHT',1,2,12,1,NULL,NULL,NULL,NULL,NULL,'',1,NULL,NULL,NULL),(774,NULL,22,21,'Remuneracion Imponible 2',0.00,12,NULL,3,'STR_PAD_LEFT',1,3,NULL,2,NULL,2,2,2,4,'',1,NULL,NULL,NULL),(775,NULL,22,22,'Remuneracion Imponible 3',0.00,12,NULL,3,'STR_PAD_LEFT',1,3,NULL,2,NULL,2,2,2,4,'',1,NULL,NULL,NULL),(776,88,22,23,'Remuneracion Imponible 4',0.00,12,NULL,3,'STR_PAD_LEFT',1,3,26,3,NULL,NULL,NULL,2,3,'',1,NULL,'2020-05-27 17:18:59',NULL),(777,NULL,22,24,'Codigo de Siniestrado',0.00,2,'0',1,'STR_PAD_LEFT',1,2,13,1,NULL,NULL,NULL,NULL,NULL,'',1,NULL,NULL,NULL),(778,NULL,22,25,'Marca de Corresponde Reduccion',0.00,1,'0',4,'STR_PAD_LEFT',1,2,26,1,NULL,NULL,NULL,NULL,NULL,'',1,NULL,NULL,NULL),(779,NULL,22,26,'Capital de Recomposicion de LRT',0.00,9,NULL,3,'STR_PAD_LEFT',1,1,NULL,1,NULL,NULL,NULL,NULL,NULL,'',1,NULL,NULL,NULL),(780,NULL,22,27,'Tipo de Empresa',0.00,1,'0',1,'STR_PAD_LEFT',1,2,14,1,NULL,NULL,NULL,NULL,NULL,'',1,NULL,NULL,NULL);
INSERT INTO `syj_formato_sicoss_detalle` VALUES (781,NULL,22,28,'Aporte Adicional de Obra Social',0.00,9,NULL,3,'STR_PAD_LEFT',1,3,NULL,3,NULL,NULL,NULL,2,4,'',1,NULL,NULL,NULL),(782,NULL,22,29,'Regimen',0.00,1,NULL,1,'STR_PAD_LEFT',1,2,15,1,NULL,NULL,NULL,NULL,NULL,'',1,NULL,NULL,NULL),(783,NULL,22,30,'Situacion de Revista 1',0.00,2,'0',1,'STR_PAD_LEFT',1,2,16,1,NULL,NULL,NULL,NULL,NULL,'',1,NULL,NULL,NULL),(784,NULL,22,31,'Dia inicio Situacion Revista 1',0.00,2,'0',1,'STR_PAD_LEFT',1,2,17,1,NULL,NULL,NULL,NULL,NULL,'',1,NULL,NULL,NULL),(785,NULL,22,32,'Situacion de Revista 2',0.00,2,'0',1,'STR_PAD_LEFT',1,2,18,1,NULL,NULL,NULL,NULL,NULL,'',1,NULL,NULL,NULL),(786,NULL,22,33,'Dia inicio Situacion Revista 2',0.00,2,'0',1,'STR_PAD_LEFT',1,2,19,1,NULL,NULL,NULL,NULL,NULL,'',1,NULL,NULL,NULL),(787,NULL,22,34,'Situacion de Revista 3',0.00,2,'0',1,'STR_PAD_LEFT',1,2,20,1,NULL,NULL,NULL,NULL,NULL,'',1,NULL,NULL,NULL),(788,NULL,22,35,'Dia inicio Situacion Revista 3',0.00,2,'0',1,'STR_PAD_LEFT',1,2,21,1,NULL,NULL,NULL,NULL,NULL,'',1,NULL,NULL,NULL),(789,88,22,36,'Sueldo + Adicionales',0.00,12,NULL,3,'STR_PAD_LEFT',1,3,NULL,3,NULL,NULL,NULL,2,4,'',1,NULL,'2020-05-27 14:43:07',NULL),(790,88,22,37,'SAC',0.00,12,NULL,3,'STR_PAD_LEFT',1,3,NULL,3,NULL,NULL,NULL,2,4,'',1,NULL,'2020-05-27 14:43:16',NULL),(791,88,22,38,'Horas Extra',0.00,12,NULL,3,'STR_PAD_LEFT',1,3,NULL,3,NULL,NULL,NULL,2,4,'',1,NULL,'2020-05-27 14:43:30',NULL),(792,NULL,22,39,'Zona desfavorable',0.00,12,NULL,3,'STR_PAD_LEFT',1,1,NULL,1,NULL,NULL,NULL,NULL,NULL,'',1,NULL,NULL,NULL),(793,88,22,40,'Vacaciones',0.00,12,NULL,3,'STR_PAD_LEFT',1,3,NULL,3,NULL,NULL,NULL,2,4,'',1,NULL,'2020-05-27 14:43:52',NULL),(794,88,22,41,'Cantidad de dias trabajados',0.00,9,'0',2,'STR_PAD_LEFT',1,3,NULL,3,NULL,NULL,NULL,2,2,'',1,NULL,'2020-05-27 14:44:20',NULL),(795,NULL,22,42,'Remuneracion Imponible 5',0.00,12,NULL,3,'STR_PAD_LEFT',1,3,NULL,2,NULL,2,2,2,4,'',1,NULL,NULL,NULL),(796,NULL,22,43,'Trabajador Convencionado',0.00,1,'0',4,'STR_PAD_LEFT',1,2,22,1,NULL,NULL,NULL,NULL,NULL,'',1,NULL,NULL,NULL),(797,NULL,22,44,'Remuneracion Imponible 6',0.00,12,NULL,3,'STR_PAD_LEFT',1,1,NULL,1,NULL,NULL,NULL,NULL,NULL,'',1,NULL,NULL,NULL),(798,NULL,22,45,'Tipo de Operacion',0.00,1,NULL,3,'STR_PAD_LEFT',1,1,NULL,1,NULL,NULL,NULL,NULL,NULL,'',1,NULL,NULL,NULL),(799,88,22,46,'Adicionales',0.00,12,NULL,3,'STR_PAD_LEFT',1,3,NULL,3,NULL,NULL,NULL,2,4,'',1,NULL,'2020-05-27 14:45:05',NULL),(800,88,22,47,'Premios',0.00,12,NULL,3,'STR_PAD_LEFT',1,3,NULL,3,NULL,NULL,NULL,2,4,'',1,NULL,'2020-05-27 14:45:13',NULL),(801,88,22,48,'Remuneracion Imponible 8',0.00,12,'0',3,'STR_PAD_LEFT',1,3,NULL,3,NULL,2,2,2,3,'',1,NULL,'2020-05-27 14:45:25',NULL),(802,NULL,22,49,'Remuneracion Imponible 7',0.00,12,NULL,3,'STR_PAD_LEFT',1,1,NULL,1,NULL,NULL,NULL,NULL,NULL,'',1,NULL,NULL,NULL),(803,88,22,50,'Cantidad de Horas Extras',0.00,3,'0',2,'STR_PAD_LEFT',1,3,NULL,3,NULL,NULL,NULL,2,2,'',1,NULL,'2020-05-27 14:45:42',NULL),(804,88,22,51,'Conceptos No Remunerativos',0.00,12,NULL,3,'STR_PAD_LEFT',1,3,NULL,2,NULL,3,3,2,4,'',1,NULL,'2020-05-27 14:45:48',NULL),(805,NULL,22,52,'Maternidad',0.00,12,NULL,3,'STR_PAD_LEFT',1,3,NULL,3,NULL,NULL,NULL,2,4,'',1,NULL,NULL,NULL),(806,NULL,22,53,'Rectificacion de remuneraciones',0.00,9,NULL,3,'STR_PAD_LEFT',1,1,NULL,1,NULL,NULL,NULL,NULL,NULL,'',1,NULL,NULL,NULL),(807,NULL,22,54,'Remuneracion Imponible 9',0.00,12,NULL,3,'STR_PAD_LEFT',1,3,NULL,2,NULL,2,3,2,4,'',1,NULL,NULL,NULL),(808,NULL,22,55,'Contribucion tarea diferencial (%)',0.00,9,NULL,3,'STR_PAD_LEFT',1,1,NULL,1,NULL,NULL,NULL,NULL,NULL,'',1,NULL,NULL,NULL),(809,NULL,22,56,'Horas Trabajadas',0.00,3,'0',1,'STR_PAD_LEFT',1,2,26,1,NULL,NULL,NULL,NULL,NULL,'',1,NULL,NULL,NULL),(810,NULL,22,57,'Seguro Colectivo de Vida Obligatorio',0.00,1,'0',4,'STR_PAD_LEFT',1,2,24,1,NULL,NULL,NULL,NULL,NULL,'',1,NULL,NULL,NULL),(811,NULL,22,58,'Importe a detraer Ley 27430',0.00,12,NULL,3,'STR_PAD_LEFT',1,1,NULL,1,NULL,NULL,NULL,NULL,NULL,'',1,NULL,NULL,NULL);
INSERT INTO `syj_formato_sicoss_detalle` VALUES (812,88,22,59,'Incremento Salarial',0.00,12,NULL,3,'STR_PAD_LEFT',1,3,NULL,3,NULL,NULL,NULL,2,4,NULL,1,NULL,'2020-05-27 14:46:07',NULL),(813,NULL,22,60,'Remuneracion Imponible 11',0.00,12,NULL,3,'STR_PAD_LEFT',1,1,NULL,1,NULL,NULL,NULL,NULL,NULL,NULL,1,NULL,NULL,NULL),(817,NULL,24,1,'CUIL',0.00,11,NULL,1,'STR_PAD_RIGHT',1,2,1,1,NULL,NULL,NULL,NULL,NULL,'',1,NULL,NULL,NULL),(818,NULL,24,2,'Apellido y Nombre',0.00,30,NULL,1,'STR_PAD_RIGHT',1,2,2,1,NULL,NULL,NULL,NULL,NULL,'',1,NULL,NULL,NULL),(819,NULL,24,3,'Conyuge',0.00,1,'0',4,'STR_PAD_RIGHT',1,2,3,1,NULL,NULL,NULL,NULL,NULL,'',1,NULL,NULL,NULL),(820,NULL,24,4,'Cantidad de Hijos',0.00,2,'0',1,'STR_PAD_LEFT',1,2,4,1,NULL,NULL,NULL,NULL,NULL,'',1,NULL,NULL,NULL),(821,NULL,24,5,'Codigo de Situacion',0.00,2,'0',1,'STR_PAD_LEFT',1,2,5,1,NULL,NULL,NULL,NULL,NULL,'',1,NULL,NULL,NULL),(822,NULL,24,6,'Codigo de Condicion',0.00,2,'0',1,'STR_PAD_LEFT',1,2,6,1,NULL,NULL,NULL,NULL,NULL,'',1,NULL,NULL,NULL),(823,NULL,24,7,'Codigo de Actividad',0.00,3,'0',1,'STR_PAD_LEFT',1,2,7,1,NULL,NULL,NULL,NULL,NULL,'',1,NULL,NULL,NULL),(824,NULL,24,8,'Codigo de Zona',0.00,2,'0',1,'STR_PAD_LEFT',1,2,8,1,NULL,NULL,NULL,NULL,NULL,'',1,NULL,NULL,NULL),(825,NULL,24,9,'Porcentaje de Aporte Adicional SS',0.00,5,NULL,3,'STR_PAD_LEFT',1,1,NULL,1,NULL,NULL,NULL,NULL,NULL,'',1,NULL,NULL,NULL),(826,NULL,24,10,'Codigo de Modalidad de Contratacion',0.00,3,'0',1,'STR_PAD_LEFT',1,2,9,1,NULL,NULL,NULL,NULL,NULL,'',1,NULL,NULL,NULL),(827,NULL,24,11,'Codigo de Obra Social',0.00,6,'0',1,'STR_PAD_LEFT',1,2,10,1,NULL,NULL,NULL,NULL,NULL,'',1,NULL,NULL,NULL),(828,NULL,24,12,'Cantidad de Adherentes',0.00,2,'0',1,'STR_PAD_LEFT',1,2,11,1,NULL,NULL,NULL,NULL,NULL,'',1,NULL,NULL,NULL),(829,NULL,24,13,'Remuneracion Total',0.00,12,NULL,3,'STR_PAD_LEFT',1,3,NULL,2,NULL,2,3,2,4,'',1,NULL,NULL,NULL),(830,NULL,24,14,'Remuneracion Imponible 1',0.00,12,NULL,3,'STR_PAD_LEFT',1,3,NULL,2,NULL,2,2,2,4,'',1,NULL,NULL,NULL),(831,NULL,24,15,'Asignaciones Familiares Pagadas',0.00,9,NULL,3,'STR_PAD_LEFT',1,1,NULL,1,NULL,NULL,NULL,NULL,NULL,'',1,NULL,NULL,NULL),(832,NULL,24,16,'Importe Aporte Voluntario',0.00,9,NULL,3,'STR_PAD_LEFT',1,1,NULL,1,NULL,NULL,NULL,NULL,NULL,'',1,NULL,NULL,NULL),(833,NULL,24,17,'Importe Adicional OS',0.00,9,NULL,3,'STR_PAD_LEFT',1,1,NULL,1,NULL,NULL,NULL,NULL,NULL,'',1,NULL,NULL,NULL),(834,NULL,24,18,'Importe Excedentes Aportes SS',0.00,9,NULL,3,'STR_PAD_LEFT',1,1,NULL,1,NULL,NULL,NULL,NULL,NULL,'',1,NULL,NULL,NULL),(835,NULL,24,19,'Importe Excedentes Aportes OS',0.00,9,NULL,3,'STR_PAD_LEFT',1,1,NULL,1,NULL,NULL,NULL,NULL,NULL,'',1,NULL,NULL,NULL),(836,NULL,24,20,'Provincia Localidad',0.00,50,NULL,1,'STR_PAD_RIGHT',1,2,12,1,NULL,NULL,NULL,NULL,NULL,'',1,NULL,NULL,NULL),(837,NULL,24,21,'Remuneracion Imponible 2',0.00,12,NULL,3,'STR_PAD_LEFT',1,3,NULL,2,NULL,2,2,2,4,'',1,NULL,NULL,NULL),(838,NULL,24,22,'Remuneracion Imponible 3',0.00,12,NULL,3,'STR_PAD_LEFT',1,3,NULL,2,NULL,2,2,2,4,'',1,NULL,NULL,NULL),(839,88,24,23,'Remuneracion Imponible 4',0.00,12,NULL,3,'STR_PAD_LEFT',1,3,26,3,NULL,NULL,NULL,2,3,'',1,NULL,'2020-05-27 17:19:45',NULL),(840,NULL,24,24,'Codigo de Siniestrado',0.00,2,'0',1,'STR_PAD_LEFT',1,2,13,1,NULL,NULL,NULL,NULL,NULL,'',1,NULL,NULL,NULL),(841,NULL,24,25,'Marca de Corresponde Reduccion',0.00,1,'0',4,'STR_PAD_LEFT',1,2,26,1,NULL,NULL,NULL,NULL,NULL,'',1,NULL,NULL,NULL),(842,NULL,24,26,'Capital de Recomposicion de LRT',0.00,9,NULL,3,'STR_PAD_LEFT',1,1,NULL,1,NULL,NULL,NULL,NULL,NULL,'',1,NULL,NULL,NULL),(843,NULL,24,27,'Tipo de Empresa',0.00,1,'0',1,'STR_PAD_LEFT',1,2,14,1,NULL,NULL,NULL,NULL,NULL,'',1,NULL,NULL,NULL),(844,NULL,24,28,'Aporte Adicional de Obra Social',0.00,9,NULL,3,'STR_PAD_LEFT',1,3,NULL,3,NULL,NULL,NULL,2,4,'',1,NULL,NULL,NULL),(845,NULL,24,29,'Regimen',0.00,1,NULL,1,'STR_PAD_LEFT',1,2,15,1,NULL,NULL,NULL,NULL,NULL,'',1,NULL,NULL,NULL),(846,NULL,24,30,'Situacion de Revista 1',0.00,2,'0',1,'STR_PAD_LEFT',1,2,16,1,NULL,NULL,NULL,NULL,NULL,'',1,NULL,NULL,NULL);
INSERT INTO `syj_formato_sicoss_detalle` VALUES (847,NULL,24,31,'Dia inicio Situacion Revista 1',0.00,2,'0',1,'STR_PAD_LEFT',1,2,17,1,NULL,NULL,NULL,NULL,NULL,'',1,NULL,NULL,NULL),(848,NULL,24,32,'Situacion de Revista 2',0.00,2,'0',1,'STR_PAD_LEFT',1,2,18,1,NULL,NULL,NULL,NULL,NULL,'',1,NULL,NULL,NULL),(849,NULL,24,33,'Dia inicio Situacion Revista 2',0.00,2,'0',1,'STR_PAD_LEFT',1,2,19,1,NULL,NULL,NULL,NULL,NULL,'',1,NULL,NULL,NULL),(850,NULL,24,34,'Situacion de Revista 3',0.00,2,'0',1,'STR_PAD_LEFT',1,2,20,1,NULL,NULL,NULL,NULL,NULL,'',1,NULL,NULL,NULL),(851,NULL,24,35,'Dia inicio Situacion Revista 3',0.00,2,'0',1,'STR_PAD_LEFT',1,2,21,1,NULL,NULL,NULL,NULL,NULL,'',1,NULL,NULL,NULL),(852,88,24,36,'Sueldo + Adicionales',0.00,12,NULL,3,'STR_PAD_LEFT',1,3,NULL,3,NULL,NULL,NULL,2,4,'',1,NULL,'2020-05-27 14:47:45',NULL),(853,88,24,37,'SAC',0.00,12,NULL,3,'STR_PAD_LEFT',1,3,NULL,3,NULL,NULL,NULL,2,4,'',1,NULL,'2020-05-27 14:47:55',NULL),(854,88,24,38,'Horas Extra',0.00,12,NULL,3,'STR_PAD_LEFT',1,3,NULL,3,NULL,NULL,NULL,2,4,'',1,NULL,'2020-05-27 14:48:16',NULL),(855,NULL,24,39,'Zona desfavorable',0.00,12,NULL,3,'STR_PAD_LEFT',1,1,NULL,1,NULL,NULL,NULL,NULL,NULL,'',1,NULL,NULL,NULL),(856,88,24,40,'Vacaciones',0.00,12,NULL,3,'STR_PAD_LEFT',1,3,NULL,3,NULL,NULL,NULL,2,4,'',1,NULL,'2020-05-27 14:48:29',NULL),(857,88,24,41,'Cantidad de dias trabajados',0.00,9,'0',2,'STR_PAD_LEFT',1,3,NULL,3,NULL,NULL,NULL,2,2,'',1,NULL,'2020-05-27 14:48:51',NULL),(858,NULL,24,42,'Remuneracion Imponible 5',0.00,12,NULL,3,'STR_PAD_LEFT',1,3,NULL,2,NULL,2,2,2,4,'',1,NULL,NULL,NULL),(859,NULL,24,43,'Trabajador Convencionado',0.00,1,'0',4,'STR_PAD_LEFT',1,2,22,1,NULL,NULL,NULL,NULL,NULL,'',1,NULL,NULL,NULL),(860,NULL,24,44,'Remuneracion Imponible 6',0.00,12,NULL,3,'STR_PAD_LEFT',1,1,NULL,1,NULL,NULL,NULL,NULL,NULL,'',1,NULL,NULL,NULL),(861,NULL,24,45,'Tipo de Operacion',0.00,1,NULL,3,'STR_PAD_LEFT',1,1,NULL,1,NULL,NULL,NULL,NULL,NULL,'',1,NULL,NULL,NULL),(862,88,24,46,'Adicionales',0.00,12,NULL,3,'STR_PAD_LEFT',1,3,NULL,3,NULL,NULL,NULL,2,4,'',1,NULL,'2020-05-27 14:49:58',NULL),(863,88,24,47,'Premios',0.00,12,NULL,3,'STR_PAD_LEFT',1,3,NULL,3,NULL,NULL,NULL,2,4,'',1,NULL,'2020-05-27 14:50:24',NULL),(864,88,24,48,'Remuneracion Imponible 8',0.00,12,'0',3,'STR_PAD_LEFT',1,3,NULL,3,NULL,2,2,2,3,'',1,NULL,'2020-05-27 17:19:53',NULL),(865,NULL,24,49,'Remuneracion Imponible 7',0.00,12,NULL,3,'STR_PAD_LEFT',1,1,NULL,1,NULL,NULL,NULL,NULL,NULL,'',1,NULL,NULL,NULL),(866,88,24,50,'Cantidad de Horas Extras',0.00,3,'0',2,'STR_PAD_LEFT',1,3,NULL,3,NULL,NULL,NULL,2,2,'',1,NULL,'2020-05-27 14:51:24',NULL),(867,88,24,51,'Conceptos No Remunerativos',0.00,12,NULL,3,'STR_PAD_LEFT',1,3,NULL,2,NULL,3,3,2,4,'',1,NULL,'2020-05-27 14:51:29',NULL),(868,NULL,24,52,'Maternidad',0.00,12,NULL,3,'STR_PAD_LEFT',1,3,NULL,3,NULL,NULL,NULL,2,4,'',1,NULL,NULL,NULL),(869,NULL,24,53,'Rectificacion de remuneraciones',0.00,9,NULL,3,'STR_PAD_LEFT',1,1,NULL,1,NULL,NULL,NULL,NULL,NULL,'',1,NULL,NULL,NULL),(870,NULL,24,54,'Remuneracion Imponible 9',0.00,12,NULL,3,'STR_PAD_LEFT',1,3,NULL,2,NULL,2,3,2,4,'',1,NULL,NULL,NULL),(871,NULL,24,55,'Contribucion tarea diferencial (%)',0.00,9,NULL,3,'STR_PAD_LEFT',1,1,NULL,1,NULL,NULL,NULL,NULL,NULL,'',1,NULL,NULL,NULL),(872,88,24,56,'Horas Trabajadas',0.00,3,'0',1,'STR_PAD_LEFT',1,2,26,1,NULL,NULL,NULL,NULL,NULL,'',1,NULL,'2020-05-27 14:51:34',NULL),(873,NULL,24,57,'Seguro Colectivo de Vida Obligatorio',0.00,1,'0',4,'STR_PAD_LEFT',1,2,24,1,NULL,NULL,NULL,NULL,NULL,'',1,NULL,NULL,NULL),(874,NULL,24,58,'Importe a detraer Ley 27430',0.00,12,NULL,3,'STR_PAD_LEFT',1,1,NULL,1,NULL,NULL,NULL,NULL,NULL,'',1,NULL,NULL,NULL),(875,NULL,24,59,'Incremento Salarial',0.00,12,NULL,3,'STR_PAD_LEFT',1,3,NULL,3,NULL,NULL,NULL,2,4,NULL,1,NULL,NULL,NULL),(876,NULL,24,60,'Remuneracion Imponible 11',0.00,12,NULL,3,'STR_PAD_LEFT',1,1,NULL,1,NULL,NULL,NULL,NULL,NULL,NULL,1,NULL,NULL,NULL),(880,NULL,34,1,'CUIL',0.00,11,NULL,1,'STR_PAD_RIGHT',1,2,1,1,NULL,NULL,NULL,NULL,NULL,'',1,NULL,NULL,NULL);
INSERT INTO `syj_formato_sicoss_detalle` VALUES (881,NULL,34,2,'Apellido y Nombre',0.00,30,NULL,1,'STR_PAD_RIGHT',1,2,2,1,NULL,NULL,NULL,NULL,NULL,'',1,NULL,NULL,NULL),(882,NULL,34,3,'Conyuge',0.00,1,'0',4,'STR_PAD_RIGHT',1,2,3,1,NULL,NULL,NULL,NULL,NULL,'',1,NULL,NULL,NULL),(883,NULL,34,4,'Cantidad de Hijos',0.00,2,'0',1,'STR_PAD_LEFT',1,2,4,1,NULL,NULL,NULL,NULL,NULL,'',1,NULL,NULL,NULL),(884,NULL,34,5,'Codigo de Situacion',0.00,2,'0',1,'STR_PAD_LEFT',1,2,5,1,NULL,NULL,NULL,NULL,NULL,'',1,NULL,NULL,NULL),(885,NULL,34,6,'Codigo de Condicion',0.00,2,'0',1,'STR_PAD_LEFT',1,2,6,1,NULL,NULL,NULL,NULL,NULL,'',1,NULL,NULL,NULL),(886,NULL,34,7,'Codigo de Actividad',0.00,3,'0',1,'STR_PAD_LEFT',1,2,7,1,NULL,NULL,NULL,NULL,NULL,'',1,NULL,NULL,NULL),(887,NULL,34,8,'Codigo de Zona',0.00,2,'0',1,'STR_PAD_LEFT',1,2,8,1,NULL,NULL,NULL,NULL,NULL,'',1,NULL,NULL,NULL),(888,NULL,34,9,'Porcentaje de Aporte Adicional SS',0.00,5,NULL,3,'STR_PAD_LEFT',1,1,NULL,1,NULL,NULL,NULL,NULL,NULL,'',1,NULL,NULL,NULL),(889,NULL,34,10,'Codigo de Modalidad de Contratacion',0.00,3,'0',1,'STR_PAD_LEFT',1,2,9,1,NULL,NULL,NULL,NULL,NULL,'',1,NULL,NULL,NULL),(890,NULL,34,11,'Codigo de Obra Social',0.00,6,'0',1,'STR_PAD_LEFT',1,2,10,1,NULL,NULL,NULL,NULL,NULL,'',1,NULL,NULL,NULL),(891,NULL,34,12,'Cantidad de Adherentes',0.00,2,'0',1,'STR_PAD_LEFT',1,2,11,1,NULL,NULL,NULL,NULL,NULL,'',1,NULL,NULL,NULL),(892,NULL,34,13,'Remuneracion Total',0.00,12,NULL,3,'STR_PAD_LEFT',1,3,NULL,2,NULL,2,3,2,4,'',1,NULL,NULL,NULL),(893,NULL,34,14,'Remuneracion Imponible 1',0.00,12,NULL,3,'STR_PAD_LEFT',1,3,NULL,2,NULL,2,2,2,4,'',1,NULL,NULL,NULL),(894,NULL,34,15,'Asignaciones Familiares Pagadas',0.00,9,NULL,3,'STR_PAD_LEFT',1,1,NULL,1,NULL,NULL,NULL,NULL,NULL,'',1,NULL,NULL,NULL),(895,NULL,34,16,'Importe Aporte Voluntario',0.00,9,NULL,3,'STR_PAD_LEFT',1,1,NULL,1,NULL,NULL,NULL,NULL,NULL,'',1,NULL,NULL,NULL),(896,NULL,34,17,'Importe Adicional OS',0.00,9,NULL,3,'STR_PAD_LEFT',1,1,NULL,1,NULL,NULL,NULL,NULL,NULL,'',1,NULL,NULL,NULL),(897,NULL,34,18,'Importe Excedentes Aportes SS',0.00,9,NULL,3,'STR_PAD_LEFT',1,1,NULL,1,NULL,NULL,NULL,NULL,NULL,'',1,NULL,NULL,NULL),(898,NULL,34,19,'Importe Excedentes Aportes OS',0.00,9,NULL,3,'STR_PAD_LEFT',1,1,NULL,1,NULL,NULL,NULL,NULL,NULL,'',1,NULL,NULL,NULL),(899,NULL,34,20,'Provincia Localidad',0.00,50,NULL,1,'STR_PAD_RIGHT',1,2,12,1,NULL,NULL,NULL,NULL,NULL,'',1,NULL,NULL,NULL),(900,NULL,34,21,'Remuneracion Imponible 2',0.00,12,NULL,3,'STR_PAD_LEFT',1,3,NULL,2,NULL,2,2,2,4,'',1,NULL,NULL,NULL),(901,NULL,34,22,'Remuneracion Imponible 3',0.00,12,NULL,3,'STR_PAD_LEFT',1,3,NULL,2,NULL,2,2,2,4,'',1,NULL,NULL,NULL),(902,88,34,23,'Remuneracion Imponible 4',0.00,12,NULL,3,'STR_PAD_LEFT',1,3,26,3,NULL,NULL,NULL,2,3,'',1,NULL,'2020-05-27 17:20:27',NULL),(903,NULL,34,24,'Codigo de Siniestrado',0.00,2,'0',1,'STR_PAD_LEFT',1,2,13,1,NULL,NULL,NULL,NULL,NULL,'',1,NULL,NULL,NULL),(904,NULL,34,25,'Marca de Corresponde Reduccion',0.00,1,'0',4,'STR_PAD_LEFT',1,2,26,1,NULL,NULL,NULL,NULL,NULL,'',1,NULL,NULL,NULL),(905,NULL,34,26,'Capital de Recomposicion de LRT',0.00,9,NULL,3,'STR_PAD_LEFT',1,1,NULL,1,NULL,NULL,NULL,NULL,NULL,'',1,NULL,NULL,NULL),(906,NULL,34,27,'Tipo de Empresa',0.00,1,'0',1,'STR_PAD_LEFT',1,2,14,1,NULL,NULL,NULL,NULL,NULL,'',1,NULL,NULL,NULL),(907,NULL,34,28,'Aporte Adicional de Obra Social',0.00,9,NULL,3,'STR_PAD_LEFT',1,3,NULL,3,NULL,NULL,NULL,2,4,'',1,NULL,NULL,NULL),(908,NULL,34,29,'Regimen',0.00,1,NULL,1,'STR_PAD_LEFT',1,2,15,1,NULL,NULL,NULL,NULL,NULL,'',1,NULL,NULL,NULL),(909,NULL,34,30,'Situacion de Revista 1',0.00,2,'0',1,'STR_PAD_LEFT',1,2,16,1,NULL,NULL,NULL,NULL,NULL,'',1,NULL,NULL,NULL),(910,NULL,34,31,'Dia inicio Situacion Revista 1',0.00,2,'0',1,'STR_PAD_LEFT',1,2,17,1,NULL,NULL,NULL,NULL,NULL,'',1,NULL,NULL,NULL),(911,NULL,34,32,'Situacion de Revista 2',0.00,2,'0',1,'STR_PAD_LEFT',1,2,18,1,NULL,NULL,NULL,NULL,NULL,'',1,NULL,NULL,NULL),(912,NULL,34,33,'Dia inicio Situacion Revista 2',0.00,2,'0',1,'STR_PAD_LEFT',1,2,19,1,NULL,NULL,NULL,NULL,NULL,'',1,NULL,NULL,NULL);
INSERT INTO `syj_formato_sicoss_detalle` VALUES (913,NULL,34,34,'Situacion de Revista 3',0.00,2,'0',1,'STR_PAD_LEFT',1,2,20,1,NULL,NULL,NULL,NULL,NULL,'',1,NULL,NULL,NULL),(914,NULL,34,35,'Dia inicio Situacion Revista 3',0.00,2,'0',1,'STR_PAD_LEFT',1,2,21,1,NULL,NULL,NULL,NULL,NULL,'',1,NULL,NULL,NULL),(915,88,34,36,'Sueldo + Adicionales',0.00,12,NULL,3,'STR_PAD_LEFT',1,3,NULL,3,NULL,NULL,NULL,2,4,'',1,NULL,'2020-05-27 15:01:30',NULL),(916,88,34,37,'SAC',0.00,12,NULL,3,'STR_PAD_LEFT',1,3,NULL,3,NULL,NULL,NULL,2,4,'',1,NULL,'2020-05-27 15:01:42',NULL),(917,88,34,38,'Horas Extra',0.00,12,NULL,3,'STR_PAD_LEFT',1,3,NULL,3,NULL,NULL,NULL,2,4,'',1,NULL,'2020-05-27 15:02:04',NULL),(918,NULL,34,39,'Zona desfavorable',0.00,12,NULL,3,'STR_PAD_LEFT',1,1,NULL,1,NULL,NULL,NULL,NULL,NULL,'',1,NULL,NULL,NULL),(919,88,34,40,'Vacaciones',0.00,12,NULL,3,'STR_PAD_LEFT',1,3,NULL,3,NULL,NULL,NULL,2,4,'',1,NULL,'2020-05-27 15:02:17',NULL),(920,88,34,41,'Cantidad de dias trabajados',0.00,9,'0',2,'STR_PAD_LEFT',1,3,NULL,3,NULL,NULL,NULL,2,2,'',1,NULL,'2020-05-27 15:02:56',NULL),(921,NULL,34,42,'Remuneracion Imponible 5',0.00,12,NULL,3,'STR_PAD_LEFT',1,3,NULL,2,NULL,2,2,2,4,'',1,NULL,NULL,NULL),(922,NULL,34,43,'Trabajador Convencionado',0.00,1,'0',4,'STR_PAD_LEFT',1,2,22,1,NULL,NULL,NULL,NULL,NULL,'',1,NULL,NULL,NULL),(923,NULL,34,44,'Remuneracion Imponible 6',0.00,12,NULL,3,'STR_PAD_LEFT',1,1,NULL,1,NULL,NULL,NULL,NULL,NULL,'',1,NULL,NULL,NULL),(924,NULL,34,45,'Tipo de Operacion',0.00,1,NULL,3,'STR_PAD_LEFT',1,1,NULL,1,NULL,NULL,NULL,NULL,NULL,'',1,NULL,NULL,NULL),(925,88,34,46,'Adicionales',0.00,12,NULL,3,'STR_PAD_LEFT',1,3,NULL,3,NULL,NULL,NULL,2,4,'',1,NULL,'2020-05-27 15:04:09',NULL),(926,88,34,47,'Premios',0.00,12,NULL,3,'STR_PAD_LEFT',1,3,NULL,3,NULL,NULL,NULL,2,4,'',1,NULL,'2020-05-27 15:04:29',NULL),(927,88,34,48,'Remuneracion Imponible 8',0.00,12,'0',3,'STR_PAD_LEFT',1,3,NULL,3,NULL,2,2,2,3,'',1,NULL,'2020-05-27 17:20:34',NULL),(928,NULL,34,49,'Remuneracion Imponible 7',0.00,12,NULL,3,'STR_PAD_LEFT',1,1,NULL,1,NULL,NULL,NULL,NULL,NULL,'',1,NULL,NULL,NULL),(929,88,34,50,'Cantidad de Horas Extras',0.00,3,'0',2,'STR_PAD_LEFT',1,3,NULL,3,NULL,NULL,NULL,2,2,'',1,NULL,'2020-05-27 15:05:25',NULL),(930,88,34,51,'Conceptos No Remunerativos',0.00,12,NULL,3,'STR_PAD_LEFT',1,3,NULL,2,NULL,3,3,2,4,'',1,NULL,'2020-05-27 15:06:30',NULL),(931,NULL,34,52,'Maternidad',0.00,12,NULL,3,'STR_PAD_LEFT',1,3,NULL,3,NULL,NULL,NULL,2,4,'',1,NULL,NULL,NULL),(932,NULL,34,53,'Rectificacion de remuneraciones',0.00,9,NULL,3,'STR_PAD_LEFT',1,1,NULL,1,NULL,NULL,NULL,NULL,NULL,'',1,NULL,NULL,NULL),(933,NULL,34,54,'Remuneracion Imponible 9',0.00,12,NULL,3,'STR_PAD_LEFT',1,3,NULL,2,NULL,2,3,2,4,'',1,NULL,NULL,NULL),(934,NULL,34,55,'Contribucion tarea diferencial (%)',0.00,9,NULL,3,'STR_PAD_LEFT',1,1,NULL,1,NULL,NULL,NULL,NULL,NULL,'',1,NULL,NULL,NULL),(935,88,34,56,'Horas Trabajadas',0.00,3,'0',1,'STR_PAD_LEFT',1,2,26,1,NULL,NULL,NULL,NULL,NULL,'',1,NULL,'2020-05-27 15:06:36',NULL),(936,NULL,34,57,'Seguro Colectivo de Vida Obligatorio',0.00,1,'0',4,'STR_PAD_LEFT',1,2,24,1,NULL,NULL,NULL,NULL,NULL,'',1,NULL,NULL,NULL),(937,NULL,34,58,'Importe a detraer Ley 27430',0.00,12,NULL,3,'STR_PAD_LEFT',1,1,NULL,1,NULL,NULL,NULL,NULL,NULL,'',1,NULL,NULL,NULL),(938,88,34,59,'Incremento Salarial',0.00,12,NULL,3,'STR_PAD_LEFT',1,3,NULL,3,NULL,NULL,NULL,2,4,NULL,1,NULL,'2020-05-27 15:06:49',NULL),(939,NULL,34,60,'Remuneracion Imponible 11',0.00,12,NULL,3,'STR_PAD_LEFT',1,1,NULL,1,NULL,NULL,NULL,NULL,NULL,NULL,1,NULL,NULL,NULL),(940,NULL,5,NULL,'Identificador de registro',0.00,2,' ',1,'1',NULL,NULL,NULL,1,NULL,NULL,NULL,NULL,NULL,NULL,1,NULL,NULL,NULL),(941,NULL,5,NULL,'CUIT',0.00,11,' ',1,'1',NULL,NULL,NULL,1,NULL,NULL,NULL,NULL,NULL,NULL,1,NULL,NULL,NULL),(942,NULL,5,NULL,'Marca de Cónyuge',0.00,1,' ',1,'1',NULL,NULL,NULL,1,NULL,NULL,NULL,NULL,NULL,NULL,1,NULL,NULL,NULL),(943,NULL,5,NULL,'Cantidad de hijos',0.00,2,' ',1,'1',NULL,NULL,NULL,1,NULL,NULL,NULL,NULL,NULL,NULL,1,NULL,NULL,NULL);
INSERT INTO `syj_formato_sicoss_detalle` VALUES (944,NULL,5,NULL,'Marca CCT',0.00,1,' ',1,'1',NULL,NULL,NULL,1,NULL,NULL,NULL,NULL,NULL,NULL,1,NULL,NULL,NULL),(945,NULL,5,NULL,'Marca SCVO',0.00,1,' ',1,'1',NULL,NULL,NULL,1,NULL,NULL,NULL,NULL,NULL,NULL,1,NULL,NULL,NULL),(946,NULL,5,NULL,'Marca corresponde reducción',0.00,1,' ',1,'1',NULL,NULL,NULL,1,NULL,NULL,NULL,NULL,NULL,NULL,1,NULL,NULL,NULL),(947,NULL,5,NULL,'Tipo de Empresa',0.00,1,' ',1,'1',NULL,NULL,NULL,1,NULL,NULL,NULL,NULL,NULL,NULL,1,NULL,NULL,NULL),(948,NULL,5,NULL,'Tipo de operación',0.00,1,' ',1,'1',NULL,NULL,NULL,1,NULL,NULL,NULL,NULL,NULL,NULL,1,NULL,NULL,NULL),(949,NULL,5,NULL,'Código situación',0.00,2,' ',1,'1',NULL,NULL,NULL,1,NULL,NULL,NULL,NULL,NULL,NULL,1,NULL,NULL,NULL),(950,NULL,5,NULL,'Código condición',0.00,2,' ',1,'1',NULL,NULL,NULL,1,NULL,NULL,NULL,NULL,NULL,NULL,1,NULL,NULL,NULL),(951,NULL,5,NULL,'Código de Actividad',0.00,3,' ',1,'1',NULL,NULL,NULL,1,NULL,NULL,NULL,NULL,NULL,NULL,1,NULL,NULL,NULL),(952,NULL,5,NULL,'Código modalidad contratación',0.00,3,' ',1,'1',NULL,NULL,NULL,1,NULL,NULL,NULL,NULL,NULL,NULL,1,NULL,NULL,NULL),(953,NULL,5,NULL,'Código siniestrado',0.00,2,' ',1,'1',NULL,NULL,NULL,1,NULL,NULL,NULL,NULL,NULL,NULL,1,NULL,NULL,NULL),(954,NULL,5,NULL,'Código de Localidad',0.00,2,' ',1,'1',NULL,NULL,NULL,1,NULL,NULL,NULL,NULL,NULL,NULL,1,NULL,NULL,NULL),(955,NULL,5,NULL,'Situación de Revista 1',0.00,2,' ',1,'1',NULL,NULL,NULL,1,NULL,NULL,NULL,NULL,NULL,NULL,1,NULL,NULL,NULL),(956,NULL,5,NULL,'Día inicio Situación de Revista 1',0.00,2,' ',1,'1',NULL,NULL,NULL,1,NULL,NULL,NULL,NULL,NULL,NULL,1,NULL,NULL,NULL),(957,NULL,5,NULL,'Situación de Revista 2',0.00,2,' ',1,'1',NULL,NULL,NULL,1,NULL,NULL,NULL,NULL,NULL,NULL,1,NULL,NULL,NULL),(958,NULL,5,NULL,'Día inicio Situación de Revista 2',0.00,2,' ',1,'1',NULL,NULL,NULL,1,NULL,NULL,NULL,NULL,NULL,NULL,1,NULL,NULL,NULL),(959,NULL,5,NULL,'Situación de Revista 3',0.00,2,' ',1,'1',NULL,NULL,NULL,1,NULL,NULL,NULL,NULL,NULL,NULL,1,NULL,NULL,NULL),(960,NULL,5,NULL,'Día inicio Situación de Revista 3',0.00,2,' ',1,'1',NULL,NULL,NULL,1,NULL,NULL,NULL,NULL,NULL,NULL,1,NULL,NULL,NULL),(961,NULL,5,NULL,'Cant días trabajados',0.00,2,' ',1,'1',NULL,NULL,NULL,1,NULL,NULL,NULL,NULL,NULL,NULL,1,NULL,NULL,NULL),(962,NULL,5,NULL,'Horas trabajadas',0.00,3,' ',1,'1',NULL,NULL,NULL,1,NULL,NULL,NULL,NULL,NULL,NULL,1,NULL,NULL,NULL),(963,NULL,5,NULL,'Porcentaje aporte adicional SS',0.00,5,' ',1,'1',NULL,NULL,NULL,1,NULL,NULL,NULL,NULL,NULL,NULL,1,NULL,NULL,NULL),(964,NULL,5,NULL,'Porcentaje Contribucion tarea diferencial',0.00,5,' ',1,'1',NULL,NULL,NULL,1,NULL,NULL,NULL,NULL,NULL,NULL,1,NULL,NULL,NULL),(965,NULL,5,NULL,'Código Obra social',0.00,6,' ',1,'1',NULL,NULL,NULL,1,NULL,NULL,NULL,NULL,NULL,NULL,1,NULL,NULL,NULL),(966,NULL,5,NULL,'Cantidad adherentes',0.00,2,' ',1,'1',NULL,NULL,NULL,1,NULL,NULL,NULL,NULL,NULL,NULL,1,NULL,NULL,NULL),(967,NULL,5,NULL,'Aporte Adicional OS',0.00,15,'0',1,'0',NULL,NULL,NULL,1,NULL,NULL,NULL,NULL,NULL,NULL,1,NULL,NULL,NULL),(968,NULL,5,NULL,'Contribucion Adicional OS',0.00,15,'0',1,'0',NULL,NULL,NULL,1,NULL,NULL,NULL,NULL,NULL,NULL,1,NULL,NULL,NULL),(969,NULL,5,NULL,'Base calculo Diferencial Aportes OS y FSR',0.00,15,'0',1,'0',NULL,NULL,NULL,1,NULL,NULL,NULL,NULL,NULL,NULL,1,NULL,NULL,NULL),(970,NULL,5,NULL,'Base calculo Diferencial Contribuciones OS y FSR',0.00,15,'0',1,'0',NULL,NULL,NULL,1,NULL,NULL,NULL,NULL,NULL,NULL,1,NULL,NULL,NULL),(971,NULL,5,NULL,'Base calculo Diferencial LRT',0.00,15,'0',1,'0',NULL,NULL,NULL,1,NULL,NULL,NULL,NULL,NULL,NULL,1,NULL,NULL,NULL),(972,NULL,5,NULL,'Remuneracion Maternidad ANSeS',0.00,15,'0',1,'0',NULL,NULL,NULL,1,NULL,NULL,NULL,NULL,NULL,NULL,1,NULL,NULL,NULL),(973,NULL,5,NULL,'Remuneracion bruta',0.00,15,'0',1,'0',NULL,NULL,NULL,1,NULL,NULL,NULL,NULL,NULL,NULL,1,NULL,NULL,NULL),(974,NULL,5,NULL,'Base imponible 1',0.00,15,'0',1,'0',NULL,NULL,NULL,1,NULL,NULL,NULL,NULL,NULL,NULL,1,NULL,NULL,NULL);
INSERT INTO `syj_formato_sicoss_detalle` VALUES (975,NULL,5,NULL,'Base imponible 2',0.00,15,'0',1,'0',NULL,NULL,NULL,1,NULL,NULL,NULL,NULL,NULL,NULL,1,NULL,NULL,NULL),(976,NULL,5,NULL,'Base imponible 3',0.00,15,'0',1,'0',NULL,NULL,NULL,1,NULL,NULL,NULL,NULL,NULL,NULL,1,NULL,NULL,NULL),(977,NULL,5,NULL,'Base imponible 4',0.00,15,'0',1,'0',NULL,NULL,NULL,1,NULL,NULL,NULL,NULL,NULL,NULL,1,NULL,NULL,NULL),(978,NULL,5,NULL,'Base imponible 5',0.00,15,'0',1,'0',NULL,NULL,NULL,1,NULL,NULL,NULL,NULL,NULL,NULL,1,NULL,NULL,NULL),(979,NULL,5,NULL,'Base imponible 6',0.00,15,'0',1,'0',NULL,NULL,NULL,1,NULL,NULL,NULL,NULL,NULL,NULL,1,NULL,NULL,NULL),(980,NULL,5,NULL,'Base imponible 7',0.00,15,'0',1,'0',NULL,NULL,NULL,1,NULL,NULL,NULL,NULL,NULL,NULL,1,NULL,NULL,NULL),(981,NULL,5,NULL,'Base imponible 8',0.00,15,'0',1,'0',NULL,NULL,NULL,1,NULL,NULL,NULL,NULL,NULL,NULL,1,NULL,NULL,NULL),(982,NULL,5,NULL,'Base imponible 9',0.00,15,'0',1,'0',NULL,NULL,NULL,1,NULL,NULL,NULL,NULL,NULL,NULL,1,NULL,NULL,NULL),(983,NULL,5,NULL,'Base para el calculo diferencial de aporte Seg. Social',0.00,15,'0',1,'0',NULL,NULL,NULL,1,NULL,NULL,NULL,NULL,NULL,NULL,1,NULL,NULL,NULL),(984,NULL,5,NULL,'Base para el calculo diferencial de contribuciones de Seg Social',0.00,15,'0',1,'0',NULL,NULL,NULL,1,NULL,NULL,NULL,NULL,NULL,NULL,1,NULL,NULL,NULL),(985,NULL,5,NULL,'Base imponible 10',0.00,15,'0',1,'0',NULL,NULL,NULL,1,NULL,NULL,NULL,NULL,NULL,NULL,1,NULL,NULL,NULL),(986,NULL,5,NULL,'Importe a Detraer Ley 26.473',0.00,15,'0',1,'0',NULL,NULL,NULL,1,NULL,NULL,NULL,NULL,NULL,NULL,1,NULL,NULL,NULL),(987,NULL,5,2,'CUIT',0.00,11,' ',1,'1',2,2,1,1,NULL,NULL,NULL,NULL,NULL,NULL,1,NULL,NULL,NULL),(988,NULL,5,3,'Marca de Cónyuge',0.00,1,'0',6,'1',2,2,3,1,NULL,NULL,NULL,NULL,NULL,NULL,1,NULL,NULL,NULL),(989,NULL,5,4,'Cantidad de hijos',0.00,2,'0',1,'0',2,2,4,1,NULL,NULL,NULL,NULL,NULL,NULL,1,NULL,NULL,NULL),(990,NULL,5,5,'Marca CCT',0.00,1,' ',1,'1',2,2,22,1,NULL,NULL,NULL,NULL,NULL,NULL,1,NULL,NULL,NULL),(991,NULL,5,6,'Marca SCVO',0.00,1,' ',1,'1',2,2,24,1,NULL,NULL,NULL,NULL,NULL,NULL,1,NULL,NULL,NULL),(992,NULL,5,7,'Marca corresponde reducción',0.00,1,'0',6,'1',2,2,26,1,NULL,NULL,NULL,NULL,NULL,NULL,1,NULL,NULL,NULL),(993,NULL,5,8,'Tipo de Empresa',0.00,1,' ',1,'1',2,2,14,1,NULL,NULL,NULL,NULL,NULL,NULL,1,NULL,NULL,NULL),(994,NULL,5,9,'Tipo de operación',0.00,1,' ',7,'1',2,1,NULL,1,NULL,NULL,NULL,NULL,NULL,NULL,1,NULL,NULL,NULL),(995,NULL,5,10,'Código situación',0.00,2,'0',1,'0',2,2,5,1,NULL,NULL,NULL,NULL,NULL,NULL,1,NULL,NULL,NULL),(996,NULL,5,11,'Código condición',0.00,2,'0',1,'0',2,2,6,1,NULL,NULL,NULL,NULL,NULL,NULL,1,NULL,NULL,NULL),(997,NULL,5,12,'Código de Actividad',0.00,3,'0',1,'0',2,2,7,1,NULL,NULL,NULL,NULL,NULL,NULL,1,NULL,NULL,NULL),(998,NULL,5,13,'Código modalidad contratación',0.00,3,'0',1,'0',2,2,9,1,NULL,NULL,NULL,NULL,NULL,NULL,1,NULL,NULL,NULL),(999,NULL,5,14,'Código siniestrado',0.00,2,'0',1,'0',2,2,13,1,NULL,NULL,NULL,NULL,NULL,NULL,1,NULL,NULL,NULL),(1000,NULL,5,15,'Código de Localidad',0.00,2,' ',1,'1',2,2,8,1,NULL,NULL,NULL,NULL,NULL,NULL,1,NULL,NULL,NULL),(1001,NULL,5,16,'Situación de Revista 1',0.00,2,'0',1,'0',2,2,16,1,NULL,NULL,NULL,NULL,NULL,NULL,1,NULL,NULL,NULL),(1002,NULL,5,17,'Día inicio Situación de Revista 1',0.00,2,'0',1,'0',2,2,17,1,NULL,NULL,NULL,NULL,NULL,NULL,1,NULL,NULL,NULL),(1003,NULL,5,18,'Situación de Revista 2',0.00,2,'0',1,'0',2,2,18,1,NULL,NULL,NULL,NULL,NULL,NULL,1,NULL,NULL,NULL),(1004,NULL,5,19,'Día inicio Situación de Revista 2',0.00,2,'0',1,'0',2,2,19,1,NULL,NULL,NULL,NULL,NULL,NULL,1,NULL,NULL,NULL),(1005,NULL,5,20,'Situación de Revista 3',0.00,2,'0',1,'0',2,2,20,1,NULL,NULL,NULL,NULL,NULL,NULL,1,NULL,NULL,NULL),(1006,NULL,5,21,'Día inicio Situación de Revista 3',0.00,2,'0',1,'0',2,2,21,1,NULL,NULL,NULL,NULL,NULL,NULL,1,NULL,NULL,NULL),(1007,NULL,5,22,'Cant días trabajados',0.00,2,'0',2,'0',2,3,NULL,3,NULL,NULL,NULL,2,2,NULL,1,NULL,NULL,NULL),(1008,NULL,5,23,'Horas trabajadas',0.00,3,'0',1,'0',2,2,26,1,NULL,NULL,NULL,NULL,NULL,NULL,1,NULL,NULL,NULL);
INSERT INTO `syj_formato_sicoss_detalle` VALUES (1009,NULL,5,24,'Porcentaje aporte adicional SS',0.00,5,'0',7,'0',2,1,NULL,1,NULL,NULL,NULL,NULL,NULL,NULL,1,NULL,NULL,NULL),(1010,NULL,5,25,'Porcentaje Contribucion tarea diferencial',0.00,5,'0',7,'0',2,1,NULL,1,NULL,NULL,NULL,NULL,NULL,NULL,1,NULL,NULL,NULL),(1011,NULL,5,26,'Código Obra social',0.00,6,'0',1,'0',2,2,10,1,NULL,NULL,NULL,NULL,NULL,NULL,1,NULL,NULL,NULL),(1012,NULL,5,27,'Cantidad adherentes',0.00,2,'0',1,'0',2,2,11,1,NULL,NULL,NULL,NULL,NULL,NULL,1,NULL,NULL,NULL),(1013,NULL,5,28,'Aporte Adicional OS',0.00,15,'0',7,'0',2,3,NULL,3,NULL,NULL,NULL,2,4,NULL,1,NULL,NULL,NULL),(1014,NULL,5,29,'Contribucion Adicional OS',0.00,15,'0',7,'0',2,3,NULL,3,NULL,NULL,NULL,2,4,NULL,1,NULL,NULL,NULL),(1015,NULL,5,30,'Base calculo Diferencial Aportes OS y FSR',0.00,15,'0',7,'0',2,3,NULL,3,NULL,NULL,NULL,2,4,NULL,1,NULL,NULL,NULL),(1016,NULL,5,31,'Base calculo Diferencial Contribuciones OS y FSR',0.00,15,'0',7,'0',2,3,NULL,3,NULL,NULL,NULL,2,4,NULL,1,NULL,NULL,NULL),(1017,NULL,5,32,'Base calculo Diferencial LRT',0.00,15,'0',7,'0',2,3,NULL,3,NULL,NULL,NULL,2,4,NULL,1,NULL,NULL,NULL),(1018,NULL,5,33,'Remuneracion Maternidad ANSeS',0.00,15,'0',7,'0',2,3,NULL,3,NULL,NULL,NULL,2,4,NULL,1,NULL,NULL,NULL),(1019,NULL,5,34,'Remuneracion bruta',0.00,15,'0',7,'0',2,3,NULL,2,NULL,2,2,2,4,NULL,1,NULL,NULL,NULL),(1020,NULL,5,35,'Base imponible 1',0.00,15,'0',7,'0',2,3,NULL,2,NULL,2,2,2,4,NULL,1,NULL,NULL,NULL),(1021,NULL,5,36,'Base imponible 2',0.00,15,'0',7,'0',2,3,NULL,2,NULL,2,2,2,4,NULL,1,NULL,NULL,NULL),(1022,NULL,5,37,'Base imponible 3',0.00,15,'0',7,'0',2,3,NULL,2,NULL,2,2,2,4,NULL,1,NULL,NULL,NULL),(1023,NULL,5,38,'Base imponible 4',0.00,15,'0',7,'0',2,3,NULL,3,NULL,NULL,NULL,2,3,NULL,1,NULL,NULL,NULL),(1024,NULL,5,39,'Base imponible 5',0.00,15,'0',7,'0',2,3,NULL,2,NULL,2,2,2,4,NULL,1,NULL,NULL,NULL),(1025,NULL,5,40,'Base imponible 6',0.00,15,'0',7,'0',2,1,NULL,1,NULL,NULL,NULL,NULL,NULL,NULL,1,NULL,NULL,NULL),(1026,NULL,5,41,'Base imponible 7',0.00,15,'0',7,'0',2,3,NULL,3,NULL,NULL,NULL,2,3,NULL,1,NULL,NULL,NULL),(1027,NULL,5,42,'Base imponible 8',0.00,15,'0',7,'0',2,3,NULL,3,NULL,NULL,NULL,2,3,NULL,1,NULL,NULL,NULL),(1028,3799,5,43,'Base imponible 9',0.00,15,'0',7,'0',2,3,NULL,2,NULL,2,3,2,4,NULL,1,NULL,'2023-09-05 09:37:23',NULL),(1029,NULL,5,44,'Base para el calculo diferencial de aporte Seg. Social',0.00,15,'0',7,'0',2,1,NULL,1,NULL,NULL,NULL,NULL,NULL,NULL,1,NULL,NULL,NULL),(1030,NULL,5,45,'Base para el calculo diferencial de contribuciones de Seg Social',0.00,15,'0',7,'0',2,1,NULL,1,NULL,NULL,NULL,NULL,NULL,NULL,1,NULL,NULL,NULL),(1031,NULL,5,46,'Base imponible 10',0.00,15,'0',7,'0',2,3,NULL,3,NULL,NULL,NULL,2,4,NULL,1,NULL,NULL,NULL),(1032,NULL,5,47,'Importe a Detraer Ley 26.473',0.00,15,'0',7,'0',2,3,NULL,3,NULL,NULL,NULL,2,4,NULL,1,NULL,NULL,NULL),(1033,NULL,6,2,'CUIT',0.00,11,' ',1,'1',2,2,1,1,NULL,NULL,NULL,NULL,NULL,NULL,1,NULL,NULL,NULL),(1034,NULL,6,3,'Marca de Cónyuge',0.00,1,'0',6,'1',2,2,3,1,NULL,NULL,NULL,NULL,NULL,NULL,1,NULL,NULL,NULL),(1035,NULL,6,4,'Cantidad de hijos',0.00,2,'0',1,'0',2,2,4,1,NULL,NULL,NULL,NULL,NULL,NULL,1,NULL,NULL,NULL),(1036,NULL,6,5,'Marca CCT',0.00,1,' ',1,'1',2,2,22,1,NULL,NULL,NULL,NULL,NULL,NULL,1,NULL,NULL,NULL),(1037,NULL,6,6,'Marca SCVO',0.00,1,' ',1,'1',2,2,24,1,NULL,NULL,NULL,NULL,NULL,NULL,1,NULL,NULL,NULL),(1038,NULL,6,7,'Marca corresponde reducción',0.00,1,'0',6,'1',2,2,26,1,NULL,NULL,NULL,NULL,NULL,NULL,1,NULL,NULL,NULL),(1039,NULL,6,8,'Tipo de Empresa',0.00,1,' ',1,'1',2,2,14,1,NULL,NULL,NULL,NULL,NULL,NULL,1,NULL,NULL,NULL),(1040,NULL,6,9,'Tipo de operación',0.00,1,' ',7,'1',2,1,NULL,1,NULL,NULL,NULL,NULL,NULL,NULL,1,NULL,NULL,NULL),(1041,NULL,6,10,'Código situación',0.00,2,'0',1,'0',2,2,5,1,NULL,NULL,NULL,NULL,NULL,NULL,1,NULL,NULL,NULL),(1042,NULL,6,11,'Código condición',0.00,2,'0',1,'0',2,2,6,1,NULL,NULL,NULL,NULL,NULL,NULL,1,NULL,NULL,NULL),(1043,NULL,6,12,'Código de Actividad',0.00,3,'0',1,'0',2,2,7,1,NULL,NULL,NULL,NULL,NULL,NULL,1,NULL,NULL,NULL);
INSERT INTO `syj_formato_sicoss_detalle` VALUES (1044,NULL,6,13,'Código modalidad contratación',0.00,3,'0',1,'0',2,2,9,1,NULL,NULL,NULL,NULL,NULL,NULL,1,NULL,NULL,NULL),(1045,NULL,6,14,'Código siniestrado',0.00,2,'0',1,'0',2,2,13,1,NULL,NULL,NULL,NULL,NULL,NULL,1,NULL,NULL,NULL),(1046,NULL,6,15,'Código de Localidad',0.00,2,' ',1,'1',2,2,8,1,NULL,NULL,NULL,NULL,NULL,NULL,1,NULL,NULL,NULL),(1047,NULL,6,16,'Situación de Revista 1',0.00,2,'0',1,'0',2,2,16,1,NULL,NULL,NULL,NULL,NULL,NULL,1,NULL,NULL,NULL),(1048,NULL,6,17,'Día inicio Situación de Revista 1',0.00,2,'0',1,'0',2,2,17,1,NULL,NULL,NULL,NULL,NULL,NULL,1,NULL,NULL,NULL),(1049,NULL,6,18,'Situación de Revista 2',0.00,2,'0',1,'0',2,2,18,1,NULL,NULL,NULL,NULL,NULL,NULL,1,NULL,NULL,NULL),(1050,NULL,6,19,'Día inicio Situación de Revista 2',0.00,2,'0',1,'0',2,2,19,1,NULL,NULL,NULL,NULL,NULL,NULL,1,NULL,NULL,NULL),(1051,NULL,6,20,'Situación de Revista 3',0.00,2,'0',1,'0',2,2,20,1,NULL,NULL,NULL,NULL,NULL,NULL,1,NULL,NULL,NULL),(1052,NULL,6,21,'Día inicio Situación de Revista 3',0.00,2,'0',1,'0',2,2,21,1,NULL,NULL,NULL,NULL,NULL,NULL,1,NULL,NULL,NULL),(1053,3799,6,22,'Cant días trabajados',0.00,2,'0',2,'0',2,3,NULL,3,1,NULL,NULL,2,2,NULL,1,NULL,'2022-05-07 12:27:28',NULL),(1054,NULL,6,23,'Horas trabajadas',0.00,3,'0',1,'0',2,2,26,1,NULL,NULL,NULL,NULL,NULL,NULL,1,NULL,NULL,NULL),(1055,NULL,6,24,'Porcentaje aporte adicional SS',0.00,5,'0',7,'0',2,1,NULL,1,NULL,NULL,NULL,NULL,NULL,NULL,1,NULL,NULL,NULL),(1056,NULL,6,25,'Porcentaje Contribucion tarea diferencial',0.00,5,'0',7,'0',2,1,NULL,1,NULL,NULL,NULL,NULL,NULL,NULL,1,NULL,NULL,NULL),(1057,NULL,6,26,'Código Obra social',0.00,6,'0',1,'0',2,2,10,1,NULL,NULL,NULL,NULL,NULL,NULL,1,NULL,NULL,NULL),(1058,NULL,6,27,'Cantidad adherentes',0.00,2,'0',1,'0',2,2,11,1,NULL,NULL,NULL,NULL,NULL,NULL,1,NULL,NULL,NULL),(1059,3799,6,28,'Aporte Adicional OS',0.00,15,'0',7,'0',2,3,NULL,3,1,NULL,NULL,2,4,NULL,1,NULL,'2022-05-08 11:48:37',NULL),(1060,NULL,6,29,'Contribucion Adicional OS',0.00,15,'0',7,'0',2,3,NULL,3,NULL,NULL,NULL,2,4,NULL,1,NULL,NULL,NULL),(1061,NULL,6,30,'Base calculo Diferencial Aportes OS y FSR',0.00,15,'0',7,'0',2,3,NULL,3,NULL,NULL,NULL,2,4,NULL,1,NULL,NULL,NULL),(1062,NULL,6,31,'Base calculo Diferencial Contribuciones OS y FSR',0.00,15,'0',7,'0',2,3,NULL,3,NULL,NULL,NULL,2,4,NULL,1,NULL,NULL,NULL),(1063,NULL,6,32,'Base calculo Diferencial LRT',0.00,15,'0',7,'0',2,3,NULL,3,NULL,NULL,NULL,2,4,NULL,1,NULL,NULL,NULL),(1064,NULL,6,33,'Remuneracion Maternidad ANSeS',0.00,15,'0',7,'0',2,3,NULL,3,NULL,NULL,NULL,2,4,NULL,1,NULL,NULL,NULL),(1065,3799,6,34,'Remuneracion bruta',0.00,15,'0',7,'0',2,3,NULL,2,NULL,2,3,2,4,NULL,1,NULL,'2022-07-26 19:23:54',NULL),(1066,NULL,6,35,'Base imponible 1',0.00,15,'0',7,'0',2,3,NULL,2,NULL,2,2,2,4,NULL,1,NULL,NULL,NULL),(1067,NULL,6,36,'Base imponible 2',0.00,15,'0',7,'0',2,3,NULL,2,NULL,2,2,2,4,NULL,1,NULL,NULL,NULL),(1068,NULL,6,37,'Base imponible 3',0.00,15,'0',7,'0',2,3,NULL,2,NULL,2,2,2,4,NULL,1,NULL,NULL,NULL),(1069,3799,6,38,'Base imponible 4',0.00,15,'0',7,'0',2,3,NULL,3,1,2,2,2,4,NULL,1,NULL,'2024-04-29 09:04:19',NULL),(1070,NULL,6,39,'Base imponible 5',0.00,15,'0',7,'0',2,3,NULL,2,NULL,2,2,2,4,NULL,1,NULL,NULL,NULL),(1071,NULL,6,40,'Base imponible 6',0.00,15,'0',7,'0',2,1,NULL,1,NULL,NULL,NULL,NULL,NULL,NULL,1,NULL,NULL,NULL),(1072,NULL,6,41,'Base imponible 7',0.00,15,'0',7,'0',2,3,NULL,3,NULL,NULL,NULL,2,3,NULL,1,NULL,NULL,NULL),(1073,3799,6,42,'Base imponible 8',0.00,15,'0',7,'0',2,3,NULL,3,NULL,2,2,2,4,NULL,1,NULL,'2024-04-29 09:05:00',NULL),(1074,3799,6,43,'Base imponible 9',0.00,15,'0',7,'0',2,3,NULL,3,NULL,2,3,2,4,NULL,1,NULL,'2023-12-04 08:21:04',NULL),(1075,NULL,6,44,'Base para el calculo diferencial de aporte Seg. Social',0.00,15,'0',7,'0',2,1,NULL,1,NULL,NULL,NULL,NULL,NULL,NULL,1,NULL,NULL,NULL),(1076,NULL,6,45,'Base para el calculo diferencial de contribuciones de Seg Social',0.00,15,'0',7,'0',2,1,NULL,1,NULL,NULL,NULL,NULL,NULL,NULL,1,NULL,NULL,NULL);
INSERT INTO `syj_formato_sicoss_detalle` VALUES (1077,3799,6,46,'Base imponible 10',0.00,15,'0',7,'0',2,2,27,3,NULL,NULL,NULL,2,4,NULL,1,NULL,'2022-03-29 12:49:59',NULL),(1078,3799,6,47,'Importe a Detraer Ley 26.473',0.00,15,'0',7,'0',2,3,NULL,3,NULL,NULL,NULL,2,4,NULL,1,NULL,'2024-07-06 11:27:04',NULL),(1079,NULL,7,2,'CUIT',0.00,11,' ',1,'1',2,2,1,1,NULL,NULL,NULL,NULL,NULL,NULL,1,NULL,NULL,NULL),(1080,NULL,7,3,'Marca de Cónyuge',0.00,1,'0',6,'1',2,2,3,1,NULL,NULL,NULL,NULL,NULL,NULL,1,NULL,NULL,NULL),(1081,NULL,7,4,'Cantidad de hijos',0.00,2,'0',1,'0',2,2,4,1,NULL,NULL,NULL,NULL,NULL,NULL,1,NULL,NULL,NULL),(1082,NULL,7,5,'Marca CCT',0.00,1,' ',1,'1',2,2,22,1,NULL,NULL,NULL,NULL,NULL,NULL,1,NULL,NULL,NULL),(1083,NULL,7,6,'Marca SCVO',0.00,1,' ',1,'1',2,2,24,1,NULL,NULL,NULL,NULL,NULL,NULL,1,NULL,NULL,NULL),(1084,NULL,7,7,'Marca corresponde reducción',0.00,1,'0',6,'1',2,2,26,1,NULL,NULL,NULL,NULL,NULL,NULL,1,NULL,NULL,NULL),(1085,NULL,7,8,'Tipo de Empresa',0.00,1,' ',1,'1',2,2,14,1,NULL,NULL,NULL,NULL,NULL,NULL,1,NULL,NULL,NULL),(1086,NULL,7,9,'Tipo de operación',0.00,1,' ',7,'1',2,1,NULL,1,NULL,NULL,NULL,NULL,NULL,NULL,1,NULL,NULL,NULL),(1087,NULL,7,10,'Código situación',0.00,2,'0',1,'0',2,2,5,1,NULL,NULL,NULL,NULL,NULL,NULL,1,NULL,NULL,NULL),(1088,NULL,7,11,'Código condición',0.00,2,'0',1,'0',2,2,6,1,NULL,NULL,NULL,NULL,NULL,NULL,1,NULL,NULL,NULL),(1089,NULL,7,12,'Código de Actividad',0.00,3,'0',1,'0',2,2,7,1,NULL,NULL,NULL,NULL,NULL,NULL,1,NULL,NULL,NULL),(1090,NULL,7,13,'Código modalidad contratación',0.00,3,'0',1,'0',2,2,9,1,NULL,NULL,NULL,NULL,NULL,NULL,1,NULL,NULL,NULL),(1091,NULL,7,14,'Código siniestrado',0.00,2,'0',1,'0',2,2,13,1,NULL,NULL,NULL,NULL,NULL,NULL,1,NULL,NULL,NULL),(1092,NULL,7,15,'Código de Localidad',0.00,2,' ',1,'1',2,2,8,1,NULL,NULL,NULL,NULL,NULL,NULL,1,NULL,NULL,NULL),(1093,NULL,7,16,'Situación de Revista 1',0.00,2,'0',1,'0',2,2,16,1,NULL,NULL,NULL,NULL,NULL,NULL,1,NULL,NULL,NULL),(1094,NULL,7,17,'Día inicio Situación de Revista 1',0.00,2,'0',1,'0',2,2,17,1,NULL,NULL,NULL,NULL,NULL,NULL,1,NULL,NULL,NULL),(1095,NULL,7,18,'Situación de Revista 2',0.00,2,'0',1,'0',2,2,18,1,NULL,NULL,NULL,NULL,NULL,NULL,1,NULL,NULL,NULL),(1096,NULL,7,19,'Día inicio Situación de Revista 2',0.00,2,'0',1,'0',2,2,19,1,NULL,NULL,NULL,NULL,NULL,NULL,1,NULL,NULL,NULL),(1097,NULL,7,20,'Situación de Revista 3',0.00,2,'0',1,'0',2,2,20,1,NULL,NULL,NULL,NULL,NULL,NULL,1,NULL,NULL,NULL),(1098,NULL,7,21,'Día inicio Situación de Revista 3',0.00,2,'0',1,'0',2,2,21,1,NULL,NULL,NULL,NULL,NULL,NULL,1,NULL,NULL,NULL),(1099,NULL,7,22,'Cant días trabajados',0.00,2,'0',2,'0',2,3,NULL,3,NULL,NULL,NULL,2,2,NULL,1,NULL,NULL,NULL),(1100,NULL,7,23,'Horas trabajadas',0.00,3,'0',1,'0',2,2,26,1,NULL,NULL,NULL,NULL,NULL,NULL,1,NULL,NULL,NULL),(1101,NULL,7,24,'Porcentaje aporte adicional SS',0.00,5,'0',7,'0',2,1,NULL,1,NULL,NULL,NULL,NULL,NULL,NULL,1,NULL,NULL,NULL),(1102,NULL,7,25,'Porcentaje Contribucion tarea diferencial',0.00,5,'0',7,'0',2,1,NULL,1,NULL,NULL,NULL,NULL,NULL,NULL,1,NULL,NULL,NULL),(1103,NULL,7,26,'Código Obra social',0.00,6,'0',1,'0',2,2,10,1,NULL,NULL,NULL,NULL,NULL,NULL,1,NULL,NULL,NULL),(1104,NULL,7,27,'Cantidad adherentes',0.00,2,'0',1,'0',2,2,11,1,NULL,NULL,NULL,NULL,NULL,NULL,1,NULL,NULL,NULL),(1105,NULL,7,28,'Aporte Adicional OS',0.00,15,'0',7,'0',2,3,NULL,3,NULL,NULL,NULL,2,4,NULL,1,NULL,NULL,NULL),(1106,NULL,7,29,'Contribucion Adicional OS',0.00,15,'0',7,'0',2,3,NULL,3,NULL,NULL,NULL,2,4,NULL,1,NULL,NULL,NULL),(1107,NULL,7,30,'Base calculo Diferencial Aportes OS y FSR',0.00,15,'0',7,'0',2,3,NULL,3,NULL,NULL,NULL,2,4,NULL,1,NULL,NULL,NULL),(1108,NULL,7,31,'Base calculo Diferencial Contribuciones OS y FSR',0.00,15,'0',7,'0',2,3,NULL,3,NULL,NULL,NULL,2,4,NULL,1,NULL,NULL,NULL),(1109,NULL,7,32,'Base calculo Diferencial LRT',0.00,15,'0',7,'0',2,3,NULL,3,NULL,NULL,NULL,2,4,NULL,1,NULL,NULL,NULL),(1110,NULL,7,33,'Remuneracion Maternidad ANSeS',0.00,15,'0',7,'0',2,3,NULL,3,NULL,NULL,NULL,2,4,NULL,1,NULL,NULL,NULL);
INSERT INTO `syj_formato_sicoss_detalle` VALUES (1111,NULL,7,34,'Remuneracion bruta',0.00,15,'0',7,'0',2,3,NULL,2,NULL,2,2,2,4,NULL,1,NULL,NULL,NULL),(1112,NULL,7,35,'Base imponible 1',0.00,15,'0',7,'0',2,3,NULL,2,NULL,2,2,2,4,NULL,1,NULL,NULL,NULL),(1113,NULL,7,36,'Base imponible 2',0.00,15,'0',7,'0',2,3,NULL,2,NULL,2,2,2,4,NULL,1,NULL,NULL,NULL),(1114,NULL,7,37,'Base imponible 3',0.00,15,'0',7,'0',2,3,NULL,2,NULL,2,2,2,4,NULL,1,NULL,NULL,NULL),(1115,NULL,7,38,'Base imponible 4',0.00,15,'0',7,'0',2,3,NULL,3,NULL,NULL,NULL,2,3,NULL,1,NULL,NULL,NULL),(1116,NULL,7,39,'Base imponible 5',0.00,15,'0',7,'0',2,3,NULL,2,NULL,2,2,2,4,NULL,1,NULL,NULL,NULL),(1117,NULL,7,40,'Base imponible 6',0.00,15,'0',7,'0',2,1,NULL,1,NULL,NULL,NULL,NULL,NULL,NULL,1,NULL,NULL,NULL),(1118,NULL,7,41,'Base imponible 7',0.00,15,'0',7,'0',2,3,NULL,3,NULL,NULL,NULL,2,3,NULL,1,NULL,NULL,NULL),(1119,NULL,7,42,'Base imponible 8',0.00,15,'0',7,'0',2,3,NULL,3,NULL,NULL,NULL,2,3,NULL,1,NULL,NULL,NULL),(1120,NULL,7,43,'Base imponible 9',0.00,15,'0',7,'0',2,3,NULL,2,NULL,2,2,2,4,NULL,1,NULL,NULL,NULL),(1121,NULL,7,44,'Base para el calculo diferencial de aporte Seg. Social',0.00,15,'0',7,'0',2,1,NULL,1,NULL,NULL,NULL,NULL,NULL,NULL,1,NULL,NULL,NULL),(1122,NULL,7,45,'Base para el calculo diferencial de contribuciones de Seg Social',0.00,15,'0',7,'0',2,1,NULL,1,NULL,NULL,NULL,NULL,NULL,NULL,1,NULL,NULL,NULL),(1123,NULL,7,46,'Base imponible 10',0.00,15,'0',7,'0',2,3,NULL,3,NULL,NULL,NULL,2,4,NULL,1,NULL,NULL,NULL),(1124,NULL,7,47,'Importe a Detraer Ley 26.473',0.00,15,'0',7,'0',2,3,NULL,3,NULL,NULL,NULL,2,4,NULL,1,NULL,NULL,NULL),(1125,NULL,13,2,'CUIT',0.00,11,' ',1,'1',2,2,1,1,NULL,NULL,NULL,NULL,NULL,NULL,1,NULL,NULL,NULL),(1126,NULL,13,3,'Marca de Cónyuge',0.00,1,'0',6,'1',2,2,3,1,NULL,NULL,NULL,NULL,NULL,NULL,1,NULL,NULL,NULL),(1127,NULL,13,4,'Cantidad de hijos',0.00,2,'0',1,'0',2,2,4,1,NULL,NULL,NULL,NULL,NULL,NULL,1,NULL,NULL,NULL),(1128,NULL,13,5,'Marca CCT',0.00,1,' ',1,'1',2,2,22,1,NULL,NULL,NULL,NULL,NULL,NULL,1,NULL,NULL,NULL),(1129,NULL,13,6,'Marca SCVO',0.00,1,' ',1,'1',2,2,24,1,NULL,NULL,NULL,NULL,NULL,NULL,1,NULL,NULL,NULL),(1130,NULL,13,7,'Marca corresponde reducción',0.00,1,'0',6,'1',2,2,26,1,NULL,NULL,NULL,NULL,NULL,NULL,1,NULL,NULL,NULL),(1131,NULL,13,8,'Tipo de Empresa',0.00,1,' ',1,'1',2,2,14,1,NULL,NULL,NULL,NULL,NULL,NULL,1,NULL,NULL,NULL),(1132,NULL,13,9,'Tipo de operación',0.00,1,' ',7,'1',2,1,NULL,1,NULL,NULL,NULL,NULL,NULL,NULL,1,NULL,NULL,NULL),(1133,NULL,13,10,'Código situación',0.00,2,'0',1,'0',2,2,5,1,NULL,NULL,NULL,NULL,NULL,NULL,1,NULL,NULL,NULL),(1134,NULL,13,11,'Código condición',0.00,2,'0',1,'0',2,2,6,1,NULL,NULL,NULL,NULL,NULL,NULL,1,NULL,NULL,NULL),(1135,NULL,13,12,'Código de Actividad',0.00,3,'0',1,'0',2,2,7,1,NULL,NULL,NULL,NULL,NULL,NULL,1,NULL,NULL,NULL),(1136,NULL,13,13,'Código modalidad contratación',0.00,3,'0',1,'0',2,2,9,1,NULL,NULL,NULL,NULL,NULL,NULL,1,NULL,NULL,NULL),(1137,NULL,13,14,'Código siniestrado',0.00,2,'0',1,'0',2,2,13,1,NULL,NULL,NULL,NULL,NULL,NULL,1,NULL,NULL,NULL),(1138,NULL,13,15,'Código de Localidad',0.00,2,' ',1,'1',2,2,8,1,NULL,NULL,NULL,NULL,NULL,NULL,1,NULL,NULL,NULL),(1139,NULL,13,16,'Situación de Revista 1',0.00,2,'0',1,'0',2,2,16,1,NULL,NULL,NULL,NULL,NULL,NULL,1,NULL,NULL,NULL),(1140,NULL,13,17,'Día inicio Situación de Revista 1',0.00,2,'0',1,'0',2,2,17,1,NULL,NULL,NULL,NULL,NULL,NULL,1,NULL,NULL,NULL),(1141,NULL,13,18,'Situación de Revista 2',0.00,2,'0',1,'0',2,2,18,1,NULL,NULL,NULL,NULL,NULL,NULL,1,NULL,NULL,NULL),(1142,NULL,13,19,'Día inicio Situación de Revista 2',0.00,2,'0',1,'0',2,2,19,1,NULL,NULL,NULL,NULL,NULL,NULL,1,NULL,NULL,NULL),(1143,NULL,13,20,'Situación de Revista 3',0.00,2,'0',1,'0',2,2,20,1,NULL,NULL,NULL,NULL,NULL,NULL,1,NULL,NULL,NULL),(1144,NULL,13,21,'Día inicio Situación de Revista 3',0.00,2,'0',1,'0',2,2,21,1,NULL,NULL,NULL,NULL,NULL,NULL,1,NULL,NULL,NULL),(1145,NULL,13,22,'Cant días trabajados',0.00,2,'0',2,'0',2,3,NULL,3,NULL,NULL,NULL,2,2,NULL,1,NULL,NULL,NULL);
INSERT INTO `syj_formato_sicoss_detalle` VALUES (1146,NULL,13,23,'Horas trabajadas',0.00,3,'0',1,'0',2,2,26,1,NULL,NULL,NULL,NULL,NULL,NULL,1,NULL,NULL,NULL),(1147,NULL,13,24,'Porcentaje aporte adicional SS',0.00,5,'0',7,'0',2,1,NULL,1,NULL,NULL,NULL,NULL,NULL,NULL,1,NULL,NULL,NULL),(1148,NULL,13,25,'Porcentaje Contribucion tarea diferencial',0.00,5,'0',7,'0',2,1,NULL,1,NULL,NULL,NULL,NULL,NULL,NULL,1,NULL,NULL,NULL),(1149,NULL,13,26,'Código Obra social',0.00,6,'0',1,'0',2,2,10,1,NULL,NULL,NULL,NULL,NULL,NULL,1,NULL,NULL,NULL),(1150,NULL,13,27,'Cantidad adherentes',0.00,2,'0',1,'0',2,2,11,1,NULL,NULL,NULL,NULL,NULL,NULL,1,NULL,NULL,NULL),(1151,NULL,13,28,'Aporte Adicional OS',0.00,15,'0',7,'0',2,3,NULL,3,NULL,NULL,NULL,2,4,NULL,1,NULL,NULL,NULL),(1152,NULL,13,29,'Contribucion Adicional OS',0.00,15,'0',7,'0',2,3,NULL,3,NULL,NULL,NULL,2,4,NULL,1,NULL,NULL,NULL),(1153,NULL,13,30,'Base calculo Diferencial Aportes OS y FSR',0.00,15,'0',7,'0',2,3,NULL,3,NULL,NULL,NULL,2,4,NULL,1,NULL,NULL,NULL),(1154,NULL,13,31,'Base calculo Diferencial Contribuciones OS y FSR',0.00,15,'0',7,'0',2,3,NULL,3,NULL,NULL,NULL,2,4,NULL,1,NULL,NULL,NULL),(1155,NULL,13,32,'Base calculo Diferencial LRT',0.00,15,'0',7,'0',2,3,NULL,3,NULL,NULL,NULL,2,4,NULL,1,NULL,NULL,NULL),(1156,NULL,13,33,'Remuneracion Maternidad ANSeS',0.00,15,'0',7,'0',2,3,NULL,3,NULL,NULL,NULL,2,4,NULL,1,NULL,NULL,NULL),(1157,NULL,13,34,'Remuneracion bruta',0.00,15,'0',7,'0',2,3,NULL,2,NULL,2,2,2,4,NULL,1,NULL,NULL,NULL),(1158,NULL,13,35,'Base imponible 1',0.00,15,'0',7,'0',2,3,NULL,2,NULL,2,2,2,4,NULL,1,NULL,NULL,NULL),(1159,NULL,13,36,'Base imponible 2',0.00,15,'0',7,'0',2,3,NULL,2,NULL,2,2,2,4,NULL,1,NULL,NULL,NULL),(1160,NULL,13,37,'Base imponible 3',0.00,15,'0',7,'0',2,3,NULL,2,NULL,2,2,2,4,NULL,1,NULL,NULL,NULL),(1161,NULL,13,38,'Base imponible 4',0.00,15,'0',7,'0',2,3,NULL,3,NULL,NULL,NULL,2,3,NULL,1,NULL,NULL,NULL),(1162,NULL,13,39,'Base imponible 5',0.00,15,'0',7,'0',2,3,NULL,2,NULL,2,2,2,4,NULL,1,NULL,NULL,NULL),(1163,NULL,13,40,'Base imponible 6',0.00,15,'0',7,'0',2,1,NULL,1,NULL,NULL,NULL,NULL,NULL,NULL,1,NULL,NULL,NULL),(1164,NULL,13,41,'Base imponible 7',0.00,15,'0',7,'0',2,3,NULL,3,NULL,NULL,NULL,2,3,NULL,1,NULL,NULL,NULL),(1165,NULL,13,42,'Base imponible 8',0.00,15,'0',7,'0',2,3,NULL,3,NULL,NULL,NULL,2,3,NULL,1,NULL,NULL,NULL),(1166,NULL,13,43,'Base imponible 9',0.00,15,'0',7,'0',2,3,NULL,2,NULL,2,2,2,4,NULL,1,NULL,NULL,NULL),(1167,NULL,13,44,'Base para el calculo diferencial de aporte Seg. Social',0.00,15,'0',7,'0',2,1,NULL,1,NULL,NULL,NULL,NULL,NULL,NULL,1,NULL,NULL,NULL),(1168,NULL,13,45,'Base para el calculo diferencial de contribuciones de Seg Social',0.00,15,'0',7,'0',2,1,NULL,1,NULL,NULL,NULL,NULL,NULL,NULL,1,NULL,NULL,NULL),(1169,NULL,13,46,'Base imponible 10',0.00,15,'0',7,'0',2,3,NULL,3,NULL,NULL,NULL,2,4,NULL,1,NULL,NULL,NULL),(1170,NULL,13,47,'Importe a Detraer Ley 26.473',0.00,15,'0',7,'0',2,3,NULL,3,NULL,NULL,NULL,2,4,NULL,1,NULL,NULL,NULL),(1171,NULL,14,2,'CUIT',0.00,11,' ',1,'1',2,2,1,1,NULL,NULL,NULL,NULL,NULL,NULL,1,NULL,NULL,NULL),(1172,NULL,14,3,'Marca de Cónyuge',0.00,1,'0',6,'1',2,2,3,1,NULL,NULL,NULL,NULL,NULL,NULL,1,NULL,NULL,NULL),(1173,NULL,14,4,'Cantidad de hijos',0.00,2,'0',1,'0',2,2,4,1,NULL,NULL,NULL,NULL,NULL,NULL,1,NULL,NULL,NULL),(1174,NULL,14,5,'Marca CCT',0.00,1,' ',1,'1',2,2,22,1,NULL,NULL,NULL,NULL,NULL,NULL,1,NULL,NULL,NULL),(1175,NULL,14,6,'Marca SCVO',0.00,1,' ',1,'1',2,2,24,1,NULL,NULL,NULL,NULL,NULL,NULL,1,NULL,NULL,NULL),(1176,NULL,14,7,'Marca corresponde reducción',0.00,1,'0',6,'1',2,2,26,1,NULL,NULL,NULL,NULL,NULL,NULL,1,NULL,NULL,NULL),(1177,NULL,14,8,'Tipo de Empresa',0.00,1,' ',1,'1',2,2,14,1,NULL,NULL,NULL,NULL,NULL,NULL,1,NULL,NULL,NULL),(1178,NULL,14,9,'Tipo de operación',0.00,1,' ',7,'1',2,1,NULL,1,NULL,NULL,NULL,NULL,NULL,NULL,1,NULL,NULL,NULL),(1179,NULL,14,10,'Código situación',0.00,2,'0',1,'0',2,2,5,1,NULL,NULL,NULL,NULL,NULL,NULL,1,NULL,NULL,NULL),(1180,NULL,14,11,'Código condición',0.00,2,'0',1,'0',2,2,6,1,NULL,NULL,NULL,NULL,NULL,NULL,1,NULL,NULL,NULL);
INSERT INTO `syj_formato_sicoss_detalle` VALUES (1181,NULL,14,12,'Código de Actividad',0.00,3,'0',1,'0',2,2,7,1,NULL,NULL,NULL,NULL,NULL,NULL,1,NULL,NULL,NULL),(1182,NULL,14,13,'Código modalidad contratación',0.00,3,'0',1,'0',2,2,9,1,NULL,NULL,NULL,NULL,NULL,NULL,1,NULL,NULL,NULL),(1183,NULL,14,14,'Código siniestrado',0.00,2,'0',1,'0',2,2,13,1,NULL,NULL,NULL,NULL,NULL,NULL,1,NULL,NULL,NULL),(1184,NULL,14,15,'Código de Localidad',0.00,2,' ',1,'1',2,2,8,1,NULL,NULL,NULL,NULL,NULL,NULL,1,NULL,NULL,NULL),(1185,NULL,14,16,'Situación de Revista 1',0.00,2,'0',1,'0',2,2,16,1,NULL,NULL,NULL,NULL,NULL,NULL,1,NULL,NULL,NULL),(1186,NULL,14,17,'Día inicio Situación de Revista 1',0.00,2,'0',1,'0',2,2,17,1,NULL,NULL,NULL,NULL,NULL,NULL,1,NULL,NULL,NULL),(1187,NULL,14,18,'Situación de Revista 2',0.00,2,'0',1,'0',2,2,18,1,NULL,NULL,NULL,NULL,NULL,NULL,1,NULL,NULL,NULL),(1188,NULL,14,19,'Día inicio Situación de Revista 2',0.00,2,'0',1,'0',2,2,19,1,NULL,NULL,NULL,NULL,NULL,NULL,1,NULL,NULL,NULL),(1189,NULL,14,20,'Situación de Revista 3',0.00,2,'0',1,'0',2,2,20,1,NULL,NULL,NULL,NULL,NULL,NULL,1,NULL,NULL,NULL),(1190,NULL,14,21,'Día inicio Situación de Revista 3',0.00,2,'0',1,'0',2,2,21,1,NULL,NULL,NULL,NULL,NULL,NULL,1,NULL,NULL,NULL),(1191,NULL,14,22,'Cant días trabajados',0.00,2,'0',2,'0',2,3,NULL,3,NULL,NULL,NULL,2,2,NULL,1,NULL,NULL,NULL),(1192,NULL,14,23,'Horas trabajadas',0.00,3,'0',1,'0',2,2,26,1,NULL,NULL,NULL,NULL,NULL,NULL,1,NULL,NULL,NULL),(1193,NULL,14,24,'Porcentaje aporte adicional SS',0.00,5,'0',7,'0',2,1,NULL,1,NULL,NULL,NULL,NULL,NULL,NULL,1,NULL,NULL,NULL),(1194,NULL,14,25,'Porcentaje Contribucion tarea diferencial',0.00,5,'0',7,'0',2,1,NULL,1,NULL,NULL,NULL,NULL,NULL,NULL,1,NULL,NULL,NULL),(1195,NULL,14,26,'Código Obra social',0.00,6,'0',1,'0',2,2,10,1,NULL,NULL,NULL,NULL,NULL,NULL,1,NULL,NULL,NULL),(1196,NULL,14,27,'Cantidad adherentes',0.00,2,'0',1,'0',2,2,11,1,NULL,NULL,NULL,NULL,NULL,NULL,1,NULL,NULL,NULL),(1197,NULL,14,28,'Aporte Adicional OS',0.00,15,'0',7,'0',2,3,NULL,3,NULL,NULL,NULL,2,4,NULL,1,NULL,NULL,NULL),(1198,NULL,14,29,'Contribucion Adicional OS',0.00,15,'0',7,'0',2,3,NULL,3,NULL,NULL,NULL,2,4,NULL,1,NULL,NULL,NULL),(1199,NULL,14,30,'Base calculo Diferencial Aportes OS y FSR',0.00,15,'0',7,'0',2,3,NULL,3,NULL,NULL,NULL,2,4,NULL,1,NULL,NULL,NULL),(1200,NULL,14,31,'Base calculo Diferencial Contribuciones OS y FSR',0.00,15,'0',7,'0',2,3,NULL,3,NULL,NULL,NULL,2,4,NULL,1,NULL,NULL,NULL),(1201,NULL,14,32,'Base calculo Diferencial LRT',0.00,15,'0',7,'0',2,3,NULL,3,NULL,NULL,NULL,2,4,NULL,1,NULL,NULL,NULL),(1202,NULL,14,33,'Remuneracion Maternidad ANSeS',0.00,15,'0',7,'0',2,3,NULL,3,NULL,NULL,NULL,2,4,NULL,1,NULL,NULL,NULL),(1203,NULL,14,34,'Remuneracion bruta',0.00,15,'0',7,'0',2,3,NULL,2,NULL,2,2,2,4,NULL,1,NULL,NULL,NULL),(1204,NULL,14,35,'Base imponible 1',0.00,15,'0',7,'0',2,3,NULL,2,NULL,2,2,2,4,NULL,1,NULL,NULL,NULL),(1205,NULL,14,36,'Base imponible 2',0.00,15,'0',7,'0',2,3,NULL,2,NULL,2,2,2,4,NULL,1,NULL,NULL,NULL),(1206,NULL,14,37,'Base imponible 3',0.00,15,'0',7,'0',2,3,NULL,2,NULL,2,2,2,4,NULL,1,NULL,NULL,NULL),(1207,NULL,14,38,'Base imponible 4',0.00,15,'0',7,'0',2,3,NULL,3,NULL,NULL,NULL,2,3,NULL,1,NULL,NULL,NULL),(1208,NULL,14,39,'Base imponible 5',0.00,15,'0',7,'0',2,3,NULL,2,NULL,2,2,2,4,NULL,1,NULL,NULL,NULL),(1209,NULL,14,40,'Base imponible 6',0.00,15,'0',7,'0',2,1,NULL,1,NULL,NULL,NULL,NULL,NULL,NULL,1,NULL,NULL,NULL),(1210,NULL,14,41,'Base imponible 7',0.00,15,'0',7,'0',2,3,NULL,3,NULL,NULL,NULL,2,3,NULL,1,NULL,NULL,NULL),(1211,NULL,14,42,'Base imponible 8',0.00,15,'0',7,'0',2,3,NULL,3,NULL,NULL,NULL,2,3,NULL,1,NULL,NULL,NULL),(1212,NULL,14,43,'Base imponible 9',0.00,15,'0',7,'0',2,3,NULL,2,NULL,2,2,2,4,NULL,1,NULL,NULL,NULL),(1213,NULL,14,44,'Base para el calculo diferencial de aporte Seg. Social',0.00,15,'0',7,'0',2,1,NULL,1,NULL,NULL,NULL,NULL,NULL,NULL,1,NULL,NULL,NULL),(1214,NULL,14,45,'Base para el calculo diferencial de contribuciones de Seg Social',0.00,15,'0',7,'0',2,1,NULL,1,NULL,NULL,NULL,NULL,NULL,NULL,1,NULL,NULL,NULL);
INSERT INTO `syj_formato_sicoss_detalle` VALUES (1215,NULL,14,46,'Base imponible 10',0.00,15,'0',7,'0',2,3,NULL,3,NULL,NULL,NULL,2,4,NULL,1,NULL,NULL,NULL),(1216,NULL,14,47,'Importe a Detraer Ley 26.473',0.00,15,'0',7,'0',2,3,NULL,3,NULL,NULL,NULL,2,4,NULL,1,NULL,NULL,NULL),(1217,NULL,15,2,'CUIT',0.00,11,' ',1,'1',2,2,1,1,NULL,NULL,NULL,NULL,NULL,NULL,1,NULL,NULL,NULL),(1218,NULL,15,3,'Marca de Cónyuge',0.00,1,'0',6,'1',2,2,3,1,NULL,NULL,NULL,NULL,NULL,NULL,1,NULL,NULL,NULL),(1219,NULL,15,4,'Cantidad de hijos',0.00,2,'0',1,'0',2,2,4,1,NULL,NULL,NULL,NULL,NULL,NULL,1,NULL,NULL,NULL),(1220,NULL,15,5,'Marca CCT',0.00,1,' ',1,'1',2,2,22,1,NULL,NULL,NULL,NULL,NULL,NULL,1,NULL,NULL,NULL),(1221,NULL,15,6,'Marca SCVO',0.00,1,' ',1,'1',2,2,24,1,NULL,NULL,NULL,NULL,NULL,NULL,1,NULL,NULL,NULL),(1222,NULL,15,7,'Marca corresponde reducción',0.00,1,'0',6,'1',2,2,26,1,NULL,NULL,NULL,NULL,NULL,NULL,1,NULL,NULL,NULL),(1223,NULL,15,8,'Tipo de Empresa',0.00,1,' ',1,'1',2,2,14,1,NULL,NULL,NULL,NULL,NULL,NULL,1,NULL,NULL,NULL),(1224,NULL,15,9,'Tipo de operación',0.00,1,' ',7,'1',2,1,NULL,1,NULL,NULL,NULL,NULL,NULL,NULL,1,NULL,NULL,NULL),(1225,NULL,15,10,'Código situación',0.00,2,'0',1,'0',2,2,5,1,NULL,NULL,NULL,NULL,NULL,NULL,1,NULL,NULL,NULL),(1226,NULL,15,11,'Código condición',0.00,2,'0',1,'0',2,2,6,1,NULL,NULL,NULL,NULL,NULL,NULL,1,NULL,NULL,NULL),(1227,NULL,15,12,'Código de Actividad',0.00,3,'0',1,'0',2,2,7,1,NULL,NULL,NULL,NULL,NULL,NULL,1,NULL,NULL,NULL),(1228,NULL,15,13,'Código modalidad contratación',0.00,3,'0',1,'0',2,2,9,1,NULL,NULL,NULL,NULL,NULL,NULL,1,NULL,NULL,NULL),(1229,NULL,15,14,'Código siniestrado',0.00,2,'0',1,'0',2,2,13,1,NULL,NULL,NULL,NULL,NULL,NULL,1,NULL,NULL,NULL),(1230,NULL,15,15,'Código de Localidad',0.00,2,' ',1,'1',2,2,8,1,NULL,NULL,NULL,NULL,NULL,NULL,1,NULL,NULL,NULL),(1231,NULL,15,16,'Situación de Revista 1',0.00,2,'0',1,'0',2,2,16,1,NULL,NULL,NULL,NULL,NULL,NULL,1,NULL,NULL,NULL),(1232,NULL,15,17,'Día inicio Situación de Revista 1',0.00,2,'0',1,'0',2,2,17,1,NULL,NULL,NULL,NULL,NULL,NULL,1,NULL,NULL,NULL),(1233,NULL,15,18,'Situación de Revista 2',0.00,2,'0',1,'0',2,2,18,1,NULL,NULL,NULL,NULL,NULL,NULL,1,NULL,NULL,NULL),(1234,NULL,15,19,'Día inicio Situación de Revista 2',0.00,2,'0',1,'0',2,2,19,1,NULL,NULL,NULL,NULL,NULL,NULL,1,NULL,NULL,NULL),(1235,NULL,15,20,'Situación de Revista 3',0.00,2,'0',1,'0',2,2,20,1,NULL,NULL,NULL,NULL,NULL,NULL,1,NULL,NULL,NULL),(1236,NULL,15,21,'Día inicio Situación de Revista 3',0.00,2,'0',1,'0',2,2,21,1,NULL,NULL,NULL,NULL,NULL,NULL,1,NULL,NULL,NULL),(1237,NULL,15,22,'Cant días trabajados',0.00,2,'0',2,'0',2,3,NULL,3,NULL,NULL,NULL,2,2,NULL,1,NULL,NULL,NULL),(1238,NULL,15,23,'Horas trabajadas',0.00,3,'0',1,'0',2,2,26,1,NULL,NULL,NULL,NULL,NULL,NULL,1,NULL,NULL,NULL),(1239,NULL,15,24,'Porcentaje aporte adicional SS',0.00,5,'0',7,'0',2,1,NULL,1,NULL,NULL,NULL,NULL,NULL,NULL,1,NULL,NULL,NULL),(1240,NULL,15,25,'Porcentaje Contribucion tarea diferencial',0.00,5,'0',7,'0',2,1,NULL,1,NULL,NULL,NULL,NULL,NULL,NULL,1,NULL,NULL,NULL),(1241,NULL,15,26,'Código Obra social',0.00,6,'0',1,'0',2,2,10,1,NULL,NULL,NULL,NULL,NULL,NULL,1,NULL,NULL,NULL),(1242,NULL,15,27,'Cantidad adherentes',0.00,2,'0',1,'0',2,2,11,1,NULL,NULL,NULL,NULL,NULL,NULL,1,NULL,NULL,NULL),(1243,NULL,15,28,'Aporte Adicional OS',0.00,15,'0',7,'0',2,3,NULL,3,NULL,NULL,NULL,2,4,NULL,1,NULL,NULL,NULL),(1244,NULL,15,29,'Contribucion Adicional OS',0.00,15,'0',7,'0',2,3,NULL,3,NULL,NULL,NULL,2,4,NULL,1,NULL,NULL,NULL),(1245,NULL,15,30,'Base calculo Diferencial Aportes OS y FSR',0.00,15,'0',7,'0',2,3,NULL,3,NULL,NULL,NULL,2,4,NULL,1,NULL,NULL,NULL),(1246,NULL,15,31,'Base calculo Diferencial Contribuciones OS y FSR',0.00,15,'0',7,'0',2,3,NULL,3,NULL,NULL,NULL,2,4,NULL,1,NULL,NULL,NULL),(1247,NULL,15,32,'Base calculo Diferencial LRT',0.00,15,'0',7,'0',2,3,NULL,3,NULL,NULL,NULL,2,4,NULL,1,NULL,NULL,NULL),(1248,NULL,15,33,'Remuneracion Maternidad ANSeS',0.00,15,'0',7,'0',2,3,NULL,3,NULL,NULL,NULL,2,4,NULL,1,NULL,NULL,NULL);
INSERT INTO `syj_formato_sicoss_detalle` VALUES (1249,NULL,15,34,'Remuneracion bruta',0.00,15,'0',7,'0',2,3,NULL,2,NULL,2,2,2,4,NULL,1,NULL,NULL,NULL),(1250,NULL,15,35,'Base imponible 1',0.00,15,'0',7,'0',2,3,NULL,2,NULL,2,2,2,4,NULL,1,NULL,NULL,NULL),(1251,NULL,15,36,'Base imponible 2',0.00,15,'0',7,'0',2,3,NULL,2,NULL,2,2,2,4,NULL,1,NULL,NULL,NULL),(1252,NULL,15,37,'Base imponible 3',0.00,15,'0',7,'0',2,3,NULL,2,NULL,2,2,2,4,NULL,1,NULL,NULL,NULL),(1253,NULL,15,38,'Base imponible 4',0.00,15,'0',7,'0',2,3,NULL,3,NULL,NULL,NULL,2,3,NULL,1,NULL,NULL,NULL),(1254,NULL,15,39,'Base imponible 5',0.00,15,'0',7,'0',2,3,NULL,2,NULL,2,2,2,4,NULL,1,NULL,NULL,NULL),(1255,NULL,15,40,'Base imponible 6',0.00,15,'0',7,'0',2,1,NULL,1,NULL,NULL,NULL,NULL,NULL,NULL,1,NULL,NULL,NULL),(1256,NULL,15,41,'Base imponible 7',0.00,15,'0',7,'0',2,3,NULL,3,NULL,NULL,NULL,2,3,NULL,1,NULL,NULL,NULL),(1257,NULL,15,42,'Base imponible 8',0.00,15,'0',7,'0',2,3,NULL,3,NULL,NULL,NULL,2,3,NULL,1,NULL,NULL,NULL),(1258,NULL,15,43,'Base imponible 9',0.00,15,'0',7,'0',2,3,NULL,2,NULL,2,2,2,4,NULL,1,NULL,NULL,NULL),(1259,NULL,15,44,'Base para el calculo diferencial de aporte Seg. Social',0.00,15,'0',7,'0',2,1,NULL,1,NULL,NULL,NULL,NULL,NULL,NULL,1,NULL,NULL,NULL),(1260,NULL,15,45,'Base para el calculo diferencial de contribuciones de Seg Social',0.00,15,'0',7,'0',2,1,NULL,1,NULL,NULL,NULL,NULL,NULL,NULL,1,NULL,NULL,NULL),(1261,NULL,15,46,'Base imponible 10',0.00,15,'0',7,'0',2,3,NULL,3,NULL,NULL,NULL,2,4,NULL,1,NULL,NULL,NULL),(1262,NULL,15,47,'Importe a Detraer Ley 26.473',0.00,15,'0',7,'0',2,3,NULL,3,NULL,NULL,NULL,2,4,NULL,1,NULL,NULL,NULL),(1263,NULL,16,2,'CUIT',0.00,11,' ',1,'1',2,2,1,1,NULL,NULL,NULL,NULL,NULL,NULL,1,NULL,NULL,NULL),(1264,NULL,16,3,'Marca de Cónyuge',0.00,1,'0',6,'1',2,2,3,1,NULL,NULL,NULL,NULL,NULL,NULL,1,NULL,NULL,NULL),(1265,NULL,16,4,'Cantidad de hijos',0.00,2,'0',1,'0',2,2,4,1,NULL,NULL,NULL,NULL,NULL,NULL,1,NULL,NULL,NULL),(1266,NULL,16,5,'Marca CCT',0.00,1,' ',1,'1',2,2,22,1,NULL,NULL,NULL,NULL,NULL,NULL,1,NULL,NULL,NULL),(1267,NULL,16,6,'Marca SCVO',0.00,1,' ',1,'1',2,2,24,1,NULL,NULL,NULL,NULL,NULL,NULL,1,NULL,NULL,NULL),(1268,NULL,16,7,'Marca corresponde reducción',0.00,1,'0',6,'1',2,2,26,1,NULL,NULL,NULL,NULL,NULL,NULL,1,NULL,NULL,NULL),(1269,NULL,16,8,'Tipo de Empresa',0.00,1,' ',1,'1',2,2,14,1,NULL,NULL,NULL,NULL,NULL,NULL,1,NULL,NULL,NULL),(1270,NULL,16,9,'Tipo de operación',0.00,1,' ',7,'1',2,1,NULL,1,NULL,NULL,NULL,NULL,NULL,NULL,1,NULL,NULL,NULL),(1271,NULL,16,10,'Código situación',0.00,2,'0',1,'0',2,2,5,1,NULL,NULL,NULL,NULL,NULL,NULL,1,NULL,NULL,NULL),(1272,NULL,16,11,'Código condición',0.00,2,'0',1,'0',2,2,6,1,NULL,NULL,NULL,NULL,NULL,NULL,1,NULL,NULL,NULL),(1273,NULL,16,12,'Código de Actividad',0.00,3,'0',1,'0',2,2,7,1,NULL,NULL,NULL,NULL,NULL,NULL,1,NULL,NULL,NULL),(1274,NULL,16,13,'Código modalidad contratación',0.00,3,'0',1,'0',2,2,9,1,NULL,NULL,NULL,NULL,NULL,NULL,1,NULL,NULL,NULL),(1275,NULL,16,14,'Código siniestrado',0.00,2,'0',1,'0',2,2,13,1,NULL,NULL,NULL,NULL,NULL,NULL,1,NULL,NULL,NULL),(1276,NULL,16,15,'Código de Localidad',0.00,2,' ',1,'1',2,2,8,1,NULL,NULL,NULL,NULL,NULL,NULL,1,NULL,NULL,NULL),(1277,NULL,16,16,'Situación de Revista 1',0.00,2,'0',1,'0',2,2,16,1,NULL,NULL,NULL,NULL,NULL,NULL,1,NULL,NULL,NULL),(1278,NULL,16,17,'Día inicio Situación de Revista 1',0.00,2,'0',1,'0',2,2,17,1,NULL,NULL,NULL,NULL,NULL,NULL,1,NULL,NULL,NULL),(1279,NULL,16,18,'Situación de Revista 2',0.00,2,'0',1,'0',2,2,18,1,NULL,NULL,NULL,NULL,NULL,NULL,1,NULL,NULL,NULL),(1280,NULL,16,19,'Día inicio Situación de Revista 2',0.00,2,'0',1,'0',2,2,19,1,NULL,NULL,NULL,NULL,NULL,NULL,1,NULL,NULL,NULL),(1281,NULL,16,20,'Situación de Revista 3',0.00,2,'0',1,'0',2,2,20,1,NULL,NULL,NULL,NULL,NULL,NULL,1,NULL,NULL,NULL),(1282,NULL,16,21,'Día inicio Situación de Revista 3',0.00,2,'0',1,'0',2,2,21,1,NULL,NULL,NULL,NULL,NULL,NULL,1,NULL,NULL,NULL),(1283,NULL,16,22,'Cant días trabajados',0.00,2,'0',2,'0',2,3,NULL,3,NULL,NULL,NULL,2,2,NULL,1,NULL,NULL,NULL);
INSERT INTO `syj_formato_sicoss_detalle` VALUES (1284,NULL,16,23,'Horas trabajadas',0.00,3,'0',1,'0',2,2,26,1,NULL,NULL,NULL,NULL,NULL,NULL,1,NULL,NULL,NULL),(1285,NULL,16,24,'Porcentaje aporte adicional SS',0.00,5,'0',7,'0',2,1,NULL,1,NULL,NULL,NULL,NULL,NULL,NULL,1,NULL,NULL,NULL),(1286,NULL,16,25,'Porcentaje Contribucion tarea diferencial',0.00,5,'0',7,'0',2,1,NULL,1,NULL,NULL,NULL,NULL,NULL,NULL,1,NULL,NULL,NULL),(1287,NULL,16,26,'Código Obra social',0.00,6,'0',1,'0',2,2,10,1,NULL,NULL,NULL,NULL,NULL,NULL,1,NULL,NULL,NULL),(1288,NULL,16,27,'Cantidad adherentes',0.00,2,'0',1,'0',2,2,11,1,NULL,NULL,NULL,NULL,NULL,NULL,1,NULL,NULL,NULL),(1289,NULL,16,28,'Aporte Adicional OS',0.00,15,'0',7,'0',2,3,NULL,3,NULL,NULL,NULL,2,4,NULL,1,NULL,NULL,NULL),(1290,NULL,16,29,'Contribucion Adicional OS',0.00,15,'0',7,'0',2,3,NULL,3,NULL,NULL,NULL,2,4,NULL,1,NULL,NULL,NULL),(1291,NULL,16,30,'Base calculo Diferencial Aportes OS y FSR',0.00,15,'0',7,'0',2,3,NULL,3,NULL,NULL,NULL,2,4,NULL,1,NULL,NULL,NULL),(1292,NULL,16,31,'Base calculo Diferencial Contribuciones OS y FSR',0.00,15,'0',7,'0',2,3,NULL,3,NULL,NULL,NULL,2,4,NULL,1,NULL,NULL,NULL),(1293,NULL,16,32,'Base calculo Diferencial LRT',0.00,15,'0',7,'0',2,3,NULL,3,NULL,NULL,NULL,2,4,NULL,1,NULL,NULL,NULL),(1294,NULL,16,33,'Remuneracion Maternidad ANSeS',0.00,15,'0',7,'0',2,3,NULL,3,NULL,NULL,NULL,2,4,NULL,1,NULL,NULL,NULL),(1295,NULL,16,34,'Remuneracion bruta',0.00,15,'0',7,'0',2,3,NULL,2,NULL,2,2,2,4,NULL,1,NULL,NULL,NULL),(1296,NULL,16,35,'Base imponible 1',0.00,15,'0',7,'0',2,3,NULL,2,NULL,2,2,2,4,NULL,1,NULL,NULL,NULL),(1297,NULL,16,36,'Base imponible 2',0.00,15,'0',7,'0',2,3,NULL,2,NULL,2,2,2,4,NULL,1,NULL,NULL,NULL),(1298,NULL,16,37,'Base imponible 3',0.00,15,'0',7,'0',2,3,NULL,2,NULL,2,2,2,4,NULL,1,NULL,NULL,NULL),(1299,NULL,16,38,'Base imponible 4',0.00,15,'0',7,'0',2,3,NULL,3,NULL,NULL,NULL,2,3,NULL,1,NULL,NULL,NULL),(1300,NULL,16,39,'Base imponible 5',0.00,15,'0',7,'0',2,3,NULL,2,NULL,2,2,2,4,NULL,1,NULL,NULL,NULL),(1301,NULL,16,40,'Base imponible 6',0.00,15,'0',7,'0',2,1,NULL,1,NULL,NULL,NULL,NULL,NULL,NULL,1,NULL,NULL,NULL),(1302,NULL,16,41,'Base imponible 7',0.00,15,'0',7,'0',2,3,NULL,3,NULL,NULL,NULL,2,3,NULL,1,NULL,NULL,NULL),(1303,NULL,16,42,'Base imponible 8',0.00,15,'0',7,'0',2,3,NULL,3,NULL,NULL,NULL,2,3,NULL,1,NULL,NULL,NULL),(1304,NULL,16,43,'Base imponible 9',0.00,15,'0',7,'0',2,3,NULL,2,NULL,2,2,2,4,NULL,1,NULL,NULL,NULL),(1305,NULL,16,44,'Base para el calculo diferencial de aporte Seg. Social',0.00,15,'0',7,'0',2,1,NULL,1,NULL,NULL,NULL,NULL,NULL,NULL,1,NULL,NULL,NULL),(1306,NULL,16,45,'Base para el calculo diferencial de contribuciones de Seg Social',0.00,15,'0',7,'0',2,1,NULL,1,NULL,NULL,NULL,NULL,NULL,NULL,1,NULL,NULL,NULL),(1307,NULL,16,46,'Base imponible 10',0.00,15,'0',7,'0',2,3,NULL,3,NULL,NULL,NULL,2,4,NULL,1,NULL,NULL,NULL),(1308,NULL,16,47,'Importe a Detraer Ley 26.473',0.00,15,'0',7,'0',2,3,NULL,3,NULL,NULL,NULL,2,4,NULL,1,NULL,NULL,NULL),(1309,NULL,17,2,'CUIT',0.00,11,' ',1,'1',2,2,1,1,NULL,NULL,NULL,NULL,NULL,NULL,1,NULL,NULL,NULL),(1310,NULL,17,3,'Marca de Cónyuge',0.00,1,'0',6,'1',2,2,3,1,NULL,NULL,NULL,NULL,NULL,NULL,1,NULL,NULL,NULL),(1311,NULL,17,4,'Cantidad de hijos',0.00,2,'0',1,'0',2,2,4,1,NULL,NULL,NULL,NULL,NULL,NULL,1,NULL,NULL,NULL),(1312,NULL,17,5,'Marca CCT',0.00,1,' ',1,'1',2,2,22,1,NULL,NULL,NULL,NULL,NULL,NULL,1,NULL,NULL,NULL),(1313,NULL,17,6,'Marca SCVO',0.00,1,' ',1,'1',2,2,24,1,NULL,NULL,NULL,NULL,NULL,NULL,1,NULL,NULL,NULL),(1314,NULL,17,7,'Marca corresponde reducción',0.00,1,'0',6,'1',2,2,26,1,NULL,NULL,NULL,NULL,NULL,NULL,1,NULL,NULL,NULL),(1315,NULL,17,8,'Tipo de Empresa',0.00,1,' ',1,'1',2,2,14,1,NULL,NULL,NULL,NULL,NULL,NULL,1,NULL,NULL,NULL),(1316,NULL,17,9,'Tipo de operación',0.00,1,' ',7,'1',2,1,NULL,1,NULL,NULL,NULL,NULL,NULL,NULL,1,NULL,NULL,NULL),(1317,NULL,17,10,'Código situación',0.00,2,'0',1,'0',2,2,5,1,NULL,NULL,NULL,NULL,NULL,NULL,1,NULL,NULL,NULL),(1318,NULL,17,11,'Código condición',0.00,2,'0',1,'0',2,2,6,1,NULL,NULL,NULL,NULL,NULL,NULL,1,NULL,NULL,NULL);
INSERT INTO `syj_formato_sicoss_detalle` VALUES (1319,NULL,17,12,'Código de Actividad',0.00,3,'0',1,'0',2,2,7,1,NULL,NULL,NULL,NULL,NULL,NULL,1,NULL,NULL,NULL),(1320,NULL,17,13,'Código modalidad contratación',0.00,3,'0',1,'0',2,2,9,1,NULL,NULL,NULL,NULL,NULL,NULL,1,NULL,NULL,NULL),(1321,NULL,17,14,'Código siniestrado',0.00,2,'0',1,'0',2,2,13,1,NULL,NULL,NULL,NULL,NULL,NULL,1,NULL,NULL,NULL),(1322,NULL,17,15,'Código de Localidad',0.00,2,' ',1,'1',2,2,8,1,NULL,NULL,NULL,NULL,NULL,NULL,1,NULL,NULL,NULL),(1323,NULL,17,16,'Situación de Revista 1',0.00,2,'0',1,'0',2,2,16,1,NULL,NULL,NULL,NULL,NULL,NULL,1,NULL,NULL,NULL),(1324,NULL,17,17,'Día inicio Situación de Revista 1',0.00,2,'0',1,'0',2,2,17,1,NULL,NULL,NULL,NULL,NULL,NULL,1,NULL,NULL,NULL),(1325,NULL,17,18,'Situación de Revista 2',0.00,2,'0',1,'0',2,2,18,1,NULL,NULL,NULL,NULL,NULL,NULL,1,NULL,NULL,NULL),(1326,NULL,17,19,'Día inicio Situación de Revista 2',0.00,2,'0',1,'0',2,2,19,1,NULL,NULL,NULL,NULL,NULL,NULL,1,NULL,NULL,NULL),(1327,NULL,17,20,'Situación de Revista 3',0.00,2,'0',1,'0',2,2,20,1,NULL,NULL,NULL,NULL,NULL,NULL,1,NULL,NULL,NULL),(1328,NULL,17,21,'Día inicio Situación de Revista 3',0.00,2,'0',1,'0',2,2,21,1,NULL,NULL,NULL,NULL,NULL,NULL,1,NULL,NULL,NULL),(1329,NULL,17,22,'Cant días trabajados',0.00,2,'0',2,'0',2,3,NULL,3,NULL,NULL,NULL,2,2,NULL,1,NULL,NULL,NULL),(1330,NULL,17,23,'Horas trabajadas',0.00,3,'0',1,'0',2,2,26,1,NULL,NULL,NULL,NULL,NULL,NULL,1,NULL,NULL,NULL),(1331,NULL,17,24,'Porcentaje aporte adicional SS',0.00,5,'0',7,'0',2,1,NULL,1,NULL,NULL,NULL,NULL,NULL,NULL,1,NULL,NULL,NULL),(1332,NULL,17,25,'Porcentaje Contribucion tarea diferencial',0.00,5,'0',7,'0',2,1,NULL,1,NULL,NULL,NULL,NULL,NULL,NULL,1,NULL,NULL,NULL),(1333,NULL,17,26,'Código Obra social',0.00,6,'0',1,'0',2,2,10,1,NULL,NULL,NULL,NULL,NULL,NULL,1,NULL,NULL,NULL),(1334,NULL,17,27,'Cantidad adherentes',0.00,2,'0',1,'0',2,2,11,1,NULL,NULL,NULL,NULL,NULL,NULL,1,NULL,NULL,NULL),(1335,NULL,17,28,'Aporte Adicional OS',0.00,15,'0',7,'0',2,3,NULL,3,NULL,NULL,NULL,2,4,NULL,1,NULL,NULL,NULL),(1336,NULL,17,29,'Contribucion Adicional OS',0.00,15,'0',7,'0',2,3,NULL,3,NULL,NULL,NULL,2,4,NULL,1,NULL,NULL,NULL),(1337,NULL,17,30,'Base calculo Diferencial Aportes OS y FSR',0.00,15,'0',7,'0',2,3,NULL,3,NULL,NULL,NULL,2,4,NULL,1,NULL,NULL,NULL),(1338,NULL,17,31,'Base calculo Diferencial Contribuciones OS y FSR',0.00,15,'0',7,'0',2,3,NULL,3,NULL,NULL,NULL,2,4,NULL,1,NULL,NULL,NULL),(1339,NULL,17,32,'Base calculo Diferencial LRT',0.00,15,'0',7,'0',2,3,NULL,3,NULL,NULL,NULL,2,4,NULL,1,NULL,NULL,NULL),(1340,NULL,17,33,'Remuneracion Maternidad ANSeS',0.00,15,'0',7,'0',2,3,NULL,3,NULL,NULL,NULL,2,4,NULL,1,NULL,NULL,NULL),(1341,NULL,17,34,'Remuneracion bruta',0.00,15,'0',7,'0',2,3,NULL,2,NULL,2,2,2,4,NULL,1,NULL,NULL,NULL),(1342,NULL,17,35,'Base imponible 1',0.00,15,'0',7,'0',2,3,NULL,2,NULL,2,2,2,4,NULL,1,NULL,NULL,NULL),(1343,NULL,17,36,'Base imponible 2',0.00,15,'0',7,'0',2,3,NULL,2,NULL,2,2,2,4,NULL,1,NULL,NULL,NULL),(1344,NULL,17,37,'Base imponible 3',0.00,15,'0',7,'0',2,3,NULL,2,NULL,2,2,2,4,NULL,1,NULL,NULL,NULL),(1345,NULL,17,38,'Base imponible 4',0.00,15,'0',7,'0',2,3,NULL,3,NULL,NULL,NULL,2,3,NULL,1,NULL,NULL,NULL),(1346,NULL,17,39,'Base imponible 5',0.00,15,'0',7,'0',2,3,NULL,2,NULL,2,2,2,4,NULL,1,NULL,NULL,NULL),(1347,NULL,17,40,'Base imponible 6',0.00,15,'0',7,'0',2,1,NULL,1,NULL,NULL,NULL,NULL,NULL,NULL,1,NULL,NULL,NULL),(1348,NULL,17,41,'Base imponible 7',0.00,15,'0',7,'0',2,3,NULL,3,NULL,NULL,NULL,2,3,NULL,1,NULL,NULL,NULL),(1349,NULL,17,42,'Base imponible 8',0.00,15,'0',7,'0',2,3,NULL,3,NULL,NULL,NULL,2,3,NULL,1,NULL,NULL,NULL),(1350,NULL,17,43,'Base imponible 9',0.00,15,'0',7,'0',2,3,NULL,2,NULL,2,2,2,4,NULL,1,NULL,NULL,NULL),(1351,NULL,17,44,'Base para el calculo diferencial de aporte Seg. Social',0.00,15,'0',7,'0',2,1,NULL,1,NULL,NULL,NULL,NULL,NULL,NULL,1,NULL,NULL,NULL),(1352,NULL,17,45,'Base para el calculo diferencial de contribuciones de Seg Social',0.00,15,'0',7,'0',2,1,NULL,1,NULL,NULL,NULL,NULL,NULL,NULL,1,NULL,NULL,NULL);
INSERT INTO `syj_formato_sicoss_detalle` VALUES (1353,NULL,17,46,'Base imponible 10',0.00,15,'0',7,'0',2,3,NULL,3,NULL,NULL,NULL,2,4,NULL,1,NULL,NULL,NULL),(1354,NULL,17,47,'Importe a Detraer Ley 26.473',0.00,15,'0',7,'0',2,3,NULL,3,NULL,NULL,NULL,2,4,NULL,1,NULL,NULL,NULL),(1355,NULL,18,2,'CUIT',0.00,11,' ',1,'1',2,2,1,1,NULL,NULL,NULL,NULL,NULL,NULL,1,NULL,NULL,NULL),(1356,NULL,18,3,'Marca de Cónyuge',0.00,1,'0',6,'1',2,2,3,1,NULL,NULL,NULL,NULL,NULL,NULL,1,NULL,NULL,NULL),(1357,NULL,18,4,'Cantidad de hijos',0.00,2,'0',1,'0',2,2,4,1,NULL,NULL,NULL,NULL,NULL,NULL,1,NULL,NULL,NULL),(1358,NULL,18,5,'Marca CCT',0.00,1,' ',1,'1',2,2,22,1,NULL,NULL,NULL,NULL,NULL,NULL,1,NULL,NULL,NULL),(1359,NULL,18,6,'Marca SCVO',0.00,1,' ',1,'1',2,2,24,1,NULL,NULL,NULL,NULL,NULL,NULL,1,NULL,NULL,NULL),(1360,NULL,18,7,'Marca corresponde reducción',0.00,1,'0',6,'1',2,2,26,1,NULL,NULL,NULL,NULL,NULL,NULL,1,NULL,NULL,NULL),(1361,NULL,18,8,'Tipo de Empresa',0.00,1,' ',1,'1',2,2,14,1,NULL,NULL,NULL,NULL,NULL,NULL,1,NULL,NULL,NULL),(1362,NULL,18,9,'Tipo de operación',0.00,1,' ',7,'1',2,1,NULL,1,NULL,NULL,NULL,NULL,NULL,NULL,1,NULL,NULL,NULL),(1363,NULL,18,10,'Código situación',0.00,2,'0',1,'0',2,2,5,1,NULL,NULL,NULL,NULL,NULL,NULL,1,NULL,NULL,NULL),(1364,NULL,18,11,'Código condición',0.00,2,'0',1,'0',2,2,6,1,NULL,NULL,NULL,NULL,NULL,NULL,1,NULL,NULL,NULL),(1365,NULL,18,12,'Código de Actividad',0.00,3,'0',1,'0',2,2,7,1,NULL,NULL,NULL,NULL,NULL,NULL,1,NULL,NULL,NULL),(1366,NULL,18,13,'Código modalidad contratación',0.00,3,'0',1,'0',2,2,9,1,NULL,NULL,NULL,NULL,NULL,NULL,1,NULL,NULL,NULL),(1367,NULL,18,14,'Código siniestrado',0.00,2,'0',1,'0',2,2,13,1,NULL,NULL,NULL,NULL,NULL,NULL,1,NULL,NULL,NULL),(1368,NULL,18,15,'Código de Localidad',0.00,2,' ',1,'1',2,2,8,1,NULL,NULL,NULL,NULL,NULL,NULL,1,NULL,NULL,NULL),(1369,NULL,18,16,'Situación de Revista 1',0.00,2,'0',1,'0',2,2,16,1,NULL,NULL,NULL,NULL,NULL,NULL,1,NULL,NULL,NULL),(1370,NULL,18,17,'Día inicio Situación de Revista 1',0.00,2,'0',1,'0',2,2,17,1,NULL,NULL,NULL,NULL,NULL,NULL,1,NULL,NULL,NULL),(1371,NULL,18,18,'Situación de Revista 2',0.00,2,'0',1,'0',2,2,18,1,NULL,NULL,NULL,NULL,NULL,NULL,1,NULL,NULL,NULL),(1372,NULL,18,19,'Día inicio Situación de Revista 2',0.00,2,'0',1,'0',2,2,19,1,NULL,NULL,NULL,NULL,NULL,NULL,1,NULL,NULL,NULL),(1373,NULL,18,20,'Situación de Revista 3',0.00,2,'0',1,'0',2,2,20,1,NULL,NULL,NULL,NULL,NULL,NULL,1,NULL,NULL,NULL),(1374,NULL,18,21,'Día inicio Situación de Revista 3',0.00,2,'0',1,'0',2,2,21,1,NULL,NULL,NULL,NULL,NULL,NULL,1,NULL,NULL,NULL),(1375,NULL,18,22,'Cant días trabajados',0.00,2,'0',2,'0',2,3,NULL,3,NULL,NULL,NULL,2,2,NULL,1,NULL,NULL,NULL),(1376,NULL,18,23,'Horas trabajadas',0.00,3,'0',1,'0',2,2,26,1,NULL,NULL,NULL,NULL,NULL,NULL,1,NULL,NULL,NULL),(1377,NULL,18,24,'Porcentaje aporte adicional SS',0.00,5,'0',7,'0',2,1,NULL,1,NULL,NULL,NULL,NULL,NULL,NULL,1,NULL,NULL,NULL),(1378,NULL,18,25,'Porcentaje Contribucion tarea diferencial',0.00,5,'0',7,'0',2,1,NULL,1,NULL,NULL,NULL,NULL,NULL,NULL,1,NULL,NULL,NULL),(1379,NULL,18,26,'Código Obra social',0.00,6,'0',1,'0',2,2,10,1,NULL,NULL,NULL,NULL,NULL,NULL,1,NULL,NULL,NULL),(1380,NULL,18,27,'Cantidad adherentes',0.00,2,'0',1,'0',2,2,11,1,NULL,NULL,NULL,NULL,NULL,NULL,1,NULL,NULL,NULL),(1381,NULL,18,28,'Aporte Adicional OS',0.00,15,'0',7,'0',2,3,NULL,3,NULL,NULL,NULL,2,4,NULL,1,NULL,NULL,NULL),(1382,NULL,18,29,'Contribucion Adicional OS',0.00,15,'0',7,'0',2,3,NULL,3,NULL,NULL,NULL,2,4,NULL,1,NULL,NULL,NULL),(1383,NULL,18,30,'Base calculo Diferencial Aportes OS y FSR',0.00,15,'0',7,'0',2,3,NULL,3,NULL,NULL,NULL,2,4,NULL,1,NULL,NULL,NULL),(1384,NULL,18,31,'Base calculo Diferencial Contribuciones OS y FSR',0.00,15,'0',7,'0',2,3,NULL,3,NULL,NULL,NULL,2,4,NULL,1,NULL,NULL,NULL),(1385,NULL,18,32,'Base calculo Diferencial LRT',0.00,15,'0',7,'0',2,3,NULL,3,NULL,NULL,NULL,2,4,NULL,1,NULL,NULL,NULL),(1386,NULL,18,33,'Remuneracion Maternidad ANSeS',0.00,15,'0',7,'0',2,3,NULL,3,NULL,NULL,NULL,2,4,NULL,1,NULL,NULL,NULL);
INSERT INTO `syj_formato_sicoss_detalle` VALUES (1387,NULL,18,34,'Remuneracion bruta',0.00,15,'0',7,'0',2,3,NULL,2,NULL,2,2,2,4,NULL,1,NULL,NULL,NULL),(1388,NULL,18,35,'Base imponible 1',0.00,15,'0',7,'0',2,3,NULL,2,NULL,2,2,2,4,NULL,1,NULL,NULL,NULL),(1389,NULL,18,36,'Base imponible 2',0.00,15,'0',7,'0',2,3,NULL,2,NULL,2,2,2,4,NULL,1,NULL,NULL,NULL),(1390,NULL,18,37,'Base imponible 3',0.00,15,'0',7,'0',2,3,NULL,2,NULL,2,2,2,4,NULL,1,NULL,NULL,NULL),(1391,NULL,18,38,'Base imponible 4',0.00,15,'0',7,'0',2,3,NULL,3,NULL,NULL,NULL,2,3,NULL,1,NULL,NULL,NULL),(1392,NULL,18,39,'Base imponible 5',0.00,15,'0',7,'0',2,3,NULL,2,NULL,2,2,2,4,NULL,1,NULL,NULL,NULL),(1393,NULL,18,40,'Base imponible 6',0.00,15,'0',7,'0',2,1,NULL,1,NULL,NULL,NULL,NULL,NULL,NULL,1,NULL,NULL,NULL),(1394,NULL,18,41,'Base imponible 7',0.00,15,'0',7,'0',2,3,NULL,3,NULL,NULL,NULL,2,3,NULL,1,NULL,NULL,NULL),(1395,NULL,18,42,'Base imponible 8',0.00,15,'0',7,'0',2,3,NULL,3,NULL,NULL,NULL,2,3,NULL,1,NULL,NULL,NULL),(1396,NULL,18,43,'Base imponible 9',0.00,15,'0',7,'0',2,3,NULL,2,NULL,2,2,2,4,NULL,1,NULL,NULL,NULL),(1397,NULL,18,44,'Base para el calculo diferencial de aporte Seg. Social',0.00,15,'0',7,'0',2,1,NULL,1,NULL,NULL,NULL,NULL,NULL,NULL,1,NULL,NULL,NULL),(1398,NULL,18,45,'Base para el calculo diferencial de contribuciones de Seg Social',0.00,15,'0',7,'0',2,1,NULL,1,NULL,NULL,NULL,NULL,NULL,NULL,1,NULL,NULL,NULL),(1399,NULL,18,46,'Base imponible 10',0.00,15,'0',7,'0',2,3,NULL,3,NULL,NULL,NULL,2,4,NULL,1,NULL,NULL,NULL),(1400,NULL,18,47,'Importe a Detraer Ley 26.473',0.00,15,'0',7,'0',2,3,NULL,3,NULL,NULL,NULL,2,4,NULL,1,NULL,NULL,NULL),(1401,NULL,19,2,'CUIT',0.00,11,' ',1,'1',2,2,1,1,NULL,NULL,NULL,NULL,NULL,NULL,1,NULL,NULL,NULL),(1402,NULL,19,3,'Marca de Cónyuge',0.00,1,'0',6,'1',2,2,3,1,NULL,NULL,NULL,NULL,NULL,NULL,1,NULL,NULL,NULL),(1403,NULL,19,4,'Cantidad de hijos',0.00,2,'0',1,'0',2,2,4,1,NULL,NULL,NULL,NULL,NULL,NULL,1,NULL,NULL,NULL),(1404,NULL,19,5,'Marca CCT',0.00,1,' ',1,'1',2,2,22,1,NULL,NULL,NULL,NULL,NULL,NULL,1,NULL,NULL,NULL),(1405,NULL,19,6,'Marca SCVO',0.00,1,' ',1,'1',2,2,24,1,NULL,NULL,NULL,NULL,NULL,NULL,1,NULL,NULL,NULL),(1406,NULL,19,7,'Marca corresponde reducción',0.00,1,'0',6,'1',2,2,26,1,NULL,NULL,NULL,NULL,NULL,NULL,1,NULL,NULL,NULL),(1407,NULL,19,8,'Tipo de Empresa',0.00,1,' ',1,'1',2,2,14,1,NULL,NULL,NULL,NULL,NULL,NULL,1,NULL,NULL,NULL),(1408,NULL,19,9,'Tipo de operación',0.00,1,' ',7,'1',2,1,NULL,1,NULL,NULL,NULL,NULL,NULL,NULL,1,NULL,NULL,NULL),(1409,NULL,19,10,'Código situación',0.00,2,'0',1,'0',2,2,5,1,NULL,NULL,NULL,NULL,NULL,NULL,1,NULL,NULL,NULL),(1410,NULL,19,11,'Código condición',0.00,2,'0',1,'0',2,2,6,1,NULL,NULL,NULL,NULL,NULL,NULL,1,NULL,NULL,NULL),(1411,NULL,19,12,'Código de Actividad',0.00,3,'0',1,'0',2,2,7,1,NULL,NULL,NULL,NULL,NULL,NULL,1,NULL,NULL,NULL),(1412,NULL,19,13,'Código modalidad contratación',0.00,3,'0',1,'0',2,2,9,1,NULL,NULL,NULL,NULL,NULL,NULL,1,NULL,NULL,NULL),(1413,NULL,19,14,'Código siniestrado',0.00,2,'0',1,'0',2,2,13,1,NULL,NULL,NULL,NULL,NULL,NULL,1,NULL,NULL,NULL),(1414,NULL,19,15,'Código de Localidad',0.00,2,' ',1,'1',2,2,8,1,NULL,NULL,NULL,NULL,NULL,NULL,1,NULL,NULL,NULL),(1415,NULL,19,16,'Situación de Revista 1',0.00,2,'0',1,'0',2,2,16,1,NULL,NULL,NULL,NULL,NULL,NULL,1,NULL,NULL,NULL),(1416,NULL,19,17,'Día inicio Situación de Revista 1',0.00,2,'0',1,'0',2,2,17,1,NULL,NULL,NULL,NULL,NULL,NULL,1,NULL,NULL,NULL),(1417,NULL,19,18,'Situación de Revista 2',0.00,2,'0',1,'0',2,2,18,1,NULL,NULL,NULL,NULL,NULL,NULL,1,NULL,NULL,NULL),(1418,NULL,19,19,'Día inicio Situación de Revista 2',0.00,2,'0',1,'0',2,2,19,1,NULL,NULL,NULL,NULL,NULL,NULL,1,NULL,NULL,NULL),(1419,NULL,19,20,'Situación de Revista 3',0.00,2,'0',1,'0',2,2,20,1,NULL,NULL,NULL,NULL,NULL,NULL,1,NULL,NULL,NULL),(1420,NULL,19,21,'Día inicio Situación de Revista 3',0.00,2,'0',1,'0',2,2,21,1,NULL,NULL,NULL,NULL,NULL,NULL,1,NULL,NULL,NULL),(1421,NULL,19,22,'Cant días trabajados',0.00,2,'0',2,'0',2,3,NULL,3,NULL,NULL,NULL,2,2,NULL,1,NULL,NULL,NULL);
INSERT INTO `syj_formato_sicoss_detalle` VALUES (1422,NULL,19,23,'Horas trabajadas',0.00,3,'0',1,'0',2,2,26,1,NULL,NULL,NULL,NULL,NULL,NULL,1,NULL,NULL,NULL),(1423,NULL,19,24,'Porcentaje aporte adicional SS',0.00,5,'0',7,'0',2,1,NULL,1,NULL,NULL,NULL,NULL,NULL,NULL,1,NULL,NULL,NULL),(1424,NULL,19,25,'Porcentaje Contribucion tarea diferencial',0.00,5,'0',7,'0',2,1,NULL,1,NULL,NULL,NULL,NULL,NULL,NULL,1,NULL,NULL,NULL),(1425,NULL,19,26,'Código Obra social',0.00,6,'0',1,'0',2,2,10,1,NULL,NULL,NULL,NULL,NULL,NULL,1,NULL,NULL,NULL),(1426,NULL,19,27,'Cantidad adherentes',0.00,2,'0',1,'0',2,2,11,1,NULL,NULL,NULL,NULL,NULL,NULL,1,NULL,NULL,NULL),(1427,NULL,19,28,'Aporte Adicional OS',0.00,15,'0',7,'0',2,3,NULL,3,NULL,NULL,NULL,2,4,NULL,1,NULL,NULL,NULL),(1428,NULL,19,29,'Contribucion Adicional OS',0.00,15,'0',7,'0',2,3,NULL,3,NULL,NULL,NULL,2,4,NULL,1,NULL,NULL,NULL),(1429,NULL,19,30,'Base calculo Diferencial Aportes OS y FSR',0.00,15,'0',7,'0',2,3,NULL,3,NULL,NULL,NULL,2,4,NULL,1,NULL,NULL,NULL),(1430,NULL,19,31,'Base calculo Diferencial Contribuciones OS y FSR',0.00,15,'0',7,'0',2,3,NULL,3,NULL,NULL,NULL,2,4,NULL,1,NULL,NULL,NULL),(1431,NULL,19,32,'Base calculo Diferencial LRT',0.00,15,'0',7,'0',2,3,NULL,3,NULL,NULL,NULL,2,4,NULL,1,NULL,NULL,NULL),(1432,NULL,19,33,'Remuneracion Maternidad ANSeS',0.00,15,'0',7,'0',2,3,NULL,3,NULL,NULL,NULL,2,4,NULL,1,NULL,NULL,NULL),(1433,NULL,19,34,'Remuneracion bruta',0.00,15,'0',7,'0',2,3,NULL,2,NULL,2,2,2,4,NULL,1,NULL,NULL,NULL),(1434,NULL,19,35,'Base imponible 1',0.00,15,'0',7,'0',2,3,NULL,2,NULL,2,2,2,4,NULL,1,NULL,NULL,NULL),(1435,NULL,19,36,'Base imponible 2',0.00,15,'0',7,'0',2,3,NULL,2,NULL,2,2,2,4,NULL,1,NULL,NULL,NULL),(1436,NULL,19,37,'Base imponible 3',0.00,15,'0',7,'0',2,3,NULL,2,NULL,2,2,2,4,NULL,1,NULL,NULL,NULL),(1437,NULL,19,38,'Base imponible 4',0.00,15,'0',7,'0',2,3,NULL,3,NULL,NULL,NULL,2,3,NULL,1,NULL,NULL,NULL),(1438,NULL,19,39,'Base imponible 5',0.00,15,'0',7,'0',2,3,NULL,2,NULL,2,2,2,4,NULL,1,NULL,NULL,NULL),(1439,NULL,19,40,'Base imponible 6',0.00,15,'0',7,'0',2,1,NULL,1,NULL,NULL,NULL,NULL,NULL,NULL,1,NULL,NULL,NULL),(1440,NULL,19,41,'Base imponible 7',0.00,15,'0',7,'0',2,3,NULL,3,NULL,NULL,NULL,2,3,NULL,1,NULL,NULL,NULL),(1441,NULL,19,42,'Base imponible 8',0.00,15,'0',7,'0',2,3,NULL,3,NULL,NULL,NULL,2,3,NULL,1,NULL,NULL,NULL),(1442,NULL,19,43,'Base imponible 9',0.00,15,'0',7,'0',2,3,NULL,2,NULL,2,2,2,4,NULL,1,NULL,NULL,NULL),(1443,NULL,19,44,'Base para el calculo diferencial de aporte Seg. Social',0.00,15,'0',7,'0',2,1,NULL,1,NULL,NULL,NULL,NULL,NULL,NULL,1,NULL,NULL,NULL),(1444,NULL,19,45,'Base para el calculo diferencial de contribuciones de Seg Social',0.00,15,'0',7,'0',2,1,NULL,1,NULL,NULL,NULL,NULL,NULL,NULL,1,NULL,NULL,NULL),(1445,NULL,19,46,'Base imponible 10',0.00,15,'0',7,'0',2,3,NULL,3,NULL,NULL,NULL,2,4,NULL,1,NULL,NULL,NULL),(1446,NULL,19,47,'Importe a Detraer Ley 26.473',0.00,15,'0',7,'0',2,3,NULL,3,NULL,NULL,NULL,2,4,NULL,1,NULL,NULL,NULL),(1447,NULL,20,2,'CUIT',0.00,11,' ',1,'1',2,2,1,1,NULL,NULL,NULL,NULL,NULL,NULL,1,NULL,NULL,NULL),(1448,NULL,20,3,'Marca de Cónyuge',0.00,1,'0',6,'1',2,2,3,1,NULL,NULL,NULL,NULL,NULL,NULL,1,NULL,NULL,NULL),(1449,NULL,20,4,'Cantidad de hijos',0.00,2,'0',1,'0',2,2,4,1,NULL,NULL,NULL,NULL,NULL,NULL,1,NULL,NULL,NULL),(1450,NULL,20,5,'Marca CCT',0.00,1,' ',1,'1',2,2,22,1,NULL,NULL,NULL,NULL,NULL,NULL,1,NULL,NULL,NULL),(1451,NULL,20,6,'Marca SCVO',0.00,1,' ',1,'1',2,2,24,1,NULL,NULL,NULL,NULL,NULL,NULL,1,NULL,NULL,NULL),(1452,NULL,20,7,'Marca corresponde reducción',0.00,1,'0',6,'1',2,2,26,1,NULL,NULL,NULL,NULL,NULL,NULL,1,NULL,NULL,NULL),(1453,NULL,20,8,'Tipo de Empresa',0.00,1,' ',1,'1',2,2,14,1,NULL,NULL,NULL,NULL,NULL,NULL,1,NULL,NULL,NULL),(1454,NULL,20,9,'Tipo de operación',0.00,1,' ',7,'1',2,1,NULL,1,NULL,NULL,NULL,NULL,NULL,NULL,1,NULL,NULL,NULL),(1455,NULL,20,10,'Código situación',0.00,2,'0',1,'0',2,2,5,1,NULL,NULL,NULL,NULL,NULL,NULL,1,NULL,NULL,NULL),(1456,NULL,20,11,'Código condición',0.00,2,'0',1,'0',2,2,6,1,NULL,NULL,NULL,NULL,NULL,NULL,1,NULL,NULL,NULL);
