-- Table structure for table `syj_convenio_formatosicoss`
--

CREATE TABLE `syj_convenio_formatosicoss` (
  `user_id` int(10) unsigned DEFAULT NULL,
  `syj_convenio_id` int(10) unsigned DEFAULT NULL,
  `syj_formato_sicoss_id` int(10) unsigned DEFAULT NULL,
  `created_at` timestamp NULL DEFAULT NULL,
  `updated_at` timestamp NULL DEFAULT NULL,
  `deleted_at` timestamp NULL DEFAULT NULL,
  KEY `syj_convenio_formatosicoss_syj_convenio_id_foreign` (`syj_convenio_id`),
  KEY `syj_convenio_formatosicoss_syj_formato_sicoss_id_foreign` (`syj_formato_sicoss_id`),
  CONSTRAINT `syj_convenio_formatosicoss_syj_convenio_id_foreign` FOREIGN KEY (`syj_convenio_id`) REFERENCES `syj_convenios` (`id`),
  CONSTRAINT `syj_convenio_formatosicoss_syj_formato_sicoss_id_foreign` FOREIGN KEY (`syj_formato_sicoss_id`) REFERENCES `syj_formato_sicoss` (`id`)
) ENGINE=InnoDB DEFAULT CHARSET=utf8mb4 COLLATE=utf8mb4_unicode_ci;

--
-- Dumping data for table `syj_convenio_formatosicoss`
--

INSERT INTO `syj_convenio_formatosicoss` VALUES (NULL,5,1,NULL,NULL,NULL),(1,6,1,NULL,NULL,NULL),(1,7,1,NULL,NULL,NULL),(88,13,1,NULL,NULL,NULL),(88,14,1,NULL,NULL,NULL),(88,15,1,NULL,NULL,NULL),(88,16,1,NULL,NULL,NULL),(88,17,1,NULL,NULL,NULL),(88,18,1,NULL,NULL,NULL),(88,19,1,NULL,NULL,NULL),(88,20,1,NULL,NULL,NULL),(88,21,1,NULL,NULL,NULL),(88,22,1,NULL,NULL,NULL),(88,24,1,NULL,NULL,NULL),(1,34,1,NULL,NULL,NULL),(NULL,5,2,'2020-11-26 09:24:35','2020-11-26 09:24:35',NULL),(NULL,6,2,'2020-11-26 09:24:35','2020-11-26 09:24:35',NULL),(NULL,7,2,'2020-11-26 09:24:35','2020-11-26 09:24:35',NULL),(NULL,13,2,'2020-11-26 09:24:35','2020-11-26 09:24:35',NULL),(NULL,14,2,'2020-11-26 09:24:35','2020-11-26 09:24:35',NULL),(NULL,15,2,'2020-11-26 09:24:35','2020-11-26 09:24:35',NULL),(NULL,16,2,'2020-11-26 09:24:35','2020-11-26 09:24:35',NULL),(NULL,17,2,'2020-11-26 09:24:35','2020-11-26 09:24:35',NULL),(NULL,18,2,'2020-11-26 09:24:35','2020-11-26 09:24:35',NULL),(NULL,19,2,'2020-11-26 09:24:35','2020-11-26 09:24:35',NULL),(NULL,20,2,'2020-11-26 09:24:35','2020-11-26 09:24:35',NULL),(NULL,21,2,'2020-11-26 09:24:35','2020-11-26 09:24:35',NULL),(NULL,22,2,'2020-11-26 09:24:35','2020-11-26 09:24:35',NULL),(NULL,24,2,'2020-11-26 09:24:35','2020-11-26 09:24:35',NULL),(NULL,34,2,'2020-11-26 09:24:35','2020-11-26 09:24:35',NULL),(591,35,1,NULL,NULL,NULL),(591,35,2,'2020-11-26 12:24:35','2020-11-26 12:24:35',NULL),(591,39,1,NULL,NULL,NULL),(591,39,2,'2020-11-26 12:24:35','2020-11-26 12:24:35',NULL),(NULL,40,1,NULL,NULL,NULL),(NULL,40,2,NULL,NULL,NULL),(591,41,1,NULL,NULL,NULL),(591,41,2,'2020-11-26 12:24:35','2020-11-26 12:24:35',NULL),(591,42,1,NULL,NULL,NULL),(591,42,2,'2020-11-26 12:24:35','2020-11-26 12:24:35',NULL),(196,43,1,NULL,NULL,NULL),(196,43,2,'2020-11-26 15:24:35','2020-11-26 15:24:35',NULL);

--
-- Table structure for table `syj_convenios`
--

CREATE TABLE `syj_convenios` (
  `id` int(10) unsigned NOT NULL AUTO_INCREMENT,
  `user_id` int(10) unsigned DEFAULT NULL,
  `descripcion` varchar(191) COLLATE utf8mb4_unicode_ci DEFAULT NULL,
  `syj_emp_afecta_id` int(10) unsigned NOT NULL,
  `habilitado` tinyint(1) NOT NULL DEFAULT '1',
  `created_at` timestamp NULL DEFAULT NULL,
  `updated_at` timestamp NULL DEFAULT NULL,
  `deleted_at` timestamp NULL DEFAULT NULL,
  PRIMARY KEY (`id`),
  KEY `syj_convenios_syj_emp_afecta_id_foreign` (`syj_emp_afecta_id`),
  CONSTRAINT `syj_convenios_syj_emp_afecta_id_foreign` FOREIGN KEY (`syj_emp_afecta_id`) REFERENCES `syj_emp_afecta` (`id`)
) ENGINE=InnoDB AUTO_INCREMENT=44 DEFAULT CHARSET=utf8mb4 COLLATE=utf8mb4_unicode_ci;

--
-- Dumping data for table `syj_convenios`
--

INSERT INTO `syj_convenios` VALUES (5,88,'CONVENIO GENERICO',2,1,'2020-04-07 03:01:58','2020-08-08 10:26:43',NULL),(6,196,'COMERCIO 130/75',2,1,'2020-05-11 15:11:16','2021-04-20 13:20:29',NULL),(7,1,'DIRECTORES - GERENTES',2,1,'2020-05-12 12:36:54','2020-08-08 10:26:43',NULL),(13,88,'TINTOREROS 0526/08',3,1,'2020-05-13 10:17:46','2020-05-13 10:48:47',NULL),(14,196,'SANIDAD 108/75',2,1,'2020-05-13 12:21:02','2022-03-04 16:36:34',NULL),(15,88,'SANIDAD 122/75',2,1,'2020-05-13 15:40:51','2020-05-13 15:40:51',NULL),(16,88,'UOCRA 76/75',3,1,'2020-05-19 09:56:17','2020-05-19 09:56:17',NULL),(17,88,'SOECRA - COCHERIAS 749/18',2,1,'2020-05-19 11:20:07','2020-08-08 10:26:43',NULL),(18,88,'SOCAYA 179/75',3,1,'2020-05-19 14:24:18','2020-05-19 14:24:18',NULL),(19,88,'AOTRA 500/07',3,1,'2020-05-19 15:21:50','2020-05-19 15:21:50',NULL),(20,196,'UTHGRA 389/04',2,1,'2020-05-20 08:56:34','2020-12-18 20:33:19',NULL),(21,88,'SOMRA 281/96',2,1,'2020-05-20 11:46:24','2020-08-08 10:26:43',NULL),(22,88,'CAMIONEROS 40/89',2,1,'2020-05-20 13:28:57','2020-08-08 10:26:43',NULL),(24,88,'ATILRA 02/88',2,1,'2020-05-21 20:24:45','2020-08-08 10:26:43',NULL),(34,88,'UPSRA - Seguridad 507/07',2,1,'2020-05-22 12:48:31','2020-08-08 10:26:43',NULL),(35,591,'FARMACIA 414/05',2,1,'2020-12-18 17:37:12','2020-12-18 17:37:12',NULL),(36,591,'Copia de UTHGRA 389/04',2,1,'2020-12-26 14:32:35','2021-04-27 15:10:19','2021-04-27 15:10:19'),(37,591,'Copia de COMERCIO 130/75',2,1,'2021-04-20 16:43:03','2021-04-20 16:43:23','2021-04-20 16:43:23'),(38,591,'Copia de COMERCIO 130/75',2,1,'2021-04-20 16:43:07','2021-04-27 11:02:49','2021-04-27 11:02:49'),(39,591,'UTHGRA 389/04 - CAMPOS',2,1,'2021-04-27 15:36:26','2021-04-27 15:36:26',NULL),(40,NULL,'Empleado Eventual',1,1,'2021-10-23 08:03:24','2021-10-23 08:03:24',NULL),(41,591,'521/07 - ESTACIONES DE SERVICIOS',2,1,'2021-11-26 14:22:04','2021-11-26 14:32:10',NULL),(42,591,'JARDINEROS',2,1,'2022-05-27 10:09:56','2022-05-27 10:09:56',NULL),(43,196,'UTEDYC BSSA',2,1,'2022-06-10 11:57:25','2022-06-10 11:57:52',NULL);

--
-- Table structure for table `syj_domicilios`
--

CREATE TABLE `syj_domicilios` (
  `id` int(10) unsigned NOT NULL AUTO_INCREMENT,
  `user_id` int(10) unsigned DEFAULT NULL,
  `person_id` int(10) unsigned NOT NULL,
  `pais_id` int(10) unsigned NOT NULL,
  `zone_id` int(10) unsigned NOT NULL,
  `localidad_id` int(10) unsigned NOT NULL,
  `calle` varchar(191) COLLATE utf8mb4_unicode_ci DEFAULT NULL,
  `numero` int(11) DEFAULT NULL,
  `piso` varchar(191) COLLATE utf8mb4_unicode_ci DEFAULT NULL,
  `depto` varchar(191) COLLATE utf8mb4_unicode_ci DEFAULT NULL,
  `cod_postal` int(11) DEFAULT NULL,
  `sucursal` varchar(191) COLLATE utf8mb4_unicode_ci DEFAULT NULL,
  `is_legal` tinyint(1) NOT NULL DEFAULT '0',
  `habilitado` tinyint(1) NOT NULL DEFAULT '1',
  `created_at` timestamp NULL DEFAULT NULL,
  `updated_at` timestamp NULL DEFAULT NULL,
  `deleted_at` timestamp NULL DEFAULT NULL,
  PRIMARY KEY (`id`),
  KEY `syj_domicilios_person_id_foreign` (`person_id`),
  KEY `syj_domicilios_pais_id_foreign` (`pais_id`),
  KEY `syj_domicilios_zone_id_foreign` (`zone_id`),
  KEY `syj_domicilios_localidad_id_foreign` (`localidad_id`),
  CONSTRAINT `syj_domicilios_localidad_id_foreign` FOREIGN KEY (`localidad_id`) REFERENCES `localidad` (`id`),
  CONSTRAINT `syj_domicilios_pais_id_foreign` FOREIGN KEY (`pais_id`) REFERENCES `pais` (`id`),
  CONSTRAINT `syj_domicilios_person_id_foreign` FOREIGN KEY (`person_id`) REFERENCES `persons` (`id`),
  CONSTRAINT `syj_domicilios_zone_id_foreign` FOREIGN KEY (`zone_id`) REFERENCES `zones` (`id`)
) ENGINE=InnoDB AUTO_INCREMENT=21 DEFAULT CHARSET=utf8mb4 COLLATE=utf8mb4_unicode_ci;

--
-- Dumping data for table `syj_domicilios`
--

INSERT INTO `syj_domicilios` VALUES (1,196,40718,1,23,3,'AV. DE LOS LAGOS',6660,'','',1648,'1',1,1,'2020-06-22 14:42:13','2020-06-22 14:42:13',NULL),(2,196,40717,1,23,9,'Av. de Los Lagos',6660,'-','138',1648,'1',1,1,'2020-12-11 18:28:26','2020-12-11 18:28:26',NULL),(3,591,40749,1,23,9,'LINIERS',1547,'','',1648,'1',0,1,'2020-12-18 15:03:29','2020-12-18 15:03:29',NULL),(4,591,40749,1,23,9,'LINIERS',1547,'','',1648,'1',0,1,'2020-12-18 15:03:52','2020-12-18 15:03:52',NULL),(5,591,40750,1,23,9,'AV AVELLANEDA',3757,'','',1645,'2',0,1,'2020-12-18 17:33:49','2020-12-18 17:33:49',NULL),(6,591,40751,1,23,10,'Av. Avellaneda',4198,'','',1645,'1',1,1,'2020-12-18 19:03:55','2020-12-18 19:04:47',NULL),(7,591,40751,1,23,10,'Av. Avellaneda',4198,'','',1645,'1',0,1,'2020-12-18 19:04:35','2020-12-18 19:04:41','2020-12-18 19:04:41'),(8,591,40877,1,22,9,'Dean Funes',2543,'','',1621,'1',1,1,'2020-12-22 14:25:12','2020-12-22 14:25:39',NULL),(9,591,40753,1,22,9,'LOS GLADIOLOS',1737,'','',1618,'1',1,1,'2020-12-22 17:30:18','2020-12-22 17:30:18',NULL),(10,591,41103,1,22,1,'Sarmiento',983,'4','B',1386,'1',1,1,'2020-12-22 19:05:34','2020-12-22 19:11:10',NULL),(11,591,40912,1,23,9,'Garmendia',1568,'','',1621,'1',0,1,'2020-12-29 12:34:05','2020-12-29 12:34:05',NULL),(12,591,40912,1,23,9,'Garmendia',1568,'','',1621,'1',0,1,'2020-12-29 12:34:39','2020-12-29 12:34:49','2020-12-29 12:34:49'),(13,591,40737,1,23,9,'Callao',1530,'','',1648,'1',0,1,'2020-12-29 13:33:05','2020-12-29 13:33:05',NULL),(14,591,41104,1,23,9,'Andalucia',316,'','',1648,'1',0,1,'2020-12-29 14:21:03','2020-12-29 14:21:03',NULL),(15,591,41105,1,23,9,'Avenida Italia',1205,'','',1648,'1',0,1,'2020-12-29 15:09:21','2020-12-29 15:09:21',NULL),(16,591,41106,1,23,9,'Montevideo',345,'','',1648,'1',0,1,'2020-12-29 15:36:05','2020-12-29 15:36:05',NULL),(17,591,40756,1,23,11,'Ruta Panamericana',0,'','',1619,'1',0,1,'2021-01-05 13:45:08','2021-01-05 13:45:08',NULL),(18,196,41400,1,22,1,'charcas',2955,'2','y',1425,'1',1,1,'2022-05-27 09:47:19','2022-05-27 09:47:19',NULL),(19,196,42615,1,23,11,'RUTA 9',47,'0','',1623,'1',1,1,'2022-06-10 11:47:20','2022-06-10 11:47:20',NULL),(20,196,42615,1,23,11,'RUTA 9',47,'','',1623,'1',1,1,'2022-06-10 11:48:00','2022-06-10 11:48:00',NULL);

--
-- Table structure for table `syj_emp_afecta`
--

CREATE TABLE `syj_emp_afecta` (
  `id` int(10) unsigned NOT NULL AUTO_INCREMENT,
  `user_id` int(10) unsigned DEFAULT NULL,
  `descripcion` varchar(191) COLLATE utf8mb4_unicode_ci NOT NULL,
  `habilitado` tinyint(1) NOT NULL DEFAULT '1',
  `created_at` timestamp NULL DEFAULT NULL,
  `updated_at` timestamp NULL DEFAULT NULL,
  `deleted_at` timestamp NULL DEFAULT NULL,
  PRIMARY KEY (`id`),
  UNIQUE KEY `syj_emp_afecta_descripcion_unique` (`descripcion`)
) ENGINE=InnoDB AUTO_INCREMENT=4 DEFAULT CHARSET=utf8mb4 COLLATE=utf8mb4_unicode_ci;

--
-- Dumping data for table `syj_emp_afecta`
--

INSERT INTO `syj_emp_afecta` VALUES (1,NULL,'Todos',1,'2020-05-28 20:55:23','2020-05-28 20:55:23',NULL),(2,NULL,'Mensual/Jornal',1,'2020-05-28 20:55:23','2020-05-28 20:55:23',NULL),(3,NULL,'Quincenal',1,'2020-05-28 20:55:23','2020-05-28 20:55:23',NULL);

--
-- Table structure for table `syj_emp_alcance`
--

CREATE TABLE `syj_emp_alcance` (
  `id` int(10) unsigned NOT NULL AUTO_INCREMENT,
  `user_id` int(10) unsigned DEFAULT NULL,
  `descripcion` varchar(191) COLLATE utf8mb4_unicode_ci NOT NULL,
  `habilitado` tinyint(1) NOT NULL DEFAULT '1',
  `created_at` timestamp NULL DEFAULT NULL,
  `updated_at` timestamp NULL DEFAULT NULL,
  `deleted_at` timestamp NULL DEFAULT NULL,
  PRIMARY KEY (`id`),
  UNIQUE KEY `syj_emp_alcance_descripcion_unique` (`descripcion`)
) ENGINE=InnoDB AUTO_INCREMENT=3 DEFAULT CHARSET=utf8mb4 COLLATE=utf8mb4_unicode_ci;

--
-- Dumping data for table `syj_emp_alcance`
--

INSERT INTO `syj_emp_alcance` VALUES (1,NULL,'General',1,'2020-05-28 20:55:23','2020-05-28 20:55:23',NULL),(2,NULL,'Por Empleado',1,'2020-05-28 20:55:23','2020-05-28 20:55:23',NULL);

--
-- Table structure for table `syj_emp_cod_siniestro`
--

CREATE TABLE `syj_emp_cod_siniestro` (
  `id` int(10) unsigned NOT NULL AUTO_INCREMENT,
  `user_id` int(10) unsigned DEFAULT NULL,
  `codigo_afip` varchar(191) COLLATE utf8mb4_unicode_ci NOT NULL,
  `descripcion` varchar(191) COLLATE utf8mb4_unicode_ci NOT NULL,
  `habilitado` tinyint(1) NOT NULL DEFAULT '1',
  `created_at` timestamp NULL DEFAULT NULL,
  `updated_at` timestamp NULL DEFAULT NULL,
  `deleted_at` timestamp NULL DEFAULT NULL,
  PRIMARY KEY (`id`),
  UNIQUE KEY `syj_emp_cod_siniestro_codigo_afip_unique` (`codigo_afip`)
) ENGINE=InnoDB AUTO_INCREMENT=15 DEFAULT CHARSET=utf8mb4 COLLATE=utf8mb4_unicode_ci;

--
-- Dumping data for table `syj_emp_cod_siniestro`
--

INSERT INTO `syj_emp_cod_siniestro` VALUES (1,NULL,'0','No Incapacitado',1,'2020-05-28 20:55:24','2020-05-28 20:55:24',NULL),(2,NULL,'1','ILT Incapacidad Laboral Temporaria',1,'2020-05-28 20:55:24','2020-05-28 20:55:24',NULL),(3,NULL,'2','ILPPP Incap Lab Perman Parcial Provisoria',1,'2020-05-28 20:55:24','2020-05-28 20:55:24',NULL),(4,NULL,'3','ILPPD Incap Lab Perman Parcial Definitiva',1,'2020-05-28 20:55:24','2020-05-28 20:55:24',NULL),(5,NULL,'4','ILPTP Incap Lab Perman Total Provisoria',1,'2020-05-28 20:55:24','2020-05-28 20:55:24',NULL),(6,NULL,'5','Capital de recomp Art 15,ap 3 Ley 24557',1,'2020-05-28 20:55:24','2020-05-28 20:55:24',NULL),(7,NULL,'6','Ajuste Definitivo ILPPD de pago mensual',1,'2020-05-28 20:55:24','2020-05-28 20:55:24',NULL),(8,NULL,'7','RENTA PERIOD ILPPD Inc Lab Perm Parc Def>50%',1,'2020-05-28 20:55:24','2020-05-28 20:55:24',NULL),(9,NULL,'8','SRT/SSN F Garantia/F Res ILT Incap Lab Temp',1,'2020-05-28 20:55:24','2020-05-28 20:55:24',NULL),(10,NULL,'9','SRT/SSN F Gtia/F Res ILPPP Inc Lab Perm Parc',1,'2020-05-28 20:55:24','2020-05-28 20:55:24',NULL),(11,NULL,'10','SRT/SSN F Gtia/F Res ILPTP Inc Lab Perm Total',1,'2020-05-28 20:55:24','2020-05-28 20:55:24',NULL),(12,NULL,'11','SRT/SSN F Gtia/F Res ILPPD Inc Lab Perm Par D',1,'2020-05-28 20:55:24','2020-05-28 20:55:24',NULL),(13,NULL,'12','ILPPD Beneficios devengados art 11 p.4',1,'2020-05-28 20:55:24','2020-05-28 20:55:24',NULL),(14,NULL,'13','INFORME Incr salarial de trabaj siniest a ART',1,'2020-05-28 20:55:24','2020-05-28 20:55:24',NULL);

--
-- Table structure for table `syj_emp_condicion`
--

CREATE TABLE `syj_emp_condicion` (
  `id` int(10) unsigned NOT NULL AUTO_INCREMENT,
  `user_id` int(10) unsigned DEFAULT NULL,
  `descripcion` varchar(191) COLLATE utf8mb4_unicode_ci NOT NULL,
  `codigo_afip` int(10) unsigned NOT NULL,
  `habilitado` tinyint(1) NOT NULL DEFAULT '1',
  `created_at` timestamp NULL DEFAULT NULL,
  `updated_at` timestamp NULL DEFAULT NULL,
  `deleted_at` timestamp NULL DEFAULT NULL,
  PRIMARY KEY (`id`),
  UNIQUE KEY `syj_emp_condicion_descripcion_unique` (`descripcion`)
) ENGINE=InnoDB AUTO_INCREMENT=15 DEFAULT CHARSET=utf8mb4 COLLATE=utf8mb4_unicode_ci;

--
-- Dumping data for table `syj_emp_condicion`
--

INSERT INTO `syj_emp_condicion` VALUES (1,NULL,'Jubilado Decreto Nº 894/01 y/o Dec 2288/02',0,1,'2020-05-28 20:55:24','2020-05-28 20:55:24',NULL),(2,NULL,'SERVICIOS COMUNES Mayor de 18 años',1,1,'2020-05-28 20:55:24','2020-05-28 20:55:34',NULL),(3,NULL,'Jubilado',2,1,'2020-05-28 20:55:24','2020-05-28 20:55:34',NULL),(4,NULL,'Menor',3,1,'2020-05-28 20:55:24','2020-05-28 20:55:34',NULL),(5,NULL,'Menor Anterior',4,0,'2020-05-28 20:55:24','2021-09-16 14:55:57',NULL),(6,NULL,'SERVICIOS DIFERENCIADOS Mayor de 18 años',5,1,'2020-05-28 20:55:24','2020-05-28 20:55:34',NULL),(7,NULL,'Pre-Jubilables Sin relacion de dependencia-s/',6,1,'2020-05-28 20:55:24','2020-05-28 20:55:34',NULL),(8,NULL,'MEDIDA DE NO INNOVAR SERV COMUNES',7,0,'2020-05-28 20:55:24','2021-09-16 14:55:57',NULL),(9,NULL,'MEDIDA DE NO INNOVAR SERV DIFERENCIADOS',8,0,'2020-05-28 20:55:24','2021-09-16 14:55:57',NULL),(10,NULL,'Jubilado Decreto Nº 206/00 y/o Decreto 894/01',9,1,'2020-05-28 20:55:24','2020-05-28 20:55:34',NULL),(11,NULL,'Pensión (NO SIPA)',10,1,'2020-05-28 20:55:24','2020-05-28 20:55:34',NULL),(12,NULL,'Pensión no contributiva (NO SIPA)',11,1,'2020-05-28 20:55:24','2020-05-28 20:55:34',NULL),(13,NULL,'Art. 8º Ley Nº 27426',12,1,'2021-09-16 14:55:57','2021-09-16 14:55:57',NULL),(14,NULL,'Servicios Diferenciados no alcanzados por el Dto. 633/2018',13,1,'2021-09-16 14:55:57','2021-09-16 14:55:57',NULL);

--
-- Table structure for table `syj_emp_estado`
--

CREATE TABLE `syj_emp_estado` (
  `id` int(10) unsigned NOT NULL AUTO_INCREMENT,
  `user_id` int(10) unsigned DEFAULT NULL,
  `descripcion` varchar(191) COLLATE utf8mb4_unicode_ci NOT NULL,
  `habilitado` tinyint(1) NOT NULL DEFAULT '1',
  `created_at` timestamp NULL DEFAULT NULL,
  `updated_at` timestamp NULL DEFAULT NULL,
  `deleted_at` timestamp NULL DEFAULT NULL,
  PRIMARY KEY (`id`),
  UNIQUE KEY `syj_emp_estado_descripcion_unique` (`descripcion`)
) ENGINE=InnoDB AUTO_INCREMENT=4 DEFAULT CHARSET=utf8mb4 COLLATE=utf8mb4_unicode_ci;

--
-- Dumping data for table `syj_emp_estado`
--

INSERT INTO `syj_emp_estado` VALUES (1,NULL,'Habilitado',1,'2020-05-28 20:55:23','2020-05-28 20:55:23',NULL),(2,NULL,'Inhabilitado',1,'2020-05-28 20:55:23','2020-05-28 20:55:23',NULL),(3,NULL,'Baja',1,'2020-05-28 20:55:23','2020-05-28 20:55:23',NULL);

--
-- Table structure for table `syj_emp_mod_contratacion`
--

CREATE TABLE `syj_emp_mod_contratacion` (
  `id` int(10) unsigned NOT NULL AUTO_INCREMENT,
  `user_id` int(10) unsigned DEFAULT NULL,
  `codigo_afip` varchar(191) COLLATE utf8mb4_unicode_ci NOT NULL,
  `descripcion` varchar(191) COLLATE utf8mb4_unicode_ci NOT NULL,
  `habilitado` tinyint(1) NOT NULL DEFAULT '1',
  `created_at` timestamp NULL DEFAULT NULL,
  `updated_at` timestamp NULL DEFAULT NULL,
  `deleted_at` timestamp NULL DEFAULT NULL,
  PRIMARY KEY (`id`),
  UNIQUE KEY `syj_emp_mod_contratacion_codigo_afip_unique` (`codigo_afip`)
) ENGINE=InnoDB AUTO_INCREMENT=123 DEFAULT CHARSET=utf8mb4 COLLATE=utf8mb4_unicode_ci;

--
-- Dumping data for table `syj_emp_mod_contratacion`
--

INSERT INTO `syj_emp_mod_contratacion` VALUES (1,NULL,'1','A tiempo parcial:Indeterminado/permanente',1,'2020-05-28 20:55:24','2020-05-28 20:55:24',NULL),(2,NULL,'2','Becarios/Residencias medicas Ley 22127',1,'2020-05-28 20:55:24','2020-05-28 20:55:24',NULL),(3,NULL,'3','De aprendizaje l.25013',1,'2020-05-28 20:55:24','2020-05-28 20:55:24',NULL),(4,NULL,'8','A tiempo completo indet/Trabajo permanente',1,'2020-05-28 20:55:24','2020-05-28 20:55:24',NULL),(5,NULL,'10','Pasantias-sin obra social',1,'2020-05-28 20:55:24','2020-05-28 20:55:24',NULL),(6,NULL,'11','Trabajo de temporada',1,'2020-05-28 20:55:24','2020-05-28 20:55:24',NULL),(7,NULL,'12','Trabajo eventual',1,'2020-05-28 20:55:24','2020-05-28 20:55:24',NULL),(8,NULL,'14','Nuevo Periodo de Prueba',1,'2020-05-28 20:55:24','2020-05-28 20:55:24',NULL),(9,NULL,'15','Pto Nuevo Varones y Mujeres de 25 a 44 años',1,'2020-05-28 20:55:24','2020-05-28 20:55:24',NULL),(10,NULL,'16','Nuevo Periodo de Prueba Trab Disc Art 34',1,'2020-05-28 20:55:24','2020-05-28 20:55:24',NULL),(11,NULL,'17','Pto Nuevo Menor de 25 años, Varones y Mujeres',1,'2020-05-28 20:55:24','2020-05-28 20:55:24',NULL),(12,NULL,'18','Trabajador Discapacitado Art 34 Ley 24147',1,'2020-05-28 20:55:24','2020-05-28 20:55:24',NULL),(13,NULL,'19','Puesto Nuevo. Varones y Mujeres 25 a 44 años',1,'2020-05-28 20:55:24','2020-05-28 20:55:24',NULL),(14,NULL,'20','Pto Nuevo Menor de 25 años, Varones y Mujeres',1,'2020-05-28 20:55:24','2020-05-28 20:55:24',NULL),(15,NULL,'21','A tiempo parcial det(contrato a plazo fijo)',1,'2020-05-28 20:55:24','2020-05-28 20:55:24',NULL),(16,NULL,'22','A Tiempo completo det(contrato a plazo fijo)',1,'2020-05-28 20:55:24','2020-05-28 20:55:24',NULL),(17,NULL,'23','Personal no permanente L 22248',1,'2020-05-28 20:55:24','2020-05-28 20:55:24',NULL),(18,NULL,'24','Personal de la Construccion L 22250',1,'2020-05-28 20:55:24','2020-05-28 20:55:24',NULL),(19,NULL,'25','Empleo publico provincial',1,'2020-05-28 20:55:24','2020-05-28 20:55:24',NULL),(20,NULL,'26','Benef de programa de empleo, capacit y recup',1,'2020-05-28 20:55:24','2020-05-28 20:55:24',NULL),(21,NULL,'27','Pasantias Ley 26427-con obra social-',1,'2020-05-28 20:55:24','2020-05-28 20:55:24',NULL),(22,NULL,'28','Programas Jefes y Jefas de Hogar',1,'2020-05-28 20:55:24','2020-05-28 20:55:24',NULL),(23,NULL,'29','Decreto Nº 1212/03 Aportante Autonomo',1,'2020-05-28 20:55:24','2020-05-28 20:55:24',NULL),(24,NULL,'30','Nuevo Periodo de Prueba Trabaj Discap Art 87',1,'2020-05-28 20:55:24','2020-05-28 20:55:24',NULL),(25,NULL,'31','Trabajador Discapacitado Art 87 L 24013',1,'2020-05-28 20:55:24','2020-05-28 20:55:24',NULL),(26,NULL,'44','Changa Solidaria CCT 62/75',1,'2020-05-28 20:55:24','2020-05-28 20:55:24',NULL),(27,NULL,'45','Personal no permanente hoteles CCT 362/03',1,'2020-05-28 20:55:24','2020-05-28 20:55:24',NULL),(28,NULL,'46','Planta transitoria Adm Pub Nac,Prov y/o Munic',1,'2020-05-28 20:55:24','2020-05-28 20:55:24',NULL),(29,NULL,'47','Representacion Gremial',1,'2020-05-28 20:55:24','2020-05-28 20:55:24',NULL),(30,NULL,'48','Art 4 L 24241 Traslado temp desde el exterior',1,'2020-05-28 20:55:24','2020-05-28 20:55:24',NULL),(31,NULL,'49','Directores-empleado SA con OS y LRT',1,'2020-05-28 20:55:24','2020-05-28 20:55:24',NULL),(32,NULL,'51','Pasantias Ley 26247-con OS- benef pens de dis',1,'2020-05-28 20:55:24','2020-05-28 20:55:24',NULL),(33,NULL,'95','Planes Ministerio de Trabajo',1,'2020-05-28 20:55:24','2020-05-28 20:55:24',NULL),(34,NULL,'96','Plan Trabajo por San Luis Ley 5411/03',1,'2020-05-28 20:55:24','2020-05-28 20:55:24',NULL),(35,NULL,'97','Programa Trabajo para jovenes tucumanos',1,'2020-05-28 20:55:24','2020-05-28 20:55:24',NULL),(36,NULL,'98','BONUS 2da oportunidad',1,'2020-05-28 20:55:24','2020-05-28 20:55:24',NULL),(37,NULL,'99','LRT(Directores SA,municipios,org cent y desc',1,'2020-05-28 20:55:24','2020-05-28 20:55:24',NULL),(38,NULL,'110','Trabajo Permanente Prest.Continua Ley 26727',1,'2020-05-28 20:55:24','2020-05-28 20:55:24',NULL);
INSERT INTO `syj_emp_mod_contratacion` VALUES (39,NULL,'111','Trabajo Temporario Ley 26727',1,'2020-05-28 20:55:24','2020-05-28 20:55:24',NULL),(40,NULL,'112','Trabajo Permanente Discontinuo Ley 26727',1,'2020-05-28 20:55:24','2020-05-28 20:55:24',NULL),(41,NULL,'113','Trabajo por eq.o cuadrilla familiar Ley 26727',1,'2020-05-28 20:55:24','2020-05-28 20:55:24',NULL),(42,NULL,'114','Trabajo temporario con Reducción Ley 26727',0,'2020-05-28 20:55:24','2021-09-16 14:55:57',NULL),(43,NULL,'115','Trabajo permanente disc con reducción ley 267',0,'2020-05-28 20:55:24','2021-09-16 14:55:57',NULL),(44,NULL,'201','Puesto Nuevo art 16 Ley 26467 benef prim 12m',0,'2020-05-28 20:55:24','2021-09-16 14:55:57',NULL),(45,NULL,'202','Pto Nuevo art 16 Ley 26467 trab discap Art 34',0,'2020-05-28 20:55:24','2021-09-16 14:55:57',NULL),(46,NULL,'203','Pto nuevo art 16 Ley 26467 trab disc Art 87',0,'2020-05-28 20:55:24','2021-09-16 14:55:57',NULL),(47,NULL,'204','Pto nuevo art 16 L 26467-meses 13 a 24-benef',0,'2020-05-28 20:55:24','2021-09-16 14:55:57',NULL),(48,NULL,'205','Pto nuevo art 16 L 26467 trab disc Art 34 L24',0,'2020-05-28 20:55:24','2021-09-16 14:55:57',NULL),(49,NULL,'206','Pto nuevo art 16 L 26467 trab disc Art 87 L28',0,'2020-05-28 20:55:24','2021-09-16 14:55:57',NULL),(50,NULL,'301','Art.19 Ley 26940. Tiempo indeterminado',0,'2020-05-28 20:55:24','2022-12-28 17:42:39',NULL),(51,NULL,'302','Art.19 L 26940- Trab. disc. art.34 L 24147 TI',0,'2020-05-28 20:55:24','2022-12-28 17:42:39',NULL),(52,NULL,'303','Art.19 L 26940- Trab. disc. art.34 L 24013 TI',0,'2020-05-28 20:55:24','2022-12-28 17:42:39',NULL),(53,NULL,'304','Art.19 L 26940. Tiempo parcial. Art. 92 LCT',0,'2020-05-28 20:55:24','2022-12-28 17:42:39',NULL),(54,NULL,'305','Art.19 L 26940.Trab. disc. art. 34 L 24147 TP',0,'2020-05-28 20:55:24','2022-12-28 17:42:39',NULL),(55,NULL,'306','Art.19 L 26940.Trab. disc. art. 87 L 24013 TP',0,'2020-05-28 20:55:24','2022-12-28 17:42:39',NULL),(56,NULL,'307','Art.24 L 26940. Hta 15 emp. Prim. 12 meses',0,'2020-05-28 20:55:24','2021-09-16 14:55:57',NULL),(57,NULL,'308','Art24 L 26940 Hta 15 emp. Prim. 12 mes TD A34',0,'2020-05-28 20:55:24','2021-09-16 14:55:57',NULL),(58,NULL,'309','Art24 L 26940 Hta 15 emp. Prim. 12 mes TD A87',0,'2020-05-28 20:55:24','2021-09-16 14:55:57',NULL),(59,NULL,'310','Art 24 L 26940 Hta 15 emp. 2dos12 meses',0,'2020-05-28 20:55:24','2021-09-16 14:55:57',NULL),(60,NULL,'311','Art 24 L 26940 Hta 15 emp. 2dos12 meses',0,'2020-05-28 20:55:24','2021-09-16 14:55:57',NULL),(61,NULL,'312','Art 24 L 26940 Hta 15 emp. 2dos12 meses',0,'2020-05-28 20:55:24','2021-09-16 14:55:57',NULL),(62,NULL,'313','Art 24 L 26940 Hta 16 a 80 emp. Tiempo indet',0,'2020-05-28 20:55:24','2021-09-16 14:55:57',NULL),(63,NULL,'314','Art 24 L 26940 Hta 16 a 80 emp. Tiempo indet',0,'2020-05-28 20:55:24','2021-09-16 14:55:57',NULL),(64,NULL,'315','Art 24 L 26940 Hta 16 a 80 emp. Tiempo indet',0,'2020-05-28 20:55:24','2021-09-16 14:55:57',NULL),(65,NULL,'989','CCG Tabaco Salta',1,'2020-05-28 20:55:24','2020-05-28 20:55:24',NULL),(66,NULL,'990','CCG Tabaco Jujuy',1,'2020-05-28 20:55:24','2020-05-28 20:55:24',NULL),(67,NULL,'991','CCG Vitivinicola de Rio Negro',0,'2020-05-28 20:55:24','2021-09-16 14:55:57',NULL),(68,NULL,'992','CCG Multiproducto del Chaco',1,'2020-05-28 20:55:24','2020-05-28 20:55:24',NULL),(69,NULL,'993','CCG Frutihortícola de San Juan',1,'2020-05-28 20:55:24','2020-05-28 20:55:24',NULL),(70,NULL,'994','CCG Yerba Mate Misiones',1,'2020-05-28 20:55:24','2020-05-28 20:55:24',NULL),(71,NULL,'995','CCG Vitivinícola de San Juan',0,'2020-05-28 20:55:24','2021-09-16 14:55:57',NULL),(72,NULL,'996','CCG Vitivinícola de Mendoza',0,'2020-05-28 20:55:24','2022-12-28 17:42:39',NULL),(73,NULL,'997','CCG forestal del Chaco',1,'2020-05-28 20:55:24','2020-05-28 20:55:24',NULL),(74,NULL,'998','CCG tabaco Virginia del Chaco',1,'2020-05-28 20:55:24','2020-05-28 20:55:24',NULL),(75,NULL,'999','Art11 L 26476 Trabajador registrado Rect. FI',0,'2020-05-28 20:55:24','2021-09-16 14:55:57',NULL);
INSERT INTO `syj_emp_mod_contratacion` VALUES (76,NULL,'59','Taller Protegido de Producción Ley 26816, art. 2º punto 2',1,'2021-09-16 14:55:57','2021-09-16 14:55:57',NULL),(77,NULL,'60','Taller Protegido Especial para el Empleo (TPEE) Ley 26816, art. 2º punto1',1,'2021-09-16 14:55:57','2021-09-16 14:55:57',NULL),(78,NULL,'61','Actor - Interprete en Empleador Contratante Ley 27.203- c/Obra Social',1,'2021-09-16 14:55:57','2021-09-16 14:55:57',NULL),(79,NULL,'62','Actor - Interprete en Empleador Contratante Ley 27.203- s/Obra Social',1,'2021-09-16 14:55:57','2021-09-16 14:55:57',NULL),(80,NULL,'102','Personal permanente discontinuo con ART(para uso de la EU Decreto Nro 762/14)',1,'2021-09-16 14:55:57','2021-09-16 14:55:57',NULL),(81,NULL,'103','Retiro Voluntario - Decreto 263/2018 y otros',1,'2021-09-16 14:55:57','2021-09-16 14:55:57',NULL),(82,NULL,'401','Puesto nuevo Art 2 inc. a Decreto 191/ 2021. Primeros 12 meses',1,'2021-09-16 14:55:57','2021-09-16 14:55:57',NULL),(83,NULL,'404','Puesto nuevo Art 2 inc. d Decreto 191/ 2021. Primeros 12 meses',1,'2021-09-16 14:55:57','2021-09-16 14:55:57',NULL),(84,NULL,'407','Tiempo parcial. Puesto nuevo Art 2 inc. a Decreto 191/ 2021. Primeros 12 meses',1,'2021-09-16 14:55:57','2021-09-16 14:55:57',NULL),(85,NULL,'410','Tiempo parcial. Puesto nuevo Art 2 inc. d Decreto 191/ 2021. Primeros 12 meses',1,'2021-09-16 14:55:57','2021-09-16 14:55:57',NULL),(86,NULL,'413','Discapacitado Ley 24.013 y Puesto nuevo Art 2 inc. a Decreto 191/ 2021',1,'2021-09-16 14:55:57','2021-09-16 14:55:57',NULL),(87,NULL,'414','Discapacitado Ley 24.013 y Puesto nuevo Art 2 inc. d Decreto 191/ 2021',1,'2021-09-16 14:55:57','2021-09-16 14:55:57',NULL),(88,NULL,'415','Discapacitado Ley 24.013 y Tiempo parcial Puesto nuevo Art 2 inc. a Decreto 191/ 2021',1,'2021-09-16 14:55:57','2021-09-16 14:55:57',NULL),(89,NULL,'416','Discapacitado Ley 24.013 y Tiempo parcial Puesto nuevo Art 2 inc. d Decreto 191/ 2021',1,'2021-09-16 14:55:57','2021-09-16 14:55:57',NULL),(90,NULL,'984','CCG foresto industrial del Chaco',1,'2021-09-16 14:55:57','2021-09-16 14:55:57',NULL),(91,NULL,'988','CCG limón Tucumán, Salta y Jujuy',1,'2021-09-16 14:55:57','2021-09-16 14:55:57',NULL),(92,NULL,'63','Acciones de Entrenamiento para el Trabajo - Res 1107/2022',1,'2022-12-28 17:42:39','2022-12-28 17:42:39',NULL),(93,NULL,'402','Puesto nuevo Art 2 inc. b Decreto 191/ 2021. Segundos 12 meses',1,'2022-12-28 17:42:39','2022-12-28 17:42:39',NULL),(94,NULL,'405','Puesto nuevo Art 2 inc. e Decreto 191/ 2021 segundos 12 meses',1,'2022-12-28 17:42:39','2022-12-28 17:42:39',NULL),(95,NULL,'408','Tiempo parcial. Puesto nuevo Art 2 inc. b Decreto 191/ 2021. Segundos 12 meses',1,'2022-12-28 17:42:39','2022-12-28 17:42:39',NULL),(96,NULL,'411','Tiempo parcial. Puesto nuevo Art 2 inc. e Decreto 191/ 2021. Segundos 12 meses',1,'2022-12-28 17:42:39','2022-12-28 17:42:39',NULL),(97,NULL,'501','Puesto Nuevo Art 2 inc. a. Dec. 493/2021',1,'2022-12-28 17:42:39','2022-12-28 17:42:39',NULL),(98,NULL,'502','Puesto Nuevo Art 2 inc. b.Dec. 493/2021',1,'2022-12-28 17:42:39','2022-12-28 17:42:39',NULL),(99,NULL,'503','Tiempo parcial. Puesto Nuevo Art 2 inc. a.Dec. 493/2021',1,'2022-12-28 17:42:39','2022-12-28 17:42:39',NULL),(100,NULL,'504','Tiempo parcial. Puesto Nuevo Art 2 inc. b.Dec. 493/2021',1,'2022-12-28 17:42:39','2022-12-28 17:42:39',NULL),(101,NULL,'505','Discapacitado Ley 24.013 y Puesto nuevo Art 2 inc. a. Dec. 493/2021',1,'2022-12-28 17:42:39','2022-12-28 17:42:39',NULL),(102,NULL,'506','Discapacitado Ley 24.013 y Tiempo parcial Puesto Nuevo Art 2 inc. a.Dec. 493/2021',1,'2022-12-28 17:42:39','2022-12-28 17:42:39',NULL),(103,NULL,'507','Trabajo permanente prestación continua Ley 26727. Puesto Nuevo Art 2 inc. a. Dec. 493/2021',1,'2022-12-28 17:42:39','2022-12-28 17:42:39',NULL),(104,NULL,'508','Trabajo permanente prestación continua Ley 26727. Puesto Nuevo Art 2 inc. b. Dec. 493/2021',1,'2022-12-28 17:42:39','2022-12-28 17:42:39',NULL);
INSERT INTO `syj_emp_mod_contratacion` VALUES (105,NULL,'509','Trabajo permanente discontinuo ley 26727. Puesto Nuevo Art 2 inc. a.  Dec. 493/2021',1,'2022-12-28 17:42:39','2022-12-28 17:42:39',NULL),(106,NULL,'510','Trabajo permanente discontinuo ley 26727. Puesto Nuevo Art 2 inc. b. Dec. 493/2021',1,'2022-12-28 17:42:39','2022-12-28 17:42:39',NULL),(107,NULL,'511','Pthen cpe.descripcion_peris:= ersonal de la Construcción L 22250 Puesto Nuevo Art 2 inc. a. Dec. 493/2021',1,'2022-12-28 17:42:39','2022-12-28 17:42:39',NULL),(108,NULL,'512','Personal de la Construcción L 22250 Puesto Nuevo Art 2 inc. b. Dec. 493/2021',1,'2022-12-28 17:42:39','2022-12-28 17:42:39',NULL),(109,NULL,'601','Contrato por plazo indeterminado a tiempo completo (art 90 Ley 20744) Art 2 Decreto 551/2022. Reduccion 100%.',1,'2022-12-28 17:42:39','2022-12-28 17:42:39',NULL),(110,NULL,'602','Contrato por plazo indeterminado a tiempo parcial (art 90 y art 92 Ley 20744) Art 2 Decreto 551/2022. Reduccion 50%.',1,'2022-12-28 17:42:39','2022-12-28 17:42:39',NULL),(111,NULL,'603','Contrato de trabajo a plazo fijo a tiempo completo ( art 93 Ley 20744) Art 2 Decreto 551/2022. Reduccion 100%.',1,'2022-12-28 17:42:39','2022-12-28 17:42:39',NULL),(112,NULL,'604','Contrato de trabajo a plazo fijo a tiempo parcial ( art 92 y art 93 Ley 20744) Art 2 Decreto 551/2022. Reduccion 50%.',1,'2022-12-28 17:42:39','2022-12-28 17:42:39',NULL),(113,NULL,'605','Contrato trabajo de temporada a tiempo completo ( art 96 Ley 20744) Art 2 Decreto 551/2022. Reduccion 100%.',1,'2022-12-28 17:42:39','2022-12-28 17:42:39',NULL),(114,NULL,'606','Contrato trabajo de temporada a tiempo parcial ( art 92 y art 96 Ley 20744) Art 2 Decreto 551/2022 Reduccion 50%.',1,'2022-12-28 17:42:39','2022-12-28 17:42:39',NULL),(115,NULL,'607','Contrato de trabajo agrario permanente prestación continua a tiempo completo (Ley 26727). Puesto Nuevo Art 2 Decreto 551/2022 Reduccion 100%.',1,'2022-12-28 17:42:39','2022-12-28 17:42:39',NULL),(116,NULL,'608','Contrato de trabajo agrario permanente prestación continua a tiempo parcial (Ley 26727). Puesto Nuevo Art 2 Decreto 551/2022 Reduccion 50%.',1,'2022-12-28 17:42:39','2022-12-28 17:42:39',NULL),(117,NULL,'609','Contrato de trabajo agrario permanente discontinuo a tiempo completo (Ley 26727). Puesto Nuevo Art 2 Decreto 551/2022 Reduccion 100%',1,'2022-12-28 17:42:39','2022-12-28 17:42:39',NULL),(118,NULL,'610','Contrato de trabajo agrario permanente discontinuo a tiempo parcial (Ley 26727). Puesto Nuevo Art 2 Decreto 551/2022 Reduccion 50%.',1,'2022-12-28 17:42:39','2022-12-28 17:42:39',NULL),(119,NULL,'611','Contrato de trabajo agrario de temporada a tiempo completo (Ley 26727). Puesto Nuevo Art 2 Decreto 551/2022 Reduccion 100%.',1,'2022-12-28 17:42:39','2022-12-28 17:42:39',NULL),(120,NULL,'612','Contrato de trabajo agrario de temporada a tiempo parcial (Ley 26727). Puesto Nuevo Art 2 Decreto 551/2022 Reduccion 50%.',1,'2022-12-28 17:42:39','2022-12-28 17:42:39',NULL),(121,NULL,'613','Personal de la Construcción a tiempo completo (Ley 22250) Puesto Nuevo Art 2. Decreto 551/2022 Reduccion 100%.',1,'2022-12-28 17:42:39','2022-12-28 17:42:39',NULL),(122,NULL,'614','Personal de la Construcción a tiempo parcial (Ley 22250 y art 92 Ley 20744) Puesto Nuevo Art 2. Decreto 551/2022 Reduccion 50%.',1,'2022-12-28 17:42:39','2022-12-28 17:42:39',NULL);

--
-- Table structure for table `syj_emp_parentesco`
--

CREATE TABLE `syj_emp_parentesco` (
  `id` int(10) unsigned NOT NULL AUTO_INCREMENT,
  `user_id` int(10) unsigned DEFAULT NULL,
  `descripcion` varchar(191) COLLATE utf8mb4_unicode_ci NOT NULL,
  `habilitado` tinyint(1) NOT NULL DEFAULT '1',
  `created_at` timestamp NULL DEFAULT NULL,
  `updated_at` timestamp NULL DEFAULT NULL,
  `deleted_at` timestamp NULL DEFAULT NULL,
  PRIMARY KEY (`id`)
) ENGINE=InnoDB AUTO_INCREMENT=10 DEFAULT CHARSET=utf8mb4 COLLATE=utf8mb4_unicode_ci;

--
-- Dumping data for table `syj_emp_parentesco`
--

INSERT INTO `syj_emp_parentesco` VALUES (1,NULL,'Cónyuge',1,'2020-05-28 20:55:24','2020-05-28 20:55:24',NULL),(2,NULL,'Concubino/a',1,'2020-05-28 20:55:24','2020-05-28 20:55:24',NULL),(3,NULL,'Hijo soltero menor de 21 años',1,'2020-05-28 20:55:24','2020-05-28 20:55:24',NULL),(4,NULL,'Hijo soltereo de 21 a 25 años cursando est.re',1,'2020-05-28 20:55:24','2020-05-28 20:55:24',NULL),(5,NULL,'Hijo del cónyuge menor de 21 años',1,'2020-05-28 20:55:24','2020-05-28 20:55:24',NULL),(6,NULL,'Hijo de cónyuge soltero de 21 a 25  cursando',1,'2020-05-28 20:55:24','2020-05-28 20:55:24',NULL),(7,NULL,'Menor bajo guarda o tutela',1,'2020-05-28 20:55:24','2020-05-28 20:55:24',NULL),(8,NULL,'Familiar a cargo',1,'2020-05-28 20:55:24','2020-05-28 20:55:24',NULL),(9,NULL,'Mayor de 25 años discapacitado',1,'2020-05-28 20:55:24','2020-05-28 20:55:24',NULL);

--
-- Table structure for table `syj_emp_situacion_revista`
--

CREATE TABLE `syj_emp_situacion_revista` (
  `id` int(10) unsigned NOT NULL AUTO_INCREMENT,
  `user_id` int(10) unsigned DEFAULT NULL,
  `descripcion` varchar(191) COLLATE utf8mb4_unicode_ci NOT NULL,
  `codigo_afip` int(10) unsigned NOT NULL,
  `habilitado` tinyint(1) NOT NULL DEFAULT '1',
  `created_at` timestamp NULL DEFAULT NULL,
  `updated_at` timestamp NULL DEFAULT NULL,
  `deleted_at` timestamp NULL DEFAULT NULL,
  PRIMARY KEY (`id`),
  UNIQUE KEY `syj_emp_situacion_revista_descripcion_unique` (`descripcion`)
) ENGINE=InnoDB AUTO_INCREMENT=34 DEFAULT CHARSET=utf8mb4 COLLATE=utf8mb4_unicode_ci;

--
-- Dumping data for table `syj_emp_situacion_revista`
--

INSERT INTO `syj_emp_situacion_revista` VALUES (1,NULL,'Baja por Fallecimiento',0,1,'2020-05-28 20:55:24','2020-05-28 20:55:24',NULL),(2,NULL,'Activo',1,1,'2020-05-28 20:55:24','2020-05-28 20:55:34',NULL),(3,NULL,'Bajas otras Causales',2,0,'2020-05-28 20:55:24','2021-09-16 14:55:57',NULL),(4,NULL,'Activo Decreto Nº796/97',3,0,'2020-05-28 20:55:24','2021-09-16 14:55:57',NULL),(5,NULL,'Baja otras causales Decreto Nº796/97',4,0,'2020-05-28 20:55:24','2021-09-16 14:55:57',NULL),(6,NULL,'Licencia por Maternidad',5,1,'2020-05-28 20:55:24','2020-05-28 20:55:34',NULL),(7,NULL,'Suspensiones otras Causales',6,1,'2020-05-28 20:55:24','2020-05-28 20:55:34',NULL),(8,NULL,'Baja por Despido',7,0,'2020-05-28 20:55:24','2021-09-16 14:55:57',NULL),(9,NULL,'Baja por Despido Decreto Nº796/97',8,0,'2020-05-28 20:55:24','2021-09-16 14:55:57',NULL),(10,NULL,'Suspendido Ley 20744 art 223 bis',9,1,'2020-05-28 20:55:24','2020-05-28 20:55:34',NULL),(11,NULL,'Licencia por excedencia',10,1,'2020-05-28 20:55:24','2020-05-28 20:55:34',NULL),(12,NULL,'Licencia por Maternidad Down',11,1,'2020-05-28 20:55:24','2020-05-28 20:55:34',NULL),(13,NULL,'Licencia por Vacaciones',12,1,'2020-05-28 20:55:24','2020-05-28 20:55:34',NULL),(14,NULL,'Licencia sin goce de haberes',13,1,'2020-05-28 20:55:24','2020-05-28 20:55:34',NULL),(15,NULL,'Reserva de puesto',14,1,'2020-05-28 20:55:24','2020-05-28 20:55:34',NULL),(16,NULL,'ESE Cese transitorio de serv(art6,inc6y7 D34',15,1,'2020-05-28 20:55:24','2020-05-28 20:55:34',NULL),(17,NULL,'Personal Siniestrado de terc uso por la ART',16,1,'2020-05-28 20:55:24','2020-05-28 20:55:34',NULL),(18,NULL,'Reingreso por disposicion judicial',17,1,'2020-05-28 20:55:24','2020-05-28 20:55:34',NULL),(19,NULL,'ILT primeros 10 dias',18,1,'2020-05-28 20:55:24','2020-05-28 20:55:34',NULL),(20,NULL,'ILT dias 11 y siguientes',19,1,'2020-05-28 20:55:24','2020-05-28 20:55:34',NULL),(21,NULL,'Trabajador siniestrado en nomina de ART',20,1,'2020-05-28 20:55:24','2020-05-28 20:55:34',NULL),(22,NULL,'Trabajador de temporada Reserva de puesto',21,1,'2020-05-28 20:55:24','2020-05-28 20:55:34',NULL),(23,NULL,'Activo- Funciones en el exterior',31,1,'2020-05-28 20:55:24','2020-05-28 20:55:34',NULL),(24,NULL,'Licencia por paternidad',32,1,'2020-05-28 20:55:24','2020-05-28 20:55:34',NULL),(25,NULL,'Licencia por fuerza mayor (Art. 221 LCT)',33,1,'2020-05-28 20:55:24','2020-05-28 20:55:34',NULL),(26,NULL,'Empleado event. en EU (p/su uso ESE) mes com',42,1,'2020-05-28 20:55:24','2020-05-28 20:55:34',NULL),(27,NULL,'Empleado event. en EU (p/su uso ESE) mes inc',43,1,'2020-05-28 20:55:24','2020-05-28 20:55:34',NULL),(28,NULL,'Conservación del emp. p/accidente o enf.incu',44,1,'2020-05-28 20:55:24','2020-05-28 20:55:34',NULL),(29,NULL,'Suspenciones por causas disciplinarias',45,1,'2020-05-28 20:55:24','2020-05-28 20:55:34',NULL),(30,NULL,'Activo - LSD (sin remuneracion)',30,1,'2021-09-16 14:55:57','2021-09-16 14:55:57',NULL),(31,NULL,'Suspendido. Res. 397/2020 MTEySS c/Aportes OS',48,1,'2021-09-16 14:55:57','2021-09-16 14:55:57',NULL),(32,NULL,'Susp. período parcial L 20744 art.223bis / Res. 397 MTEySS',49,1,'2021-09-16 14:55:57','2021-09-16 14:55:57',NULL),(33,NULL,'Dto 792/20 - Mayores 60 años, embarazadas, grupo de riesgo',50,1,'2021-09-16 14:55:57','2021-09-16 14:55:57',NULL);

--
-- Table structure for table `syj_empleado_concepto`
--

CREATE TABLE `syj_empleado_concepto` (
  `user_id` int(10) unsigned DEFAULT NULL,
  `syj_empleado_id` int(10) unsigned DEFAULT NULL,
  `syj_concepto_id` int(10) unsigned DEFAULT NULL,
  `pers_descripcion` tinyint(1) NOT NULL DEFAULT '0',
  `descripcion` varchar(191) COLLATE utf8mb4_unicode_ci DEFAULT NULL,
  `pers_cantidad` tinyint(1) NOT NULL DEFAULT '0',
  `cantidad` decimal(16,2) NOT NULL DEFAULT '0.00',
  `pers_valor` tinyint(1) NOT NULL DEFAULT '0',
  `valor` decimal(16,2) NOT NULL DEFAULT '0.00',
  `pers_importe` tinyint(1) NOT NULL DEFAULT '0',
  `importe` decimal(16,2) NOT NULL DEFAULT '0.00',
  `created_at` timestamp NULL DEFAULT NULL,
  `updated_at` timestamp NULL DEFAULT NULL,
  KEY `syj_empleado_concepto_syj_empleado_id_foreign` (`syj_empleado_id`),
  KEY `syj_empleado_concepto_syj_concepto_id_foreign` (`syj_concepto_id`),
  CONSTRAINT `syj_empleado_concepto_syj_concepto_id_foreign` FOREIGN KEY (`syj_concepto_id`) REFERENCES `syj_conceptos` (`id`),
  CONSTRAINT `syj_empleado_concepto_syj_empleado_id_foreign` FOREIGN KEY (`syj_empleado_id`) REFERENCES `syj_empleados` (`id`)
) ENGINE=InnoDB DEFAULT CHARSET=utf8mb4 COLLATE=utf8mb4_unicode_ci;

--
-- Dumping data for table `syj_empleado_concepto`
--

INSERT INTO `syj_empleado_concepto` VALUES (196,449,3445,0,'Adicional Titulo',0,5.00,0,0.00,0,0.00,'2022-07-28 13:09:04','2022-07-28 13:09:04');

--
-- Table structure for table `syj_empleado_excluir_concepto`
--

CREATE TABLE `syj_empleado_excluir_concepto` (
  `user_id` int(10) unsigned DEFAULT NULL,
  `syj_empleado_id` int(10) unsigned DEFAULT NULL,
  `syj_concepto_id` int(10) unsigned DEFAULT NULL,
  `created_at` timestamp NULL DEFAULT NULL,
  `updated_at` timestamp NULL DEFAULT NULL,
  KEY `syj_empleado_excluir_concepto_syj_empleado_id_foreign` (`syj_empleado_id`),
  KEY `syj_empleado_excluir_concepto_syj_concepto_id_foreign` (`syj_concepto_id`),
  CONSTRAINT `syj_empleado_excluir_concepto_syj_concepto_id_foreign` FOREIGN KEY (`syj_concepto_id`) REFERENCES `syj_conceptos` (`id`),
  CONSTRAINT `syj_empleado_excluir_concepto_syj_empleado_id_foreign` FOREIGN KEY (`syj_empleado_id`) REFERENCES `syj_empleados` (`id`)
) ENGINE=InnoDB DEFAULT CHARSET=utf8mb4 COLLATE=utf8mb4_unicode_ci;

--
-- Dumping data for table `syj_empleado_excluir_concepto`
--

INSERT INTO `syj_empleado_excluir_concepto` VALUES (196,445,3848,'2022-04-01 17:05:56','2022-04-01 17:05:56'),(196,445,3908,'2022-04-01 17:05:56','2022-04-01 17:05:56');

--
-- Table structure for table `syj_empleados`
--

CREATE TABLE `syj_empleados` (
  `id` int(10) unsigned NOT NULL AUTO_INCREMENT,
  `user_id` int(10) unsigned DEFAULT NULL,
  `person_id` int(10) unsigned NOT NULL,
  `has_user` tinyint(1) NOT NULL DEFAULT '0',
  `legajo` int(11) DEFAULT NULL,
  `apeynombre` varchar(191) COLLATE utf8mb4_unicode_ci NOT NULL,
  `apecasado` varchar(191) COLLATE utf8mb4_unicode_ci DEFAULT NULL,
  `fecha_nacimiento` date DEFAULT NULL,
  `sexo_id` int(10) unsigned DEFAULT NULL,
  `nacionalidad_id` int(10) unsigned DEFAULT NULL,
  `estado_civil_id` int(10) unsigned DEFAULT NULL,
  `pais_id` int(10) unsigned DEFAULT NULL,
  `zone_id` int(10) unsigned DEFAULT NULL,
  `localidad_id` int(10) unsigned DEFAULT NULL,
  `domicilio` varchar(191) COLLATE utf8mb4_unicode_ci DEFAULT NULL,
  `altnumero` varchar(191) COLLATE utf8mb4_unicode_ci DEFAULT NULL,
  `piso` varchar(191) COLLATE utf8mb4_unicode_ci DEFAULT NULL,
  `depto` varchar(191) COLLATE utf8mb4_unicode_ci DEFAULT NULL,
  `cod_postal` varchar(191) COLLATE utf8mb4_unicode_ci DEFAULT NULL,
  `telefono` varchar(191) COLLATE utf8mb4_unicode_ci DEFAULT NULL,
  `movil` varchar(191) COLLATE utf8mb4_unicode_ci DEFAULT NULL,
  `email` varchar(191) COLLATE utf8mb4_unicode_ci DEFAULT NULL,
  `tipo_documento_id` int(10) unsigned DEFAULT NULL,
  `num_documento` varchar(191) COLLATE utf8mb4_unicode_ci DEFAULT NULL,
  `cuil` varchar(191) COLLATE utf8mb4_unicode_ci DEFAULT NULL,
  `syj_emp_estado_id` int(10) unsigned DEFAULT NULL,
  `foto` text COLLATE utf8mb4_unicode_ci,
  `syj_obra_social_id` int(10) unsigned DEFAULT NULL,
  `syj_obra_social_plan_id` int(10) unsigned DEFAULT NULL,
  `syj_forma_pago_id` int(10) unsigned DEFAULT NULL,
  `ctacte_banco_id` int(10) unsigned DEFAULT NULL,
  `num_cta_banco` varchar(191) COLLATE utf8mb4_unicode_ci DEFAULT NULL,
  `cbu` varchar(191) COLLATE utf8mb4_unicode_ci DEFAULT NULL,
  `syj_domicilio_id_laboral` int(10) unsigned DEFAULT NULL,
  `syj_domicilio_id_pago` int(10) unsigned DEFAULT NULL,
  `afiliado_sindicato` tinyint(1) NOT NULL DEFAULT '0',
  `is_pers_temp` tinyint(1) NOT NULL DEFAULT '0',
  `is_zona_patagonica` tinyint(1) NOT NULL DEFAULT '0',
  `is_syj_empleado_event` tinyint(1) unsigned NOT NULL DEFAULT '0',
  `syj_empleado_event_id` int(10) unsigned NOT NULL DEFAULT '1',
  `num_construccion` varchar(191) COLLATE utf8mb4_unicode_ci DEFAULT NULL,
  `num_fondo_cese_desemp` varchar(191) COLLATE utf8mb4_unicode_ci DEFAULT NULL,
  `syj_convenio_id` int(10) unsigned DEFAULT NULL,
  `syj_convenio_categoria_id` int(10) unsigned DEFAULT NULL,
  `syj_clase_tipo_liquidacion_id` int(10) unsigned DEFAULT NULL,
  `basico` decimal(16,2) NOT NULL DEFAULT '0.00',
  `basico_person` tinyint(1) NOT NULL DEFAULT '0',
  `adic_fijo` decimal(16,2) NOT NULL DEFAULT '0.00',
  `hs_jornada` decimal(16,2) NOT NULL DEFAULT '0.00',
  `neto_pactado` decimal(16,2) NOT NULL DEFAULT '0.00',
  `syj_seccion_id` int(10) unsigned DEFAULT NULL,
  `syj_cargo_id` int(10) unsigned DEFAULT NULL,
  `syj_centro_costo_id` int(10) unsigned DEFAULT NULL,
  `fecha_ingreso` date DEFAULT NULL,
  `fecha_recon_ing` date DEFAULT NULL,
  `fecha_baja` date DEFAULT NULL,
  `syj_motivo_egreso_id` int(10) unsigned DEFAULT NULL,
  `liq_en_cero` tinyint(1) NOT NULL DEFAULT '0',
  `syj_tipo_empleador_id` int(10) unsigned DEFAULT NULL,
  `syj_alicuota_apor_cont_id` int(10) unsigned DEFAULT NULL,
  `syj_emp_situacion_revista_id` int(10) unsigned DEFAULT NULL,
  `syj_emp_condicion_id` int(10) unsigned DEFAULT NULL,
  `syj_actividad_id` int(10) unsigned DEFAULT NULL,
  `syj_emp_mod_contratacion_id` int(10) unsigned DEFAULT NULL,
  `syj_emp_cod_siniestro_id` int(10) unsigned DEFAULT NULL,
  `syj_zonageografica_id` int(10) unsigned DEFAULT NULL,
  `syj_regimen_id` int(10) unsigned DEFAULT NULL,
  `is_asignaciones_fami` tinyint(1) NOT NULL DEFAULT '0',
  `is_trabajador_cct` tinyint(1) NOT NULL DEFAULT '0',
  `cant_adherentes` int(10) unsigned DEFAULT '0',
  `cant_hijos` int(10) unsigned DEFAULT '0',
  `is_conyuge` int(10) unsigned DEFAULT '0',
  `art_porcentaje` decimal(20,4) DEFAULT '0.0000',
  `art_fijo` decimal(16,2) NOT NULL DEFAULT '0.00',
  `is_seg_colec_vida_obl` tinyint(1) NOT NULL DEFAULT '0',
  `prima_individual` decimal(16,2) NOT NULL DEFAULT '0.00',
  `syj_emp_sit_revista_1_id` int(10) unsigned DEFAULT NULL,
  `dia_inicio_1` varchar(191) COLLATE utf8mb4_unicode_ci DEFAULT NULL,
  `syj_emp_sit_revista_2_id` int(10) unsigned DEFAULT NULL,
  `dia_inicio_2` varchar(191) COLLATE utf8mb4_unicode_ci DEFAULT NULL,
  `syj_emp_sit_revista_3_id` int(10) unsigned DEFAULT NULL,
  `dia_inicio_3` varchar(191) COLLATE utf8mb4_unicode_ci DEFAULT NULL,
  `dias_propor_tope` varchar(191) COLLATE utf8mb4_unicode_ci DEFAULT '0',
  `nota` text COLLATE utf8mb4_unicode_ci,
  `observaciones_del_recibo` text COLLATE utf8mb4_unicode_ci,
  `habilitado` tinyint(1) NOT NULL DEFAULT '1',
  `created_at` timestamp NULL DEFAULT NULL,
  `updated_at` timestamp NULL DEFAULT NULL,
  `deleted_at` timestamp NULL DEFAULT NULL,
  PRIMARY KEY (`id`),
  KEY `syj_empleados_person_id_foreign` (`person_id`),
  KEY `syj_empleados_sexo_id_foreign` (`sexo_id`),
  KEY `syj_empleados_nacionalidad_id_foreign` (`nacionalidad_id`),
  KEY `syj_empleados_estado_civil_id_foreign` (`estado_civil_id`),
  KEY `syj_empleados_pais_id_foreign` (`pais_id`),
  KEY `syj_empleados_zone_id_foreign` (`zone_id`),
  KEY `syj_empleados_localidad_id_foreign` (`localidad_id`),
  KEY `syj_empleados_tipo_documento_id_foreign` (`tipo_documento_id`),
  KEY `syj_empleados_syj_emp_estado_id_foreign` (`syj_emp_estado_id`),
  KEY `syj_empleados_syj_convenio_id_foreign` (`syj_convenio_id`),
  KEY `syj_empleados_syj_convenio_categoria_id_foreign` (`syj_convenio_categoria_id`),
  KEY `syj_empleados_syj_seccion_id_foreign` (`syj_seccion_id`),
  KEY `syj_empleados_syj_cargo_id_foreign` (`syj_cargo_id`),
  KEY `syj_empleados_syj_centro_costo_id_foreign` (`syj_centro_costo_id`),
  KEY `syj_empleados_syj_motivo_egreso_id_foreign` (`syj_motivo_egreso_id`),
  KEY `syj_empleados_syj_tipo_empleador_id_foreign` (`syj_tipo_empleador_id`),
  KEY `syj_empleados_syj_alicuota_apor_cont_id_foreign` (`syj_alicuota_apor_cont_id`),
  KEY `syj_empleados_syj_obra_social_id_foreign` (`syj_obra_social_id`),
  KEY `syj_empleados_syj_obra_social_plan_id_foreign` (`syj_obra_social_plan_id`),
  KEY `syj_empleados_syj_clase_tipo_liquidacion_id_foreign` (`syj_clase_tipo_liquidacion_id`),
  KEY `syj_empleados_syj_forma_pago_id_foreign` (`syj_forma_pago_id`),
  KEY `syj_empleados_ctacte_banco_id_foreign` (`ctacte_banco_id`),
  KEY `syj_empleados_syj_domicilio_id_laboral_foreign` (`syj_domicilio_id_laboral`),
  KEY `syj_empleados_syj_domicilio_id_pago_foreign` (`syj_domicilio_id_pago`),
  KEY `syj_empleados_syj_emp_situacion_revista_id_foreign` (`syj_emp_situacion_revista_id`),
  KEY `syj_empleados_syj_emp_condicion_id_foreign` (`syj_emp_condicion_id`),
  KEY `syj_empleados_syj_actividad_id_foreign` (`syj_actividad_id`),
  KEY `syj_empleados_syj_emp_mod_contratacion_id_foreign` (`syj_emp_mod_contratacion_id`),
  KEY `syj_empleados_syj_emp_cod_siniestro_id_foreign` (`syj_emp_cod_siniestro_id`),
  KEY `syj_empleados_syj_zonageografica_id_foreign` (`syj_zonageografica_id`),
  KEY `syj_empleados_syj_regimen_id_foreign` (`syj_regimen_id`),
  KEY `syj_empleados_syj_emp_sit_revista_1_id_foreign` (`syj_emp_sit_revista_1_id`),
  KEY `syj_empleados_syj_emp_sit_revista_2_id_foreign` (`syj_emp_sit_revista_2_id`),
  KEY `syj_empleados_syj_emp_sit_revista_3_id_foreign` (`syj_emp_sit_revista_3_id`),
  KEY `syj_empleados_syj_empleado_event_id_foreign` (`syj_empleado_event_id`),
  CONSTRAINT `syj_empleados_ctacte_banco_id_foreign` FOREIGN KEY (`ctacte_banco_id`) REFERENCES `ctacte_bancos` (`id`),
  CONSTRAINT `syj_empleados_estado_civil_id_foreign` FOREIGN KEY (`estado_civil_id`) REFERENCES `estado_civil` (`id`),
  CONSTRAINT `syj_empleados_localidad_id_foreign` FOREIGN KEY (`localidad_id`) REFERENCES `localidad` (`id`),
  CONSTRAINT `syj_empleados_nacionalidad_id_foreign` FOREIGN KEY (`nacionalidad_id`) REFERENCES `nacionalidad` (`id`),
  CONSTRAINT `syj_empleados_pais_id_foreign` FOREIGN KEY (`pais_id`) REFERENCES `pais` (`id`),
  CONSTRAINT `syj_empleados_person_id_foreign` FOREIGN KEY (`person_id`) REFERENCES `persons` (`id`),
  CONSTRAINT `syj_empleados_sexo_id_foreign` FOREIGN KEY (`sexo_id`) REFERENCES `sexo` (`id`),
  CONSTRAINT `syj_empleados_syj_actividad_id_foreign` FOREIGN KEY (`syj_actividad_id`) REFERENCES `syj_actividad` (`id`),
  CONSTRAINT `syj_empleados_syj_alicuota_apor_cont_id_foreign` FOREIGN KEY (`syj_alicuota_apor_cont_id`) REFERENCES `syj_alicuota_aporte_contribucion` (`id`),
  CONSTRAINT `syj_empleados_syj_cargo_id_foreign` FOREIGN KEY (`syj_cargo_id`) REFERENCES `syj_cargos` (`id`),
  CONSTRAINT `syj_empleados_syj_centro_costo_id_foreign` FOREIGN KEY (`syj_centro_costo_id`) REFERENCES `syj_centros_costos` (`id`),
  CONSTRAINT `syj_empleados_syj_clase_tipo_liquidacion_id_foreign` FOREIGN KEY (`syj_clase_tipo_liquidacion_id`) REFERENCES `syj_clase_tipo_liquidacion` (`id`),
  CONSTRAINT `syj_empleados_syj_convenio_categoria_id_foreign` FOREIGN KEY (`syj_convenio_categoria_id`) REFERENCES `syj_convenio_categorias` (`id`),
  CONSTRAINT `syj_empleados_syj_convenio_id_foreign` FOREIGN KEY (`syj_convenio_id`) REFERENCES `syj_convenios` (`id`),
  CONSTRAINT `syj_empleados_syj_domicilio_id_laboral_foreign` FOREIGN KEY (`syj_domicilio_id_laboral`) REFERENCES `syj_domicilios` (`id`),
  CONSTRAINT `syj_empleados_syj_domicilio_id_pago_foreign` FOREIGN KEY (`syj_domicilio_id_pago`) REFERENCES `syj_domicilios` (`id`),
  CONSTRAINT `syj_empleados_syj_emp_cod_siniestro_id_foreign` FOREIGN KEY (`syj_emp_cod_siniestro_id`) REFERENCES `syj_emp_cod_siniestro` (`id`),
  CONSTRAINT `syj_empleados_syj_emp_condicion_id_foreign` FOREIGN KEY (`syj_emp_condicion_id`) REFERENCES `syj_emp_condicion` (`id`),
  CONSTRAINT `syj_empleados_syj_emp_estado_id_foreign` FOREIGN KEY (`syj_emp_estado_id`) REFERENCES `syj_emp_estado` (`id`),
  CONSTRAINT `syj_empleados_syj_emp_mod_contratacion_id_foreign` FOREIGN KEY (`syj_emp_mod_contratacion_id`) REFERENCES `syj_emp_mod_contratacion` (`id`),
  CONSTRAINT `syj_empleados_syj_emp_sit_revista_1_id_foreign` FOREIGN KEY (`syj_emp_sit_revista_1_id`) REFERENCES `syj_emp_situacion_revista` (`id`),
  CONSTRAINT `syj_empleados_syj_emp_sit_revista_2_id_foreign` FOREIGN KEY (`syj_emp_sit_revista_2_id`) REFERENCES `syj_emp_situacion_revista` (`id`),
  CONSTRAINT `syj_empleados_syj_emp_sit_revista_3_id_foreign` FOREIGN KEY (`syj_emp_sit_revista_3_id`) REFERENCES `syj_emp_situacion_revista` (`id`),
  CONSTRAINT `syj_empleados_syj_emp_situacion_revista_id_foreign` FOREIGN KEY (`syj_emp_situacion_revista_id`) REFERENCES `syj_emp_situacion_revista` (`id`),
  CONSTRAINT `syj_empleados_syj_empleado_event_id_foreign` FOREIGN KEY (`syj_empleado_event_id`) REFERENCES `syj_empleados_event` (`id`),
  CONSTRAINT `syj_empleados_syj_forma_pago_id_foreign` FOREIGN KEY (`syj_forma_pago_id`) REFERENCES `syj_forma_pago` (`id`),
  CONSTRAINT `syj_empleados_syj_motivo_egreso_id_foreign` FOREIGN KEY (`syj_motivo_egreso_id`) REFERENCES `syj_motivo_egreso` (`id`),
  CONSTRAINT `syj_empleados_syj_obra_social_id_foreign` FOREIGN KEY (`syj_obra_social_id`) REFERENCES `syj_obra_social` (`id`),
  CONSTRAINT `syj_empleados_syj_obra_social_plan_id_foreign` FOREIGN KEY (`syj_obra_social_plan_id`) REFERENCES `syj_obra_social_planes` (`id`),
  CONSTRAINT `syj_empleados_syj_regimen_id_foreign` FOREIGN KEY (`syj_regimen_id`) REFERENCES `syj_regimen` (`id`),
  CONSTRAINT `syj_empleados_syj_seccion_id_foreign` FOREIGN KEY (`syj_seccion_id`) REFERENCES `syj_secciones` (`id`),
  CONSTRAINT `syj_empleados_syj_tipo_empleador_id_foreign` FOREIGN KEY (`syj_tipo_empleador_id`) REFERENCES `syj_tipo_empleador` (`id`),
  CONSTRAINT `syj_empleados_syj_zonageografica_id_foreign` FOREIGN KEY (`syj_zonageografica_id`) REFERENCES `syj_zonageografica` (`id`),
  CONSTRAINT `syj_empleados_tipo_documento_id_foreign` FOREIGN KEY (`tipo_documento_id`) REFERENCES `tipo_documento` (`id`),
  CONSTRAINT `syj_empleados_zone_id_foreign` FOREIGN KEY (`zone_id`) REFERENCES `zones` (`id`)
) ENGINE=InnoDB AUTO_INCREMENT=514 DEFAULT CHARSET=utf8mb4 COLLATE=utf8mb4_unicode_ci;

--
-- Dumping data for table `syj_empleados`
--

INSERT INTO `syj_empleados` VALUES (1,591,40718,0,5,'ALVAREZ WALTER RODRIGO',NULL,'1989-11-30',1,1,5,1,NULL,9,NULL,NULL,NULL,NULL,NULL,NULL,NULL,NULL,6,'35097988','20-35097988-4',2,NULL,27,27,1,NULL,NULL,NULL,1,1,1,0,0,0,1,NULL,NULL,6,207,1,54936.15,0,0.00,4.00,0.00,2,2,2,'2016-11-01','2016-11-01',NULL,NULL,0,2,2,2,2,50,1,1,6,1,0,1,0,0,0,5.0000,0.60,1,15.00,2,'1',2,'0',2,'0','0',NULL,NULL,1,'2020-06-22 14:48:37','2022-02-24 08:33:09','2022-02-24 08:33:09'),(2,591,40718,0,6,'SANCHEZ GRACIELA BEATRIZ O',NULL,'2020-12-01',2,1,5,1,NULL,9,NULL,NULL,NULL,NULL,NULL,NULL,NULL,NULL,6,'18317603','27-18317603-5',2,NULL,227,227,1,NULL,NULL,NULL,1,1,1,0,0,0,1,NULL,NULL,6,207,1,54936.15,0,0.00,4.00,0.00,2,2,2,'2017-03-02','2017-03-02',NULL,NULL,0,2,2,2,2,50,1,1,6,1,0,1,0,0,0,5.0000,0.60,1,15.00,2,'1',2,'0',2,'0','0',NULL,NULL,1,'2020-06-22 14:48:37','2022-02-24 08:33:09','2022-02-24 08:33:09'),(3,591,40718,0,7,'GONZALEZ FLORENCIA AGUSTINA',NULL,'2020-12-11',2,1,5,1,NULL,9,NULL,NULL,NULL,NULL,NULL,NULL,NULL,NULL,6,'36664701','27-36664701-0',2,NULL,227,227,1,NULL,NULL,NULL,1,1,1,0,0,0,1,NULL,NULL,6,207,1,54936.15,0,0.00,4.00,0.00,2,2,2,'2017-09-01','2017-09-01',NULL,NULL,0,2,2,2,2,50,1,1,2,1,0,1,0,0,0,5.0000,0.60,1,15.00,2,'1',2,'0',2,'0','0',NULL,NULL,1,'2020-06-22 14:48:37','2022-02-24 08:33:09','2022-02-24 08:33:09'),(4,591,40717,0,5,'ALVAREZ WALTER RODRIGO',NULL,'1989-11-30',1,1,5,1,NULL,9,NULL,NULL,NULL,NULL,NULL,NULL,NULL,NULL,6,'35097988','20-35097988-4',1,NULL,27,NULL,1,NULL,NULL,NULL,2,2,1,0,0,0,1,NULL,NULL,5,32,1,36552.38,0,0.00,4.00,0.00,1,1,1,'2016-11-01','2016-11-01',NULL,NULL,0,2,2,2,2,50,1,1,6,1,0,0,0,0,0,5.0000,0.60,1,15.00,2,'1',2,NULL,2,NULL,'0',NULL,NULL,1,'2020-12-11 18:19:19','2021-01-08 17:42:24',NULL),(5,591,40717,0,2,'SANCHEZ GRACIELA BEATRIZ',NULL,'1967-03-28',2,1,5,1,NULL,9,NULL,NULL,NULL,NULL,NULL,NULL,NULL,NULL,6,'18317603','27-18317603-5',1,NULL,227,227,1,NULL,NULL,NULL,2,2,1,0,0,0,1,NULL,NULL,6,207,1,21233.94,1,0.00,4.00,0.00,1,1,1,'2017-03-02','2017-03-02',NULL,NULL,0,2,2,2,2,50,1,1,2,1,0,1,0,0,0,5.0000,0.60,1,19.03,2,'1',2,NULL,2,NULL,'0',NULL,NULL,1,'2020-12-11 18:19:19','2020-12-29 15:54:01',NULL),(6,196,40717,0,3,'GONZALEZ FLORENCIA AGUSTINA',NULL,NULL,NULL,NULL,NULL,NULL,NULL,NULL,NULL,NULL,NULL,NULL,NULL,NULL,NULL,NULL,6,'36664701','27-36664701-0',1,NULL,NULL,NULL,NULL,NULL,NULL,NULL,NULL,NULL,0,0,0,0,1,NULL,NULL,5,NULL,NULL,0.00,0,0.00,0.00,0.00,NULL,NULL,NULL,'2020-12-11','2020-12-11',NULL,NULL,0,NULL,NULL,NULL,NULL,NULL,NULL,NULL,NULL,NULL,0,0,0,0,0,5.0000,0.60,0,15.00,NULL,NULL,NULL,NULL,NULL,NULL,'0',NULL,NULL,1,'2020-12-11 18:19:19','2020-12-11 18:19:19',NULL),(7,196,40749,0,10,'GRIMOLDI JUAN CARLOS',NULL,'1957-11-17',1,1,5,1,NULL,9,NULL,NULL,NULL,NULL,NULL,NULL,NULL,NULL,6,'13466283','20-13466283-3',1,NULL,102,NULL,1,NULL,'01508268 - 01000125133194','0150826801000125133194',3,3,1,0,0,0,1,NULL,NULL,39,245,1,56541.00,0,0.00,8.00,0.00,3,4,3,'2007-06-15','2007-06-15',NULL,NULL,0,2,2,2,2,50,4,1,2,1,0,0,0,0,0,0.0000,0.00,1,0.00,2,'1',2,'0',2,'0','0',NULL,NULL,1,'2020-12-18 15:04:14','2022-04-05 15:43:53',NULL),(8,196,40749,0,16,'CAMINO GLADYS CRISTINA',NULL,'1965-03-18',2,1,5,1,NULL,9,NULL,NULL,NULL,NULL,NULL,NULL,NULL,NULL,6,'17311130','23-17311130-4',1,NULL,102,102,1,NULL,'01400472 - 03513854164507','0140047203513854164507',3,3,1,0,0,0,1,NULL,NULL,39,245,1,56541.00,1,0.00,4.00,0.00,3,3,3,'2017-05-05','2017-05-05',NULL,NULL,0,2,2,2,2,50,1,1,2,1,0,0,0,0,0,6.0000,6.00,0,0.00,2,'1',2,'0',2,'0','0',NULL,NULL,1,'2020-12-18 15:04:14','2022-04-05 15:41:30',NULL),(9,196,40749,0,15,'QUEIPO NORMA BEATRIZ',NULL,'1960-06-22',2,1,5,1,NULL,9,NULL,NULL,NULL,NULL,NULL,NULL,NULL,NULL,6,'13900849','27-13900849-4',1,NULL,102,NULL,1,NULL,'01100426 - 30004207536901','0110042630004207536901',3,3,1,0,0,0,1,NULL,NULL,39,244,1,36472.00,1,0.00,6.00,0.00,3,3,3,'2016-06-06','2016-06-06',NULL,NULL,0,2,2,15,2,50,1,1,2,1,0,0,0,0,0,0.0000,0.00,1,0.00,2,'1',2,'0',2,'0','0',NULL,NULL,1,'2020-12-18 15:04:14','2022-04-05 15:48:19',NULL);
INSERT INTO `syj_empleados` VALUES (10,591,40749,0,4,'VILLALBA IRIS NANCY',NULL,'1966-02-04',2,1,5,1,NULL,9,NULL,NULL,NULL,NULL,NULL,NULL,NULL,NULL,6,'18165269','27-18165269-7',1,NULL,102,NULL,1,NULL,'01400472 - 03513851476898','0140047203513851476898',3,3,1,0,0,0,1,NULL,NULL,39,244,1,54343.00,0,0.00,3.00,0.00,3,3,3,'2016-03-16','2016-03-16',NULL,NULL,0,2,2,2,2,50,1,1,2,1,0,0,0,0,0,0.0000,0.00,1,0.00,2,'1',2,'0',2,'0','0',NULL,NULL,1,'2020-12-18 15:04:14','2022-05-06 16:47:30',NULL),(11,196,40749,0,6,'VENENCIO MARIA ROSA',NULL,'1967-11-23',2,1,5,1,NULL,9,NULL,NULL,NULL,NULL,NULL,NULL,NULL,NULL,6,'18285049','27-18285049-2',1,NULL,102,NULL,1,NULL,'01400472 - 03513851713931','0140047203513851713931',4,3,1,0,0,0,1,NULL,NULL,39,244,1,54343.00,1,0.00,4.00,0.00,3,3,3,'2007-03-03','2007-03-03',NULL,NULL,0,2,2,2,2,50,1,1,2,1,0,0,0,0,0,0.0000,0.00,1,0.00,2,'1',2,'0',2,'0','0',NULL,NULL,1,'2020-12-18 15:04:14','2022-05-06 14:25:40',NULL),(12,196,40749,0,7,'ALANIZ MARIA ESTELA',NULL,'1973-11-11',2,1,5,1,NULL,9,NULL,NULL,NULL,NULL,NULL,NULL,NULL,NULL,6,'28685864','27-28685864-9',1,NULL,102,NULL,1,NULL,'02900643 - 10000000362475','0290064310000000362475',3,3,1,0,0,0,1,NULL,NULL,39,244,1,36472.00,0,0.00,4.00,0.00,3,3,3,'2007-03-03','2007-03-03',NULL,NULL,0,2,2,2,2,50,1,1,2,1,0,0,0,0,0,0.0000,0.00,1,0.00,2,'1',2,'0',2,'0','0',NULL,NULL,1,'2020-12-18 15:04:14','2022-05-06 14:00:09',NULL),(13,196,40749,0,17,'ROMANELLI NOELIA ELIZABETH',NULL,'1986-03-19',2,1,5,1,NULL,9,NULL,NULL,NULL,NULL,NULL,NULL,NULL,NULL,6,'32253959','27-32253959-8',1,NULL,236,NULL,1,NULL,'28505220 - 40094828591178','28505220 - 40094828591178',3,3,1,0,0,0,1,NULL,NULL,39,244,1,36472.00,1,0.00,4.42,0.00,3,3,3,'2018-07-04','2018-07-04',NULL,NULL,0,2,2,2,2,50,1,1,2,1,0,0,0,0,0,0.0000,0.00,0,0.00,2,'1',2,NULL,2,NULL,'0',NULL,NULL,1,'2020-12-18 15:04:14','2022-04-05 15:45:47','2022-04-05 15:45:47'),(14,196,40749,0,12,'CAMPOS SOFIA',NULL,'1987-10-05',2,1,5,1,NULL,9,NULL,NULL,NULL,NULL,NULL,NULL,NULL,NULL,6,'33283085','27-33283085-1',1,NULL,102,NULL,1,NULL,'32200018 - 58006878440015','3220001858006878440015',3,3,1,0,0,0,1,NULL,NULL,39,244,1,36472.00,0,0.00,3.00,0.00,3,3,3,'2016-06-04','2016-06-04',NULL,NULL,0,2,2,2,2,50,1,1,2,1,0,0,0,0,0,0.0000,0.00,1,0.00,2,'1',2,'0',2,'0','0',NULL,NULL,1,'2020-12-18 15:04:14','2022-04-05 15:43:05',NULL),(15,196,40749,0,11,'CAMACHO MAYRA ALEJANDRA',NULL,'1990-11-29',2,1,5,1,NULL,9,NULL,NULL,NULL,NULL,NULL,NULL,NULL,NULL,6,'36900548','27-36900548-6',1,NULL,102,NULL,1,NULL,'01100426 - 30004206238501','0110042630004206238501',3,3,1,0,0,0,1,NULL,NULL,39,244,1,36472.00,0,0.00,6.00,0.00,3,3,3,'2009-04-01','2009-04-01',NULL,NULL,0,2,2,2,2,50,1,1,2,1,0,0,0,0,0,0.0000,0.00,1,0.00,2,'1',2,'0',2,'0','0',NULL,NULL,1,'2020-12-18 15:04:14','2022-04-05 15:40:48',NULL),(16,196,40749,0,13,'GRINFELD FERNANDA',NULL,'1992-10-30',2,1,5,1,NULL,9,NULL,NULL,NULL,NULL,NULL,NULL,NULL,NULL,6,'37171020','27-37171020-0',1,NULL,102,NULL,1,NULL,'00700535 - 30004029113713','0070053530004029113713',3,3,0,0,0,0,1,NULL,NULL,39,264,1,62964.00,0,0.00,8.00,0.00,3,3,3,'2016-06-04','2016-06-04',NULL,NULL,0,2,2,2,2,50,1,1,2,1,0,0,0,0,0,0.0000,0.00,1,0.00,2,'1',2,'0',2,'0','0',NULL,NULL,1,'2020-12-18 15:04:14','2022-04-05 15:44:33',NULL),(17,591,40750,0,37,'CONTRERAS ROBERTO PABLO',NULL,'1968-03-15',1,1,5,1,NULL,10,NULL,NULL,NULL,NULL,NULL,NULL,NULL,NULL,6,'20056789','20-20056789-8',2,NULL,239,NULL,1,NULL,NULL,NULL,5,5,1,0,0,0,1,NULL,NULL,35,217,1,19986.97,1,0.00,4.00,0.00,4,8,4,'2020-03-20','2020-03-20',NULL,NULL,0,2,2,2,2,50,1,1,2,1,0,1,0,0,0,1.8018,0.60,1,19.03,2,'1',2,'0',2,'0','0',NULL,NULL,1,'2020-12-18 17:39:32','2022-02-24 08:31:44','2022-02-24 08:31:44');
INSERT INTO `syj_empleados` VALUES (18,591,40750,0,17,'DAVEREDES DIEGO HORACIO',NULL,'1976-05-11',1,1,5,1,NULL,10,NULL,NULL,NULL,NULL,NULL,NULL,NULL,NULL,6,'25913381','20-25913381-6',2,NULL,92,NULL,1,NULL,NULL,NULL,5,5,1,0,0,0,1,NULL,NULL,35,217,1,55845.45,1,0.00,8.00,0.00,4,6,4,'2011-01-07','2011-01-07',NULL,NULL,0,2,2,2,2,50,4,1,2,1,0,1,0,0,0,1.8000,0.60,1,19.03,2,'1',2,'0',2,'0','0',NULL,NULL,1,'2020-12-18 17:39:32','2022-02-24 08:31:44','2022-02-24 08:31:44'),(19,591,40750,0,36,'OSTE JAVIER ALEJANDRO',NULL,'1982-09-20',1,1,5,1,NULL,10,NULL,NULL,NULL,NULL,NULL,NULL,NULL,NULL,6,'29856164','20-29856164-7',2,NULL,239,NULL,1,NULL,NULL,NULL,5,5,1,0,0,0,1,NULL,NULL,35,217,1,20486.22,1,0.00,4.00,0.00,4,8,4,'2019-06-01','2019-06-01',NULL,NULL,0,2,2,2,2,50,1,1,2,1,0,1,0,0,0,1.8000,0.60,1,19.03,2,'1',2,'0',2,'0','0',NULL,NULL,1,'2020-12-18 17:39:32','2022-02-24 08:31:44','2022-02-24 08:31:44'),(20,591,40750,0,24,'SANCHEZ RAMIRO ANDRES',NULL,'1987-05-17',1,1,5,1,NULL,10,NULL,NULL,NULL,NULL,NULL,NULL,NULL,NULL,6,'33342895','20-33342895-5',2,NULL,239,NULL,1,NULL,NULL,NULL,5,5,1,0,0,0,1,NULL,NULL,35,217,1,42517.44,1,0.00,8.00,0.00,4,5,4,'2012-01-05','2012-01-05',NULL,NULL,0,2,2,2,2,50,4,1,2,1,0,0,0,0,0,1.8000,0.60,1,19.03,2,'1',2,'0',2,'0','0',NULL,NULL,1,'2020-12-18 17:39:32','2022-02-24 08:31:44','2022-02-24 08:31:44'),(21,591,40750,0,34,'LENI LUCAS AGUSTIN',NULL,'1993-06-22',1,1,5,1,NULL,10,NULL,NULL,NULL,NULL,NULL,NULL,NULL,NULL,6,'37818319','20-37818319-8',2,NULL,239,NULL,1,NULL,NULL,NULL,5,5,1,0,0,0,1,NULL,NULL,35,217,1,50000.00,1,0.00,4.00,0.00,4,8,4,'2017-11-06','2017-11-06',NULL,NULL,0,2,2,2,2,50,1,1,2,1,0,0,0,0,0,1.8000,0.60,1,19.03,2,'1',2,'0',2,'0','0',NULL,NULL,1,'2020-12-18 17:39:32','2022-02-24 08:31:44','2022-02-24 08:31:44'),(22,591,40750,0,35,'RUIZ DIAZ NORMA BEATRIZ',NULL,'1970-09-30',1,1,5,1,NULL,10,NULL,NULL,NULL,NULL,NULL,NULL,NULL,NULL,6,'21791341','27-21791341-7',2,NULL,239,NULL,1,NULL,NULL,NULL,5,5,1,0,0,0,1,NULL,NULL,35,217,1,20486.22,1,0.00,4.00,0.00,4,8,4,'2017-11-06','2017-11-06',NULL,NULL,0,2,2,2,2,50,1,1,2,1,0,1,0,0,0,1.8000,0.60,1,0.00,2,'1',2,'0',2,'0','0',NULL,NULL,1,'2020-12-18 17:39:32','2022-02-24 08:31:44','2022-02-24 08:31:44'),(23,591,40750,0,32,'ESCOTORIN LILIANA ELIZABETH',NULL,'1982-09-20',2,1,5,1,NULL,10,NULL,NULL,NULL,NULL,NULL,NULL,NULL,NULL,6,'23355266','27-23355266-1',2,NULL,239,NULL,1,NULL,NULL,NULL,5,5,1,0,0,0,1,NULL,NULL,35,217,1,54484.51,1,0.00,8.00,0.00,4,6,4,'2013-08-01','2013-08-01',NULL,NULL,0,2,2,2,2,50,4,1,2,1,0,0,0,0,0,0.0000,0.00,1,0.00,2,'1',2,'0',2,'0','0',NULL,NULL,1,'2020-12-18 17:39:32','2022-02-24 08:31:44','2022-02-24 08:31:44'),(24,591,40750,0,29,'PORCEL DE PERALTA VERONICA GILDA',NULL,'1975-01-15',2,1,5,1,NULL,10,NULL,NULL,NULL,NULL,NULL,NULL,NULL,NULL,6,'24315072','27-24315072-3',2,NULL,239,NULL,1,NULL,'07200908 - 88000036574940','0720090888000036574940',5,5,1,0,0,0,1,NULL,NULL,35,217,1,54484.51,1,0.00,8.00,0.00,4,6,4,'2012-12-17','2012-12-17',NULL,NULL,0,2,2,2,2,50,4,1,2,1,0,1,0,0,0,1.8000,0.60,1,0.00,2,'1',2,'0',2,'0','0',NULL,NULL,1,'2020-12-18 17:39:32','2022-02-24 08:31:44','2022-02-24 08:31:44'),(25,591,40750,0,2,'RODRIGUEZ VANESA ELIZABET',NULL,'1978-08-09',1,1,5,1,NULL,10,NULL,NULL,NULL,NULL,NULL,NULL,NULL,NULL,6,'26752449','27-26752449-7',2,NULL,92,NULL,1,NULL,NULL,NULL,5,5,1,0,0,0,1,NULL,NULL,35,217,1,55845.45,1,0.00,8.00,0.00,4,6,4,'2005-09-01','2005-09-01',NULL,NULL,0,2,2,2,2,50,4,1,2,1,0,1,0,0,0,1.8000,0.60,1,0.00,2,'1',2,'0',2,'0','0',NULL,NULL,1,'2020-12-18 17:39:32','2022-02-24 08:31:44','2022-02-24 08:31:44'),(26,591,40750,0,18,'BAEZ ANA ISABEL',NULL,'1980-08-16',2,1,5,1,NULL,10,NULL,NULL,NULL,NULL,NULL,NULL,NULL,NULL,6,'28254945','27-28254945-5',2,NULL,239,NULL,1,NULL,NULL,NULL,5,5,1,0,0,0,1,NULL,NULL,35,217,1,54484.51,1,0.00,8.00,0.00,4,6,4,'2011-04-12','2011-04-12',NULL,NULL,0,2,2,2,2,50,4,1,2,1,0,1,0,0,0,1.8000,0.60,1,0.00,2,'1',2,'0',2,'0','0',NULL,NULL,1,'2020-12-18 17:39:32','2022-02-24 08:31:44','2022-02-24 08:31:44');
INSERT INTO `syj_empleados` VALUES (27,591,40751,0,1,'',NULL,NULL,NULL,NULL,NULL,NULL,NULL,NULL,NULL,NULL,NULL,NULL,NULL,NULL,NULL,NULL,6,'0','7--',1,NULL,NULL,NULL,NULL,NULL,NULL,NULL,NULL,NULL,0,0,0,0,1,NULL,NULL,5,NULL,NULL,0.00,0,0.00,0.00,0.00,NULL,NULL,NULL,'1969-12-31','1969-12-31',NULL,NULL,0,NULL,NULL,NULL,NULL,NULL,NULL,NULL,NULL,NULL,0,0,0,0,0,0.0000,0.00,0,0.00,NULL,NULL,NULL,NULL,NULL,NULL,'0',NULL,NULL,1,'2020-12-18 19:07:17','2020-12-18 19:14:36','2020-12-18 19:14:36'),(28,591,40751,0,2,'',NULL,NULL,NULL,NULL,NULL,NULL,NULL,NULL,NULL,NULL,NULL,NULL,NULL,NULL,NULL,NULL,6,'ef\r\n','xr-ef\r\n-',1,NULL,NULL,NULL,NULL,NULL,NULL,NULL,NULL,NULL,0,0,0,0,1,NULL,NULL,5,NULL,NULL,0.00,0,0.00,0.00,0.00,NULL,NULL,NULL,'1969-12-31','1969-12-31',NULL,NULL,0,NULL,NULL,NULL,NULL,NULL,NULL,NULL,NULL,NULL,0,0,0,0,0,0.0000,0.00,0,0.00,NULL,NULL,NULL,NULL,NULL,NULL,'0',NULL,NULL,1,'2020-12-18 19:07:17','2020-12-18 19:18:08','2020-12-18 19:18:08'),(29,591,40751,0,3,'',NULL,NULL,NULL,NULL,NULL,NULL,NULL,NULL,NULL,NULL,NULL,NULL,NULL,NULL,NULL,NULL,6,'0','7--',1,NULL,NULL,NULL,NULL,NULL,NULL,NULL,NULL,NULL,0,0,0,0,1,NULL,NULL,5,NULL,NULL,0.00,0,0.00,0.00,0.00,NULL,NULL,NULL,'1969-12-31','1969-12-31',NULL,NULL,0,NULL,NULL,NULL,NULL,NULL,NULL,NULL,NULL,NULL,0,0,0,0,0,0.0000,0.00,0,0.00,NULL,NULL,NULL,NULL,NULL,NULL,'0',NULL,NULL,1,'2020-12-18 19:07:17','2020-12-18 19:18:17','2020-12-18 19:18:17'),(30,591,40751,0,4,'',NULL,NULL,NULL,NULL,NULL,NULL,NULL,NULL,NULL,NULL,NULL,NULL,NULL,NULL,NULL,NULL,6,'00000016','00-00000016-',1,NULL,NULL,NULL,NULL,NULL,NULL,NULL,NULL,NULL,0,0,0,0,1,NULL,NULL,5,NULL,NULL,0.00,0,0.00,0.00,0.00,NULL,NULL,NULL,'1969-12-31','1969-12-31',NULL,NULL,0,NULL,NULL,NULL,NULL,NULL,NULL,NULL,NULL,NULL,0,0,0,0,0,0.0000,0.00,0,0.00,NULL,NULL,NULL,NULL,NULL,NULL,'0',NULL,NULL,1,'2020-12-18 19:07:17','2020-12-18 19:19:33','2020-12-18 19:19:33'),(31,591,40751,0,5,'',NULL,NULL,NULL,NULL,NULL,NULL,NULL,NULL,NULL,NULL,NULL,NULL,NULL,NULL,NULL,NULL,6,'00000882','00-00000882-',1,NULL,NULL,NULL,NULL,NULL,NULL,NULL,NULL,NULL,0,0,0,0,1,NULL,NULL,5,NULL,NULL,0.00,0,0.00,0.00,0.00,NULL,NULL,NULL,'1969-12-31','1969-12-31',NULL,NULL,0,NULL,NULL,NULL,NULL,NULL,NULL,NULL,NULL,NULL,0,0,0,0,0,0.0000,0.00,0,0.00,NULL,NULL,NULL,NULL,NULL,NULL,'0',NULL,NULL,1,'2020-12-18 19:07:17','2020-12-18 19:19:43','2020-12-18 19:19:43'),(32,591,40751,0,6,'',NULL,NULL,NULL,NULL,NULL,NULL,NULL,NULL,NULL,NULL,NULL,NULL,NULL,NULL,NULL,NULL,6,'00000942','00-00000942-',1,NULL,NULL,NULL,NULL,NULL,NULL,NULL,NULL,NULL,0,0,0,0,1,NULL,NULL,5,NULL,NULL,0.00,0,0.00,0.00,0.00,NULL,NULL,NULL,'1969-12-31','1969-12-31',NULL,NULL,0,NULL,NULL,NULL,NULL,NULL,NULL,NULL,NULL,NULL,0,0,0,0,0,0.0000,0.00,0,0.00,NULL,NULL,NULL,NULL,NULL,NULL,'0',NULL,NULL,1,'2020-12-18 19:07:17','2020-12-18 19:19:53','2020-12-18 19:19:53'),(33,591,40751,0,7,'',NULL,NULL,NULL,NULL,NULL,NULL,NULL,NULL,NULL,NULL,NULL,NULL,NULL,NULL,NULL,NULL,6,'00001210','00-00001210-',1,NULL,NULL,NULL,NULL,NULL,NULL,NULL,NULL,NULL,0,0,0,0,1,NULL,NULL,5,NULL,NULL,0.00,0,0.00,0.00,0.00,NULL,NULL,NULL,'1969-12-31','1969-12-31',NULL,NULL,0,NULL,NULL,NULL,NULL,NULL,NULL,NULL,NULL,NULL,0,0,0,0,0,0.0000,0.00,0,0.00,NULL,NULL,NULL,NULL,NULL,NULL,'0',NULL,NULL,1,'2020-12-18 19:07:17','2020-12-18 19:20:27','2020-12-18 19:20:27'),(34,591,40751,0,8,'',NULL,NULL,NULL,NULL,NULL,NULL,NULL,NULL,NULL,NULL,NULL,NULL,NULL,NULL,NULL,NULL,6,'00001229','00-00001229-',1,NULL,NULL,NULL,NULL,NULL,NULL,NULL,NULL,NULL,0,0,0,0,1,NULL,NULL,5,NULL,NULL,0.00,0,0.00,0.00,0.00,NULL,NULL,NULL,'1969-12-31','1969-12-31',NULL,NULL,0,NULL,NULL,NULL,NULL,NULL,NULL,NULL,NULL,NULL,0,0,0,0,0,0.0000,0.00,0,0.00,NULL,NULL,NULL,NULL,NULL,NULL,'0',NULL,NULL,1,'2020-12-18 19:07:17','2020-12-18 19:20:35','2020-12-18 19:20:35');
INSERT INTO `syj_empleados` VALUES (35,591,40751,0,9,'',NULL,NULL,NULL,NULL,NULL,NULL,NULL,NULL,NULL,NULL,NULL,NULL,NULL,NULL,NULL,NULL,6,'00002367','00-00002367-',1,NULL,NULL,NULL,NULL,NULL,NULL,NULL,NULL,NULL,0,0,0,0,1,NULL,NULL,5,NULL,NULL,0.00,0,0.00,0.00,0.00,NULL,NULL,NULL,'1969-12-31','1969-12-31',NULL,NULL,0,NULL,NULL,NULL,NULL,NULL,NULL,NULL,NULL,NULL,0,0,0,0,0,0.0000,0.00,0,0.00,NULL,NULL,NULL,NULL,NULL,NULL,'0',NULL,NULL,1,'2020-12-18 19:07:17','2020-12-18 19:20:45','2020-12-18 19:20:45'),(36,591,40751,0,10,'',NULL,NULL,NULL,NULL,NULL,NULL,NULL,NULL,NULL,NULL,NULL,NULL,NULL,NULL,NULL,NULL,6,'00002545','00-00002545-',1,NULL,NULL,NULL,NULL,NULL,NULL,NULL,NULL,NULL,0,0,0,0,1,NULL,NULL,5,NULL,NULL,0.00,0,0.00,0.00,0.00,NULL,NULL,NULL,'1969-12-31','1969-12-31',NULL,NULL,0,NULL,NULL,NULL,NULL,NULL,NULL,NULL,NULL,NULL,0,0,0,0,0,0.0000,0.00,0,0.00,NULL,NULL,NULL,NULL,NULL,NULL,'0',NULL,NULL,1,'2020-12-18 19:07:17','2020-12-18 19:21:17','2020-12-18 19:21:17'),(37,591,40751,0,11,'',NULL,NULL,NULL,NULL,NULL,NULL,NULL,NULL,NULL,NULL,NULL,NULL,NULL,NULL,NULL,NULL,6,'00003538','00-00003538-',1,NULL,NULL,NULL,NULL,NULL,NULL,NULL,NULL,NULL,0,0,0,0,1,NULL,NULL,5,NULL,NULL,0.00,0,0.00,0.00,0.00,NULL,NULL,NULL,'1969-12-31','1969-12-31',NULL,NULL,0,NULL,NULL,NULL,NULL,NULL,NULL,NULL,NULL,NULL,0,0,0,0,0,0.0000,0.00,0,0.00,NULL,NULL,NULL,NULL,NULL,NULL,'0',NULL,NULL,1,'2020-12-18 19:07:17','2020-12-18 19:22:10','2020-12-18 19:22:10'),(38,591,40751,0,12,'',NULL,NULL,NULL,NULL,NULL,NULL,NULL,NULL,NULL,NULL,NULL,NULL,NULL,NULL,NULL,NULL,6,'00004590','00-00004590-',1,NULL,NULL,NULL,NULL,NULL,NULL,NULL,NULL,NULL,0,0,0,0,1,NULL,NULL,5,NULL,NULL,0.00,0,0.00,0.00,0.00,NULL,NULL,NULL,'1969-12-31','1969-12-31',NULL,NULL,0,NULL,NULL,NULL,NULL,NULL,NULL,NULL,NULL,NULL,0,0,0,0,0,0.0000,0.00,0,0.00,NULL,NULL,NULL,NULL,NULL,NULL,'0',NULL,NULL,1,'2020-12-18 19:07:17','2020-12-18 19:21:27','2020-12-18 19:21:27'),(39,591,40751,0,13,'',NULL,NULL,NULL,NULL,NULL,NULL,NULL,NULL,NULL,NULL,NULL,NULL,NULL,NULL,NULL,NULL,6,'00005718','00-00005718-',1,NULL,NULL,NULL,NULL,NULL,NULL,NULL,NULL,NULL,0,0,0,0,1,NULL,NULL,5,NULL,NULL,0.00,0,0.00,0.00,0.00,NULL,NULL,NULL,'1969-12-31','1969-12-31',NULL,NULL,0,NULL,NULL,NULL,NULL,NULL,NULL,NULL,NULL,NULL,0,0,0,0,0,0.0000,0.00,0,0.00,NULL,NULL,NULL,NULL,NULL,NULL,'0',NULL,NULL,1,'2020-12-18 19:07:17','2020-12-18 19:21:59','2020-12-18 19:21:59'),(40,591,40751,0,14,'',NULL,NULL,NULL,NULL,NULL,NULL,NULL,NULL,NULL,NULL,NULL,NULL,NULL,NULL,NULL,NULL,6,'00005891','00-00005891-',1,NULL,NULL,NULL,NULL,NULL,NULL,NULL,NULL,NULL,0,0,0,0,1,NULL,NULL,5,NULL,NULL,0.00,0,0.00,0.00,0.00,NULL,NULL,NULL,'1969-12-31','1969-12-31',NULL,NULL,0,NULL,NULL,NULL,NULL,NULL,NULL,NULL,NULL,NULL,0,0,0,0,0,0.0000,0.00,0,0.00,NULL,NULL,NULL,NULL,NULL,NULL,'0',NULL,NULL,1,'2020-12-18 19:07:17','2020-12-18 19:23:51','2020-12-18 19:23:51'),(41,591,40751,0,15,'',NULL,NULL,NULL,NULL,NULL,NULL,NULL,NULL,NULL,NULL,NULL,NULL,NULL,NULL,NULL,NULL,6,'00006904','00-00006904-',1,NULL,NULL,NULL,NULL,NULL,NULL,NULL,NULL,NULL,0,0,0,0,1,NULL,NULL,5,NULL,NULL,0.00,0,0.00,0.00,0.00,NULL,NULL,NULL,'1969-12-31','1969-12-31',NULL,NULL,0,NULL,NULL,NULL,NULL,NULL,NULL,NULL,NULL,NULL,0,0,0,0,0,0.0000,0.00,0,0.00,NULL,NULL,NULL,NULL,NULL,NULL,'0',NULL,NULL,1,'2020-12-18 19:07:17','2020-12-18 19:23:59','2020-12-18 19:23:59'),(42,591,40751,0,16,'',NULL,NULL,NULL,NULL,NULL,NULL,NULL,NULL,NULL,NULL,NULL,NULL,NULL,NULL,NULL,NULL,6,'00007528','00-00007528-',1,NULL,NULL,NULL,NULL,NULL,NULL,NULL,NULL,NULL,0,0,0,0,1,NULL,NULL,5,NULL,NULL,0.00,0,0.00,0.00,0.00,NULL,NULL,NULL,'1969-12-31','1969-12-31',NULL,NULL,0,NULL,NULL,NULL,NULL,NULL,NULL,NULL,NULL,NULL,0,0,0,0,0,0.0000,0.00,0,0.00,NULL,NULL,NULL,NULL,NULL,NULL,'0',NULL,NULL,1,'2020-12-18 19:07:17','2020-12-18 19:22:07','2020-12-18 19:22:07');
INSERT INTO `syj_empleados` VALUES (43,591,40751,0,17,'',NULL,NULL,NULL,NULL,NULL,NULL,NULL,NULL,NULL,NULL,NULL,NULL,NULL,NULL,NULL,NULL,6,'00008531','00-00008531-',1,NULL,NULL,NULL,NULL,NULL,NULL,NULL,NULL,NULL,0,0,0,0,1,NULL,NULL,5,NULL,NULL,0.00,0,0.00,0.00,0.00,NULL,NULL,NULL,'1969-12-31','1969-12-31',NULL,NULL,0,NULL,NULL,NULL,NULL,NULL,NULL,NULL,NULL,NULL,0,0,0,0,0,0.0000,0.00,0,0.00,NULL,NULL,NULL,NULL,NULL,NULL,'0',NULL,NULL,1,'2020-12-18 19:07:17','2020-12-18 19:24:09','2020-12-18 19:24:09'),(44,591,40751,0,18,'',NULL,NULL,NULL,NULL,NULL,NULL,NULL,NULL,NULL,NULL,NULL,NULL,NULL,NULL,NULL,NULL,6,'00009635','00-00009635-',1,NULL,NULL,NULL,NULL,NULL,NULL,NULL,NULL,NULL,0,0,0,0,1,NULL,NULL,5,NULL,NULL,0.00,0,0.00,0.00,0.00,NULL,NULL,NULL,'1969-12-31','1969-12-31',NULL,NULL,0,NULL,NULL,NULL,NULL,NULL,NULL,NULL,NULL,NULL,0,0,0,0,0,0.0000,0.00,0,0.00,NULL,NULL,NULL,NULL,NULL,NULL,'0',NULL,NULL,1,'2020-12-18 19:07:17','2020-12-18 19:24:18','2020-12-18 19:24:18'),(45,591,40751,0,19,'',NULL,NULL,NULL,NULL,NULL,NULL,NULL,NULL,NULL,NULL,NULL,NULL,NULL,NULL,NULL,NULL,6,'00010608','00-00010608-',1,NULL,NULL,NULL,NULL,NULL,NULL,NULL,NULL,NULL,0,0,0,0,1,NULL,NULL,5,NULL,NULL,0.00,0,0.00,0.00,0.00,NULL,NULL,NULL,'1969-12-31','1969-12-31',NULL,NULL,0,NULL,NULL,NULL,NULL,NULL,NULL,NULL,NULL,NULL,0,0,0,0,0,0.0000,0.00,0,0.00,NULL,NULL,NULL,NULL,NULL,NULL,'0',NULL,NULL,1,'2020-12-18 19:07:17','2020-12-18 19:24:26','2020-12-18 19:24:26'),(46,591,40751,0,20,'',NULL,NULL,NULL,NULL,NULL,NULL,NULL,NULL,NULL,NULL,NULL,NULL,NULL,NULL,NULL,NULL,6,'00011414','00-00011414-',1,NULL,NULL,NULL,NULL,NULL,NULL,NULL,NULL,NULL,0,0,0,0,1,NULL,NULL,5,NULL,NULL,0.00,0,0.00,0.00,0.00,NULL,NULL,NULL,'1969-12-31','1969-12-31',NULL,NULL,0,NULL,NULL,NULL,NULL,NULL,NULL,NULL,NULL,NULL,0,0,0,0,0,0.0000,0.00,0,0.00,NULL,NULL,NULL,NULL,NULL,NULL,'0',NULL,NULL,1,'2020-12-18 19:07:17','2020-12-18 19:24:36','2020-12-18 19:24:36'),(47,591,40751,0,21,'',NULL,NULL,NULL,NULL,NULL,NULL,NULL,NULL,NULL,NULL,NULL,NULL,NULL,NULL,NULL,NULL,6,'00012162','00-00012162-',1,NULL,NULL,NULL,NULL,NULL,NULL,NULL,NULL,NULL,0,0,0,0,1,NULL,NULL,5,NULL,NULL,0.00,0,0.00,0.00,0.00,NULL,NULL,NULL,'1969-12-31','1969-12-31',NULL,NULL,0,NULL,NULL,NULL,NULL,NULL,NULL,NULL,NULL,NULL,0,0,0,0,0,0.0000,0.00,0,0.00,NULL,NULL,NULL,NULL,NULL,NULL,'0',NULL,NULL,1,'2020-12-18 19:07:17','2020-12-18 19:23:43','2020-12-18 19:23:43'),(48,591,40751,0,22,'',NULL,NULL,NULL,NULL,NULL,NULL,NULL,NULL,NULL,NULL,NULL,NULL,NULL,NULL,NULL,NULL,6,'00013280','00-00013280-',1,NULL,NULL,NULL,NULL,NULL,NULL,NULL,NULL,NULL,0,0,0,0,1,NULL,NULL,5,NULL,NULL,0.00,0,0.00,0.00,0.00,NULL,NULL,NULL,'1969-12-31','1969-12-31',NULL,NULL,0,NULL,NULL,NULL,NULL,NULL,NULL,NULL,NULL,NULL,0,0,0,0,0,0.0000,0.00,0,0.00,NULL,NULL,NULL,NULL,NULL,NULL,'0',NULL,NULL,1,'2020-12-18 19:07:17','2020-12-18 19:22:32','2020-12-18 19:22:32'),(49,591,40751,0,23,'',NULL,NULL,NULL,NULL,NULL,NULL,NULL,NULL,NULL,NULL,NULL,NULL,NULL,NULL,NULL,NULL,6,'00000696','00-00000696-',1,NULL,NULL,NULL,NULL,NULL,NULL,NULL,NULL,NULL,0,0,0,0,1,NULL,NULL,5,NULL,NULL,0.00,0,0.00,0.00,0.00,NULL,NULL,NULL,'1969-12-31','1969-12-31',NULL,NULL,0,NULL,NULL,NULL,NULL,NULL,NULL,NULL,NULL,NULL,0,0,0,0,0,0.0000,0.00,0,0.00,NULL,NULL,NULL,NULL,NULL,NULL,'0',NULL,NULL,1,'2020-12-18 19:07:17','2020-12-18 19:24:43','2020-12-18 19:24:43'),(50,591,40751,0,24,'',NULL,NULL,NULL,NULL,NULL,NULL,NULL,NULL,NULL,NULL,NULL,NULL,NULL,NULL,NULL,NULL,6,'ailer\r\n','tr-ailer\r\n-',1,NULL,NULL,NULL,NULL,NULL,NULL,NULL,NULL,NULL,0,0,0,0,1,NULL,NULL,5,NULL,NULL,0.00,0,0.00,0.00,0.00,NULL,NULL,NULL,'1969-12-31','1969-12-31',NULL,NULL,0,NULL,NULL,NULL,NULL,NULL,NULL,NULL,NULL,NULL,0,0,0,0,0,0.0000,0.00,0,0.00,NULL,NULL,NULL,NULL,NULL,NULL,'0',NULL,NULL,1,'2020-12-18 19:07:17','2020-12-18 19:24:51','2020-12-18 19:24:51');
INSERT INTO `syj_empleados` VALUES (51,591,40751,0,25,'',NULL,NULL,NULL,NULL,NULL,NULL,NULL,NULL,NULL,NULL,NULL,NULL,NULL,NULL,NULL,NULL,6,'/Size','<<-/Size-',1,NULL,NULL,NULL,NULL,NULL,NULL,NULL,NULL,NULL,0,0,0,0,1,NULL,NULL,5,NULL,NULL,0.00,0,0.00,0.00,0.00,NULL,NULL,NULL,'1969-12-31','1969-12-31',NULL,NULL,0,NULL,NULL,NULL,NULL,NULL,NULL,NULL,NULL,NULL,0,0,0,0,0,0.0000,0.00,0,0.00,NULL,NULL,NULL,NULL,NULL,NULL,'0',NULL,NULL,1,'2020-12-18 19:07:17','2020-12-18 19:22:40','2020-12-18 19:22:40'),(52,591,40751,0,26,'',NULL,NULL,NULL,NULL,NULL,NULL,NULL,NULL,NULL,NULL,NULL,NULL,NULL,NULL,NULL,NULL,6,'artxref\r','st-artxref\r-\n',1,NULL,NULL,NULL,NULL,NULL,NULL,NULL,NULL,NULL,0,0,0,0,1,NULL,NULL,5,NULL,NULL,0.00,0,0.00,0.00,0.00,NULL,NULL,NULL,'1969-12-31','1969-12-31',NULL,NULL,0,NULL,NULL,NULL,NULL,NULL,NULL,NULL,NULL,NULL,0,0,0,0,0,0.0000,0.00,0,0.00,NULL,NULL,NULL,NULL,NULL,NULL,'0',NULL,NULL,1,'2020-12-18 19:07:17','2020-12-18 19:22:48','2020-12-18 19:22:48'),(53,591,40751,0,27,'',NULL,NULL,NULL,NULL,NULL,NULL,NULL,NULL,NULL,NULL,NULL,NULL,NULL,NULL,NULL,NULL,6,'\n','0\r-\n-',1,NULL,NULL,NULL,NULL,NULL,NULL,NULL,NULL,NULL,0,0,0,0,1,NULL,NULL,5,NULL,NULL,0.00,0,0.00,0.00,0.00,NULL,NULL,NULL,'1969-12-31','1969-12-31',NULL,NULL,0,NULL,NULL,NULL,NULL,NULL,NULL,NULL,NULL,NULL,0,0,0,0,0,0.0000,0.00,0,0.00,NULL,NULL,NULL,NULL,NULL,NULL,'0',NULL,NULL,1,'2020-12-18 19:07:17','2020-12-18 19:22:57','2020-12-18 19:22:57'),(54,591,40751,0,28,'',NULL,NULL,NULL,NULL,NULL,NULL,NULL,NULL,NULL,NULL,NULL,NULL,NULL,NULL,NULL,NULL,6,'EOF\r\n','%%-EOF\r\n-',1,NULL,NULL,NULL,NULL,NULL,NULL,NULL,NULL,NULL,0,0,0,0,1,NULL,NULL,5,NULL,NULL,0.00,0,0.00,0.00,0.00,NULL,NULL,NULL,'1969-12-31','1969-12-31',NULL,NULL,0,NULL,NULL,NULL,NULL,NULL,NULL,NULL,NULL,NULL,0,0,0,0,0,0.0000,0.00,0,0.00,NULL,NULL,NULL,NULL,NULL,NULL,'0',NULL,NULL,1,'2020-12-18 19:07:17','2020-12-18 19:23:49','2020-12-18 19:23:49'),(55,591,40751,0,29,'',NULL,NULL,NULL,NULL,NULL,NULL,NULL,NULL,NULL,NULL,NULL,NULL,NULL,NULL,NULL,NULL,6,'0','--',1,NULL,NULL,NULL,NULL,NULL,NULL,NULL,NULL,NULL,0,0,0,0,1,NULL,NULL,5,NULL,NULL,0.00,0,0.00,0.00,0.00,NULL,NULL,NULL,'1969-12-31','1969-12-31',NULL,NULL,0,NULL,NULL,NULL,NULL,NULL,NULL,NULL,NULL,NULL,0,0,0,0,0,0.0000,0.00,0,0.00,NULL,NULL,NULL,NULL,NULL,NULL,'0',NULL,NULL,1,'2020-12-18 19:07:17','2020-12-18 19:24:59','2020-12-18 19:24:59'),(56,591,40751,0,30,'',NULL,NULL,NULL,NULL,NULL,NULL,NULL,NULL,NULL,NULL,NULL,NULL,NULL,NULL,NULL,NULL,6,'','26--',1,NULL,NULL,NULL,NULL,NULL,NULL,NULL,NULL,NULL,0,0,0,0,1,NULL,NULL,5,NULL,NULL,0.00,0,0.00,0.00,0.00,NULL,NULL,NULL,'1969-12-31','1969-12-31',NULL,NULL,0,NULL,NULL,NULL,NULL,NULL,NULL,NULL,NULL,NULL,0,0,0,0,0,0.0000,0.00,0,0.00,NULL,NULL,NULL,NULL,NULL,NULL,'0',NULL,NULL,1,'2020-12-18 19:07:17','2020-12-18 19:23:57','2020-12-18 19:23:57'),(57,591,40751,0,31,'',NULL,NULL,NULL,NULL,NULL,NULL,NULL,NULL,NULL,NULL,NULL,NULL,NULL,NULL,NULL,NULL,6,'b```f``','h',1,NULL,NULL,NULL,NULL,NULL,NULL,NULL,NULL,NULL,0,0,0,0,1,NULL,NULL,5,NULL,NULL,0.00,0,0.00,0.00,0.00,NULL,NULL,NULL,'1969-12-31','1969-12-31',NULL,NULL,0,NULL,NULL,NULL,NULL,NULL,NULL,NULL,NULL,NULL,0,0,0,0,0,0.0000,0.00,0,0.00,NULL,NULL,NULL,NULL,NULL,NULL,'0',NULL,NULL,1,'2020-12-18 19:07:17','2020-12-18 19:25:07','2020-12-18 19:25:07'),(58,591,40751,0,32,'dobj\r8 0 obj\r<</Metadata 5 0 R/Pages 4 0 R/Type/Catalog>>\rendobj\r9 0 obj\r<</Annots 10 0 R/Contents[13 0 R 14 0 R 17 0 R 18 0 R 19 0 R 20 0 R 21 0 R 23 0 R]/CropBox[0 0 595.274 841.889]/MediaB',NULL,NULL,NULL,NULL,NULL,NULL,NULL,NULL,NULL,NULL,NULL,NULL,NULL,NULL,NULL,NULL,6,'dstream\r','en-dstream\r-e',1,NULL,NULL,NULL,NULL,NULL,NULL,NULL,NULL,NULL,0,0,0,0,1,NULL,NULL,5,NULL,NULL,0.00,0,0.00,0.00,0.00,NULL,NULL,NULL,'1969-12-31','1969-12-31',NULL,NULL,0,NULL,NULL,NULL,NULL,NULL,NULL,NULL,NULL,NULL,0,0,0,0,0,0.0000,0.00,0,0.00,NULL,NULL,NULL,NULL,NULL,NULL,'0',NULL,NULL,1,'2020-12-18 19:07:17','2020-12-18 19:33:03','2020-12-18 19:33:03');
INSERT INTO `syj_empleados` VALUES (59,591,40751,0,33,'',NULL,NULL,NULL,NULL,NULL,NULL,NULL,NULL,NULL,NULL,NULL,NULL,NULL,NULL,NULL,NULL,6,'ė','H',1,NULL,NULL,NULL,NULL,NULL,NULL,NULL,NULL,NULL,0,0,0,0,1,NULL,NULL,5,NULL,NULL,0.00,0,0.00,0.00,0.00,NULL,NULL,NULL,'1969-12-31','1969-12-31',NULL,NULL,0,NULL,NULL,NULL,NULL,NULL,NULL,NULL,NULL,NULL,0,0,0,0,0,0.0000,0.00,0,0.00,NULL,NULL,NULL,NULL,NULL,NULL,'0',NULL,NULL,1,'2020-12-18 19:07:17','2020-12-18 19:24:06','2020-12-18 19:24:06'),(60,591,40751,0,34,'',NULL,NULL,NULL,NULL,NULL,NULL,NULL,NULL,NULL,NULL,NULL,NULL,NULL,NULL,NULL,NULL,6,'$[','',1,NULL,NULL,NULL,NULL,NULL,NULL,NULL,NULL,NULL,0,0,0,0,1,NULL,NULL,5,NULL,NULL,0.00,0,0.00,0.00,0.00,NULL,NULL,NULL,'1969-12-31','1969-12-31',NULL,NULL,0,NULL,NULL,NULL,NULL,NULL,NULL,NULL,NULL,NULL,0,0,0,0,0,0.0000,0.00,0,0.00,NULL,NULL,NULL,NULL,NULL,NULL,'0',NULL,NULL,1,'2020-12-18 19:07:17','2020-12-18 19:14:48','2020-12-18 19:14:48'),(61,591,40751,0,35,'',NULL,NULL,NULL,NULL,NULL,NULL,NULL,NULL,NULL,NULL,NULL,NULL,NULL,NULL,NULL,NULL,6,'bK','',1,NULL,NULL,NULL,NULL,NULL,NULL,NULL,NULL,NULL,0,0,0,0,1,NULL,NULL,5,NULL,NULL,0.00,0,0.00,0.00,0.00,NULL,NULL,NULL,'1969-12-31','1969-12-31',NULL,NULL,0,NULL,NULL,NULL,NULL,NULL,NULL,NULL,NULL,NULL,0,0,0,0,0,0.0000,0.00,0,0.00,NULL,NULL,NULL,NULL,NULL,NULL,'0',NULL,NULL,1,'2020-12-18 19:07:17','2020-12-18 19:24:28','2020-12-18 19:24:28'),(62,591,40751,0,36,'',NULL,NULL,NULL,NULL,NULL,NULL,NULL,NULL,NULL,NULL,NULL,NULL,NULL,NULL,NULL,NULL,6,'','vZ-',1,NULL,NULL,NULL,NULL,NULL,NULL,NULL,NULL,NULL,0,0,0,0,1,NULL,NULL,5,NULL,NULL,0.00,0,0.00,0.00,0.00,NULL,NULL,NULL,'1969-12-31','1969-12-31',NULL,NULL,0,NULL,NULL,NULL,NULL,NULL,NULL,NULL,NULL,NULL,0,0,0,0,0,0.0000,0.00,0,0.00,NULL,NULL,NULL,NULL,NULL,NULL,'0',NULL,NULL,1,'2020-12-18 19:07:17','2020-12-18 19:24:15','2020-12-18 19:24:15'),(63,591,40751,0,37,'',NULL,NULL,NULL,NULL,NULL,NULL,NULL,NULL,NULL,NULL,NULL,NULL,NULL,NULL,NULL,NULL,6,'','-',1,NULL,NULL,NULL,NULL,NULL,NULL,NULL,NULL,NULL,0,0,0,0,1,NULL,NULL,5,NULL,NULL,0.00,0,0.00,0.00,0.00,NULL,NULL,NULL,'1969-12-31','1969-12-31',NULL,NULL,0,NULL,NULL,NULL,NULL,NULL,NULL,NULL,NULL,NULL,0,0,0,0,0,0.0000,0.00,0,0.00,NULL,NULL,NULL,NULL,NULL,NULL,'0',NULL,NULL,1,'2020-12-18 19:07:17','2020-12-18 19:25:14','2020-12-18 19:25:14'),(64,591,40751,0,38,'',NULL,NULL,NULL,NULL,NULL,NULL,NULL,NULL,NULL,NULL,NULL,NULL,NULL,NULL,NULL,NULL,6,'dstream\r','en-dstream\r-e',1,NULL,NULL,NULL,NULL,NULL,NULL,NULL,NULL,NULL,0,0,0,0,1,NULL,NULL,5,NULL,NULL,0.00,0,0.00,0.00,0.00,NULL,NULL,NULL,'1969-12-31','1969-12-31',NULL,NULL,0,NULL,NULL,NULL,NULL,NULL,NULL,NULL,NULL,NULL,0,0,0,0,0,0.0000,0.00,0,0.00,NULL,NULL,NULL,NULL,NULL,NULL,'0',NULL,NULL,1,'2020-12-18 19:07:17','2020-12-18 19:25:21','2020-12-18 19:25:21'),(65,591,40751,0,39,'',NULL,NULL,NULL,NULL,NULL,NULL,NULL,NULL,NULL,NULL,NULL,NULL,NULL,NULL,NULL,NULL,6,'ė','H',1,NULL,NULL,NULL,NULL,NULL,NULL,NULL,NULL,NULL,0,0,0,0,1,NULL,NULL,5,NULL,NULL,0.00,0,0.00,0.00,0.00,NULL,NULL,NULL,'1969-12-31','1969-12-31',NULL,NULL,0,NULL,NULL,NULL,NULL,NULL,NULL,NULL,NULL,NULL,0,0,0,0,0,0.0000,0.00,0,0.00,NULL,NULL,NULL,NULL,NULL,NULL,'0',NULL,NULL,1,'2020-12-18 19:07:17','2020-12-18 19:25:30','2020-12-18 19:25:30'),(66,591,40751,0,40,'',NULL,NULL,NULL,NULL,NULL,NULL,NULL,NULL,NULL,NULL,NULL,NULL,NULL,NULL,NULL,NULL,6,'UD','',1,NULL,NULL,NULL,NULL,NULL,NULL,NULL,NULL,NULL,0,0,0,0,1,NULL,NULL,5,NULL,NULL,0.00,0,0.00,0.00,0.00,NULL,NULL,NULL,'1969-12-31','1969-12-31',NULL,NULL,0,NULL,NULL,NULL,NULL,NULL,NULL,NULL,NULL,NULL,0,0,0,0,0,0.0000,0.00,0,0.00,NULL,NULL,NULL,NULL,NULL,NULL,'0',NULL,NULL,1,'2020-12-18 19:07:17','2020-12-18 19:25:38','2020-12-18 19:25:38');
INSERT INTO `syj_empleados` VALUES (67,591,40751,0,41,'',NULL,NULL,NULL,NULL,NULL,NULL,NULL,NULL,NULL,NULL,NULL,NULL,NULL,NULL,NULL,NULL,6,'','',1,NULL,NULL,NULL,NULL,NULL,NULL,NULL,NULL,NULL,0,0,0,0,1,NULL,NULL,5,NULL,NULL,0.00,0,0.00,0.00,0.00,NULL,NULL,NULL,'1969-12-31','1969-12-31',NULL,NULL,0,NULL,NULL,NULL,NULL,NULL,NULL,NULL,NULL,NULL,0,0,0,0,0,0.0000,0.00,0,0.00,NULL,NULL,NULL,NULL,NULL,NULL,'0',NULL,NULL,1,'2020-12-18 19:07:17','2020-12-18 19:24:38','2020-12-18 19:24:38'),(68,591,40751,0,42,'',NULL,NULL,NULL,NULL,NULL,NULL,NULL,NULL,NULL,NULL,NULL,NULL,NULL,NULL,NULL,NULL,6,'','ŀ-',1,NULL,NULL,NULL,NULL,NULL,NULL,NULL,NULL,NULL,0,0,0,0,1,NULL,NULL,5,NULL,NULL,0.00,0,0.00,0.00,0.00,NULL,NULL,NULL,'1969-12-31','1969-12-31',NULL,NULL,0,NULL,NULL,NULL,NULL,NULL,NULL,NULL,NULL,NULL,0,0,0,0,0,0.0000,0.00,0,0.00,NULL,NULL,NULL,NULL,NULL,NULL,'0',NULL,NULL,1,'2020-12-18 19:07:17','2020-12-18 19:25:45','2020-12-18 19:25:45'),(69,591,40751,0,43,'',NULL,NULL,NULL,NULL,NULL,NULL,NULL,NULL,NULL,NULL,NULL,NULL,NULL,NULL,NULL,NULL,6,'',':j-',1,NULL,NULL,NULL,NULL,NULL,NULL,NULL,NULL,NULL,0,0,0,0,1,NULL,NULL,5,NULL,NULL,0.00,0,0.00,0.00,0.00,NULL,NULL,NULL,'1969-12-31','1969-12-31',NULL,NULL,0,NULL,NULL,NULL,NULL,NULL,NULL,NULL,NULL,NULL,0,0,0,0,0,0.0000,0.00,0,0.00,NULL,NULL,NULL,NULL,NULL,NULL,'0',NULL,NULL,1,'2020-12-18 19:07:17','2020-12-18 19:24:49','2020-12-18 19:24:49'),(70,591,40751,0,44,'',NULL,NULL,NULL,NULL,NULL,NULL,NULL,NULL,NULL,NULL,NULL,NULL,NULL,NULL,NULL,NULL,6,'w','v-w',1,NULL,NULL,NULL,NULL,NULL,NULL,NULL,NULL,NULL,0,0,0,0,1,NULL,NULL,5,NULL,NULL,0.00,0,0.00,0.00,0.00,NULL,NULL,NULL,'1969-12-31','1969-12-31',NULL,NULL,0,NULL,NULL,NULL,NULL,NULL,NULL,NULL,NULL,NULL,0,0,0,0,0,0.0000,0.00,0,0.00,NULL,NULL,NULL,NULL,NULL,NULL,'0',NULL,NULL,1,'2020-12-18 19:07:17','2020-12-18 19:25:03','2020-12-18 19:25:03'),(71,591,40751,0,45,'',NULL,NULL,NULL,NULL,NULL,NULL,NULL,NULL,NULL,NULL,NULL,NULL,NULL,NULL,NULL,NULL,6,'S\0ǈ','',1,NULL,NULL,NULL,NULL,NULL,NULL,NULL,NULL,NULL,0,0,0,0,1,NULL,NULL,5,NULL,NULL,0.00,0,0.00,0.00,0.00,NULL,NULL,NULL,'1969-12-31','1969-12-31',NULL,NULL,0,NULL,NULL,NULL,NULL,NULL,NULL,NULL,NULL,NULL,0,0,0,0,0,0.0000,0.00,0,0.00,NULL,NULL,NULL,NULL,NULL,NULL,'0',NULL,NULL,1,'2020-12-18 19:07:17','2020-12-18 19:25:26','2020-12-18 19:25:26'),(72,591,40751,0,46,'dobj\r15 0 obj\r<</BaseFont/Times#20New#20Roman/Encoding<</BaseEncoding/WinAnsiEncoding/Differences[128/Euro 141/u008D]/Type/Encoding>>/FirstChar 30/FontDescriptor 16 0 R/LastChar 255/Subtype/T',NULL,NULL,NULL,NULL,NULL,NULL,NULL,NULL,NULL,NULL,NULL,NULL,NULL,NULL,NULL,NULL,6,'dstream\r','en-dstream\r-e',1,NULL,NULL,NULL,NULL,NULL,NULL,NULL,NULL,NULL,0,0,0,0,1,NULL,NULL,5,NULL,NULL,0.00,0,0.00,0.00,0.00,NULL,NULL,NULL,'1969-12-31','1969-12-31',NULL,NULL,0,NULL,NULL,NULL,NULL,NULL,NULL,NULL,NULL,NULL,0,0,0,0,0,0.0000,0.00,0,0.00,NULL,NULL,NULL,NULL,NULL,NULL,'0',NULL,NULL,1,'2020-12-18 19:07:17','2020-12-18 19:33:09','2020-12-18 19:33:09'),(73,591,40751,0,47,'',NULL,NULL,NULL,NULL,NULL,NULL,NULL,NULL,NULL,NULL,NULL,NULL,NULL,NULL,NULL,NULL,6,'̗','H',1,NULL,NULL,NULL,NULL,NULL,NULL,NULL,NULL,NULL,0,0,0,0,1,NULL,NULL,5,NULL,NULL,0.00,0,0.00,0.00,0.00,NULL,NULL,NULL,'1969-12-31','1969-12-31',NULL,NULL,0,NULL,NULL,NULL,NULL,NULL,NULL,NULL,NULL,NULL,0,0,0,0,0,0.0000,0.00,0,0.00,NULL,NULL,NULL,NULL,NULL,NULL,'0',NULL,NULL,1,'2020-12-18 19:07:17','2020-12-18 19:25:55','2020-12-18 19:25:55'),(74,591,40751,0,48,'',NULL,NULL,NULL,NULL,NULL,NULL,NULL,NULL,NULL,NULL,NULL,NULL,NULL,NULL,NULL,NULL,6,'','',1,NULL,NULL,NULL,NULL,NULL,NULL,NULL,NULL,NULL,0,0,0,0,1,NULL,NULL,5,NULL,NULL,0.00,0,0.00,0.00,0.00,NULL,NULL,NULL,'1969-12-31','1969-12-31',NULL,NULL,0,NULL,NULL,NULL,NULL,NULL,NULL,NULL,NULL,NULL,0,0,0,0,0,0.0000,0.00,0,0.00,NULL,NULL,NULL,NULL,NULL,NULL,'0',NULL,NULL,1,'2020-12-18 19:07:17','2020-12-18 19:26:03','2020-12-18 19:26:03');
INSERT INTO `syj_empleados` VALUES (75,591,40751,0,49,'',NULL,NULL,NULL,NULL,NULL,NULL,NULL,NULL,NULL,NULL,NULL,NULL,NULL,NULL,NULL,NULL,6,'','',1,NULL,NULL,NULL,NULL,NULL,NULL,NULL,NULL,NULL,0,0,0,0,1,NULL,NULL,5,NULL,NULL,0.00,0,0.00,0.00,0.00,NULL,NULL,NULL,'1969-12-31','1969-12-31',NULL,NULL,0,NULL,NULL,NULL,NULL,NULL,NULL,NULL,NULL,NULL,0,0,0,0,0,0.0000,0.00,0,0.00,NULL,NULL,NULL,NULL,NULL,NULL,'0',NULL,NULL,1,'2020-12-18 19:07:17','2020-12-18 19:25:11','2020-12-18 19:25:11'),(76,591,40751,0,50,'',NULL,NULL,NULL,NULL,NULL,NULL,NULL,NULL,NULL,NULL,NULL,NULL,NULL,NULL,NULL,NULL,6,'0','\n--',1,NULL,NULL,NULL,NULL,NULL,NULL,NULL,NULL,NULL,0,0,0,0,1,NULL,NULL,5,NULL,NULL,0.00,0,0.00,0.00,0.00,NULL,NULL,NULL,'1969-12-31','1969-12-31',NULL,NULL,0,NULL,NULL,NULL,NULL,NULL,NULL,NULL,NULL,NULL,0,0,0,0,0,0.0000,0.00,0,0.00,NULL,NULL,NULL,NULL,NULL,NULL,'0',NULL,NULL,1,'2020-12-18 19:07:17','2020-12-18 19:26:11','2020-12-18 19:26:11'),(77,591,40751,0,51,'',NULL,NULL,NULL,NULL,NULL,NULL,NULL,NULL,NULL,NULL,NULL,NULL,NULL,NULL,NULL,NULL,6,'h/','[\Z-h/',1,NULL,NULL,NULL,NULL,NULL,NULL,NULL,NULL,NULL,0,0,0,0,1,NULL,NULL,5,NULL,NULL,0.00,0,0.00,0.00,0.00,NULL,NULL,NULL,'1969-12-31','1969-12-31',NULL,NULL,0,NULL,NULL,NULL,NULL,NULL,NULL,NULL,NULL,NULL,0,0,0,0,0,0.0000,0.00,0,0.00,NULL,NULL,NULL,NULL,NULL,NULL,'0',NULL,NULL,1,'2020-12-18 19:07:17','2020-12-18 19:25:17','2020-12-18 19:25:17'),(78,591,40751,0,52,'',NULL,NULL,NULL,NULL,NULL,NULL,NULL,NULL,NULL,NULL,NULL,NULL,NULL,NULL,NULL,NULL,6,'r5h4','%-r5h4',1,NULL,NULL,NULL,NULL,NULL,NULL,NULL,NULL,NULL,0,0,0,0,1,NULL,NULL,5,NULL,NULL,0.00,0,0.00,0.00,0.00,NULL,NULL,NULL,'1969-12-31','1969-12-31',NULL,NULL,0,NULL,NULL,NULL,NULL,NULL,NULL,NULL,NULL,NULL,0,0,0,0,0,0.0000,0.00,0,0.00,NULL,NULL,NULL,NULL,NULL,NULL,'0',NULL,NULL,1,'2020-12-18 19:07:17','2020-12-18 19:17:51','2020-12-18 19:17:51'),(79,591,40751,0,53,'',NULL,NULL,NULL,NULL,NULL,NULL,NULL,NULL,NULL,NULL,NULL,NULL,NULL,NULL,NULL,NULL,6,'','',1,NULL,NULL,NULL,NULL,NULL,NULL,NULL,NULL,NULL,0,0,0,0,1,NULL,NULL,5,NULL,NULL,0.00,0,0.00,0.00,0.00,NULL,NULL,NULL,'1969-12-31','1969-12-31',NULL,NULL,0,NULL,NULL,NULL,NULL,NULL,NULL,NULL,NULL,NULL,0,0,0,0,0,0.0000,0.00,0,0.00,NULL,NULL,NULL,NULL,NULL,NULL,'0',NULL,NULL,1,'2020-12-18 19:07:17','2020-12-18 19:25:33','2020-12-18 19:25:33'),(80,591,40751,0,54,'',NULL,NULL,NULL,NULL,NULL,NULL,NULL,NULL,NULL,NULL,NULL,NULL,NULL,NULL,NULL,NULL,6,'s','',1,NULL,NULL,NULL,NULL,NULL,NULL,NULL,NULL,NULL,0,0,0,0,1,NULL,NULL,5,NULL,NULL,0.00,0,0.00,0.00,0.00,NULL,NULL,NULL,'1969-12-31','1969-12-31',NULL,NULL,0,NULL,NULL,NULL,NULL,NULL,NULL,NULL,NULL,NULL,0,0,0,0,0,0.0000,0.00,0,0.00,NULL,NULL,NULL,NULL,NULL,NULL,'0',NULL,NULL,1,'2020-12-18 19:07:17','2020-12-18 19:26:34','2020-12-18 19:26:34'),(81,591,40751,0,55,'',NULL,NULL,NULL,NULL,NULL,NULL,NULL,NULL,NULL,NULL,NULL,NULL,NULL,NULL,NULL,NULL,6,';7','iK-;7',1,NULL,NULL,NULL,NULL,NULL,NULL,NULL,NULL,NULL,0,0,0,0,1,NULL,NULL,5,NULL,NULL,0.00,0,0.00,0.00,0.00,NULL,NULL,NULL,'1969-12-31','1969-12-31',NULL,NULL,0,NULL,NULL,NULL,NULL,NULL,NULL,NULL,NULL,NULL,0,0,0,0,0,0.0000,0.00,0,0.00,NULL,NULL,NULL,NULL,NULL,NULL,'0',NULL,NULL,1,'2020-12-18 19:07:17','2020-12-18 19:26:47','2020-12-18 19:26:47'),(82,591,40751,0,56,'',NULL,NULL,NULL,NULL,NULL,NULL,NULL,NULL,NULL,NULL,NULL,NULL,NULL,NULL,NULL,NULL,6,'dstream\r','en-dstream\r-e',1,NULL,NULL,NULL,NULL,NULL,NULL,NULL,NULL,NULL,0,0,0,0,1,NULL,NULL,5,NULL,NULL,0.00,0,0.00,0.00,0.00,NULL,NULL,NULL,'1969-12-31','1969-12-31',NULL,NULL,0,NULL,NULL,NULL,NULL,NULL,NULL,NULL,NULL,NULL,0,0,0,0,0,0.0000,0.00,0,0.00,NULL,NULL,NULL,NULL,NULL,NULL,'0',NULL,NULL,1,'2020-12-18 19:07:17','2020-12-18 19:26:55','2020-12-18 19:26:55');
INSERT INTO `syj_empleados` VALUES (83,591,40751,0,57,'',NULL,NULL,NULL,NULL,NULL,NULL,NULL,NULL,NULL,NULL,NULL,NULL,NULL,NULL,NULL,NULL,6,'','H',1,NULL,NULL,NULL,NULL,NULL,NULL,NULL,NULL,NULL,0,0,0,0,1,NULL,NULL,5,NULL,NULL,0.00,0,0.00,0.00,0.00,NULL,NULL,NULL,'1969-12-31','1969-12-31',NULL,NULL,0,NULL,NULL,NULL,NULL,NULL,NULL,NULL,NULL,NULL,0,0,0,0,0,0.0000,0.00,0,0.00,NULL,NULL,NULL,NULL,NULL,NULL,'0',NULL,NULL,1,'2020-12-18 19:07:17','2020-12-18 19:25:40','2020-12-18 19:25:40'),(84,591,40751,0,58,'',NULL,NULL,NULL,NULL,NULL,NULL,NULL,NULL,NULL,NULL,NULL,NULL,NULL,NULL,NULL,NULL,6,'','',1,NULL,NULL,NULL,NULL,NULL,NULL,NULL,NULL,NULL,0,0,0,0,1,NULL,NULL,5,NULL,NULL,0.00,0,0.00,0.00,0.00,NULL,NULL,NULL,'1969-12-31','1969-12-31',NULL,NULL,0,NULL,NULL,NULL,NULL,NULL,NULL,NULL,NULL,NULL,0,0,0,0,0,0.0000,0.00,0,0.00,NULL,NULL,NULL,NULL,NULL,NULL,'0',NULL,NULL,1,'2020-12-18 19:07:17','2020-12-18 19:25:52','2020-12-18 19:25:52'),(85,591,40751,0,59,'',NULL,NULL,NULL,NULL,NULL,NULL,NULL,NULL,NULL,NULL,NULL,NULL,NULL,NULL,NULL,NULL,6,'','',1,NULL,NULL,NULL,NULL,NULL,NULL,NULL,NULL,NULL,0,0,0,0,1,NULL,NULL,5,NULL,NULL,0.00,0,0.00,0.00,0.00,NULL,NULL,NULL,'1969-12-31','1969-12-31',NULL,NULL,0,NULL,NULL,NULL,NULL,NULL,NULL,NULL,NULL,NULL,0,0,0,0,0,0.0000,0.00,0,0.00,NULL,NULL,NULL,NULL,NULL,NULL,'0',NULL,NULL,1,'2020-12-18 19:07:17','2020-12-18 19:27:03','2020-12-18 19:27:03'),(86,591,40751,0,60,'',NULL,NULL,NULL,NULL,NULL,NULL,NULL,NULL,NULL,NULL,NULL,NULL,NULL,NULL,NULL,NULL,6,'J@CZ\r\n','0\0-J@CZ\r\n-',1,NULL,NULL,NULL,NULL,NULL,NULL,NULL,NULL,NULL,0,0,0,0,1,NULL,NULL,5,NULL,NULL,0.00,0,0.00,0.00,0.00,NULL,NULL,NULL,'1969-12-31','1969-12-31',NULL,NULL,0,NULL,NULL,NULL,NULL,NULL,NULL,NULL,NULL,NULL,0,0,0,0,0,0.0000,0.00,0,0.00,NULL,NULL,NULL,NULL,NULL,NULL,'0',NULL,NULL,1,'2020-12-18 19:07:17','2020-12-18 19:27:10','2020-12-18 19:27:10'),(87,591,40751,0,61,'',NULL,NULL,NULL,NULL,NULL,NULL,NULL,NULL,NULL,NULL,NULL,NULL,NULL,NULL,NULL,NULL,6,'dstream\r','en-dstream\r-e',1,NULL,NULL,NULL,NULL,NULL,NULL,NULL,NULL,NULL,0,0,0,0,1,NULL,NULL,5,NULL,NULL,0.00,0,0.00,0.00,0.00,NULL,NULL,NULL,'1969-12-31','1969-12-31',NULL,NULL,0,NULL,NULL,NULL,NULL,NULL,NULL,NULL,NULL,NULL,0,0,0,0,0,0.0000,0.00,0,0.00,NULL,NULL,NULL,NULL,NULL,NULL,'0',NULL,NULL,1,'2020-12-18 19:07:17','2020-12-18 19:27:18','2020-12-18 19:27:18'),(88,591,40751,0,62,'',NULL,NULL,NULL,NULL,NULL,NULL,NULL,NULL,NULL,NULL,NULL,NULL,NULL,NULL,NULL,NULL,6,'ė','H',1,NULL,NULL,NULL,NULL,NULL,NULL,NULL,NULL,NULL,0,0,0,0,1,NULL,NULL,5,NULL,NULL,0.00,0,0.00,0.00,0.00,NULL,NULL,NULL,'1969-12-31','1969-12-31',NULL,NULL,0,NULL,NULL,NULL,NULL,NULL,NULL,NULL,NULL,NULL,0,0,0,0,0,0.0000,0.00,0,0.00,NULL,NULL,NULL,NULL,NULL,NULL,'0',NULL,NULL,1,'2020-12-18 19:07:17','2020-12-18 19:25:58','2020-12-18 19:25:58'),(89,591,40751,0,63,'',NULL,NULL,NULL,NULL,NULL,NULL,NULL,NULL,NULL,NULL,NULL,NULL,NULL,NULL,NULL,NULL,6,'','pM-',1,NULL,NULL,NULL,NULL,NULL,NULL,NULL,NULL,NULL,0,0,0,0,1,NULL,NULL,5,NULL,NULL,0.00,0,0.00,0.00,0.00,NULL,NULL,NULL,'1969-12-31','1969-12-31',NULL,NULL,0,NULL,NULL,NULL,NULL,NULL,NULL,NULL,NULL,NULL,0,0,0,0,0,0.0000,0.00,0,0.00,NULL,NULL,NULL,NULL,NULL,NULL,'0',NULL,NULL,1,'2020-12-18 19:07:17','2020-12-18 19:27:24','2020-12-18 19:27:24'),(90,591,40751,0,64,'',NULL,NULL,NULL,NULL,NULL,NULL,NULL,NULL,NULL,NULL,NULL,NULL,NULL,NULL,NULL,NULL,6,'dstream\r','en-dstream\r-e',1,NULL,NULL,NULL,NULL,NULL,NULL,NULL,NULL,NULL,0,0,0,0,1,NULL,NULL,5,NULL,NULL,0.00,0,0.00,0.00,0.00,NULL,NULL,NULL,'1969-12-31','1969-12-31',NULL,NULL,0,NULL,NULL,NULL,NULL,NULL,NULL,NULL,NULL,NULL,0,0,0,0,0,0.0000,0.00,0,0.00,NULL,NULL,NULL,NULL,NULL,NULL,'0',NULL,NULL,1,'2020-12-18 19:07:17','2020-12-18 19:27:31','2020-12-18 19:27:31');
INSERT INTO `syj_empleados` VALUES (91,591,40751,0,65,'',NULL,NULL,NULL,NULL,NULL,NULL,NULL,NULL,NULL,NULL,NULL,NULL,NULL,NULL,NULL,NULL,6,'','H',1,NULL,NULL,NULL,NULL,NULL,NULL,NULL,NULL,NULL,0,0,0,0,1,NULL,NULL,5,NULL,NULL,0.00,0,0.00,0.00,0.00,NULL,NULL,NULL,'1969-12-31','1969-12-31',NULL,NULL,0,NULL,NULL,NULL,NULL,NULL,NULL,NULL,NULL,NULL,0,0,0,0,0,0.0000,0.00,0,0.00,NULL,NULL,NULL,NULL,NULL,NULL,'0',NULL,NULL,1,'2020-12-18 19:07:17','2020-12-18 19:27:40','2020-12-18 19:27:40'),(92,591,40751,0,66,'',NULL,NULL,NULL,NULL,NULL,NULL,NULL,NULL,NULL,NULL,NULL,NULL,NULL,NULL,NULL,NULL,6,'','',1,NULL,NULL,NULL,NULL,NULL,NULL,NULL,NULL,NULL,0,0,0,0,1,NULL,NULL,5,NULL,NULL,0.00,0,0.00,0.00,0.00,NULL,NULL,NULL,'1969-12-31','1969-12-31',NULL,NULL,0,NULL,NULL,NULL,NULL,NULL,NULL,NULL,NULL,NULL,0,0,0,0,0,0.0000,0.00,0,0.00,NULL,NULL,NULL,NULL,NULL,NULL,'0',NULL,NULL,1,'2020-12-18 19:07:17','2020-12-18 19:27:47','2020-12-18 19:27:47'),(93,591,40751,0,67,'',NULL,NULL,NULL,NULL,NULL,NULL,NULL,NULL,NULL,NULL,NULL,NULL,NULL,NULL,NULL,NULL,6,'','Xx-',1,NULL,NULL,NULL,NULL,NULL,NULL,NULL,NULL,NULL,0,0,0,0,1,NULL,NULL,5,NULL,NULL,0.00,0,0.00,0.00,0.00,NULL,NULL,NULL,'1969-12-31','1969-12-31',NULL,NULL,0,NULL,NULL,NULL,NULL,NULL,NULL,NULL,NULL,NULL,0,0,0,0,0,0.0000,0.00,0,0.00,NULL,NULL,NULL,NULL,NULL,NULL,'0',NULL,NULL,1,'2020-12-18 19:07:17','2020-12-18 19:27:54','2020-12-18 19:27:54'),(94,591,40751,0,68,'',NULL,NULL,NULL,NULL,NULL,NULL,NULL,NULL,NULL,NULL,NULL,NULL,NULL,NULL,NULL,NULL,6,'dstream\r','en-dstream\r-e',1,NULL,NULL,NULL,NULL,NULL,NULL,NULL,NULL,NULL,0,0,0,0,1,NULL,NULL,5,NULL,NULL,0.00,0,0.00,0.00,0.00,NULL,NULL,NULL,'1969-12-31','1969-12-31',NULL,NULL,0,NULL,NULL,NULL,NULL,NULL,NULL,NULL,NULL,NULL,0,0,0,0,0,0.0000,0.00,0,0.00,NULL,NULL,NULL,NULL,NULL,NULL,'0',NULL,NULL,1,'2020-12-18 19:07:17','2020-12-18 19:28:00','2020-12-18 19:28:00'),(95,591,40751,0,69,'',NULL,NULL,NULL,NULL,NULL,NULL,NULL,NULL,NULL,NULL,NULL,NULL,NULL,NULL,NULL,NULL,6,'̗','H',1,NULL,NULL,NULL,NULL,NULL,NULL,NULL,NULL,NULL,0,0,0,0,1,NULL,NULL,5,NULL,NULL,0.00,0,0.00,0.00,0.00,NULL,NULL,NULL,'1969-12-31','1969-12-31',NULL,NULL,0,NULL,NULL,NULL,NULL,NULL,NULL,NULL,NULL,NULL,0,0,0,0,0,0.0000,0.00,0,0.00,NULL,NULL,NULL,NULL,NULL,NULL,'0',NULL,NULL,1,'2020-12-18 19:07:17','2020-12-18 19:28:08','2020-12-18 19:28:08'),(96,591,40751,0,70,'',NULL,NULL,NULL,NULL,NULL,NULL,NULL,NULL,NULL,NULL,NULL,NULL,NULL,NULL,NULL,NULL,6,'','',1,NULL,NULL,NULL,NULL,NULL,NULL,NULL,NULL,NULL,0,0,0,0,1,NULL,NULL,5,NULL,NULL,0.00,0,0.00,0.00,0.00,NULL,NULL,NULL,'1969-12-31','1969-12-31',NULL,NULL,0,NULL,NULL,NULL,NULL,NULL,NULL,NULL,NULL,NULL,0,0,0,0,0,0.0000,0.00,0,0.00,NULL,NULL,NULL,NULL,NULL,NULL,'0',NULL,NULL,1,'2020-12-18 19:07:17','2020-12-18 19:27:38','2020-12-18 19:27:38'),(97,591,40751,0,71,'',NULL,NULL,NULL,NULL,NULL,NULL,NULL,NULL,NULL,NULL,NULL,NULL,NULL,NULL,NULL,NULL,6,'{','%s-{',1,NULL,NULL,NULL,NULL,NULL,NULL,NULL,NULL,NULL,0,0,0,0,1,NULL,NULL,5,NULL,NULL,0.00,0,0.00,0.00,0.00,NULL,NULL,NULL,'1969-12-31','1969-12-31',NULL,NULL,0,NULL,NULL,NULL,NULL,NULL,NULL,NULL,NULL,NULL,0,0,0,0,0,0.0000,0.00,0,0.00,NULL,NULL,NULL,NULL,NULL,NULL,'0',NULL,NULL,1,'2020-12-18 19:07:17','2020-12-18 19:28:15','2020-12-18 19:28:15'),(98,591,40751,0,72,'',NULL,NULL,NULL,NULL,NULL,NULL,NULL,NULL,NULL,NULL,NULL,NULL,NULL,NULL,NULL,NULL,6,'Ӡ\Z[/','',1,NULL,NULL,NULL,NULL,NULL,NULL,NULL,NULL,NULL,0,0,0,0,1,NULL,NULL,5,NULL,NULL,0.00,0,0.00,0.00,0.00,NULL,NULL,NULL,'1969-12-31','1969-12-31',NULL,NULL,0,NULL,NULL,NULL,NULL,NULL,NULL,NULL,NULL,NULL,0,0,0,0,0,0.0000,0.00,0,0.00,NULL,NULL,NULL,NULL,NULL,NULL,'0',NULL,NULL,1,'2020-12-18 19:07:17','2020-12-18 19:28:21','2020-12-18 19:28:21');
INSERT INTO `syj_empleados` VALUES (99,591,40751,0,73,'',NULL,NULL,NULL,NULL,NULL,NULL,NULL,NULL,NULL,NULL,NULL,NULL,NULL,NULL,NULL,NULL,6,'','',1,NULL,NULL,NULL,NULL,NULL,NULL,NULL,NULL,NULL,0,0,0,0,1,NULL,NULL,5,NULL,NULL,0.00,0,0.00,0.00,0.00,NULL,NULL,NULL,'1969-12-31','1969-12-31',NULL,NULL,0,NULL,NULL,NULL,NULL,NULL,NULL,NULL,NULL,NULL,0,0,0,0,0,0.0000,0.00,0,0.00,NULL,NULL,NULL,NULL,NULL,NULL,'0',NULL,NULL,1,'2020-12-18 19:07:17','2020-12-18 19:27:13','2020-12-18 19:27:13'),(100,591,40751,0,74,'',NULL,NULL,NULL,NULL,NULL,NULL,NULL,NULL,NULL,NULL,NULL,NULL,NULL,NULL,NULL,NULL,6,'dstream\r','en-dstream\r-e',1,NULL,NULL,NULL,NULL,NULL,NULL,NULL,NULL,NULL,0,0,0,0,1,NULL,NULL,5,NULL,NULL,0.00,0,0.00,0.00,0.00,NULL,NULL,NULL,'1969-12-31','1969-12-31',NULL,NULL,0,NULL,NULL,NULL,NULL,NULL,NULL,NULL,NULL,NULL,0,0,0,0,0,0.0000,0.00,0,0.00,NULL,NULL,NULL,NULL,NULL,NULL,'0',NULL,NULL,1,'2020-12-18 19:07:17','2020-12-18 19:28:28','2020-12-18 19:28:28'),(101,591,40751,0,75,'',NULL,NULL,NULL,NULL,NULL,NULL,NULL,NULL,NULL,NULL,NULL,NULL,NULL,NULL,NULL,NULL,6,'','x',1,NULL,NULL,NULL,NULL,NULL,NULL,NULL,NULL,NULL,0,0,0,0,1,NULL,NULL,5,NULL,NULL,0.00,0,0.00,0.00,0.00,NULL,NULL,NULL,'1969-12-31','1969-12-31',NULL,NULL,0,NULL,NULL,NULL,NULL,NULL,NULL,NULL,NULL,NULL,0,0,0,0,0,0.0000,0.00,0,0.00,NULL,NULL,NULL,NULL,NULL,NULL,'0',NULL,NULL,1,'2020-12-18 19:07:17','2020-12-18 19:28:35','2020-12-18 19:28:35'),(102,591,40751,0,76,'',NULL,NULL,NULL,NULL,NULL,NULL,NULL,NULL,NULL,NULL,NULL,NULL,NULL,NULL,NULL,NULL,6,'C{t','\00-C{t',1,NULL,NULL,NULL,NULL,NULL,NULL,NULL,NULL,NULL,0,0,0,0,1,NULL,NULL,5,NULL,NULL,0.00,0,0.00,0.00,0.00,NULL,NULL,NULL,'1969-12-31','1969-12-31',NULL,NULL,0,NULL,NULL,NULL,NULL,NULL,NULL,NULL,NULL,NULL,0,0,0,0,0,0.0000,0.00,0,0.00,NULL,NULL,NULL,NULL,NULL,NULL,'0',NULL,NULL,1,'2020-12-18 19:07:17','2020-12-18 19:28:42','2020-12-18 19:28:42'),(103,591,40751,0,77,'',NULL,NULL,NULL,NULL,NULL,NULL,NULL,NULL,NULL,NULL,NULL,NULL,NULL,NULL,NULL,NULL,6,'Z','=',1,NULL,NULL,NULL,NULL,NULL,NULL,NULL,NULL,NULL,0,0,0,0,1,NULL,NULL,5,NULL,NULL,0.00,0,0.00,0.00,0.00,NULL,NULL,NULL,'1969-12-31','1969-12-31',NULL,NULL,0,NULL,NULL,NULL,NULL,NULL,NULL,NULL,NULL,NULL,0,0,0,0,0,0.0000,0.00,0,0.00,NULL,NULL,NULL,NULL,NULL,NULL,'0',NULL,NULL,1,'2020-12-18 19:07:17','2020-12-18 19:28:49','2020-12-18 19:28:49'),(104,591,40751,0,78,'',NULL,NULL,NULL,NULL,NULL,NULL,NULL,NULL,NULL,NULL,NULL,NULL,NULL,NULL,NULL,NULL,6,'','F',1,NULL,NULL,NULL,NULL,NULL,NULL,NULL,NULL,NULL,0,0,0,0,1,NULL,NULL,5,NULL,NULL,0.00,0,0.00,0.00,0.00,NULL,NULL,NULL,'1969-12-31','1969-12-31',NULL,NULL,0,NULL,NULL,NULL,NULL,NULL,NULL,NULL,NULL,NULL,0,0,0,0,0,0.0000,0.00,0,0.00,NULL,NULL,NULL,NULL,NULL,NULL,'0',NULL,NULL,1,'2020-12-18 19:07:17','2020-12-18 19:28:55','2020-12-18 19:28:55'),(105,591,40751,0,79,'',NULL,NULL,NULL,NULL,NULL,NULL,NULL,NULL,NULL,NULL,NULL,NULL,NULL,NULL,NULL,NULL,6,'dstream\r','en-dstream\r-e',1,NULL,NULL,NULL,NULL,NULL,NULL,NULL,NULL,NULL,0,0,0,0,1,NULL,NULL,5,NULL,NULL,0.00,0,0.00,0.00,0.00,NULL,NULL,NULL,'1969-12-31','1969-12-31',NULL,NULL,0,NULL,NULL,NULL,NULL,NULL,NULL,NULL,NULL,NULL,0,0,0,0,0,0.0000,0.00,0,0.00,NULL,NULL,NULL,NULL,NULL,NULL,'0',NULL,NULL,1,'2020-12-18 19:07:17','2020-12-18 19:29:02','2020-12-18 19:29:02'),(106,591,40751,0,80,'',NULL,NULL,NULL,NULL,NULL,NULL,NULL,NULL,NULL,NULL,NULL,NULL,NULL,NULL,NULL,NULL,6,'','H',1,NULL,NULL,NULL,NULL,NULL,NULL,NULL,NULL,NULL,0,0,0,0,1,NULL,NULL,5,NULL,NULL,0.00,0,0.00,0.00,0.00,NULL,NULL,NULL,'1969-12-31','1969-12-31',NULL,NULL,0,NULL,NULL,NULL,NULL,NULL,NULL,NULL,NULL,NULL,0,0,0,0,0,0.0000,0.00,0,0.00,NULL,NULL,NULL,NULL,NULL,NULL,'0',NULL,NULL,1,'2020-12-18 19:07:17','2020-12-18 19:29:09','2020-12-18 19:29:09');
INSERT INTO `syj_empleados` VALUES (107,591,40751,0,81,'',NULL,NULL,NULL,NULL,NULL,NULL,NULL,NULL,NULL,NULL,NULL,NULL,NULL,NULL,NULL,NULL,6,'dÖL\r?','',1,NULL,NULL,NULL,NULL,NULL,NULL,NULL,NULL,NULL,0,0,0,0,1,NULL,NULL,5,NULL,NULL,0.00,0,0.00,0.00,0.00,NULL,NULL,NULL,'1969-12-31','1969-12-31',NULL,NULL,0,NULL,NULL,NULL,NULL,NULL,NULL,NULL,NULL,NULL,0,0,0,0,0,0.0000,0.00,0,0.00,NULL,NULL,NULL,NULL,NULL,NULL,'0',NULL,NULL,1,'2020-12-18 19:07:17','2020-12-18 19:29:16','2020-12-18 19:29:16'),(108,591,40751,0,82,'',NULL,NULL,NULL,NULL,NULL,NULL,NULL,NULL,NULL,NULL,NULL,NULL,NULL,NULL,NULL,NULL,6,'z\Z','~s-z\Z',1,NULL,NULL,NULL,NULL,NULL,NULL,NULL,NULL,NULL,0,0,0,0,1,NULL,NULL,5,NULL,NULL,0.00,0,0.00,0.00,0.00,NULL,NULL,NULL,'1969-12-31','1969-12-31',NULL,NULL,0,NULL,NULL,NULL,NULL,NULL,NULL,NULL,NULL,NULL,0,0,0,0,0,0.0000,0.00,0,0.00,NULL,NULL,NULL,NULL,NULL,NULL,'0',NULL,NULL,1,'2020-12-18 19:07:17','2020-12-18 19:28:38','2020-12-18 19:28:38'),(109,591,40751,0,83,'',NULL,NULL,NULL,NULL,NULL,NULL,NULL,NULL,NULL,NULL,NULL,NULL,NULL,NULL,NULL,NULL,6,'','^-',1,NULL,NULL,NULL,NULL,NULL,NULL,NULL,NULL,NULL,0,0,0,0,1,NULL,NULL,5,NULL,NULL,0.00,0,0.00,0.00,0.00,NULL,NULL,NULL,'1969-12-31','1969-12-31',NULL,NULL,0,NULL,NULL,NULL,NULL,NULL,NULL,NULL,NULL,NULL,0,0,0,0,0,0.0000,0.00,0,0.00,NULL,NULL,NULL,NULL,NULL,NULL,'0',NULL,NULL,1,'2020-12-18 19:07:17','2020-12-18 19:28:44','2020-12-18 19:28:44'),(110,591,40751,0,84,'',NULL,NULL,NULL,NULL,NULL,NULL,NULL,NULL,NULL,NULL,NULL,NULL,NULL,NULL,NULL,NULL,6,'-Ş','Y',1,NULL,NULL,NULL,NULL,NULL,NULL,NULL,NULL,NULL,0,0,0,0,1,NULL,NULL,5,NULL,NULL,0.00,0,0.00,0.00,0.00,NULL,NULL,NULL,'1969-12-31','1969-12-31',NULL,NULL,0,NULL,NULL,NULL,NULL,NULL,NULL,NULL,NULL,NULL,0,0,0,0,0,0.0000,0.00,0,0.00,NULL,NULL,NULL,NULL,NULL,NULL,'0',NULL,NULL,1,'2020-12-18 19:07:17','2020-12-18 19:29:24','2020-12-18 19:29:24'),(111,591,40751,0,85,'',NULL,NULL,NULL,NULL,NULL,NULL,NULL,NULL,NULL,NULL,NULL,NULL,NULL,NULL,NULL,NULL,6,'3{*','',1,NULL,NULL,NULL,NULL,NULL,NULL,NULL,NULL,NULL,0,0,0,0,1,NULL,NULL,5,NULL,NULL,0.00,0,0.00,0.00,0.00,NULL,NULL,NULL,'1969-12-31','1969-12-31',NULL,NULL,0,NULL,NULL,NULL,NULL,NULL,NULL,NULL,NULL,NULL,0,0,0,0,0,0.0000,0.00,0,0.00,NULL,NULL,NULL,NULL,NULL,NULL,'0',NULL,NULL,1,'2020-12-18 19:07:17','2020-12-18 19:27:22','2020-12-18 19:27:22'),(112,591,40751,0,86,'dobj\r24 0 obj\r<</BaseFont/Arial/Encoding<</BaseEncoding/WinAnsiEncoding/Differences[128/Euro 141/u008D]/Type/Encoding>>/FirstChar 30/FontDescriptor 25 0 R/LastChar 255/Subtype/TrueType/Type/F',NULL,NULL,NULL,NULL,NULL,NULL,NULL,NULL,NULL,NULL,NULL,NULL,NULL,NULL,NULL,NULL,6,'dstream\r','en-dstream\r-e',1,NULL,NULL,NULL,NULL,NULL,NULL,NULL,NULL,NULL,0,0,0,0,1,NULL,NULL,5,NULL,NULL,0.00,0,0.00,0.00,0.00,NULL,NULL,NULL,'1969-12-31','1969-12-31',NULL,NULL,0,NULL,NULL,NULL,NULL,NULL,NULL,NULL,NULL,NULL,0,0,0,0,0,0.0000,0.00,0,0.00,NULL,NULL,NULL,NULL,NULL,NULL,'0',NULL,NULL,1,'2020-12-18 19:07:17','2020-12-18 19:33:18','2020-12-18 19:33:18'),(113,591,40751,0,87,'',NULL,NULL,NULL,NULL,NULL,NULL,NULL,NULL,NULL,NULL,NULL,NULL,NULL,NULL,NULL,NULL,6,'','x',1,NULL,NULL,NULL,NULL,NULL,NULL,NULL,NULL,NULL,0,0,0,0,1,NULL,NULL,5,NULL,NULL,0.00,0,0.00,0.00,0.00,NULL,NULL,NULL,'1969-12-31','1969-12-31',NULL,NULL,0,NULL,NULL,NULL,NULL,NULL,NULL,NULL,NULL,NULL,0,0,0,0,0,0.0000,0.00,0,0.00,NULL,NULL,NULL,NULL,NULL,NULL,'0',NULL,NULL,1,'2020-12-18 19:07:17','2020-12-18 19:29:05','2020-12-18 19:29:05'),(114,591,40751,0,88,'',NULL,NULL,NULL,NULL,NULL,NULL,NULL,NULL,NULL,NULL,NULL,NULL,NULL,NULL,NULL,NULL,6,'','',1,NULL,NULL,NULL,NULL,NULL,NULL,NULL,NULL,NULL,0,0,0,0,1,NULL,NULL,5,NULL,NULL,0.00,0,0.00,0.00,0.00,NULL,NULL,NULL,'1969-12-31','1969-12-31',NULL,NULL,0,NULL,NULL,NULL,NULL,NULL,NULL,NULL,NULL,NULL,0,0,0,0,0,0.0000,0.00,0,0.00,NULL,NULL,NULL,NULL,NULL,NULL,'0',NULL,NULL,1,'2020-12-18 19:07:17','2020-12-18 19:28:49','2020-12-18 19:28:49');
INSERT INTO `syj_empleados` VALUES (115,591,40751,0,89,'',NULL,NULL,NULL,NULL,NULL,NULL,NULL,NULL,NULL,NULL,NULL,NULL,NULL,NULL,NULL,NULL,6,'d*','+',1,NULL,NULL,NULL,NULL,NULL,NULL,NULL,NULL,NULL,0,0,0,0,1,NULL,NULL,5,NULL,NULL,0.00,0,0.00,0.00,0.00,NULL,NULL,NULL,'1969-12-31','1969-12-31',NULL,NULL,0,NULL,NULL,NULL,NULL,NULL,NULL,NULL,NULL,NULL,0,0,0,0,0,0.0000,0.00,0,0.00,NULL,NULL,NULL,NULL,NULL,NULL,'0',NULL,NULL,1,'2020-12-18 19:07:17','2020-12-18 19:29:32','2020-12-18 19:29:32'),(116,591,40751,0,90,'',NULL,NULL,NULL,NULL,NULL,NULL,NULL,NULL,NULL,NULL,NULL,NULL,NULL,NULL,NULL,NULL,6,'	','',1,NULL,NULL,NULL,NULL,NULL,NULL,NULL,NULL,NULL,0,0,0,0,1,NULL,NULL,5,NULL,NULL,0.00,0,0.00,0.00,0.00,NULL,NULL,NULL,'1969-12-31','1969-12-31',NULL,NULL,0,NULL,NULL,NULL,NULL,NULL,NULL,NULL,NULL,NULL,0,0,0,0,0,0.0000,0.00,0,0.00,NULL,NULL,NULL,NULL,NULL,NULL,'0',NULL,NULL,1,'2020-12-18 19:07:17','2020-12-18 19:28:55','2020-12-18 19:28:55'),(117,591,40751,0,91,'',NULL,NULL,NULL,NULL,NULL,NULL,NULL,NULL,NULL,NULL,NULL,NULL,NULL,NULL,NULL,NULL,6,'','',1,NULL,NULL,NULL,NULL,NULL,NULL,NULL,NULL,NULL,0,0,0,0,1,NULL,NULL,5,NULL,NULL,0.00,0,0.00,0.00,0.00,NULL,NULL,NULL,'1969-12-31','1969-12-31',NULL,NULL,0,NULL,NULL,NULL,NULL,NULL,NULL,NULL,NULL,NULL,0,0,0,0,0,0.0000,0.00,0,0.00,NULL,NULL,NULL,NULL,NULL,NULL,'0',NULL,NULL,1,'2020-12-18 19:07:17','2020-12-18 19:29:54','2020-12-18 19:29:54'),(118,591,40751,0,92,'',NULL,NULL,NULL,NULL,NULL,NULL,NULL,NULL,NULL,NULL,NULL,NULL,NULL,NULL,NULL,NULL,6,'>$\'','',1,NULL,NULL,NULL,NULL,NULL,NULL,NULL,NULL,NULL,0,0,0,0,1,NULL,NULL,5,NULL,NULL,0.00,0,0.00,0.00,0.00,NULL,NULL,NULL,'1969-12-31','1969-12-31',NULL,NULL,0,NULL,NULL,NULL,NULL,NULL,NULL,NULL,NULL,NULL,0,0,0,0,0,0.0000,0.00,0,0.00,NULL,NULL,NULL,NULL,NULL,NULL,'0',NULL,NULL,1,'2020-12-18 19:07:17','2020-12-18 19:30:19','2020-12-18 19:30:19'),(119,591,40751,0,93,'',NULL,NULL,NULL,NULL,NULL,NULL,NULL,NULL,NULL,NULL,NULL,NULL,NULL,NULL,NULL,NULL,6,'','',1,NULL,NULL,NULL,NULL,NULL,NULL,NULL,NULL,NULL,0,0,0,0,1,NULL,NULL,5,NULL,NULL,0.00,0,0.00,0.00,0.00,NULL,NULL,NULL,'1969-12-31','1969-12-31',NULL,NULL,0,NULL,NULL,NULL,NULL,NULL,NULL,NULL,NULL,NULL,0,0,0,0,0,0.0000,0.00,0,0.00,NULL,NULL,NULL,NULL,NULL,NULL,'0',NULL,NULL,1,'2020-12-18 19:07:17','2020-12-18 19:27:48','2020-12-18 19:27:48'),(120,591,40751,0,94,'',NULL,NULL,NULL,NULL,NULL,NULL,NULL,NULL,NULL,NULL,NULL,NULL,NULL,NULL,NULL,NULL,6,'','(',1,NULL,NULL,NULL,NULL,NULL,NULL,NULL,NULL,NULL,0,0,0,0,1,NULL,NULL,5,NULL,NULL,0.00,0,0.00,0.00,0.00,NULL,NULL,NULL,'1969-12-31','1969-12-31',NULL,NULL,0,NULL,NULL,NULL,NULL,NULL,NULL,NULL,NULL,NULL,0,0,0,0,0,0.0000,0.00,0,0.00,NULL,NULL,NULL,NULL,NULL,NULL,'0',NULL,NULL,1,'2020-12-18 19:07:17','2020-12-18 19:30:28','2020-12-18 19:30:28'),(121,591,40751,0,95,'',NULL,NULL,NULL,NULL,NULL,NULL,NULL,NULL,NULL,NULL,NULL,NULL,NULL,NULL,NULL,NULL,6,'\"','',1,NULL,NULL,NULL,NULL,NULL,NULL,NULL,NULL,NULL,0,0,0,0,1,NULL,NULL,5,NULL,NULL,0.00,0,0.00,0.00,0.00,NULL,NULL,NULL,'1969-12-31','1969-12-31',NULL,NULL,0,NULL,NULL,NULL,NULL,NULL,NULL,NULL,NULL,NULL,0,0,0,0,0,0.0000,0.00,0,0.00,NULL,NULL,NULL,NULL,NULL,NULL,'0',NULL,NULL,1,'2020-12-18 19:07:17','2020-12-18 19:28:20','2020-12-18 19:28:20'),(122,591,40751,0,96,'',NULL,NULL,NULL,NULL,NULL,NULL,NULL,NULL,NULL,NULL,NULL,NULL,NULL,NULL,NULL,NULL,6,'o','',1,NULL,NULL,NULL,NULL,NULL,NULL,NULL,NULL,NULL,0,0,0,0,1,NULL,NULL,5,NULL,NULL,0.00,0,0.00,0.00,0.00,NULL,NULL,NULL,'1969-12-31','1969-12-31',NULL,NULL,0,NULL,NULL,NULL,NULL,NULL,NULL,NULL,NULL,NULL,0,0,0,0,0,0.0000,0.00,0,0.00,NULL,NULL,NULL,NULL,NULL,NULL,'0',NULL,NULL,1,'2020-12-18 19:07:17','2020-12-18 19:29:19','2020-12-18 19:29:19');
INSERT INTO `syj_empleados` VALUES (123,591,40751,0,97,'',NULL,NULL,NULL,NULL,NULL,NULL,NULL,NULL,NULL,NULL,NULL,NULL,NULL,NULL,NULL,NULL,6,'5w%','',1,NULL,NULL,NULL,NULL,NULL,NULL,NULL,NULL,NULL,0,0,0,0,1,NULL,NULL,5,NULL,NULL,0.00,0,0.00,0.00,0.00,NULL,NULL,NULL,'1969-12-31','1969-12-31',NULL,NULL,0,NULL,NULL,NULL,NULL,NULL,NULL,NULL,NULL,NULL,0,0,0,0,0,0.0000,0.00,0,0.00,NULL,NULL,NULL,NULL,NULL,NULL,'0',NULL,NULL,1,'2020-12-18 19:07:17','2020-12-18 19:30:35','2020-12-18 19:30:35'),(124,591,40751,0,98,'',NULL,NULL,NULL,NULL,NULL,NULL,NULL,NULL,NULL,NULL,NULL,NULL,NULL,NULL,NULL,NULL,6,'',']-',1,NULL,NULL,NULL,NULL,NULL,NULL,NULL,NULL,NULL,0,0,0,0,1,NULL,NULL,5,NULL,NULL,0.00,0,0.00,0.00,0.00,NULL,NULL,NULL,'1969-12-31','1969-12-31',NULL,NULL,0,NULL,NULL,NULL,NULL,NULL,NULL,NULL,NULL,NULL,0,0,0,0,0,0.0000,0.00,0,0.00,NULL,NULL,NULL,NULL,NULL,NULL,'0',NULL,NULL,1,'2020-12-18 19:07:17','2020-12-18 19:30:42','2020-12-18 19:30:42'),(125,591,40751,0,99,'',NULL,NULL,NULL,NULL,NULL,NULL,NULL,NULL,NULL,NULL,NULL,NULL,NULL,NULL,NULL,NULL,6,'aB8A','',1,NULL,NULL,NULL,NULL,NULL,NULL,NULL,NULL,NULL,0,0,0,0,1,NULL,NULL,5,NULL,NULL,0.00,0,0.00,0.00,0.00,NULL,NULL,NULL,'1969-12-31','1969-12-31',NULL,NULL,0,NULL,NULL,NULL,NULL,NULL,NULL,NULL,NULL,NULL,0,0,0,0,0,0.0000,0.00,0,0.00,NULL,NULL,NULL,NULL,NULL,NULL,'0',NULL,NULL,1,'2020-12-18 19:07:17','2020-12-18 19:28:12','2020-12-18 19:28:12'),(126,591,40751,0,100,'',NULL,NULL,NULL,NULL,NULL,NULL,NULL,NULL,NULL,NULL,NULL,NULL,NULL,NULL,NULL,NULL,6,'Ղ','',1,NULL,NULL,NULL,NULL,NULL,NULL,NULL,NULL,NULL,0,0,0,0,1,NULL,NULL,5,NULL,NULL,0.00,0,0.00,0.00,0.00,NULL,NULL,NULL,'1969-12-31','1969-12-31',NULL,NULL,0,NULL,NULL,NULL,NULL,NULL,NULL,NULL,NULL,NULL,0,0,0,0,0,0.0000,0.00,0,0.00,NULL,NULL,NULL,NULL,NULL,NULL,'0',NULL,NULL,1,'2020-12-18 19:07:17','2020-12-18 19:28:04','2020-12-18 19:28:04'),(127,591,40751,0,101,'',NULL,NULL,NULL,NULL,NULL,NULL,NULL,NULL,NULL,NULL,NULL,NULL,NULL,NULL,NULL,NULL,6,'','9',1,NULL,NULL,NULL,NULL,NULL,NULL,NULL,NULL,NULL,0,0,0,0,1,NULL,NULL,5,NULL,NULL,0.00,0,0.00,0.00,0.00,NULL,NULL,NULL,'1969-12-31','1969-12-31',NULL,NULL,0,NULL,NULL,NULL,NULL,NULL,NULL,NULL,NULL,NULL,0,0,0,0,0,0.0000,0.00,0,0.00,NULL,NULL,NULL,NULL,NULL,NULL,'0',NULL,NULL,1,'2020-12-18 19:07:17','2020-12-18 19:29:27','2020-12-18 19:29:27'),(128,591,40751,0,102,'',NULL,NULL,NULL,NULL,NULL,NULL,NULL,NULL,NULL,NULL,NULL,NULL,NULL,NULL,NULL,NULL,6,'','Ft-',1,NULL,NULL,NULL,NULL,NULL,NULL,NULL,NULL,NULL,0,0,0,0,1,NULL,NULL,5,NULL,NULL,0.00,0,0.00,0.00,0.00,NULL,NULL,NULL,'1969-12-31','1969-12-31',NULL,NULL,0,NULL,NULL,NULL,NULL,NULL,NULL,NULL,NULL,NULL,0,0,0,0,0,0.0000,0.00,0,0.00,NULL,NULL,NULL,NULL,NULL,NULL,'0',NULL,NULL,1,'2020-12-18 19:07:17','2020-12-18 19:29:41','2020-12-18 19:29:41'),(129,591,40751,0,103,'',NULL,NULL,NULL,NULL,NULL,NULL,NULL,NULL,NULL,NULL,NULL,NULL,NULL,NULL,NULL,NULL,6,'h-','',1,NULL,NULL,NULL,NULL,NULL,NULL,NULL,NULL,NULL,0,0,0,0,1,NULL,NULL,5,NULL,NULL,0.00,0,0.00,0.00,0.00,NULL,NULL,NULL,'1969-12-31','1969-12-31',NULL,NULL,0,NULL,NULL,NULL,NULL,NULL,NULL,NULL,NULL,NULL,0,0,0,0,0,0.0000,0.00,0,0.00,NULL,NULL,NULL,NULL,NULL,NULL,'0',NULL,NULL,1,'2020-12-18 19:07:17','2020-12-18 19:29:35','2020-12-18 19:29:35'),(130,591,40751,0,104,'',NULL,NULL,NULL,NULL,NULL,NULL,NULL,NULL,NULL,NULL,NULL,NULL,NULL,NULL,NULL,NULL,6,'','!',1,NULL,NULL,NULL,NULL,NULL,NULL,NULL,NULL,NULL,0,0,0,0,1,NULL,NULL,5,NULL,NULL,0.00,0,0.00,0.00,0.00,NULL,NULL,NULL,'1969-12-31','1969-12-31',NULL,NULL,0,NULL,NULL,NULL,NULL,NULL,NULL,NULL,NULL,NULL,0,0,0,0,0,0.0000,0.00,0,0.00,NULL,NULL,NULL,NULL,NULL,NULL,'0',NULL,NULL,1,'2020-12-18 19:07:17','2020-12-18 19:30:48','2020-12-18 19:30:48');
INSERT INTO `syj_empleados` VALUES (131,591,40751,0,105,'',NULL,NULL,NULL,NULL,NULL,NULL,NULL,NULL,NULL,NULL,NULL,NULL,NULL,NULL,NULL,NULL,6,')','_',1,NULL,NULL,NULL,NULL,NULL,NULL,NULL,NULL,NULL,0,0,0,0,1,NULL,NULL,5,NULL,NULL,0.00,0,0.00,0.00,0.00,NULL,NULL,NULL,'1969-12-31','1969-12-31',NULL,NULL,0,NULL,NULL,NULL,NULL,NULL,NULL,NULL,NULL,NULL,0,0,0,0,0,0.0000,0.00,0,0.00,NULL,NULL,NULL,NULL,NULL,NULL,'0',NULL,NULL,1,'2020-12-18 19:07:17','2020-12-18 19:30:54','2020-12-18 19:30:54'),(132,591,40751,0,106,'',NULL,NULL,NULL,NULL,NULL,NULL,NULL,NULL,NULL,NULL,NULL,NULL,NULL,NULL,NULL,NULL,6,'&','r-&',1,NULL,NULL,NULL,NULL,NULL,NULL,NULL,NULL,NULL,0,0,0,0,1,NULL,NULL,5,NULL,NULL,0.00,0,0.00,0.00,0.00,NULL,NULL,NULL,'1969-12-31','1969-12-31',NULL,NULL,0,NULL,NULL,NULL,NULL,NULL,NULL,NULL,NULL,NULL,0,0,0,0,0,0.0000,0.00,0,0.00,NULL,NULL,NULL,NULL,NULL,NULL,'0',NULL,NULL,1,'2020-12-18 19:07:17','2020-12-18 19:27:56','2020-12-18 19:27:56'),(133,591,40751,0,107,'',NULL,NULL,NULL,NULL,NULL,NULL,NULL,NULL,NULL,NULL,NULL,NULL,NULL,NULL,NULL,NULL,6,'dstream\r','en-dstream\r-e',1,NULL,NULL,NULL,NULL,NULL,NULL,NULL,NULL,NULL,0,0,0,0,1,NULL,NULL,5,NULL,NULL,0.00,0,0.00,0.00,0.00,NULL,NULL,NULL,'1969-12-31','1969-12-31',NULL,NULL,0,NULL,NULL,NULL,NULL,NULL,NULL,NULL,NULL,NULL,0,0,0,0,0,0.0000,0.00,0,0.00,NULL,NULL,NULL,NULL,NULL,NULL,'0',NULL,NULL,1,'2020-12-18 19:07:17','2020-12-18 19:30:04','2020-12-18 19:30:04'),(134,591,40751,0,108,'',NULL,NULL,NULL,NULL,NULL,NULL,NULL,NULL,NULL,NULL,NULL,NULL,NULL,NULL,NULL,NULL,6,'xpacket','<?-xpacket-',1,NULL,NULL,NULL,NULL,NULL,NULL,NULL,NULL,NULL,0,0,0,0,1,NULL,NULL,5,NULL,NULL,0.00,0,0.00,0.00,0.00,NULL,NULL,NULL,'1969-12-31','1969-12-31',NULL,NULL,0,NULL,NULL,NULL,NULL,NULL,NULL,NULL,NULL,NULL,0,0,0,0,0,0.0000,0.00,0,0.00,NULL,NULL,NULL,NULL,NULL,NULL,'0',NULL,NULL,1,'2020-12-18 19:07:17','2020-12-18 19:29:51','2020-12-18 19:29:51'),(135,591,40751,0,109,'',NULL,NULL,NULL,NULL,NULL,NULL,NULL,NULL,NULL,NULL,NULL,NULL,NULL,NULL,NULL,NULL,6,':xmpmeta','<x-:xmpmeta-',1,NULL,NULL,NULL,NULL,NULL,NULL,NULL,NULL,NULL,0,0,0,0,1,NULL,NULL,5,NULL,NULL,0.00,0,0.00,0.00,0.00,NULL,NULL,NULL,'1969-12-31','1969-12-31',NULL,NULL,0,NULL,NULL,NULL,NULL,NULL,NULL,NULL,NULL,NULL,0,0,0,0,0,0.0000,0.00,0,0.00,NULL,NULL,NULL,NULL,NULL,NULL,'0',NULL,NULL,1,'2020-12-18 19:07:17','2020-12-18 19:29:59','2020-12-18 19:29:59'),(136,591,40751,0,110,'',NULL,NULL,NULL,NULL,NULL,NULL,NULL,NULL,NULL,NULL,NULL,NULL,NULL,NULL,NULL,NULL,6,'0','--',1,NULL,NULL,NULL,NULL,NULL,NULL,NULL,NULL,NULL,0,0,0,0,1,NULL,NULL,5,NULL,NULL,0.00,0,0.00,0.00,0.00,NULL,NULL,NULL,'1969-12-31','1969-12-31',NULL,NULL,0,NULL,NULL,NULL,NULL,NULL,NULL,NULL,NULL,NULL,0,0,0,0,0,0.0000,0.00,0,0.00,NULL,NULL,NULL,NULL,NULL,NULL,'0',NULL,NULL,1,'2020-12-18 19:07:17','2020-12-18 19:31:02','2020-12-18 19:31:02'),(137,591,40751,0,111,'',NULL,NULL,NULL,NULL,NULL,NULL,NULL,NULL,NULL,NULL,NULL,NULL,NULL,NULL,NULL,NULL,6,'0','--',1,NULL,NULL,NULL,NULL,NULL,NULL,NULL,NULL,NULL,0,0,0,0,1,NULL,NULL,5,NULL,NULL,0.00,0,0.00,0.00,0.00,NULL,NULL,NULL,'1969-12-31','1969-12-31',NULL,NULL,0,NULL,NULL,NULL,NULL,NULL,NULL,NULL,NULL,NULL,0,0,0,0,0,0.0000,0.00,0,0.00,NULL,NULL,NULL,NULL,NULL,NULL,'0',NULL,NULL,1,'2020-12-18 19:07:17','2020-12-18 19:28:28','2020-12-18 19:28:28'),(138,591,40751,0,112,'',NULL,NULL,NULL,NULL,NULL,NULL,NULL,NULL,NULL,NULL,NULL,NULL,NULL,NULL,NULL,NULL,6,'0','--',1,NULL,NULL,NULL,NULL,NULL,NULL,NULL,NULL,NULL,0,0,0,0,1,NULL,NULL,5,NULL,NULL,0.00,0,0.00,0.00,0.00,NULL,NULL,NULL,'1969-12-31','1969-12-31',NULL,NULL,0,NULL,NULL,NULL,NULL,NULL,NULL,NULL,NULL,NULL,0,0,0,0,0,0.0000,0.00,0,0.00,NULL,NULL,NULL,NULL,NULL,NULL,'0',NULL,NULL,1,'2020-12-18 19:07:17','2020-12-18 19:30:10','2020-12-18 19:30:10');
INSERT INTO `syj_empleados` VALUES (139,591,40751,0,113,'',NULL,NULL,NULL,NULL,NULL,NULL,NULL,NULL,NULL,NULL,NULL,NULL,NULL,NULL,NULL,NULL,6,'0','--',1,NULL,NULL,NULL,NULL,NULL,NULL,NULL,NULL,NULL,0,0,0,0,1,NULL,NULL,5,NULL,NULL,0.00,0,0.00,0.00,0.00,NULL,NULL,NULL,'1969-12-31','1969-12-31',NULL,NULL,0,NULL,NULL,NULL,NULL,NULL,NULL,NULL,NULL,NULL,0,0,0,0,0,0.0000,0.00,0,0.00,NULL,NULL,NULL,NULL,NULL,NULL,'0',NULL,NULL,1,'2020-12-18 19:07:17','2020-12-18 19:30:16','2020-12-18 19:30:16'),(140,591,40751,0,114,'',NULL,NULL,NULL,NULL,NULL,NULL,NULL,NULL,NULL,NULL,NULL,NULL,NULL,NULL,NULL,NULL,6,'0','--',1,NULL,NULL,NULL,NULL,NULL,NULL,NULL,NULL,NULL,0,0,0,0,1,NULL,NULL,5,NULL,NULL,0.00,0,0.00,0.00,0.00,NULL,NULL,NULL,'1969-12-31','1969-12-31',NULL,NULL,0,NULL,NULL,NULL,NULL,NULL,NULL,NULL,NULL,NULL,0,0,0,0,0,0.0000,0.00,0,0.00,NULL,NULL,NULL,NULL,NULL,NULL,'0',NULL,NULL,1,'2020-12-18 19:07:17','2020-12-18 19:21:25','2020-12-18 19:21:25'),(141,591,40751,0,115,'',NULL,NULL,NULL,NULL,NULL,NULL,NULL,NULL,NULL,NULL,NULL,NULL,NULL,NULL,NULL,NULL,6,'0','--',1,NULL,NULL,NULL,NULL,NULL,NULL,NULL,NULL,NULL,0,0,0,0,1,NULL,NULL,5,NULL,NULL,0.00,0,0.00,0.00,0.00,NULL,NULL,NULL,'1969-12-31','1969-12-31',NULL,NULL,0,NULL,NULL,NULL,NULL,NULL,NULL,NULL,NULL,NULL,0,0,0,0,0,0.0000,0.00,0,0.00,NULL,NULL,NULL,NULL,NULL,NULL,'0',NULL,NULL,1,'2020-12-18 19:07:17','2020-12-18 19:31:10','2020-12-18 19:31:10'),(142,591,40751,0,116,'',NULL,NULL,NULL,NULL,NULL,NULL,NULL,NULL,NULL,NULL,NULL,NULL,NULL,NULL,NULL,NULL,6,'0','--',1,NULL,NULL,NULL,NULL,NULL,NULL,NULL,NULL,NULL,0,0,0,0,1,NULL,NULL,5,NULL,NULL,0.00,0,0.00,0.00,0.00,NULL,NULL,NULL,'1969-12-31','1969-12-31',NULL,NULL,0,NULL,NULL,NULL,NULL,NULL,NULL,NULL,NULL,NULL,0,0,0,0,0,0.0000,0.00,0,0.00,NULL,NULL,NULL,NULL,NULL,NULL,'0',NULL,NULL,1,'2020-12-18 19:07:17','2020-12-18 19:30:22','2020-12-18 19:30:22'),(143,591,40751,0,117,'',NULL,NULL,NULL,NULL,NULL,NULL,NULL,NULL,NULL,NULL,NULL,NULL,NULL,NULL,NULL,NULL,6,'0','--',1,NULL,NULL,NULL,NULL,NULL,NULL,NULL,NULL,NULL,0,0,0,0,1,NULL,NULL,5,NULL,NULL,0.00,0,0.00,0.00,0.00,NULL,NULL,NULL,'1969-12-31','1969-12-31',NULL,NULL,0,NULL,NULL,NULL,NULL,NULL,NULL,NULL,NULL,NULL,0,0,0,0,0,0.0000,0.00,0,0.00,NULL,NULL,NULL,NULL,NULL,NULL,'0',NULL,NULL,1,'2020-12-18 19:07:17','2020-12-18 19:31:24','2020-12-18 19:31:24'),(144,591,40751,0,118,'',NULL,NULL,NULL,NULL,NULL,NULL,NULL,NULL,NULL,NULL,NULL,NULL,NULL,NULL,NULL,NULL,6,'0','--',1,NULL,NULL,NULL,NULL,NULL,NULL,NULL,NULL,NULL,0,0,0,0,1,NULL,NULL,5,NULL,NULL,0.00,0,0.00,0.00,0.00,NULL,NULL,NULL,'1969-12-31','1969-12-31',NULL,NULL,0,NULL,NULL,NULL,NULL,NULL,NULL,NULL,NULL,NULL,0,0,0,0,0,0.0000,0.00,0,0.00,NULL,NULL,NULL,NULL,NULL,NULL,'0',NULL,NULL,1,'2020-12-18 19:07:17','2020-12-18 19:30:46','2020-12-18 19:30:46'),(145,591,40751,0,119,'',NULL,NULL,NULL,NULL,NULL,NULL,NULL,NULL,NULL,NULL,NULL,NULL,NULL,NULL,NULL,NULL,6,'0','--',1,NULL,NULL,NULL,NULL,NULL,NULL,NULL,NULL,NULL,0,0,0,0,1,NULL,NULL,5,NULL,NULL,0.00,0,0.00,0.00,0.00,NULL,NULL,NULL,'1969-12-31','1969-12-31',NULL,NULL,0,NULL,NULL,NULL,NULL,NULL,NULL,NULL,NULL,NULL,0,0,0,0,0,0.0000,0.00,0,0.00,NULL,NULL,NULL,NULL,NULL,NULL,'0',NULL,NULL,1,'2020-12-18 19:07:17','2020-12-18 19:30:35','2020-12-18 19:30:35'),(146,591,40751,0,120,'',NULL,NULL,NULL,NULL,NULL,NULL,NULL,NULL,NULL,NULL,NULL,NULL,NULL,NULL,NULL,NULL,6,'0','--',1,NULL,NULL,NULL,NULL,NULL,NULL,NULL,NULL,NULL,0,0,0,0,1,NULL,NULL,5,NULL,NULL,0.00,0,0.00,0.00,0.00,NULL,NULL,NULL,'1969-12-31','1969-12-31',NULL,NULL,0,NULL,NULL,NULL,NULL,NULL,NULL,NULL,NULL,NULL,0,0,0,0,0,0.0000,0.00,0,0.00,NULL,NULL,NULL,NULL,NULL,NULL,'0',NULL,NULL,1,'2020-12-18 19:07:17','2020-12-18 19:31:34','2020-12-18 19:31:34');
INSERT INTO `syj_empleados` VALUES (147,591,40751,0,121,'',NULL,NULL,NULL,NULL,NULL,NULL,NULL,NULL,NULL,NULL,NULL,NULL,NULL,NULL,NULL,NULL,6,'0','--',1,NULL,NULL,NULL,NULL,NULL,NULL,NULL,NULL,NULL,0,0,0,0,1,NULL,NULL,5,NULL,NULL,0.00,0,0.00,0.00,0.00,NULL,NULL,NULL,'1969-12-31','1969-12-31',NULL,NULL,0,NULL,NULL,NULL,NULL,NULL,NULL,NULL,NULL,NULL,0,0,0,0,0,0.0000,0.00,0,0.00,NULL,NULL,NULL,NULL,NULL,NULL,'0',NULL,NULL,1,'2020-12-18 19:07:17','2020-12-18 19:31:50','2020-12-18 19:31:50'),(148,591,40751,0,122,'',NULL,NULL,NULL,NULL,NULL,NULL,NULL,NULL,NULL,NULL,NULL,NULL,NULL,NULL,NULL,NULL,6,'0','--',1,NULL,NULL,NULL,NULL,NULL,NULL,NULL,NULL,NULL,0,0,0,0,1,NULL,NULL,5,NULL,NULL,0.00,0,0.00,0.00,0.00,NULL,NULL,NULL,'1969-12-31','1969-12-31',NULL,NULL,0,NULL,NULL,NULL,NULL,NULL,NULL,NULL,NULL,NULL,0,0,0,0,0,0.0000,0.00,0,0.00,NULL,NULL,NULL,NULL,NULL,NULL,'0',NULL,NULL,1,'2020-12-18 19:07:17','2020-12-18 19:30:54','2020-12-18 19:30:54'),(149,591,40751,0,123,'',NULL,NULL,NULL,NULL,NULL,NULL,NULL,NULL,NULL,NULL,NULL,NULL,NULL,NULL,NULL,NULL,6,'0','--',1,NULL,NULL,NULL,NULL,NULL,NULL,NULL,NULL,NULL,0,0,0,0,1,NULL,NULL,5,NULL,NULL,0.00,0,0.00,0.00,0.00,NULL,NULL,NULL,'1969-12-31','1969-12-31',NULL,NULL,0,NULL,NULL,NULL,NULL,NULL,NULL,NULL,NULL,NULL,0,0,0,0,0,0.0000,0.00,0,0.00,NULL,NULL,NULL,NULL,NULL,NULL,'0',NULL,NULL,1,'2020-12-18 19:07:17','2020-12-18 19:31:58','2020-12-18 19:31:58'),(150,591,40751,0,124,'',NULL,NULL,NULL,NULL,NULL,NULL,NULL,NULL,NULL,NULL,NULL,NULL,NULL,NULL,NULL,NULL,6,'0','--',1,NULL,NULL,NULL,NULL,NULL,NULL,NULL,NULL,NULL,0,0,0,0,1,NULL,NULL,5,NULL,NULL,0.00,0,0.00,0.00,0.00,NULL,NULL,NULL,'1969-12-31','1969-12-31',NULL,NULL,0,NULL,NULL,NULL,NULL,NULL,NULL,NULL,NULL,NULL,0,0,0,0,0,0.0000,0.00,0,0.00,NULL,NULL,NULL,NULL,NULL,NULL,'0',NULL,NULL,1,'2020-12-18 19:07:17','2020-12-18 19:32:06','2020-12-18 19:32:06'),(151,591,40751,0,125,'',NULL,NULL,NULL,NULL,NULL,NULL,NULL,NULL,NULL,NULL,NULL,NULL,NULL,NULL,NULL,NULL,6,'0','--',1,NULL,NULL,NULL,NULL,NULL,NULL,NULL,NULL,NULL,0,0,0,0,1,NULL,NULL,5,NULL,NULL,0.00,0,0.00,0.00,0.00,NULL,NULL,NULL,'1969-12-31','1969-12-31',NULL,NULL,0,NULL,NULL,NULL,NULL,NULL,NULL,NULL,NULL,NULL,0,0,0,0,0,0.0000,0.00,0,0.00,NULL,NULL,NULL,NULL,NULL,NULL,'0',NULL,NULL,1,'2020-12-18 19:07:17','2020-12-18 19:32:14','2020-12-18 19:32:14'),(152,591,40751,0,126,'',NULL,NULL,NULL,NULL,NULL,NULL,NULL,NULL,NULL,NULL,NULL,NULL,NULL,NULL,NULL,NULL,6,'0','--',1,NULL,NULL,NULL,NULL,NULL,NULL,NULL,NULL,NULL,0,0,0,0,1,NULL,NULL,5,NULL,NULL,0.00,0,0.00,0.00,0.00,NULL,NULL,NULL,'1969-12-31','1969-12-31',NULL,NULL,0,NULL,NULL,NULL,NULL,NULL,NULL,NULL,NULL,NULL,0,0,0,0,0,0.0000,0.00,0,0.00,NULL,NULL,NULL,NULL,NULL,NULL,'0',NULL,NULL,1,'2020-12-18 19:07:17','2020-12-18 19:31:14','2020-12-18 19:31:14'),(153,591,40751,0,127,'',NULL,NULL,NULL,NULL,NULL,NULL,NULL,NULL,NULL,NULL,NULL,NULL,NULL,NULL,NULL,NULL,6,'0','--',1,NULL,NULL,NULL,NULL,NULL,NULL,NULL,NULL,NULL,0,0,0,0,1,NULL,NULL,5,NULL,NULL,0.00,0,0.00,0.00,0.00,NULL,NULL,NULL,'1969-12-31','1969-12-31',NULL,NULL,0,NULL,NULL,NULL,NULL,NULL,NULL,NULL,NULL,NULL,0,0,0,0,0,0.0000,0.00,0,0.00,NULL,NULL,NULL,NULL,NULL,NULL,'0',NULL,NULL,1,'2020-12-18 19:07:17','2020-12-18 19:32:21','2020-12-18 19:32:21'),(154,591,40751,0,128,'',NULL,NULL,NULL,NULL,NULL,NULL,NULL,NULL,NULL,NULL,NULL,NULL,NULL,NULL,NULL,NULL,6,'0','--',1,NULL,NULL,NULL,NULL,NULL,NULL,NULL,NULL,NULL,0,0,0,0,1,NULL,NULL,5,NULL,NULL,0.00,0,0.00,0.00,0.00,NULL,NULL,NULL,'1969-12-31','1969-12-31',NULL,NULL,0,NULL,NULL,NULL,NULL,NULL,NULL,NULL,NULL,NULL,0,0,0,0,0,0.0000,0.00,0,0.00,NULL,NULL,NULL,NULL,NULL,NULL,'0',NULL,NULL,1,'2020-12-18 19:07:17','2020-12-18 19:32:28','2020-12-18 19:32:28');
INSERT INTO `syj_empleados` VALUES (155,591,40751,0,129,'',NULL,NULL,NULL,NULL,NULL,NULL,NULL,NULL,NULL,NULL,NULL,NULL,NULL,NULL,NULL,NULL,6,'0','--',1,NULL,NULL,NULL,NULL,NULL,NULL,NULL,NULL,NULL,0,0,0,0,1,NULL,NULL,5,NULL,NULL,0.00,0,0.00,0.00,0.00,NULL,NULL,NULL,'1969-12-31','1969-12-31',NULL,NULL,0,NULL,NULL,NULL,NULL,NULL,NULL,NULL,NULL,NULL,0,0,0,0,0,0.0000,0.00,0,0.00,NULL,NULL,NULL,NULL,NULL,NULL,'0',NULL,NULL,1,'2020-12-18 19:07:17','2020-12-18 19:32:34','2020-12-18 19:32:34'),(156,591,40751,0,130,'',NULL,NULL,NULL,NULL,NULL,NULL,NULL,NULL,NULL,NULL,NULL,NULL,NULL,NULL,NULL,NULL,6,'0','--',1,NULL,NULL,NULL,NULL,NULL,NULL,NULL,NULL,NULL,0,0,0,0,1,NULL,NULL,5,NULL,NULL,0.00,0,0.00,0.00,0.00,NULL,NULL,NULL,'1969-12-31','1969-12-31',NULL,NULL,0,NULL,NULL,NULL,NULL,NULL,NULL,NULL,NULL,NULL,0,0,0,0,0,0.0000,0.00,0,0.00,NULL,NULL,NULL,NULL,NULL,NULL,'0',NULL,NULL,1,'2020-12-18 19:07:17','2020-12-18 19:33:23','2020-12-18 19:33:23'),(157,591,40751,0,131,'',NULL,NULL,NULL,NULL,NULL,NULL,NULL,NULL,NULL,NULL,NULL,NULL,NULL,NULL,NULL,NULL,6,'0','--',1,NULL,NULL,NULL,NULL,NULL,NULL,NULL,NULL,NULL,0,0,0,0,1,NULL,NULL,5,NULL,NULL,0.00,0,0.00,0.00,0.00,NULL,NULL,NULL,'1969-12-31','1969-12-31',NULL,NULL,0,NULL,NULL,NULL,NULL,NULL,NULL,NULL,NULL,NULL,0,0,0,0,0,0.0000,0.00,0,0.00,NULL,NULL,NULL,NULL,NULL,NULL,'0',NULL,NULL,1,'2020-12-18 19:07:17','2020-12-18 19:33:39','2020-12-18 19:33:39'),(158,591,40751,0,132,'',NULL,NULL,NULL,NULL,NULL,NULL,NULL,NULL,NULL,NULL,NULL,NULL,NULL,NULL,NULL,NULL,6,'0','--',1,NULL,NULL,NULL,NULL,NULL,NULL,NULL,NULL,NULL,0,0,0,0,1,NULL,NULL,5,NULL,NULL,0.00,0,0.00,0.00,0.00,NULL,NULL,NULL,'1969-12-31','1969-12-31',NULL,NULL,0,NULL,NULL,NULL,NULL,NULL,NULL,NULL,NULL,NULL,0,0,0,0,0,0.0000,0.00,0,0.00,NULL,NULL,NULL,NULL,NULL,NULL,'0',NULL,NULL,1,'2020-12-18 19:07:17','2020-12-18 19:33:44','2020-12-18 19:33:44'),(159,591,40751,0,133,'',NULL,NULL,NULL,NULL,NULL,NULL,NULL,NULL,NULL,NULL,NULL,NULL,NULL,NULL,NULL,NULL,6,'0','--',1,NULL,NULL,NULL,NULL,NULL,NULL,NULL,NULL,NULL,0,0,0,0,1,NULL,NULL,5,NULL,NULL,0.00,0,0.00,0.00,0.00,NULL,NULL,NULL,'1969-12-31','1969-12-31',NULL,NULL,0,NULL,NULL,NULL,NULL,NULL,NULL,NULL,NULL,NULL,0,0,0,0,0,0.0000,0.00,0,0.00,NULL,NULL,NULL,NULL,NULL,NULL,'0',NULL,NULL,1,'2020-12-18 19:07:17','2020-12-18 19:33:55','2020-12-18 19:33:55'),(160,591,40751,0,134,'',NULL,NULL,NULL,NULL,NULL,NULL,NULL,NULL,NULL,NULL,NULL,NULL,NULL,NULL,NULL,NULL,6,'0','--',1,NULL,NULL,NULL,NULL,NULL,NULL,NULL,NULL,NULL,0,0,0,0,1,NULL,NULL,5,NULL,NULL,0.00,0,0.00,0.00,0.00,NULL,NULL,NULL,'1969-12-31','1969-12-31',NULL,NULL,0,NULL,NULL,NULL,NULL,NULL,NULL,NULL,NULL,NULL,0,0,0,0,0,0.0000,0.00,0,0.00,NULL,NULL,NULL,NULL,NULL,NULL,'0',NULL,NULL,1,'2020-12-18 19:07:17','2020-12-18 19:34:04','2020-12-18 19:34:04'),(161,591,40751,0,135,'',NULL,NULL,NULL,NULL,NULL,NULL,NULL,NULL,NULL,NULL,NULL,NULL,NULL,NULL,NULL,NULL,6,'0','--',1,NULL,NULL,NULL,NULL,NULL,NULL,NULL,NULL,NULL,0,0,0,0,1,NULL,NULL,5,NULL,NULL,0.00,0,0.00,0.00,0.00,NULL,NULL,NULL,'1969-12-31','1969-12-31',NULL,NULL,0,NULL,NULL,NULL,NULL,NULL,NULL,NULL,NULL,NULL,0,0,0,0,0,0.0000,0.00,0,0.00,NULL,NULL,NULL,NULL,NULL,NULL,'0',NULL,NULL,1,'2020-12-18 19:07:17','2020-12-18 19:34:09','2020-12-18 19:34:09'),(162,591,40751,0,136,'',NULL,NULL,NULL,NULL,NULL,NULL,NULL,NULL,NULL,NULL,NULL,NULL,NULL,NULL,NULL,NULL,6,'0','--',1,NULL,NULL,NULL,NULL,NULL,NULL,NULL,NULL,NULL,0,0,0,0,1,NULL,NULL,5,NULL,NULL,0.00,0,0.00,0.00,0.00,NULL,NULL,NULL,'1969-12-31','1969-12-31',NULL,NULL,0,NULL,NULL,NULL,NULL,NULL,NULL,NULL,NULL,NULL,0,0,0,0,0,0.0000,0.00,0,0.00,NULL,NULL,NULL,NULL,NULL,NULL,'0',NULL,NULL,1,'2020-12-18 19:07:17','2020-12-18 19:34:14','2020-12-18 19:34:14');
INSERT INTO `syj_empleados` VALUES (163,591,40751,0,137,'',NULL,NULL,NULL,NULL,NULL,NULL,NULL,NULL,NULL,NULL,NULL,NULL,NULL,NULL,NULL,NULL,6,'0','--',1,NULL,NULL,NULL,NULL,NULL,NULL,NULL,NULL,NULL,0,0,0,0,1,NULL,NULL,5,NULL,NULL,0.00,0,0.00,0.00,0.00,NULL,NULL,NULL,'1969-12-31','1969-12-31',NULL,NULL,0,NULL,NULL,NULL,NULL,NULL,NULL,NULL,NULL,NULL,0,0,0,0,0,0.0000,0.00,0,0.00,NULL,NULL,NULL,NULL,NULL,NULL,'0',NULL,NULL,1,'2020-12-18 19:07:17','2020-12-18 19:33:54','2020-12-18 19:33:54'),(164,591,40751,0,138,'',NULL,NULL,NULL,NULL,NULL,NULL,NULL,NULL,NULL,NULL,NULL,NULL,NULL,NULL,NULL,NULL,6,'0','--',1,NULL,NULL,NULL,NULL,NULL,NULL,NULL,NULL,NULL,0,0,0,0,1,NULL,NULL,5,NULL,NULL,0.00,0,0.00,0.00,0.00,NULL,NULL,NULL,'1969-12-31','1969-12-31',NULL,NULL,0,NULL,NULL,NULL,NULL,NULL,NULL,NULL,NULL,NULL,0,0,0,0,0,0.0000,0.00,0,0.00,NULL,NULL,NULL,NULL,NULL,NULL,'0',NULL,NULL,1,'2020-12-18 19:07:17','2020-12-18 19:33:44','2020-12-18 19:33:44'),(165,591,40751,0,139,'',NULL,NULL,NULL,NULL,NULL,NULL,NULL,NULL,NULL,NULL,NULL,NULL,NULL,NULL,NULL,NULL,6,'0','--',1,NULL,NULL,NULL,NULL,NULL,NULL,NULL,NULL,NULL,0,0,0,0,1,NULL,NULL,5,NULL,NULL,0.00,0,0.00,0.00,0.00,NULL,NULL,NULL,'1969-12-31','1969-12-31',NULL,NULL,0,NULL,NULL,NULL,NULL,NULL,NULL,NULL,NULL,NULL,0,0,0,0,0,0.0000,0.00,0,0.00,NULL,NULL,NULL,NULL,NULL,NULL,'0',NULL,NULL,1,'2020-12-18 19:07:17','2020-12-18 19:34:20','2020-12-18 19:34:20'),(166,591,40751,0,140,'',NULL,NULL,NULL,NULL,NULL,NULL,NULL,NULL,NULL,NULL,NULL,NULL,NULL,NULL,NULL,NULL,6,'0','--',1,NULL,NULL,NULL,NULL,NULL,NULL,NULL,NULL,NULL,0,0,0,0,1,NULL,NULL,5,NULL,NULL,0.00,0,0.00,0.00,0.00,NULL,NULL,NULL,'1969-12-31','1969-12-31',NULL,NULL,0,NULL,NULL,NULL,NULL,NULL,NULL,NULL,NULL,NULL,0,0,0,0,0,0.0000,0.00,0,0.00,NULL,NULL,NULL,NULL,NULL,NULL,'0',NULL,NULL,1,'2020-12-18 19:07:17','2020-12-18 19:33:49','2020-12-18 19:33:49'),(167,591,40751,0,141,'',NULL,NULL,NULL,NULL,NULL,NULL,NULL,NULL,NULL,NULL,NULL,NULL,NULL,NULL,NULL,NULL,6,'0','--',1,NULL,NULL,NULL,NULL,NULL,NULL,NULL,NULL,NULL,0,0,0,0,1,NULL,NULL,5,NULL,NULL,0.00,0,0.00,0.00,0.00,NULL,NULL,NULL,'1969-12-31','1969-12-31',NULL,NULL,0,NULL,NULL,NULL,NULL,NULL,NULL,NULL,NULL,NULL,0,0,0,0,0,0.0000,0.00,0,0.00,NULL,NULL,NULL,NULL,NULL,NULL,'0',NULL,NULL,1,'2020-12-18 19:07:17','2020-12-18 19:34:26','2020-12-18 19:34:26'),(168,591,40751,0,142,'',NULL,NULL,NULL,NULL,NULL,NULL,NULL,NULL,NULL,NULL,NULL,NULL,NULL,NULL,NULL,NULL,6,'x:xmpmet','</-x:xmpmet-a',1,NULL,NULL,NULL,NULL,NULL,NULL,NULL,NULL,NULL,0,0,0,0,1,NULL,NULL,5,NULL,NULL,0.00,0,0.00,0.00,0.00,NULL,NULL,NULL,'1969-12-31','1969-12-31',NULL,NULL,0,NULL,NULL,NULL,NULL,NULL,NULL,NULL,NULL,NULL,0,0,0,0,0,0.0000,0.00,0,0.00,NULL,NULL,NULL,NULL,NULL,NULL,'0',NULL,NULL,1,'2020-12-18 19:07:17','2020-12-18 19:34:32','2020-12-18 19:34:32'),(169,591,40751,0,143,'',NULL,NULL,NULL,NULL,NULL,NULL,NULL,NULL,NULL,NULL,NULL,NULL,NULL,NULL,NULL,NULL,6,'0','--',1,NULL,NULL,NULL,NULL,NULL,NULL,NULL,NULL,NULL,0,0,0,0,1,NULL,NULL,5,NULL,NULL,0.00,0,0.00,0.00,0.00,NULL,NULL,NULL,'1969-12-31','1969-12-31',NULL,NULL,0,NULL,NULL,NULL,NULL,NULL,NULL,NULL,NULL,NULL,0,0,0,0,0,0.0000,0.00,0,0.00,NULL,NULL,NULL,NULL,NULL,NULL,'0',NULL,NULL,1,'2020-12-18 19:07:17','2020-12-18 19:33:58','2020-12-18 19:33:58'),(170,591,40751,0,144,'',NULL,NULL,NULL,NULL,NULL,NULL,NULL,NULL,NULL,NULL,NULL,NULL,NULL,NULL,NULL,NULL,6,'0','--',1,NULL,NULL,NULL,NULL,NULL,NULL,NULL,NULL,NULL,0,0,0,0,1,NULL,NULL,5,NULL,NULL,0.00,0,0.00,0.00,0.00,NULL,NULL,NULL,'1969-12-31','1969-12-31',NULL,NULL,0,NULL,NULL,NULL,NULL,NULL,NULL,NULL,NULL,NULL,0,0,0,0,0,0.0000,0.00,0,0.00,NULL,NULL,NULL,NULL,NULL,NULL,'0',NULL,NULL,1,'2020-12-18 19:07:17','2020-12-18 19:34:16','2020-12-18 19:34:16');
INSERT INTO `syj_empleados` VALUES (171,591,40751,0,145,'',NULL,NULL,NULL,NULL,NULL,NULL,NULL,NULL,NULL,NULL,NULL,NULL,NULL,NULL,NULL,NULL,6,'0','--',1,NULL,NULL,NULL,NULL,NULL,NULL,NULL,NULL,NULL,0,0,0,0,1,NULL,NULL,5,NULL,NULL,0.00,0,0.00,0.00,0.00,NULL,NULL,NULL,'1969-12-31','1969-12-31',NULL,NULL,0,NULL,NULL,NULL,NULL,NULL,NULL,NULL,NULL,NULL,0,0,0,0,0,0.0000,0.00,0,0.00,NULL,NULL,NULL,NULL,NULL,NULL,'0',NULL,NULL,1,'2020-12-18 19:07:17','2020-12-18 19:34:02','2020-12-18 19:34:02'),(172,591,40751,0,146,'',NULL,NULL,NULL,NULL,NULL,NULL,NULL,NULL,NULL,NULL,NULL,NULL,NULL,NULL,NULL,NULL,6,'0','--',1,NULL,NULL,NULL,NULL,NULL,NULL,NULL,NULL,NULL,0,0,0,0,1,NULL,NULL,5,NULL,NULL,0.00,0,0.00,0.00,0.00,NULL,NULL,NULL,'1969-12-31','1969-12-31',NULL,NULL,0,NULL,NULL,NULL,NULL,NULL,NULL,NULL,NULL,NULL,0,0,0,0,0,0.0000,0.00,0,0.00,NULL,NULL,NULL,NULL,NULL,NULL,'0',NULL,NULL,1,'2020-12-18 19:07:17','2020-12-18 19:34:39','2020-12-18 19:34:39'),(173,591,40751,0,147,'',NULL,NULL,NULL,NULL,NULL,NULL,NULL,NULL,NULL,NULL,NULL,NULL,NULL,NULL,NULL,NULL,6,'0','--',1,NULL,NULL,NULL,NULL,NULL,NULL,NULL,NULL,NULL,0,0,0,0,1,NULL,NULL,5,NULL,NULL,0.00,0,0.00,0.00,0.00,NULL,NULL,NULL,'1969-12-31','1969-12-31',NULL,NULL,0,NULL,NULL,NULL,NULL,NULL,NULL,NULL,NULL,NULL,0,0,0,0,0,0.0000,0.00,0,0.00,NULL,NULL,NULL,NULL,NULL,NULL,'0',NULL,NULL,1,'2020-12-18 19:07:17','2020-12-18 19:34:05','2020-12-18 19:34:05'),(174,591,40751,0,148,'',NULL,NULL,NULL,NULL,NULL,NULL,NULL,NULL,NULL,NULL,NULL,NULL,NULL,NULL,NULL,NULL,6,'0','--',1,NULL,NULL,NULL,NULL,NULL,NULL,NULL,NULL,NULL,0,0,0,0,1,NULL,NULL,5,NULL,NULL,0.00,0,0.00,0.00,0.00,NULL,NULL,NULL,'1969-12-31','1969-12-31',NULL,NULL,0,NULL,NULL,NULL,NULL,NULL,NULL,NULL,NULL,NULL,0,0,0,0,0,0.0000,0.00,0,0.00,NULL,NULL,NULL,NULL,NULL,NULL,'0',NULL,NULL,1,'2020-12-18 19:07:17','2020-12-18 19:33:05','2020-12-18 19:33:05'),(175,591,40751,0,149,'',NULL,NULL,NULL,NULL,NULL,NULL,NULL,NULL,NULL,NULL,NULL,NULL,NULL,NULL,NULL,NULL,6,'0','--',1,NULL,NULL,NULL,NULL,NULL,NULL,NULL,NULL,NULL,0,0,0,0,1,NULL,NULL,5,NULL,NULL,0.00,0,0.00,0.00,0.00,NULL,NULL,NULL,'1969-12-31','1969-12-31',NULL,NULL,0,NULL,NULL,NULL,NULL,NULL,NULL,NULL,NULL,NULL,0,0,0,0,0,0.0000,0.00,0,0.00,NULL,NULL,NULL,NULL,NULL,NULL,'0',NULL,NULL,1,'2020-12-18 19:07:17','2020-12-18 19:34:12','2020-12-18 19:34:12'),(176,591,40751,0,150,'',NULL,NULL,NULL,NULL,NULL,NULL,NULL,NULL,NULL,NULL,NULL,NULL,NULL,NULL,NULL,NULL,6,'0','--',1,NULL,NULL,NULL,NULL,NULL,NULL,NULL,NULL,NULL,0,0,0,0,1,NULL,NULL,5,NULL,NULL,0.00,0,0.00,0.00,0.00,NULL,NULL,NULL,'1969-12-31','1969-12-31',NULL,NULL,0,NULL,NULL,NULL,NULL,NULL,NULL,NULL,NULL,NULL,0,0,0,0,0,0.0000,0.00,0,0.00,NULL,NULL,NULL,NULL,NULL,NULL,'0',NULL,NULL,1,'2020-12-18 19:07:17','2020-12-18 19:34:08','2020-12-18 19:34:08'),(177,591,40751,0,151,'',NULL,NULL,NULL,NULL,NULL,NULL,NULL,NULL,NULL,NULL,NULL,NULL,NULL,NULL,NULL,NULL,6,'0','--',1,NULL,NULL,NULL,NULL,NULL,NULL,NULL,NULL,NULL,0,0,0,0,1,NULL,NULL,5,NULL,NULL,0.00,0,0.00,0.00,0.00,NULL,NULL,NULL,'1969-12-31','1969-12-31',NULL,NULL,0,NULL,NULL,NULL,NULL,NULL,NULL,NULL,NULL,NULL,0,0,0,0,0,0.0000,0.00,0,0.00,NULL,NULL,NULL,NULL,NULL,NULL,'0',NULL,NULL,1,'2020-12-18 19:07:17','2020-12-18 19:34:44','2020-12-18 19:34:44'),(178,591,40751,0,152,'',NULL,NULL,NULL,NULL,NULL,NULL,NULL,NULL,NULL,NULL,NULL,NULL,NULL,NULL,NULL,NULL,6,'0','--',1,NULL,NULL,NULL,NULL,NULL,NULL,NULL,NULL,NULL,0,0,0,0,1,NULL,NULL,5,NULL,NULL,0.00,0,0.00,0.00,0.00,NULL,NULL,NULL,'1969-12-31','1969-12-31',NULL,NULL,0,NULL,NULL,NULL,NULL,NULL,NULL,NULL,NULL,NULL,0,0,0,0,0,0.0000,0.00,0,0.00,NULL,NULL,NULL,NULL,NULL,NULL,'0',NULL,NULL,1,'2020-12-18 19:07:17','2020-12-18 19:34:49','2020-12-18 19:34:49');
INSERT INTO `syj_empleados` VALUES (179,591,40751,0,153,'',NULL,NULL,NULL,NULL,NULL,NULL,NULL,NULL,NULL,NULL,NULL,NULL,NULL,NULL,NULL,NULL,6,'0','--',1,NULL,NULL,NULL,NULL,NULL,NULL,NULL,NULL,NULL,0,0,0,0,1,NULL,NULL,5,NULL,NULL,0.00,0,0.00,0.00,0.00,NULL,NULL,NULL,'1969-12-31','1969-12-31',NULL,NULL,0,NULL,NULL,NULL,NULL,NULL,NULL,NULL,NULL,NULL,0,0,0,0,0,0.0000,0.00,0,0.00,NULL,NULL,NULL,NULL,NULL,NULL,'0',NULL,NULL,1,'2020-12-18 19:07:17','2020-12-18 19:34:54','2020-12-18 19:34:54'),(180,591,40751,0,154,'',NULL,NULL,NULL,NULL,NULL,NULL,NULL,NULL,NULL,NULL,NULL,NULL,NULL,NULL,NULL,NULL,6,'0','--',1,NULL,NULL,NULL,NULL,NULL,NULL,NULL,NULL,NULL,0,0,0,0,1,NULL,NULL,5,NULL,NULL,0.00,0,0.00,0.00,0.00,NULL,NULL,NULL,'1969-12-31','1969-12-31',NULL,NULL,0,NULL,NULL,NULL,NULL,NULL,NULL,NULL,NULL,NULL,0,0,0,0,0,0.0000,0.00,0,0.00,NULL,NULL,NULL,NULL,NULL,NULL,'0',NULL,NULL,1,'2020-12-18 19:07:17','2020-12-18 19:34:27','2020-12-18 19:34:27'),(181,591,40751,0,155,'',NULL,NULL,NULL,NULL,NULL,NULL,NULL,NULL,NULL,NULL,NULL,NULL,NULL,NULL,NULL,NULL,6,'0','--',1,NULL,NULL,NULL,NULL,NULL,NULL,NULL,NULL,NULL,0,0,0,0,1,NULL,NULL,5,NULL,NULL,0.00,0,0.00,0.00,0.00,NULL,NULL,NULL,'1969-12-31','1969-12-31',NULL,NULL,0,NULL,NULL,NULL,NULL,NULL,NULL,NULL,NULL,NULL,0,0,0,0,0,0.0000,0.00,0,0.00,NULL,NULL,NULL,NULL,NULL,NULL,'0',NULL,NULL,1,'2020-12-18 19:07:17','2020-12-18 19:34:20','2020-12-18 19:34:20'),(182,591,40751,0,156,'',NULL,NULL,NULL,NULL,NULL,NULL,NULL,NULL,NULL,NULL,NULL,NULL,NULL,NULL,NULL,NULL,6,'0','--',1,NULL,NULL,NULL,NULL,NULL,NULL,NULL,NULL,NULL,0,0,0,0,1,NULL,NULL,5,NULL,NULL,0.00,0,0.00,0.00,0.00,NULL,NULL,NULL,'1969-12-31','1969-12-31',NULL,NULL,0,NULL,NULL,NULL,NULL,NULL,NULL,NULL,NULL,NULL,0,0,0,0,0,0.0000,0.00,0,0.00,NULL,NULL,NULL,NULL,NULL,NULL,'0',NULL,NULL,1,'2020-12-18 19:07:17','2020-12-18 19:34:24','2020-12-18 19:34:24'),(183,591,40751,0,157,'',NULL,NULL,NULL,NULL,NULL,NULL,NULL,NULL,NULL,NULL,NULL,NULL,NULL,NULL,NULL,NULL,6,'0','--',1,NULL,NULL,NULL,NULL,NULL,NULL,NULL,NULL,NULL,0,0,0,0,1,NULL,NULL,5,NULL,NULL,0.00,0,0.00,0.00,0.00,NULL,NULL,NULL,'1969-12-31','1969-12-31',NULL,NULL,0,NULL,NULL,NULL,NULL,NULL,NULL,NULL,NULL,NULL,0,0,0,0,0,0.0000,0.00,0,0.00,NULL,NULL,NULL,NULL,NULL,NULL,'0',NULL,NULL,1,'2020-12-18 19:07:17','2020-12-18 19:34:35','2020-12-18 19:34:35'),(184,591,40751,0,158,'',NULL,NULL,NULL,NULL,NULL,NULL,NULL,NULL,NULL,NULL,NULL,NULL,NULL,NULL,NULL,NULL,6,'0','--',1,NULL,NULL,NULL,NULL,NULL,NULL,NULL,NULL,NULL,0,0,0,0,1,NULL,NULL,5,NULL,NULL,0.00,0,0.00,0.00,0.00,NULL,NULL,NULL,'1969-12-31','1969-12-31',NULL,NULL,0,NULL,NULL,NULL,NULL,NULL,NULL,NULL,NULL,NULL,0,0,0,0,0,0.0000,0.00,0,0.00,NULL,NULL,NULL,NULL,NULL,NULL,'0',NULL,NULL,1,'2020-12-18 19:07:17','2020-12-18 19:34:59','2020-12-18 19:34:59'),(185,591,40751,0,159,'',NULL,NULL,NULL,NULL,NULL,NULL,NULL,NULL,NULL,NULL,NULL,NULL,NULL,NULL,NULL,NULL,6,'0','--',1,NULL,NULL,NULL,NULL,NULL,NULL,NULL,NULL,NULL,0,0,0,0,1,NULL,NULL,5,NULL,NULL,0.00,0,0.00,0.00,0.00,NULL,NULL,NULL,'1969-12-31','1969-12-31',NULL,NULL,0,NULL,NULL,NULL,NULL,NULL,NULL,NULL,NULL,NULL,0,0,0,0,0,0.0000,0.00,0,0.00,NULL,NULL,NULL,NULL,NULL,NULL,'0',NULL,NULL,1,'2020-12-18 19:07:17','2020-12-18 19:34:31','2020-12-18 19:34:31'),(186,591,40751,0,160,'',NULL,NULL,NULL,NULL,NULL,NULL,NULL,NULL,NULL,NULL,NULL,NULL,NULL,NULL,NULL,NULL,6,'0','--',1,NULL,NULL,NULL,NULL,NULL,NULL,NULL,NULL,NULL,0,0,0,0,1,NULL,NULL,5,NULL,NULL,0.00,0,0.00,0.00,0.00,NULL,NULL,NULL,'1969-12-31','1969-12-31',NULL,NULL,0,NULL,NULL,NULL,NULL,NULL,NULL,NULL,NULL,NULL,0,0,0,0,0,0.0000,0.00,0,0.00,NULL,NULL,NULL,NULL,NULL,NULL,'0',NULL,NULL,1,'2020-12-18 19:07:17','2020-12-18 19:35:03','2020-12-18 19:35:03');
INSERT INTO `syj_empleados` VALUES (187,591,40751,0,161,'',NULL,NULL,NULL,NULL,NULL,NULL,NULL,NULL,NULL,NULL,NULL,NULL,NULL,NULL,NULL,NULL,6,'0','--',1,NULL,NULL,NULL,NULL,NULL,NULL,NULL,NULL,NULL,0,0,0,0,1,NULL,NULL,5,NULL,NULL,0.00,0,0.00,0.00,0.00,NULL,NULL,NULL,'1969-12-31','1969-12-31',NULL,NULL,0,NULL,NULL,NULL,NULL,NULL,NULL,NULL,NULL,NULL,0,0,0,0,0,0.0000,0.00,0,0.00,NULL,NULL,NULL,NULL,NULL,NULL,'0',NULL,NULL,1,'2020-12-18 19:07:17','2020-12-18 19:35:08','2020-12-18 19:35:08'),(188,591,40751,0,162,'',NULL,NULL,NULL,NULL,NULL,NULL,NULL,NULL,NULL,NULL,NULL,NULL,NULL,NULL,NULL,NULL,6,'0','--',1,NULL,NULL,NULL,NULL,NULL,NULL,NULL,NULL,NULL,0,0,0,0,1,NULL,NULL,5,NULL,NULL,0.00,0,0.00,0.00,0.00,NULL,NULL,NULL,'1969-12-31','1969-12-31',NULL,NULL,0,NULL,NULL,NULL,NULL,NULL,NULL,NULL,NULL,NULL,0,0,0,0,0,0.0000,0.00,0,0.00,NULL,NULL,NULL,NULL,NULL,NULL,'0',NULL,NULL,1,'2020-12-18 19:07:17','2020-12-18 19:34:39','2020-12-18 19:34:39'),(189,591,40751,0,163,'',NULL,NULL,NULL,NULL,NULL,NULL,NULL,NULL,NULL,NULL,NULL,NULL,NULL,NULL,NULL,NULL,6,'0','--',1,NULL,NULL,NULL,NULL,NULL,NULL,NULL,NULL,NULL,0,0,0,0,1,NULL,NULL,5,NULL,NULL,0.00,0,0.00,0.00,0.00,NULL,NULL,NULL,'1969-12-31','1969-12-31',NULL,NULL,0,NULL,NULL,NULL,NULL,NULL,NULL,NULL,NULL,NULL,0,0,0,0,0,0.0000,0.00,0,0.00,NULL,NULL,NULL,NULL,NULL,NULL,'0',NULL,NULL,1,'2020-12-18 19:07:17','2020-12-18 19:34:43','2020-12-18 19:34:43'),(190,591,40751,0,164,'',NULL,NULL,NULL,NULL,NULL,NULL,NULL,NULL,NULL,NULL,NULL,NULL,NULL,NULL,NULL,NULL,6,'xpacket','<?-xpacket-',1,NULL,NULL,NULL,NULL,NULL,NULL,NULL,NULL,NULL,0,0,0,0,1,NULL,NULL,5,NULL,NULL,0.00,0,0.00,0.00,0.00,NULL,NULL,NULL,'1969-12-31','1969-12-31',NULL,NULL,0,NULL,NULL,NULL,NULL,NULL,NULL,NULL,NULL,NULL,0,0,0,0,0,0.0000,0.00,0,0.00,NULL,NULL,NULL,NULL,NULL,NULL,'0',NULL,NULL,1,'2020-12-18 19:07:17','2020-12-18 19:35:12','2020-12-18 19:35:12'),(191,591,40751,0,165,'',NULL,NULL,NULL,NULL,NULL,NULL,NULL,NULL,NULL,NULL,NULL,NULL,NULL,NULL,NULL,NULL,6,'dstream\r','en-dstream\r-e',1,NULL,NULL,NULL,NULL,NULL,NULL,NULL,NULL,NULL,0,0,0,0,1,NULL,NULL,5,NULL,NULL,0.00,0,0.00,0.00,0.00,NULL,NULL,NULL,'1969-12-31','1969-12-31',NULL,NULL,0,NULL,NULL,NULL,NULL,NULL,NULL,NULL,NULL,NULL,0,0,0,0,0,0.0000,0.00,0,0.00,NULL,NULL,NULL,NULL,NULL,NULL,'0',NULL,NULL,1,'2020-12-18 19:07:17','2020-12-18 19:35:15','2020-12-18 19:35:15'),(192,591,40751,0,166,'',NULL,NULL,NULL,NULL,NULL,NULL,NULL,NULL,NULL,NULL,NULL,NULL,NULL,NULL,NULL,NULL,6,'0','0--',1,NULL,NULL,NULL,NULL,NULL,NULL,NULL,NULL,NULL,0,0,0,0,1,NULL,NULL,5,NULL,NULL,0.00,0,0.00,0.00,0.00,NULL,NULL,NULL,'1969-12-31','1969-12-31',NULL,NULL,0,NULL,NULL,NULL,NULL,NULL,NULL,NULL,NULL,NULL,0,0,0,0,0,0.0000,0.00,0,0.00,NULL,NULL,NULL,NULL,NULL,NULL,'0',NULL,NULL,1,'2020-12-18 19:07:17','2020-12-18 19:35:04','2020-12-18 19:35:04'),(193,591,40751,0,167,'',NULL,NULL,NULL,NULL,NULL,NULL,NULL,NULL,NULL,NULL,NULL,NULL,NULL,NULL,NULL,NULL,6,'00000000','00-00000000-',1,NULL,NULL,NULL,NULL,NULL,NULL,NULL,NULL,NULL,0,0,0,0,1,NULL,NULL,5,NULL,NULL,0.00,0,0.00,0.00,0.00,NULL,NULL,NULL,'1969-12-31','1969-12-31',NULL,NULL,0,NULL,NULL,NULL,NULL,NULL,NULL,NULL,NULL,NULL,0,0,0,0,0,0.0000,0.00,0,0.00,NULL,NULL,NULL,NULL,NULL,NULL,'0',NULL,NULL,1,'2020-12-18 19:07:17','2020-12-18 19:35:15','2020-12-18 19:35:15'),(194,591,40751,0,168,'',NULL,NULL,NULL,NULL,NULL,NULL,NULL,NULL,NULL,NULL,NULL,NULL,NULL,NULL,NULL,NULL,6,'00013439','00-00013439-',1,NULL,NULL,NULL,NULL,NULL,NULL,NULL,NULL,NULL,0,0,0,0,1,NULL,NULL,5,NULL,NULL,0.00,0,0.00,0.00,0.00,NULL,NULL,NULL,'1969-12-31','1969-12-31',NULL,NULL,0,NULL,NULL,NULL,NULL,NULL,NULL,NULL,NULL,NULL,0,0,0,0,0,0.0000,0.00,0,0.00,NULL,NULL,NULL,NULL,NULL,NULL,'0',NULL,NULL,1,'2020-12-18 19:07:17','2020-12-18 19:34:56','2020-12-18 19:34:56');
INSERT INTO `syj_empleados` VALUES (195,591,40751,0,169,'',NULL,NULL,NULL,NULL,NULL,NULL,NULL,NULL,NULL,NULL,NULL,NULL,NULL,NULL,NULL,NULL,6,'00013655','00-00013655-',1,NULL,NULL,NULL,NULL,NULL,NULL,NULL,NULL,NULL,0,0,0,0,1,NULL,NULL,5,NULL,NULL,0.00,0,0.00,0.00,0.00,NULL,NULL,NULL,'1969-12-31','1969-12-31',NULL,NULL,0,NULL,NULL,NULL,NULL,NULL,NULL,NULL,NULL,NULL,0,0,0,0,0,0.0000,0.00,0,0.00,NULL,NULL,NULL,NULL,NULL,NULL,'0',NULL,NULL,1,'2020-12-18 19:07:17','2020-12-18 19:35:06','2020-12-18 19:35:06'),(196,591,40751,0,170,'',NULL,NULL,NULL,NULL,NULL,NULL,NULL,NULL,NULL,NULL,NULL,NULL,NULL,NULL,NULL,NULL,6,'00013673','00-00013673-',1,NULL,NULL,NULL,NULL,NULL,NULL,NULL,NULL,NULL,0,0,0,0,1,NULL,NULL,5,NULL,NULL,0.00,0,0.00,0.00,0.00,NULL,NULL,NULL,'1969-12-31','1969-12-31',NULL,NULL,0,NULL,NULL,NULL,NULL,NULL,NULL,NULL,NULL,NULL,0,0,0,0,0,0.0000,0.00,0,0.00,NULL,NULL,NULL,NULL,NULL,NULL,'0',NULL,NULL,1,'2020-12-18 19:07:17','2020-12-18 19:35:01','2020-12-18 19:35:01'),(197,591,40751,0,171,'',NULL,NULL,NULL,NULL,NULL,NULL,NULL,NULL,NULL,NULL,NULL,NULL,NULL,NULL,NULL,NULL,6,'00018791','00-00018791-',1,NULL,NULL,NULL,NULL,NULL,NULL,NULL,NULL,NULL,0,0,0,0,1,NULL,NULL,5,NULL,NULL,0.00,0,0.00,0.00,0.00,NULL,NULL,NULL,'1969-12-31','1969-12-31',NULL,NULL,0,NULL,NULL,NULL,NULL,NULL,NULL,NULL,NULL,NULL,0,0,0,0,0,0.0000,0.00,0,0.00,NULL,NULL,NULL,NULL,NULL,NULL,'0',NULL,NULL,1,'2020-12-18 19:07:17','2020-12-18 19:34:54','2020-12-18 19:34:54'),(198,591,40751,0,172,'',NULL,NULL,NULL,NULL,NULL,NULL,NULL,NULL,NULL,NULL,NULL,NULL,NULL,NULL,NULL,NULL,6,'00018848','00-00018848-',1,NULL,NULL,NULL,NULL,NULL,NULL,NULL,NULL,NULL,0,0,0,0,1,NULL,NULL,5,NULL,NULL,0.00,0,0.00,0.00,0.00,NULL,NULL,NULL,'1969-12-31','1969-12-31',NULL,NULL,0,NULL,NULL,NULL,NULL,NULL,NULL,NULL,NULL,NULL,0,0,0,0,0,0.0000,0.00,0,0.00,NULL,NULL,NULL,NULL,NULL,NULL,'0',NULL,NULL,1,'2020-12-18 19:07:17','2020-12-18 19:34:59','2020-12-18 19:34:59'),(199,591,40751,0,173,'',NULL,NULL,NULL,NULL,NULL,NULL,NULL,NULL,NULL,NULL,NULL,NULL,NULL,NULL,NULL,NULL,6,'00022429','00-00022429-',1,NULL,NULL,NULL,NULL,NULL,NULL,NULL,NULL,NULL,0,0,0,0,1,NULL,NULL,5,NULL,NULL,0.00,0,0.00,0.00,0.00,NULL,NULL,NULL,'1969-12-31','1969-12-31',NULL,NULL,0,NULL,NULL,NULL,NULL,NULL,NULL,NULL,NULL,NULL,0,0,0,0,0,0.0000,0.00,0,0.00,NULL,NULL,NULL,NULL,NULL,NULL,'0',NULL,NULL,1,'2020-12-18 19:07:17','2020-12-18 19:35:20','2020-12-18 19:35:20'),(200,591,40751,0,174,'',NULL,NULL,NULL,NULL,NULL,NULL,NULL,NULL,NULL,NULL,NULL,NULL,NULL,NULL,NULL,NULL,6,'ailer\r\n','tr-ailer\r\n-',1,NULL,NULL,NULL,NULL,NULL,NULL,NULL,NULL,NULL,0,0,0,0,1,NULL,NULL,5,NULL,NULL,0.00,0,0.00,0.00,0.00,NULL,NULL,NULL,'1969-12-31','1969-12-31',NULL,NULL,0,NULL,NULL,NULL,NULL,NULL,NULL,NULL,NULL,NULL,0,0,0,0,0,0.0000,0.00,0,0.00,NULL,NULL,NULL,NULL,NULL,NULL,'0',NULL,NULL,1,'2020-12-18 19:07:17','2020-12-18 19:35:09','2020-12-18 19:35:09'),(201,591,40751,0,175,'',NULL,NULL,NULL,NULL,NULL,NULL,NULL,NULL,NULL,NULL,NULL,NULL,NULL,NULL,NULL,NULL,6,'/Size','<<-/Size-',1,NULL,NULL,NULL,NULL,NULL,NULL,NULL,NULL,NULL,0,0,0,0,1,NULL,NULL,5,NULL,NULL,0.00,0,0.00,0.00,0.00,NULL,NULL,NULL,'1969-12-31','1969-12-31',NULL,NULL,0,NULL,NULL,NULL,NULL,NULL,NULL,NULL,NULL,NULL,0,0,0,0,0,0.0000,0.00,0,0.00,NULL,NULL,NULL,NULL,NULL,NULL,'0',NULL,NULL,1,'2020-12-18 19:07:17','2020-12-18 19:34:47','2020-12-18 19:34:47'),(202,591,40751,0,176,'',NULL,NULL,NULL,NULL,NULL,NULL,NULL,NULL,NULL,NULL,NULL,NULL,NULL,NULL,NULL,NULL,6,'artxref\r','st-artxref\r-\n',1,NULL,NULL,NULL,NULL,NULL,NULL,NULL,NULL,NULL,0,0,0,0,1,NULL,NULL,5,NULL,NULL,0.00,0,0.00,0.00,0.00,NULL,NULL,NULL,'1969-12-31','1969-12-31',NULL,NULL,0,NULL,NULL,NULL,NULL,NULL,NULL,NULL,NULL,NULL,0,0,0,0,0,0.0000,0.00,0,0.00,NULL,NULL,NULL,NULL,NULL,NULL,'0',NULL,NULL,1,'2020-12-18 19:07:17','2020-12-18 19:34:51','2020-12-18 19:34:51');
INSERT INTO `syj_empleados` VALUES (203,591,40751,0,177,'',NULL,NULL,NULL,NULL,NULL,NULL,NULL,NULL,NULL,NULL,NULL,NULL,NULL,NULL,NULL,NULL,6,'6\r\n','11-6\r\n-',1,NULL,NULL,NULL,NULL,NULL,NULL,NULL,NULL,NULL,0,0,0,0,1,NULL,NULL,5,NULL,NULL,0.00,0,0.00,0.00,0.00,NULL,NULL,NULL,'1969-12-31','1969-12-31',NULL,NULL,0,NULL,NULL,NULL,NULL,NULL,NULL,NULL,NULL,NULL,0,0,0,0,0,0.0000,0.00,0,0.00,NULL,NULL,NULL,NULL,NULL,NULL,'0',NULL,NULL,1,'2020-12-18 19:07:17','2020-12-18 19:35:11','2020-12-18 19:35:11'),(204,591,40751,0,178,'',NULL,NULL,NULL,NULL,NULL,NULL,NULL,NULL,NULL,NULL,NULL,NULL,NULL,NULL,NULL,NULL,6,'EOF\r\n','%%-EOF\r\n-',1,NULL,NULL,NULL,NULL,NULL,NULL,NULL,NULL,NULL,0,0,0,0,1,NULL,NULL,5,NULL,NULL,0.00,0,0.00,0.00,0.00,NULL,NULL,NULL,'1969-12-31','1969-12-31',NULL,NULL,0,NULL,NULL,NULL,NULL,NULL,NULL,NULL,NULL,NULL,0,0,0,0,0,0.0000,0.00,0,0.00,NULL,NULL,NULL,NULL,NULL,NULL,'0',NULL,NULL,1,'2020-12-18 19:07:17','2020-12-18 19:35:19','2020-12-18 19:35:19'),(209,591,40751,0,2,'RODRIGUEZ MONICA MARIANA',NULL,'1972-09-05',2,1,5,1,NULL,10,NULL,NULL,NULL,NULL,NULL,NULL,NULL,NULL,6,'22826720','27-22826720-7',2,NULL,239,239,1,NULL,NULL,NULL,6,6,1,0,0,0,1,NULL,NULL,35,217,1,54484.51,1,0.00,4.17,0.00,5,10,5,'2007-01-02','2020-01-02',NULL,NULL,0,2,2,2,2,50,1,1,2,1,0,1,0,0,0,1.8000,0.60,1,19.03,2,'1',2,'0',2,'0','0',NULL,NULL,1,'2020-12-18 19:35:41','2022-02-24 08:32:17','2022-02-24 08:32:17'),(210,591,40751,0,3,'VARGAS PAOLA ANDREA',NULL,'1976-06-05',2,1,5,1,NULL,10,NULL,NULL,NULL,NULL,NULL,NULL,NULL,NULL,6,'29932786','27-29932786-3',2,NULL,239,NULL,1,NULL,NULL,NULL,6,6,1,0,0,0,1,NULL,NULL,35,217,1,54484.51,1,0.00,5.04,0.00,5,11,5,'2015-05-05','2020-12-18',NULL,NULL,0,2,2,2,2,50,1,1,2,1,0,1,0,0,0,1.8000,0.60,1,19.03,2,'1',2,'0',2,'0','0',NULL,NULL,1,'2020-12-18 19:35:41','2022-02-24 08:32:17','2022-02-24 08:32:17'),(211,591,40877,0,5,'CEJAS LEONARDO HUMBERTO',NULL,'1965-09-21',1,1,5,1,NULL,9,NULL,NULL,NULL,NULL,NULL,NULL,NULL,NULL,6,'17416868','20-17416868-8',1,NULL,227,227,4,NULL,'15000183 - 00006864265832','1500018300006864265832',8,8,1,0,0,0,1,NULL,NULL,6,40,1,90347.16,1,0.00,8.00,0.00,6,12,6,'2018-08-01','2018-08-01',NULL,NULL,0,2,2,2,2,50,4,1,2,1,0,1,0,0,0,2.5500,0.60,1,15.00,2,'1',2,'0',2,'0','0',NULL,NULL,1,'2020-12-22 14:35:01','2022-05-31 11:43:34',NULL),(212,591,40877,0,4,'BAIER MILTON JAVIER',NULL,'1973-12-07',1,1,5,1,NULL,9,NULL,NULL,NULL,NULL,NULL,NULL,NULL,NULL,6,'23287312','20-23287312-5',1,NULL,227,227,3,NULL,'15000183 - 00006863397396','1500018300006863397396',8,8,1,0,0,0,1,NULL,NULL,6,40,1,90347.16,1,0.00,8.00,0.00,6,12,6,'2014-11-03','2014-11-03',NULL,NULL,0,2,2,2,2,50,4,1,2,1,0,1,0,0,0,2.5500,0.60,1,15.00,2,'1',2,'0',2,'0','0',NULL,NULL,1,'2020-12-22 14:35:01','2022-05-31 11:43:02',NULL),(213,591,40877,0,3,'ZELAYA IGNACIO',NULL,'1981-08-04',1,1,5,1,NULL,9,NULL,NULL,NULL,NULL,NULL,NULL,NULL,NULL,6,'28970256','20-28970256-4',2,NULL,227,227,3,NULL,'15000183 - 00006863397532','1500018300006863397532',8,8,1,0,0,0,1,NULL,NULL,6,40,1,90347.16,1,0.00,8.00,0.00,6,12,6,'2014-10-08','2014-10-08',NULL,NULL,0,2,2,2,2,50,4,1,2,1,0,1,0,0,0,2.5500,0.60,1,15.00,2,'1',2,'0',2,'0','0',NULL,NULL,1,'2020-12-22 14:35:01','2022-05-31 11:42:30',NULL),(214,591,40877,0,1,'SCHILD FERNANDO GERMAN',NULL,'1982-01-01',1,1,5,1,NULL,9,NULL,NULL,NULL,NULL,NULL,NULL,NULL,NULL,6,'29519687','20-29519687-5',1,NULL,227,NULL,3,NULL,'00703947 - 30004001717511','0070394730004001717511',8,8,0,0,0,0,1,NULL,NULL,6,35,1,180000.00,1,0.00,8.00,0.00,7,13,6,'2014-10-08','2014-10-08',NULL,NULL,0,2,2,2,2,50,4,1,2,1,0,1,0,0,0,2.5500,0.60,1,15.00,2,'1',2,'0',2,'0','0',NULL,NULL,1,'2020-12-22 14:35:01','2022-05-31 11:39:39',NULL);
INSERT INTO `syj_empleados` VALUES (215,591,40877,0,2,'SCHILD LUCAS RODOLFO',NULL,'1965-09-21',1,1,5,1,NULL,9,NULL,NULL,NULL,NULL,NULL,NULL,NULL,NULL,6,'31950855','20-31950855-5',1,NULL,227,NULL,3,NULL,'15000183 - 00006864265832','1500018300006864265832',8,8,1,0,0,0,1,NULL,NULL,5,27,1,180000.00,1,0.00,8.00,0.00,6,12,6,'2014-10-08','2014-10-08',NULL,NULL,0,2,2,2,2,50,4,1,2,1,0,0,0,0,0,2.5500,0.60,1,15.00,2,'1',2,'0',2,'0','0',NULL,NULL,1,'2020-12-22 14:35:01','2022-05-31 11:40:13',NULL),(216,591,40877,0,7,'UGARTE JUAN VALENTIN',NULL,'2001-04-27',1,1,5,1,NULL,9,NULL,NULL,NULL,NULL,NULL,NULL,NULL,NULL,6,'43400125','20-43400125-1',1,NULL,227,227,1,NULL,'15000183 - 00006864297282','1500018300006864297282',8,8,1,0,0,0,1,NULL,NULL,6,40,1,90347.16,1,0.00,8.00,0.00,6,12,6,'2019-06-01','2019-06-01',NULL,NULL,0,2,2,2,2,50,4,1,2,1,0,1,0,0,0,2.5500,0.60,1,15.00,2,'1',2,'0',2,'0','0',NULL,NULL,1,'2020-12-22 14:35:01','2022-05-31 11:46:59',NULL),(217,591,40877,0,10,'VIVAS FRANCO MATEO',NULL,'2001-11-07',1,1,5,1,NULL,9,NULL,NULL,NULL,NULL,NULL,NULL,NULL,NULL,6,'43908028','20-43908028-1',1,NULL,227,NULL,1,NULL,NULL,NULL,8,8,1,0,0,0,1,NULL,NULL,6,40,1,60231.44,1,0.00,4.00,0.00,6,12,6,'2020-12-01','2020-12-01',NULL,NULL,0,2,2,2,2,50,1,1,2,1,0,1,0,0,0,2.5500,0.60,1,15.00,2,'1',2,'0',2,'0','0',NULL,NULL,1,'2020-12-22 14:35:01','2022-05-31 11:54:20',NULL),(218,591,40877,0,6,'GOMEZ GLORIA ELISABETH',NULL,'1982-02-12',2,1,5,1,NULL,9,NULL,NULL,NULL,NULL,NULL,NULL,NULL,NULL,6,'29298171','27-29298171-1',1,NULL,227,227,3,NULL,'15000183 - 00006864265900','1500018300006864265900',8,8,1,0,0,0,1,NULL,NULL,6,40,1,42502.00,1,0.00,8.00,0.00,7,13,6,'2019-03-01','2019-03-01',NULL,NULL,0,2,2,2,2,50,4,1,2,1,0,1,0,0,0,2.5500,0.60,1,15.00,2,'1',2,'0',2,'0','0',NULL,NULL,1,'2020-12-22 14:35:01','2022-05-31 11:02:20',NULL),(219,591,40877,0,9,'ROSENDE DAIANA',NULL,'1989-09-04',2,1,5,1,NULL,9,NULL,NULL,NULL,NULL,NULL,NULL,NULL,NULL,6,'34743774','27-34743774-9',1,NULL,227,227,1,NULL,NULL,NULL,8,8,1,0,0,0,1,NULL,NULL,6,33,1,88515.23,1,0.00,8.00,0.00,7,13,6,'2020-09-07','2020-09-07',NULL,NULL,0,2,2,2,2,50,4,1,2,1,0,1,0,0,0,2.5500,0.60,1,15.00,2,'1',2,'0',2,'0','0',NULL,NULL,1,'2020-12-22 14:35:01','2022-05-31 11:48:08',NULL),(220,591,40753,0,5,'FERREYRA WIDERHOLD MATIAS EZEQUIEL',NULL,'1999-04-11',1,1,5,1,NULL,9,NULL,NULL,NULL,NULL,NULL,NULL,NULL,NULL,6,'41449661','20-41449661-0',2,NULL,227,227,5,NULL,'01509193 - 01000135004527','0150919301000135004527',9,9,1,0,0,0,1,NULL,NULL,6,34,1,28537.95,1,0.00,4.00,0.00,9,15,8,'2019-06-11','2019-06-11',NULL,NULL,0,2,2,2,2,50,1,1,2,1,0,1,0,0,0,3.9800,0.60,1,0.00,2,'1',2,'0',2,'0','0',NULL,NULL,1,'2020-12-22 17:33:22','2022-02-24 08:33:26','2022-02-24 08:33:26'),(221,591,40753,0,7,'LEDESMA ADRIEL HERNAN',NULL,'1992-05-24',1,1,5,1,NULL,9,NULL,NULL,NULL,NULL,NULL,NULL,NULL,NULL,6,'37020191','23-37020191-9',2,NULL,227,NULL,3,NULL,'07200847 - 88000046201090','0720084788000046201090',9,9,1,0,0,0,1,NULL,NULL,6,34,1,28537.95,1,0.00,4.00,0.00,9,15,8,'2019-08-23','2019-08-23',NULL,NULL,0,2,2,2,2,50,1,1,2,1,0,1,0,0,0,3.9800,0.60,1,0.00,2,'1',2,'0',2,'0','0',NULL,NULL,1,'2020-12-22 17:33:22','2022-02-24 08:33:26','2022-02-24 08:33:26'),(222,591,40753,0,6,'GONZALEZ ARIANA MACARENA',NULL,'2019-06-11',2,1,5,1,NULL,9,NULL,NULL,NULL,NULL,NULL,NULL,NULL,NULL,6,'38254324','27-38254324-1',2,NULL,227,227,1,NULL,'25900332 - 20085381330117','2590033220085381330117',9,9,1,0,0,0,1,NULL,NULL,6,33,1,28354.67,1,0.00,8.00,0.00,8,14,7,'2019-06-11','2019-06-11',NULL,NULL,0,2,2,2,2,50,4,1,2,1,0,1,0,0,0,3.9800,0.60,1,0.00,2,'1',2,'0',2,'0','0',NULL,NULL,1,'2020-12-22 17:33:22','2022-02-24 08:33:26','2022-02-24 08:33:26'),(223,591,41103,0,1,'VERGARA OSCAR EMILIO',NULL,'2021-11-26',1,1,6,1,NULL,1,NULL,NULL,NULL,NULL,NULL,NULL,NULL,NULL,6,'10399425','20-10399425-0',2,NULL,2,2,1,NULL,NULL,NULL,10,10,0,0,0,0,1,NULL,NULL,7,41,1,0.00,0,0.00,8.00,0.00,10,19,10,'1969-12-31','1969-12-31',NULL,NULL,0,2,2,2,2,50,31,1,1,1,0,0,0,0,0,2.0000,0.60,0,0.00,2,'1',2,'1',2,'1','0',NULL,NULL,1,'2020-12-22 19:19:49','2021-11-26 09:56:07',NULL);
INSERT INTO `syj_empleados` VALUES (224,591,41103,0,2,'PARAFITA ALEJANDRO MARCELO',NULL,'1960-04-03',1,1,5,1,NULL,1,'Ing. Brian','923',NULL,NULL,'1684',NULL,NULL,NULL,6,'13722927','20-13722927-8',2,NULL,227,NULL,1,NULL,'00701750 - 30004009365330','0070175030004009365330',10,10,1,0,0,0,1,NULL,NULL,6,33,1,61089.61,1,0.00,8.00,0.00,10,18,9,'1998-04-01','1998-04-01',NULL,NULL,0,2,2,2,2,50,4,1,1,1,0,1,0,0,0,2.0000,0.60,1,0.00,2,'1',2,'0',2,'0','0',NULL,NULL,1,'2020-12-22 19:19:49','2021-11-26 09:50:06',NULL),(225,591,41103,0,3,'FABIANO DAMIAN GASTON',NULL,'1974-12-19',1,1,5,1,NULL,1,'RODRIGUEZ PEÑA','1584','5','A','1676',NULL,NULL,NULL,6,'24335484','20-24335484-7',2,NULL,227,NULL,1,NULL,'00701750 - 30004009364511','0070175030004009364511',10,10,1,0,0,0,1,NULL,NULL,6,33,1,61089.68,1,0.00,8.00,0.00,10,18,9,'1998-04-01','1998-04-01',NULL,NULL,0,2,2,2,2,50,4,1,1,1,0,1,0,0,0,2.0000,0.60,1,0.00,2,'1',2,'0',2,'0','0',NULL,NULL,1,'2020-12-22 19:19:49','2021-11-26 09:49:24',NULL),(226,591,41103,0,11,'DINGA JUAN ESTEBAN',NULL,'1979-10-11',1,1,5,1,NULL,1,'SULLIVAN','2524',NULL,NULL,'1684',NULL,NULL,NULL,6,'27680870','20-27680870-3',2,NULL,227,227,1,NULL,'00701750 - 30004009355667','0070175030004009355667',10,10,1,0,0,0,1,NULL,NULL,6,33,1,50945.75,1,0.00,8.00,0.00,10,16,9,'2005-12-01','2005-12-01',NULL,NULL,0,2,2,2,2,50,4,1,1,1,0,1,0,0,0,2.0000,0.60,1,0.00,2,'1',2,'0',2,'0','0',NULL,NULL,1,'2020-12-22 19:19:49','2021-11-26 09:48:37',NULL),(227,591,41103,0,17,'CABRERA ARIEL OMAR',NULL,'1982-07-14',1,1,5,1,NULL,2,'SOLDADO SOSA','5234',NULL,NULL,'1757',NULL,NULL,NULL,6,'29575792','20-29575792-3',2,NULL,227,NULL,1,NULL,'00701750 - 30004012443506','0070175030004012443506',10,10,1,0,0,0,1,NULL,NULL,6,33,1,50249.15,1,0.00,8.00,0.00,10,16,9,'2007-08-21','2007-08-21',NULL,NULL,0,2,2,2,2,50,4,1,1,1,0,1,0,0,0,2.0000,0.60,1,0.00,2,'1',2,'0',2,'0','0',NULL,NULL,1,'2020-12-22 19:19:49','2021-11-26 09:35:33',NULL),(228,591,41103,0,6,'TURCHET ADELINA',NULL,'2021-11-26',2,1,6,1,NULL,1,NULL,NULL,NULL,NULL,NULL,NULL,NULL,NULL,6,'10975093','27-10975093-5',2,NULL,2,2,1,NULL,NULL,NULL,10,10,0,0,0,0,1,NULL,NULL,7,41,1,0.00,0,0.00,8.00,0.00,10,19,10,'2020-12-22','2020-12-22',NULL,NULL,0,2,2,2,2,50,31,1,1,1,0,0,0,0,0,2.0000,0.60,0,0.00,2,'1',2,'1',2,'1','0',NULL,NULL,1,'2020-12-22 19:19:49','2021-11-26 09:52:54',NULL),(229,591,41103,0,21,'QUIROGA NATALIA RUTH',NULL,'1983-02-23',2,1,5,1,NULL,1,NULL,NULL,NULL,NULL,NULL,NULL,NULL,NULL,6,'30047675','27-30047675-4',2,NULL,206,NULL,1,NULL,'00701750 - 30004013084207','0070175030004013084207',10,10,1,0,0,0,1,NULL,NULL,6,33,1,48880.55,1,0.00,8.00,0.00,10,17,9,'2007-12-26','2007-12-26',NULL,NULL,0,2,2,2,2,50,4,1,1,1,0,1,0,0,0,2.0000,0.60,1,0.00,2,'1',2,'0',2,'0','0',NULL,NULL,1,'2020-12-22 19:19:49','2021-11-26 09:50:31',NULL),(230,591,41103,0,53,'CABRERA ACUÑA AYELEN MACARENA',NULL,'1989-06-19',2,1,5,1,NULL,1,NULL,NULL,NULL,NULL,NULL,NULL,NULL,NULL,6,'34796078','27-34796078-6',1,NULL,227,227,1,NULL,'00701750 - 30004035007943','00701750 - 30004035007943',10,10,1,0,0,0,1,NULL,NULL,6,33,1,45820.59,1,0.00,8.00,0.00,10,17,9,'2015-05-04','2015-05-04',NULL,NULL,0,2,2,2,2,50,4,1,1,1,0,1,0,0,0,2.0000,0.60,1,0.00,2,'1',2,NULL,2,NULL,'0',NULL,NULL,1,'2020-12-22 19:19:49','2021-05-28 11:00:35','2021-05-28 11:00:35'),(231,591,40912,0,34,'BENITEZ PEDRO JORGE O.',NULL,'1960-03-28',1,1,5,1,NULL,9,NULL,NULL,NULL,NULL,NULL,NULL,NULL,NULL,6,'13949165','20-13949165-4',2,NULL,74,NULL,1,NULL,NULL,NULL,11,11,1,0,0,0,1,NULL,NULL,16,124,2,185.22,1,0.00,8.00,0.00,11,21,11,'2020-11-26','2020-11-26',NULL,NULL,0,2,2,2,2,50,1,1,2,1,0,1,0,0,0,9.5760,0.60,1,15.00,2,'1',2,'1',2,'1','0',NULL,NULL,1,'2020-12-29 12:38:41','2021-11-26 09:10:21',NULL);
INSERT INTO `syj_empleados` VALUES (232,591,40912,0,2,'MARRONE GERMAN GABRIEL',NULL,'2021-11-26',1,1,5,1,NULL,9,NULL,NULL,NULL,NULL,NULL,NULL,NULL,NULL,6,'22216093','20-22216093-7',2,NULL,2,2,1,NULL,NULL,NULL,11,11,0,0,0,0,1,NULL,NULL,7,41,1,0.00,0,0.00,8.00,0.00,12,20,12,'2019-01-08','2019-01-08',NULL,NULL,0,2,2,2,2,50,4,1,2,1,0,0,0,0,0,9.5760,0.60,0,15.00,2,'1',2,'0',2,'0','0',NULL,NULL,1,'2020-12-29 12:38:41','2021-11-26 09:16:13',NULL),(233,591,40912,0,35,'MARRONE CARLOS ROBERTO O.',NULL,'1974-11-04',1,1,5,1,NULL,9,NULL,NULL,NULL,NULL,NULL,NULL,NULL,NULL,6,'24216327','20-24216327-4',2,NULL,74,NULL,1,NULL,NULL,NULL,11,11,0,0,0,0,1,NULL,NULL,16,124,2,185.22,1,0.00,8.00,0.00,11,21,11,'2020-11-11','2020-11-11',NULL,NULL,0,2,2,2,2,50,1,1,2,1,0,1,0,0,0,9.5760,0.60,1,15.00,2,'1',2,'0',2,'0','0',NULL,NULL,1,'2020-12-29 12:38:41','2021-11-26 09:12:49',NULL),(234,591,40912,0,2,'MANCINI MARIO O.',NULL,'1980-04-19',1,1,5,1,NULL,9,NULL,NULL,NULL,NULL,NULL,NULL,NULL,NULL,6,'28055090','20-28055090-7',2,NULL,74,NULL,1,NULL,NULL,NULL,11,11,1,0,0,0,1,NULL,NULL,16,124,2,185.22,1,0.00,8.00,0.00,11,21,11,'2020-08-07','2020-08-07',NULL,NULL,0,2,2,2,2,50,1,1,2,1,0,1,0,0,0,9.5760,0.60,1,15.00,2,'1',2,'1',2,'1','0',NULL,NULL,1,'2020-12-29 12:38:41','2021-11-26 09:12:11',NULL),(235,591,40912,0,36,'PEREYRA SERGIO HERNAN O.',NULL,'1983-03-10',1,1,5,1,NULL,9,NULL,NULL,NULL,NULL,NULL,NULL,NULL,NULL,6,'30456352','20-30456352-5',2,NULL,74,NULL,1,NULL,NULL,NULL,11,11,1,0,0,0,1,NULL,NULL,16,124,2,185.22,1,0.00,8.00,0.00,11,21,11,'2020-11-11','2020-11-11',NULL,NULL,0,2,2,2,2,50,1,1,2,1,0,1,0,0,0,9.5760,0.60,1,15.00,2,'1',2,'0',2,'0','0',NULL,NULL,1,'2020-12-29 12:38:41','2021-11-26 09:17:03',NULL),(236,591,40912,0,15,'ELIZONDO MARCELO ANDRES O.',NULL,'1991-03-22',1,1,5,1,NULL,9,NULL,NULL,NULL,NULL,NULL,NULL,NULL,NULL,6,'36080861','20-36080861-1',2,NULL,74,NULL,1,NULL,'07200717 - 88000037566968','0720071788000037566968',11,11,1,0,0,0,1,NULL,NULL,16,124,2,185.22,1,0.00,8.00,0.00,11,21,11,'2018-11-16','2018-11-16',NULL,NULL,0,2,2,2,2,50,1,1,2,1,0,1,0,0,0,9.5760,0.60,1,15.00,2,'1',2,'1',2,'1','0',NULL,NULL,1,'2020-12-29 12:38:41','2021-11-26 09:11:04',NULL),(237,591,40912,0,23,'MARRONE ENZO ARIEL O.',NULL,'1999-05-08',1,1,5,1,NULL,9,NULL,NULL,NULL,NULL,NULL,NULL,NULL,NULL,6,'41768368','20-41768368-3',2,NULL,74,NULL,1,NULL,NULL,NULL,11,11,1,0,0,0,1,NULL,NULL,16,124,2,185.22,1,0.00,8.00,0.00,11,21,11,'2019-03-19','2019-03-19',NULL,NULL,0,2,2,2,2,50,1,1,2,1,0,1,0,0,0,9.5760,0.60,1,15.00,2,'1',2,'0',2,'0','0',NULL,NULL,1,'2020-12-29 12:38:41','2021-11-26 09:13:12',NULL),(238,591,40912,0,37,'MARRONE JOAQUIN O.',NULL,'2002-03-21',1,1,5,1,NULL,9,NULL,NULL,NULL,NULL,NULL,NULL,NULL,NULL,6,'44214064','20-44214064-3',2,NULL,74,NULL,1,NULL,NULL,NULL,11,11,1,0,0,0,1,NULL,NULL,16,124,2,185.22,1,0.00,8.00,0.00,11,21,11,'2020-11-11','2020-11-11',NULL,NULL,0,2,2,2,2,50,1,1,2,1,0,1,0,0,0,9.5760,0.60,1,15.00,2,'1',2,'0',2,'0','0',NULL,NULL,1,'2020-12-29 12:38:41','2021-11-26 09:16:42',NULL),(239,591,40912,0,7,'BENITEZ RIVEROS SERGIO JAVIER O.',NULL,'1992-08-14',1,2,5,178,NULL,9,NULL,NULL,NULL,NULL,NULL,NULL,NULL,NULL,6,'94949070','20-94949070-0',2,NULL,74,NULL,1,NULL,'07200717 - 88000037567190','0720071788000037567190',11,11,1,0,0,0,1,NULL,NULL,16,124,2,185.22,1,0.00,8.00,0.00,11,21,11,'2019-06-19','2019-06-19',NULL,NULL,0,2,2,2,2,50,1,1,2,1,0,1,0,0,0,9.5760,0.60,1,15.00,2,'1',2,'1',2,'1','0',NULL,NULL,1,'2020-12-29 12:38:41','2021-11-26 09:10:41',NULL),(240,591,40912,0,38,'FERNANDEZ DIEGO MARTIN O.',NULL,'1975-06-11',1,1,5,1,NULL,9,NULL,NULL,NULL,NULL,NULL,NULL,NULL,NULL,6,'24535514','23-24535514-9',2,NULL,74,NULL,1,NULL,NULL,NULL,11,11,1,0,0,0,1,NULL,NULL,16,124,2,185.22,1,0.00,8.00,0.00,11,21,11,'2020-11-11','2020-11-11',NULL,NULL,0,2,2,2,2,50,1,1,2,1,0,1,0,0,0,9.5760,0.60,1,15.00,2,'1',2,'1',2,'1','0',NULL,NULL,1,'2020-12-29 12:38:41','2021-11-26 09:11:45',NULL);
INSERT INTO `syj_empleados` VALUES (241,591,40737,0,1,'',NULL,NULL,NULL,NULL,NULL,NULL,NULL,NULL,NULL,NULL,NULL,NULL,NULL,NULL,NULL,NULL,6,'0','4--',1,NULL,NULL,NULL,NULL,NULL,NULL,NULL,NULL,NULL,0,0,0,0,1,NULL,NULL,5,NULL,NULL,0.00,0,0.00,0.00,0.00,NULL,NULL,NULL,'1969-12-31','1969-12-31',NULL,NULL,0,NULL,NULL,NULL,NULL,NULL,NULL,NULL,NULL,NULL,0,0,0,0,0,10.7410,0.60,0,15.00,NULL,NULL,NULL,NULL,NULL,NULL,'0',NULL,NULL,1,'2020-12-29 13:36:08','2020-12-29 13:36:31','2020-12-29 13:36:31'),(242,591,40737,0,2,'',NULL,NULL,NULL,NULL,NULL,NULL,NULL,NULL,NULL,NULL,NULL,NULL,NULL,NULL,NULL,NULL,6,'ef\r\n','xr-ef\r\n-',1,NULL,NULL,NULL,NULL,NULL,NULL,NULL,NULL,NULL,0,0,0,0,1,NULL,NULL,5,NULL,NULL,0.00,0,0.00,0.00,0.00,NULL,NULL,NULL,'1969-12-31','1969-12-31',NULL,NULL,0,NULL,NULL,NULL,NULL,NULL,NULL,NULL,NULL,NULL,0,0,0,0,0,10.7410,0.60,0,15.00,NULL,NULL,NULL,NULL,NULL,NULL,'0',NULL,NULL,1,'2020-12-29 13:36:08','2020-12-29 13:36:40','2020-12-29 13:36:40'),(243,591,40737,0,3,'',NULL,NULL,NULL,NULL,NULL,NULL,NULL,NULL,NULL,NULL,NULL,NULL,NULL,NULL,NULL,NULL,6,'0','4--',1,NULL,NULL,NULL,NULL,NULL,NULL,NULL,NULL,NULL,0,0,0,0,1,NULL,NULL,5,NULL,NULL,0.00,0,0.00,0.00,0.00,NULL,NULL,NULL,'1969-12-31','1969-12-31',NULL,NULL,0,NULL,NULL,NULL,NULL,NULL,NULL,NULL,NULL,NULL,0,0,0,0,0,10.7410,0.60,0,15.00,NULL,NULL,NULL,NULL,NULL,NULL,'0',NULL,NULL,1,'2020-12-29 13:36:08','2020-12-29 13:36:47','2020-12-29 13:36:47'),(244,591,40737,0,4,'',NULL,NULL,NULL,NULL,NULL,NULL,NULL,NULL,NULL,NULL,NULL,NULL,NULL,NULL,NULL,NULL,6,'00000016','00-00000016-',1,NULL,NULL,NULL,NULL,NULL,NULL,NULL,NULL,NULL,0,0,0,0,1,NULL,NULL,5,NULL,NULL,0.00,0,0.00,0.00,0.00,NULL,NULL,NULL,'1969-12-31','1969-12-31',NULL,NULL,0,NULL,NULL,NULL,NULL,NULL,NULL,NULL,NULL,NULL,0,0,0,0,0,10.7410,0.60,0,15.00,NULL,NULL,NULL,NULL,NULL,NULL,'0',NULL,NULL,1,'2020-12-29 13:36:08','2020-12-29 13:36:53','2020-12-29 13:36:53'),(245,591,40737,0,5,'',NULL,NULL,NULL,NULL,NULL,NULL,NULL,NULL,NULL,NULL,NULL,NULL,NULL,NULL,NULL,NULL,6,'00000855','00-00000855-',1,NULL,NULL,NULL,NULL,NULL,NULL,NULL,NULL,NULL,0,0,0,0,1,NULL,NULL,5,NULL,NULL,0.00,0,0.00,0.00,0.00,NULL,NULL,NULL,'1969-12-31','1969-12-31',NULL,NULL,0,NULL,NULL,NULL,NULL,NULL,NULL,NULL,NULL,NULL,0,0,0,0,0,10.7410,0.60,0,15.00,NULL,NULL,NULL,NULL,NULL,NULL,'0',NULL,NULL,1,'2020-12-29 13:36:08','2020-12-29 13:36:59','2020-12-29 13:36:59'),(246,591,40737,0,6,'',NULL,NULL,NULL,NULL,NULL,NULL,NULL,NULL,NULL,NULL,NULL,NULL,NULL,NULL,NULL,NULL,6,'00000915','00-00000915-',1,NULL,NULL,NULL,NULL,NULL,NULL,NULL,NULL,NULL,0,0,0,0,1,NULL,NULL,5,NULL,NULL,0.00,0,0.00,0.00,0.00,NULL,NULL,NULL,'1969-12-31','1969-12-31',NULL,NULL,0,NULL,NULL,NULL,NULL,NULL,NULL,NULL,NULL,NULL,0,0,0,0,0,10.7410,0.60,0,15.00,NULL,NULL,NULL,NULL,NULL,NULL,'0',NULL,NULL,1,'2020-12-29 13:36:08','2020-12-29 13:37:10','2020-12-29 13:37:10'),(247,591,40737,0,7,'',NULL,NULL,NULL,NULL,NULL,NULL,NULL,NULL,NULL,NULL,NULL,NULL,NULL,NULL,NULL,NULL,6,'00001180','00-00001180-',1,NULL,NULL,NULL,NULL,NULL,NULL,NULL,NULL,NULL,0,0,0,0,1,NULL,NULL,5,NULL,NULL,0.00,0,0.00,0.00,0.00,NULL,NULL,NULL,'1969-12-31','1969-12-31',NULL,NULL,0,NULL,NULL,NULL,NULL,NULL,NULL,NULL,NULL,NULL,0,0,0,0,0,10.7410,0.60,0,15.00,NULL,NULL,NULL,NULL,NULL,NULL,'0',NULL,NULL,1,'2020-12-29 13:36:08','2020-12-29 13:37:17','2020-12-29 13:37:17'),(248,591,40737,0,8,'',NULL,NULL,NULL,NULL,NULL,NULL,NULL,NULL,NULL,NULL,NULL,NULL,NULL,NULL,NULL,NULL,6,'00001198','00-00001198-',1,NULL,NULL,NULL,NULL,NULL,NULL,NULL,NULL,NULL,0,0,0,0,1,NULL,NULL,5,NULL,NULL,0.00,0,0.00,0.00,0.00,NULL,NULL,NULL,'1969-12-31','1969-12-31',NULL,NULL,0,NULL,NULL,NULL,NULL,NULL,NULL,NULL,NULL,NULL,0,0,0,0,0,10.7410,0.60,0,15.00,NULL,NULL,NULL,NULL,NULL,NULL,'0',NULL,NULL,1,'2020-12-29 13:36:08','2020-12-29 13:37:24','2020-12-29 13:37:24');
INSERT INTO `syj_empleados` VALUES (249,591,40737,0,9,'',NULL,NULL,NULL,NULL,NULL,NULL,NULL,NULL,NULL,NULL,NULL,NULL,NULL,NULL,NULL,NULL,6,'00002335','00-00002335-',1,NULL,NULL,NULL,NULL,NULL,NULL,NULL,NULL,NULL,0,0,0,0,1,NULL,NULL,5,NULL,NULL,0.00,0,0.00,0.00,0.00,NULL,NULL,NULL,'1969-12-31','1969-12-31',NULL,NULL,0,NULL,NULL,NULL,NULL,NULL,NULL,NULL,NULL,NULL,0,0,0,0,0,10.7410,0.60,0,15.00,NULL,NULL,NULL,NULL,NULL,NULL,'0',NULL,NULL,1,'2020-12-29 13:36:08','2020-12-29 13:37:31','2020-12-29 13:37:31'),(250,591,40737,0,10,'',NULL,NULL,NULL,NULL,NULL,NULL,NULL,NULL,NULL,NULL,NULL,NULL,NULL,NULL,NULL,NULL,6,'00003338','00-00003338-',1,NULL,NULL,NULL,NULL,NULL,NULL,NULL,NULL,NULL,0,0,0,0,1,NULL,NULL,5,NULL,NULL,0.00,0,0.00,0.00,0.00,NULL,NULL,NULL,'1969-12-31','1969-12-31',NULL,NULL,0,NULL,NULL,NULL,NULL,NULL,NULL,NULL,NULL,NULL,0,0,0,0,0,10.7410,0.60,0,15.00,NULL,NULL,NULL,NULL,NULL,NULL,'0',NULL,NULL,1,'2020-12-29 13:36:08','2020-12-29 13:37:38','2020-12-29 13:37:38'),(251,591,40737,0,11,'',NULL,NULL,NULL,NULL,NULL,NULL,NULL,NULL,NULL,NULL,NULL,NULL,NULL,NULL,NULL,NULL,6,'00004409','00-00004409-',1,NULL,NULL,NULL,NULL,NULL,NULL,NULL,NULL,NULL,0,0,0,0,1,NULL,NULL,5,NULL,NULL,0.00,0,0.00,0.00,0.00,NULL,NULL,NULL,'1969-12-31','1969-12-31',NULL,NULL,0,NULL,NULL,NULL,NULL,NULL,NULL,NULL,NULL,NULL,0,0,0,0,0,10.7410,0.60,0,15.00,NULL,NULL,NULL,NULL,NULL,NULL,'0',NULL,NULL,1,'2020-12-29 13:36:08','2020-12-29 13:37:45','2020-12-29 13:37:45'),(252,591,40737,0,12,'',NULL,NULL,NULL,NULL,NULL,NULL,NULL,NULL,NULL,NULL,NULL,NULL,NULL,NULL,NULL,NULL,6,'00005537','00-00005537-',1,NULL,NULL,NULL,NULL,NULL,NULL,NULL,NULL,NULL,0,0,0,0,1,NULL,NULL,5,NULL,NULL,0.00,0,0.00,0.00,0.00,NULL,NULL,NULL,'1969-12-31','1969-12-31',NULL,NULL,0,NULL,NULL,NULL,NULL,NULL,NULL,NULL,NULL,NULL,0,0,0,0,0,10.7410,0.60,0,15.00,NULL,NULL,NULL,NULL,NULL,NULL,'0',NULL,NULL,1,'2020-12-29 13:36:08','2020-12-29 13:37:50','2020-12-29 13:37:50'),(253,591,40737,0,13,'',NULL,NULL,NULL,NULL,NULL,NULL,NULL,NULL,NULL,NULL,NULL,NULL,NULL,NULL,NULL,NULL,6,'00006590','00-00006590-',1,NULL,NULL,NULL,NULL,NULL,NULL,NULL,NULL,NULL,0,0,0,0,1,NULL,NULL,5,NULL,NULL,0.00,0,0.00,0.00,0.00,NULL,NULL,NULL,'1969-12-31','1969-12-31',NULL,NULL,0,NULL,NULL,NULL,NULL,NULL,NULL,NULL,NULL,NULL,0,0,0,0,0,10.7410,0.60,0,15.00,NULL,NULL,NULL,NULL,NULL,NULL,'0',NULL,NULL,1,'2020-12-29 13:36:08','2020-12-29 13:37:57','2020-12-29 13:37:57'),(254,591,40737,0,14,'',NULL,NULL,NULL,NULL,NULL,NULL,NULL,NULL,NULL,NULL,NULL,NULL,NULL,NULL,NULL,NULL,6,'00007240','00-00007240-',1,NULL,NULL,NULL,NULL,NULL,NULL,NULL,NULL,NULL,0,0,0,0,1,NULL,NULL,5,NULL,NULL,0.00,0,0.00,0.00,0.00,NULL,NULL,NULL,'1969-12-31','1969-12-31',NULL,NULL,0,NULL,NULL,NULL,NULL,NULL,NULL,NULL,NULL,NULL,0,0,0,0,0,10.7410,0.60,0,15.00,NULL,NULL,NULL,NULL,NULL,NULL,'0',NULL,NULL,1,'2020-12-29 13:36:08','2020-12-29 13:38:03','2020-12-29 13:38:03'),(255,591,40737,0,15,'',NULL,NULL,NULL,NULL,NULL,NULL,NULL,NULL,NULL,NULL,NULL,NULL,NULL,NULL,NULL,NULL,6,'00008246','00-00008246-',1,NULL,NULL,NULL,NULL,NULL,NULL,NULL,NULL,NULL,0,0,0,0,1,NULL,NULL,5,NULL,NULL,0.00,0,0.00,0.00,0.00,NULL,NULL,NULL,'1969-12-31','1969-12-31',NULL,NULL,0,NULL,NULL,NULL,NULL,NULL,NULL,NULL,NULL,NULL,0,0,0,0,0,10.7410,0.60,0,15.00,NULL,NULL,NULL,NULL,NULL,NULL,'0',NULL,NULL,1,'2020-12-29 13:36:08','2020-12-29 13:38:13','2020-12-29 13:38:13'),(256,591,40737,0,16,'',NULL,NULL,NULL,NULL,NULL,NULL,NULL,NULL,NULL,NULL,NULL,NULL,NULL,NULL,NULL,NULL,6,'00009346','00-00009346-',1,NULL,NULL,NULL,NULL,NULL,NULL,NULL,NULL,NULL,0,0,0,0,1,NULL,NULL,5,NULL,NULL,0.00,0,0.00,0.00,0.00,NULL,NULL,NULL,'1969-12-31','1969-12-31',NULL,NULL,0,NULL,NULL,NULL,NULL,NULL,NULL,NULL,NULL,NULL,0,0,0,0,0,10.7410,0.60,0,15.00,NULL,NULL,NULL,NULL,NULL,NULL,'0',NULL,NULL,1,'2020-12-29 13:36:08','2020-12-29 13:38:19','2020-12-29 13:38:19');
INSERT INTO `syj_empleados` VALUES (257,591,40737,0,17,'',NULL,NULL,NULL,NULL,NULL,NULL,NULL,NULL,NULL,NULL,NULL,NULL,NULL,NULL,NULL,NULL,6,'00010378','00-00010378-',1,NULL,NULL,NULL,NULL,NULL,NULL,NULL,NULL,NULL,0,0,0,0,1,NULL,NULL,5,NULL,NULL,0.00,0,0.00,0.00,0.00,NULL,NULL,NULL,'1969-12-31','1969-12-31',NULL,NULL,0,NULL,NULL,NULL,NULL,NULL,NULL,NULL,NULL,NULL,0,0,0,0,0,10.7410,0.60,0,15.00,NULL,NULL,NULL,NULL,NULL,NULL,'0',NULL,NULL,1,'2020-12-29 13:36:08','2020-12-29 13:38:25','2020-12-29 13:38:25'),(258,591,40737,0,18,'',NULL,NULL,NULL,NULL,NULL,NULL,NULL,NULL,NULL,NULL,NULL,NULL,NULL,NULL,NULL,NULL,6,'00011135','00-00011135-',1,NULL,NULL,NULL,NULL,NULL,NULL,NULL,NULL,NULL,0,0,0,0,1,NULL,NULL,5,NULL,NULL,0.00,0,0.00,0.00,0.00,NULL,NULL,NULL,'1969-12-31','1969-12-31',NULL,NULL,0,NULL,NULL,NULL,NULL,NULL,NULL,NULL,NULL,NULL,0,0,0,0,0,10.7410,0.60,0,15.00,NULL,NULL,NULL,NULL,NULL,NULL,'0',NULL,NULL,1,'2020-12-29 13:36:08','2020-12-29 13:38:35','2020-12-29 13:38:35'),(259,591,40737,0,19,'',NULL,NULL,NULL,NULL,NULL,NULL,NULL,NULL,NULL,NULL,NULL,NULL,NULL,NULL,NULL,NULL,6,'00012253','00-00012253-',1,NULL,NULL,NULL,NULL,NULL,NULL,NULL,NULL,NULL,0,0,0,0,1,NULL,NULL,5,NULL,NULL,0.00,0,0.00,0.00,0.00,NULL,NULL,NULL,'1969-12-31','1969-12-31',NULL,NULL,0,NULL,NULL,NULL,NULL,NULL,NULL,NULL,NULL,NULL,0,0,0,0,0,10.7410,0.60,0,15.00,NULL,NULL,NULL,NULL,NULL,NULL,'0',NULL,NULL,1,'2020-12-29 13:36:08','2020-12-29 13:38:42','2020-12-29 13:38:42'),(260,591,40737,0,20,'',NULL,NULL,NULL,NULL,NULL,NULL,NULL,NULL,NULL,NULL,NULL,NULL,NULL,NULL,NULL,NULL,6,'00012412','00-00012412-',1,NULL,NULL,NULL,NULL,NULL,NULL,NULL,NULL,NULL,0,0,0,0,1,NULL,NULL,5,NULL,NULL,0.00,0,0.00,0.00,0.00,NULL,NULL,NULL,'1969-12-31','1969-12-31',NULL,NULL,0,NULL,NULL,NULL,NULL,NULL,NULL,NULL,NULL,NULL,0,0,0,0,0,10.7410,0.60,0,15.00,NULL,NULL,NULL,NULL,NULL,NULL,'0',NULL,NULL,1,'2020-12-29 13:36:08','2020-12-29 13:38:48','2020-12-29 13:38:48'),(261,591,40737,0,21,'',NULL,NULL,NULL,NULL,NULL,NULL,NULL,NULL,NULL,NULL,NULL,NULL,NULL,NULL,NULL,NULL,6,'00012585','00-00012585-',1,NULL,NULL,NULL,NULL,NULL,NULL,NULL,NULL,NULL,0,0,0,0,1,NULL,NULL,5,NULL,NULL,0.00,0,0.00,0.00,0.00,NULL,NULL,NULL,'1969-12-31','1969-12-31',NULL,NULL,0,NULL,NULL,NULL,NULL,NULL,NULL,NULL,NULL,NULL,0,0,0,0,0,10.7410,0.60,0,15.00,NULL,NULL,NULL,NULL,NULL,NULL,'0',NULL,NULL,1,'2020-12-29 13:36:08','2020-12-29 13:38:54','2020-12-29 13:38:54'),(262,591,40737,0,22,'',NULL,NULL,NULL,NULL,NULL,NULL,NULL,NULL,NULL,NULL,NULL,NULL,NULL,NULL,NULL,NULL,6,'00012763','00-00012763-',1,NULL,NULL,NULL,NULL,NULL,NULL,NULL,NULL,NULL,0,0,0,0,1,NULL,NULL,5,NULL,NULL,0.00,0,0.00,0.00,0.00,NULL,NULL,NULL,'1969-12-31','1969-12-31',NULL,NULL,0,NULL,NULL,NULL,NULL,NULL,NULL,NULL,NULL,NULL,0,0,0,0,0,10.7410,0.60,0,15.00,NULL,NULL,NULL,NULL,NULL,NULL,'0',NULL,NULL,1,'2020-12-29 13:36:08','2020-12-29 13:39:00','2020-12-29 13:39:00'),(263,591,40737,0,23,'',NULL,NULL,NULL,NULL,NULL,NULL,NULL,NULL,NULL,NULL,NULL,NULL,NULL,NULL,NULL,NULL,6,'00000696','00-00000696-',1,NULL,NULL,NULL,NULL,NULL,NULL,NULL,NULL,NULL,0,0,0,0,1,NULL,NULL,5,NULL,NULL,0.00,0,0.00,0.00,0.00,NULL,NULL,NULL,'1969-12-31','1969-12-31',NULL,NULL,0,NULL,NULL,NULL,NULL,NULL,NULL,NULL,NULL,NULL,0,0,0,0,0,10.7410,0.60,0,15.00,NULL,NULL,NULL,NULL,NULL,NULL,'0',NULL,NULL,1,'2020-12-29 13:36:08','2020-12-29 13:39:06','2020-12-29 13:39:06'),(264,591,40737,0,24,'',NULL,NULL,NULL,NULL,NULL,NULL,NULL,NULL,NULL,NULL,NULL,NULL,NULL,NULL,NULL,NULL,6,'ailer\r\n','tr-ailer\r\n-',1,NULL,NULL,NULL,NULL,NULL,NULL,NULL,NULL,NULL,0,0,0,0,1,NULL,NULL,5,NULL,NULL,0.00,0,0.00,0.00,0.00,NULL,NULL,NULL,'1969-12-31','1969-12-31',NULL,NULL,0,NULL,NULL,NULL,NULL,NULL,NULL,NULL,NULL,NULL,0,0,0,0,0,10.7410,0.60,0,15.00,NULL,NULL,NULL,NULL,NULL,NULL,'0',NULL,NULL,1,'2020-12-29 13:36:08','2020-12-29 13:39:18','2020-12-29 13:39:18');
INSERT INTO `syj_empleados` VALUES (265,591,40737,0,25,'',NULL,NULL,NULL,NULL,NULL,NULL,NULL,NULL,NULL,NULL,NULL,NULL,NULL,NULL,NULL,NULL,6,'/Size','<<-/Size-',1,NULL,NULL,NULL,NULL,NULL,NULL,NULL,NULL,NULL,0,0,0,0,1,NULL,NULL,5,NULL,NULL,0.00,0,0.00,0.00,0.00,NULL,NULL,NULL,'1969-12-31','1969-12-31',NULL,NULL,0,NULL,NULL,NULL,NULL,NULL,NULL,NULL,NULL,NULL,0,0,0,0,0,10.7410,0.60,0,15.00,NULL,NULL,NULL,NULL,NULL,NULL,'0',NULL,NULL,1,'2020-12-29 13:36:08','2020-12-29 13:39:23','2020-12-29 13:39:23'),(266,591,40737,0,26,'',NULL,NULL,NULL,NULL,NULL,NULL,NULL,NULL,NULL,NULL,NULL,NULL,NULL,NULL,NULL,NULL,6,'artxref\r','st-artxref\r-\n',1,NULL,NULL,NULL,NULL,NULL,NULL,NULL,NULL,NULL,0,0,0,0,1,NULL,NULL,5,NULL,NULL,0.00,0,0.00,0.00,0.00,NULL,NULL,NULL,'1969-12-31','1969-12-31',NULL,NULL,0,NULL,NULL,NULL,NULL,NULL,NULL,NULL,NULL,NULL,0,0,0,0,0,10.7410,0.60,0,15.00,NULL,NULL,NULL,NULL,NULL,NULL,'0',NULL,NULL,1,'2020-12-29 13:36:08','2020-12-29 13:39:28','2020-12-29 13:39:28'),(267,591,40737,0,27,'',NULL,NULL,NULL,NULL,NULL,NULL,NULL,NULL,NULL,NULL,NULL,NULL,NULL,NULL,NULL,NULL,6,'\n','0\r-\n-',1,NULL,NULL,NULL,NULL,NULL,NULL,NULL,NULL,NULL,0,0,0,0,1,NULL,NULL,5,NULL,NULL,0.00,0,0.00,0.00,0.00,NULL,NULL,NULL,'1969-12-31','1969-12-31',NULL,NULL,0,NULL,NULL,NULL,NULL,NULL,NULL,NULL,NULL,NULL,0,0,0,0,0,10.7410,0.60,0,15.00,NULL,NULL,NULL,NULL,NULL,NULL,'0',NULL,NULL,1,'2020-12-29 13:36:08','2020-12-29 13:39:33','2020-12-29 13:39:33'),(268,591,40737,0,28,'',NULL,NULL,NULL,NULL,NULL,NULL,NULL,NULL,NULL,NULL,NULL,NULL,NULL,NULL,NULL,NULL,6,'EOF\r\n','%%-EOF\r\n-',1,NULL,NULL,NULL,NULL,NULL,NULL,NULL,NULL,NULL,0,0,0,0,1,NULL,NULL,5,NULL,NULL,0.00,0,0.00,0.00,0.00,NULL,NULL,NULL,'1969-12-31','1969-12-31',NULL,NULL,0,NULL,NULL,NULL,NULL,NULL,NULL,NULL,NULL,NULL,0,0,0,0,0,10.7410,0.60,0,15.00,NULL,NULL,NULL,NULL,NULL,NULL,'0',NULL,NULL,1,'2020-12-29 13:36:08','2020-12-29 13:39:51','2020-12-29 13:39:51'),(269,591,40737,0,29,'',NULL,NULL,NULL,NULL,NULL,NULL,NULL,NULL,NULL,NULL,NULL,NULL,NULL,NULL,NULL,NULL,6,'0','--',1,NULL,NULL,NULL,NULL,NULL,NULL,NULL,NULL,NULL,0,0,0,0,1,NULL,NULL,5,NULL,NULL,0.00,0,0.00,0.00,0.00,NULL,NULL,NULL,'1969-12-31','1969-12-31',NULL,NULL,0,NULL,NULL,NULL,NULL,NULL,NULL,NULL,NULL,NULL,0,0,0,0,0,10.7410,0.60,0,15.00,NULL,NULL,NULL,NULL,NULL,NULL,'0',NULL,NULL,1,'2020-12-29 13:36:08','2020-12-29 13:39:57','2020-12-29 13:39:57'),(270,591,40737,0,30,'',NULL,NULL,NULL,NULL,NULL,NULL,NULL,NULL,NULL,NULL,NULL,NULL,NULL,NULL,NULL,NULL,6,'','23--',1,NULL,NULL,NULL,NULL,NULL,NULL,NULL,NULL,NULL,0,0,0,0,1,NULL,NULL,5,NULL,NULL,0.00,0,0.00,0.00,0.00,NULL,NULL,NULL,'1969-12-31','1969-12-31',NULL,NULL,0,NULL,NULL,NULL,NULL,NULL,NULL,NULL,NULL,NULL,0,0,0,0,0,10.7410,0.60,0,15.00,NULL,NULL,NULL,NULL,NULL,NULL,'0',NULL,NULL,1,'2020-12-29 13:36:08','2020-12-29 13:40:10','2020-12-29 13:40:10'),(271,591,40737,0,31,'',NULL,NULL,NULL,NULL,NULL,NULL,NULL,NULL,NULL,NULL,NULL,NULL,NULL,NULL,NULL,NULL,6,'b``d``','h',1,NULL,NULL,NULL,NULL,NULL,NULL,NULL,NULL,NULL,0,0,0,0,1,NULL,NULL,5,NULL,NULL,0.00,0,0.00,0.00,0.00,NULL,NULL,NULL,'1969-12-31','1969-12-31',NULL,NULL,0,NULL,NULL,NULL,NULL,NULL,NULL,NULL,NULL,NULL,0,0,0,0,0,10.7410,0.60,0,15.00,NULL,NULL,NULL,NULL,NULL,NULL,'0',NULL,NULL,1,'2020-12-29 13:36:08','2020-12-29 13:40:15','2020-12-29 13:40:15'),(272,591,40737,0,32,'',NULL,NULL,NULL,NULL,NULL,NULL,NULL,NULL,NULL,NULL,NULL,NULL,NULL,NULL,NULL,NULL,6,'','B1-',1,NULL,NULL,NULL,NULL,NULL,NULL,NULL,NULL,NULL,0,0,0,0,1,NULL,NULL,5,NULL,NULL,0.00,0,0.00,0.00,0.00,NULL,NULL,NULL,'1969-12-31','1969-12-31',NULL,NULL,0,NULL,NULL,NULL,NULL,NULL,NULL,NULL,NULL,NULL,0,0,0,0,0,10.7410,0.60,0,15.00,NULL,NULL,NULL,NULL,NULL,NULL,'0',NULL,NULL,1,'2020-12-29 13:36:08','2020-12-29 13:40:21','2020-12-29 13:40:21');
INSERT INTO `syj_empleados` VALUES (273,591,40737,0,33,'dobj\r5 0 obj\r<</Metadata 2 0 R/Pages 1 0 R/Type/Catalog>>\rendobj\r6 0 obj\r<</Annots 7 0 R/Contents[9 0 R 10 0 R 12 0 R 13 0 R 14 0 R 15 0 R 16 0 R 17 0 R]/CropBox[0 0 595.274 841.889]/MediaBox',NULL,NULL,NULL,NULL,NULL,NULL,NULL,NULL,NULL,NULL,NULL,NULL,NULL,NULL,NULL,NULL,6,'dstream\r','en-dstream\r-e',1,NULL,NULL,NULL,NULL,NULL,NULL,NULL,NULL,NULL,0,0,0,0,1,NULL,NULL,5,NULL,NULL,0.00,0,0.00,0.00,0.00,NULL,NULL,NULL,'1969-12-31','1969-12-31',NULL,NULL,0,NULL,NULL,NULL,NULL,NULL,NULL,NULL,NULL,NULL,0,0,0,0,0,10.7410,0.60,0,15.00,NULL,NULL,NULL,NULL,NULL,NULL,'0',NULL,NULL,1,'2020-12-29 13:36:08','2020-12-29 13:40:28','2020-12-29 13:40:28'),(274,591,40737,0,34,'',NULL,NULL,NULL,NULL,NULL,NULL,NULL,NULL,NULL,NULL,NULL,NULL,NULL,NULL,NULL,NULL,6,'ė','H',1,NULL,NULL,NULL,NULL,NULL,NULL,NULL,NULL,NULL,0,0,0,0,1,NULL,NULL,5,NULL,NULL,0.00,0,0.00,0.00,0.00,NULL,NULL,NULL,'1969-12-31','1969-12-31',NULL,NULL,0,NULL,NULL,NULL,NULL,NULL,NULL,NULL,NULL,NULL,0,0,0,0,0,10.7410,0.60,0,15.00,NULL,NULL,NULL,NULL,NULL,NULL,'0',NULL,NULL,1,'2020-12-29 13:36:08','2020-12-29 13:40:33','2020-12-29 13:40:33'),(275,591,40737,0,35,'',NULL,NULL,NULL,NULL,NULL,NULL,NULL,NULL,NULL,NULL,NULL,NULL,NULL,NULL,NULL,NULL,6,'$[','',1,NULL,NULL,NULL,NULL,NULL,NULL,NULL,NULL,NULL,0,0,0,0,1,NULL,NULL,5,NULL,NULL,0.00,0,0.00,0.00,0.00,NULL,NULL,NULL,'1969-12-31','1969-12-31',NULL,NULL,0,NULL,NULL,NULL,NULL,NULL,NULL,NULL,NULL,NULL,0,0,0,0,0,10.7410,0.60,0,15.00,NULL,NULL,NULL,NULL,NULL,NULL,'0',NULL,NULL,1,'2020-12-29 13:36:08','2020-12-29 13:40:39','2020-12-29 13:40:39'),(276,591,40737,0,36,'',NULL,NULL,NULL,NULL,NULL,NULL,NULL,NULL,NULL,NULL,NULL,NULL,NULL,NULL,NULL,NULL,6,'bK','',1,NULL,NULL,NULL,NULL,NULL,NULL,NULL,NULL,NULL,0,0,0,0,1,NULL,NULL,5,NULL,NULL,0.00,0,0.00,0.00,0.00,NULL,NULL,NULL,'1969-12-31','1969-12-31',NULL,NULL,0,NULL,NULL,NULL,NULL,NULL,NULL,NULL,NULL,NULL,0,0,0,0,0,10.7410,0.60,0,15.00,NULL,NULL,NULL,NULL,NULL,NULL,'0',NULL,NULL,1,'2020-12-29 13:36:08','2020-12-29 13:40:45','2020-12-29 13:40:45'),(277,591,40737,0,37,'',NULL,NULL,NULL,NULL,NULL,NULL,NULL,NULL,NULL,NULL,NULL,NULL,NULL,NULL,NULL,NULL,6,'','vZ-',1,NULL,NULL,NULL,NULL,NULL,NULL,NULL,NULL,NULL,0,0,0,0,1,NULL,NULL,5,NULL,NULL,0.00,0,0.00,0.00,0.00,NULL,NULL,NULL,'1969-12-31','1969-12-31',NULL,NULL,0,NULL,NULL,NULL,NULL,NULL,NULL,NULL,NULL,NULL,0,0,0,0,0,10.7410,0.60,0,15.00,NULL,NULL,NULL,NULL,NULL,NULL,'0',NULL,NULL,1,'2020-12-29 13:36:08','2020-12-29 13:40:50','2020-12-29 13:40:50'),(278,591,40737,0,38,'',NULL,NULL,NULL,NULL,NULL,NULL,NULL,NULL,NULL,NULL,NULL,NULL,NULL,NULL,NULL,NULL,6,'','-',1,NULL,NULL,NULL,NULL,NULL,NULL,NULL,NULL,NULL,0,0,0,0,1,NULL,NULL,5,NULL,NULL,0.00,0,0.00,0.00,0.00,NULL,NULL,NULL,'1969-12-31','1969-12-31',NULL,NULL,0,NULL,NULL,NULL,NULL,NULL,NULL,NULL,NULL,NULL,0,0,0,0,0,10.7410,0.60,0,15.00,NULL,NULL,NULL,NULL,NULL,NULL,'0',NULL,NULL,1,'2020-12-29 13:36:08','2020-12-29 13:41:02','2020-12-29 13:41:02'),(279,591,40737,0,39,'',NULL,NULL,NULL,NULL,NULL,NULL,NULL,NULL,NULL,NULL,NULL,NULL,NULL,NULL,NULL,NULL,6,'dstream\r','en-dstream\r-e',1,NULL,NULL,NULL,NULL,NULL,NULL,NULL,NULL,NULL,0,0,0,0,1,NULL,NULL,5,NULL,NULL,0.00,0,0.00,0.00,0.00,NULL,NULL,NULL,'1969-12-31','1969-12-31',NULL,NULL,0,NULL,NULL,NULL,NULL,NULL,NULL,NULL,NULL,NULL,0,0,0,0,0,10.7410,0.60,0,15.00,NULL,NULL,NULL,NULL,NULL,NULL,'0',NULL,NULL,1,'2020-12-29 13:36:08','2020-12-29 13:41:08','2020-12-29 13:41:08'),(280,591,40737,0,40,'',NULL,NULL,NULL,NULL,NULL,NULL,NULL,NULL,NULL,NULL,NULL,NULL,NULL,NULL,NULL,NULL,6,'ė','H',1,NULL,NULL,NULL,NULL,NULL,NULL,NULL,NULL,NULL,0,0,0,0,1,NULL,NULL,5,NULL,NULL,0.00,0,0.00,0.00,0.00,NULL,NULL,NULL,'1969-12-31','1969-12-31',NULL,NULL,0,NULL,NULL,NULL,NULL,NULL,NULL,NULL,NULL,NULL,0,0,0,0,0,10.7410,0.60,0,15.00,NULL,NULL,NULL,NULL,NULL,NULL,'0',NULL,NULL,1,'2020-12-29 13:36:08','2020-12-29 13:41:13','2020-12-29 13:41:13');
INSERT INTO `syj_empleados` VALUES (281,591,40737,0,41,'',NULL,NULL,NULL,NULL,NULL,NULL,NULL,NULL,NULL,NULL,NULL,NULL,NULL,NULL,NULL,NULL,6,'','\r',1,NULL,NULL,NULL,NULL,NULL,NULL,NULL,NULL,NULL,0,0,0,0,1,NULL,NULL,5,NULL,NULL,0.00,0,0.00,0.00,0.00,NULL,NULL,NULL,'1969-12-31','1969-12-31',NULL,NULL,0,NULL,NULL,NULL,NULL,NULL,NULL,NULL,NULL,NULL,0,0,0,0,0,10.7410,0.60,0,15.00,NULL,NULL,NULL,NULL,NULL,NULL,'0',NULL,NULL,1,'2020-12-29 13:36:08','2020-12-29 13:41:20','2020-12-29 13:41:20'),(282,591,40737,0,42,'',NULL,NULL,NULL,NULL,NULL,NULL,NULL,NULL,NULL,NULL,NULL,NULL,NULL,NULL,NULL,NULL,6,'rI','',1,NULL,NULL,NULL,NULL,NULL,NULL,NULL,NULL,NULL,0,0,0,0,1,NULL,NULL,5,NULL,NULL,0.00,0,0.00,0.00,0.00,NULL,NULL,NULL,'1969-12-31','1969-12-31',NULL,NULL,0,NULL,NULL,NULL,NULL,NULL,NULL,NULL,NULL,NULL,0,0,0,0,0,10.7410,0.60,0,15.00,NULL,NULL,NULL,NULL,NULL,NULL,'0',NULL,NULL,1,'2020-12-29 13:36:08','2020-12-29 13:41:26','2020-12-29 13:41:26'),(283,591,40737,0,43,'',NULL,NULL,NULL,NULL,NULL,NULL,NULL,NULL,NULL,NULL,NULL,NULL,NULL,NULL,NULL,NULL,6,',9`','\"',1,NULL,NULL,NULL,NULL,NULL,NULL,NULL,NULL,NULL,0,0,0,0,1,NULL,NULL,5,NULL,NULL,0.00,0,0.00,0.00,0.00,NULL,NULL,NULL,'1969-12-31','1969-12-31',NULL,NULL,0,NULL,NULL,NULL,NULL,NULL,NULL,NULL,NULL,NULL,0,0,0,0,0,10.7410,0.60,0,15.00,NULL,NULL,NULL,NULL,NULL,NULL,'0',NULL,NULL,1,'2020-12-29 13:36:08','2020-12-29 13:41:31','2020-12-29 13:41:31'),(284,591,40737,0,44,'',NULL,NULL,NULL,NULL,NULL,NULL,NULL,NULL,NULL,NULL,NULL,NULL,NULL,NULL,NULL,NULL,6,'i','ز-i',1,NULL,NULL,NULL,NULL,NULL,NULL,NULL,NULL,NULL,0,0,0,0,1,NULL,NULL,5,NULL,NULL,0.00,0,0.00,0.00,0.00,NULL,NULL,NULL,'1969-12-31','1969-12-31',NULL,NULL,0,NULL,NULL,NULL,NULL,NULL,NULL,NULL,NULL,NULL,0,0,0,0,0,10.7410,0.60,0,15.00,NULL,NULL,NULL,NULL,NULL,NULL,'0',NULL,NULL,1,'2020-12-29 13:36:08','2020-12-29 13:41:36','2020-12-29 13:41:36'),(285,591,40737,0,45,'dobj\r11 0 obj\r<</BaseFont/Times#20New#20Roman/Encoding<</BaseEncoding/WinAnsiEncoding/Differences[128/Euro 141/u008D]/Type/Encoding>>/FirstChar 30/FontDescriptor 20 0 R/LastChar 255/Subtype/T',NULL,NULL,NULL,NULL,NULL,NULL,NULL,NULL,NULL,NULL,NULL,NULL,NULL,NULL,NULL,NULL,6,'dstream\r','en-dstream\r-e',1,NULL,NULL,NULL,NULL,NULL,NULL,NULL,NULL,NULL,0,0,0,0,1,NULL,NULL,5,NULL,NULL,0.00,0,0.00,0.00,0.00,NULL,NULL,NULL,'1969-12-31','1969-12-31',NULL,NULL,0,NULL,NULL,NULL,NULL,NULL,NULL,NULL,NULL,NULL,0,0,0,0,0,10.7410,0.60,0,15.00,NULL,NULL,NULL,NULL,NULL,NULL,'0',NULL,NULL,1,'2020-12-29 13:36:08','2020-12-29 13:41:41','2020-12-29 13:41:41'),(286,591,40737,0,46,'',NULL,NULL,NULL,NULL,NULL,NULL,NULL,NULL,NULL,NULL,NULL,NULL,NULL,NULL,NULL,NULL,6,'̗','H',1,NULL,NULL,NULL,NULL,NULL,NULL,NULL,NULL,NULL,0,0,0,0,1,NULL,NULL,5,NULL,NULL,0.00,0,0.00,0.00,0.00,NULL,NULL,NULL,'1969-12-31','1969-12-31',NULL,NULL,0,NULL,NULL,NULL,NULL,NULL,NULL,NULL,NULL,NULL,0,0,0,0,0,10.7410,0.60,0,15.00,NULL,NULL,NULL,NULL,NULL,NULL,'0',NULL,NULL,1,'2020-12-29 13:36:08','2020-12-29 13:41:46','2020-12-29 13:41:46'),(287,591,40737,0,47,'',NULL,NULL,NULL,NULL,NULL,NULL,NULL,NULL,NULL,NULL,NULL,NULL,NULL,NULL,NULL,NULL,6,'','g',1,NULL,NULL,NULL,NULL,NULL,NULL,NULL,NULL,NULL,0,0,0,0,1,NULL,NULL,5,NULL,NULL,0.00,0,0.00,0.00,0.00,NULL,NULL,NULL,'1969-12-31','1969-12-31',NULL,NULL,0,NULL,NULL,NULL,NULL,NULL,NULL,NULL,NULL,NULL,0,0,0,0,0,10.7410,0.60,0,15.00,NULL,NULL,NULL,NULL,NULL,NULL,'0',NULL,NULL,1,'2020-12-29 13:36:08','2020-12-29 13:41:52','2020-12-29 13:41:52'),(288,591,40737,0,48,'',NULL,NULL,NULL,NULL,NULL,NULL,NULL,NULL,NULL,NULL,NULL,NULL,NULL,NULL,NULL,NULL,6,'','',1,NULL,NULL,NULL,NULL,NULL,NULL,NULL,NULL,NULL,0,0,0,0,1,NULL,NULL,5,NULL,NULL,0.00,0,0.00,0.00,0.00,NULL,NULL,NULL,'1969-12-31','1969-12-31',NULL,NULL,0,NULL,NULL,NULL,NULL,NULL,NULL,NULL,NULL,NULL,0,0,0,0,0,10.7410,0.60,0,15.00,NULL,NULL,NULL,NULL,NULL,NULL,'0',NULL,NULL,1,'2020-12-29 13:36:08','2020-12-29 13:42:03','2020-12-29 13:42:03');
INSERT INTO `syj_empleados` VALUES (289,591,40737,0,49,'',NULL,NULL,NULL,NULL,NULL,NULL,NULL,NULL,NULL,NULL,NULL,NULL,NULL,NULL,NULL,NULL,6,'dstream\r','en-dstream\r-e',1,NULL,NULL,NULL,NULL,NULL,NULL,NULL,NULL,NULL,0,0,0,0,1,NULL,NULL,5,NULL,NULL,0.00,0,0.00,0.00,0.00,NULL,NULL,NULL,'1969-12-31','1969-12-31',NULL,NULL,0,NULL,NULL,NULL,NULL,NULL,NULL,NULL,NULL,NULL,0,0,0,0,0,10.7410,0.60,0,15.00,NULL,NULL,NULL,NULL,NULL,NULL,'0',NULL,NULL,1,'2020-12-29 13:36:08','2020-12-29 13:42:11','2020-12-29 13:42:11'),(290,591,40737,0,50,'',NULL,NULL,NULL,NULL,NULL,NULL,NULL,NULL,NULL,NULL,NULL,NULL,NULL,NULL,NULL,NULL,6,'','H',1,NULL,NULL,NULL,NULL,NULL,NULL,NULL,NULL,NULL,0,0,0,0,1,NULL,NULL,5,NULL,NULL,0.00,0,0.00,0.00,0.00,NULL,NULL,NULL,'1969-12-31','1969-12-31',NULL,NULL,0,NULL,NULL,NULL,NULL,NULL,NULL,NULL,NULL,NULL,0,0,0,0,0,10.7410,0.60,0,15.00,NULL,NULL,NULL,NULL,NULL,NULL,'0',NULL,NULL,1,'2020-12-29 13:36:08','2020-12-29 13:42:16','2020-12-29 13:42:16'),(291,591,40737,0,51,'',NULL,NULL,NULL,NULL,NULL,NULL,NULL,NULL,NULL,NULL,NULL,NULL,NULL,NULL,NULL,NULL,6,'','	?-',1,NULL,NULL,NULL,NULL,NULL,NULL,NULL,NULL,NULL,0,0,0,0,1,NULL,NULL,5,NULL,NULL,0.00,0,0.00,0.00,0.00,NULL,NULL,NULL,'1969-12-31','1969-12-31',NULL,NULL,0,NULL,NULL,NULL,NULL,NULL,NULL,NULL,NULL,NULL,0,0,0,0,0,10.7410,0.60,0,15.00,NULL,NULL,NULL,NULL,NULL,NULL,'0',NULL,NULL,1,'2020-12-29 13:36:08','2020-12-29 13:42:20','2020-12-29 13:42:20'),(292,591,40737,0,52,'',NULL,NULL,NULL,NULL,NULL,NULL,NULL,NULL,NULL,NULL,NULL,NULL,NULL,NULL,NULL,NULL,6,'dstream\r','en-dstream\r-e',1,NULL,NULL,NULL,NULL,NULL,NULL,NULL,NULL,NULL,0,0,0,0,1,NULL,NULL,5,NULL,NULL,0.00,0,0.00,0.00,0.00,NULL,NULL,NULL,'1969-12-31','1969-12-31',NULL,NULL,0,NULL,NULL,NULL,NULL,NULL,NULL,NULL,NULL,NULL,0,0,0,0,0,10.7410,0.60,0,15.00,NULL,NULL,NULL,NULL,NULL,NULL,'0',NULL,NULL,1,'2020-12-29 13:36:08','2020-12-29 13:42:25','2020-12-29 13:42:25'),(293,591,40737,0,53,'',NULL,NULL,NULL,NULL,NULL,NULL,NULL,NULL,NULL,NULL,NULL,NULL,NULL,NULL,NULL,NULL,6,'ė','H',1,NULL,NULL,NULL,NULL,NULL,NULL,NULL,NULL,NULL,0,0,0,0,1,NULL,NULL,5,NULL,NULL,0.00,0,0.00,0.00,0.00,NULL,NULL,NULL,'1969-12-31','1969-12-31',NULL,NULL,0,NULL,NULL,NULL,NULL,NULL,NULL,NULL,NULL,NULL,0,0,0,0,0,10.7410,0.60,0,15.00,NULL,NULL,NULL,NULL,NULL,NULL,'0',NULL,NULL,1,'2020-12-29 13:36:08','2020-12-29 13:42:32','2020-12-29 13:42:32'),(294,591,40737,0,54,'',NULL,NULL,NULL,NULL,NULL,NULL,NULL,NULL,NULL,NULL,NULL,NULL,NULL,NULL,NULL,NULL,6,'','pM-',1,NULL,NULL,NULL,NULL,NULL,NULL,NULL,NULL,NULL,0,0,0,0,1,NULL,NULL,5,NULL,NULL,0.00,0,0.00,0.00,0.00,NULL,NULL,NULL,'1969-12-31','1969-12-31',NULL,NULL,0,NULL,NULL,NULL,NULL,NULL,NULL,NULL,NULL,NULL,0,0,0,0,0,10.7410,0.60,0,15.00,NULL,NULL,NULL,NULL,NULL,NULL,'0',NULL,NULL,1,'2020-12-29 13:36:08','2020-12-29 13:42:37','2020-12-29 13:42:37'),(295,591,40737,0,55,'',NULL,NULL,NULL,NULL,NULL,NULL,NULL,NULL,NULL,NULL,NULL,NULL,NULL,NULL,NULL,NULL,6,'dstream\r','en-dstream\r-e',1,NULL,NULL,NULL,NULL,NULL,NULL,NULL,NULL,NULL,0,0,0,0,1,NULL,NULL,5,NULL,NULL,0.00,0,0.00,0.00,0.00,NULL,NULL,NULL,'1969-12-31','1969-12-31',NULL,NULL,0,NULL,NULL,NULL,NULL,NULL,NULL,NULL,NULL,NULL,0,0,0,0,0,10.7410,0.60,0,15.00,NULL,NULL,NULL,NULL,NULL,NULL,'0',NULL,NULL,1,'2020-12-29 13:36:08','2020-12-29 13:42:42','2020-12-29 13:42:42'),(296,591,40737,0,56,'',NULL,NULL,NULL,NULL,NULL,NULL,NULL,NULL,NULL,NULL,NULL,NULL,NULL,NULL,NULL,NULL,6,'','H',1,NULL,NULL,NULL,NULL,NULL,NULL,NULL,NULL,NULL,0,0,0,0,1,NULL,NULL,5,NULL,NULL,0.00,0,0.00,0.00,0.00,NULL,NULL,NULL,'1969-12-31','1969-12-31',NULL,NULL,0,NULL,NULL,NULL,NULL,NULL,NULL,NULL,NULL,NULL,0,0,0,0,0,10.7410,0.60,0,15.00,NULL,NULL,NULL,NULL,NULL,NULL,'0',NULL,NULL,1,'2020-12-29 13:36:08','2020-12-29 13:42:48','2020-12-29 13:42:48');
INSERT INTO `syj_empleados` VALUES (297,591,40737,0,57,'',NULL,NULL,NULL,NULL,NULL,NULL,NULL,NULL,NULL,NULL,NULL,NULL,NULL,NULL,NULL,NULL,6,'','',1,NULL,NULL,NULL,NULL,NULL,NULL,NULL,NULL,NULL,0,0,0,0,1,NULL,NULL,5,NULL,NULL,0.00,0,0.00,0.00,0.00,NULL,NULL,NULL,'1969-12-31','1969-12-31',NULL,NULL,0,NULL,NULL,NULL,NULL,NULL,NULL,NULL,NULL,NULL,0,0,0,0,0,10.7410,0.60,0,15.00,NULL,NULL,NULL,NULL,NULL,NULL,'0',NULL,NULL,1,'2020-12-29 13:36:08','2020-12-29 13:42:54','2020-12-29 13:42:54'),(298,591,40737,0,58,'',NULL,NULL,NULL,NULL,NULL,NULL,NULL,NULL,NULL,NULL,NULL,NULL,NULL,NULL,NULL,NULL,6,'','',1,NULL,NULL,NULL,NULL,NULL,NULL,NULL,NULL,NULL,0,0,0,0,1,NULL,NULL,5,NULL,NULL,0.00,0,0.00,0.00,0.00,NULL,NULL,NULL,'1969-12-31','1969-12-31',NULL,NULL,0,NULL,NULL,NULL,NULL,NULL,NULL,NULL,NULL,NULL,0,0,0,0,0,10.7410,0.60,0,15.00,NULL,NULL,NULL,NULL,NULL,NULL,'0',NULL,NULL,1,'2020-12-29 13:36:08','2020-12-29 13:43:00','2020-12-29 13:43:00'),(299,591,40737,0,59,'',NULL,NULL,NULL,NULL,NULL,NULL,NULL,NULL,NULL,NULL,NULL,NULL,NULL,NULL,NULL,NULL,6,'','',1,NULL,NULL,NULL,NULL,NULL,NULL,NULL,NULL,NULL,0,0,0,0,1,NULL,NULL,5,NULL,NULL,0.00,0,0.00,0.00,0.00,NULL,NULL,NULL,'1969-12-31','1969-12-31',NULL,NULL,0,NULL,NULL,NULL,NULL,NULL,NULL,NULL,NULL,NULL,0,0,0,0,0,10.7410,0.60,0,15.00,NULL,NULL,NULL,NULL,NULL,NULL,'0',NULL,NULL,1,'2020-12-29 13:36:08','2020-12-29 13:43:05','2020-12-29 13:43:05'),(300,591,40737,0,60,'',NULL,NULL,NULL,NULL,NULL,NULL,NULL,NULL,NULL,NULL,NULL,NULL,NULL,NULL,NULL,NULL,6,'','',1,NULL,NULL,NULL,NULL,NULL,NULL,NULL,NULL,NULL,0,0,0,0,1,NULL,NULL,5,NULL,NULL,0.00,0,0.00,0.00,0.00,NULL,NULL,NULL,'1969-12-31','1969-12-31',NULL,NULL,0,NULL,NULL,NULL,NULL,NULL,NULL,NULL,NULL,NULL,0,0,0,0,0,10.7410,0.60,0,15.00,NULL,NULL,NULL,NULL,NULL,NULL,'0',NULL,NULL,1,'2020-12-29 13:36:08','2020-12-29 13:43:10','2020-12-29 13:43:10'),(301,591,40737,0,61,'',NULL,NULL,NULL,NULL,NULL,NULL,NULL,NULL,NULL,NULL,NULL,NULL,NULL,NULL,NULL,NULL,6,'gI\0','{q-gI\0',1,NULL,NULL,NULL,NULL,NULL,NULL,NULL,NULL,NULL,0,0,0,0,1,NULL,NULL,5,NULL,NULL,0.00,0,0.00,0.00,0.00,NULL,NULL,NULL,'1969-12-31','1969-12-31',NULL,NULL,0,NULL,NULL,NULL,NULL,NULL,NULL,NULL,NULL,NULL,0,0,0,0,0,10.7410,0.60,0,15.00,NULL,NULL,NULL,NULL,NULL,NULL,'0',NULL,NULL,1,'2020-12-29 13:36:08','2020-12-29 13:43:20','2020-12-29 13:43:20'),(302,591,40737,0,62,'',NULL,NULL,NULL,NULL,NULL,NULL,NULL,NULL,NULL,NULL,NULL,NULL,NULL,NULL,NULL,NULL,6,'dstream\r','en-dstream\r-e',1,NULL,NULL,NULL,NULL,NULL,NULL,NULL,NULL,NULL,0,0,0,0,1,NULL,NULL,5,NULL,NULL,0.00,0,0.00,0.00,0.00,NULL,NULL,NULL,'1969-12-31','1969-12-31',NULL,NULL,0,NULL,NULL,NULL,NULL,NULL,NULL,NULL,NULL,NULL,0,0,0,0,0,10.7410,0.60,0,15.00,NULL,NULL,NULL,NULL,NULL,NULL,'0',NULL,NULL,1,'2020-12-29 13:36:08','2020-12-29 13:43:26','2020-12-29 13:43:26'),(303,591,40737,0,63,'',NULL,NULL,NULL,NULL,NULL,NULL,NULL,NULL,NULL,NULL,NULL,NULL,NULL,NULL,NULL,NULL,6,'̗','H',1,NULL,NULL,NULL,NULL,NULL,NULL,NULL,NULL,NULL,0,0,0,0,1,NULL,NULL,5,NULL,NULL,0.00,0,0.00,0.00,0.00,NULL,NULL,NULL,'1969-12-31','1969-12-31',NULL,NULL,0,NULL,NULL,NULL,NULL,NULL,NULL,NULL,NULL,NULL,0,0,0,0,0,10.7410,0.60,0,15.00,NULL,NULL,NULL,NULL,NULL,NULL,'0',NULL,NULL,1,'2020-12-29 13:36:08','2020-12-29 13:43:30','2020-12-29 13:43:30'),(304,591,40737,0,64,'',NULL,NULL,NULL,NULL,NULL,NULL,NULL,NULL,NULL,NULL,NULL,NULL,NULL,NULL,NULL,NULL,6,'.','}U-.',1,NULL,NULL,NULL,NULL,NULL,NULL,NULL,NULL,NULL,0,0,0,0,1,NULL,NULL,5,NULL,NULL,0.00,0,0.00,0.00,0.00,NULL,NULL,NULL,'1969-12-31','1969-12-31',NULL,NULL,0,NULL,NULL,NULL,NULL,NULL,NULL,NULL,NULL,NULL,0,0,0,0,0,10.7410,0.60,0,15.00,NULL,NULL,NULL,NULL,NULL,NULL,'0',NULL,NULL,1,'2020-12-29 13:36:08','2020-12-29 13:43:36','2020-12-29 13:43:36');
INSERT INTO `syj_empleados` VALUES (305,591,40737,0,65,'',NULL,NULL,NULL,NULL,NULL,NULL,NULL,NULL,NULL,NULL,NULL,NULL,NULL,NULL,NULL,NULL,6,'w@~','͌-w@~',1,NULL,NULL,NULL,NULL,NULL,NULL,NULL,NULL,NULL,0,0,0,0,1,NULL,NULL,5,NULL,NULL,0.00,0,0.00,0.00,0.00,NULL,NULL,NULL,'1969-12-31','1969-12-31',NULL,NULL,0,NULL,NULL,NULL,NULL,NULL,NULL,NULL,NULL,NULL,0,0,0,0,0,10.7410,0.60,0,15.00,NULL,NULL,NULL,NULL,NULL,NULL,'0',NULL,NULL,1,'2020-12-29 13:36:08','2020-12-29 13:43:41','2020-12-29 13:43:41'),(306,591,40737,0,66,'',NULL,NULL,NULL,NULL,NULL,NULL,NULL,NULL,NULL,NULL,NULL,NULL,NULL,NULL,NULL,NULL,6,'','',1,NULL,NULL,NULL,NULL,NULL,NULL,NULL,NULL,NULL,0,0,0,0,1,NULL,NULL,5,NULL,NULL,0.00,0,0.00,0.00,0.00,NULL,NULL,NULL,'1969-12-31','1969-12-31',NULL,NULL,0,NULL,NULL,NULL,NULL,NULL,NULL,NULL,NULL,NULL,0,0,0,0,0,10.7410,0.60,0,15.00,NULL,NULL,NULL,NULL,NULL,NULL,'0',NULL,NULL,1,'2020-12-29 13:36:08','2020-12-29 13:43:46','2020-12-29 13:43:46'),(307,591,40737,0,67,'',NULL,NULL,NULL,NULL,NULL,NULL,NULL,NULL,NULL,NULL,NULL,NULL,NULL,NULL,NULL,NULL,6,'','J-',1,NULL,NULL,NULL,NULL,NULL,NULL,NULL,NULL,NULL,0,0,0,0,1,NULL,NULL,5,NULL,NULL,0.00,0,0.00,0.00,0.00,NULL,NULL,NULL,'1969-12-31','1969-12-31',NULL,NULL,0,NULL,NULL,NULL,NULL,NULL,NULL,NULL,NULL,NULL,0,0,0,0,0,10.7410,0.60,0,15.00,NULL,NULL,NULL,NULL,NULL,NULL,'0',NULL,NULL,1,'2020-12-29 13:36:08','2020-12-29 13:43:50','2020-12-29 13:43:50'),(308,591,40737,0,68,'',NULL,NULL,NULL,NULL,NULL,NULL,NULL,NULL,NULL,NULL,NULL,NULL,NULL,NULL,NULL,NULL,6,'','',1,NULL,NULL,NULL,NULL,NULL,NULL,NULL,NULL,NULL,0,0,0,0,1,NULL,NULL,5,NULL,NULL,0.00,0,0.00,0.00,0.00,NULL,NULL,NULL,'1969-12-31','1969-12-31',NULL,NULL,0,NULL,NULL,NULL,NULL,NULL,NULL,NULL,NULL,NULL,0,0,0,0,0,10.7410,0.60,0,15.00,NULL,NULL,NULL,NULL,NULL,NULL,'0',NULL,NULL,1,'2020-12-29 13:36:08','2020-12-29 13:43:56','2020-12-29 13:43:56'),(309,591,40737,0,69,'',NULL,NULL,NULL,NULL,NULL,NULL,NULL,NULL,NULL,NULL,NULL,NULL,NULL,NULL,NULL,NULL,6,'dstream\r','en-dstream\r-e',1,NULL,NULL,NULL,NULL,NULL,NULL,NULL,NULL,NULL,0,0,0,0,1,NULL,NULL,5,NULL,NULL,0.00,0,0.00,0.00,0.00,NULL,NULL,NULL,'1969-12-31','1969-12-31',NULL,NULL,0,NULL,NULL,NULL,NULL,NULL,NULL,NULL,NULL,NULL,0,0,0,0,0,10.7410,0.60,0,15.00,NULL,NULL,NULL,NULL,NULL,NULL,'0',NULL,NULL,1,'2020-12-29 13:36:08','2020-12-29 13:44:01','2020-12-29 13:44:01'),(310,591,40737,0,70,'',NULL,NULL,NULL,NULL,NULL,NULL,NULL,NULL,NULL,NULL,NULL,NULL,NULL,NULL,NULL,NULL,6,'','H',1,NULL,NULL,NULL,NULL,NULL,NULL,NULL,NULL,NULL,0,0,0,0,1,NULL,NULL,5,NULL,NULL,0.00,0,0.00,0.00,0.00,NULL,NULL,NULL,'1969-12-31','1969-12-31',NULL,NULL,0,NULL,NULL,NULL,NULL,NULL,NULL,NULL,NULL,NULL,0,0,0,0,0,10.7410,0.60,0,15.00,NULL,NULL,NULL,NULL,NULL,NULL,'0',NULL,NULL,1,'2020-12-29 13:36:08','2020-12-29 13:44:06','2020-12-29 13:44:06'),(311,591,40737,0,71,'',NULL,NULL,NULL,NULL,NULL,NULL,NULL,NULL,NULL,NULL,NULL,NULL,NULL,NULL,NULL,NULL,6,'U','',1,NULL,NULL,NULL,NULL,NULL,NULL,NULL,NULL,NULL,0,0,0,0,1,NULL,NULL,5,NULL,NULL,0.00,0,0.00,0.00,0.00,NULL,NULL,NULL,'1969-12-31','1969-12-31',NULL,NULL,0,NULL,NULL,NULL,NULL,NULL,NULL,NULL,NULL,NULL,0,0,0,0,0,10.7410,0.60,0,15.00,NULL,NULL,NULL,NULL,NULL,NULL,'0',NULL,NULL,1,'2020-12-29 13:36:08','2020-12-29 13:44:10','2020-12-29 13:44:10'),(312,591,40737,0,72,'',NULL,NULL,NULL,NULL,NULL,NULL,NULL,NULL,NULL,NULL,NULL,NULL,NULL,NULL,NULL,NULL,6,'','s',1,NULL,NULL,NULL,NULL,NULL,NULL,NULL,NULL,NULL,0,0,0,0,1,NULL,NULL,5,NULL,NULL,0.00,0,0.00,0.00,0.00,NULL,NULL,NULL,'1969-12-31','1969-12-31',NULL,NULL,0,NULL,NULL,NULL,NULL,NULL,NULL,NULL,NULL,NULL,0,0,0,0,0,10.7410,0.60,0,15.00,NULL,NULL,NULL,NULL,NULL,NULL,'0',NULL,NULL,1,'2020-12-29 13:36:08','2020-12-29 13:44:16','2020-12-29 13:44:16');
INSERT INTO `syj_empleados` VALUES (313,591,40737,0,73,'',NULL,NULL,NULL,NULL,NULL,NULL,NULL,NULL,NULL,NULL,NULL,NULL,NULL,NULL,NULL,NULL,6,'k','4',1,NULL,NULL,NULL,NULL,NULL,NULL,NULL,NULL,NULL,0,0,0,0,1,NULL,NULL,5,NULL,NULL,0.00,0,0.00,0.00,0.00,NULL,NULL,NULL,'1969-12-31','1969-12-31',NULL,NULL,0,NULL,NULL,NULL,NULL,NULL,NULL,NULL,NULL,NULL,0,0,0,0,0,10.7410,0.60,0,15.00,NULL,NULL,NULL,NULL,NULL,NULL,'0',NULL,NULL,1,'2020-12-29 13:36:08','2020-12-29 13:44:21','2020-12-29 13:44:21'),(314,591,40737,0,74,'',NULL,NULL,NULL,NULL,NULL,NULL,NULL,NULL,NULL,NULL,NULL,NULL,NULL,NULL,NULL,NULL,6,')d','|',1,NULL,NULL,NULL,NULL,NULL,NULL,NULL,NULL,NULL,0,0,0,0,1,NULL,NULL,5,NULL,NULL,0.00,0,0.00,0.00,0.00,NULL,NULL,NULL,'1969-12-31','1969-12-31',NULL,NULL,0,NULL,NULL,NULL,NULL,NULL,NULL,NULL,NULL,NULL,0,0,0,0,0,10.7410,0.60,0,15.00,NULL,NULL,NULL,NULL,NULL,NULL,'0',NULL,NULL,1,'2020-12-29 13:36:08','2020-12-29 13:44:32','2020-12-29 13:44:32'),(315,591,40737,0,75,'',NULL,NULL,NULL,NULL,NULL,NULL,NULL,NULL,NULL,NULL,NULL,NULL,NULL,NULL,NULL,NULL,6,'','WQ-',1,NULL,NULL,NULL,NULL,NULL,NULL,NULL,NULL,NULL,0,0,0,0,1,NULL,NULL,5,NULL,NULL,0.00,0,0.00,0.00,0.00,NULL,NULL,NULL,'1969-12-31','1969-12-31',NULL,NULL,0,NULL,NULL,NULL,NULL,NULL,NULL,NULL,NULL,NULL,0,0,0,0,0,10.7410,0.60,0,15.00,NULL,NULL,NULL,NULL,NULL,NULL,'0',NULL,NULL,1,'2020-12-29 13:36:08','2020-12-29 13:44:37','2020-12-29 13:44:37'),(316,591,40737,0,76,'',NULL,NULL,NULL,NULL,NULL,NULL,NULL,NULL,NULL,NULL,NULL,NULL,NULL,NULL,NULL,NULL,6,'','',1,NULL,NULL,NULL,NULL,NULL,NULL,NULL,NULL,NULL,0,0,0,0,1,NULL,NULL,5,NULL,NULL,0.00,0,0.00,0.00,0.00,NULL,NULL,NULL,'1969-12-31','1969-12-31',NULL,NULL,0,NULL,NULL,NULL,NULL,NULL,NULL,NULL,NULL,NULL,0,0,0,0,0,10.7410,0.60,0,15.00,NULL,NULL,NULL,NULL,NULL,NULL,'0',NULL,NULL,1,'2020-12-29 13:36:08','2020-12-29 13:44:41','2020-12-29 13:44:41'),(317,591,40737,0,77,'',NULL,NULL,NULL,NULL,NULL,NULL,NULL,NULL,NULL,NULL,NULL,NULL,NULL,NULL,NULL,NULL,6,'9GY','',1,NULL,NULL,NULL,NULL,NULL,NULL,NULL,NULL,NULL,0,0,0,0,1,NULL,NULL,5,NULL,NULL,0.00,0,0.00,0.00,0.00,NULL,NULL,NULL,'1969-12-31','1969-12-31',NULL,NULL,0,NULL,NULL,NULL,NULL,NULL,NULL,NULL,NULL,NULL,0,0,0,0,0,10.7410,0.60,0,15.00,NULL,NULL,NULL,NULL,NULL,NULL,'0',NULL,NULL,1,'2020-12-29 13:36:08','2020-12-29 13:44:46','2020-12-29 13:44:46'),(318,591,40737,0,78,'dobj\r18 0 obj\r<</BaseFont/Arial/Encoding<</BaseEncoding/WinAnsiEncoding/Differences[128/Euro 141/u008D]/Type/Encoding>>/FirstChar 30/FontDescriptor 19 0 R/LastChar 255/Subtype/TrueType/Type/F',NULL,NULL,NULL,NULL,NULL,NULL,NULL,NULL,NULL,NULL,NULL,NULL,NULL,NULL,NULL,NULL,6,'dstream\r','en-dstream\r-e',1,NULL,NULL,NULL,NULL,NULL,NULL,NULL,NULL,NULL,0,0,0,0,1,NULL,NULL,5,NULL,NULL,0.00,0,0.00,0.00,0.00,NULL,NULL,NULL,'1969-12-31','1969-12-31',NULL,NULL,0,NULL,NULL,NULL,NULL,NULL,NULL,NULL,NULL,NULL,0,0,0,0,0,10.7410,0.60,0,15.00,NULL,NULL,NULL,NULL,NULL,NULL,'0',NULL,NULL,1,'2020-12-29 13:36:08','2020-12-29 13:44:52','2020-12-29 13:44:52'),(319,591,40737,0,79,'',NULL,NULL,NULL,NULL,NULL,NULL,NULL,NULL,NULL,NULL,NULL,NULL,NULL,NULL,NULL,NULL,6,'','x',1,NULL,NULL,NULL,NULL,NULL,NULL,NULL,NULL,NULL,0,0,0,0,1,NULL,NULL,5,NULL,NULL,0.00,0,0.00,0.00,0.00,NULL,NULL,NULL,'1969-12-31','1969-12-31',NULL,NULL,0,NULL,NULL,NULL,NULL,NULL,NULL,NULL,NULL,NULL,0,0,0,0,0,10.7410,0.60,0,15.00,NULL,NULL,NULL,NULL,NULL,NULL,'0',NULL,NULL,1,'2020-12-29 13:36:08','2020-12-29 13:45:00','2020-12-29 13:45:00'),(320,591,40737,0,80,'',NULL,NULL,NULL,NULL,NULL,NULL,NULL,NULL,NULL,NULL,NULL,NULL,NULL,NULL,NULL,NULL,6,'C{t','\00-C{t',1,NULL,NULL,NULL,NULL,NULL,NULL,NULL,NULL,NULL,0,0,0,0,1,NULL,NULL,5,NULL,NULL,0.00,0,0.00,0.00,0.00,NULL,NULL,NULL,'1969-12-31','1969-12-31',NULL,NULL,0,NULL,NULL,NULL,NULL,NULL,NULL,NULL,NULL,NULL,0,0,0,0,0,10.7410,0.60,0,15.00,NULL,NULL,NULL,NULL,NULL,NULL,'0',NULL,NULL,1,'2020-12-29 13:36:08','2020-12-29 13:45:05','2020-12-29 13:45:05');
INSERT INTO `syj_empleados` VALUES (321,591,40737,0,81,'',NULL,NULL,NULL,NULL,NULL,NULL,NULL,NULL,NULL,NULL,NULL,NULL,NULL,NULL,NULL,NULL,6,'Z','=',1,NULL,NULL,NULL,NULL,NULL,NULL,NULL,NULL,NULL,0,0,0,0,1,NULL,NULL,5,NULL,NULL,0.00,0,0.00,0.00,0.00,NULL,NULL,NULL,'1969-12-31','1969-12-31',NULL,NULL,0,NULL,NULL,NULL,NULL,NULL,NULL,NULL,NULL,NULL,0,0,0,0,0,10.7410,0.60,0,15.00,NULL,NULL,NULL,NULL,NULL,NULL,'0',NULL,NULL,1,'2020-12-29 13:36:08','2020-12-29 13:45:09','2020-12-29 13:45:09'),(322,591,40737,0,82,'',NULL,NULL,NULL,NULL,NULL,NULL,NULL,NULL,NULL,NULL,NULL,NULL,NULL,NULL,NULL,NULL,6,'','F',1,NULL,NULL,NULL,NULL,NULL,NULL,NULL,NULL,NULL,0,0,0,0,1,NULL,NULL,5,NULL,NULL,0.00,0,0.00,0.00,0.00,NULL,NULL,NULL,'1969-12-31','1969-12-31',NULL,NULL,0,NULL,NULL,NULL,NULL,NULL,NULL,NULL,NULL,NULL,0,0,0,0,0,10.7410,0.60,0,15.00,NULL,NULL,NULL,NULL,NULL,NULL,'0',NULL,NULL,1,'2020-12-29 13:36:08','2020-12-29 13:45:15','2020-12-29 13:45:15'),(323,591,40737,0,83,'',NULL,NULL,NULL,NULL,NULL,NULL,NULL,NULL,NULL,NULL,NULL,NULL,NULL,NULL,NULL,NULL,6,'dstream\r','en-dstream\r-e',1,NULL,NULL,NULL,NULL,NULL,NULL,NULL,NULL,NULL,0,0,0,0,1,NULL,NULL,5,NULL,NULL,0.00,0,0.00,0.00,0.00,NULL,NULL,NULL,'1969-12-31','1969-12-31',NULL,NULL,0,NULL,NULL,NULL,NULL,NULL,NULL,NULL,NULL,NULL,0,0,0,0,0,10.7410,0.60,0,15.00,NULL,NULL,NULL,NULL,NULL,NULL,'0',NULL,NULL,1,'2020-12-29 13:36:08','2020-12-29 13:45:20','2020-12-29 13:45:20'),(324,591,40737,0,84,'',NULL,NULL,NULL,NULL,NULL,NULL,NULL,NULL,NULL,NULL,NULL,NULL,NULL,NULL,NULL,NULL,6,'xpacket','<?-xpacket-',1,NULL,NULL,NULL,NULL,NULL,NULL,NULL,NULL,NULL,0,0,0,0,1,NULL,NULL,5,NULL,NULL,0.00,0,0.00,0.00,0.00,NULL,NULL,NULL,'1969-12-31','1969-12-31',NULL,NULL,0,NULL,NULL,NULL,NULL,NULL,NULL,NULL,NULL,NULL,0,0,0,0,0,10.7410,0.60,0,15.00,NULL,NULL,NULL,NULL,NULL,NULL,'0',NULL,NULL,1,'2020-12-29 13:36:08','2020-12-29 13:45:25','2020-12-29 13:45:25'),(325,591,40737,0,85,'',NULL,NULL,NULL,NULL,NULL,NULL,NULL,NULL,NULL,NULL,NULL,NULL,NULL,NULL,NULL,NULL,6,':xmpmeta','<x-:xmpmeta-',1,NULL,NULL,NULL,NULL,NULL,NULL,NULL,NULL,NULL,0,0,0,0,1,NULL,NULL,5,NULL,NULL,0.00,0,0.00,0.00,0.00,NULL,NULL,NULL,'1969-12-31','1969-12-31',NULL,NULL,0,NULL,NULL,NULL,NULL,NULL,NULL,NULL,NULL,NULL,0,0,0,0,0,10.7410,0.60,0,15.00,NULL,NULL,NULL,NULL,NULL,NULL,'0',NULL,NULL,1,'2020-12-29 13:36:08','2020-12-29 13:45:29','2020-12-29 13:45:29'),(326,591,40737,0,86,'',NULL,NULL,NULL,NULL,NULL,NULL,NULL,NULL,NULL,NULL,NULL,NULL,NULL,NULL,NULL,NULL,6,'0','--',1,NULL,NULL,NULL,NULL,NULL,NULL,NULL,NULL,NULL,0,0,0,0,1,NULL,NULL,5,NULL,NULL,0.00,0,0.00,0.00,0.00,NULL,NULL,NULL,'1969-12-31','1969-12-31',NULL,NULL,0,NULL,NULL,NULL,NULL,NULL,NULL,NULL,NULL,NULL,0,0,0,0,0,10.7410,0.60,0,15.00,NULL,NULL,NULL,NULL,NULL,NULL,'0',NULL,NULL,1,'2020-12-29 13:36:08','2020-12-29 13:45:33','2020-12-29 13:45:33'),(327,591,40737,0,87,'',NULL,NULL,NULL,NULL,NULL,NULL,NULL,NULL,NULL,NULL,NULL,NULL,NULL,NULL,NULL,NULL,6,'0','--',1,NULL,NULL,NULL,NULL,NULL,NULL,NULL,NULL,NULL,0,0,0,0,1,NULL,NULL,5,NULL,NULL,0.00,0,0.00,0.00,0.00,NULL,NULL,NULL,'1969-12-31','1969-12-31',NULL,NULL,0,NULL,NULL,NULL,NULL,NULL,NULL,NULL,NULL,NULL,0,0,0,0,0,10.7410,0.60,0,15.00,NULL,NULL,NULL,NULL,NULL,NULL,'0',NULL,NULL,1,'2020-12-29 13:36:08','2020-12-29 13:45:42','2020-12-29 13:45:42'),(328,591,40737,0,88,'',NULL,NULL,NULL,NULL,NULL,NULL,NULL,NULL,NULL,NULL,NULL,NULL,NULL,NULL,NULL,NULL,6,'0','--',1,NULL,NULL,NULL,NULL,NULL,NULL,NULL,NULL,NULL,0,0,0,0,1,NULL,NULL,5,NULL,NULL,0.00,0,0.00,0.00,0.00,NULL,NULL,NULL,'1969-12-31','1969-12-31',NULL,NULL,0,NULL,NULL,NULL,NULL,NULL,NULL,NULL,NULL,NULL,0,0,0,0,0,10.7410,0.60,0,15.00,NULL,NULL,NULL,NULL,NULL,NULL,'0',NULL,NULL,1,'2020-12-29 13:36:08','2020-12-29 13:45:46','2020-12-29 13:45:46');
INSERT INTO `syj_empleados` VALUES (329,591,40737,0,89,'',NULL,NULL,NULL,NULL,NULL,NULL,NULL,NULL,NULL,NULL,NULL,NULL,NULL,NULL,NULL,NULL,6,'0','--',1,NULL,NULL,NULL,NULL,NULL,NULL,NULL,NULL,NULL,0,0,0,0,1,NULL,NULL,5,NULL,NULL,0.00,0,0.00,0.00,0.00,NULL,NULL,NULL,'1969-12-31','1969-12-31',NULL,NULL,0,NULL,NULL,NULL,NULL,NULL,NULL,NULL,NULL,NULL,0,0,0,0,0,10.7410,0.60,0,15.00,NULL,NULL,NULL,NULL,NULL,NULL,'0',NULL,NULL,1,'2020-12-29 13:36:08','2020-12-29 13:45:50','2020-12-29 13:45:50'),(330,591,40737,0,90,'',NULL,NULL,NULL,NULL,NULL,NULL,NULL,NULL,NULL,NULL,NULL,NULL,NULL,NULL,NULL,NULL,6,'0','--',1,NULL,NULL,NULL,NULL,NULL,NULL,NULL,NULL,NULL,0,0,0,0,1,NULL,NULL,5,NULL,NULL,0.00,0,0.00,0.00,0.00,NULL,NULL,NULL,'1969-12-31','1969-12-31',NULL,NULL,0,NULL,NULL,NULL,NULL,NULL,NULL,NULL,NULL,NULL,0,0,0,0,0,10.7410,0.60,0,15.00,NULL,NULL,NULL,NULL,NULL,NULL,'0',NULL,NULL,1,'2020-12-29 13:36:08','2020-12-29 13:45:55','2020-12-29 13:45:55'),(331,591,40737,0,91,'',NULL,NULL,NULL,NULL,NULL,NULL,NULL,NULL,NULL,NULL,NULL,NULL,NULL,NULL,NULL,NULL,6,'0','--',1,NULL,NULL,NULL,NULL,NULL,NULL,NULL,NULL,NULL,0,0,0,0,1,NULL,NULL,5,NULL,NULL,0.00,0,0.00,0.00,0.00,NULL,NULL,NULL,'1969-12-31','1969-12-31',NULL,NULL,0,NULL,NULL,NULL,NULL,NULL,NULL,NULL,NULL,NULL,0,0,0,0,0,10.7410,0.60,0,15.00,NULL,NULL,NULL,NULL,NULL,NULL,'0',NULL,NULL,1,'2020-12-29 13:36:08','2020-12-29 13:46:01','2020-12-29 13:46:01'),(332,591,40737,0,92,'',NULL,NULL,NULL,NULL,NULL,NULL,NULL,NULL,NULL,NULL,NULL,NULL,NULL,NULL,NULL,NULL,6,'0','--',1,NULL,NULL,NULL,NULL,NULL,NULL,NULL,NULL,NULL,0,0,0,0,1,NULL,NULL,5,NULL,NULL,0.00,0,0.00,0.00,0.00,NULL,NULL,NULL,'1969-12-31','1969-12-31',NULL,NULL,0,NULL,NULL,NULL,NULL,NULL,NULL,NULL,NULL,NULL,0,0,0,0,0,10.7410,0.60,0,15.00,NULL,NULL,NULL,NULL,NULL,NULL,'0',NULL,NULL,1,'2020-12-29 13:36:08','2020-12-29 13:46:05','2020-12-29 13:46:05'),(333,591,40737,0,93,'',NULL,NULL,NULL,NULL,NULL,NULL,NULL,NULL,NULL,NULL,NULL,NULL,NULL,NULL,NULL,NULL,6,'0','--',1,NULL,NULL,NULL,NULL,NULL,NULL,NULL,NULL,NULL,0,0,0,0,1,NULL,NULL,5,NULL,NULL,0.00,0,0.00,0.00,0.00,NULL,NULL,NULL,'1969-12-31','1969-12-31',NULL,NULL,0,NULL,NULL,NULL,NULL,NULL,NULL,NULL,NULL,NULL,0,0,0,0,0,10.7410,0.60,0,15.00,NULL,NULL,NULL,NULL,NULL,NULL,'0',NULL,NULL,1,'2020-12-29 13:36:08','2020-12-29 13:46:10','2020-12-29 13:46:10'),(334,591,40737,0,94,'',NULL,NULL,NULL,NULL,NULL,NULL,NULL,NULL,NULL,NULL,NULL,NULL,NULL,NULL,NULL,NULL,6,'0','--',1,NULL,NULL,NULL,NULL,NULL,NULL,NULL,NULL,NULL,0,0,0,0,1,NULL,NULL,5,NULL,NULL,0.00,0,0.00,0.00,0.00,NULL,NULL,NULL,'1969-12-31','1969-12-31',NULL,NULL,0,NULL,NULL,NULL,NULL,NULL,NULL,NULL,NULL,NULL,0,0,0,0,0,10.7410,0.60,0,15.00,NULL,NULL,NULL,NULL,NULL,NULL,'0',NULL,NULL,1,'2020-12-29 13:36:08','2020-12-29 13:47:04','2020-12-29 13:47:04'),(335,591,40737,0,95,'',NULL,NULL,NULL,NULL,NULL,NULL,NULL,NULL,NULL,NULL,NULL,NULL,NULL,NULL,NULL,NULL,6,'0','--',1,NULL,NULL,NULL,NULL,NULL,NULL,NULL,NULL,NULL,0,0,0,0,1,NULL,NULL,5,NULL,NULL,0.00,0,0.00,0.00,0.00,NULL,NULL,NULL,'1969-12-31','1969-12-31',NULL,NULL,0,NULL,NULL,NULL,NULL,NULL,NULL,NULL,NULL,NULL,0,0,0,0,0,10.7410,0.60,0,15.00,NULL,NULL,NULL,NULL,NULL,NULL,'0',NULL,NULL,1,'2020-12-29 13:36:08','2020-12-29 13:47:08','2020-12-29 13:47:08'),(336,591,40737,0,96,'',NULL,NULL,NULL,NULL,NULL,NULL,NULL,NULL,NULL,NULL,NULL,NULL,NULL,NULL,NULL,NULL,6,'0','--',1,NULL,NULL,NULL,NULL,NULL,NULL,NULL,NULL,NULL,0,0,0,0,1,NULL,NULL,5,NULL,NULL,0.00,0,0.00,0.00,0.00,NULL,NULL,NULL,'1969-12-31','1969-12-31',NULL,NULL,0,NULL,NULL,NULL,NULL,NULL,NULL,NULL,NULL,NULL,0,0,0,0,0,10.7410,0.60,0,15.00,NULL,NULL,NULL,NULL,NULL,NULL,'0',NULL,NULL,1,'2020-12-29 13:36:08','2020-12-29 13:47:12','2020-12-29 13:47:12');
INSERT INTO `syj_empleados` VALUES (337,591,40737,0,97,'',NULL,NULL,NULL,NULL,NULL,NULL,NULL,NULL,NULL,NULL,NULL,NULL,NULL,NULL,NULL,NULL,6,'0','--',1,NULL,NULL,NULL,NULL,NULL,NULL,NULL,NULL,NULL,0,0,0,0,1,NULL,NULL,5,NULL,NULL,0.00,0,0.00,0.00,0.00,NULL,NULL,NULL,'1969-12-31','1969-12-31',NULL,NULL,0,NULL,NULL,NULL,NULL,NULL,NULL,NULL,NULL,NULL,0,0,0,0,0,10.7410,0.60,0,15.00,NULL,NULL,NULL,NULL,NULL,NULL,'0',NULL,NULL,1,'2020-12-29 13:36:08','2020-12-29 13:47:16','2020-12-29 13:47:16'),(338,591,40737,0,98,'',NULL,NULL,NULL,NULL,NULL,NULL,NULL,NULL,NULL,NULL,NULL,NULL,NULL,NULL,NULL,NULL,6,'0','--',1,NULL,NULL,NULL,NULL,NULL,NULL,NULL,NULL,NULL,0,0,0,0,1,NULL,NULL,5,NULL,NULL,0.00,0,0.00,0.00,0.00,NULL,NULL,NULL,'1969-12-31','1969-12-31',NULL,NULL,0,NULL,NULL,NULL,NULL,NULL,NULL,NULL,NULL,NULL,0,0,0,0,0,10.7410,0.60,0,15.00,NULL,NULL,NULL,NULL,NULL,NULL,'0',NULL,NULL,1,'2020-12-29 13:36:08','2020-12-29 13:47:20','2020-12-29 13:47:20'),(339,591,40737,0,99,'',NULL,NULL,NULL,NULL,NULL,NULL,NULL,NULL,NULL,NULL,NULL,NULL,NULL,NULL,NULL,NULL,6,'0','--',1,NULL,NULL,NULL,NULL,NULL,NULL,NULL,NULL,NULL,0,0,0,0,1,NULL,NULL,5,NULL,NULL,0.00,0,0.00,0.00,0.00,NULL,NULL,NULL,'1969-12-31','1969-12-31',NULL,NULL,0,NULL,NULL,NULL,NULL,NULL,NULL,NULL,NULL,NULL,0,0,0,0,0,10.7410,0.60,0,15.00,NULL,NULL,NULL,NULL,NULL,NULL,'0',NULL,NULL,1,'2020-12-29 13:36:08','2020-12-29 13:47:25','2020-12-29 13:47:25'),(340,591,40737,0,100,'',NULL,NULL,NULL,NULL,NULL,NULL,NULL,NULL,NULL,NULL,NULL,NULL,NULL,NULL,NULL,NULL,6,'0','--',1,NULL,NULL,NULL,NULL,NULL,NULL,NULL,NULL,NULL,0,0,0,0,1,NULL,NULL,5,NULL,NULL,0.00,0,0.00,0.00,0.00,NULL,NULL,NULL,'1969-12-31','1969-12-31',NULL,NULL,0,NULL,NULL,NULL,NULL,NULL,NULL,NULL,NULL,NULL,0,0,0,0,0,10.7410,0.60,0,15.00,NULL,NULL,NULL,NULL,NULL,NULL,'0',NULL,NULL,1,'2020-12-29 13:36:08','2020-12-29 13:47:29','2020-12-29 13:47:29'),(341,591,40737,0,101,'',NULL,NULL,NULL,NULL,NULL,NULL,NULL,NULL,NULL,NULL,NULL,NULL,NULL,NULL,NULL,NULL,6,'0','--',1,NULL,NULL,NULL,NULL,NULL,NULL,NULL,NULL,NULL,0,0,0,0,1,NULL,NULL,5,NULL,NULL,0.00,0,0.00,0.00,0.00,NULL,NULL,NULL,'1969-12-31','1969-12-31',NULL,NULL,0,NULL,NULL,NULL,NULL,NULL,NULL,NULL,NULL,NULL,0,0,0,0,0,10.7410,0.60,0,15.00,NULL,NULL,NULL,NULL,NULL,NULL,'0',NULL,NULL,1,'2020-12-29 13:36:08','2020-12-29 13:47:33','2020-12-29 13:47:33'),(342,591,40737,0,102,'',NULL,NULL,NULL,NULL,NULL,NULL,NULL,NULL,NULL,NULL,NULL,NULL,NULL,NULL,NULL,NULL,6,'0','--',1,NULL,NULL,NULL,NULL,NULL,NULL,NULL,NULL,NULL,0,0,0,0,1,NULL,NULL,5,NULL,NULL,0.00,0,0.00,0.00,0.00,NULL,NULL,NULL,'1969-12-31','1969-12-31',NULL,NULL,0,NULL,NULL,NULL,NULL,NULL,NULL,NULL,NULL,NULL,0,0,0,0,0,10.7410,0.60,0,15.00,NULL,NULL,NULL,NULL,NULL,NULL,'0',NULL,NULL,1,'2020-12-29 13:36:08','2020-12-29 13:47:37','2020-12-29 13:47:37'),(343,591,40737,0,103,'',NULL,NULL,NULL,NULL,NULL,NULL,NULL,NULL,NULL,NULL,NULL,NULL,NULL,NULL,NULL,NULL,6,'0','--',1,NULL,NULL,NULL,NULL,NULL,NULL,NULL,NULL,NULL,0,0,0,0,1,NULL,NULL,5,NULL,NULL,0.00,0,0.00,0.00,0.00,NULL,NULL,NULL,'1969-12-31','1969-12-31',NULL,NULL,0,NULL,NULL,NULL,NULL,NULL,NULL,NULL,NULL,NULL,0,0,0,0,0,10.7410,0.60,0,15.00,NULL,NULL,NULL,NULL,NULL,NULL,'0',NULL,NULL,1,'2020-12-29 13:36:08','2020-12-29 13:47:42','2020-12-29 13:47:42'),(344,591,40737,0,104,'',NULL,NULL,NULL,NULL,NULL,NULL,NULL,NULL,NULL,NULL,NULL,NULL,NULL,NULL,NULL,NULL,6,'0','--',1,NULL,NULL,NULL,NULL,NULL,NULL,NULL,NULL,NULL,0,0,0,0,1,NULL,NULL,5,NULL,NULL,0.00,0,0.00,0.00,0.00,NULL,NULL,NULL,'1969-12-31','1969-12-31',NULL,NULL,0,NULL,NULL,NULL,NULL,NULL,NULL,NULL,NULL,NULL,0,0,0,0,0,10.7410,0.60,0,15.00,NULL,NULL,NULL,NULL,NULL,NULL,'0',NULL,NULL,1,'2020-12-29 13:36:08','2020-12-29 13:47:47','2020-12-29 13:47:47');
INSERT INTO `syj_empleados` VALUES (345,591,40737,0,105,'',NULL,NULL,NULL,NULL,NULL,NULL,NULL,NULL,NULL,NULL,NULL,NULL,NULL,NULL,NULL,NULL,6,'0','--',1,NULL,NULL,NULL,NULL,NULL,NULL,NULL,NULL,NULL,0,0,0,0,1,NULL,NULL,5,NULL,NULL,0.00,0,0.00,0.00,0.00,NULL,NULL,NULL,'1969-12-31','1969-12-31',NULL,NULL,0,NULL,NULL,NULL,NULL,NULL,NULL,NULL,NULL,NULL,0,0,0,0,0,10.7410,0.60,0,15.00,NULL,NULL,NULL,NULL,NULL,NULL,'0',NULL,NULL,1,'2020-12-29 13:36:08','2020-12-29 13:47:52','2020-12-29 13:47:52'),(346,591,40737,0,106,'',NULL,NULL,NULL,NULL,NULL,NULL,NULL,NULL,NULL,NULL,NULL,NULL,NULL,NULL,NULL,NULL,6,'0','--',1,NULL,NULL,NULL,NULL,NULL,NULL,NULL,NULL,NULL,0,0,0,0,1,NULL,NULL,5,NULL,NULL,0.00,0,0.00,0.00,0.00,NULL,NULL,NULL,'1969-12-31','1969-12-31',NULL,NULL,0,NULL,NULL,NULL,NULL,NULL,NULL,NULL,NULL,NULL,0,0,0,0,0,10.7410,0.60,0,15.00,NULL,NULL,NULL,NULL,NULL,NULL,'0',NULL,NULL,1,'2020-12-29 13:36:08','2020-12-29 13:47:56','2020-12-29 13:47:56'),(347,591,40737,0,107,'',NULL,NULL,NULL,NULL,NULL,NULL,NULL,NULL,NULL,NULL,NULL,NULL,NULL,NULL,NULL,NULL,6,'0','--',1,NULL,NULL,NULL,NULL,NULL,NULL,NULL,NULL,NULL,0,0,0,0,1,NULL,NULL,5,NULL,NULL,0.00,0,0.00,0.00,0.00,NULL,NULL,NULL,'1969-12-31','1969-12-31',NULL,NULL,0,NULL,NULL,NULL,NULL,NULL,NULL,NULL,NULL,NULL,0,0,0,0,0,10.7410,0.60,0,15.00,NULL,NULL,NULL,NULL,NULL,NULL,'0',NULL,NULL,1,'2020-12-29 13:36:08','2020-12-29 13:48:00','2020-12-29 13:48:00'),(348,591,40737,0,108,'',NULL,NULL,NULL,NULL,NULL,NULL,NULL,NULL,NULL,NULL,NULL,NULL,NULL,NULL,NULL,NULL,6,'0','--',1,NULL,NULL,NULL,NULL,NULL,NULL,NULL,NULL,NULL,0,0,0,0,1,NULL,NULL,5,NULL,NULL,0.00,0,0.00,0.00,0.00,NULL,NULL,NULL,'1969-12-31','1969-12-31',NULL,NULL,0,NULL,NULL,NULL,NULL,NULL,NULL,NULL,NULL,NULL,0,0,0,0,0,10.7410,0.60,0,15.00,NULL,NULL,NULL,NULL,NULL,NULL,'0',NULL,NULL,1,'2020-12-29 13:36:08','2020-12-29 13:48:05','2020-12-29 13:48:05'),(349,591,40737,0,109,'',NULL,NULL,NULL,NULL,NULL,NULL,NULL,NULL,NULL,NULL,NULL,NULL,NULL,NULL,NULL,NULL,6,'0','--',1,NULL,NULL,NULL,NULL,NULL,NULL,NULL,NULL,NULL,0,0,0,0,1,NULL,NULL,5,NULL,NULL,0.00,0,0.00,0.00,0.00,NULL,NULL,NULL,'1969-12-31','1969-12-31',NULL,NULL,0,NULL,NULL,NULL,NULL,NULL,NULL,NULL,NULL,NULL,0,0,0,0,0,10.7410,0.60,0,15.00,NULL,NULL,NULL,NULL,NULL,NULL,'0',NULL,NULL,1,'2020-12-29 13:36:08','2020-12-29 13:48:13','2020-12-29 13:48:13'),(350,591,40737,0,110,'',NULL,NULL,NULL,NULL,NULL,NULL,NULL,NULL,NULL,NULL,NULL,NULL,NULL,NULL,NULL,NULL,6,'0','--',1,NULL,NULL,NULL,NULL,NULL,NULL,NULL,NULL,NULL,0,0,0,0,1,NULL,NULL,5,NULL,NULL,0.00,0,0.00,0.00,0.00,NULL,NULL,NULL,'1969-12-31','1969-12-31',NULL,NULL,0,NULL,NULL,NULL,NULL,NULL,NULL,NULL,NULL,NULL,0,0,0,0,0,10.7410,0.60,0,15.00,NULL,NULL,NULL,NULL,NULL,NULL,'0',NULL,NULL,1,'2020-12-29 13:36:08','2020-12-29 13:48:18','2020-12-29 13:48:18'),(351,591,40737,0,111,'',NULL,NULL,NULL,NULL,NULL,NULL,NULL,NULL,NULL,NULL,NULL,NULL,NULL,NULL,NULL,NULL,6,'0','--',1,NULL,NULL,NULL,NULL,NULL,NULL,NULL,NULL,NULL,0,0,0,0,1,NULL,NULL,5,NULL,NULL,0.00,0,0.00,0.00,0.00,NULL,NULL,NULL,'1969-12-31','1969-12-31',NULL,NULL,0,NULL,NULL,NULL,NULL,NULL,NULL,NULL,NULL,NULL,0,0,0,0,0,10.7410,0.60,0,15.00,NULL,NULL,NULL,NULL,NULL,NULL,'0',NULL,NULL,1,'2020-12-29 13:36:08','2020-12-29 13:48:23','2020-12-29 13:48:23'),(352,591,40737,0,112,'',NULL,NULL,NULL,NULL,NULL,NULL,NULL,NULL,NULL,NULL,NULL,NULL,NULL,NULL,NULL,NULL,6,'0','--',1,NULL,NULL,NULL,NULL,NULL,NULL,NULL,NULL,NULL,0,0,0,0,1,NULL,NULL,5,NULL,NULL,0.00,0,0.00,0.00,0.00,NULL,NULL,NULL,'1969-12-31','1969-12-31',NULL,NULL,0,NULL,NULL,NULL,NULL,NULL,NULL,NULL,NULL,NULL,0,0,0,0,0,10.7410,0.60,0,15.00,NULL,NULL,NULL,NULL,NULL,NULL,'0',NULL,NULL,1,'2020-12-29 13:36:08','2020-12-29 13:48:34','2020-12-29 13:48:34');
INSERT INTO `syj_empleados` VALUES (353,591,40737,0,113,'',NULL,NULL,NULL,NULL,NULL,NULL,NULL,NULL,NULL,NULL,NULL,NULL,NULL,NULL,NULL,NULL,6,'0','--',1,NULL,NULL,NULL,NULL,NULL,NULL,NULL,NULL,NULL,0,0,0,0,1,NULL,NULL,5,NULL,NULL,0.00,0,0.00,0.00,0.00,NULL,NULL,NULL,'1969-12-31','1969-12-31',NULL,NULL,0,NULL,NULL,NULL,NULL,NULL,NULL,NULL,NULL,NULL,0,0,0,0,0,10.7410,0.60,0,15.00,NULL,NULL,NULL,NULL,NULL,NULL,'0',NULL,NULL,1,'2020-12-29 13:36:08','2020-12-29 13:48:39','2020-12-29 13:48:39'),(354,591,40737,0,114,'',NULL,NULL,NULL,NULL,NULL,NULL,NULL,NULL,NULL,NULL,NULL,NULL,NULL,NULL,NULL,NULL,6,'0','--',1,NULL,NULL,NULL,NULL,NULL,NULL,NULL,NULL,NULL,0,0,0,0,1,NULL,NULL,5,NULL,NULL,0.00,0,0.00,0.00,0.00,NULL,NULL,NULL,'1969-12-31','1969-12-31',NULL,NULL,0,NULL,NULL,NULL,NULL,NULL,NULL,NULL,NULL,NULL,0,0,0,0,0,10.7410,0.60,0,15.00,NULL,NULL,NULL,NULL,NULL,NULL,'0',NULL,NULL,1,'2020-12-29 13:36:08','2020-12-29 13:48:43','2020-12-29 13:48:43'),(355,591,40737,0,115,'',NULL,NULL,NULL,NULL,NULL,NULL,NULL,NULL,NULL,NULL,NULL,NULL,NULL,NULL,NULL,NULL,6,'0','--',1,NULL,NULL,NULL,NULL,NULL,NULL,NULL,NULL,NULL,0,0,0,0,1,NULL,NULL,5,NULL,NULL,0.00,0,0.00,0.00,0.00,NULL,NULL,NULL,'1969-12-31','1969-12-31',NULL,NULL,0,NULL,NULL,NULL,NULL,NULL,NULL,NULL,NULL,NULL,0,0,0,0,0,10.7410,0.60,0,15.00,NULL,NULL,NULL,NULL,NULL,NULL,'0',NULL,NULL,1,'2020-12-29 13:36:08','2020-12-29 13:48:47','2020-12-29 13:48:47'),(356,591,40737,0,116,'',NULL,NULL,NULL,NULL,NULL,NULL,NULL,NULL,NULL,NULL,NULL,NULL,NULL,NULL,NULL,NULL,6,'0','--',1,NULL,NULL,NULL,NULL,NULL,NULL,NULL,NULL,NULL,0,0,0,0,1,NULL,NULL,5,NULL,NULL,0.00,0,0.00,0.00,0.00,NULL,NULL,NULL,'1969-12-31','1969-12-31',NULL,NULL,0,NULL,NULL,NULL,NULL,NULL,NULL,NULL,NULL,NULL,0,0,0,0,0,10.7410,0.60,0,15.00,NULL,NULL,NULL,NULL,NULL,NULL,'0',NULL,NULL,1,'2020-12-29 13:36:08','2020-12-29 13:48:51','2020-12-29 13:48:51'),(357,591,40737,0,117,'',NULL,NULL,NULL,NULL,NULL,NULL,NULL,NULL,NULL,NULL,NULL,NULL,NULL,NULL,NULL,NULL,6,'0','--',1,NULL,NULL,NULL,NULL,NULL,NULL,NULL,NULL,NULL,0,0,0,0,1,NULL,NULL,5,NULL,NULL,0.00,0,0.00,0.00,0.00,NULL,NULL,NULL,'1969-12-31','1969-12-31',NULL,NULL,0,NULL,NULL,NULL,NULL,NULL,NULL,NULL,NULL,NULL,0,0,0,0,0,10.7410,0.60,0,15.00,NULL,NULL,NULL,NULL,NULL,NULL,'0',NULL,NULL,1,'2020-12-29 13:36:08','2020-12-29 13:48:55','2020-12-29 13:48:55'),(358,591,40737,0,118,'',NULL,NULL,NULL,NULL,NULL,NULL,NULL,NULL,NULL,NULL,NULL,NULL,NULL,NULL,NULL,NULL,6,'x:xmpmet','</-x:xmpmet-a',1,NULL,NULL,NULL,NULL,NULL,NULL,NULL,NULL,NULL,0,0,0,0,1,NULL,NULL,5,NULL,NULL,0.00,0,0.00,0.00,0.00,NULL,NULL,NULL,'1969-12-31','1969-12-31',NULL,NULL,0,NULL,NULL,NULL,NULL,NULL,NULL,NULL,NULL,NULL,0,0,0,0,0,10.7410,0.60,0,15.00,NULL,NULL,NULL,NULL,NULL,NULL,'0',NULL,NULL,1,'2020-12-29 13:36:08','2020-12-29 13:49:01','2020-12-29 13:49:01'),(359,591,40737,0,119,'',NULL,NULL,NULL,NULL,NULL,NULL,NULL,NULL,NULL,NULL,NULL,NULL,NULL,NULL,NULL,NULL,6,'0','--',1,NULL,NULL,NULL,NULL,NULL,NULL,NULL,NULL,NULL,0,0,0,0,1,NULL,NULL,5,NULL,NULL,0.00,0,0.00,0.00,0.00,NULL,NULL,NULL,'1969-12-31','1969-12-31',NULL,NULL,0,NULL,NULL,NULL,NULL,NULL,NULL,NULL,NULL,NULL,0,0,0,0,0,10.7410,0.60,0,15.00,NULL,NULL,NULL,NULL,NULL,NULL,'0',NULL,NULL,1,'2020-12-29 13:36:08','2020-12-29 13:49:05','2020-12-29 13:49:05'),(360,591,40737,0,120,'',NULL,NULL,NULL,NULL,NULL,NULL,NULL,NULL,NULL,NULL,NULL,NULL,NULL,NULL,NULL,NULL,6,'0','--',1,NULL,NULL,NULL,NULL,NULL,NULL,NULL,NULL,NULL,0,0,0,0,1,NULL,NULL,5,NULL,NULL,0.00,0,0.00,0.00,0.00,NULL,NULL,NULL,'1969-12-31','1969-12-31',NULL,NULL,0,NULL,NULL,NULL,NULL,NULL,NULL,NULL,NULL,NULL,0,0,0,0,0,10.7410,0.60,0,15.00,NULL,NULL,NULL,NULL,NULL,NULL,'0',NULL,NULL,1,'2020-12-29 13:36:08','2020-12-29 13:49:09','2020-12-29 13:49:09');
INSERT INTO `syj_empleados` VALUES (361,591,40737,0,121,'',NULL,NULL,NULL,NULL,NULL,NULL,NULL,NULL,NULL,NULL,NULL,NULL,NULL,NULL,NULL,NULL,6,'0','--',1,NULL,NULL,NULL,NULL,NULL,NULL,NULL,NULL,NULL,0,0,0,0,1,NULL,NULL,5,NULL,NULL,0.00,0,0.00,0.00,0.00,NULL,NULL,NULL,'1969-12-31','1969-12-31',NULL,NULL,0,NULL,NULL,NULL,NULL,NULL,NULL,NULL,NULL,NULL,0,0,0,0,0,10.7410,0.60,0,15.00,NULL,NULL,NULL,NULL,NULL,NULL,'0',NULL,NULL,1,'2020-12-29 13:36:08','2020-12-29 13:49:14','2020-12-29 13:49:14'),(362,591,40737,0,122,'',NULL,NULL,NULL,NULL,NULL,NULL,NULL,NULL,NULL,NULL,NULL,NULL,NULL,NULL,NULL,NULL,6,'0','--',1,NULL,NULL,NULL,NULL,NULL,NULL,NULL,NULL,NULL,0,0,0,0,1,NULL,NULL,5,NULL,NULL,0.00,0,0.00,0.00,0.00,NULL,NULL,NULL,'1969-12-31','1969-12-31',NULL,NULL,0,NULL,NULL,NULL,NULL,NULL,NULL,NULL,NULL,NULL,0,0,0,0,0,10.7410,0.60,0,15.00,NULL,NULL,NULL,NULL,NULL,NULL,'0',NULL,NULL,1,'2020-12-29 13:36:08','2020-12-29 13:49:19','2020-12-29 13:49:19'),(363,591,40737,0,123,'',NULL,NULL,NULL,NULL,NULL,NULL,NULL,NULL,NULL,NULL,NULL,NULL,NULL,NULL,NULL,NULL,6,'0','--',1,NULL,NULL,NULL,NULL,NULL,NULL,NULL,NULL,NULL,0,0,0,0,1,NULL,NULL,5,NULL,NULL,0.00,0,0.00,0.00,0.00,NULL,NULL,NULL,'1969-12-31','1969-12-31',NULL,NULL,0,NULL,NULL,NULL,NULL,NULL,NULL,NULL,NULL,NULL,0,0,0,0,0,10.7410,0.60,0,15.00,NULL,NULL,NULL,NULL,NULL,NULL,'0',NULL,NULL,1,'2020-12-29 13:36:08','2020-12-29 13:49:22','2020-12-29 13:49:22'),(364,591,40737,0,124,'',NULL,NULL,NULL,NULL,NULL,NULL,NULL,NULL,NULL,NULL,NULL,NULL,NULL,NULL,NULL,NULL,6,'0','--',1,NULL,NULL,NULL,NULL,NULL,NULL,NULL,NULL,NULL,0,0,0,0,1,NULL,NULL,5,NULL,NULL,0.00,0,0.00,0.00,0.00,NULL,NULL,NULL,'1969-12-31','1969-12-31',NULL,NULL,0,NULL,NULL,NULL,NULL,NULL,NULL,NULL,NULL,NULL,0,0,0,0,0,10.7410,0.60,0,15.00,NULL,NULL,NULL,NULL,NULL,NULL,'0',NULL,NULL,1,'2020-12-29 13:36:08','2020-12-29 13:49:28','2020-12-29 13:49:28'),(365,591,40737,0,125,'',NULL,NULL,NULL,NULL,NULL,NULL,NULL,NULL,NULL,NULL,NULL,NULL,NULL,NULL,NULL,NULL,6,'0','--',1,NULL,NULL,NULL,NULL,NULL,NULL,NULL,NULL,NULL,0,0,0,0,1,NULL,NULL,5,NULL,NULL,0.00,0,0.00,0.00,0.00,NULL,NULL,NULL,'1969-12-31','1969-12-31',NULL,NULL,0,NULL,NULL,NULL,NULL,NULL,NULL,NULL,NULL,NULL,0,0,0,0,0,10.7410,0.60,0,15.00,NULL,NULL,NULL,NULL,NULL,NULL,'0',NULL,NULL,1,'2020-12-29 13:36:08','2020-12-29 13:49:31','2020-12-29 13:49:31'),(366,591,40737,0,126,'',NULL,NULL,NULL,NULL,NULL,NULL,NULL,NULL,NULL,NULL,NULL,NULL,NULL,NULL,NULL,NULL,6,'0','--',1,NULL,NULL,NULL,NULL,NULL,NULL,NULL,NULL,NULL,0,0,0,0,1,NULL,NULL,5,NULL,NULL,0.00,0,0.00,0.00,0.00,NULL,NULL,NULL,'1969-12-31','1969-12-31',NULL,NULL,0,NULL,NULL,NULL,NULL,NULL,NULL,NULL,NULL,NULL,0,0,0,0,0,10.7410,0.60,0,15.00,NULL,NULL,NULL,NULL,NULL,NULL,'0',NULL,NULL,1,'2020-12-29 13:36:08','2020-12-29 13:49:36','2020-12-29 13:49:36'),(367,591,40737,0,127,'',NULL,NULL,NULL,NULL,NULL,NULL,NULL,NULL,NULL,NULL,NULL,NULL,NULL,NULL,NULL,NULL,6,'0','--',1,NULL,NULL,NULL,NULL,NULL,NULL,NULL,NULL,NULL,0,0,0,0,1,NULL,NULL,5,NULL,NULL,0.00,0,0.00,0.00,0.00,NULL,NULL,NULL,'1969-12-31','1969-12-31',NULL,NULL,0,NULL,NULL,NULL,NULL,NULL,NULL,NULL,NULL,NULL,0,0,0,0,0,10.7410,0.60,0,15.00,NULL,NULL,NULL,NULL,NULL,NULL,'0',NULL,NULL,1,'2020-12-29 13:36:08','2020-12-29 13:49:42','2020-12-29 13:49:42'),(368,591,40737,0,128,'',NULL,NULL,NULL,NULL,NULL,NULL,NULL,NULL,NULL,NULL,NULL,NULL,NULL,NULL,NULL,NULL,6,'0','--',1,NULL,NULL,NULL,NULL,NULL,NULL,NULL,NULL,NULL,0,0,0,0,1,NULL,NULL,5,NULL,NULL,0.00,0,0.00,0.00,0.00,NULL,NULL,NULL,'1969-12-31','1969-12-31',NULL,NULL,0,NULL,NULL,NULL,NULL,NULL,NULL,NULL,NULL,NULL,0,0,0,0,0,10.7410,0.60,0,15.00,NULL,NULL,NULL,NULL,NULL,NULL,'0',NULL,NULL,1,'2020-12-29 13:36:08','2020-12-29 13:49:47','2020-12-29 13:49:47');
INSERT INTO `syj_empleados` VALUES (369,591,40737,0,129,'',NULL,NULL,NULL,NULL,NULL,NULL,NULL,NULL,NULL,NULL,NULL,NULL,NULL,NULL,NULL,NULL,6,'0','--',1,NULL,NULL,NULL,NULL,NULL,NULL,NULL,NULL,NULL,0,0,0,0,1,NULL,NULL,5,NULL,NULL,0.00,0,0.00,0.00,0.00,NULL,NULL,NULL,'1969-12-31','1969-12-31',NULL,NULL,0,NULL,NULL,NULL,NULL,NULL,NULL,NULL,NULL,NULL,0,0,0,0,0,10.7410,0.60,0,15.00,NULL,NULL,NULL,NULL,NULL,NULL,'0',NULL,NULL,1,'2020-12-29 13:36:08','2020-12-29 13:49:53','2020-12-29 13:49:53'),(370,591,40737,0,130,'',NULL,NULL,NULL,NULL,NULL,NULL,NULL,NULL,NULL,NULL,NULL,NULL,NULL,NULL,NULL,NULL,6,'0','--',1,NULL,NULL,NULL,NULL,NULL,NULL,NULL,NULL,NULL,0,0,0,0,1,NULL,NULL,5,NULL,NULL,0.00,0,0.00,0.00,0.00,NULL,NULL,NULL,'1969-12-31','1969-12-31',NULL,NULL,0,NULL,NULL,NULL,NULL,NULL,NULL,NULL,NULL,NULL,0,0,0,0,0,10.7410,0.60,0,15.00,NULL,NULL,NULL,NULL,NULL,NULL,'0',NULL,NULL,1,'2020-12-29 13:36:08','2020-12-29 13:49:57','2020-12-29 13:49:57'),(371,591,40737,0,131,'',NULL,NULL,NULL,NULL,NULL,NULL,NULL,NULL,NULL,NULL,NULL,NULL,NULL,NULL,NULL,NULL,6,'0','--',1,NULL,NULL,NULL,NULL,NULL,NULL,NULL,NULL,NULL,0,0,0,0,1,NULL,NULL,5,NULL,NULL,0.00,0,0.00,0.00,0.00,NULL,NULL,NULL,'1969-12-31','1969-12-31',NULL,NULL,0,NULL,NULL,NULL,NULL,NULL,NULL,NULL,NULL,NULL,0,0,0,0,0,10.7410,0.60,0,15.00,NULL,NULL,NULL,NULL,NULL,NULL,'0',NULL,NULL,1,'2020-12-29 13:36:08','2020-12-29 13:50:03','2020-12-29 13:50:03'),(372,591,40737,0,132,'',NULL,NULL,NULL,NULL,NULL,NULL,NULL,NULL,NULL,NULL,NULL,NULL,NULL,NULL,NULL,NULL,6,'0','--',1,NULL,NULL,NULL,NULL,NULL,NULL,NULL,NULL,NULL,0,0,0,0,1,NULL,NULL,5,NULL,NULL,0.00,0,0.00,0.00,0.00,NULL,NULL,NULL,'1969-12-31','1969-12-31',NULL,NULL,0,NULL,NULL,NULL,NULL,NULL,NULL,NULL,NULL,NULL,0,0,0,0,0,10.7410,0.60,0,15.00,NULL,NULL,NULL,NULL,NULL,NULL,'0',NULL,NULL,1,'2020-12-29 13:36:08','2020-12-29 13:50:07','2020-12-29 13:50:07'),(373,591,40737,0,133,'',NULL,NULL,NULL,NULL,NULL,NULL,NULL,NULL,NULL,NULL,NULL,NULL,NULL,NULL,NULL,NULL,6,'0','--',1,NULL,NULL,NULL,NULL,NULL,NULL,NULL,NULL,NULL,0,0,0,0,1,NULL,NULL,5,NULL,NULL,0.00,0,0.00,0.00,0.00,NULL,NULL,NULL,'1969-12-31','1969-12-31',NULL,NULL,0,NULL,NULL,NULL,NULL,NULL,NULL,NULL,NULL,NULL,0,0,0,0,0,10.7410,0.60,0,15.00,NULL,NULL,NULL,NULL,NULL,NULL,'0',NULL,NULL,1,'2020-12-29 13:36:08','2020-12-29 13:50:11','2020-12-29 13:50:11'),(374,591,40737,0,134,'',NULL,NULL,NULL,NULL,NULL,NULL,NULL,NULL,NULL,NULL,NULL,NULL,NULL,NULL,NULL,NULL,6,'0','--',1,NULL,NULL,NULL,NULL,NULL,NULL,NULL,NULL,NULL,0,0,0,0,1,NULL,NULL,5,NULL,NULL,0.00,0,0.00,0.00,0.00,NULL,NULL,NULL,'1969-12-31','1969-12-31',NULL,NULL,0,NULL,NULL,NULL,NULL,NULL,NULL,NULL,NULL,NULL,0,0,0,0,0,10.7410,0.60,0,15.00,NULL,NULL,NULL,NULL,NULL,NULL,'0',NULL,NULL,1,'2020-12-29 13:36:08','2020-12-29 13:50:15','2020-12-29 13:50:15'),(375,591,40737,0,135,'',NULL,NULL,NULL,NULL,NULL,NULL,NULL,NULL,NULL,NULL,NULL,NULL,NULL,NULL,NULL,NULL,6,'0','--',1,NULL,NULL,NULL,NULL,NULL,NULL,NULL,NULL,NULL,0,0,0,0,1,NULL,NULL,5,NULL,NULL,0.00,0,0.00,0.00,0.00,NULL,NULL,NULL,'1969-12-31','1969-12-31',NULL,NULL,0,NULL,NULL,NULL,NULL,NULL,NULL,NULL,NULL,NULL,0,0,0,0,0,10.7410,0.60,0,15.00,NULL,NULL,NULL,NULL,NULL,NULL,'0',NULL,NULL,1,'2020-12-29 13:36:08','2020-12-29 13:50:20','2020-12-29 13:50:20'),(376,591,40737,0,136,'',NULL,NULL,NULL,NULL,NULL,NULL,NULL,NULL,NULL,NULL,NULL,NULL,NULL,NULL,NULL,NULL,6,'0','--',1,NULL,NULL,NULL,NULL,NULL,NULL,NULL,NULL,NULL,0,0,0,0,1,NULL,NULL,5,NULL,NULL,0.00,0,0.00,0.00,0.00,NULL,NULL,NULL,'1969-12-31','1969-12-31',NULL,NULL,0,NULL,NULL,NULL,NULL,NULL,NULL,NULL,NULL,NULL,0,0,0,0,0,10.7410,0.60,0,15.00,NULL,NULL,NULL,NULL,NULL,NULL,'0',NULL,NULL,1,'2020-12-29 13:36:08','2020-12-29 13:50:26','2020-12-29 13:50:26');
INSERT INTO `syj_empleados` VALUES (377,591,40737,0,137,'',NULL,NULL,NULL,NULL,NULL,NULL,NULL,NULL,NULL,NULL,NULL,NULL,NULL,NULL,NULL,NULL,6,'0','--',1,NULL,NULL,NULL,NULL,NULL,NULL,NULL,NULL,NULL,0,0,0,0,1,NULL,NULL,5,NULL,NULL,0.00,0,0.00,0.00,0.00,NULL,NULL,NULL,'1969-12-31','1969-12-31',NULL,NULL,0,NULL,NULL,NULL,NULL,NULL,NULL,NULL,NULL,NULL,0,0,0,0,0,10.7410,0.60,0,15.00,NULL,NULL,NULL,NULL,NULL,NULL,'0',NULL,NULL,1,'2020-12-29 13:36:08','2020-12-29 13:50:30','2020-12-29 13:50:30'),(378,591,40737,0,138,'',NULL,NULL,NULL,NULL,NULL,NULL,NULL,NULL,NULL,NULL,NULL,NULL,NULL,NULL,NULL,NULL,6,'0','--',1,NULL,NULL,NULL,NULL,NULL,NULL,NULL,NULL,NULL,0,0,0,0,1,NULL,NULL,5,NULL,NULL,0.00,0,0.00,0.00,0.00,NULL,NULL,NULL,'1969-12-31','1969-12-31',NULL,NULL,0,NULL,NULL,NULL,NULL,NULL,NULL,NULL,NULL,NULL,0,0,0,0,0,10.7410,0.60,0,15.00,NULL,NULL,NULL,NULL,NULL,NULL,'0',NULL,NULL,1,'2020-12-29 13:36:08','2020-12-29 13:50:33','2020-12-29 13:50:33'),(379,591,40737,0,139,'',NULL,NULL,NULL,NULL,NULL,NULL,NULL,NULL,NULL,NULL,NULL,NULL,NULL,NULL,NULL,NULL,6,'0','--',1,NULL,NULL,NULL,NULL,NULL,NULL,NULL,NULL,NULL,0,0,0,0,1,NULL,NULL,5,NULL,NULL,0.00,0,0.00,0.00,0.00,NULL,NULL,NULL,'1969-12-31','1969-12-31',NULL,NULL,0,NULL,NULL,NULL,NULL,NULL,NULL,NULL,NULL,NULL,0,0,0,0,0,10.7410,0.60,0,15.00,NULL,NULL,NULL,NULL,NULL,NULL,'0',NULL,NULL,1,'2020-12-29 13:36:08','2020-12-29 13:50:39','2020-12-29 13:50:39'),(380,591,40737,0,140,'',NULL,NULL,NULL,NULL,NULL,NULL,NULL,NULL,NULL,NULL,NULL,NULL,NULL,NULL,NULL,NULL,6,'xpacket','<?-xpacket-',1,NULL,NULL,NULL,NULL,NULL,NULL,NULL,NULL,NULL,0,0,0,0,1,NULL,NULL,5,NULL,NULL,0.00,0,0.00,0.00,0.00,NULL,NULL,NULL,'1969-12-31','1969-12-31',NULL,NULL,0,NULL,NULL,NULL,NULL,NULL,NULL,NULL,NULL,NULL,0,0,0,0,0,10.7410,0.60,0,15.00,NULL,NULL,NULL,NULL,NULL,NULL,'0',NULL,NULL,1,'2020-12-29 13:36:08','2020-12-29 13:50:43','2020-12-29 13:50:43'),(381,591,40737,0,141,'',NULL,NULL,NULL,NULL,NULL,NULL,NULL,NULL,NULL,NULL,NULL,NULL,NULL,NULL,NULL,NULL,6,'dstream\r','en-dstream\r-e',1,NULL,NULL,NULL,NULL,NULL,NULL,NULL,NULL,NULL,0,0,0,0,1,NULL,NULL,5,NULL,NULL,0.00,0,0.00,0.00,0.00,NULL,NULL,NULL,'1969-12-31','1969-12-31',NULL,NULL,0,NULL,NULL,NULL,NULL,NULL,NULL,NULL,NULL,NULL,0,0,0,0,0,10.7410,0.60,0,15.00,NULL,NULL,NULL,NULL,NULL,NULL,'0',NULL,NULL,1,'2020-12-29 13:36:08','2020-12-29 13:50:50','2020-12-29 13:50:50'),(382,591,40737,0,142,'',NULL,NULL,NULL,NULL,NULL,NULL,NULL,NULL,NULL,NULL,NULL,NULL,NULL,NULL,NULL,NULL,6,'0','0--',1,NULL,NULL,NULL,NULL,NULL,NULL,NULL,NULL,NULL,0,0,0,0,1,NULL,NULL,5,NULL,NULL,0.00,0,0.00,0.00,0.00,NULL,NULL,NULL,'1969-12-31','1969-12-31',NULL,NULL,0,NULL,NULL,NULL,NULL,NULL,NULL,NULL,NULL,NULL,0,0,0,0,0,10.7410,0.60,0,15.00,NULL,NULL,NULL,NULL,NULL,NULL,'0',NULL,NULL,1,'2020-12-29 13:36:08','2020-12-29 13:50:53','2020-12-29 13:50:53'),(383,591,40737,0,143,'',NULL,NULL,NULL,NULL,NULL,NULL,NULL,NULL,NULL,NULL,NULL,NULL,NULL,NULL,NULL,NULL,6,'00000000','00-00000000-',1,NULL,NULL,NULL,NULL,NULL,NULL,NULL,NULL,NULL,0,0,0,0,1,NULL,NULL,5,NULL,NULL,0.00,0,0.00,0.00,0.00,NULL,NULL,NULL,'1969-12-31','1969-12-31',NULL,NULL,0,NULL,NULL,NULL,NULL,NULL,NULL,NULL,NULL,NULL,0,0,0,0,0,10.7410,0.60,0,15.00,NULL,NULL,NULL,NULL,NULL,NULL,'0',NULL,NULL,1,'2020-12-29 13:36:08','2020-12-29 13:50:58','2020-12-29 13:50:58'),(384,591,40737,0,144,'',NULL,NULL,NULL,NULL,NULL,NULL,NULL,NULL,NULL,NULL,NULL,NULL,NULL,NULL,NULL,NULL,6,'00013569','00-00013569-',1,NULL,NULL,NULL,NULL,NULL,NULL,NULL,NULL,NULL,0,0,0,0,1,NULL,NULL,5,NULL,NULL,0.00,0,0.00,0.00,0.00,NULL,NULL,NULL,'1969-12-31','1969-12-31',NULL,NULL,0,NULL,NULL,NULL,NULL,NULL,NULL,NULL,NULL,NULL,0,0,0,0,0,10.7410,0.60,0,15.00,NULL,NULL,NULL,NULL,NULL,NULL,'0',NULL,NULL,1,'2020-12-29 13:36:08','2020-12-29 13:51:02','2020-12-29 13:51:02');
INSERT INTO `syj_empleados` VALUES (385,591,40737,0,145,'',NULL,NULL,NULL,NULL,NULL,NULL,NULL,NULL,NULL,NULL,NULL,NULL,NULL,NULL,NULL,NULL,6,'00013620','00-00013620-',1,NULL,NULL,NULL,NULL,NULL,NULL,NULL,NULL,NULL,0,0,0,0,1,NULL,NULL,5,NULL,NULL,0.00,0,0.00,0.00,0.00,NULL,NULL,NULL,'1969-12-31','1969-12-31',NULL,NULL,0,NULL,NULL,NULL,NULL,NULL,NULL,NULL,NULL,NULL,0,0,0,0,0,10.7410,0.60,0,15.00,NULL,NULL,NULL,NULL,NULL,NULL,'0',NULL,NULL,1,'2020-12-29 13:36:08','2020-12-29 13:51:06','2020-12-29 13:51:06'),(386,591,40737,0,146,'',NULL,NULL,NULL,NULL,NULL,NULL,NULL,NULL,NULL,NULL,NULL,NULL,NULL,NULL,NULL,NULL,6,'00017201','00-00017201-',1,NULL,NULL,NULL,NULL,NULL,NULL,NULL,NULL,NULL,0,0,0,0,1,NULL,NULL,5,NULL,NULL,0.00,0,0.00,0.00,0.00,NULL,NULL,NULL,'1969-12-31','1969-12-31',NULL,NULL,0,NULL,NULL,NULL,NULL,NULL,NULL,NULL,NULL,NULL,0,0,0,0,0,10.7410,0.60,0,15.00,NULL,NULL,NULL,NULL,NULL,NULL,'0',NULL,NULL,1,'2020-12-29 13:36:08','2020-12-29 13:51:13','2020-12-29 13:51:13'),(387,591,40737,0,147,'',NULL,NULL,NULL,NULL,NULL,NULL,NULL,NULL,NULL,NULL,NULL,NULL,NULL,NULL,NULL,NULL,6,'ailer\r\n','tr-ailer\r\n-',1,NULL,NULL,NULL,NULL,NULL,NULL,NULL,NULL,NULL,0,0,0,0,1,NULL,NULL,5,NULL,NULL,0.00,0,0.00,0.00,0.00,NULL,NULL,NULL,'1969-12-31','1969-12-31',NULL,NULL,0,NULL,NULL,NULL,NULL,NULL,NULL,NULL,NULL,NULL,0,0,0,0,0,10.7410,0.60,0,15.00,NULL,NULL,NULL,NULL,NULL,NULL,'0',NULL,NULL,1,'2020-12-29 13:36:08','2020-12-29 13:51:17','2020-12-29 13:51:17'),(388,591,40737,0,148,'',NULL,NULL,NULL,NULL,NULL,NULL,NULL,NULL,NULL,NULL,NULL,NULL,NULL,NULL,NULL,NULL,6,'/Size','<<-/Size-',1,NULL,NULL,NULL,NULL,NULL,NULL,NULL,NULL,NULL,0,0,0,0,1,NULL,NULL,5,NULL,NULL,0.00,0,0.00,0.00,0.00,NULL,NULL,NULL,'1969-12-31','1969-12-31',NULL,NULL,0,NULL,NULL,NULL,NULL,NULL,NULL,NULL,NULL,NULL,0,0,0,0,0,10.7410,0.60,0,15.00,NULL,NULL,NULL,NULL,NULL,NULL,'0',NULL,NULL,1,'2020-12-29 13:36:08','2020-12-29 13:51:20','2020-12-29 13:51:20'),(389,591,40737,0,149,'',NULL,NULL,NULL,NULL,NULL,NULL,NULL,NULL,NULL,NULL,NULL,NULL,NULL,NULL,NULL,NULL,6,'artxref\r','st-artxref\r-\n',1,NULL,NULL,NULL,NULL,NULL,NULL,NULL,NULL,NULL,0,0,0,0,1,NULL,NULL,5,NULL,NULL,0.00,0,0.00,0.00,0.00,NULL,NULL,NULL,'1969-12-31','1969-12-31',NULL,NULL,0,NULL,NULL,NULL,NULL,NULL,NULL,NULL,NULL,NULL,0,0,0,0,0,10.7410,0.60,0,15.00,NULL,NULL,NULL,NULL,NULL,NULL,'0',NULL,NULL,1,'2020-12-29 13:36:08','2020-12-29 13:51:25','2020-12-29 13:51:25'),(390,591,40737,0,150,'',NULL,NULL,NULL,NULL,NULL,NULL,NULL,NULL,NULL,NULL,NULL,NULL,NULL,NULL,NULL,NULL,6,'6\r\n','11-6\r\n-',1,NULL,NULL,NULL,NULL,NULL,NULL,NULL,NULL,NULL,0,0,0,0,1,NULL,NULL,5,NULL,NULL,0.00,0,0.00,0.00,0.00,NULL,NULL,NULL,'1969-12-31','1969-12-31',NULL,NULL,0,NULL,NULL,NULL,NULL,NULL,NULL,NULL,NULL,NULL,0,0,0,0,0,10.7410,0.60,0,15.00,NULL,NULL,NULL,NULL,NULL,NULL,'0',NULL,NULL,1,'2020-12-29 13:36:08','2020-12-29 13:51:29','2020-12-29 13:51:29'),(391,591,40737,0,151,'',NULL,NULL,NULL,NULL,NULL,NULL,NULL,NULL,NULL,NULL,NULL,NULL,NULL,NULL,NULL,NULL,6,'EOF\r\n','%%-EOF\r\n-',1,NULL,NULL,NULL,NULL,NULL,NULL,NULL,NULL,NULL,0,0,0,0,1,NULL,NULL,5,NULL,NULL,0.00,0,0.00,0.00,0.00,NULL,NULL,NULL,'1969-12-31','1969-12-31',NULL,NULL,0,NULL,NULL,NULL,NULL,NULL,NULL,NULL,NULL,NULL,0,0,0,0,0,10.7410,0.60,0,15.00,NULL,NULL,NULL,NULL,NULL,NULL,'0',NULL,NULL,1,'2020-12-29 13:36:08','2020-12-29 13:51:32','2020-12-29 13:51:32'),(392,591,40737,0,8,'PEREYRA JONATHAN ORLANDO',NULL,'1990-03-27',1,1,5,1,NULL,9,NULL,NULL,NULL,NULL,NULL,NULL,NULL,NULL,6,'35236960','24-35236960-4',2,NULL,78,NULL,1,NULL,'01100426300 04208448047','01100426300 04208448047',13,13,1,0,0,0,1,NULL,NULL,22,159,1,37648.18,1,0.00,8.00,0.00,13,22,13,'2019-07-24','2019-07-24',NULL,NULL,0,2,2,2,2,50,1,1,2,1,0,1,0,0,0,10.7410,0.60,1,15.00,2,'1',2,'0',2,'0','0',NULL,NULL,1,'2020-12-29 13:51:56','2022-02-24 08:29:35','2022-02-24 08:29:35');
INSERT INTO `syj_empleados` VALUES (393,591,41104,0,2,'PANELO JESUS MARCELINO',NULL,'1974-04-19',1,1,5,1,NULL,9,'Pampa','1998',NULL,NULL,'1648',NULL,NULL,NULL,6,'23810877','20-23810877-3',2,NULL,227,NULL,1,NULL,NULL,NULL,14,14,1,0,0,0,1,NULL,NULL,6,207,1,38771.00,1,0.00,8.00,0.00,14,23,14,'2012-02-01','2012-02-01',NULL,NULL,0,2,2,2,2,50,4,1,2,1,0,1,0,0,0,3.2160,0.60,1,15.00,2,'1',2,'1',2,'1','0',NULL,NULL,1,'2020-12-29 14:26:05','2022-02-24 08:30:06','2022-02-24 08:30:06'),(394,591,41104,0,8,'ESPINOZA JUAN ANTONIO',NULL,'1981-12-18',1,1,5,1,NULL,9,NULL,NULL,NULL,NULL,NULL,NULL,NULL,NULL,6,'29262506','20-29262506-6',2,NULL,227,NULL,1,NULL,NULL,NULL,14,14,1,0,0,0,1,NULL,NULL,6,207,1,38771.00,1,0.00,8.00,0.00,14,24,15,'2015-01-01','2015-01-01',NULL,NULL,0,2,2,2,2,50,4,1,2,1,0,1,0,0,0,3.2160,0.60,1,15.00,2,'1',2,'1',2,'1','0',NULL,NULL,1,'2020-12-29 14:26:05','2022-02-24 08:30:06','2022-02-24 08:30:06'),(395,591,41104,0,3,'PACHECO JUAN DIEGO ARMANDO',NULL,'1993-12-12',1,1,5,1,NULL,9,'Don Orione','3005',NULL,NULL,'1648',NULL,NULL,NULL,6,'36223420','20-36223420-5',2,NULL,227,NULL,1,NULL,NULL,NULL,14,14,1,0,0,0,1,NULL,NULL,6,207,1,38771.00,1,0.00,8.00,0.00,14,23,14,'2012-03-06','2012-03-06',NULL,NULL,0,2,2,2,2,50,4,1,2,1,0,1,0,0,0,3.2160,0.60,1,15.00,2,'1',2,'1',2,'1','0',NULL,NULL,1,'2020-12-29 14:26:05','2022-02-24 08:30:06','2022-02-24 08:30:06'),(396,591,41104,0,11,'ACOSTA BRAIAN NAHUEL',NULL,'1997-07-10',1,1,5,1,NULL,9,NULL,NULL,NULL,NULL,NULL,NULL,NULL,NULL,6,'40496353','20-40496353-9',2,NULL,143,NULL,1,NULL,NULL,NULL,14,14,1,0,0,0,1,NULL,NULL,5,32,1,38771.00,1,0.00,8.00,0.00,14,24,15,'2019-04-16','2019-04-16',NULL,NULL,0,2,2,2,2,50,4,1,2,1,0,1,0,0,0,3.2160,0.60,1,15.00,2,'1',2,'1',2,'1','0',NULL,NULL,1,'2020-12-29 14:26:05','2022-02-24 08:30:06','2022-02-24 08:30:06'),(397,591,41104,0,7,'OROÑIO LUCIANA VERONICA',NULL,'1981-06-12',2,2,5,1,NULL,9,NULL,NULL,NULL,NULL,NULL,NULL,NULL,NULL,6,'29171316','27-29171316-0',2,NULL,227,NULL,1,NULL,NULL,NULL,14,14,1,0,0,0,1,NULL,NULL,6,33,1,19385.20,1,0.00,8.00,0.00,14,23,15,'2013-06-01','2013-06-01',NULL,NULL,0,2,2,2,2,50,4,1,2,1,0,1,0,0,0,3.2160,0.60,1,15.00,2,'1',2,'1',2,'1','0',NULL,NULL,1,'2020-12-29 14:26:05','2022-02-24 08:30:06','2022-02-24 08:30:06'),(398,591,41105,0,1,'BARRERA GUSTAVO ADOLFO',NULL,NULL,NULL,NULL,NULL,NULL,NULL,NULL,NULL,NULL,NULL,NULL,NULL,NULL,NULL,NULL,6,'23005068','20-23005068-7',1,NULL,NULL,NULL,NULL,NULL,NULL,NULL,NULL,NULL,0,0,0,0,1,NULL,NULL,5,NULL,NULL,0.00,0,0.00,0.00,0.00,NULL,NULL,NULL,'2020-12-29','2020-12-29',NULL,NULL,0,NULL,NULL,NULL,NULL,NULL,NULL,NULL,NULL,NULL,0,0,0,0,0,3.5100,0.60,0,15.00,NULL,NULL,NULL,NULL,NULL,NULL,'0',NULL,NULL,1,'2020-12-29 15:15:11','2020-12-29 15:15:11',NULL),(399,591,41105,0,1,'CASTRO ALBERTO ADRIA N',NULL,'2020-12-29',1,1,5,1,NULL,9,NULL,NULL,NULL,NULL,NULL,NULL,NULL,NULL,6,'24535444','20-24535444-5',1,NULL,227,NULL,1,NULL,'01701711 - 40000032089659','01701711 - 40000032089659',15,15,1,0,0,0,1,NULL,NULL,6,207,1,43485.11,1,0.00,8.00,0.00,15,25,16,'2016-01-18','2016-01-18',NULL,NULL,0,2,2,2,2,50,4,1,2,1,0,1,0,0,0,3.5100,0.60,1,15.00,2,'1',2,NULL,2,NULL,'0',NULL,NULL,1,'2020-12-29 15:15:11','2020-12-29 15:19:44',NULL),(400,591,41106,0,1,'ROMERO VIRGILIO',NULL,'1965-08-13',1,2,5,178,NULL,9,NULL,NULL,NULL,NULL,NULL,NULL,NULL,NULL,6,'92381938','20-92381938-0',1,NULL,120,NULL,1,NULL,'01700138 - 40000006487528','01700138 - 40000006487528',16,16,1,0,0,0,1,NULL,NULL,5,27,1,18482.38,0,0.00,8.00,0.00,16,26,17,'2017-10-02','2017-10-02',NULL,NULL,0,2,2,2,2,50,1,1,2,1,0,1,0,0,0,5.4010,0.60,1,15.00,2,'1',2,NULL,2,NULL,'0',NULL,NULL,1,'2020-12-29 15:37:22','2022-02-24 08:34:59','2022-02-24 08:34:59');
INSERT INTO `syj_empleados` VALUES (401,591,41106,0,2,'BUASSO CARLOS ALBERTO',NULL,'1981-07-17',1,1,5,1,NULL,9,NULL,NULL,NULL,NULL,NULL,NULL,NULL,NULL,6,'28929573','23-28929573-9',1,NULL,120,NULL,1,NULL,'01703304 - 40000042600758','01703304 - 40000042600758',16,16,1,0,0,0,1,NULL,NULL,5,27,1,18482.38,0,0.00,8.00,0.00,16,26,17,'2017-10-02','2017-10-02',NULL,NULL,0,2,2,2,2,50,1,1,2,1,0,1,0,0,0,5.4010,0.60,1,15.00,2,'1',2,NULL,2,NULL,'0',NULL,NULL,1,'2020-12-29 15:37:22','2022-02-24 08:34:59','2022-02-24 08:34:59'),(402,591,40756,0,542,'BUOSI JORGE ORLANDO',NULL,'1950-01-14',1,1,5,1,NULL,11,NULL,NULL,NULL,NULL,NULL,NULL,NULL,NULL,6,'08236523','20-08236523-1',1,NULL,102,NULL,1,NULL,'01703687400 00000485443','0170368740000000485443',17,17,1,0,0,0,1,NULL,NULL,20,262,1,78390.00,0,0.00,8.00,0.00,19,31,22,'2011-06-01','2011-06-01',NULL,NULL,0,2,2,2,2,50,4,1,2,1,0,1,0,0,0,2.1520,0.60,1,15.00,2,'1',2,'0',2,'0','0',NULL,NULL,1,'2021-01-05 13:59:54','2022-08-02 10:40:43',NULL),(403,196,40756,0,608,'CALDERON OMAR NILO',NULL,'1964-07-07',1,1,5,1,NULL,11,NULL,NULL,NULL,NULL,NULL,NULL,NULL,NULL,6,'16880306','20-16880306-1',1,NULL,47,NULL,1,NULL,'01703687400 00000415743','0170368740000000415743',17,17,1,0,0,0,1,NULL,NULL,41,255,1,104892.69,0,0.00,8.00,0.00,17,31,23,'2015-02-21','2015-02-21',NULL,NULL,0,2,2,2,2,50,4,1,3,1,0,1,0,0,0,2.1520,0.60,1,15.00,2,'1',2,'0',2,'0','0',NULL,NULL,1,'2021-01-05 13:59:54','2022-07-05 12:06:10',NULL),(404,196,40756,0,483,'BEIRAS CARLOS ALBERTO',NULL,'1972-11-09',1,1,5,1,NULL,11,NULL,NULL,NULL,NULL,NULL,NULL,NULL,NULL,6,'22883514','20-22883514-6',1,NULL,102,NULL,1,NULL,'07203884880 00034548668','0720388488000034548668',17,17,1,0,0,0,1,NULL,NULL,41,247,1,100129.62,0,0.00,8.00,0.00,17,28,19,'2007-04-23','2007-04-23',NULL,NULL,0,2,2,2,2,50,4,1,3,1,0,1,0,0,0,2.1520,0.60,1,15.00,2,'1',2,'0',2,'0','0',NULL,NULL,1,'2021-01-05 13:59:54','2022-07-08 10:51:50',NULL),(405,591,40756,0,609,'DUARTE DIEGO FELIPE',NULL,'1980-02-04',1,1,5,1,NULL,11,NULL,NULL,NULL,NULL,NULL,NULL,NULL,NULL,6,'27743309','20-27743309-6',1,NULL,185,NULL,1,NULL,'01703687400 00000420275','0170368740000000420275',17,17,1,0,0,0,1,NULL,NULL,41,255,1,104892.69,0,0.00,8.00,0.00,17,31,23,'2015-04-07','2015-04-07',NULL,NULL,0,2,2,2,2,50,8,1,3,1,0,1,0,0,0,2.1520,0.60,1,15.00,2,'1',2,'0',2,'0','0',NULL,NULL,1,'2021-01-05 13:59:54','2022-07-05 12:06:10',NULL),(406,591,40756,0,5,'ESPINA PABLO GERMAN',NULL,'2021-07-06',1,1,5,1,NULL,9,NULL,NULL,NULL,NULL,NULL,NULL,NULL,NULL,6,'28655684','20-28655684-2',1,NULL,162,NULL,1,NULL,NULL,NULL,17,17,0,0,0,0,1,NULL,NULL,41,255,1,52446.34,1,0.00,8.00,0.00,17,31,23,'2017-12-07','2017-12-07',NULL,NULL,0,2,2,2,2,50,4,1,3,1,0,0,0,0,0,2.1520,0.60,0,15.00,2,'1',2,'0',2,'0','0',NULL,NULL,1,'2021-01-05 13:59:54','2022-08-02 11:25:25',NULL),(407,196,40756,0,625,'SIVIERO HECTOR JAVIER',NULL,'1972-11-09',1,1,5,1,NULL,11,NULL,NULL,NULL,NULL,NULL,NULL,NULL,NULL,6,'30931850','20-30931850-2',1,NULL,198,NULL,1,NULL,'07203884 - 88000034548668','0720388488000034548668',17,17,1,0,0,0,1,NULL,NULL,41,255,1,104892.69,0,0.00,8.00,0.00,17,31,23,'2017-07-22','2017-07-22',NULL,NULL,0,2,2,2,2,50,8,1,3,1,0,1,0,0,0,2.1520,0.60,1,15.00,2,'1',2,'0',2,'0','0',NULL,NULL,1,'2021-01-05 13:59:54','2022-07-05 12:06:10',NULL),(408,591,40756,0,571,'POZZI ATILIO MIGUEL',NULL,'1988-05-21',1,1,5,1,NULL,11,NULL,NULL,NULL,NULL,NULL,NULL,NULL,NULL,6,'33528073','20-33528073-4',1,NULL,91,NULL,3,NULL,'01703687 - 40000000374893','0170368740000000374893',17,17,1,0,0,0,1,NULL,NULL,41,256,1,102176.53,0,0.00,8.00,0.00,19,29,20,'2013-07-20','2013-07-20',NULL,NULL,0,2,2,2,2,50,8,1,2,1,0,1,0,0,0,2.1520,0.60,1,15.00,2,'1',2,'0',2,'0','0',NULL,NULL,1,'2021-01-05 13:59:54','2022-07-08 11:21:16',NULL);
INSERT INTO `syj_empleados` VALUES (409,591,40756,0,612,'OVANDO JOSE MARTIN',NULL,'1992-08-17',1,1,5,1,NULL,11,NULL,NULL,NULL,NULL,NULL,NULL,NULL,NULL,6,'36848787','20-36848787-3',1,NULL,91,NULL,1,NULL,'01703687 - 40000000450193','0170368740000000450193',17,17,1,0,0,0,1,NULL,NULL,41,247,1,100129.62,0,0.00,8.00,0.00,17,28,19,'2015-10-17','2015-10-17',NULL,NULL,0,2,2,2,2,50,8,1,2,1,0,1,0,0,0,2.1520,0.60,1,15.00,2,'1',2,'0',2,'0','0',NULL,NULL,1,'2021-01-05 13:59:54','2022-07-08 10:51:50',NULL),(410,591,40756,0,626,'NAVARRO ENZO GABRIEL',NULL,'1996-04-19',1,1,5,1,NULL,11,NULL,NULL,NULL,NULL,NULL,NULL,NULL,NULL,6,'38939088','20-38939088-8',1,NULL,229,NULL,1,NULL,'01703687 - 40000000562739','0170368740000000562739',17,17,1,0,0,0,1,NULL,NULL,41,247,1,100129.62,0,0.00,8.00,0.00,17,28,19,'2018-01-16','2018-01-16',NULL,NULL,0,2,2,2,2,50,8,1,3,1,0,1,0,0,0,2.1520,0.60,1,15.00,2,'1',2,'0',2,'0','0',NULL,NULL,1,'2021-01-05 13:59:54','2022-07-08 10:51:50',NULL),(411,591,40756,0,622,'ALMIRON ENZO HERNAN',NULL,'1988-05-21',1,1,5,1,NULL,11,NULL,NULL,NULL,NULL,NULL,NULL,NULL,NULL,6,'40057073','20-40057073-7',1,NULL,91,NULL,1,NULL,'01703687400 00000531825','0170368740000000531825',17,17,1,0,0,0,1,NULL,NULL,41,255,1,104892.69,0,0.00,8.00,0.00,17,31,23,'2017-05-09','2017-05-09',NULL,NULL,0,2,2,2,2,50,4,1,3,1,0,1,0,0,0,2.1520,0.60,1,15.00,2,'1',2,'0',2,'0','0',NULL,NULL,1,'2021-01-05 13:59:54','2022-07-05 12:06:10',NULL),(412,591,40756,0,11,'VIZCARRA IVAN NICOLAS',NULL,'2022-02-22',1,1,5,1,NULL,11,NULL,NULL,NULL,NULL,NULL,NULL,NULL,NULL,6,'40308705','20-40308705-0',1,NULL,91,91,1,NULL,NULL,NULL,17,17,0,0,0,0,1,NULL,NULL,41,247,1,100129.62,0,0.00,8.00,0.00,17,28,19,'2018-05-07','2018-05-07',NULL,NULL,0,2,2,2,2,50,8,1,3,1,0,0,0,0,0,2.1520,100.00,0,15.00,2,'1',2,'0',2,'0','0',NULL,NULL,1,'2021-01-05 13:59:54','2022-07-08 10:51:50',NULL),(413,196,40756,0,84,'LEGUIZAMON AMANCIO',NULL,'1957-06-07',1,2,5,178,NULL,11,NULL,NULL,NULL,NULL,NULL,NULL,NULL,NULL,6,'92908975','20-92908975-9',1,NULL,102,NULL,1,NULL,'01703687 - 40000000496539','0170368740000000496539',17,17,1,0,0,0,1,NULL,NULL,20,261,1,65023.00,0,0.00,8.00,0.00,18,27,20,'1996-08-23','1996-08-23',NULL,NULL,0,2,2,2,2,50,4,1,2,1,0,1,0,0,0,2.1520,0.60,1,15.00,2,'1',2,'0',2,'0','0',NULL,NULL,1,'2021-01-05 13:59:54','2022-08-02 09:55:33',NULL),(414,591,40756,0,548,'ZARATE SERGIO CEFERINO',NULL,'1973-02-12',1,1,5,1,NULL,11,NULL,NULL,NULL,NULL,NULL,NULL,NULL,NULL,6,'23023625','23-23023625-9',1,NULL,91,NULL,3,NULL,'01703687 - 40000000374411','0170368740000000374411',17,17,1,0,0,0,1,NULL,NULL,41,255,1,104892.69,0,0.00,8.00,0.00,17,31,23,'2011-11-21','2011-11-21',NULL,NULL,0,2,2,2,2,50,8,1,3,1,0,1,0,0,0,2.1520,0.60,1,24.35,2,'1',2,'0',2,'0','0',NULL,NULL,1,'2021-01-05 13:59:54','2022-07-05 12:06:10',NULL),(415,591,40756,0,504,'ESPINA JUAN GABRIEL',NULL,'1981-05-01',1,1,5,1,NULL,11,NULL,NULL,NULL,NULL,NULL,NULL,NULL,NULL,6,'28117092','23-28117092-9',1,NULL,85,NULL,3,NULL,'07203884880 00034548804','0720388488000034548804',17,17,1,0,0,0,1,NULL,NULL,41,256,1,102176.53,0,0.00,8.00,0.00,17,29,20,'2010-08-03','2010-08-03',NULL,NULL,0,2,2,2,2,50,4,1,2,1,0,1,0,0,0,2.1520,0.60,1,24.35,2,'1',2,'0',2,'0','0',NULL,NULL,1,'2021-01-05 13:59:54','2022-08-02 10:21:10',NULL),(416,591,40756,0,591,'BENITEZ SHEILA ALEJANDRA',NULL,'1995-11-01',2,1,5,1,NULL,11,NULL,NULL,NULL,NULL,NULL,NULL,NULL,NULL,6,'39330625','23-39330625-4',1,NULL,91,NULL,3,NULL,'01703687400 00000376011','0170368740000000376011',17,17,1,0,0,0,1,NULL,NULL,41,258,1,98782.45,0,0.00,8.00,0.00,17,30,21,'2014-04-06','2014-04-06',NULL,NULL,0,2,2,2,2,50,8,1,3,1,0,1,0,0,0,2.1520,0.60,1,24.35,2,'1',2,'0',2,'0','0',NULL,NULL,1,'2021-01-05 13:59:54','2022-07-08 11:30:16',NULL);
INSERT INTO `syj_empleados` VALUES (417,196,40756,0,16,'GUTIERREZ GISELA ANAHI',NULL,'2021-07-06',2,1,5,1,NULL,9,NULL,NULL,NULL,NULL,NULL,NULL,NULL,NULL,6,'44387761','23-44387761-4',1,NULL,227,NULL,1,NULL,NULL,NULL,17,17,0,0,0,0,1,NULL,NULL,6,260,1,43720.48,1,0.00,8.00,0.00,18,33,18,'2020-05-13','2020-05-13',NULL,NULL,0,2,2,2,2,50,8,1,3,1,0,1,0,0,0,2.1520,0.60,1,24.35,2,'1',2,'0',2,'0','0',NULL,NULL,1,'2021-01-05 13:59:54','2022-06-08 10:50:55',NULL),(418,591,40756,0,511,'MARFETAN MARIA DEL ROSARIO',NULL,'1989-08-17',2,1,5,1,NULL,11,NULL,NULL,NULL,NULL,NULL,NULL,NULL,NULL,6,'34835632','27-34835632-7',1,NULL,91,NULL,3,NULL,'07203884 - 88000034736818','0720388488000034736818',17,17,1,0,0,0,1,NULL,NULL,41,258,1,98782.45,0,0.00,8.00,0.00,17,30,21,'2010-08-03','2010-08-03',NULL,NULL,0,2,2,2,2,50,4,1,2,1,0,1,0,0,0,2.1520,0.60,1,24.35,2,'1',2,'0',2,'0','0',NULL,NULL,1,'2021-01-05 13:59:54','2022-08-02 10:31:43',NULL),(419,591,40756,0,593,'ELSENER ARIADNA YAEL',NULL,'1990-08-20',2,1,5,1,NULL,11,NULL,NULL,NULL,NULL,NULL,NULL,NULL,NULL,6,'35425424','27-35425424-2',1,NULL,91,NULL,3,NULL,'01703687400 00000378161','0170368740000000378161',17,17,1,0,0,0,1,NULL,NULL,41,247,1,100129.62,0,0.00,8.00,0.00,17,30,21,'2014-04-15','2014-04-15',NULL,NULL,0,2,2,2,2,50,8,1,3,1,0,1,0,0,0,2.1520,0.60,1,24.35,2,'1',2,'0',2,'0','0',NULL,NULL,1,'2021-01-05 13:59:54','2022-07-08 10:51:50',NULL),(420,196,40756,0,600,'GORDILLO FATIMA YAMILA',NULL,'1995-07-15',2,1,5,1,NULL,11,NULL,NULL,NULL,NULL,NULL,NULL,NULL,NULL,6,'39105130','27-39105130-0',3,NULL,35,NULL,1,NULL,'01703687 - 40000000395225','0170368740000000395225',17,17,1,0,0,0,1,NULL,NULL,41,258,1,98782.45,0,0.00,8.00,0.00,17,30,21,'2014-11-07','2014-11-07',NULL,NULL,0,2,2,2,2,50,8,1,3,1,0,1,0,0,0,2.1520,0.60,1,24.35,2,'1',2,'0',2,'0','0',NULL,NULL,1,'2021-01-05 13:59:54','2022-07-08 11:30:16',NULL),(421,591,40756,0,20,'HIPOLITO JONATHAN EZEQUIEL',NULL,NULL,NULL,NULL,NULL,NULL,NULL,NULL,NULL,NULL,NULL,NULL,NULL,NULL,NULL,NULL,6,'40382536','27-40382536-6',1,NULL,NULL,NULL,NULL,NULL,NULL,NULL,NULL,NULL,0,0,0,0,1,NULL,NULL,5,NULL,NULL,0.00,0,0.00,0.00,0.00,NULL,NULL,NULL,'2020-12-30','2020-12-30',NULL,NULL,0,NULL,NULL,NULL,NULL,NULL,NULL,NULL,NULL,NULL,0,0,0,0,0,2.1520,0.60,0,15.00,NULL,NULL,NULL,NULL,NULL,NULL,'0',NULL,NULL,1,'2021-01-05 13:59:54','2021-11-26 10:37:36','2021-11-26 10:37:36'),(422,591,40756,0,619,'LUCAS MARIA JAZMIN',NULL,'1997-11-08',1,1,5,1,NULL,11,NULL,NULL,NULL,NULL,NULL,NULL,NULL,NULL,6,'40846444','27-40846444-2',1,NULL,91,NULL,1,NULL,'01703687 - 40000000531825','01703687 - 40000000531825',17,17,1,0,0,0,1,NULL,NULL,6,207,1,50881.00,1,0.00,8.00,0.00,17,32,21,'2017-02-26','2017-02-26',NULL,NULL,0,2,2,2,2,50,4,1,2,1,0,1,0,0,0,2.1520,0.60,1,15.00,2,'1',2,NULL,2,NULL,'0',NULL,NULL,1,'2021-01-05 13:59:54','2021-11-26 10:39:03','2021-11-26 10:39:03'),(423,591,40756,0,22,'GINART LUANA MARIA',NULL,'2021-07-06',2,1,5,1,NULL,9,NULL,NULL,NULL,NULL,NULL,NULL,NULL,NULL,6,'42976602','27-42976602-3',2,NULL,227,NULL,1,16,'01702000856 10587031521','01702000856 10587031521',17,17,0,0,0,0,1,NULL,NULL,5,25,1,35395.20,0,0.00,8.00,0.00,17,29,18,'2020-12-30','2020-12-30',NULL,NULL,0,2,2,2,2,50,4,1,2,1,0,0,0,0,0,2.1520,0.60,0,15.00,2,'1',2,'0',2,'0','0',NULL,NULL,1,'2021-01-05 13:59:54','2021-11-26 10:37:17','2021-11-26 10:37:17'),(424,591,40756,0,627,'ZARATE ESTEBAN HERNAN',NULL,'2022-02-22',1,1,5,1,NULL,11,NULL,NULL,NULL,NULL,NULL,NULL,NULL,NULL,6,'36741485','20-36741485-6',1,NULL,91,NULL,1,NULL,NULL,NULL,17,17,0,0,0,0,1,NULL,NULL,41,247,1,100129.62,0,0.00,8.00,0.00,17,28,19,'2021-07-02','2021-07-02',NULL,NULL,0,2,2,2,2,50,8,1,3,1,0,0,0,0,0,2.1520,0.60,0,15.00,2,'1',2,'0',2,'0','0',NULL,NULL,1,'2021-11-26 10:31:32','2022-08-02 12:12:11',NULL);
INSERT INTO `syj_empleados` VALUES (425,196,40756,0,628,'PALAVECINO FACUNDO NICOLAS',NULL,'2022-02-22',1,1,5,1,NULL,11,NULL,NULL,NULL,NULL,NULL,NULL,NULL,NULL,6,'41543598','20-41543598-4',1,NULL,91,91,1,NULL,NULL,NULL,17,17,0,0,0,0,1,NULL,NULL,41,247,1,100129.62,0,0.00,8.00,0.00,17,28,19,'2021-06-12','2021-02-12',NULL,NULL,0,2,2,2,2,50,8,1,3,1,0,0,0,0,0,2.1520,0.60,0,15.00,2,'1',2,'0',2,'0','0',NULL,NULL,1,'2021-11-26 10:31:32','2022-07-08 10:51:50',NULL),(426,591,40756,0,629,'ELSENER AGUSTIN GASTON',NULL,'2022-02-22',1,1,5,1,NULL,11,NULL,NULL,NULL,NULL,NULL,NULL,NULL,NULL,6,'43401632','20-43401632-1',2,NULL,91,91,1,NULL,NULL,NULL,17,17,0,0,0,0,1,NULL,NULL,41,247,1,100129.62,0,0.00,8.00,0.00,17,28,19,'2021-08-08','2021-08-08',NULL,NULL,0,2,2,2,2,50,1,1,2,1,0,0,0,0,0,2.1520,0.60,0,15.00,2,'1',2,'1',2,'1','0',NULL,NULL,1,'2021-11-26 10:31:32','2022-07-08 10:51:50',NULL),(427,591,40756,0,630,'MORENO JEREMIAS MAURICIO',NULL,'2022-02-22',1,1,5,1,NULL,11,NULL,NULL,NULL,NULL,NULL,NULL,NULL,NULL,6,'44396422','20-44396422-4',1,NULL,91,91,1,NULL,NULL,NULL,17,17,0,0,0,0,1,NULL,NULL,41,247,1,100129.62,0,0.00,8.00,0.00,17,28,19,'2021-08-02','2021-08-02',NULL,NULL,0,2,2,2,2,50,8,1,3,1,0,0,0,0,0,2.1520,0.60,0,15.00,2,'1',2,'0',2,'0','0',NULL,NULL,1,'2021-11-26 10:31:32','2022-07-08 10:51:50',NULL),(428,196,40756,0,631,'BLANCO LEONARDO EZEQUIEL',NULL,'2022-02-22',1,1,5,1,NULL,11,NULL,NULL,NULL,NULL,NULL,NULL,NULL,NULL,6,'44506598','20-44506598-7',1,NULL,91,91,1,NULL,NULL,NULL,17,17,0,0,0,0,1,NULL,NULL,41,247,1,100129.62,0,0.00,8.00,0.00,17,28,19,'2021-08-02','2021-08-02',NULL,NULL,0,2,2,2,2,50,8,1,2,1,0,0,0,0,0,2.1520,0.60,0,15.00,2,'1',2,'0',2,'0','0',NULL,NULL,1,'2021-11-26 10:31:32','2022-07-08 10:51:50',NULL),(429,591,40756,0,632,'ANDRADE KUCHARUK SANTIAGO GABRIEL',NULL,'1990-01-01',1,1,5,1,NULL,9,NULL,NULL,NULL,NULL,NULL,NULL,NULL,NULL,6,'44561757','20-44561757-2',1,NULL,91,91,2,NULL,NULL,NULL,17,17,1,0,0,0,1,NULL,NULL,41,247,1,100129.62,0,0.00,8.00,0.00,17,28,19,'2021-08-20','2021-08-20',NULL,NULL,0,2,2,2,2,50,8,1,3,1,0,0,0,0,0,2.1520,0.60,0,15.00,2,'1',2,'0',2,'0','0',NULL,NULL,1,'2021-11-26 10:31:32','2022-07-08 10:51:50',NULL),(430,591,40756,0,633,'BENITEZ LUIS OCTAVIO',NULL,'2022-02-22',1,1,5,1,NULL,11,NULL,NULL,NULL,NULL,NULL,NULL,NULL,NULL,6,'45000041','20-45000041-9',1,NULL,91,91,1,NULL,NULL,NULL,17,17,0,0,0,0,1,NULL,NULL,41,247,1,100129.62,0,0.00,8.00,0.00,17,28,19,'2021-06-26','2021-06-26',NULL,NULL,0,2,2,2,2,50,8,1,3,1,0,0,0,0,0,2.1520,0.60,0,15.00,2,'1',2,'0',2,'0','0',NULL,NULL,1,'2021-11-26 10:31:32','2022-07-08 10:51:50',NULL),(431,591,40756,0,634,'FERNANDEZ JONATHAN ADOLFO',NULL,'2022-02-22',1,1,5,1,NULL,11,NULL,NULL,NULL,NULL,NULL,NULL,NULL,NULL,6,'45202903','20-45202903-1',1,NULL,91,91,1,NULL,NULL,NULL,17,17,0,0,0,0,1,NULL,NULL,41,247,1,100129.62,0,0.00,8.00,0.00,17,28,19,'2021-08-13','2021-08-13',NULL,NULL,0,2,2,2,2,50,8,1,3,1,0,1,0,0,0,2.1520,0.60,1,24.35,2,'1',2,'0',2,'0','0',NULL,NULL,1,'2021-11-26 10:31:32','2022-07-08 10:51:50',NULL),(432,591,40756,0,635,'MARTINEZ SERGIO DANIEL',NULL,'2022-02-22',1,1,5,1,NULL,11,NULL,NULL,NULL,NULL,NULL,NULL,NULL,NULL,6,'40353555','23-40353555-9',1,NULL,91,NULL,1,NULL,NULL,NULL,17,17,0,0,0,0,1,NULL,NULL,41,247,1,100129.62,0,0.00,8.00,0.00,17,28,19,'2021-07-24','2021-07-24',NULL,NULL,0,2,2,2,2,50,8,1,3,1,0,1,0,0,0,2.1520,0.60,1,24.35,2,'1',2,'0',2,'0','0',NULL,NULL,1,'2021-11-26 10:31:32','2022-07-08 10:51:50',NULL),(433,591,40756,0,636,'ROSALES MAYRA BELEN',NULL,'2022-02-22',2,1,5,1,NULL,11,NULL,NULL,NULL,NULL,NULL,NULL,NULL,NULL,6,'40767740','23-40767740-4',1,NULL,91,91,1,NULL,NULL,NULL,17,17,0,0,0,0,1,NULL,NULL,41,258,1,98782.45,0,0.00,8.00,0.00,19,29,20,'2021-08-18','2021-08-18',NULL,NULL,0,2,2,2,2,50,8,1,3,1,0,1,0,0,0,2.1520,0.60,1,24.35,2,'1',17,'0',2,'0','0',NULL,NULL,1,'2021-11-26 10:31:32','2022-07-08 11:30:16',NULL);
INSERT INTO `syj_empleados` VALUES (434,591,40756,0,637,'GAMBA GONZALO DANIEL',NULL,'2022-02-22',1,1,5,1,NULL,11,NULL,NULL,NULL,NULL,NULL,NULL,NULL,NULL,6,'47741410','23-47741410-9',1,NULL,91,91,1,NULL,NULL,NULL,17,17,0,0,0,0,1,NULL,NULL,41,247,1,100129.62,0,0.00,8.00,0.00,17,28,19,'2021-08-13','2021-08-13',NULL,NULL,0,2,2,2,2,50,8,1,3,1,0,1,0,0,0,2.1520,0.60,1,24.35,2,'1',2,'0',2,'0','0',NULL,NULL,1,'2021-11-26 10:31:32','2022-07-08 10:51:50',NULL),(435,196,40756,0,638,'DOMINGUEZ VALERIA JAQUELIN',NULL,'2022-02-25',2,1,5,1,NULL,11,NULL,NULL,NULL,NULL,NULL,NULL,NULL,NULL,6,'39903531','27-39903531-2',1,NULL,91,91,2,NULL,NULL,NULL,17,17,0,0,0,0,1,NULL,NULL,6,260,1,43720.48,1,0.00,8.00,0.00,18,33,24,'2021-02-05','2021-02-05',NULL,NULL,0,2,2,2,2,50,8,1,3,1,0,1,0,0,0,2.1520,0.60,1,24.35,2,'1',2,'0',2,'0','0',NULL,NULL,1,'2021-11-26 11:29:12','2022-05-06 09:21:15',NULL),(436,196,40756,0,639,'HIPOLITO JONATHAN EZEQUIEL',NULL,'2022-02-25',1,1,5,1,NULL,11,NULL,NULL,NULL,NULL,NULL,NULL,NULL,NULL,6,'40382536','27-40382536-6',1,NULL,125,91,1,NULL,NULL,NULL,17,17,0,0,0,0,1,NULL,NULL,41,247,1,100129.62,0,0.00,8.00,0.00,17,31,23,'2020-12-30','2020-12-30',NULL,NULL,0,2,2,2,2,50,8,1,3,1,0,1,0,0,0,2.1520,0.60,1,24.35,2,'1',2,'0',2,'0','0',NULL,NULL,1,'2021-11-26 11:29:12','2022-07-08 10:51:50',NULL),(437,591,40756,0,640,'LUCAS MARIA JAZMIN',NULL,'2022-02-25',2,1,5,1,NULL,11,NULL,NULL,NULL,NULL,NULL,NULL,NULL,NULL,6,'40846444','27-40846444-2',1,NULL,91,91,1,NULL,NULL,NULL,17,17,0,0,0,0,1,NULL,NULL,41,258,1,98782.45,0,0.00,8.00,0.00,17,30,21,'2017-02-26','2017-02-26',NULL,NULL,0,2,2,2,2,50,8,1,3,1,0,1,0,0,0,2.1520,0.60,1,24.35,2,'1',2,'0',2,'0','0',NULL,NULL,1,'2021-11-26 11:29:12','2022-07-08 11:30:16',NULL),(438,591,40756,0,641,'OSUNA EVELIN ROCIO',NULL,'2022-02-25',2,1,5,1,NULL,11,NULL,NULL,NULL,NULL,NULL,NULL,NULL,NULL,6,'41290908','27-41290908-4',2,NULL,91,91,1,NULL,NULL,NULL,17,17,0,0,0,0,1,NULL,NULL,41,247,1,100129.62,0,0.00,8.00,0.00,17,28,19,'2021-08-18','2021-08-18',NULL,NULL,0,2,2,2,2,50,8,1,2,1,0,1,0,0,0,2.1520,0.60,1,24.35,2,'1',2,'0',2,'0','0',NULL,NULL,1,'2021-11-26 11:29:12','2022-07-08 16:01:29',NULL),(439,591,40756,0,642,'PEREZ JACQUELINE ANABELA',NULL,'2022-02-25',2,1,5,1,NULL,11,NULL,NULL,NULL,NULL,NULL,NULL,NULL,NULL,6,'42906503','27-42906503-3',1,NULL,91,NULL,1,NULL,NULL,NULL,17,17,0,0,0,0,1,NULL,NULL,41,258,1,98782.45,0,0.00,8.00,0.00,17,30,21,'2021-08-28','2021-08-28',NULL,NULL,0,2,2,2,2,50,8,1,3,1,0,1,0,0,0,2.1520,0.60,1,24.35,2,'1',2,'0',2,'0','0',NULL,NULL,1,'2021-11-26 11:29:12','2022-07-08 11:30:16',NULL),(440,196,40756,0,643,'GINART LUANA MARIA',NULL,'2022-02-25',2,1,5,1,NULL,11,NULL,NULL,NULL,NULL,NULL,NULL,NULL,NULL,6,'42976602','27-42976602-3',1,NULL,91,NULL,1,NULL,NULL,NULL,17,17,0,0,0,0,1,NULL,NULL,6,260,1,43720.48,1,0.00,8.00,0.00,18,33,24,'2020-12-30','2020-12-30',NULL,NULL,0,2,2,2,2,50,8,1,3,1,0,1,0,0,0,2.1520,0.60,1,24.35,2,'1',2,'0',2,'0','0',NULL,NULL,1,'2021-11-26 11:29:12','2022-05-06 09:20:05',NULL),(441,196,40756,0,644,'BELLO AILEN ELIANA',NULL,'2022-02-25',2,1,5,1,NULL,11,NULL,NULL,NULL,NULL,NULL,NULL,NULL,NULL,6,'43173669','27-43173669-7',3,NULL,91,NULL,1,NULL,NULL,NULL,17,17,0,0,0,0,1,NULL,NULL,6,38,1,35487.41,1,0.00,4.00,0.00,18,33,24,'2021-11-03','2021-11-03',NULL,NULL,0,2,2,2,2,50,8,1,3,1,0,1,0,0,0,2.1520,0.60,1,24.35,2,'1',2,'1',2,'1','0',NULL,NULL,1,'2021-11-26 11:29:12','2022-05-06 09:17:15',NULL),(442,591,40756,0,645,'CRUZ GIULIANA CELESTE',NULL,'2022-02-25',2,1,5,1,NULL,11,NULL,NULL,NULL,NULL,NULL,NULL,NULL,NULL,6,'43244444','27-43244444-4',1,NULL,91,91,1,NULL,NULL,NULL,17,17,0,0,0,0,1,NULL,NULL,41,258,1,98782.45,0,0.00,8.00,0.00,17,30,21,'2021-08-18','2021-08-18',NULL,NULL,0,2,2,2,2,50,8,1,3,1,0,1,0,0,0,2.1520,0.60,1,24.35,2,'1',2,'0',2,'0','0',NULL,NULL,1,'2021-11-26 11:29:12','2022-07-08 11:30:16',NULL);
INSERT INTO `syj_empleados` VALUES (443,591,40756,0,646,'BRANDAN BRENDA MICAELA',NULL,'2022-02-25',2,1,5,1,NULL,11,NULL,NULL,NULL,NULL,NULL,NULL,NULL,NULL,6,'44411732','27-44411732-5',1,NULL,91,NULL,1,NULL,NULL,NULL,17,17,0,0,0,0,1,NULL,NULL,41,258,1,98782.45,0,0.00,8.00,0.00,17,30,21,'2021-08-28','2021-08-28',NULL,NULL,0,2,2,2,2,50,8,1,3,1,0,1,0,0,0,2.1520,0.60,1,24.35,2,'1',2,'0',2,'0','0',NULL,NULL,1,'2021-11-26 11:29:12','2022-07-08 11:30:16',NULL),(444,196,40756,0,658,'MELKOWICZ MILAGROS FLORENCIA',NULL,'2021-08-01',2,1,5,1,NULL,11,NULL,NULL,NULL,NULL,NULL,NULL,NULL,NULL,2,'41388456','27-41388456-5',3,NULL,91,NULL,1,NULL,NULL,NULL,17,17,0,0,0,0,1,NULL,NULL,6,260,1,87440.96,0,0.00,4.00,0.00,18,27,24,'2022-03-18','2022-03-18',NULL,NULL,0,2,2,2,2,50,8,1,2,1,0,0,0,0,NULL,2.1520,0.60,0,15.00,2,'1',2,'0',2,'0','0',NULL,NULL,1,'2022-03-31 09:51:10','2022-05-03 12:22:39',NULL),(445,196,40756,0,656,'MOLINA JOSE LUIS',NULL,'2021-12-01',1,1,5,1,NULL,9,NULL,NULL,NULL,NULL,NULL,NULL,NULL,NULL,2,'41171073','20-41171073-5',1,NULL,91,NULL,1,NULL,NULL,NULL,17,17,0,0,0,0,1,NULL,NULL,41,259,1,96664.82,0,0.00,8.00,0.00,17,27,24,'2022-02-05','2022-02-05',NULL,NULL,0,2,2,2,2,50,8,1,2,1,0,0,0,0,NULL,2.1520,0.60,0,15.00,2,'1',2,'0',2,'0','0',NULL,NULL,1,'2022-03-31 15:40:51','2022-07-08 15:11:12',NULL),(446,196,40749,0,17,'ALEGRE YESICA MARLENE',NULL,'2021-08-02',2,1,5,1,NULL,9,NULL,NULL,NULL,NULL,NULL,NULL,NULL,NULL,2,'36715952','27-36715952-4',1,NULL,102,NULL,1,NULL,NULL,NULL,3,3,1,0,0,0,1,NULL,NULL,39,244,1,54343.00,0,0.00,5.00,0.00,3,3,3,'2022-03-22','2022-03-22',NULL,NULL,0,1,1,2,2,50,1,1,2,1,0,0,0,0,NULL,0.0000,0.00,0,0.00,2,'1',2,'0',2,'0','0',NULL,NULL,1,'2022-04-05 15:35:11','2022-05-06 14:02:28',NULL),(447,196,40756,0,659,'NORMANDIN BRIAN ALEXIS',NULL,'2022-04-01',1,1,5,1,NULL,9,NULL,NULL,NULL,NULL,NULL,NULL,NULL,NULL,2,'44724757','20-44724757-8',1,NULL,91,91,1,NULL,NULL,NULL,17,17,0,0,0,0,1,NULL,NULL,6,260,1,43720.48,1,0.00,8.00,0.00,18,33,24,'2022-04-01','2022-04-01',NULL,NULL,0,2,2,2,2,50,8,1,2,1,0,0,0,0,NULL,2.1520,0.60,0,15.00,2,'1',2,'0',2,'0','0',NULL,NULL,1,'2022-04-29 14:03:54','2022-05-06 09:27:19',NULL),(448,591,40750,0,37,'DIAZ JORGE FABIAN',NULL,'1966-12-10',1,1,5,1,NULL,10,NULL,NULL,NULL,NULL,NULL,NULL,NULL,NULL,6,'17998087','20-17998087-9',1,NULL,239,NULL,1,NULL,NULL,NULL,5,5,0,0,0,0,1,NULL,NULL,35,212,1,124680.96,0,0.00,8.00,0.00,4,7,4,'2022-03-04','2022-03-04',NULL,NULL,0,2,2,2,2,50,4,1,2,1,0,0,0,0,0,0.0000,0.00,0,0.00,2,'1',2,'0',2,'0','0',NULL,NULL,1,'2022-05-06 14:58:15','2022-07-22 16:17:50',NULL),(449,196,40750,0,17,'DAVEREDES DIEGO HORACIO',NULL,'1977-05-11',1,1,5,1,NULL,10,NULL,NULL,NULL,NULL,NULL,NULL,NULL,NULL,6,'25913381','20-25913381-6',1,NULL,92,NULL,1,NULL,NULL,NULL,5,5,0,0,0,0,1,NULL,NULL,35,212,1,124680.96,0,0.00,8.00,0.00,4,6,4,'2011-01-11','2011-01-11',NULL,NULL,0,2,2,2,2,50,1,1,2,1,0,0,0,0,0,0.0000,0.00,0,0.00,2,'1',2,'0',2,'0','0',NULL,NULL,1,'2022-05-06 14:58:15','2022-07-28 13:09:04',NULL),(450,591,40750,0,36,'OSTE JAVIER ALEJANDRO',NULL,'1982-09-20',1,1,5,1,NULL,10,NULL,NULL,NULL,NULL,NULL,NULL,NULL,NULL,6,'29856164','20-29856164-7',1,NULL,239,NULL,1,NULL,NULL,NULL,5,5,0,0,0,0,1,NULL,NULL,35,212,1,124680.96,0,0.00,4.00,0.00,4,7,4,'2019-06-01','2019-06-01',NULL,NULL,0,2,2,2,2,50,4,1,2,1,0,0,0,0,0,0.0000,0.00,0,0.00,2,'1',2,'0',2,'0','0',NULL,NULL,1,'2022-05-06 14:58:15','2022-07-22 16:17:50',NULL),(451,591,40750,0,24,'SANCHEZ RAMIRO ANDRES',NULL,'1987-05-17',1,1,5,1,NULL,10,NULL,NULL,NULL,NULL,NULL,NULL,NULL,NULL,6,'33342895','20-33342895-5',1,NULL,239,NULL,1,NULL,NULL,NULL,5,5,0,0,0,0,1,NULL,NULL,35,212,1,124680.96,0,0.00,8.00,0.00,4,7,4,'2012-01-05','2012-01-05',NULL,NULL,0,2,2,2,2,50,1,1,2,1,0,0,0,0,0,0.0000,0.00,0,0.00,2,'1',2,'0',2,'0','0',NULL,NULL,1,'2022-05-06 14:58:15','2022-07-22 16:17:50',NULL);
INSERT INTO `syj_empleados` VALUES (452,591,40750,0,34,'LENI LUCAS AGUSTIN',NULL,'1993-06-22',1,1,5,1,NULL,10,NULL,NULL,NULL,NULL,NULL,NULL,NULL,NULL,6,'37818319','20-37818319-8',1,NULL,239,NULL,1,NULL,NULL,NULL,5,5,0,0,0,0,1,NULL,NULL,35,213,1,104867.16,0,0.00,8.00,0.00,4,7,4,'2017-11-06','2017-11-06',NULL,NULL,0,2,2,2,2,50,4,1,2,1,0,0,0,0,0,0.0000,0.00,0,0.00,2,'1',2,'0',2,'0','0',NULL,NULL,1,'2022-05-06 14:58:15','2022-07-22 16:17:20',NULL),(453,591,40750,0,35,'RUIZ DIAZ NORMA BEATRIZ',NULL,'1970-09-30',2,1,5,1,NULL,10,NULL,NULL,NULL,NULL,NULL,NULL,NULL,NULL,6,'21791341','27-21791341-7',1,NULL,239,NULL,1,NULL,NULL,NULL,5,5,0,0,0,0,1,NULL,NULL,35,212,1,124680.96,0,0.00,4.00,0.00,4,7,4,'2017-11-06','2017-11-06',NULL,NULL,0,2,2,2,2,50,4,1,2,1,0,0,0,0,0,0.0000,0.00,0,0.00,2,'1',2,'0',2,'0','0',NULL,NULL,1,'2022-05-06 14:58:15','2022-07-22 16:17:50',NULL),(454,591,40750,0,32,'ESCOTORIN LILIANA ELIZABETH',NULL,'1973-09-10',2,1,5,1,NULL,10,NULL,NULL,NULL,NULL,NULL,NULL,NULL,NULL,6,'23355266','27-23355266-1',1,NULL,239,NULL,1,NULL,NULL,NULL,5,5,0,0,0,0,1,NULL,NULL,35,212,1,124680.96,0,0.00,8.00,0.00,4,6,4,'2013-08-01','2013-08-01',NULL,NULL,0,2,2,2,2,50,4,1,2,1,0,0,0,0,0,0.0000,0.00,0,0.00,2,'1',2,'0',2,'0','0',NULL,NULL,1,'2022-05-06 14:58:15','2022-07-22 16:17:50',NULL),(455,591,40750,0,29,'PORCEL DE PERALTA VERONICA GILDA',NULL,'1975-01-15',2,1,5,1,NULL,10,NULL,NULL,NULL,NULL,NULL,NULL,NULL,NULL,6,'24315072','27-24315072-3',1,NULL,239,NULL,1,NULL,NULL,NULL,5,5,0,0,0,0,1,NULL,NULL,35,212,1,124680.96,0,0.00,8.00,0.00,4,6,4,'2012-12-17','2012-12-17',NULL,NULL,0,2,2,2,2,50,4,1,2,1,0,0,0,0,0,0.0000,0.00,0,0.00,2,'1',2,'0',2,'0','0',NULL,NULL,1,'2022-05-06 14:58:15','2022-07-22 16:17:50',NULL),(456,591,40750,0,2,'RODRIGUEZ VANESA ELIZABET',NULL,'1978-08-09',2,1,5,1,NULL,10,NULL,NULL,NULL,NULL,NULL,NULL,NULL,NULL,6,'26752449','27-26752449-7',1,NULL,239,NULL,1,NULL,NULL,NULL,5,5,0,0,0,0,1,NULL,NULL,35,212,1,124680.96,0,0.00,8.00,0.00,4,6,4,'2005-09-01','2005-09-01',NULL,NULL,0,2,2,2,2,50,1,1,2,1,0,0,0,0,0,0.0000,0.00,0,0.00,2,'1',2,'0',2,'0','0',NULL,NULL,1,'2022-05-06 14:58:15','2022-07-22 16:17:50',NULL),(457,196,40750,0,10,'BAEZ ANA ISABEL',NULL,'2021-08-01',2,1,5,1,NULL,10,NULL,NULL,NULL,NULL,NULL,NULL,NULL,NULL,6,'28254945','27-28254945-5',1,NULL,239,NULL,1,NULL,NULL,NULL,5,5,0,0,0,0,1,NULL,NULL,35,212,1,124680.96,0,0.00,8.00,0.00,4,6,4,'2011-04-12','2011-04-12',NULL,NULL,0,2,2,2,2,50,4,1,2,1,0,0,0,0,0,0.0004,0.00,0,0.00,2,'1',2,'0',2,'0','0',NULL,NULL,1,'2022-05-06 14:58:15','2022-07-22 16:17:50',NULL),(458,591,41400,0,127,'MOREIRA GUSTAVO JAVIER',NULL,'1972-11-22',1,1,5,1,NULL,1,NULL,NULL,NULL,NULL,NULL,NULL,NULL,NULL,6,'23211294','20-23211294-9',1,NULL,111,NULL,1,NULL,NULL,NULL,18,18,0,0,0,0,1,NULL,NULL,42,284,1,106590.63,0,0.00,8.00,0.00,21,37,27,'2009-06-27','2009-06-27',NULL,NULL,0,2,2,2,2,50,4,1,1,1,0,0,0,0,0,4.0000,111.15,1,0.00,2,'1',2,'0',2,'0','0',NULL,NULL,1,'2022-05-27 09:51:15','2022-07-22 08:54:45',NULL),(459,591,41400,0,7,'SERRANO FRANCISCO',NULL,'1978-02-04',1,1,5,1,NULL,1,NULL,NULL,NULL,NULL,NULL,NULL,NULL,NULL,6,'27218670','20-27218670-8',1,NULL,111,NULL,1,NULL,NULL,'0110613430061306669783',18,18,0,0,0,0,1,NULL,NULL,42,283,1,76540.85,0,0.00,8.00,0.00,21,34,25,'2014-10-06','2014-10-06',NULL,NULL,0,2,2,2,2,50,4,1,1,1,0,0,0,0,0,4.0000,111.15,1,0.00,2,'1',2,'0',2,'0','0',NULL,NULL,1,'2022-05-27 09:51:15','2022-07-22 08:52:58',NULL),(460,591,41400,0,114,'CARDOZO JAVIER DEL HUERTO',NULL,'1984-07-03',1,1,5,1,NULL,1,NULL,NULL,NULL,NULL,NULL,NULL,NULL,NULL,6,'31103008','20-31103008-7',1,NULL,198,NULL,1,NULL,NULL,'0170368740000000904225',18,18,0,0,0,0,1,NULL,NULL,42,282,1,70770.21,0,0.00,8.00,0.00,21,35,26,'2015-09-16','2015-09-16',NULL,NULL,0,2,2,2,2,50,8,1,1,1,0,0,0,0,0,4.0000,111.15,1,0.00,2,'1',2,'0',2,'0','0',NULL,NULL,1,'2022-05-27 09:51:15','2022-07-22 08:56:42',NULL);
INSERT INTO `syj_empleados` VALUES (461,591,41400,0,9,'SARZA WALTER RAMON',NULL,'1985-04-21',1,1,5,1,NULL,1,NULL,NULL,NULL,NULL,NULL,NULL,NULL,NULL,6,'31738581','20-31738581-2',1,NULL,111,NULL,1,NULL,NULL,'0110613430061305761251',18,18,0,0,0,0,1,NULL,NULL,42,284,1,106590.63,0,0.00,8.00,0.00,21,36,27,'2008-03-17','2008-03-17',NULL,NULL,0,2,2,2,2,50,4,1,1,1,0,0,0,0,0,4.0000,111.15,1,0.00,2,'1',2,'0',2,'0','0',NULL,NULL,1,'2022-05-27 09:51:15','2022-07-22 08:54:24',NULL),(462,591,41400,0,8,'TULA JULIO ANTONIO',NULL,'2009-04-16',1,1,5,1,NULL,1,NULL,NULL,NULL,NULL,NULL,NULL,NULL,NULL,6,'31775724','20-31775724-8',1,NULL,111,NULL,1,NULL,NULL,NULL,18,18,0,0,0,0,1,NULL,NULL,42,282,1,70770.21,0,0.00,8.00,0.00,21,35,26,'2009-04-16','2009-04-16',NULL,NULL,0,2,2,2,2,50,4,1,1,1,0,0,0,0,0,4.0000,111.15,1,0.00,2,'1',2,'0',2,'0','0',NULL,NULL,1,'2022-05-27 09:51:15','2022-07-22 08:53:49',NULL),(463,591,41400,0,122,'TORRES GREGORIO MARTIN',NULL,'1986-02-21',1,1,5,1,NULL,1,NULL,NULL,NULL,NULL,NULL,NULL,NULL,NULL,6,'32451009','20-32451009-6',1,NULL,111,NULL,1,NULL,NULL,NULL,18,18,0,0,0,0,1,NULL,NULL,42,282,1,70770.21,0,0.00,8.00,0.00,21,35,26,'2021-10-01','2021-10-01',NULL,NULL,0,2,2,2,2,50,8,1,2,1,0,0,0,0,0,4.0000,111.15,1,0.00,2,'1',2,'0',2,'0','0',NULL,NULL,1,'2022-05-27 09:51:15','2022-07-22 09:06:23',NULL),(464,591,41400,0,116,'CABALLERO MARCOS NORBERTO GASPAR',NULL,'1987-01-06',1,1,5,1,NULL,1,NULL,NULL,NULL,NULL,NULL,NULL,NULL,NULL,6,'32912692','20-32912692-8',1,NULL,111,NULL,1,NULL,NULL,'0110092130009214686997',18,18,0,0,0,0,1,NULL,NULL,42,282,1,70770.21,0,0.00,8.00,0.00,21,35,26,'2019-11-14','2019-11-04',NULL,NULL,0,2,2,2,2,50,8,1,1,1,0,0,0,0,0,4.0000,111.15,1,0.00,2,'1',2,'0',2,'0','0',NULL,NULL,1,'2022-05-27 09:51:15','2022-07-22 08:57:30',NULL),(465,591,41400,0,112,'AYALA JOAQUIN HERNAN',NULL,'1986-10-14',1,1,5,1,NULL,1,NULL,NULL,NULL,NULL,NULL,NULL,NULL,NULL,6,'33026982','20-33026982-1',1,NULL,111,NULL,1,NULL,NULL,'0170368740000000903925',18,18,0,0,0,0,1,NULL,NULL,42,284,1,106590.63,0,0.00,8.00,0.00,21,36,27,'2015-09-16','2015-09-16',NULL,NULL,0,2,2,2,2,50,8,1,1,1,0,0,0,0,0,4.0000,111.15,1,0.00,2,'1',2,'0',2,'0','0',NULL,NULL,1,'2022-05-27 09:51:15','2022-07-22 08:56:04',NULL),(466,591,41400,0,109,'AYALA JUAN IGNACIO',NULL,'1990-01-20',1,1,5,1,NULL,1,NULL,NULL,NULL,NULL,NULL,NULL,NULL,NULL,6,'35352806','20-35352806-9',1,NULL,111,NULL,1,NULL,NULL,'0170368740000000908111',18,18,0,0,0,0,1,NULL,NULL,42,284,1,106590.63,0,0.00,8.00,0.00,21,36,27,'2014-08-04','2014-08-04',NULL,NULL,0,2,2,2,2,50,8,1,1,1,0,0,0,0,0,4.0000,111.15,1,0.00,2,'1',2,'0',2,'0','0',NULL,NULL,1,'2022-05-27 09:51:15','2022-07-22 08:55:10',NULL),(467,591,41400,0,121,'GALLO FACUNDO AGUSTIN',NULL,'1991-03-10',1,1,5,1,NULL,1,NULL,NULL,NULL,NULL,NULL,NULL,NULL,NULL,6,'35427240','20-35427240-8',1,NULL,111,NULL,1,NULL,NULL,NULL,18,18,0,0,0,0,1,NULL,NULL,42,282,1,70770.21,0,0.00,8.00,0.00,21,35,26,'2021-05-26','2021-05-26',NULL,NULL,0,2,2,2,2,50,8,1,1,1,0,0,0,0,0,4.0000,111.15,1,0.00,2,'1',2,'0',2,'0','0',NULL,NULL,1,'2022-05-27 09:51:15','2022-07-22 09:06:01',NULL),(468,591,41400,0,115,'GODOY LUCAS MATIAS',NULL,'2022-05-27',1,1,5,1,NULL,1,NULL,NULL,NULL,NULL,NULL,NULL,NULL,NULL,6,'36830276','20-36830276-8',1,NULL,111,NULL,1,NULL,NULL,'0170368740000000904461',18,18,0,0,0,0,1,NULL,NULL,42,282,1,70770.21,0,0.00,8.00,0.00,21,35,26,'2016-11-04','2016-11-04',NULL,NULL,0,2,2,2,2,50,8,1,1,1,0,0,0,0,0,4.0000,111.15,1,0.00,2,'1',2,'0',2,'0','0',NULL,NULL,1,'2022-05-27 09:51:15','2022-07-22 08:57:06',NULL),(469,591,41400,0,130,'DELGADO FACUNDO EMANUEL',NULL,'1994-03-02',1,1,5,1,NULL,1,NULL,NULL,NULL,NULL,NULL,NULL,NULL,NULL,6,'38210828','20-38210828-1',1,NULL,111,NULL,1,NULL,NULL,NULL,18,18,0,0,0,0,1,NULL,NULL,42,281,1,63964.28,0,0.00,8.00,0.00,21,38,28,'2022-04-22','2022-04-22',NULL,NULL,0,2,2,2,2,50,8,1,1,1,0,0,0,0,0,4.0000,111.15,1,0.00,2,'1',2,'0',2,'0','0',NULL,NULL,1,'2022-05-27 09:51:15','2022-07-22 09:07:42',NULL);
INSERT INTO `syj_empleados` VALUES (470,591,41400,0,13,'TILCA BOOTH RODRIGO PASCUAL',NULL,'1996-03-22',1,1,5,1,NULL,1,NULL,NULL,NULL,NULL,NULL,NULL,NULL,NULL,6,'39401299','20-39401299-9',1,NULL,111,NULL,1,NULL,NULL,NULL,18,18,0,0,0,0,1,NULL,NULL,42,281,1,63964.28,0,0.00,8.00,0.00,21,38,28,'2022-05-24','2022-05-24',NULL,NULL,0,2,2,2,2,50,8,1,1,1,0,0,0,0,0,4.0000,111.15,1,0.00,2,'1',2,'0',2,'0','0',NULL,NULL,1,'2022-05-27 09:51:15','2022-07-22 09:09:14',NULL),(471,591,41400,0,110,'AYALA MIGUEL ABRAHAN RAMON',NULL,'1996-04-13',1,1,5,1,NULL,1,NULL,NULL,NULL,NULL,NULL,NULL,NULL,NULL,6,'39586830','20-39586830-7',1,NULL,111,NULL,1,NULL,NULL,NULL,18,18,0,0,0,0,1,NULL,NULL,42,281,1,63964.28,0,0.00,8.00,0.00,21,38,28,'2021-12-28','2021-12-28',NULL,NULL,0,2,2,2,2,50,8,1,1,1,0,0,0,0,0,4.0000,111.15,1,0.00,2,'1',2,'0',2,'0','0',NULL,NULL,1,'2022-05-27 09:51:15','2022-07-22 08:55:37',NULL),(472,591,41400,0,15,'YAPURA ROMANO LUCIANO LEONEL VENTURA',NULL,'1997-07-04',1,1,5,1,NULL,1,NULL,NULL,NULL,NULL,NULL,NULL,NULL,NULL,6,'40515452','20-40515452-9',1,NULL,111,NULL,1,NULL,NULL,NULL,18,18,0,0,0,0,1,NULL,NULL,42,281,1,63964.28,0,0.00,8.00,0.00,21,38,28,'2022-05-09','2022-05-09',NULL,NULL,0,2,2,2,2,50,8,1,1,1,0,0,0,0,0,4.0000,111.15,1,0.00,2,'1',2,'0',2,'0','0',NULL,NULL,1,'2022-05-27 09:51:15','2022-07-22 09:10:26',NULL),(473,591,41400,0,131,'CUELLAR WALTER ADRIAN',NULL,'1991-03-19',1,1,5,1,NULL,1,NULL,NULL,NULL,NULL,NULL,NULL,NULL,NULL,6,'40660495','20-40660495-1',1,NULL,111,NULL,1,NULL,NULL,NULL,18,18,0,0,0,0,1,NULL,NULL,42,281,1,63964.28,0,0.00,4.00,0.00,21,38,28,'2022-04-22','2022-04-22',NULL,NULL,0,2,2,2,2,50,8,1,1,1,0,0,0,0,0,4.0000,111.15,1,0.00,2,'1',2,'0',2,'0','0',NULL,NULL,1,'2022-05-27 09:51:15','2022-07-22 09:08:13',NULL),(474,591,41400,0,120,'DIAZ JUAN CARLOS',NULL,'1997-12-18',1,1,5,1,NULL,1,NULL,NULL,NULL,NULL,NULL,NULL,NULL,NULL,6,'40768389','20-40768389-8',1,NULL,111,NULL,1,NULL,NULL,'0170368740000000904393',18,18,0,0,0,0,1,NULL,NULL,42,282,1,70770.21,0,0.00,8.00,0.00,21,35,26,'2019-11-14','2019-11-14',NULL,NULL,0,2,2,2,2,50,8,1,2,1,0,0,0,0,0,4.0000,111.15,1,0.00,2,'1',2,'0',2,'0','0',NULL,NULL,1,'2022-05-27 09:51:15','2022-07-22 09:05:35',NULL),(475,591,41400,0,115,'BELIZAN WILLIAM EDGARDO',NULL,'1993-11-16',1,1,5,1,NULL,1,NULL,NULL,NULL,NULL,NULL,NULL,NULL,NULL,6,'41771321','20-41771321-3',1,NULL,111,NULL,1,NULL,NULL,NULL,18,18,0,0,0,0,1,NULL,NULL,42,281,1,63964.28,0,0.00,8.00,0.00,21,38,28,'2022-05-04','2022-05-04',NULL,NULL,0,2,2,2,2,50,8,1,1,1,0,0,0,0,0,4.0000,111.15,1,0.00,2,'1',2,'0',2,'0','0',NULL,NULL,1,'2022-05-27 09:51:15','2022-07-22 09:09:41',NULL),(476,591,41400,0,19,'SUAREZ CRISTIAN ALEJANDRO NICOLAS',NULL,'1999-10-14',1,1,5,1,NULL,1,NULL,NULL,NULL,NULL,NULL,NULL,NULL,NULL,6,'42080135','20-42080135-2',1,NULL,111,NULL,1,NULL,NULL,NULL,18,18,0,0,0,0,1,NULL,NULL,42,281,1,63964.28,0,0.00,8.00,0.00,21,38,28,'2022-05-10','2022-05-10',NULL,NULL,0,2,2,2,2,50,8,1,1,1,0,0,0,0,0,4.0000,111.15,1,0.00,2,'1',2,'0',2,'0','0',NULL,NULL,1,'2022-05-27 09:51:15','2022-07-22 09:10:01',NULL),(477,591,41400,0,130,'RAMOS ROMAN ALEJANDRO',NULL,'1999-02-25',1,1,5,1,NULL,1,NULL,NULL,NULL,NULL,NULL,NULL,NULL,NULL,6,'42503865','20-42503865-7',1,NULL,111,NULL,1,NULL,NULL,NULL,18,18,0,0,0,0,1,NULL,NULL,42,281,1,63964.28,1,0.00,8.00,0.00,21,38,28,'2022-05-20','2022-05-20',NULL,NULL,0,2,2,2,2,50,8,1,1,1,0,0,0,0,0,4.0000,111.15,1,0.00,2,'1',2,'0',2,'0','0',NULL,NULL,1,'2022-05-27 09:51:15','2022-07-22 09:08:35',NULL),(478,591,41400,0,21,'MADREGAL NICOLAS AGUSTIN',NULL,'2000-10-16',1,1,5,1,NULL,1,NULL,NULL,NULL,NULL,NULL,NULL,NULL,NULL,6,'42897627','20-42897627-5',1,NULL,2,NULL,1,NULL,NULL,NULL,18,18,0,0,0,0,1,NULL,NULL,42,281,1,63964.28,0,0.00,8.00,0.00,21,38,28,'2022-05-20','2022-05-20',NULL,NULL,0,2,2,2,2,50,8,1,1,1,0,0,0,0,0,4.0000,111.15,1,0.00,2,'1',2,'0',2,'0','0',NULL,NULL,1,'2022-05-27 09:51:15','2022-07-22 09:08:53',NULL);
INSERT INTO `syj_empleados` VALUES (479,591,41400,0,127,'MOREIRA JOAQUIN IGNACIO',NULL,'1972-11-22',1,1,5,1,NULL,1,NULL,NULL,NULL,NULL,NULL,NULL,NULL,NULL,6,'44560701','20-44560701-1',1,NULL,111,NULL,1,NULL,NULL,'0170353340000041926941',18,18,0,0,0,0,1,NULL,NULL,42,281,1,63964.28,0,0.00,8.00,0.00,21,38,28,'2022-03-04','2022-03-04',NULL,NULL,0,2,2,2,2,50,8,1,3,1,0,0,0,0,0,4.0000,111.15,1,0.00,2,'1',2,'0',2,'0','0',NULL,NULL,1,'2022-05-27 09:51:15','2022-07-22 09:06:42',NULL),(480,591,41400,0,132,'ROSALES ISAIAS BENJAMIN',NULL,'2003-04-08',1,1,5,1,NULL,1,NULL,NULL,NULL,NULL,NULL,NULL,NULL,NULL,6,'44567251','20-44567251-4',1,NULL,111,NULL,1,NULL,NULL,NULL,18,18,0,0,0,0,1,NULL,NULL,42,281,1,63964.28,0,0.00,8.00,0.00,21,38,28,'2022-05-02','2022-05-02',NULL,NULL,0,2,2,2,2,50,8,1,1,1,0,0,0,0,0,4.0000,111.15,1,0.00,2,'1',2,'0',2,'0','0',NULL,NULL,1,'2022-05-27 09:51:15','2022-07-22 09:15:01',NULL),(481,591,40877,0,25,'ALMEIRA MORO MAILEN',NULL,'2003-05-11',2,1,5,1,NULL,9,NULL,NULL,NULL,NULL,NULL,NULL,NULL,NULL,2,'44560791','27-44560791-1',1,NULL,227,NULL,1,NULL,NULL,NULL,8,8,0,0,0,0,1,NULL,NULL,5,26,1,35891.01,0,0.00,8.00,0.00,6,12,6,'2022-05-01','2022-05-01',NULL,NULL,0,2,2,2,2,50,21,1,1,1,0,0,0,0,NULL,2.5500,0.60,1,15.00,2,'1',2,'0',2,'0','0',NULL,NULL,1,'2022-05-31 09:25:37','2022-05-31 09:25:37',NULL),(482,591,40877,0,24,'LATRONICO ROMINA MERCEDES',NULL,'1983-05-08',2,1,5,1,NULL,9,NULL,NULL,NULL,NULL,NULL,NULL,NULL,NULL,2,'30076893','27-30076893-3',1,NULL,5,NULL,1,NULL,NULL,NULL,8,8,0,0,0,0,1,NULL,NULL,6,35,1,90346.95,1,0.00,8.00,0.00,7,13,6,'2022-01-03','2022-01-03',NULL,NULL,0,2,2,2,2,50,8,1,2,1,0,0,0,0,NULL,2.5500,0.60,1,15.00,2,'1',2,'0',2,'0','0',NULL,NULL,1,'2022-05-31 09:36:18','2022-05-31 11:57:19',NULL),(483,591,40877,0,25,'DAVILA GISELA',NULL,'1980-03-03',2,1,5,1,NULL,9,NULL,NULL,NULL,NULL,NULL,NULL,NULL,NULL,2,'27902704','27-27902704-9',1,NULL,227,NULL,1,NULL,NULL,NULL,8,8,0,0,0,0,1,NULL,NULL,6,33,1,88515.23,1,0.00,8.00,0.00,7,13,6,'2021-04-10','2021-04-10',NULL,NULL,0,2,2,2,2,50,8,1,2,1,0,0,0,0,NULL,2.5500,0.60,1,15.00,2,'1',2,'0',2,'0','0',NULL,NULL,1,'2022-05-31 09:43:34','2022-05-31 11:54:54',NULL),(484,591,40877,0,27,'ROJAS TAMARA DENISE',NULL,'2000-05-12',2,1,5,1,NULL,9,NULL,NULL,NULL,NULL,NULL,NULL,NULL,NULL,2,'42538925','23-42538925-4',1,NULL,227,NULL,1,NULL,NULL,NULL,8,8,0,0,0,0,1,NULL,NULL,5,26,1,35891.01,0,0.00,8.00,0.00,7,13,6,'2022-05-01','2022-05-01',NULL,NULL,0,2,2,2,2,50,21,1,2,1,0,0,0,0,NULL,2.5500,0.60,1,15.00,2,'1',2,'0',2,'0','0',NULL,NULL,1,'2022-05-31 09:57:08','2022-05-31 09:57:08',NULL),(485,591,40877,0,29,'LEZCANO NAHUEL MARTIN',NULL,'2003-02-26',1,1,5,1,NULL,9,NULL,NULL,NULL,NULL,NULL,NULL,NULL,NULL,2,'44560717','20-44560717-8',1,NULL,227,NULL,1,NULL,NULL,NULL,8,8,0,0,0,0,1,NULL,NULL,6,260,1,87440.96,0,0.00,8.00,0.00,7,13,6,'2022-05-01','2022-05-01',NULL,NULL,0,2,2,2,2,50,8,1,2,1,0,0,0,0,NULL,2.5500,0.60,1,15.00,2,'1',2,'0',2,'0','0',NULL,NULL,1,'2022-05-31 10:09:03','2022-05-31 10:09:03',NULL),(486,591,40877,0,29,'SESINI JUAN MANUEL',NULL,'1996-12-15',1,1,5,1,NULL,9,NULL,NULL,NULL,NULL,NULL,NULL,NULL,NULL,2,'39853881','20-39853881-2',1,NULL,227,NULL,1,NULL,NULL,NULL,8,8,0,0,0,0,1,NULL,NULL,6,260,1,87440.96,0,0.00,8.00,0.00,7,13,6,'2022-05-01','2022-05-01',NULL,NULL,0,2,2,2,2,50,8,1,2,1,0,0,0,0,NULL,2.5500,0.60,1,15.00,2,'1',2,'0',2,'0','0',NULL,NULL,1,'2022-05-31 10:16:54','2022-05-31 10:16:54',NULL),(487,591,40877,0,30,'PEDROZO JUAN GABRIEL',NULL,'1993-08-16',1,1,5,1,NULL,9,NULL,NULL,NULL,NULL,NULL,NULL,NULL,NULL,2,'37808371','20-37808371-1',1,NULL,143,NULL,1,NULL,NULL,NULL,8,8,0,0,0,0,1,NULL,NULL,6,260,1,87440.96,0,0.00,8.00,0.00,7,13,6,'2022-05-01','2022-05-01',NULL,NULL,0,2,2,2,2,50,8,1,2,1,0,0,0,0,NULL,2.5500,0.60,1,15.00,2,'1',2,'0',2,'0','0',NULL,NULL,1,'2022-05-31 10:26:19','2022-05-31 10:26:19',NULL);
INSERT INTO `syj_empleados` VALUES (488,591,40877,0,32,'DIAZ PABLO JAVIER',NULL,'1986-03-19',1,1,5,1,NULL,9,NULL,NULL,NULL,NULL,NULL,NULL,NULL,NULL,2,'32217086','20-32217086-7',1,NULL,51,NULL,1,NULL,NULL,NULL,8,8,0,0,0,0,1,NULL,NULL,6,260,1,90346.95,1,0.00,8.00,0.00,7,13,6,'2022-01-03','2022-01-03',NULL,NULL,0,2,2,2,2,50,8,1,2,1,0,0,0,0,NULL,2.5500,0.60,1,15.00,2,'1',2,'0',2,'0','0',NULL,NULL,1,'2022-05-31 10:39:18','2022-05-31 11:56:54',NULL),(489,196,40756,0,660,'RUIZ ALEXIS LAUTARO',NULL,'2021-11-07',1,1,5,1,NULL,9,NULL,NULL,NULL,NULL,NULL,NULL,NULL,NULL,2,'42903820','20-42903820-1',1,NULL,91,91,1,NULL,NULL,NULL,17,17,0,0,0,0,1,NULL,NULL,41,247,1,100129.62,0,0.00,8.00,0.00,17,28,19,'2022-05-04','2022-05-04',NULL,NULL,0,2,2,2,2,50,8,1,2,1,0,0,0,0,NULL,2.1520,0.60,0,15.00,2,'1',2,'1',2,'1','0',NULL,NULL,1,'2022-06-06 17:43:25','2022-07-08 10:51:50',NULL),(490,591,42615,0,1,'RODRIGUEZ ERNESTO ADAN',NULL,'1954-05-18',1,1,5,1,NULL,11,NULL,NULL,NULL,NULL,NULL,NULL,NULL,NULL,6,'12742948','20-12742948-1',1,NULL,79,NULL,1,NULL,NULL,NULL,20,20,0,0,0,0,1,NULL,NULL,43,274,1,105555.00,0,0.00,8.00,0.00,22,39,29,'1998-12-01','1998-12-01',NULL,NULL,0,2,2,2,2,50,4,1,2,1,0,0,0,0,0,2.5555,111.17,1,0.00,2,'1',2,'0',2,'0','0',NULL,NULL,1,'2022-06-10 11:54:26','2022-06-10 13:36:08',NULL),(491,591,42615,0,2,'PELOZO ANGEL ORLANDO',NULL,'1955-08-11',1,1,5,1,NULL,11,NULL,NULL,NULL,NULL,NULL,NULL,NULL,NULL,6,'18478990','20-18478990-7',1,NULL,227,NULL,1,NULL,NULL,NULL,20,20,0,0,0,0,1,NULL,NULL,43,279,1,186681.12,1,0.00,8.00,0.00,24,41,31,'2015-12-29','2015-12-29',NULL,NULL,0,2,2,2,2,50,4,1,2,1,0,0,0,0,0,2.5555,111.17,1,0.00,2,'1',2,'0',2,'0','0',NULL,NULL,1,'2022-06-10 11:54:26','2022-06-28 11:19:36',NULL),(492,591,42615,0,3,'RAMOS HECTOR PABLO',NULL,'1970-01-08',1,1,5,1,NULL,11,NULL,NULL,NULL,NULL,NULL,NULL,NULL,NULL,6,'21571728','20-21571728-4',1,NULL,79,NULL,1,NULL,NULL,NULL,20,20,0,0,0,0,1,NULL,NULL,43,279,1,100000.00,0,0.00,8.00,0.00,24,41,31,'2011-06-08','2011-06-08',NULL,NULL,0,2,2,2,2,50,4,1,2,1,0,0,0,0,0,2.5555,111.17,1,0.00,2,'1',2,'0',2,'0','0',NULL,NULL,1,'2022-06-10 11:54:26','2022-06-10 13:31:36',NULL),(493,591,42615,0,4,'SABETTA EDGARDO DAMIAN',NULL,'1976-04-13',1,1,5,1,NULL,11,NULL,NULL,NULL,NULL,NULL,NULL,NULL,NULL,6,'25788108','20-25788108-4',1,NULL,79,NULL,1,NULL,NULL,NULL,20,20,0,0,0,0,1,NULL,NULL,43,276,1,837.00,0,0.00,8.00,0.00,23,40,30,'2018-05-23','2018-05-23',NULL,NULL,0,2,2,2,2,50,4,1,2,1,0,0,0,0,0,2.5555,111.17,1,0.00,2,'1',2,'0',2,'0','0',NULL,NULL,1,'2022-06-10 11:54:26','2022-06-10 13:40:26',NULL),(494,591,42615,0,5,'AVILA ALEJANDRO ANTONIO',NULL,'1975-07-09',1,1,5,1,NULL,11,NULL,NULL,NULL,NULL,NULL,NULL,NULL,NULL,6,'25897766','20-25897766-2',1,NULL,79,NULL,1,NULL,NULL,NULL,20,20,0,0,0,0,1,NULL,NULL,43,273,1,113064.00,0,0.00,8.00,0.00,22,39,29,'1999-06-01','1999-06-01',NULL,NULL,0,2,2,2,2,50,4,1,2,1,0,0,0,0,0,2.5555,111.17,1,0.00,2,'1',2,'0',2,'0','0',NULL,NULL,1,'2022-06-10 11:54:26','2022-06-10 12:42:07',NULL),(495,591,42615,0,6,'CORONEL LUIS ALBERTO',NULL,'1978-11-08',1,1,5,1,NULL,11,NULL,NULL,NULL,NULL,NULL,NULL,NULL,NULL,6,'27243689','20-27243689-5',1,NULL,79,NULL,1,NULL,NULL,NULL,20,20,0,0,0,0,1,NULL,NULL,43,274,1,105555.00,0,0.00,8.00,0.00,22,39,29,'2008-09-22','2008-09-22',NULL,NULL,0,2,2,2,2,50,4,1,2,1,0,0,0,0,0,2.5555,111.17,1,0.00,2,'1',2,'0',2,'0','0',NULL,NULL,1,'2022-06-10 11:54:26','2022-06-10 12:53:56',NULL),(496,591,42615,0,7,'LEDESMA MATIAS NICOLAS',NULL,'1980-05-09',1,1,5,1,NULL,11,NULL,NULL,NULL,NULL,NULL,NULL,NULL,NULL,6,'30749529','20-30749529-6',1,NULL,79,NULL,1,NULL,NULL,NULL,20,20,0,0,0,0,1,NULL,NULL,43,275,1,98544.00,0,0.00,8.00,0.00,22,39,29,'2018-10-03','2018-10-03',NULL,NULL,0,2,2,2,2,50,4,1,2,1,0,0,0,0,0,2.5555,111.17,1,0.00,2,'1',2,'0',2,'0','0',NULL,NULL,1,'2022-06-10 11:54:26','2022-06-10 13:10:15',NULL);
INSERT INTO `syj_empleados` VALUES (497,591,42615,0,8,'LEDESMA ARIEL MAURICIO',NULL,'1981-06-05',1,1,5,1,NULL,11,NULL,NULL,NULL,NULL,NULL,NULL,NULL,NULL,6,'31698575','20-31698575-1',1,NULL,79,NULL,1,NULL,NULL,NULL,20,20,0,0,0,0,1,NULL,NULL,43,274,1,105555.00,0,0.00,8.00,0.00,22,39,29,'2015-04-13','2015-04-13',NULL,NULL,0,2,2,2,2,50,4,1,2,1,0,0,0,0,0,2.5555,111.17,1,0.00,2,'1',2,'0',2,'0','0',NULL,NULL,1,'2022-06-10 11:54:26','2022-06-10 13:07:22',NULL),(498,591,42615,0,9,'PAIVA HECTOR DANIEL',NULL,'1984-05-10',1,1,5,1,NULL,11,NULL,NULL,NULL,NULL,NULL,NULL,NULL,NULL,6,'32826231','20-32826231-3',1,NULL,79,NULL,1,NULL,NULL,NULL,20,20,0,0,0,0,1,NULL,NULL,43,274,1,105555.00,0,0.00,8.00,0.00,22,39,29,'2007-10-02','2007-10-02',NULL,NULL,0,2,2,2,2,50,4,1,2,1,0,0,0,0,0,2.5555,111.17,1,0.00,2,'1',2,'0',2,'0','0',NULL,NULL,1,'2022-06-10 11:54:26','2022-06-10 13:19:26',NULL),(499,591,42615,0,10,'GUTIERREZ FEDERICO JULIAN',NULL,'1997-07-07',1,1,5,1,NULL,11,NULL,NULL,NULL,NULL,NULL,NULL,NULL,NULL,6,'37346761','20-37346761-9',1,NULL,36,NULL,1,NULL,NULL,NULL,20,20,0,0,0,0,1,NULL,NULL,43,280,1,145000.00,1,0.00,8.00,0.00,24,41,31,'2022-05-23','2022-05-23',NULL,NULL,0,2,2,2,2,50,4,1,2,1,0,0,0,0,0,2.5555,111.17,1,0.00,2,'1',2,'0',2,'0','0',NULL,NULL,1,'2022-06-10 11:54:26','2022-06-28 13:05:30',NULL),(500,196,42615,0,11,'AGUIRRE GUSTAVO JAVIER',NULL,'2021-04-01',1,1,5,1,NULL,11,NULL,NULL,NULL,NULL,NULL,NULL,NULL,NULL,6,'37696227','20-37696227-0',1,NULL,79,NULL,1,NULL,NULL,NULL,20,20,1,0,0,0,1,NULL,NULL,43,274,1,105555.00,0,0.00,8.00,0.00,22,39,29,'2011-05-20','2011-05-20',NULL,NULL,0,2,2,2,2,50,4,1,2,1,0,1,0,0,0,2.5555,111.17,1,37.21,2,'1',2,'0',2,'0','0',NULL,NULL,1,'2022-06-10 11:54:26','2022-06-10 12:26:48',NULL),(501,591,42615,0,12,'UZZO JAVIER EDUARDO',NULL,'1995-07-07',1,1,5,1,NULL,11,NULL,NULL,NULL,NULL,NULL,NULL,NULL,NULL,6,'38008785','20-38008785-6',1,NULL,79,NULL,1,NULL,NULL,NULL,20,20,0,0,0,0,1,NULL,NULL,43,276,1,837.00,0,0.00,8.00,0.00,23,40,30,'2020-03-03','2020-03-03',NULL,NULL,0,2,2,2,2,50,4,1,2,1,0,0,0,0,0,2.5555,111.17,1,0.00,2,'1',2,'0',2,'0','0',NULL,NULL,1,'2022-06-10 11:54:26','2022-06-10 13:42:11',NULL),(502,591,42615,0,13,'PAYER ALAN JAVIER',NULL,'1995-08-10',1,1,5,1,NULL,11,NULL,NULL,NULL,NULL,NULL,NULL,NULL,NULL,6,'38165582','20-38165582-3',1,NULL,79,NULL,1,NULL,NULL,NULL,20,20,0,0,0,0,1,NULL,NULL,43,276,1,837.00,0,0.00,8.00,0.00,23,40,30,'2018-04-05','2018-04-05',NULL,NULL,0,2,2,2,2,50,4,1,2,1,0,0,0,0,0,2.5555,111.17,1,0.00,2,'1',2,'0',2,'0','0',NULL,NULL,1,'2022-06-10 11:54:26','2022-06-10 13:21:13',NULL),(503,591,42615,0,14,'QUIROGA CRISTIAN DAVID',NULL,'1981-04-28',1,1,5,1,NULL,11,NULL,NULL,NULL,NULL,NULL,NULL,NULL,NULL,6,'38942556','20-38942556-8',1,NULL,79,NULL,1,NULL,NULL,NULL,20,20,0,0,0,0,1,NULL,NULL,43,275,1,98544.00,0,0.00,8.00,0.00,22,39,29,'2014-04-16','2014-04-16',NULL,NULL,0,2,2,2,2,50,4,1,2,1,0,0,0,0,0,2.5555,111.17,1,0.00,2,'1',2,'0',2,'0','0',NULL,NULL,1,'2022-06-10 11:54:26','2022-06-10 13:26:13',NULL),(504,591,42615,0,15,'FRANCO ESCOBAR BUENAVENTURA',NULL,'1962-05-03',1,1,5,1,NULL,11,NULL,NULL,NULL,NULL,NULL,NULL,NULL,NULL,6,'92854136','20-92854136-4',1,NULL,79,NULL,1,NULL,NULL,NULL,20,20,0,0,0,0,1,NULL,NULL,43,274,1,105555.00,0,0.00,8.00,0.00,22,39,29,'2000-02-01','2000-02-01',NULL,NULL,0,2,2,2,2,50,4,1,2,1,0,0,0,0,0,2.5555,111.17,1,0.00,2,'1',2,'0',2,'0','0',NULL,NULL,1,'2022-06-10 11:54:26','2022-06-10 12:56:32',NULL),(505,591,42615,0,16,'CONTE GONZALO LUIS',NULL,'2022-06-10',1,1,5,1,NULL,11,NULL,NULL,NULL,NULL,NULL,NULL,NULL,NULL,6,'23093030','23-23093030-9',1,NULL,321,NULL,1,NULL,NULL,NULL,20,20,0,0,0,0,1,NULL,NULL,43,279,1,100000.00,0,0.00,8.00,0.00,24,41,31,'2022-04-18','2022-04-18',NULL,NULL,0,2,2,2,2,50,4,1,2,1,0,0,0,0,0,2.5555,111.17,1,0.00,2,'1',2,'0',2,'0','0',NULL,NULL,1,'2022-06-10 11:54:26','2022-06-10 12:51:38',NULL);
INSERT INTO `syj_empleados` VALUES (506,591,42615,0,17,'GONZALEZ DARIO IVAN',NULL,'1997-05-08',1,1,5,1,NULL,11,NULL,NULL,NULL,NULL,NULL,NULL,NULL,NULL,6,'39290101','23-39290101-9',1,NULL,79,NULL,1,NULL,NULL,NULL,20,20,0,0,0,0,1,NULL,NULL,43,274,1,105555.00,0,0.00,8.00,0.00,22,39,29,'2015-01-19','2015-01-19',NULL,NULL,0,2,2,2,2,50,4,1,2,1,0,0,0,0,0,2.5555,111.17,1,0.00,2,'1',2,'0',2,'1','0',NULL,NULL,1,'2022-06-10 11:54:26','2022-06-10 12:58:53',NULL),(507,591,42615,0,18,'HORN SIGRID KAREN',NULL,'1970-06-11',2,1,5,1,NULL,11,NULL,NULL,NULL,NULL,NULL,NULL,NULL,NULL,6,'22753689','27-22753689-1',1,NULL,79,NULL,1,NULL,NULL,NULL,20,20,0,0,0,0,1,NULL,NULL,43,279,1,100000.00,0,0.00,8.00,0.00,24,41,31,'2021-07-23','2021-07-23',NULL,NULL,0,2,2,2,2,50,4,1,2,1,0,0,0,0,0,2.5555,111.17,1,0.00,2,'1',2,'0',2,'0','0',NULL,NULL,1,'2022-06-10 11:54:26','2022-06-10 13:04:56',NULL),(508,591,42615,0,19,'NUÑEZ DANIELA ADRIANA',NULL,'1975-07-04',2,1,5,1,NULL,11,NULL,NULL,NULL,NULL,NULL,NULL,NULL,NULL,6,'25635494','27-25635494-8',1,NULL,143,NULL,1,NULL,NULL,NULL,20,20,0,0,0,0,1,NULL,NULL,43,279,1,186681.12,1,0.00,8.00,0.00,24,41,31,'2015-12-29','2015-12-29',NULL,NULL,0,2,2,2,2,50,4,1,2,1,0,0,0,0,0,2.5555,111.17,1,0.00,2,'1',2,'0',2,'0','0',NULL,NULL,1,'2022-06-10 11:54:26','2022-06-28 11:34:53',NULL),(509,591,42615,0,20,'LEIVA LUCIA ISIDORA',NULL,'1977-02-02',2,1,5,1,NULL,11,NULL,NULL,NULL,NULL,NULL,NULL,NULL,NULL,6,'26601945','27-26601945-4',1,NULL,79,NULL,1,NULL,NULL,NULL,20,20,0,0,0,0,1,NULL,NULL,43,275,1,98544.00,0,0.00,8.00,0.00,22,39,29,'2001-03-01','2001-03-01',NULL,NULL,0,2,2,2,2,50,4,1,2,1,0,0,0,0,0,2.5555,111.17,1,0.00,2,'1',2,'0',2,'0','0',NULL,NULL,1,'2022-06-10 11:54:26','2022-06-10 13:12:59',NULL),(510,591,42615,0,21,'BOLLINI CAMILA',NULL,'2022-06-10',2,1,5,1,NULL,11,NULL,NULL,NULL,NULL,NULL,NULL,NULL,NULL,6,'34612976','27-34612976-5',1,NULL,123,NULL,1,NULL,NULL,NULL,20,20,0,0,0,0,1,NULL,NULL,43,276,1,837.00,0,0.00,8.00,0.00,23,40,30,'2018-03-16','2018-03-16',NULL,NULL,0,2,2,2,2,50,4,1,2,1,0,0,0,0,0,2.5555,111.17,1,0.00,2,'1',2,'0',2,'0','0',NULL,NULL,1,'2022-06-10 11:54:26','2022-06-28 12:43:06',NULL),(511,591,42615,0,22,'AGUIRRE SONIA GISELA',NULL,'1991-05-02',2,1,5,1,NULL,11,NULL,NULL,NULL,NULL,NULL,NULL,NULL,NULL,6,'35831107','27-35831107-0',1,NULL,128,NULL,1,NULL,NULL,NULL,20,20,1,0,0,0,1,NULL,NULL,43,279,1,175000.00,1,0.00,8.00,0.00,24,41,31,'2022-05-19','2022-05-19',NULL,NULL,0,2,2,2,2,50,4,1,2,1,0,0,0,0,0,2.5555,111.17,1,39.71,2,'1',2,'0',2,'0','0',NULL,NULL,1,'2022-06-10 11:54:26','2022-06-28 11:55:53',NULL),(512,591,42615,0,23,'RODRIGUEZ KATIA ANABEL',NULL,'2001-06-04',2,1,5,1,NULL,11,NULL,NULL,NULL,NULL,NULL,NULL,NULL,NULL,6,'43106806','27-43106806-6',1,NULL,79,NULL,1,NULL,NULL,NULL,20,20,0,0,0,0,1,NULL,NULL,43,276,1,837.00,0,0.00,8.00,0.00,23,40,30,'2021-12-27','2021-12-27',NULL,NULL,0,2,2,2,2,50,4,1,2,1,0,0,0,0,0,2.5555,111.17,1,0.00,2,'1',2,'0',2,'0','0',NULL,NULL,1,'2022-06-10 11:54:26','2022-06-10 13:38:31',NULL),(513,591,42615,0,24,'BUSTOS ABRIL',NULL,'2001-10-04',2,1,5,1,NULL,11,NULL,NULL,NULL,NULL,NULL,NULL,NULL,NULL,6,'43908550','27-43908550-4',1,NULL,79,NULL,1,NULL,NULL,NULL,20,20,0,0,0,0,1,NULL,NULL,43,276,1,837.00,0,0.00,8.00,0.00,23,40,30,'2021-12-27','2021-12-27',NULL,NULL,0,2,2,2,2,50,4,1,2,1,0,0,0,0,0,2.5555,111.17,1,0.00,2,'1',2,'0',2,'0','0',NULL,NULL,1,'2022-06-10 11:54:26','2022-06-10 12:49:03',NULL);

--
