-- Dumping data for table `ml_orders_facturadas`
--


--
-- Table structure for table `ml_set_facturacion`
--

CREATE TABLE `ml_set_facturacion` (
  `id` bigint(20) unsigned NOT NULL AUTO_INCREMENT,
  `user_id` int(10) unsigned DEFAULT NULL,
  `person_id` int(10) unsigned NOT NULL,
  `cliente_id` int(10) unsigned DEFAULT NULL,
  `taxable_iibb` int(11) NOT NULL DEFAULT '2',
  `type_receipt_id` int(10) unsigned DEFAULT NULL,
  `cond_frente_iva` int(10) unsigned DEFAULT NULL,
  `cond_venta` int(10) unsigned DEFAULT NULL,
  `zone_id` int(10) unsigned DEFAULT NULL,
  `activity_id` int(10) unsigned DEFAULT NULL,
  `punto_venta_id` int(10) unsigned DEFAULT NULL,
  `concepto_id` int(10) unsigned DEFAULT NULL,
  `system_tax_id` int(10) unsigned DEFAULT NULL,
  `habilitado` tinyint(1) NOT NULL DEFAULT '1',
  `created_at` timestamp NULL DEFAULT NULL,
  `updated_at` timestamp NULL DEFAULT NULL,
  `deleted_at` timestamp NULL DEFAULT NULL,
  PRIMARY KEY (`id`),
  KEY `ml_set_facturacion_person_id_foreign` (`person_id`),
  KEY `ml_set_facturacion_cliente_id_foreign` (`cliente_id`),
  KEY `ml_set_facturacion_type_receipt_id_foreign` (`type_receipt_id`),
  KEY `ml_set_facturacion_cond_frente_iva_foreign` (`cond_frente_iva`),
  KEY `ml_set_facturacion_cond_venta_foreign` (`cond_venta`),
  KEY `ml_set_facturacion_zone_id_foreign` (`zone_id`),
  KEY `ml_set_facturacion_activity_id_foreign` (`activity_id`),
  KEY `ml_set_facturacion_punto_venta_id_foreign` (`punto_venta_id`),
  KEY `ml_set_facturacion_concepto_id_foreign` (`concepto_id`),
  KEY `ml_set_facturacion_system_tax_id_foreign` (`system_tax_id`),
  CONSTRAINT `ml_set_facturacion_activity_id_foreign` FOREIGN KEY (`activity_id`) REFERENCES `activities` (`id`),
  CONSTRAINT `ml_set_facturacion_cliente_id_foreign` FOREIGN KEY (`cliente_id`) REFERENCES `persons` (`id`),
  CONSTRAINT `ml_set_facturacion_concepto_id_foreign` FOREIGN KEY (`concepto_id`) REFERENCES `fact_elec_conceptos_afip` (`id`),
  CONSTRAINT `ml_set_facturacion_cond_frente_iva_foreign` FOREIGN KEY (`cond_frente_iva`) REFERENCES `condicion_frente_al_iva` (`id`),
  CONSTRAINT `ml_set_facturacion_cond_venta_foreign` FOREIGN KEY (`cond_venta`) REFERENCES `condiciones_venta` (`id`),
  CONSTRAINT `ml_set_facturacion_person_id_foreign` FOREIGN KEY (`person_id`) REFERENCES `persons` (`id`),
  CONSTRAINT `ml_set_facturacion_punto_venta_id_foreign` FOREIGN KEY (`punto_venta_id`) REFERENCES `fact_elec_puntos_venta` (`id`),
  CONSTRAINT `ml_set_facturacion_system_tax_id_foreign` FOREIGN KEY (`system_tax_id`) REFERENCES `system_taxes` (`id`),
  CONSTRAINT `ml_set_facturacion_type_receipt_id_foreign` FOREIGN KEY (`type_receipt_id`) REFERENCES `receipt_types` (`id`),
  CONSTRAINT `ml_set_facturacion_zone_id_foreign` FOREIGN KEY (`zone_id`) REFERENCES `zones` (`id`)
) ENGINE=InnoDB DEFAULT CHARSET=utf8mb4 COLLATE=utf8mb4_unicode_ci;

--
-- Dumping data for table `ml_set_facturacion`
--


--
-- Table structure for table `monedas`
--

CREATE TABLE `monedas` (
  `id` int(10) unsigned NOT NULL AUTO_INCREMENT,
  `user_id` int(10) unsigned DEFAULT NULL,
  `moneda` text COLLATE utf8mb4_unicode_ci NOT NULL,
  `descripcion_afip` varchar(191) COLLATE utf8mb4_unicode_ci DEFAULT NULL,
  `codigo_afip` varchar(191) COLLATE utf8mb4_unicode_ci DEFAULT NULL,
  `is_default` tinyint(1) NOT NULL DEFAULT '0',
  `descripcion` varchar(191) COLLATE utf8mb4_unicode_ci NOT NULL,
  `simbolo` varchar(191) COLLATE utf8mb4_unicode_ci NOT NULL,
  `habilitado` tinyint(1) NOT NULL DEFAULT '1',
  `created_at` timestamp NULL DEFAULT NULL,
  `updated_at` timestamp NULL DEFAULT NULL,
  `deleted_at` timestamp NULL DEFAULT NULL,
  PRIMARY KEY (`id`)
) ENGINE=InnoDB AUTO_INCREMENT=6 DEFAULT CHARSET=utf8mb4 COLLATE=utf8mb4_unicode_ci;

--
-- Dumping data for table `monedas`
--

INSERT INTO `monedas` VALUES (1,NULL,'PESOS',NULL,'PES',1,'$ Pesos','$',1,'2022-06-12 22:39:39','2023-07-12 23:55:58',NULL),(2,NULL,'DOLARES','Dólar EstadoUnidense','DOL',0,'U$S Oficial Venta','USD',1,'2022-06-12 22:39:39','2023-07-12 23:55:58',NULL),(3,NULL,'DOLARES',NULL,NULL,0,'U$S Blue Venta','U$S',1,'2022-06-12 22:39:39','2023-07-12 23:55:58',NULL),(4,NULL,'DOLARES',NULL,NULL,0,'U$S Mayorista Venta','U$S',0,'2022-08-30 15:26:12','2023-07-12 23:55:58',NULL),(5,NULL,'EUROS','EURO','060',0,'Euro Oficial Venta','€',1,'2023-07-12 23:55:58','2023-07-12 23:55:58',NULL);

--
-- Table structure for table `months`
--

CREATE TABLE `months` (
  `id` int(11) NOT NULL AUTO_INCREMENT,
  `month` int(11) DEFAULT NULL,
  `date_to` varchar(6) DEFAULT NULL,
  `descripcion` varchar(191) NOT NULL,
  PRIMARY KEY (`id`)
) ENGINE=InnoDB AUTO_INCREMENT=13 DEFAULT CHARSET=latin1;

--
-- Dumping data for table `months`
--

INSERT INTO `months` VALUES (1,1,'-01-31','enero'),(2,2,'-02-28','febrero'),(3,3,'-03-31','marzo'),(4,4,'-04-30','abril'),(5,5,'-05-31','mayo'),(6,6,'-06-30','junio'),(7,7,'-07-31','julio'),(8,8,'-08-31','agosto'),(9,9,'-09-30','septiembre'),(10,10,'-10-31','octubre'),(11,11,'-11-30','noviembre'),(12,12,'-12-31','diciembre');

--
-- Table structure for table `nacionalidad`
--

CREATE TABLE `nacionalidad` (
  `id` int(10) unsigned NOT NULL AUTO_INCREMENT,
  `user_id` int(10) unsigned DEFAULT NULL,
  `descripcion` varchar(191) COLLATE utf8mb4_unicode_ci NOT NULL,
  `habilitado` tinyint(1) NOT NULL DEFAULT '1',
  `created_at` timestamp NULL DEFAULT NULL,
  `updated_at` timestamp NULL DEFAULT NULL,
  `deleted_at` timestamp NULL DEFAULT NULL,
  PRIMARY KEY (`id`),
  UNIQUE KEY `nacionalidad_descripcion_unique` (`descripcion`)
) ENGINE=InnoDB AUTO_INCREMENT=3 DEFAULT CHARSET=utf8mb4 COLLATE=utf8mb4_unicode_ci;

--
-- Dumping data for table `nacionalidad`
--

INSERT INTO `nacionalidad` VALUES (1,NULL,'Argentina',1,'2020-05-28 20:55:23','2020-05-28 20:55:23',NULL),(2,NULL,'Extranjero',1,'2020-05-28 20:55:23','2020-05-28 20:55:23',NULL);

--
-- Table structure for table `nf_cta_cte`
--

CREATE TABLE `nf_cta_cte` (
  `id` int(10) unsigned NOT NULL AUTO_INCREMENT,
  `user_id` int(10) unsigned DEFAULT NULL,
  `nf_receipt_id` int(10) unsigned DEFAULT NULL,
  `tipo_asiento_id` int(10) unsigned NOT NULL,
  `person_id` int(10) unsigned NOT NULL,
  `person_id_relationed` int(10) unsigned NOT NULL,
  `period_id` int(10) unsigned NOT NULL,
  `cta_cte_tesoreria_cuenta_id` int(10) unsigned NOT NULL,
  `saldo_id` int(10) unsigned NOT NULL,
  `compensado` tinyint(1) NOT NULL DEFAULT '0',
  `fecha` date DEFAULT NULL,
  `total` decimal(16,2) NOT NULL,
  `moneda_id` int(10) unsigned NOT NULL DEFAULT '1',
  `comentario` varchar(191) COLLATE utf8mb4_unicode_ci DEFAULT NULL,
  `file` varchar(191) COLLATE utf8mb4_unicode_ci DEFAULT NULL,
  `created_at` timestamp NULL DEFAULT NULL,
  `updated_at` timestamp NULL DEFAULT NULL,
  `deleted_at` timestamp NULL DEFAULT NULL,
  PRIMARY KEY (`id`),
  KEY `nf_cta_cte_nf_receipt_id_foreign` (`nf_receipt_id`),
  KEY `nf_cta_cte_person_id_foreign` (`person_id`),
  KEY `nf_cta_cte_person_id_relationed_foreign` (`person_id_relationed`),
  KEY `nf_cta_cte_period_id_foreign` (`period_id`),
  KEY `nf_cta_cte_cta_cte_tesoreria_cuenta_id_foreign` (`cta_cte_tesoreria_cuenta_id`),
  KEY `nf_cta_cte_saldo_id_foreign` (`saldo_id`),
  KEY `nf_cta_cte_tipo_asiento_id_foreign` (`tipo_asiento_id`),
  KEY `nf_cta_cte_moneda_id_foreign` (`moneda_id`),
  CONSTRAINT `nf_cta_cte_cta_cte_tesoreria_cuenta_id_foreign` FOREIGN KEY (`cta_cte_tesoreria_cuenta_id`) REFERENCES `cta_cte_tesoreria_cuentas` (`id`),
  CONSTRAINT `nf_cta_cte_moneda_id_foreign` FOREIGN KEY (`moneda_id`) REFERENCES `monedas` (`id`),
  CONSTRAINT `nf_cta_cte_nf_receipt_id_foreign` FOREIGN KEY (`nf_receipt_id`) REFERENCES `nf_receipts` (`id`),
  CONSTRAINT `nf_cta_cte_period_id_foreign` FOREIGN KEY (`period_id`) REFERENCES `periods` (`id`),
  CONSTRAINT `nf_cta_cte_person_id_foreign` FOREIGN KEY (`person_id`) REFERENCES `persons` (`id`),
  CONSTRAINT `nf_cta_cte_person_id_relationed_foreign` FOREIGN KEY (`person_id_relationed`) REFERENCES `persons` (`id`),
  CONSTRAINT `nf_cta_cte_saldo_id_foreign` FOREIGN KEY (`saldo_id`) REFERENCES `conta_tipo_saldos` (`id`),
  CONSTRAINT `nf_cta_cte_tipo_asiento_id_foreign` FOREIGN KEY (`tipo_asiento_id`) REFERENCES `conta_tipo_asientos` (`id`)
) ENGINE=InnoDB AUTO_INCREMENT=5 DEFAULT CHARSET=utf8mb4 COLLATE=utf8mb4_unicode_ci;

--
-- Dumping data for table `nf_cta_cte`
--

INSERT INTO `nf_cta_cte` VALUES (1,832,1,3,40826,40836,77501,57,2,0,'2021-10-13',1621687.26,1,'',NULL,'2021-10-18 16:22:55','2021-11-02 13:40:18','2021-11-02 13:40:18'),(2,832,NULL,21,40727,40718,9777,57,1,0,'2021-09-09',24200.00,1,'',NULL,'2021-10-29 12:08:22','2021-10-29 12:08:22',NULL),(3,832,2,2,40730,40901,12345,13,1,0,'2021-11-05',2546880.72,1,'',NULL,'2021-11-09 11:33:18','2021-11-09 11:34:16','2021-11-09 11:34:16'),(4,832,3,2,40730,40901,12345,13,1,0,'2021-11-05',2546880.72,1,'',NULL,'2021-11-09 11:34:16','2021-11-09 11:56:22','2021-11-09 11:56:22');

--
-- Table structure for table `nf_cta_cte_details`
--

CREATE TABLE `nf_cta_cte_details` (
  `id` int(10) unsigned NOT NULL AUTO_INCREMENT,
  `user_id` int(10) unsigned DEFAULT NULL,
  `nf_cta_cte_id` int(10) unsigned NOT NULL,
  `person_id` int(10) unsigned DEFAULT NULL,
  `person_id_relationed` int(10) unsigned DEFAULT NULL,
  `period_id` int(10) unsigned DEFAULT NULL,
  `tipo_asiento_id` int(10) unsigned NOT NULL,
  `cta_cte_tesoreria_cuenta_id` int(10) unsigned NOT NULL,
  `saldo_id` int(10) unsigned NOT NULL,
  `monto` decimal(16,2) NOT NULL,
  `created_at` timestamp NULL DEFAULT NULL,
  `updated_at` timestamp NULL DEFAULT NULL,
  `deleted_at` timestamp NULL DEFAULT NULL,
  PRIMARY KEY (`id`),
  KEY `nf_cta_cte_details_nf_cta_cte_id_foreign` (`nf_cta_cte_id`),
  KEY `nf_cta_cte_details_person_id_foreign` (`person_id`),
  KEY `nf_cta_cte_details_person_id_relationed_foreign` (`person_id_relationed`),
  KEY `nf_cta_cte_details_period_id_foreign` (`period_id`),
  KEY `nf_cta_cte_details_tipo_asiento_id_foreign` (`tipo_asiento_id`),
  KEY `nf_cta_cte_details_cta_cte_tesoreria_cuenta_id_foreign` (`cta_cte_tesoreria_cuenta_id`),
  KEY `nf_cta_cte_details_saldo_id_foreign` (`saldo_id`),
  CONSTRAINT `nf_cta_cte_details_cta_cte_tesoreria_cuenta_id_foreign` FOREIGN KEY (`cta_cte_tesoreria_cuenta_id`) REFERENCES `cta_cte_tesoreria_cuentas` (`id`),
  CONSTRAINT `nf_cta_cte_details_nf_cta_cte_id_foreign` FOREIGN KEY (`nf_cta_cte_id`) REFERENCES `nf_cta_cte` (`id`),
  CONSTRAINT `nf_cta_cte_details_period_id_foreign` FOREIGN KEY (`period_id`) REFERENCES `periods` (`id`),
  CONSTRAINT `nf_cta_cte_details_person_id_foreign` FOREIGN KEY (`person_id`) REFERENCES `persons` (`id`),
  CONSTRAINT `nf_cta_cte_details_person_id_relationed_foreign` FOREIGN KEY (`person_id_relationed`) REFERENCES `persons` (`id`),
  CONSTRAINT `nf_cta_cte_details_saldo_id_foreign` FOREIGN KEY (`saldo_id`) REFERENCES `conta_tipo_saldos` (`id`),
  CONSTRAINT `nf_cta_cte_details_tipo_asiento_id_foreign` FOREIGN KEY (`tipo_asiento_id`) REFERENCES `conta_tipo_asientos` (`id`)
) ENGINE=InnoDB AUTO_INCREMENT=3 DEFAULT CHARSET=utf8mb4 COLLATE=utf8mb4_unicode_ci;

--
-- Dumping data for table `nf_cta_cte_details`
--

INSERT INTO `nf_cta_cte_details` VALUES (1,832,2,40727,40718,9777,21,57,1,24200.00,'2021-10-29 12:08:22','2021-10-29 12:08:22',NULL),(2,832,2,40727,40718,9777,21,60,2,24200.00,'2021-10-29 12:08:22','2021-10-29 12:08:22',NULL);

--
-- Table structure for table `nf_invoices`
--

CREATE TABLE `nf_invoices` (
  `id` bigint(20) unsigned NOT NULL AUTO_INCREMENT,
  `user_id` int(10) unsigned DEFAULT NULL,
  `person_id` int(10) unsigned NOT NULL,
  `person_id_relationed` int(10) unsigned NOT NULL,
  `punto_vta_id` int(10) unsigned NOT NULL,
  `period_id` int(10) unsigned NOT NULL,
  `numero` int(11) NOT NULL,
  `fecha` date NOT NULL,
  `total` decimal(16,2) NOT NULL,
  `comentario` longtext COLLATE utf8mb4_unicode_ci NOT NULL,
  `created_at` timestamp NULL DEFAULT NULL,
  `updated_at` timestamp NULL DEFAULT NULL,
  `deleted_at` timestamp NULL DEFAULT NULL,
  PRIMARY KEY (`id`),
  KEY `nf_invoices_person_id_foreign` (`person_id`),
  KEY `nf_invoices_person_id_relationed_foreign` (`person_id_relationed`),
  KEY `nf_invoices_punto_vta_id_foreign` (`punto_vta_id`),
  KEY `nf_invoices_period_id_foreign` (`period_id`),
  CONSTRAINT `nf_invoices_period_id_foreign` FOREIGN KEY (`period_id`) REFERENCES `periods` (`id`),
  CONSTRAINT `nf_invoices_person_id_foreign` FOREIGN KEY (`person_id`) REFERENCES `persons` (`id`),
  CONSTRAINT `nf_invoices_person_id_relationed_foreign` FOREIGN KEY (`person_id_relationed`) REFERENCES `persons` (`id`),
  CONSTRAINT `nf_invoices_punto_vta_id_foreign` FOREIGN KEY (`punto_vta_id`) REFERENCES `fact_elec_puntos_venta` (`id`)
) ENGINE=InnoDB DEFAULT CHARSET=utf8mb4 COLLATE=utf8mb4_unicode_ci;

--
-- Dumping data for table `nf_invoices`
--


--
-- Table structure for table `nf_invoices_details`
--

CREATE TABLE `nf_invoices_details` (
  `id` bigint(20) unsigned NOT NULL AUTO_INCREMENT,
  `user_id` int(10) unsigned DEFAULT NULL,
  `nf_invoice_id` bigint(20) unsigned NOT NULL,
  `cantidades` decimal(16,2) NOT NULL,
  `inv_producto_id` bigint(20) unsigned DEFAULT NULL,
  `inv_deposito_id` bigint(20) unsigned DEFAULT NULL,
  `descripcion` varchar(191) COLLATE utf8mb4_unicode_ci DEFAULT NULL,
  `neto` decimal(16,2) NOT NULL,
  `desc_porc` decimal(16,2) DEFAULT NULL,
  `descuento` decimal(16,2) DEFAULT NULL,
  `subtotal` decimal(16,2) NOT NULL,
  `created_at` timestamp NULL DEFAULT NULL,
  `updated_at` timestamp NULL DEFAULT NULL,
  `deleted_at` timestamp NULL DEFAULT NULL,
  PRIMARY KEY (`id`),
  KEY `nf_invoices_details_nf_invoice_id_foreign` (`nf_invoice_id`),
  KEY `nf_invoices_details_inv_producto_id_foreign` (`inv_producto_id`),
  KEY `nf_invoices_details_inv_deposito_id_foreign` (`inv_deposito_id`),
  CONSTRAINT `nf_invoices_details_inv_deposito_id_foreign` FOREIGN KEY (`inv_deposito_id`) REFERENCES `inv_depositos` (`id`),
  CONSTRAINT `nf_invoices_details_inv_producto_id_foreign` FOREIGN KEY (`inv_producto_id`) REFERENCES `inv_productos` (`id`),
  CONSTRAINT `nf_invoices_details_nf_invoice_id_foreign` FOREIGN KEY (`nf_invoice_id`) REFERENCES `nf_invoices` (`id`)
) ENGINE=InnoDB DEFAULT CHARSET=utf8mb4 COLLATE=utf8mb4_unicode_ci;

--
-- Dumping data for table `nf_invoices_details`
--


--
-- Table structure for table `nf_receipts`
--

CREATE TABLE `nf_receipts` (
  `id` int(10) unsigned NOT NULL AUTO_INCREMENT,
  `user_id` int(10) unsigned NOT NULL,
  `person_id` int(10) unsigned NOT NULL,
  `person_id_relationed` int(10) unsigned NOT NULL,
  `period_id` int(10) unsigned NOT NULL,
  `type_id` int(10) unsigned NOT NULL,
  `receipt_type_id` int(10) unsigned NOT NULL,
  `fecha` date DEFAULT NULL,
  `total` decimal(16,2) NOT NULL,
  `descripcion` varchar(191) COLLATE utf8mb4_unicode_ci DEFAULT NULL,
  `comentario` varchar(191) COLLATE utf8mb4_unicode_ci DEFAULT NULL,
  `file` varchar(191) COLLATE utf8mb4_unicode_ci DEFAULT NULL,
  `created_at` timestamp NULL DEFAULT NULL,
  `updated_at` timestamp NULL DEFAULT NULL,
  `deleted_at` timestamp NULL DEFAULT NULL,
  PRIMARY KEY (`id`),
  KEY `nf_receipts_person_id_foreign` (`person_id`),
  KEY `nf_receipts_person_id_relationed_foreign` (`person_id_relationed`),
  KEY `nf_receipts_period_id_foreign` (`period_id`),
  KEY `nf_receipts_type_id_foreign` (`type_id`),
  KEY `nf_receipts_receipt_type_id_foreign` (`receipt_type_id`),
  CONSTRAINT `nf_receipts_period_id_foreign` FOREIGN KEY (`period_id`) REFERENCES `periods` (`id`),
  CONSTRAINT `nf_receipts_person_id_foreign` FOREIGN KEY (`person_id`) REFERENCES `persons` (`id`),
  CONSTRAINT `nf_receipts_person_id_relationed_foreign` FOREIGN KEY (`person_id_relationed`) REFERENCES `persons` (`id`),
  CONSTRAINT `nf_receipts_receipt_type_id_foreign` FOREIGN KEY (`receipt_type_id`) REFERENCES `receipt_types` (`id`),
  CONSTRAINT `nf_receipts_type_id_foreign` FOREIGN KEY (`type_id`) REFERENCES `types` (`id`)
) ENGINE=InnoDB AUTO_INCREMENT=4 DEFAULT CHARSET=utf8mb4 COLLATE=utf8mb4_unicode_ci;

--
-- Dumping data for table `nf_receipts`
--

INSERT INTO `nf_receipts` VALUES (1,832,40826,40836,77501,2,1,'2021-10-13',1621687.26,'5-20666','',NULL,'2021-10-18 16:22:55','2021-11-02 13:40:18','2021-11-02 13:40:18'),(2,832,40730,40901,12345,1,1,'2021-11-05',2546880.72,'00004-00000404','',NULL,'2021-11-09 11:33:18','2021-11-09 11:34:16','2021-11-09 11:34:16'),(3,832,40730,40901,12345,1,1,'2021-11-05',2546880.72,'00004-00000404','',NULL,'2021-11-09 11:34:16','2021-11-09 11:56:22','2021-11-09 11:56:22');

--
-- Table structure for table `notif`
--

CREATE TABLE `notif` (
  `id` int(10) unsigned NOT NULL AUTO_INCREMENT,
  `user_id` int(10) unsigned DEFAULT NULL,
  `send_notif_user_person_id` int(10) unsigned NOT NULL,
  `recept_notif_user_person_id` int(10) unsigned NOT NULL,
  `fecha` datetime NOT NULL DEFAULT '2020-01-23 18:56:25',
  `fecha_vto` datetime DEFAULT NULL,
  `leido` tinyint(1) NOT NULL DEFAULT '0',
  `pendiente` tinyint(1) NOT NULL DEFAULT '0',
  `asunto` varchar(191) COLLATE utf8mb4_unicode_ci DEFAULT NULL,
  `created_at` timestamp NULL DEFAULT NULL,
  `updated_at` timestamp NULL DEFAULT NULL,
  `deleted_at` timestamp NULL DEFAULT NULL,
  PRIMARY KEY (`id`),
  KEY `notif_send_notif_user_person_id_foreign` (`send_notif_user_person_id`),
  KEY `notif_recept_notif_user_person_id_foreign` (`recept_notif_user_person_id`),
  CONSTRAINT `notif_recept_notif_user_person_id_foreign` FOREIGN KEY (`recept_notif_user_person_id`) REFERENCES `notif_users_persons` (`id`),
  CONSTRAINT `notif_send_notif_user_person_id_foreign` FOREIGN KEY (`send_notif_user_person_id`) REFERENCES `notif_users_persons` (`id`)
) ENGINE=InnoDB DEFAULT CHARSET=utf8mb4 COLLATE=utf8mb4_unicode_ci;

--
-- Dumping data for table `notif`
--


--
-- Table structure for table `notif_detail`
--

CREATE TABLE `notif_detail` (
  `id` int(10) unsigned NOT NULL AUTO_INCREMENT,
  `user_id` int(10) unsigned DEFAULT NULL,
  `notificacion_id` int(10) unsigned NOT NULL,
  `notif_respuesta_id` int(10) unsigned DEFAULT NULL,
  `send_notif_user_person_id` int(10) unsigned NOT NULL,
  `recept_notif_user_person_id` int(10) unsigned NOT NULL,
  `fecha` datetime NOT NULL DEFAULT '2020-01-23 18:56:25',
  `body` text COLLATE utf8mb4_unicode_ci,
  `adjunto` text COLLATE utf8mb4_unicode_ci,
  `send_email` tinyint(1) NOT NULL DEFAULT '0',
  `is_respuesta` tinyint(1) NOT NULL DEFAULT '0',
  `created_at` timestamp NULL DEFAULT NULL,
  `updated_at` timestamp NULL DEFAULT NULL,
  `deleted_at` timestamp NULL DEFAULT NULL,
  PRIMARY KEY (`id`),
  KEY `notif_detail_send_notif_user_person_id_foreign` (`send_notif_user_person_id`),
  KEY `notif_detail_recept_notif_user_person_id_foreign` (`recept_notif_user_person_id`),
  KEY `notif_detail_notificacion_id_foreign` (`notificacion_id`),
  KEY `notif_detail_notif_respuesta_id_foreign` (`notif_respuesta_id`),
  CONSTRAINT `notif_detail_notif_respuesta_id_foreign` FOREIGN KEY (`notif_respuesta_id`) REFERENCES `notif_respuestas` (`id`),
  CONSTRAINT `notif_detail_notificacion_id_foreign` FOREIGN KEY (`notificacion_id`) REFERENCES `notif` (`id`),
  CONSTRAINT `notif_detail_recept_notif_user_person_id_foreign` FOREIGN KEY (`recept_notif_user_person_id`) REFERENCES `notif_users_persons` (`id`),
  CONSTRAINT `notif_detail_send_notif_user_person_id_foreign` FOREIGN KEY (`send_notif_user_person_id`) REFERENCES `notif_users_persons` (`id`)
) ENGINE=InnoDB DEFAULT CHARSET=utf8mb4 COLLATE=utf8mb4_unicode_ci;

--
-- Dumping data for table `notif_detail`
--


--
-- Table structure for table `notif_respuestas`
--

CREATE TABLE `notif_respuestas` (
  `id` int(10) unsigned NOT NULL AUTO_INCREMENT,
  `user_id` int(10) unsigned DEFAULT NULL,
  `send_notif_user_person_id` int(10) unsigned NOT NULL,
  `recept_notif_user_person_id` int(10) unsigned NOT NULL,
  `notif_id` int(10) unsigned DEFAULT NULL,
  `fecha` datetime NOT NULL DEFAULT '2020-01-23 18:56:25',
  `fecha_vto` datetime DEFAULT NULL,
  `leido` tinyint(1) NOT NULL DEFAULT '0',
  `asunto` varchar(191) COLLATE utf8mb4_unicode_ci DEFAULT NULL,
  `created_at` timestamp NULL DEFAULT NULL,
  `updated_at` timestamp NULL DEFAULT NULL,
  `deleted_at` timestamp NULL DEFAULT NULL,
  PRIMARY KEY (`id`),
  KEY `notif_respuestas_send_notif_user_person_id_foreign` (`send_notif_user_person_id`),
  KEY `notif_respuestas_recept_notif_user_person_id_foreign` (`recept_notif_user_person_id`),
  KEY `notif_respuestas_notif_id_foreign` (`notif_id`),
  CONSTRAINT `notif_respuestas_notif_id_foreign` FOREIGN KEY (`notif_id`) REFERENCES `notif` (`id`),
  CONSTRAINT `notif_respuestas_recept_notif_user_person_id_foreign` FOREIGN KEY (`recept_notif_user_person_id`) REFERENCES `notif_users_persons` (`id`),
  CONSTRAINT `notif_respuestas_send_notif_user_person_id_foreign` FOREIGN KEY (`send_notif_user_person_id`) REFERENCES `notif_users_persons` (`id`)
) ENGINE=InnoDB DEFAULT CHARSET=utf8mb4 COLLATE=utf8mb4_unicode_ci;

--
-- Dumping data for table `notif_respuestas`
--


--
-- Table structure for table `notif_users_persons`
--

CREATE TABLE `notif_users_persons` (
  `id` int(10) unsigned NOT NULL AUTO_INCREMENT,
  `user_id` int(10) unsigned NOT NULL,
  `person_id` int(10) unsigned NOT NULL,
  `parent_person_id` int(10) unsigned NOT NULL,
  `created_at` timestamp NULL DEFAULT NULL,
  `updated_at` timestamp NULL DEFAULT NULL,
  `deleted_at` timestamp NULL DEFAULT NULL,
  PRIMARY KEY (`id`),
  KEY `notif_users_persons_user_id_foreign` (`user_id`),
  KEY `notif_users_persons_person_id_foreign` (`person_id`),
  KEY `notif_users_persons_parent_person_id_foreign` (`parent_person_id`),
  CONSTRAINT `notif_users_persons_parent_person_id_foreign` FOREIGN KEY (`parent_person_id`) REFERENCES `persons` (`id`),
  CONSTRAINT `notif_users_persons_person_id_foreign` FOREIGN KEY (`person_id`) REFERENCES `persons` (`id`),
  CONSTRAINT `notif_users_persons_user_id_foreign` FOREIGN KEY (`user_id`) REFERENCES `tusers` (`idUser`)
) ENGINE=InnoDB DEFAULT CHARSET=utf8mb4 COLLATE=utf8mb4_unicode_ci;

--
-- Dumping data for table `notif_users_persons`
--


--
-- Table structure for table `obl_anual_conceptos`
--

CREATE TABLE `obl_anual_conceptos` (
  `id` int(10) unsigned NOT NULL AUTO_INCREMENT,
  `user_id` int(10) unsigned DEFAULT NULL,
  `nombre` varchar(191) COLLATE utf8mb4_unicode_ci NOT NULL,
  `created_at` timestamp NULL DEFAULT NULL,
  `updated_at` timestamp NULL DEFAULT NULL,
  `deleted_at` timestamp NULL DEFAULT NULL,
  PRIMARY KEY (`id`)
) ENGINE=InnoDB AUTO_INCREMENT=10 DEFAULT CHARSET=utf8mb4 COLLATE=utf8mb4_unicode_ci;

--
-- Dumping data for table `obl_anual_conceptos`
--

INSERT INTO `obl_anual_conceptos` VALUES (1,NULL,'Balance','2019-11-29 18:37:49','2019-11-29 18:37:49',NULL),(2,NULL,'Ganancias','2019-11-29 18:37:49','2019-11-29 18:37:49',NULL),(3,NULL,'Acc y Part Soc','2019-11-29 18:37:49','2019-11-29 18:37:49',NULL),(4,NULL,'Part Soc Informativa','2019-11-29 18:37:49','2019-11-29 18:37:49',NULL),(5,NULL,'IGJ Balance','2019-11-29 18:37:49','2019-11-29 18:37:49',NULL),(6,NULL,'TASAS IGJ','2019-11-29 18:37:49','2019-11-29 18:37:49',NULL),(7,NULL,'Auditoria','2019-11-29 18:37:49','2019-11-29 18:37:49',NULL),(8,NULL,'Libros Societarios','2019-11-29 18:37:49','2019-11-29 18:37:49',NULL),(9,NULL,'CM 05','2019-11-29 18:37:49','2019-11-29 18:37:49',NULL);

--
-- Table structure for table `obl_anual_registros`
--

CREATE TABLE `obl_anual_registros` (
  `id` int(10) unsigned NOT NULL AUTO_INCREMENT,
  `user_id` int(10) unsigned DEFAULT NULL,
  `anio` int(10) unsigned NOT NULL,
  `person_id` int(10) unsigned NOT NULL,
  `obl_anual_concepto_id` int(10) unsigned NOT NULL,
  `cumplido` tinyint(1) NOT NULL DEFAULT '0',
  `created_at` timestamp NULL DEFAULT NULL,
  `updated_at` timestamp NULL DEFAULT NULL,
  `deleted_at` timestamp NULL DEFAULT NULL,
  PRIMARY KEY (`id`),
  KEY `obl_anual_registros_person_id_foreign` (`person_id`),
  KEY `obl_anual_registros_obl_anual_concepto_id_foreign` (`obl_anual_concepto_id`),
  CONSTRAINT `obl_anual_registros_obl_anual_concepto_id_foreign` FOREIGN KEY (`obl_anual_concepto_id`) REFERENCES `obl_anual_conceptos` (`id`) ON DELETE CASCADE,
  CONSTRAINT `obl_anual_registros_person_id_foreign` FOREIGN KEY (`person_id`) REFERENCES `persons` (`id`)
) ENGINE=InnoDB AUTO_INCREMENT=1522 DEFAULT CHARSET=utf8mb4 COLLATE=utf8mb4_unicode_ci;

--
-- Dumping data for table `obl_anual_registros`
--

INSERT INTO `obl_anual_registros` VALUES (1,832,2020,40719,1,0,'2020-09-23 23:06:01','2020-09-23 23:06:01',NULL),(2,832,2020,40719,2,0,'2020-09-23 23:06:01','2020-09-23 23:06:01',NULL),(3,832,2020,40719,3,0,'2020-09-23 23:06:01','2020-09-23 23:06:01',NULL),(4,832,2020,40719,4,0,'2020-09-23 23:06:01','2020-09-23 23:06:01',NULL),(5,832,2020,40719,5,0,'2020-09-23 23:06:01','2020-09-23 23:06:01',NULL),(6,832,2020,40719,6,0,'2020-09-23 23:06:01','2020-09-23 23:06:01',NULL),(7,832,2020,40719,7,0,'2020-09-23 23:06:01','2020-09-23 23:06:01',NULL),(8,832,2020,40719,8,0,'2020-09-23 23:06:01','2020-09-23 23:06:01',NULL),(9,832,2020,40719,9,0,'2020-09-23 23:06:01','2020-09-23 23:06:01',NULL),(10,832,2020,40720,1,0,'2020-09-23 23:06:01','2020-09-23 23:06:01',NULL),(11,832,2020,40720,2,0,'2020-09-23 23:06:01','2020-09-23 23:06:01',NULL),(12,832,2020,40720,3,0,'2020-09-23 23:06:01','2020-09-23 23:06:01',NULL),(13,832,2020,40720,4,0,'2020-09-23 23:06:01','2020-09-23 23:06:01',NULL),(14,832,2020,40720,5,0,'2020-09-23 23:06:01','2020-09-23 23:06:01',NULL),(15,832,2020,40720,6,0,'2020-09-23 23:06:01','2020-09-23 23:06:01',NULL),(16,832,2020,40720,7,0,'2020-09-23 23:06:01','2020-09-23 23:06:01',NULL),(17,832,2020,40720,8,0,'2020-09-23 23:06:01','2020-09-23 23:06:01',NULL),(18,832,2020,40720,9,0,'2020-09-23 23:06:01','2020-09-23 23:06:01',NULL),(19,832,2020,40721,1,0,'2020-10-08 12:55:14','2020-10-08 12:55:14',NULL),(20,832,2020,40721,2,0,'2020-10-08 12:55:14','2020-10-08 12:55:14',NULL),(21,832,2020,40721,3,0,'2020-10-08 12:55:14','2020-10-08 12:55:14',NULL),(22,832,2020,40721,4,0,'2020-10-08 12:55:14','2020-10-08 12:55:14',NULL),(23,832,2020,40721,5,0,'2020-10-08 12:55:14','2020-10-08 12:55:14',NULL),(24,832,2020,40721,6,0,'2020-10-08 12:55:14','2020-10-08 12:55:14',NULL),(25,832,2020,40721,7,0,'2020-10-08 12:55:14','2020-10-08 12:55:14',NULL),(26,832,2020,40721,8,0,'2020-10-08 12:55:14','2020-10-08 12:55:14',NULL),(27,832,2020,40721,9,0,'2020-10-08 12:55:14','2020-10-08 12:55:14',NULL),(28,832,2020,40724,1,0,'2020-12-14 16:53:37','2020-12-14 16:53:37',NULL),(29,832,2020,40724,2,0,'2020-12-14 16:53:37','2020-12-14 16:53:37',NULL),(30,832,2020,40724,3,0,'2020-12-14 16:53:37','2020-12-14 16:53:37',NULL),(31,832,2020,40724,4,0,'2020-12-14 16:53:37','2020-12-14 16:53:37',NULL),(32,832,2020,40724,5,0,'2020-12-14 16:53:37','2020-12-14 16:53:37',NULL),(33,832,2020,40724,6,0,'2020-12-14 16:53:37','2020-12-14 16:53:37',NULL),(34,832,2020,40724,7,0,'2020-12-14 16:53:37','2020-12-14 16:53:37',NULL),(35,832,2020,40724,8,0,'2020-12-14 16:53:37','2020-12-14 16:53:37',NULL),(36,832,2020,40724,9,0,'2020-12-14 16:53:37','2020-12-14 16:53:37',NULL),(37,832,2020,40725,1,0,'2020-12-14 16:53:37','2020-12-14 16:53:37',NULL),(38,832,2020,40725,2,0,'2020-12-14 16:53:37','2020-12-14 16:53:37',NULL),(39,832,2020,40725,3,0,'2020-12-14 16:53:37','2020-12-14 16:53:37',NULL),(40,832,2020,40725,4,0,'2020-12-14 16:53:37','2020-12-14 16:53:37',NULL),(41,832,2020,40725,5,0,'2020-12-14 16:53:37','2020-12-14 16:53:37',NULL),(42,832,2020,40725,6,0,'2020-12-14 16:53:37','2020-12-14 16:53:37',NULL),(43,832,2020,40725,7,0,'2020-12-14 16:53:37','2020-12-14 16:53:37',NULL),(44,832,2020,40725,8,0,'2020-12-14 16:53:37','2020-12-14 16:53:37',NULL),(45,832,2020,40725,9,0,'2020-12-14 16:53:37','2020-12-14 16:53:37',NULL),(46,832,2020,40726,1,0,'2020-12-14 16:53:37','2020-12-14 16:53:37',NULL),(47,832,2020,40726,2,0,'2020-12-14 16:53:37','2020-12-14 16:53:37',NULL),(48,832,2020,40726,3,0,'2020-12-14 16:53:37','2020-12-14 16:53:37',NULL),(49,832,2020,40726,4,0,'2020-12-14 16:53:37','2020-12-14 16:53:37',NULL),(50,832,2020,40726,5,0,'2020-12-14 16:53:37','2020-12-14 16:53:37',NULL),(51,832,2020,40726,6,0,'2020-12-14 16:53:37','2020-12-14 16:53:37',NULL),(52,832,2020,40726,7,0,'2020-12-14 16:53:37','2020-12-14 16:53:37',NULL),(53,832,2020,40726,8,0,'2020-12-14 16:53:37','2020-12-14 16:53:37',NULL),(54,832,2020,40726,9,0,'2020-12-14 16:53:37','2020-12-14 16:53:37',NULL);
INSERT INTO `obl_anual_registros` VALUES (55,832,2020,40727,1,0,'2020-12-14 16:53:37','2020-12-14 16:53:37',NULL),(56,832,2020,40727,2,0,'2020-12-14 16:53:37','2020-12-14 16:53:37',NULL),(57,832,2020,40727,3,0,'2020-12-14 16:53:37','2020-12-14 16:53:37',NULL),(58,832,2020,40727,4,0,'2020-12-14 16:53:37','2020-12-14 16:53:37',NULL),(59,832,2020,40727,5,0,'2020-12-14 16:53:37','2020-12-14 16:53:37',NULL),(60,832,2020,40727,6,0,'2020-12-14 16:53:37','2020-12-14 16:53:37',NULL),(61,832,2020,40727,7,0,'2020-12-14 16:53:37','2020-12-14 16:53:37',NULL),(62,832,2020,40727,8,0,'2020-12-14 16:53:37','2020-12-14 16:53:37',NULL),(63,832,2020,40727,9,0,'2020-12-14 16:53:37','2020-12-14 16:53:37',NULL),(64,832,2020,40728,1,0,'2020-12-14 16:53:37','2020-12-14 16:53:37',NULL),(65,832,2020,40728,2,0,'2020-12-14 16:53:37','2020-12-14 16:53:37',NULL),(66,832,2020,40728,3,0,'2020-12-14 16:53:37','2020-12-14 16:53:37',NULL),(67,832,2020,40728,4,0,'2020-12-14 16:53:37','2020-12-14 16:53:37',NULL),(68,832,2020,40728,5,0,'2020-12-14 16:53:37','2020-12-14 16:53:37',NULL),(69,832,2020,40728,6,0,'2020-12-14 16:53:37','2020-12-14 16:53:37',NULL),(70,832,2020,40728,7,0,'2020-12-14 16:53:37','2020-12-14 16:53:37',NULL),(71,832,2020,40728,8,0,'2020-12-14 16:53:37','2020-12-14 16:53:37',NULL),(72,832,2020,40728,9,0,'2020-12-14 16:53:37','2020-12-14 16:53:37',NULL),(73,832,2020,40729,1,0,'2020-12-14 16:53:37','2020-12-14 16:53:37',NULL),(74,832,2020,40729,2,0,'2020-12-14 16:53:37','2020-12-14 16:53:37',NULL),(75,832,2020,40729,3,0,'2020-12-14 16:53:37','2020-12-14 16:53:37',NULL),(76,832,2020,40729,4,0,'2020-12-14 16:53:37','2020-12-14 16:53:37',NULL),(77,832,2020,40729,5,0,'2020-12-14 16:53:37','2020-12-14 16:53:37',NULL),(78,832,2020,40729,6,0,'2020-12-14 16:53:37','2020-12-14 16:53:37',NULL),(79,832,2020,40729,7,0,'2020-12-14 16:53:37','2020-12-14 16:53:37',NULL),(80,832,2020,40729,8,0,'2020-12-14 16:53:37','2020-12-14 16:53:37',NULL),(81,832,2020,40729,9,0,'2020-12-14 16:53:37','2020-12-14 16:53:37',NULL),(82,832,2020,40730,1,0,'2020-12-14 16:53:37','2020-12-14 16:53:37',NULL),(83,832,2020,40730,2,0,'2020-12-14 16:53:37','2020-12-14 16:53:37',NULL),(84,832,2020,40730,3,0,'2020-12-14 16:53:37','2020-12-14 16:53:37',NULL),(85,832,2020,40730,4,0,'2020-12-14 16:53:37','2020-12-14 16:53:37',NULL),(86,832,2020,40730,5,0,'2020-12-14 16:53:37','2020-12-14 16:53:37',NULL),(87,832,2020,40730,6,0,'2020-12-14 16:53:37','2020-12-14 16:53:37',NULL),(88,832,2020,40730,7,0,'2020-12-14 16:53:37','2020-12-14 16:53:37',NULL),(89,832,2020,40730,8,0,'2020-12-14 16:53:37','2020-12-14 16:53:37',NULL),(90,832,2020,40730,9,0,'2020-12-14 16:53:37','2020-12-14 16:53:37',NULL),(91,832,2020,40738,1,0,'2020-12-14 16:53:37','2020-12-14 16:53:37',NULL),(92,832,2020,40738,2,0,'2020-12-14 16:53:37','2020-12-14 16:53:37',NULL),(93,832,2020,40738,3,0,'2020-12-14 16:53:37','2020-12-14 16:53:37',NULL),(94,832,2020,40738,4,0,'2020-12-14 16:53:37','2020-12-14 16:53:37',NULL),(95,832,2020,40738,5,0,'2020-12-14 16:53:37','2020-12-14 16:53:37',NULL),(96,832,2020,40738,6,0,'2020-12-14 16:53:37','2020-12-14 16:53:37',NULL),(97,832,2020,40738,7,0,'2020-12-14 16:53:37','2020-12-14 16:53:37',NULL),(98,832,2020,40738,8,0,'2020-12-14 16:53:37','2020-12-14 16:53:37',NULL),(99,832,2020,40738,9,0,'2020-12-14 16:53:37','2020-12-14 16:53:37',NULL),(100,832,2020,40739,1,0,'2020-12-14 16:53:37','2020-12-14 16:53:37',NULL),(101,832,2020,40739,2,0,'2020-12-14 16:53:37','2020-12-14 16:53:37',NULL),(102,832,2020,40739,3,0,'2020-12-14 16:53:37','2020-12-14 16:53:37',NULL),(103,832,2020,40739,4,0,'2020-12-14 16:53:37','2020-12-14 16:53:37',NULL),(104,832,2020,40739,5,0,'2020-12-14 16:53:37','2020-12-14 16:53:37',NULL),(105,832,2020,40739,6,0,'2020-12-14 16:53:37','2020-12-14 16:53:37',NULL),(106,832,2020,40739,7,0,'2020-12-14 16:53:37','2020-12-14 16:53:37',NULL),(107,832,2020,40739,8,0,'2020-12-14 16:53:37','2020-12-14 16:53:37',NULL),(108,832,2020,40739,9,0,'2020-12-14 16:53:37','2020-12-14 16:53:37',NULL);
INSERT INTO `obl_anual_registros` VALUES (109,832,2020,40740,1,0,'2020-12-14 16:53:37','2020-12-14 16:53:37',NULL),(110,832,2020,40740,2,0,'2020-12-14 16:53:37','2020-12-14 16:53:37',NULL),(111,832,2020,40740,3,0,'2020-12-14 16:53:37','2020-12-14 16:53:37',NULL),(112,832,2020,40740,4,0,'2020-12-14 16:53:37','2020-12-14 16:53:37',NULL),(113,832,2020,40740,5,0,'2020-12-14 16:53:37','2020-12-14 16:53:37',NULL),(114,832,2020,40740,6,0,'2020-12-14 16:53:37','2020-12-14 16:53:37',NULL),(115,832,2020,40740,7,0,'2020-12-14 16:53:37','2020-12-14 16:53:37',NULL),(116,832,2020,40740,8,0,'2020-12-14 16:53:37','2020-12-14 16:53:37',NULL),(117,832,2020,40740,9,0,'2020-12-14 16:53:37','2020-12-14 16:53:37',NULL),(118,832,2020,40741,1,0,'2020-12-14 16:53:37','2020-12-14 16:53:37',NULL),(119,832,2020,40741,2,0,'2020-12-14 16:53:37','2020-12-14 16:53:37',NULL),(120,832,2020,40741,3,0,'2020-12-14 16:53:37','2020-12-14 16:53:37',NULL),(121,832,2020,40741,4,0,'2020-12-14 16:53:37','2020-12-14 16:53:37',NULL),(122,832,2020,40741,5,0,'2020-12-14 16:53:37','2020-12-14 16:53:37',NULL),(123,832,2020,40741,6,0,'2020-12-14 16:53:37','2020-12-14 16:53:37',NULL),(124,832,2020,40741,7,0,'2020-12-14 16:53:37','2020-12-14 16:53:37',NULL),(125,832,2020,40741,8,0,'2020-12-14 16:53:37','2020-12-14 16:53:37',NULL),(126,832,2020,40741,9,0,'2020-12-14 16:53:37','2020-12-14 16:53:37',NULL),(127,832,2020,40742,1,0,'2020-12-14 16:53:37','2020-12-14 16:53:37',NULL),(128,832,2020,40742,2,0,'2020-12-14 16:53:37','2020-12-14 16:53:37',NULL),(129,832,2020,40742,3,0,'2020-12-14 16:53:37','2020-12-14 16:53:37',NULL),(130,832,2020,40742,4,0,'2020-12-14 16:53:37','2020-12-14 16:53:37',NULL),(131,832,2020,40742,5,0,'2020-12-14 16:53:37','2020-12-14 16:53:37',NULL),(132,832,2020,40742,6,0,'2020-12-14 16:53:37','2020-12-14 16:53:37',NULL),(133,832,2020,40742,7,0,'2020-12-14 16:53:37','2020-12-14 16:53:37',NULL),(134,832,2020,40742,8,0,'2020-12-14 16:53:37','2020-12-14 16:53:37',NULL),(135,832,2020,40742,9,0,'2020-12-14 16:53:37','2020-12-14 16:53:37',NULL),(136,832,2020,40743,1,0,'2020-12-14 16:53:37','2020-12-14 16:53:37',NULL),(137,832,2020,40743,2,0,'2020-12-14 16:53:37','2020-12-14 16:53:37',NULL),(138,832,2020,40743,3,0,'2020-12-14 16:53:37','2020-12-14 16:53:37',NULL),(139,832,2020,40743,4,0,'2020-12-14 16:53:37','2020-12-14 16:53:37',NULL),(140,832,2020,40743,5,0,'2020-12-14 16:53:37','2020-12-14 16:53:37',NULL),(141,832,2020,40743,6,0,'2020-12-14 16:53:37','2020-12-14 16:53:37',NULL),(142,832,2020,40743,7,0,'2020-12-14 16:53:37','2020-12-14 16:53:37',NULL),(143,832,2020,40743,8,0,'2020-12-14 16:53:37','2020-12-14 16:53:37',NULL),(144,832,2020,40743,9,0,'2020-12-14 16:53:37','2020-12-14 16:53:37',NULL),(145,832,2020,40744,1,0,'2020-12-14 16:53:37','2020-12-14 16:53:37',NULL),(146,832,2020,40744,2,0,'2020-12-14 16:53:37','2020-12-14 16:53:37',NULL),(147,832,2020,40744,3,0,'2020-12-14 16:53:37','2020-12-14 16:53:37',NULL),(148,832,2020,40744,4,0,'2020-12-14 16:53:37','2020-12-14 16:53:37',NULL),(149,832,2020,40744,5,0,'2020-12-14 16:53:37','2020-12-14 16:53:37',NULL),(150,832,2020,40744,6,0,'2020-12-14 16:53:37','2020-12-14 16:53:37',NULL),(151,832,2020,40744,7,0,'2020-12-14 16:53:37','2020-12-14 16:53:37',NULL),(152,832,2020,40744,8,0,'2020-12-14 16:53:37','2020-12-14 16:53:37',NULL),(153,832,2020,40744,9,0,'2020-12-14 16:53:37','2020-12-14 16:53:37',NULL),(154,832,2020,40745,1,0,'2020-12-14 16:53:37','2020-12-14 16:53:37',NULL),(155,832,2020,40745,2,0,'2020-12-14 16:53:37','2020-12-14 16:53:37',NULL),(156,832,2020,40745,3,0,'2020-12-14 16:53:37','2020-12-14 16:53:37',NULL),(157,832,2020,40745,4,0,'2020-12-14 16:53:37','2020-12-14 16:53:37',NULL),(158,832,2020,40745,5,0,'2020-12-14 16:53:37','2020-12-14 16:53:37',NULL),(159,832,2020,40745,6,0,'2020-12-14 16:53:37','2020-12-14 16:53:37',NULL),(160,832,2020,40745,7,0,'2020-12-14 16:53:37','2020-12-14 16:53:37',NULL),(161,832,2020,40745,8,0,'2020-12-14 16:53:37','2020-12-14 16:53:37',NULL),(162,832,2020,40745,9,0,'2020-12-14 16:53:37','2020-12-14 16:53:37',NULL);
INSERT INTO `obl_anual_registros` VALUES (163,832,2020,40746,1,0,'2020-12-14 16:53:37','2020-12-14 16:53:37',NULL),(164,832,2020,40746,2,0,'2020-12-14 16:53:37','2020-12-14 16:53:37',NULL),(165,832,2020,40746,3,0,'2020-12-14 16:53:37','2020-12-14 16:53:37',NULL),(166,832,2020,40746,4,0,'2020-12-14 16:53:37','2020-12-14 16:53:37',NULL),(167,832,2020,40746,5,0,'2020-12-14 16:53:37','2020-12-14 16:53:37',NULL),(168,832,2020,40746,6,0,'2020-12-14 16:53:37','2020-12-14 16:53:37',NULL),(169,832,2020,40746,7,0,'2020-12-14 16:53:37','2020-12-14 16:53:37',NULL),(170,832,2020,40746,8,0,'2020-12-14 16:53:37','2020-12-14 16:53:37',NULL),(171,832,2020,40746,9,0,'2020-12-14 16:53:37','2020-12-14 16:53:37',NULL),(172,832,2020,40747,1,0,'2020-12-14 16:53:37','2020-12-14 16:53:37',NULL),(173,832,2020,40747,2,0,'2020-12-14 16:53:37','2020-12-14 16:53:37',NULL),(174,832,2020,40747,3,0,'2020-12-14 16:53:37','2020-12-14 16:53:37',NULL),(175,832,2020,40747,4,0,'2020-12-14 16:53:37','2020-12-14 16:53:37',NULL),(176,832,2020,40747,5,0,'2020-12-14 16:53:37','2020-12-14 16:53:37',NULL),(177,832,2020,40747,6,0,'2020-12-14 16:53:37','2020-12-14 16:53:37',NULL),(178,832,2020,40747,7,0,'2020-12-14 16:53:37','2020-12-14 16:53:37',NULL),(179,832,2020,40747,8,0,'2020-12-14 16:53:37','2020-12-14 16:53:37',NULL),(180,832,2020,40747,9,0,'2020-12-14 16:53:37','2020-12-14 16:53:37',NULL),(181,832,2020,40748,1,0,'2020-12-14 16:53:37','2020-12-14 16:53:37',NULL),(182,832,2020,40748,2,0,'2020-12-14 16:53:37','2020-12-14 16:53:37',NULL),(183,832,2020,40748,3,0,'2020-12-14 16:53:37','2020-12-14 16:53:37',NULL),(184,832,2020,40748,4,0,'2020-12-14 16:53:37','2020-12-14 16:53:37',NULL),(185,832,2020,40748,5,0,'2020-12-14 16:53:37','2020-12-14 16:53:37',NULL),(186,832,2020,40748,6,0,'2020-12-14 16:53:37','2020-12-14 16:53:37',NULL),(187,832,2020,40748,7,0,'2020-12-14 16:53:37','2020-12-14 16:53:37',NULL),(188,832,2020,40748,8,0,'2020-12-14 16:53:37','2020-12-14 16:53:37',NULL),(189,832,2020,40748,9,0,'2020-12-14 16:53:37','2020-12-14 16:53:37',NULL),(190,832,2020,40749,1,0,'2020-12-14 16:53:37','2020-12-14 16:53:37',NULL),(191,832,2020,40749,2,0,'2020-12-14 16:53:37','2020-12-14 16:53:37',NULL),(192,832,2020,40749,3,0,'2020-12-14 16:53:37','2020-12-14 16:53:37',NULL),(193,832,2020,40749,4,0,'2020-12-14 16:53:37','2020-12-14 16:53:37',NULL),(194,832,2020,40749,5,0,'2020-12-14 16:53:37','2020-12-14 16:53:37',NULL),(195,832,2020,40749,6,0,'2020-12-14 16:53:37','2020-12-14 16:53:37',NULL),(196,832,2020,40749,7,0,'2020-12-14 16:53:37','2020-12-14 16:53:37',NULL),(197,832,2020,40749,8,0,'2020-12-14 16:53:37','2020-12-14 16:53:37',NULL),(198,832,2020,40749,9,0,'2020-12-14 16:53:37','2020-12-14 16:53:37',NULL),(199,832,2020,40750,1,0,'2020-12-14 16:53:37','2020-12-14 16:53:37',NULL),(200,832,2020,40750,2,0,'2020-12-14 16:53:37','2020-12-14 16:53:37',NULL),(201,832,2020,40750,3,0,'2020-12-14 16:53:37','2020-12-14 16:53:37',NULL),(202,832,2020,40750,4,0,'2020-12-14 16:53:37','2020-12-14 16:53:37',NULL),(203,832,2020,40750,5,0,'2020-12-14 16:53:37','2020-12-14 16:53:37',NULL),(204,832,2020,40750,6,0,'2020-12-14 16:53:37','2020-12-14 16:53:37',NULL),(205,832,2020,40750,7,0,'2020-12-14 16:53:37','2020-12-14 16:53:37',NULL),(206,832,2020,40750,8,0,'2020-12-14 16:53:37','2020-12-14 16:53:37',NULL),(207,832,2020,40750,9,0,'2020-12-14 16:53:37','2020-12-14 16:53:37',NULL),(208,832,2020,40751,1,0,'2020-12-14 16:53:37','2020-12-14 16:53:37',NULL),(209,832,2020,40751,2,0,'2020-12-14 16:53:37','2020-12-14 16:53:37',NULL),(210,832,2020,40751,3,0,'2020-12-14 16:53:37','2020-12-14 16:53:37',NULL),(211,832,2020,40751,4,0,'2020-12-14 16:53:37','2020-12-14 16:53:37',NULL),(212,832,2020,40751,5,0,'2020-12-14 16:53:37','2020-12-14 16:53:37',NULL),(213,832,2020,40751,6,0,'2020-12-14 16:53:37','2020-12-14 16:53:37',NULL),(214,832,2020,40751,7,0,'2020-12-14 16:53:37','2020-12-14 16:53:37',NULL),(215,832,2020,40751,8,0,'2020-12-14 16:53:37','2020-12-14 16:53:37',NULL),(216,832,2020,40751,9,0,'2020-12-14 16:53:37','2020-12-14 16:53:37',NULL);
INSERT INTO `obl_anual_registros` VALUES (217,832,2020,40752,1,0,'2020-12-14 16:53:37','2020-12-14 16:53:37',NULL),(218,832,2020,40752,2,0,'2020-12-14 16:53:37','2020-12-14 16:53:37',NULL),(219,832,2020,40752,3,0,'2020-12-14 16:53:37','2020-12-14 16:53:37',NULL),(220,832,2020,40752,4,0,'2020-12-14 16:53:37','2020-12-14 16:53:37',NULL),(221,832,2020,40752,5,0,'2020-12-14 16:53:37','2020-12-14 16:53:37',NULL),(222,832,2020,40752,6,0,'2020-12-14 16:53:37','2020-12-14 16:53:37',NULL),(223,832,2020,40752,7,0,'2020-12-14 16:53:37','2020-12-14 16:53:37',NULL),(224,832,2020,40752,8,0,'2020-12-14 16:53:37','2020-12-14 16:53:37',NULL),(225,832,2020,40752,9,0,'2020-12-14 16:53:37','2020-12-14 16:53:37',NULL),(226,832,2020,40753,1,0,'2020-12-14 16:53:37','2020-12-14 16:53:37',NULL),(227,832,2020,40753,2,0,'2020-12-14 16:53:37','2020-12-14 16:53:37',NULL),(228,832,2020,40753,3,0,'2020-12-14 16:53:37','2020-12-14 16:53:37',NULL),(229,832,2020,40753,4,0,'2020-12-14 16:53:37','2020-12-14 16:53:37',NULL),(230,832,2020,40753,5,0,'2020-12-14 16:53:37','2020-12-14 16:53:37',NULL),(231,832,2020,40753,6,0,'2020-12-14 16:53:37','2020-12-14 16:53:37',NULL),(232,832,2020,40753,7,0,'2020-12-14 16:53:37','2020-12-14 16:53:37',NULL),(233,832,2020,40753,8,0,'2020-12-14 16:53:37','2020-12-14 16:53:37',NULL),(234,832,2020,40753,9,0,'2020-12-14 16:53:37','2020-12-14 16:53:37',NULL),(235,832,2020,40754,1,0,'2020-12-14 16:53:37','2020-12-14 16:53:37',NULL),(236,832,2020,40754,2,0,'2020-12-14 16:53:37','2020-12-14 16:53:37',NULL),(237,832,2020,40754,3,0,'2020-12-14 16:53:37','2020-12-14 16:53:37',NULL),(238,832,2020,40754,4,0,'2020-12-14 16:53:37','2020-12-14 16:53:37',NULL),(239,832,2020,40754,5,0,'2020-12-14 16:53:37','2020-12-14 16:53:37',NULL),(240,832,2020,40754,6,0,'2020-12-14 16:53:37','2020-12-14 16:53:37',NULL),(241,832,2020,40754,7,0,'2020-12-14 16:53:37','2020-12-14 16:53:37',NULL),(242,832,2020,40754,8,0,'2020-12-14 16:53:37','2020-12-14 16:53:37',NULL),(243,832,2020,40754,9,0,'2020-12-14 16:53:37','2020-12-14 16:53:37',NULL),(244,832,2020,40755,1,0,'2020-12-14 16:53:37','2020-12-14 16:53:37',NULL),(245,832,2020,40755,2,0,'2020-12-14 16:53:37','2020-12-14 16:53:37',NULL),(246,832,2020,40755,3,0,'2020-12-14 16:53:37','2020-12-14 16:53:37',NULL),(247,832,2020,40755,4,0,'2020-12-14 16:53:37','2020-12-14 16:53:37',NULL),(248,832,2020,40755,5,0,'2020-12-14 16:53:37','2020-12-14 16:53:37',NULL),(249,832,2020,40755,6,0,'2020-12-14 16:53:37','2020-12-14 16:53:37',NULL),(250,832,2020,40755,7,0,'2020-12-14 16:53:37','2020-12-14 16:53:37',NULL),(251,832,2020,40755,8,0,'2020-12-14 16:53:37','2020-12-14 16:53:37',NULL),(252,832,2020,40755,9,0,'2020-12-14 16:53:37','2020-12-14 16:53:37',NULL),(253,832,2020,40756,1,0,'2020-12-14 16:53:37','2020-12-14 16:53:37',NULL),(254,832,2020,40756,2,0,'2020-12-14 16:53:37','2020-12-14 16:53:37',NULL),(255,832,2020,40756,3,0,'2020-12-14 16:53:37','2020-12-14 16:53:37',NULL),(256,832,2020,40756,4,0,'2020-12-14 16:53:37','2020-12-14 16:53:37',NULL),(257,832,2020,40756,5,0,'2020-12-14 16:53:37','2020-12-14 16:53:37',NULL),(258,832,2020,40756,6,0,'2020-12-14 16:53:37','2020-12-14 16:53:37',NULL),(259,832,2020,40756,7,0,'2020-12-14 16:53:37','2020-12-14 16:53:37',NULL),(260,832,2020,40756,8,0,'2020-12-14 16:53:37','2020-12-14 16:53:37',NULL),(261,832,2020,40756,9,0,'2020-12-14 16:53:37','2020-12-14 16:53:37',NULL),(262,832,2020,40757,1,0,'2020-12-14 16:53:37','2020-12-14 16:53:37',NULL),(263,832,2020,40757,2,0,'2020-12-14 16:53:37','2020-12-14 16:53:37',NULL),(264,832,2020,40757,3,0,'2020-12-14 16:53:37','2020-12-14 16:53:37',NULL),(265,832,2020,40757,4,0,'2020-12-14 16:53:37','2020-12-14 16:53:37',NULL),(266,832,2020,40757,5,0,'2020-12-14 16:53:37','2020-12-14 16:53:37',NULL),(267,832,2020,40757,6,0,'2020-12-14 16:53:37','2020-12-14 16:53:37',NULL),(268,832,2020,40757,7,0,'2020-12-14 16:53:37','2020-12-14 16:53:37',NULL),(269,832,2020,40757,8,0,'2020-12-14 16:53:37','2020-12-14 16:53:37',NULL),(270,832,2020,40757,9,0,'2020-12-14 16:53:37','2020-12-14 16:53:37',NULL);
INSERT INTO `obl_anual_registros` VALUES (271,832,2020,40758,1,0,'2020-12-14 16:53:37','2020-12-14 16:53:37',NULL),(272,832,2020,40758,2,0,'2020-12-14 16:53:37','2020-12-14 16:53:37',NULL),(273,832,2020,40758,3,0,'2020-12-14 16:53:37','2020-12-14 16:53:37',NULL),(274,832,2020,40758,4,0,'2020-12-14 16:53:37','2020-12-14 16:53:37',NULL),(275,832,2020,40758,5,0,'2020-12-14 16:53:37','2020-12-14 16:53:37',NULL),(276,832,2020,40758,6,0,'2020-12-14 16:53:37','2020-12-14 16:53:37',NULL),(277,832,2020,40758,7,0,'2020-12-14 16:53:37','2020-12-14 16:53:37',NULL),(278,832,2020,40758,8,0,'2020-12-14 16:53:37','2020-12-14 16:53:37',NULL),(279,832,2020,40758,9,0,'2020-12-14 16:53:37','2020-12-14 16:53:37',NULL),(280,832,2020,40759,1,0,'2020-12-14 16:53:37','2020-12-14 16:53:37',NULL),(281,832,2020,40759,2,0,'2020-12-14 16:53:37','2020-12-14 16:53:37',NULL),(282,832,2020,40759,3,0,'2020-12-14 16:53:37','2020-12-14 16:53:37',NULL),(283,832,2020,40759,4,0,'2020-12-14 16:53:37','2020-12-14 16:53:37',NULL),(284,832,2020,40759,5,0,'2020-12-14 16:53:37','2020-12-14 16:53:37',NULL),(285,832,2020,40759,6,0,'2020-12-14 16:53:37','2020-12-14 16:53:37',NULL),(286,832,2020,40759,7,0,'2020-12-14 16:53:37','2020-12-14 16:53:37',NULL),(287,832,2020,40759,8,0,'2020-12-14 16:53:37','2020-12-14 16:53:37',NULL),(288,832,2020,40759,9,0,'2020-12-14 16:53:37','2020-12-14 16:53:37',NULL),(289,832,2021,40719,1,0,'2021-02-26 14:44:27','2021-02-26 14:44:27',NULL),(290,832,2021,40719,2,0,'2021-02-26 14:44:27','2021-02-26 14:44:27',NULL),(291,832,2021,40719,3,0,'2021-02-26 14:44:27','2021-02-26 14:44:27',NULL),(292,832,2021,40719,4,0,'2021-02-26 14:44:27','2021-02-26 14:44:27',NULL),(293,832,2021,40719,5,0,'2021-02-26 14:44:27','2021-02-26 14:44:27',NULL),(294,832,2021,40719,6,0,'2021-02-26 14:44:27','2021-02-26 14:44:27',NULL),(295,832,2021,40719,7,0,'2021-02-26 14:44:27','2021-02-26 14:44:27',NULL),(296,832,2021,40719,8,0,'2021-02-26 14:44:27','2021-02-26 14:44:27',NULL),(297,832,2021,40719,9,0,'2021-02-26 14:44:27','2021-02-26 14:44:27',NULL),(298,832,2021,40720,1,0,'2021-02-26 14:44:27','2021-02-26 14:44:27',NULL),(299,832,2021,40720,2,0,'2021-02-26 14:44:27','2021-02-26 14:44:27',NULL),(300,832,2021,40720,3,0,'2021-02-26 14:44:27','2021-02-26 14:44:27',NULL),(301,832,2021,40720,4,0,'2021-02-26 14:44:27','2021-02-26 14:44:27',NULL),(302,832,2021,40720,5,0,'2021-02-26 14:44:27','2021-02-26 14:44:27',NULL),(303,832,2021,40720,6,0,'2021-02-26 14:44:27','2021-02-26 14:44:27',NULL),(304,832,2021,40720,7,0,'2021-02-26 14:44:27','2021-02-26 14:44:27',NULL),(305,832,2021,40720,8,0,'2021-02-26 14:44:27','2021-02-26 14:44:27',NULL),(306,832,2021,40720,9,0,'2021-02-26 14:44:27','2021-02-26 14:44:27',NULL),(307,832,2021,40721,1,0,'2021-02-26 14:44:27','2021-02-26 14:44:27',NULL),(308,832,2021,40721,2,0,'2021-02-26 14:44:27','2021-02-26 14:44:27',NULL),(309,832,2021,40721,3,0,'2021-02-26 14:44:27','2021-02-26 14:44:27',NULL),(310,832,2021,40721,4,0,'2021-02-26 14:44:27','2021-02-26 14:44:27',NULL),(311,832,2021,40721,5,0,'2021-02-26 14:44:27','2021-02-26 14:44:27',NULL),(312,832,2021,40721,6,0,'2021-02-26 14:44:27','2021-02-26 14:44:27',NULL),(313,832,2021,40721,7,0,'2021-02-26 14:44:27','2021-02-26 14:44:27',NULL),(314,832,2021,40721,8,0,'2021-02-26 14:44:27','2021-02-26 14:44:27',NULL),(315,832,2021,40721,9,0,'2021-02-26 14:44:27','2021-02-26 14:44:27',NULL),(316,832,2021,40724,1,0,'2021-02-26 14:44:27','2021-02-26 14:44:27',NULL),(317,832,2021,40724,2,0,'2021-02-26 14:44:27','2021-02-26 14:44:27',NULL),(318,832,2021,40724,3,0,'2021-02-26 14:44:27','2021-02-26 14:44:27',NULL),(319,832,2021,40724,4,0,'2021-02-26 14:44:27','2021-02-26 14:44:27',NULL),(320,832,2021,40724,5,0,'2021-02-26 14:44:27','2021-02-26 14:44:27',NULL),(321,832,2021,40724,6,0,'2021-02-26 14:44:27','2021-02-26 14:44:27',NULL),(322,832,2021,40724,7,0,'2021-02-26 14:44:27','2021-02-26 14:44:27',NULL),(323,832,2021,40724,8,0,'2021-02-26 14:44:27','2021-02-26 14:44:27',NULL),(324,832,2021,40724,9,0,'2021-02-26 14:44:27','2021-02-26 14:44:27',NULL);
INSERT INTO `obl_anual_registros` VALUES (325,832,2021,40725,1,0,'2021-02-26 14:44:27','2021-02-26 14:44:27',NULL),(326,832,2021,40725,2,0,'2021-02-26 14:44:27','2021-02-26 14:44:27',NULL),(327,832,2021,40725,3,0,'2021-02-26 14:44:27','2021-02-26 14:44:27',NULL),(328,832,2021,40725,4,0,'2021-02-26 14:44:27','2021-02-26 14:44:27',NULL),(329,832,2021,40725,5,0,'2021-02-26 14:44:27','2021-02-26 14:44:27',NULL),(330,832,2021,40725,6,0,'2021-02-26 14:44:27','2021-02-26 14:44:27',NULL),(331,832,2021,40725,7,0,'2021-02-26 14:44:27','2021-02-26 14:44:27',NULL),(332,832,2021,40725,8,0,'2021-02-26 14:44:27','2021-02-26 14:44:27',NULL),(333,832,2021,40725,9,0,'2021-02-26 14:44:27','2021-02-26 14:44:27',NULL),(334,832,2021,40726,1,0,'2021-02-26 14:44:27','2021-02-26 14:44:27',NULL),(335,832,2021,40726,2,0,'2021-02-26 14:44:27','2021-02-26 14:44:27',NULL),(336,832,2021,40726,3,0,'2021-02-26 14:44:27','2021-02-26 14:44:27',NULL),(337,832,2021,40726,4,0,'2021-02-26 14:44:27','2021-02-26 14:44:27',NULL),(338,832,2021,40726,5,0,'2021-02-26 14:44:27','2021-02-26 14:44:27',NULL),(339,832,2021,40726,6,0,'2021-02-26 14:44:27','2021-02-26 14:44:27',NULL),(340,832,2021,40726,7,0,'2021-02-26 14:44:27','2021-02-26 14:44:27',NULL),(341,832,2021,40726,8,0,'2021-02-26 14:44:27','2021-02-26 14:44:27',NULL),(342,832,2021,40726,9,0,'2021-02-26 14:44:27','2021-02-26 14:44:27',NULL),(343,832,2021,40727,1,0,'2021-02-26 14:44:27','2021-02-26 14:44:27',NULL),(344,832,2021,40727,2,0,'2021-02-26 14:44:27','2021-02-26 14:44:27',NULL),(345,832,2021,40727,3,0,'2021-02-26 14:44:27','2021-02-26 14:44:27',NULL),(346,832,2021,40727,4,0,'2021-02-26 14:44:27','2021-02-26 14:44:27',NULL),(347,832,2021,40727,5,0,'2021-02-26 14:44:27','2021-02-26 14:44:27',NULL),(348,832,2021,40727,6,0,'2021-02-26 14:44:27','2021-02-26 14:44:27',NULL),(349,832,2021,40727,7,0,'2021-02-26 14:44:27','2021-02-26 14:44:27',NULL),(350,832,2021,40727,8,0,'2021-02-26 14:44:27','2021-02-26 14:44:27',NULL),(351,832,2021,40727,9,0,'2021-02-26 14:44:27','2021-02-26 14:44:27',NULL),(352,832,2021,40728,1,0,'2021-02-26 14:44:27','2021-02-26 14:44:27',NULL),(353,832,2021,40728,2,0,'2021-02-26 14:44:27','2021-02-26 14:44:27',NULL),(354,832,2021,40728,3,0,'2021-02-26 14:44:27','2021-02-26 14:44:27',NULL),(355,832,2021,40728,4,0,'2021-02-26 14:44:27','2021-02-26 14:44:27',NULL),(356,832,2021,40728,5,0,'2021-02-26 14:44:27','2021-02-26 14:44:27',NULL),(357,832,2021,40728,6,0,'2021-02-26 14:44:27','2021-02-26 14:44:27',NULL),(358,832,2021,40728,7,0,'2021-02-26 14:44:27','2021-02-26 14:44:27',NULL),(359,832,2021,40728,8,0,'2021-02-26 14:44:27','2021-02-26 14:44:27',NULL),(360,832,2021,40728,9,0,'2021-02-26 14:44:27','2021-02-26 14:44:27',NULL),(361,832,2021,40729,1,0,'2021-02-26 14:44:27','2021-02-26 14:44:27',NULL),(362,832,2021,40729,2,0,'2021-02-26 14:44:27','2021-02-26 14:44:27',NULL),(363,832,2021,40729,3,0,'2021-02-26 14:44:27','2021-02-26 14:44:27',NULL),(364,832,2021,40729,4,0,'2021-02-26 14:44:27','2021-02-26 14:44:27',NULL),(365,832,2021,40729,5,0,'2021-02-26 14:44:27','2021-02-26 14:44:27',NULL),(366,832,2021,40729,6,0,'2021-02-26 14:44:27','2021-02-26 14:44:27',NULL),(367,832,2021,40729,7,0,'2021-02-26 14:44:27','2021-02-26 14:44:27',NULL),(368,832,2021,40729,8,0,'2021-02-26 14:44:27','2021-02-26 14:44:27',NULL),(369,832,2021,40729,9,0,'2021-02-26 14:44:27','2021-02-26 14:44:27',NULL),(370,832,2021,40730,1,0,'2021-02-26 14:44:27','2021-02-26 14:44:27',NULL),(371,832,2021,40730,2,0,'2021-02-26 14:44:27','2021-02-26 14:44:27',NULL),(372,832,2021,40730,3,0,'2021-02-26 14:44:27','2021-02-26 14:44:27',NULL),(373,832,2021,40730,4,0,'2021-02-26 14:44:27','2021-02-26 14:44:27',NULL),(374,832,2021,40730,5,0,'2021-02-26 14:44:27','2021-02-26 14:44:27',NULL),(375,832,2021,40730,6,0,'2021-02-26 14:44:27','2021-02-26 14:44:27',NULL),(376,832,2021,40730,7,0,'2021-02-26 14:44:27','2021-02-26 14:44:27',NULL),(377,832,2021,40730,8,0,'2021-02-26 14:44:27','2021-02-26 14:44:27',NULL),(378,832,2021,40730,9,0,'2021-02-26 14:44:27','2021-02-26 14:44:27',NULL);
INSERT INTO `obl_anual_registros` VALUES (379,832,2021,40738,1,0,'2021-02-26 14:44:27','2021-02-26 14:44:27',NULL),(380,832,2021,40738,2,0,'2021-02-26 14:44:27','2021-02-26 14:44:27',NULL),(381,832,2021,40738,3,0,'2021-02-26 14:44:27','2021-02-26 14:44:27',NULL),(382,832,2021,40738,4,0,'2021-02-26 14:44:27','2021-02-26 14:44:27',NULL),(383,832,2021,40738,5,0,'2021-02-26 14:44:27','2021-02-26 14:44:27',NULL),(384,832,2021,40738,6,0,'2021-02-26 14:44:27','2021-02-26 14:44:27',NULL),(385,832,2021,40738,7,0,'2021-02-26 14:44:27','2021-02-26 14:44:27',NULL),(386,832,2021,40738,8,0,'2021-02-26 14:44:27','2021-02-26 14:44:27',NULL),(387,832,2021,40738,9,0,'2021-02-26 14:44:27','2021-02-26 14:44:27',NULL),(388,832,2021,40739,1,0,'2021-02-26 14:44:27','2021-02-26 14:44:27',NULL),(389,832,2021,40739,2,0,'2021-02-26 14:44:27','2021-02-26 14:44:27',NULL),(390,832,2021,40739,3,0,'2021-02-26 14:44:27','2021-02-26 14:44:27',NULL),(391,832,2021,40739,4,0,'2021-02-26 14:44:27','2021-02-26 14:44:27',NULL),(392,832,2021,40739,5,0,'2021-02-26 14:44:27','2021-02-26 14:44:27',NULL),(393,832,2021,40739,6,0,'2021-02-26 14:44:27','2021-02-26 14:44:27',NULL),(394,832,2021,40739,7,0,'2021-02-26 14:44:27','2021-02-26 14:44:27',NULL),(395,832,2021,40739,8,0,'2021-02-26 14:44:27','2021-02-26 14:44:27',NULL),(396,832,2021,40739,9,0,'2021-02-26 14:44:27','2021-02-26 14:44:27',NULL),(397,832,2021,40740,1,0,'2021-02-26 14:44:27','2021-02-26 14:44:27',NULL),(398,832,2021,40740,2,0,'2021-02-26 14:44:27','2021-02-26 14:44:27',NULL),(399,832,2021,40740,3,0,'2021-02-26 14:44:27','2021-02-26 14:44:27',NULL),(400,832,2021,40740,4,0,'2021-02-26 14:44:27','2021-02-26 14:44:27',NULL),(401,832,2021,40740,5,0,'2021-02-26 14:44:27','2021-02-26 14:44:27',NULL),(402,832,2021,40740,6,0,'2021-02-26 14:44:27','2021-02-26 14:44:27',NULL),(403,832,2021,40740,7,0,'2021-02-26 14:44:27','2021-02-26 14:44:27',NULL),(404,832,2021,40740,8,0,'2021-02-26 14:44:27','2021-02-26 14:44:27',NULL),(405,832,2021,40740,9,0,'2021-02-26 14:44:27','2021-02-26 14:44:27',NULL),(406,832,2021,40741,1,0,'2021-02-26 14:44:27','2021-02-26 14:44:27',NULL),(407,832,2021,40741,2,0,'2021-02-26 14:44:27','2021-02-26 14:44:27',NULL),(408,832,2021,40741,3,0,'2021-02-26 14:44:27','2021-02-26 14:44:27',NULL),(409,832,2021,40741,4,0,'2021-02-26 14:44:27','2021-02-26 14:44:27',NULL),(410,832,2021,40741,5,0,'2021-02-26 14:44:27','2021-02-26 14:44:27',NULL),(411,832,2021,40741,6,0,'2021-02-26 14:44:27','2021-02-26 14:44:27',NULL),(412,832,2021,40741,7,0,'2021-02-26 14:44:27','2021-02-26 14:44:27',NULL),(413,832,2021,40741,8,0,'2021-02-26 14:44:27','2021-02-26 14:44:27',NULL),(414,832,2021,40741,9,0,'2021-02-26 14:44:27','2021-02-26 14:44:27',NULL),(415,832,2021,40742,1,0,'2021-02-26 14:44:27','2021-02-26 14:44:27',NULL),(416,832,2021,40742,2,0,'2021-02-26 14:44:27','2021-02-26 14:44:27',NULL),(417,832,2021,40742,3,0,'2021-02-26 14:44:27','2021-02-26 14:44:27',NULL),(418,832,2021,40742,4,0,'2021-02-26 14:44:27','2021-02-26 14:44:27',NULL),(419,832,2021,40742,5,0,'2021-02-26 14:44:27','2021-02-26 14:44:27',NULL),(420,832,2021,40742,6,0,'2021-02-26 14:44:27','2021-02-26 14:44:27',NULL),(421,832,2021,40742,7,0,'2021-02-26 14:44:27','2021-02-26 14:44:27',NULL),(422,832,2021,40742,8,0,'2021-02-26 14:44:27','2021-02-26 14:44:27',NULL),(423,832,2021,40742,9,0,'2021-02-26 14:44:27','2021-02-26 14:44:27',NULL),(424,832,2021,40743,1,0,'2021-02-26 14:44:27','2021-02-26 14:44:27',NULL),(425,832,2021,40743,2,0,'2021-02-26 14:44:27','2021-02-26 14:44:27',NULL),(426,832,2021,40743,3,0,'2021-02-26 14:44:27','2021-02-26 14:44:27',NULL),(427,832,2021,40743,4,0,'2021-02-26 14:44:27','2021-02-26 14:44:27',NULL),(428,832,2021,40743,5,0,'2021-02-26 14:44:27','2021-02-26 14:44:27',NULL),(429,832,2021,40743,6,0,'2021-02-26 14:44:27','2021-02-26 14:44:27',NULL),(430,832,2021,40743,7,0,'2021-02-26 14:44:27','2021-02-26 14:44:27',NULL),(431,832,2021,40743,8,0,'2021-02-26 14:44:27','2021-02-26 14:44:27',NULL),(432,832,2021,40743,9,0,'2021-02-26 14:44:27','2021-02-26 14:44:27',NULL);
INSERT INTO `obl_anual_registros` VALUES (433,832,2021,40744,1,0,'2021-02-26 14:44:27','2021-02-26 14:44:27',NULL),(434,832,2021,40744,2,0,'2021-02-26 14:44:27','2021-02-26 14:44:27',NULL),(435,832,2021,40744,3,0,'2021-02-26 14:44:27','2021-02-26 14:44:27',NULL),(436,832,2021,40744,4,0,'2021-02-26 14:44:27','2021-02-26 14:44:27',NULL),(437,832,2021,40744,5,0,'2021-02-26 14:44:27','2021-02-26 14:44:27',NULL),(438,832,2021,40744,6,0,'2021-02-26 14:44:27','2021-02-26 14:44:27',NULL),(439,832,2021,40744,7,0,'2021-02-26 14:44:27','2021-02-26 14:44:27',NULL),(440,832,2021,40744,8,0,'2021-02-26 14:44:27','2021-02-26 14:44:27',NULL),(441,832,2021,40744,9,0,'2021-02-26 14:44:27','2021-02-26 14:44:27',NULL),(442,832,2021,40745,1,0,'2021-02-26 14:44:27','2021-02-26 14:44:27',NULL),(443,832,2021,40745,2,0,'2021-02-26 14:44:27','2021-02-26 14:44:27',NULL),(444,832,2021,40745,3,0,'2021-02-26 14:44:27','2021-02-26 14:44:27',NULL),(445,832,2021,40745,4,0,'2021-02-26 14:44:27','2021-02-26 14:44:27',NULL),(446,832,2021,40745,5,0,'2021-02-26 14:44:27','2021-02-26 14:44:27',NULL),(447,832,2021,40745,6,0,'2021-02-26 14:44:27','2021-02-26 14:44:27',NULL),(448,832,2021,40745,7,0,'2021-02-26 14:44:27','2021-02-26 14:44:27',NULL),(449,832,2021,40745,8,0,'2021-02-26 14:44:27','2021-02-26 14:44:27',NULL),(450,832,2021,40745,9,0,'2021-02-26 14:44:27','2021-02-26 14:44:27',NULL),(451,832,2021,40746,1,0,'2021-02-26 14:44:27','2021-02-26 14:44:27',NULL),(452,832,2021,40746,2,0,'2021-02-26 14:44:27','2021-02-26 14:44:27',NULL),(453,832,2021,40746,3,0,'2021-02-26 14:44:27','2021-02-26 14:44:27',NULL),(454,832,2021,40746,4,0,'2021-02-26 14:44:27','2021-02-26 14:44:27',NULL),(455,832,2021,40746,5,0,'2021-02-26 14:44:27','2021-02-26 14:44:27',NULL),(456,832,2021,40746,6,0,'2021-02-26 14:44:27','2021-02-26 14:44:27',NULL),(457,832,2021,40746,7,0,'2021-02-26 14:44:27','2021-02-26 14:44:27',NULL),(458,832,2021,40746,8,0,'2021-02-26 14:44:27','2021-02-26 14:44:27',NULL),(459,832,2021,40746,9,0,'2021-02-26 14:44:27','2021-02-26 14:44:27',NULL),(460,832,2021,40747,1,0,'2021-02-26 14:44:27','2021-02-26 14:44:27',NULL),(461,832,2021,40747,2,0,'2021-02-26 14:44:27','2021-02-26 14:44:27',NULL),(462,832,2021,40747,3,0,'2021-02-26 14:44:27','2021-02-26 14:44:27',NULL),(463,832,2021,40747,4,0,'2021-02-26 14:44:27','2021-02-26 14:44:27',NULL),(464,832,2021,40747,5,0,'2021-02-26 14:44:27','2021-02-26 14:44:27',NULL),(465,832,2021,40747,6,0,'2021-02-26 14:44:27','2021-02-26 14:44:27',NULL),(466,832,2021,40747,7,0,'2021-02-26 14:44:27','2021-02-26 14:44:27',NULL),(467,832,2021,40747,8,0,'2021-02-26 14:44:27','2021-02-26 14:44:27',NULL),(468,832,2021,40747,9,0,'2021-02-26 14:44:27','2021-02-26 14:44:27',NULL),(469,832,2021,40748,1,0,'2021-02-26 14:44:27','2021-02-26 14:44:27',NULL),(470,832,2021,40748,2,0,'2021-02-26 14:44:27','2021-02-26 14:44:27',NULL),(471,832,2021,40748,3,0,'2021-02-26 14:44:27','2021-02-26 14:44:27',NULL),(472,832,2021,40748,4,0,'2021-02-26 14:44:27','2021-02-26 14:44:27',NULL),(473,832,2021,40748,5,0,'2021-02-26 14:44:27','2021-02-26 14:44:27',NULL),(474,832,2021,40748,6,0,'2021-02-26 14:44:27','2021-02-26 14:44:27',NULL),(475,832,2021,40748,7,0,'2021-02-26 14:44:27','2021-02-26 14:44:27',NULL),(476,832,2021,40748,8,0,'2021-02-26 14:44:27','2021-02-26 14:44:27',NULL),(477,832,2021,40748,9,0,'2021-02-26 14:44:27','2021-02-26 14:44:27',NULL),(478,832,2021,40749,1,0,'2021-02-26 14:44:27','2021-02-26 14:44:27',NULL),(479,832,2021,40749,2,0,'2021-02-26 14:44:27','2021-02-26 14:44:27',NULL),(480,832,2021,40749,3,0,'2021-02-26 14:44:27','2021-02-26 14:44:27',NULL),(481,832,2021,40749,4,0,'2021-02-26 14:44:27','2021-02-26 14:44:27',NULL),(482,832,2021,40749,5,0,'2021-02-26 14:44:27','2021-02-26 14:44:27',NULL),(483,832,2021,40749,6,0,'2021-02-26 14:44:27','2021-02-26 14:44:27',NULL),(484,832,2021,40749,7,0,'2021-02-26 14:44:27','2021-02-26 14:44:27',NULL),(485,832,2021,40749,8,0,'2021-02-26 14:44:27','2021-02-26 14:44:27',NULL),(486,832,2021,40749,9,0,'2021-02-26 14:44:27','2021-02-26 14:44:27',NULL);
INSERT INTO `obl_anual_registros` VALUES (487,832,2021,40750,1,0,'2021-02-26 14:44:27','2021-02-26 14:44:27',NULL),(488,832,2021,40750,2,0,'2021-02-26 14:44:27','2021-02-26 14:44:27',NULL),(489,832,2021,40750,3,0,'2021-02-26 14:44:27','2021-02-26 14:44:27',NULL),(490,832,2021,40750,4,0,'2021-02-26 14:44:27','2021-02-26 14:44:27',NULL),(491,832,2021,40750,5,0,'2021-02-26 14:44:27','2021-02-26 14:44:27',NULL),(492,832,2021,40750,6,0,'2021-02-26 14:44:27','2021-02-26 14:44:27',NULL),(493,832,2021,40750,7,0,'2021-02-26 14:44:27','2021-02-26 14:44:27',NULL),(494,832,2021,40750,8,0,'2021-02-26 14:44:27','2021-02-26 14:44:27',NULL),(495,832,2021,40750,9,0,'2021-02-26 14:44:27','2021-02-26 14:44:27',NULL),(496,832,2021,40751,1,0,'2021-02-26 14:44:27','2021-02-26 14:44:27',NULL),(497,832,2021,40751,2,0,'2021-02-26 14:44:27','2021-02-26 14:44:27',NULL),(498,832,2021,40751,3,0,'2021-02-26 14:44:27','2021-02-26 14:44:27',NULL),(499,832,2021,40751,4,0,'2021-02-26 14:44:27','2021-02-26 14:44:27',NULL),(500,832,2021,40751,5,0,'2021-02-26 14:44:27','2021-02-26 14:44:27',NULL),(501,832,2021,40751,6,0,'2021-02-26 14:44:27','2021-02-26 14:44:27',NULL),(502,832,2021,40751,7,0,'2021-02-26 14:44:27','2021-02-26 14:44:27',NULL),(503,832,2021,40751,8,0,'2021-02-26 14:44:27','2021-02-26 14:44:27',NULL),(504,832,2021,40751,9,0,'2021-02-26 14:44:27','2021-02-26 14:44:27',NULL),(505,832,2021,40752,1,0,'2021-02-26 14:44:27','2021-02-26 14:44:27',NULL),(506,832,2021,40752,2,0,'2021-02-26 14:44:27','2021-02-26 14:44:27',NULL),(507,832,2021,40752,3,0,'2021-02-26 14:44:27','2021-02-26 14:44:27',NULL),(508,832,2021,40752,4,0,'2021-02-26 14:44:27','2021-02-26 14:44:27',NULL),(509,832,2021,40752,5,0,'2021-02-26 14:44:27','2021-02-26 14:44:27',NULL),(510,832,2021,40752,6,0,'2021-02-26 14:44:27','2021-02-26 14:44:27',NULL),(511,832,2021,40752,7,0,'2021-02-26 14:44:27','2021-02-26 14:44:27',NULL),(512,832,2021,40752,8,0,'2021-02-26 14:44:27','2021-02-26 14:44:27',NULL),(513,832,2021,40752,9,0,'2021-02-26 14:44:27','2021-02-26 14:44:27',NULL),(514,832,2021,40753,1,0,'2021-02-26 14:44:27','2021-02-26 14:44:27',NULL),(515,832,2021,40753,2,0,'2021-02-26 14:44:27','2021-02-26 14:44:27',NULL),(516,832,2021,40753,3,0,'2021-02-26 14:44:27','2021-02-26 14:44:27',NULL),(517,832,2021,40753,4,0,'2021-02-26 14:44:27','2021-02-26 14:44:27',NULL),(518,832,2021,40753,5,0,'2021-02-26 14:44:27','2021-02-26 14:44:27',NULL),(519,832,2021,40753,6,0,'2021-02-26 14:44:27','2021-02-26 14:44:27',NULL),(520,832,2021,40753,7,0,'2021-02-26 14:44:27','2021-02-26 14:44:27',NULL),(521,832,2021,40753,8,0,'2021-02-26 14:44:27','2021-02-26 14:44:27',NULL),(522,832,2021,40753,9,0,'2021-02-26 14:44:27','2021-02-26 14:44:27',NULL),(523,832,2021,40754,1,0,'2021-02-26 14:44:27','2021-02-26 14:44:27',NULL),(524,832,2021,40754,2,0,'2021-02-26 14:44:27','2021-02-26 14:44:27',NULL),(525,832,2021,40754,3,0,'2021-02-26 14:44:27','2021-02-26 14:44:27',NULL),(526,832,2021,40754,4,0,'2021-02-26 14:44:27','2021-02-26 14:44:27',NULL),(527,832,2021,40754,5,0,'2021-02-26 14:44:27','2021-02-26 14:44:27',NULL),(528,832,2021,40754,6,0,'2021-02-26 14:44:27','2021-02-26 14:44:27',NULL),(529,832,2021,40754,7,0,'2021-02-26 14:44:27','2021-02-26 14:44:27',NULL),(530,832,2021,40754,8,0,'2021-02-26 14:44:27','2021-02-26 14:44:27',NULL),(531,832,2021,40754,9,0,'2021-02-26 14:44:27','2021-02-26 14:44:27',NULL),(532,832,2021,40755,1,0,'2021-02-26 14:44:27','2021-02-26 14:44:27',NULL),(533,832,2021,40755,2,0,'2021-02-26 14:44:27','2021-02-26 14:44:27',NULL),(534,832,2021,40755,3,0,'2021-02-26 14:44:27','2021-02-26 14:44:27',NULL),(535,832,2021,40755,4,0,'2021-02-26 14:44:27','2021-02-26 14:44:27',NULL),(536,832,2021,40755,5,0,'2021-02-26 14:44:27','2021-02-26 14:44:27',NULL),(537,832,2021,40755,6,0,'2021-02-26 14:44:27','2021-02-26 14:44:27',NULL),(538,832,2021,40755,7,0,'2021-02-26 14:44:27','2021-02-26 14:44:27',NULL),(539,832,2021,40755,8,0,'2021-02-26 14:44:27','2021-02-26 14:44:27',NULL),(540,832,2021,40755,9,0,'2021-02-26 14:44:27','2021-02-26 14:44:27',NULL);
INSERT INTO `obl_anual_registros` VALUES (541,832,2021,40756,1,0,'2021-02-26 14:44:27','2021-02-26 14:44:27',NULL),(542,832,2021,40756,2,0,'2021-02-26 14:44:27','2021-02-26 14:44:27',NULL),(543,832,2021,40756,3,0,'2021-02-26 14:44:27','2021-02-26 14:44:27',NULL),(544,832,2021,40756,4,0,'2021-02-26 14:44:27','2021-02-26 14:44:27',NULL),(545,832,2021,40756,5,0,'2021-02-26 14:44:27','2021-02-26 14:44:27',NULL),(546,832,2021,40756,6,0,'2021-02-26 14:44:27','2021-02-26 14:44:27',NULL),(547,832,2021,40756,7,0,'2021-02-26 14:44:27','2021-02-26 14:44:27',NULL),(548,832,2021,40756,8,0,'2021-02-26 14:44:27','2021-02-26 14:44:27',NULL),(549,832,2021,40756,9,0,'2021-02-26 14:44:27','2021-02-26 14:44:27',NULL),(550,832,2021,40757,1,0,'2021-02-26 14:44:27','2021-02-26 14:44:27',NULL),(551,832,2021,40757,2,0,'2021-02-26 14:44:27','2021-02-26 14:44:27',NULL),(552,832,2021,40757,3,0,'2021-02-26 14:44:27','2021-02-26 14:44:27',NULL),(553,832,2021,40757,4,0,'2021-02-26 14:44:27','2021-02-26 14:44:27',NULL),(554,832,2021,40757,5,0,'2021-02-26 14:44:27','2021-02-26 14:44:27',NULL),(555,832,2021,40757,6,0,'2021-02-26 14:44:27','2021-02-26 14:44:27',NULL),(556,832,2021,40757,7,0,'2021-02-26 14:44:27','2021-02-26 14:44:27',NULL),(557,832,2021,40757,8,0,'2021-02-26 14:44:27','2021-02-26 14:44:27',NULL),(558,832,2021,40757,9,0,'2021-02-26 14:44:27','2021-02-26 14:44:27',NULL),(559,832,2021,40758,1,0,'2021-02-26 14:44:27','2021-02-26 14:44:27',NULL),(560,832,2021,40758,2,0,'2021-02-26 14:44:27','2021-02-26 14:44:27',NULL),(561,832,2021,40758,3,0,'2021-02-26 14:44:27','2021-02-26 14:44:27',NULL),(562,832,2021,40758,4,0,'2021-02-26 14:44:27','2021-02-26 14:44:27',NULL),(563,832,2021,40758,5,0,'2021-02-26 14:44:27','2021-02-26 14:44:27',NULL),(564,832,2021,40758,6,0,'2021-02-26 14:44:27','2021-02-26 14:44:27',NULL),(565,832,2021,40758,7,0,'2021-02-26 14:44:27','2021-02-26 14:44:27',NULL),(566,832,2021,40758,8,0,'2021-02-26 14:44:27','2021-02-26 14:44:27',NULL),(567,832,2021,40758,9,0,'2021-02-26 14:44:27','2021-02-26 14:44:27',NULL),(568,832,2021,40759,1,0,'2021-02-26 14:44:27','2021-02-26 14:44:27',NULL),(569,832,2021,40759,2,0,'2021-02-26 14:44:27','2021-02-26 14:44:27',NULL),(570,832,2021,40759,3,0,'2021-02-26 14:44:27','2021-02-26 14:44:27',NULL),(571,832,2021,40759,4,0,'2021-02-26 14:44:27','2021-02-26 14:44:27',NULL),(572,832,2021,40759,5,0,'2021-02-26 14:44:27','2021-02-26 14:44:27',NULL),(573,832,2021,40759,6,0,'2021-02-26 14:44:27','2021-02-26 14:44:27',NULL),(574,832,2021,40759,7,0,'2021-02-26 14:44:27','2021-02-26 14:44:27',NULL),(575,832,2021,40759,8,0,'2021-02-26 14:44:27','2021-02-26 14:44:27',NULL),(576,832,2021,40759,9,0,'2021-02-26 14:44:27','2021-02-26 14:44:27',NULL),(577,832,2021,40761,1,0,'2021-02-26 14:44:27','2021-02-26 14:44:27',NULL),(578,832,2021,40761,2,0,'2021-02-26 14:44:27','2021-02-26 14:44:27',NULL),(579,832,2021,40761,3,0,'2021-02-26 14:44:27','2021-02-26 14:44:27',NULL),(580,832,2021,40761,4,0,'2021-02-26 14:44:27','2021-02-26 14:44:27',NULL),(581,832,2021,40761,5,0,'2021-02-26 14:44:27','2021-02-26 14:44:27',NULL),(582,832,2021,40761,6,0,'2021-02-26 14:44:27','2021-02-26 14:44:27',NULL),(583,832,2021,40761,7,0,'2021-02-26 14:44:27','2021-02-26 14:44:27',NULL),(584,832,2021,40761,8,0,'2021-02-26 14:44:27','2021-02-26 14:44:27',NULL),(585,832,2021,40761,9,0,'2021-02-26 14:44:27','2021-02-26 14:44:27',NULL),(586,832,2021,40772,1,0,'2021-02-26 14:44:27','2021-02-26 14:44:27',NULL),(587,832,2021,40772,2,0,'2021-02-26 14:44:27','2021-02-26 14:44:27',NULL),(588,832,2021,40772,3,0,'2021-02-26 14:44:27','2021-02-26 14:44:27',NULL),(589,832,2021,40772,4,0,'2021-02-26 14:44:27','2021-02-26 14:44:27',NULL),(590,832,2021,40772,5,0,'2021-02-26 14:44:27','2021-02-26 14:44:27',NULL),(591,832,2021,40772,6,0,'2021-02-26 14:44:27','2021-02-26 14:44:27',NULL),(592,832,2021,40772,7,0,'2021-02-26 14:44:27','2021-02-26 14:44:27',NULL),(593,832,2021,40772,8,0,'2021-02-26 14:44:27','2021-02-26 14:44:27',NULL),(594,832,2021,40772,9,0,'2021-02-26 14:44:27','2021-02-26 14:44:27',NULL);
INSERT INTO `obl_anual_registros` VALUES (595,832,2021,40778,1,0,'2021-05-20 13:22:34','2021-05-20 13:22:34',NULL),(596,832,2021,40778,2,0,'2021-05-20 13:22:34','2021-05-20 13:22:34',NULL),(597,832,2021,40778,3,0,'2021-05-20 13:22:34','2021-05-20 13:22:34',NULL),(598,832,2021,40778,4,0,'2021-05-20 13:22:34','2021-05-20 13:22:34',NULL),(599,832,2021,40778,5,0,'2021-05-20 13:22:34','2021-05-20 13:22:34',NULL),(600,832,2021,40778,6,0,'2021-05-20 13:22:34','2021-05-20 13:22:34',NULL),(601,832,2021,40778,7,0,'2021-05-20 13:22:34','2021-05-20 13:22:34',NULL),(602,832,2021,40778,8,0,'2021-05-20 13:22:34','2021-05-20 13:22:34',NULL),(603,832,2021,40778,9,0,'2021-05-20 13:22:34','2021-05-20 13:22:34',NULL),(604,832,2021,40780,1,0,'2021-05-20 13:22:34','2021-05-20 13:22:34',NULL),(605,832,2021,40780,2,0,'2021-05-20 13:22:34','2021-05-20 13:22:34',NULL),(606,832,2021,40780,3,0,'2021-05-20 13:22:34','2021-05-20 13:22:34',NULL),(607,832,2021,40780,4,0,'2021-05-20 13:22:34','2021-05-20 13:22:34',NULL),(608,832,2021,40780,5,0,'2021-05-20 13:22:34','2021-05-20 13:22:34',NULL),(609,832,2021,40780,6,0,'2021-05-20 13:22:34','2021-05-20 13:22:34',NULL),(610,832,2021,40780,7,0,'2021-05-20 13:22:34','2021-05-20 13:22:34',NULL),(611,832,2021,40780,8,0,'2021-05-20 13:22:34','2021-05-20 13:22:34',NULL),(612,832,2021,40780,9,0,'2021-05-20 13:22:34','2021-05-20 13:22:34',NULL),(613,832,2021,40779,1,0,'2021-05-20 13:22:34','2021-05-20 13:22:34',NULL),(614,832,2021,40779,2,0,'2021-05-20 13:22:34','2021-05-20 13:22:34',NULL),(615,832,2021,40779,3,0,'2021-05-20 13:22:34','2021-05-20 13:22:34',NULL),(616,832,2021,40779,4,0,'2021-05-20 13:22:34','2021-05-20 13:22:34',NULL),(617,832,2021,40779,5,0,'2021-05-20 13:22:34','2021-05-20 13:22:34',NULL),(618,832,2021,40779,6,0,'2021-05-20 13:22:34','2021-05-20 13:22:34',NULL),(619,832,2021,40779,7,0,'2021-05-20 13:22:34','2021-05-20 13:22:34',NULL),(620,832,2021,40779,8,0,'2021-05-20 13:22:34','2021-05-20 13:22:34',NULL),(621,832,2021,40779,9,0,'2021-05-20 13:22:34','2021-05-20 13:22:34',NULL),(622,832,2021,40791,1,0,'2021-05-20 13:22:34','2021-05-20 13:22:34',NULL),(623,832,2021,40791,2,0,'2021-05-20 13:22:34','2021-05-20 13:22:34',NULL),(624,832,2021,40791,3,0,'2021-05-20 13:22:34','2021-05-20 13:22:34',NULL),(625,832,2021,40791,4,0,'2021-05-20 13:22:34','2021-05-20 13:22:34',NULL),(626,832,2021,40791,5,0,'2021-05-20 13:22:34','2021-05-20 13:22:34',NULL),(627,832,2021,40791,6,0,'2021-05-20 13:22:34','2021-05-20 13:22:34',NULL),(628,832,2021,40791,7,0,'2021-05-20 13:22:34','2021-05-20 13:22:34',NULL),(629,832,2021,40791,8,0,'2021-05-20 13:22:34','2021-05-20 13:22:34',NULL),(630,832,2021,40791,9,0,'2021-05-20 13:22:34','2021-05-20 13:22:34',NULL),(631,832,2021,40813,1,0,'2021-10-18 17:18:36','2021-10-18 17:18:36',NULL),(632,832,2021,40813,2,0,'2021-10-18 17:18:36','2021-10-18 17:18:36',NULL),(633,832,2021,40813,3,0,'2021-10-18 17:18:36','2021-10-18 17:18:36',NULL),(634,832,2021,40813,4,0,'2021-10-18 17:18:36','2021-10-18 17:18:36',NULL),(635,832,2021,40813,5,0,'2021-10-18 17:18:36','2021-10-18 17:18:36',NULL),(636,832,2021,40813,6,0,'2021-10-18 17:18:36','2021-10-18 17:18:36',NULL),(637,832,2021,40813,7,0,'2021-10-18 17:18:36','2021-10-18 17:18:36',NULL),(638,832,2021,40813,8,0,'2021-10-18 17:18:36','2021-10-18 17:18:36',NULL),(639,832,2021,40813,9,0,'2021-10-18 17:18:36','2021-10-18 17:18:36',NULL),(640,832,2021,40838,1,0,'2021-10-27 13:19:29','2021-10-27 13:19:29',NULL),(641,832,2021,40838,2,0,'2021-10-27 13:19:29','2021-10-27 13:19:29',NULL),(642,832,2021,40838,3,0,'2021-10-27 13:19:29','2021-10-27 13:19:29',NULL),(643,832,2021,40838,4,0,'2021-10-27 13:19:29','2021-10-27 13:19:29',NULL),(644,832,2021,40838,5,0,'2021-10-27 13:19:29','2021-10-27 13:19:29',NULL),(645,832,2021,40838,6,0,'2021-10-27 13:19:29','2021-10-27 13:19:29',NULL),(646,832,2021,40838,7,0,'2021-10-27 13:19:29','2021-10-27 13:19:29',NULL),(647,832,2021,40838,8,0,'2021-10-27 13:19:29','2021-10-27 13:19:29',NULL),(648,832,2021,40838,9,0,'2021-10-27 13:19:29','2021-10-27 13:19:29',NULL);
INSERT INTO `obl_anual_registros` VALUES (649,832,2023,40719,1,0,'2023-04-11 14:55:32','2023-04-11 14:55:32',NULL),(650,832,2023,40719,2,0,'2023-04-11 14:55:32','2023-04-11 14:55:32',NULL),(651,832,2023,40719,3,0,'2023-04-11 14:55:32','2023-04-11 14:55:32',NULL),(652,832,2023,40719,4,0,'2023-04-11 14:55:32','2023-04-11 14:55:32',NULL),(653,832,2023,40719,5,0,'2023-04-11 14:55:32','2023-04-11 14:55:32',NULL),(654,832,2023,40719,6,0,'2023-04-11 14:55:32','2023-04-11 14:55:32',NULL),(655,832,2023,40719,7,0,'2023-04-11 14:55:32','2023-04-11 14:55:32',NULL),(656,832,2023,40719,8,0,'2023-04-11 14:55:32','2023-04-11 14:55:32',NULL),(657,832,2023,40719,9,0,'2023-04-11 14:55:32','2023-04-11 14:55:32',NULL),(658,832,2023,40720,1,0,'2023-04-11 14:55:32','2023-04-11 14:55:32',NULL),(659,832,2023,40720,2,0,'2023-04-11 14:55:32','2023-04-11 14:55:32',NULL),(660,832,2023,40720,3,0,'2023-04-11 14:55:32','2023-04-11 14:55:32',NULL),(661,832,2023,40720,4,0,'2023-04-11 14:55:32','2023-04-11 14:55:32',NULL),(662,832,2023,40720,5,0,'2023-04-11 14:55:32','2023-04-11 14:55:32',NULL),(663,832,2023,40720,6,0,'2023-04-11 14:55:32','2023-04-11 14:55:32',NULL),(664,832,2023,40720,7,0,'2023-04-11 14:55:32','2023-04-11 14:55:32',NULL),(665,832,2023,40720,8,0,'2023-04-11 14:55:32','2023-04-11 14:55:32',NULL),(666,832,2023,40720,9,0,'2023-04-11 14:55:32','2023-04-11 14:55:32',NULL),(667,832,2023,40721,1,0,'2023-04-11 14:55:32','2023-04-11 14:55:32',NULL),(668,832,2023,40721,2,0,'2023-04-11 14:55:32','2023-04-11 14:55:32',NULL),(669,832,2023,40721,3,0,'2023-04-11 14:55:32','2023-04-11 14:55:32',NULL),(670,832,2023,40721,4,0,'2023-04-11 14:55:32','2023-04-11 14:55:32',NULL),(671,832,2023,40721,5,0,'2023-04-11 14:55:32','2023-04-11 14:55:32',NULL),(672,832,2023,40721,6,0,'2023-04-11 14:55:32','2023-04-11 14:55:32',NULL),(673,832,2023,40721,7,0,'2023-04-11 14:55:32','2023-04-11 14:55:32',NULL),(674,832,2023,40721,8,0,'2023-04-11 14:55:32','2023-04-11 14:55:32',NULL),(675,832,2023,40721,9,0,'2023-04-11 14:55:32','2023-04-11 14:55:32',NULL),(676,832,2023,40724,1,0,'2023-04-11 14:55:32','2023-04-11 14:55:32',NULL),(677,832,2023,40724,2,0,'2023-04-11 14:55:32','2023-04-11 14:55:32',NULL),(678,832,2023,40724,3,0,'2023-04-11 14:55:32','2023-04-11 14:55:32',NULL),(679,832,2023,40724,4,0,'2023-04-11 14:55:32','2023-04-11 14:55:32',NULL),(680,832,2023,40724,5,0,'2023-04-11 14:55:32','2023-04-11 14:55:32',NULL),(681,832,2023,40724,6,0,'2023-04-11 14:55:32','2023-04-11 14:55:32',NULL),(682,832,2023,40724,7,0,'2023-04-11 14:55:32','2023-04-11 14:55:32',NULL),(683,832,2023,40724,8,0,'2023-04-11 14:55:32','2023-04-11 14:55:32',NULL),(684,832,2023,40724,9,0,'2023-04-11 14:55:32','2023-04-11 14:55:32',NULL),(685,832,2023,40725,1,0,'2023-04-11 14:55:32','2023-04-11 14:55:32',NULL),(686,832,2023,40725,2,0,'2023-04-11 14:55:32','2023-04-11 14:55:32',NULL),(687,832,2023,40725,3,0,'2023-04-11 14:55:32','2023-04-11 14:55:32',NULL),(688,832,2023,40725,4,0,'2023-04-11 14:55:32','2023-04-11 14:55:32',NULL),(689,832,2023,40725,5,0,'2023-04-11 14:55:32','2023-04-11 14:55:32',NULL),(690,832,2023,40725,6,0,'2023-04-11 14:55:32','2023-04-11 14:55:32',NULL),(691,832,2023,40725,7,0,'2023-04-11 14:55:32','2023-04-11 14:55:32',NULL),(692,832,2023,40725,8,0,'2023-04-11 14:55:32','2023-04-11 14:55:32',NULL),(693,832,2023,40725,9,0,'2023-04-11 14:55:32','2023-04-11 14:55:32',NULL),(694,832,2023,40726,1,0,'2023-04-11 14:55:32','2023-04-11 14:55:32',NULL),(695,832,2023,40726,2,0,'2023-04-11 14:55:32','2023-04-11 14:55:32',NULL),(696,832,2023,40726,3,0,'2023-04-11 14:55:32','2023-04-11 14:55:32',NULL),(697,832,2023,40726,4,0,'2023-04-11 14:55:32','2023-04-11 14:55:32',NULL),(698,832,2023,40726,5,0,'2023-04-11 14:55:32','2023-04-11 14:55:32',NULL),(699,832,2023,40726,6,0,'2023-04-11 14:55:32','2023-04-11 14:55:32',NULL),(700,832,2023,40726,7,0,'2023-04-11 14:55:32','2023-04-11 14:55:32',NULL),(701,832,2023,40726,8,0,'2023-04-11 14:55:32','2023-04-11 14:55:32',NULL),(702,832,2023,40726,9,0,'2023-04-11 14:55:32','2023-04-11 14:55:32',NULL);
INSERT INTO `obl_anual_registros` VALUES (703,832,2023,40727,1,0,'2023-04-11 14:55:32','2023-04-11 14:55:32',NULL),(704,832,2023,40727,2,0,'2023-04-11 14:55:32','2023-04-11 14:55:32',NULL),(705,832,2023,40727,3,0,'2023-04-11 14:55:32','2023-04-11 14:55:32',NULL),(706,832,2023,40727,4,0,'2023-04-11 14:55:32','2023-04-11 14:55:32',NULL),(707,832,2023,40727,5,0,'2023-04-11 14:55:32','2023-04-11 14:55:32',NULL),(708,832,2023,40727,6,0,'2023-04-11 14:55:32','2023-04-11 14:55:32',NULL),(709,832,2023,40727,7,0,'2023-04-11 14:55:32','2023-04-11 14:55:32',NULL),(710,832,2023,40727,8,0,'2023-04-11 14:55:32','2023-04-11 14:55:32',NULL),(711,832,2023,40727,9,0,'2023-04-11 14:55:32','2023-04-11 14:55:32',NULL),(712,832,2023,40728,1,0,'2023-04-11 14:55:32','2023-04-11 14:55:32',NULL),(713,832,2023,40728,2,0,'2023-04-11 14:55:32','2023-04-11 14:55:32',NULL),(714,832,2023,40728,3,0,'2023-04-11 14:55:32','2023-04-11 14:55:32',NULL),(715,832,2023,40728,4,0,'2023-04-11 14:55:32','2023-04-11 14:55:32',NULL),(716,832,2023,40728,5,0,'2023-04-11 14:55:32','2023-04-11 14:55:32',NULL),(717,832,2023,40728,6,0,'2023-04-11 14:55:32','2023-04-11 14:55:32',NULL),(718,832,2023,40728,7,0,'2023-04-11 14:55:32','2023-04-11 14:55:32',NULL),(719,832,2023,40728,8,0,'2023-04-11 14:55:32','2023-04-11 14:55:32',NULL),(720,832,2023,40728,9,0,'2023-04-11 14:55:32','2023-04-11 14:55:32',NULL),(721,832,2023,40729,1,0,'2023-04-11 14:55:32','2023-04-11 14:55:32',NULL),(722,832,2023,40729,2,0,'2023-04-11 14:55:32','2023-04-11 14:55:32',NULL),(723,832,2023,40729,3,0,'2023-04-11 14:55:32','2023-04-11 14:55:32',NULL),(724,832,2023,40729,4,0,'2023-04-11 14:55:32','2023-04-11 14:55:32',NULL),(725,832,2023,40729,5,0,'2023-04-11 14:55:32','2023-04-11 14:55:32',NULL),(726,832,2023,40729,6,0,'2023-04-11 14:55:32','2023-04-11 14:55:32',NULL),(727,832,2023,40729,7,0,'2023-04-11 14:55:32','2023-04-11 14:55:32',NULL),(728,832,2023,40729,8,0,'2023-04-11 14:55:32','2023-04-11 14:55:32',NULL),(729,832,2023,40729,9,0,'2023-04-11 14:55:32','2023-04-11 14:55:32',NULL),(730,832,2023,40730,1,0,'2023-04-11 14:55:32','2023-04-11 14:55:32',NULL),(731,832,2023,40730,2,0,'2023-04-11 14:55:32','2023-04-11 14:55:32',NULL),(732,832,2023,40730,3,0,'2023-04-11 14:55:32','2023-04-11 14:55:32',NULL),(733,832,2023,40730,4,0,'2023-04-11 14:55:32','2023-04-11 14:55:32',NULL),(734,832,2023,40730,5,0,'2023-04-11 14:55:32','2023-04-11 14:55:32',NULL),(735,832,2023,40730,6,0,'2023-04-11 14:55:32','2023-04-11 14:55:32',NULL),(736,832,2023,40730,7,0,'2023-04-11 14:55:32','2023-04-11 14:55:32',NULL),(737,832,2023,40730,8,0,'2023-04-11 14:55:32','2023-04-11 14:55:32',NULL),(738,832,2023,40730,9,0,'2023-04-11 14:55:32','2023-04-11 14:55:32',NULL),(739,832,2023,40738,1,0,'2023-04-11 14:55:32','2023-04-11 14:55:32',NULL),(740,832,2023,40738,2,0,'2023-04-11 14:55:32','2023-04-11 14:55:32',NULL),(741,832,2023,40738,3,0,'2023-04-11 14:55:32','2023-04-11 14:55:32',NULL),(742,832,2023,40738,4,0,'2023-04-11 14:55:32','2023-04-11 14:55:32',NULL),(743,832,2023,40738,5,0,'2023-04-11 14:55:32','2023-04-11 14:55:32',NULL),(744,832,2023,40738,6,0,'2023-04-11 14:55:32','2023-04-11 14:55:32',NULL),(745,832,2023,40738,7,0,'2023-04-11 14:55:32','2023-04-11 14:55:32',NULL),(746,832,2023,40738,8,0,'2023-04-11 14:55:32','2023-04-11 14:55:32',NULL),(747,832,2023,40738,9,0,'2023-04-11 14:55:32','2023-04-11 14:55:32',NULL),(748,832,2023,40739,1,0,'2023-04-11 14:55:32','2023-04-11 14:55:32',NULL),(749,832,2023,40739,2,0,'2023-04-11 14:55:32','2023-04-11 14:55:32',NULL),(750,832,2023,40739,3,0,'2023-04-11 14:55:32','2023-04-11 14:55:32',NULL),(751,832,2023,40739,4,0,'2023-04-11 14:55:32','2023-04-11 14:55:32',NULL),(752,832,2023,40739,5,0,'2023-04-11 14:55:32','2023-04-11 14:55:32',NULL),(753,832,2023,40739,6,0,'2023-04-11 14:55:32','2023-04-11 14:55:32',NULL),(754,832,2023,40739,7,0,'2023-04-11 14:55:32','2023-04-11 14:55:32',NULL),(755,832,2023,40739,8,0,'2023-04-11 14:55:32','2023-04-11 14:55:32',NULL),(756,832,2023,40739,9,0,'2023-04-11 14:55:32','2023-04-11 14:55:32',NULL);
INSERT INTO `obl_anual_registros` VALUES (757,832,2023,40740,1,0,'2023-04-11 14:55:32','2023-04-11 14:55:32',NULL),(758,832,2023,40740,2,0,'2023-04-11 14:55:32','2023-04-11 14:55:32',NULL),(759,832,2023,40740,3,0,'2023-04-11 14:55:32','2023-04-11 14:55:32',NULL),(760,832,2023,40740,4,0,'2023-04-11 14:55:32','2023-04-11 14:55:32',NULL),(761,832,2023,40740,5,0,'2023-04-11 14:55:32','2023-04-11 14:55:32',NULL),(762,832,2023,40740,6,0,'2023-04-11 14:55:32','2023-04-11 14:55:32',NULL),(763,832,2023,40740,7,0,'2023-04-11 14:55:32','2023-04-11 14:55:32',NULL),(764,832,2023,40740,8,0,'2023-04-11 14:55:32','2023-04-11 14:55:32',NULL),(765,832,2023,40740,9,0,'2023-04-11 14:55:32','2023-04-11 14:55:32',NULL),(766,832,2023,40759,1,0,'2023-04-11 14:55:32','2023-04-11 14:55:32',NULL),(767,832,2023,40759,2,0,'2023-04-11 14:55:32','2023-04-11 14:55:32',NULL),(768,832,2023,40759,3,0,'2023-04-11 14:55:32','2023-04-11 14:55:32',NULL),(769,832,2023,40759,4,0,'2023-04-11 14:55:32','2023-04-11 14:55:32',NULL),(770,832,2023,40759,5,0,'2023-04-11 14:55:32','2023-04-11 14:55:32',NULL),(771,832,2023,40759,6,0,'2023-04-11 14:55:32','2023-04-11 14:55:32',NULL),(772,832,2023,40759,7,0,'2023-04-11 14:55:32','2023-04-11 14:55:32',NULL),(773,832,2023,40759,8,0,'2023-04-11 14:55:32','2023-04-11 14:55:32',NULL),(774,832,2023,40759,9,0,'2023-04-11 14:55:32','2023-04-11 14:55:32',NULL),(775,832,2023,40761,1,0,'2023-04-11 14:55:32','2023-04-11 14:55:32',NULL),(776,832,2023,40761,2,0,'2023-04-11 14:55:32','2023-04-11 14:55:32',NULL),(777,832,2023,40761,3,0,'2023-04-11 14:55:32','2023-04-11 14:55:32',NULL),(778,832,2023,40761,4,0,'2023-04-11 14:55:32','2023-04-11 14:55:32',NULL),(779,832,2023,40761,5,0,'2023-04-11 14:55:32','2023-04-11 14:55:32',NULL),(780,832,2023,40761,6,0,'2023-04-11 14:55:32','2023-04-11 14:55:32',NULL),(781,832,2023,40761,7,0,'2023-04-11 14:55:32','2023-04-11 14:55:32',NULL),(782,832,2023,40761,8,0,'2023-04-11 14:55:32','2023-04-11 14:55:32',NULL),(783,832,2023,40761,9,0,'2023-04-11 14:55:32','2023-04-11 14:55:32',NULL),(784,832,2023,40772,1,0,'2023-04-11 14:55:32','2023-04-11 14:55:32',NULL),(785,832,2023,40772,2,0,'2023-04-11 14:55:32','2023-04-11 14:55:32',NULL),(786,832,2023,40772,3,0,'2023-04-11 14:55:32','2023-04-11 14:55:32',NULL),(787,832,2023,40772,4,0,'2023-04-11 14:55:32','2023-04-11 14:55:32',NULL),(788,832,2023,40772,5,0,'2023-04-11 14:55:32','2023-04-11 14:55:32',NULL),(789,832,2023,40772,6,0,'2023-04-11 14:55:32','2023-04-11 14:55:32',NULL),(790,832,2023,40772,7,0,'2023-04-11 14:55:32','2023-04-11 14:55:32',NULL),(791,832,2023,40772,8,0,'2023-04-11 14:55:32','2023-04-11 14:55:32',NULL),(792,832,2023,40772,9,0,'2023-04-11 14:55:32','2023-04-11 14:55:32',NULL),(793,832,2023,40778,1,0,'2023-04-11 14:55:32','2023-04-11 14:55:32',NULL),(794,832,2023,40778,2,0,'2023-04-11 14:55:32','2023-04-11 14:55:32',NULL),(795,832,2023,40778,3,0,'2023-04-11 14:55:32','2023-04-11 14:55:32',NULL),(796,832,2023,40778,4,0,'2023-04-11 14:55:32','2023-04-11 14:55:32',NULL),(797,832,2023,40778,5,0,'2023-04-11 14:55:32','2023-04-11 14:55:32',NULL),(798,832,2023,40778,6,0,'2023-04-11 14:55:32','2023-04-11 14:55:32',NULL),(799,832,2023,40778,7,0,'2023-04-11 14:55:32','2023-04-11 14:55:32',NULL),(800,832,2023,40778,8,0,'2023-04-11 14:55:32','2023-04-11 14:55:32',NULL),(801,832,2023,40778,9,0,'2023-04-11 14:55:32','2023-04-11 14:55:32',NULL),(802,832,2023,40780,1,0,'2023-04-11 14:55:32','2023-04-11 14:55:32',NULL),(803,832,2023,40780,2,0,'2023-04-11 14:55:32','2023-04-11 14:55:32',NULL),(804,832,2023,40780,3,0,'2023-04-11 14:55:32','2023-04-11 14:55:32',NULL),(805,832,2023,40780,4,0,'2023-04-11 14:55:32','2023-04-11 14:55:32',NULL),(806,832,2023,40780,5,0,'2023-04-11 14:55:32','2023-04-11 14:55:32',NULL),(807,832,2023,40780,6,0,'2023-04-11 14:55:32','2023-04-11 14:55:32',NULL),(808,832,2023,40780,7,0,'2023-04-11 14:55:32','2023-04-11 14:55:32',NULL),(809,832,2023,40780,8,0,'2023-04-11 14:55:32','2023-04-11 14:55:32',NULL),(810,832,2023,40780,9,0,'2023-04-11 14:55:32','2023-04-11 14:55:32',NULL);
INSERT INTO `obl_anual_registros` VALUES (811,832,2023,40779,1,0,'2023-04-11 14:55:32','2023-04-11 14:55:32',NULL),(812,832,2023,40779,2,0,'2023-04-11 14:55:32','2023-04-11 14:55:32',NULL),(813,832,2023,40779,3,0,'2023-04-11 14:55:32','2023-04-11 14:55:32',NULL),(814,832,2023,40779,4,0,'2023-04-11 14:55:32','2023-04-11 14:55:32',NULL),(815,832,2023,40779,5,0,'2023-04-11 14:55:32','2023-04-11 14:55:32',NULL),(816,832,2023,40779,6,0,'2023-04-11 14:55:32','2023-04-11 14:55:32',NULL),(817,832,2023,40779,7,0,'2023-04-11 14:55:32','2023-04-11 14:55:32',NULL),(818,832,2023,40779,8,0,'2023-04-11 14:55:32','2023-04-11 14:55:32',NULL),(819,832,2023,40779,9,0,'2023-04-11 14:55:32','2023-04-11 14:55:32',NULL),(820,832,2023,40791,1,0,'2023-04-11 14:55:32','2023-04-11 14:55:32',NULL),(821,832,2023,40791,2,0,'2023-04-11 14:55:32','2023-04-11 14:55:32',NULL),(822,832,2023,40791,3,0,'2023-04-11 14:55:32','2023-04-11 14:55:32',NULL),(823,832,2023,40791,4,0,'2023-04-11 14:55:32','2023-04-11 14:55:32',NULL),(824,832,2023,40791,5,0,'2023-04-11 14:55:32','2023-04-11 14:55:32',NULL),(825,832,2023,40791,6,0,'2023-04-11 14:55:32','2023-04-11 14:55:32',NULL),(826,832,2023,40791,7,0,'2023-04-11 14:55:32','2023-04-11 14:55:32',NULL),(827,832,2023,40791,8,0,'2023-04-11 14:55:32','2023-04-11 14:55:32',NULL),(828,832,2023,40791,9,0,'2023-04-11 14:55:32','2023-04-11 14:55:32',NULL),(829,832,2023,40969,1,0,'2023-04-11 14:55:32','2023-04-11 14:55:32',NULL),(830,832,2023,40969,2,0,'2023-04-11 14:55:32','2023-04-11 14:55:32',NULL),(831,832,2023,40969,3,0,'2023-04-11 14:55:32','2023-04-11 14:55:32',NULL),(832,832,2023,40969,4,0,'2023-04-11 14:55:32','2023-04-11 14:55:32',NULL),(833,832,2023,40969,5,0,'2023-04-11 14:55:32','2023-04-11 14:55:32',NULL),(834,832,2023,40969,6,0,'2023-04-11 14:55:32','2023-04-11 14:55:32',NULL),(835,832,2023,40969,7,0,'2023-04-11 14:55:32','2023-04-11 14:55:32',NULL),(836,832,2023,40969,8,0,'2023-04-11 14:55:32','2023-04-11 14:55:32',NULL),(837,832,2023,40969,9,0,'2023-04-11 14:55:32','2023-04-11 14:55:32',NULL),(838,832,2023,40976,1,0,'2023-04-11 14:55:32','2023-04-11 14:55:32',NULL),(839,832,2023,40976,2,0,'2023-04-11 14:55:32','2023-04-11 14:55:32',NULL),(840,832,2023,40976,3,0,'2023-04-11 14:55:32','2023-04-11 14:55:32',NULL),(841,832,2023,40976,4,0,'2023-04-11 14:55:32','2023-04-11 14:55:32',NULL),(842,832,2023,40976,5,0,'2023-04-11 14:55:32','2023-04-11 14:55:32',NULL),(843,832,2023,40976,6,0,'2023-04-11 14:55:32','2023-04-11 14:55:32',NULL),(844,832,2023,40976,7,0,'2023-04-11 14:55:32','2023-04-11 14:55:32',NULL),(845,832,2023,40976,8,0,'2023-04-11 14:55:32','2023-04-11 14:55:32',NULL),(846,832,2023,40976,9,0,'2023-04-11 14:55:32','2023-04-11 14:55:32',NULL),(847,832,2023,40988,1,0,'2023-04-11 14:55:32','2023-04-11 14:55:32',NULL),(848,832,2023,40988,2,0,'2023-04-11 14:55:32','2023-04-11 14:55:32',NULL),(849,832,2023,40988,3,0,'2023-04-11 14:55:32','2023-04-11 14:55:32',NULL),(850,832,2023,40988,4,0,'2023-04-11 14:55:32','2023-04-11 14:55:32',NULL),(851,832,2023,40988,5,0,'2023-04-11 14:55:32','2023-04-11 14:55:32',NULL),(852,832,2023,40988,6,0,'2023-04-11 14:55:32','2023-04-11 14:55:32',NULL),(853,832,2023,40988,7,0,'2023-04-11 14:55:32','2023-04-11 14:55:32',NULL),(854,832,2023,40988,8,0,'2023-04-11 14:55:32','2023-04-11 14:55:32',NULL),(855,832,2023,40988,9,0,'2023-04-11 14:55:32','2023-04-11 14:55:32',NULL),(856,832,2023,40994,1,0,'2023-04-11 14:55:32','2023-04-11 14:55:32',NULL),(857,832,2023,40994,2,0,'2023-04-11 14:55:32','2023-04-11 14:55:32',NULL),(858,832,2023,40994,3,0,'2023-04-11 14:55:32','2023-04-11 14:55:32',NULL),(859,832,2023,40994,4,0,'2023-04-11 14:55:32','2023-04-11 14:55:32',NULL),(860,832,2023,40994,5,0,'2023-04-11 14:55:32','2023-04-11 14:55:32',NULL),(861,832,2023,40994,6,0,'2023-04-11 14:55:32','2023-04-11 14:55:32',NULL),(862,832,2023,40994,7,0,'2023-04-11 14:55:32','2023-04-11 14:55:32',NULL),(863,832,2023,40994,8,0,'2023-04-11 14:55:32','2023-04-11 14:55:32',NULL),(864,832,2023,40994,9,0,'2023-04-11 14:55:32','2023-04-11 14:55:32',NULL);
INSERT INTO `obl_anual_registros` VALUES (865,832,2023,40995,1,0,'2023-04-11 14:55:32','2023-04-11 14:55:32',NULL),(866,832,2023,40995,2,0,'2023-04-11 14:55:32','2023-04-11 14:55:32',NULL),(867,832,2023,40995,3,0,'2023-04-11 14:55:32','2023-04-11 14:55:32',NULL),(868,832,2023,40995,4,0,'2023-04-11 14:55:32','2023-04-11 14:55:32',NULL),(869,832,2023,40995,5,0,'2023-04-11 14:55:32','2023-04-11 14:55:32',NULL),(870,832,2023,40995,6,0,'2023-04-11 14:55:32','2023-04-11 14:55:32',NULL),(871,832,2023,40995,7,0,'2023-04-11 14:55:32','2023-04-11 14:55:32',NULL),(872,832,2023,40995,8,0,'2023-04-11 14:55:32','2023-04-11 14:55:32',NULL),(873,832,2023,40995,9,0,'2023-04-11 14:55:32','2023-04-11 14:55:32',NULL),(874,832,2023,40996,1,0,'2023-04-11 14:55:32','2023-04-11 14:55:32',NULL),(875,832,2023,40996,2,0,'2023-04-11 14:55:32','2023-04-11 14:55:32',NULL),(876,832,2023,40996,3,0,'2023-04-11 14:55:32','2023-04-11 14:55:32',NULL),(877,832,2023,40996,4,0,'2023-04-11 14:55:32','2023-04-11 14:55:32',NULL),(878,832,2023,40996,5,0,'2023-04-11 14:55:32','2023-04-11 14:55:32',NULL),(879,832,2023,40996,6,0,'2023-04-11 14:55:32','2023-04-11 14:55:32',NULL),(880,832,2023,40996,7,0,'2023-04-11 14:55:32','2023-04-11 14:55:32',NULL),(881,832,2023,40996,8,0,'2023-04-11 14:55:32','2023-04-11 14:55:32',NULL),(882,832,2023,40996,9,0,'2023-04-11 14:55:32','2023-04-11 14:55:32',NULL),(883,832,2023,40997,1,0,'2023-04-11 14:55:32','2023-04-11 14:55:32',NULL),(884,832,2023,40997,2,0,'2023-04-11 14:55:32','2023-04-11 14:55:32',NULL),(885,832,2023,40997,3,0,'2023-04-11 14:55:32','2023-04-11 14:55:32',NULL),(886,832,2023,40997,4,0,'2023-04-11 14:55:32','2023-04-11 14:55:32',NULL),(887,832,2023,40997,5,0,'2023-04-11 14:55:32','2023-04-11 14:55:32',NULL),(888,832,2023,40997,6,0,'2023-04-11 14:55:32','2023-04-11 14:55:32',NULL),(889,832,2023,40997,7,0,'2023-04-11 14:55:32','2023-04-11 14:55:32',NULL),(890,832,2023,40997,8,0,'2023-04-11 14:55:32','2023-04-11 14:55:32',NULL),(891,832,2023,40997,9,0,'2023-04-11 14:55:32','2023-04-11 14:55:32',NULL),(892,832,2023,40998,1,0,'2023-04-11 14:55:32','2023-04-11 14:55:32',NULL),(893,832,2023,40998,2,0,'2023-04-11 14:55:32','2023-04-11 14:55:32',NULL),(894,832,2023,40998,3,0,'2023-04-11 14:55:32','2023-04-11 14:55:32',NULL),(895,832,2023,40998,4,0,'2023-04-11 14:55:32','2023-04-11 14:55:32',NULL),(896,832,2023,40998,5,0,'2023-04-11 14:55:32','2023-04-11 14:55:32',NULL),(897,832,2023,40998,6,0,'2023-04-11 14:55:32','2023-04-11 14:55:32',NULL),(898,832,2023,40998,7,0,'2023-04-11 14:55:32','2023-04-11 14:55:32',NULL),(899,832,2023,40998,8,0,'2023-04-11 14:55:32','2023-04-11 14:55:32',NULL),(900,832,2023,40998,9,0,'2023-04-11 14:55:32','2023-04-11 14:55:32',NULL),(901,832,2023,40999,1,0,'2023-04-11 14:55:32','2023-04-11 14:55:32',NULL),(902,832,2023,40999,2,0,'2023-04-11 14:55:32','2023-04-11 14:55:32',NULL),(903,832,2023,40999,3,0,'2023-04-11 14:55:32','2023-04-11 14:55:32',NULL),(904,832,2023,40999,4,0,'2023-04-11 14:55:32','2023-04-11 14:55:32',NULL),(905,832,2023,40999,5,0,'2023-04-11 14:55:32','2023-04-11 14:55:32',NULL),(906,832,2023,40999,6,0,'2023-04-11 14:55:32','2023-04-11 14:55:32',NULL),(907,832,2023,40999,7,0,'2023-04-11 14:55:32','2023-04-11 14:55:32',NULL),(908,832,2023,40999,8,0,'2023-04-11 14:55:32','2023-04-11 14:55:32',NULL),(909,832,2023,40999,9,0,'2023-04-11 14:55:32','2023-04-11 14:55:32',NULL),(910,832,2024,40720,1,0,'2024-05-28 14:43:17','2024-05-28 14:43:17',NULL),(911,832,2024,40720,2,0,'2024-05-28 14:43:17','2024-05-28 14:43:17',NULL),(912,832,2024,40720,3,0,'2024-05-28 14:43:17','2024-05-28 14:43:17',NULL),(913,832,2024,40720,4,0,'2024-05-28 14:43:17','2024-05-28 14:43:17',NULL),(914,832,2024,40720,5,0,'2024-05-28 14:43:17','2024-05-28 14:43:17',NULL),(915,832,2024,40720,6,0,'2024-05-28 14:43:17','2024-05-28 14:43:17',NULL),(916,832,2024,40720,7,0,'2024-05-28 14:43:17','2024-05-28 14:43:17',NULL),(917,832,2024,40720,8,0,'2024-05-28 14:43:17','2024-05-28 14:43:17',NULL),(918,832,2024,40720,9,0,'2024-05-28 14:43:17','2024-05-28 14:43:17',NULL);
INSERT INTO `obl_anual_registros` VALUES (919,832,2024,40721,1,0,'2024-05-28 14:43:17','2024-05-28 14:43:17',NULL),(920,832,2024,40721,2,0,'2024-05-28 14:43:17','2024-05-28 14:43:17',NULL),(921,832,2024,40721,3,0,'2024-05-28 14:43:17','2024-05-28 14:43:17',NULL),(922,832,2024,40721,4,0,'2024-05-28 14:43:17','2024-05-28 14:43:17',NULL),(923,832,2024,40721,5,0,'2024-05-28 14:43:17','2024-05-28 14:43:17',NULL),(924,832,2024,40721,6,0,'2024-05-28 14:43:17','2024-05-28 14:43:17',NULL),(925,832,2024,40721,7,0,'2024-05-28 14:43:17','2024-05-28 14:43:17',NULL),(926,832,2024,40721,8,0,'2024-05-28 14:43:17','2024-05-28 14:43:17',NULL),(927,832,2024,40721,9,0,'2024-05-28 14:43:17','2024-05-28 14:43:17',NULL),(928,832,2024,40724,1,0,'2024-05-28 14:43:17','2024-05-28 14:43:17',NULL),(929,832,2024,40724,2,0,'2024-05-28 14:43:17','2024-05-28 14:43:17',NULL),(930,832,2024,40724,3,0,'2024-05-28 14:43:17','2024-05-28 14:43:17',NULL),(931,832,2024,40724,4,0,'2024-05-28 14:43:17','2024-05-28 14:43:17',NULL),(932,832,2024,40724,5,0,'2024-05-28 14:43:17','2024-05-28 14:43:17',NULL),(933,832,2024,40724,6,0,'2024-05-28 14:43:17','2024-05-28 14:43:17',NULL),(934,832,2024,40724,7,0,'2024-05-28 14:43:17','2024-05-28 14:43:17',NULL),(935,832,2024,40724,8,0,'2024-05-28 14:43:17','2024-05-28 14:43:17',NULL),(936,832,2024,40724,9,0,'2024-05-28 14:43:17','2024-05-28 14:43:17',NULL),(937,832,2024,40725,1,0,'2024-05-28 14:43:17','2024-05-28 14:43:17',NULL),(938,832,2024,40725,2,0,'2024-05-28 14:43:17','2024-05-28 14:43:17',NULL),(939,832,2024,40725,3,0,'2024-05-28 14:43:17','2024-05-28 14:43:17',NULL),(940,832,2024,40725,4,0,'2024-05-28 14:43:17','2024-05-28 14:43:17',NULL),(941,832,2024,40725,5,0,'2024-05-28 14:43:17','2024-05-28 14:43:17',NULL),(942,832,2024,40725,6,0,'2024-05-28 14:43:17','2024-05-28 14:43:17',NULL),(943,832,2024,40725,7,0,'2024-05-28 14:43:17','2024-05-28 14:43:17',NULL),(944,832,2024,40725,8,0,'2024-05-28 14:43:17','2024-05-28 14:43:17',NULL),(945,832,2024,40725,9,0,'2024-05-28 14:43:17','2024-05-28 14:43:17',NULL),(946,832,2024,40726,1,0,'2024-05-28 14:43:17','2024-05-28 14:43:17',NULL),(947,832,2024,40726,2,0,'2024-05-28 14:43:17','2024-05-28 14:43:17',NULL),(948,832,2024,40726,3,0,'2024-05-28 14:43:17','2024-05-28 14:43:17',NULL),(949,832,2024,40726,4,0,'2024-05-28 14:43:17','2024-05-28 14:43:17',NULL),(950,832,2024,40726,5,0,'2024-05-28 14:43:17','2024-05-28 14:43:17',NULL),(951,832,2024,40726,6,0,'2024-05-28 14:43:17','2024-05-28 14:43:17',NULL),(952,832,2024,40726,7,0,'2024-05-28 14:43:17','2024-05-28 14:43:17',NULL),(953,832,2024,40726,8,0,'2024-05-28 14:43:17','2024-05-28 14:43:17',NULL),(954,832,2024,40726,9,0,'2024-05-28 14:43:17','2024-05-28 14:43:17',NULL),(955,832,2024,40727,1,0,'2024-05-28 14:43:17','2024-05-28 14:43:17',NULL),(956,832,2024,40727,2,0,'2024-05-28 14:43:17','2024-05-28 14:43:17',NULL),(957,832,2024,40727,3,0,'2024-05-28 14:43:17','2024-05-28 14:43:17',NULL),(958,832,2024,40727,4,0,'2024-05-28 14:43:17','2024-05-28 14:43:17',NULL),(959,832,2024,40727,5,0,'2024-05-28 14:43:17','2024-05-28 14:43:17',NULL),(960,832,2024,40727,6,0,'2024-05-28 14:43:17','2024-05-28 14:43:17',NULL),(961,832,2024,40727,7,0,'2024-05-28 14:43:17','2024-05-28 14:43:17',NULL),(962,832,2024,40727,8,0,'2024-05-28 14:43:17','2024-05-28 14:43:17',NULL),(963,832,2024,40727,9,0,'2024-05-28 14:43:17','2024-05-28 14:43:17',NULL),(964,832,2024,40728,1,0,'2024-05-28 14:43:17','2024-05-28 14:43:17',NULL),(965,832,2024,40728,2,0,'2024-05-28 14:43:17','2024-05-28 14:43:17',NULL),(966,832,2024,40728,3,0,'2024-05-28 14:43:17','2024-05-28 14:43:17',NULL),(967,832,2024,40728,4,0,'2024-05-28 14:43:17','2024-05-28 14:43:17',NULL),(968,832,2024,40728,5,0,'2024-05-28 14:43:17','2024-05-28 14:43:17',NULL),(969,832,2024,40728,6,0,'2024-05-28 14:43:17','2024-05-28 14:43:17',NULL),(970,832,2024,40728,7,0,'2024-05-28 14:43:17','2024-05-28 14:43:17',NULL),(971,832,2024,40728,8,0,'2024-05-28 14:43:17','2024-05-28 14:43:17',NULL),(972,832,2024,40728,9,0,'2024-05-28 14:43:17','2024-05-28 14:43:17',NULL);
INSERT INTO `obl_anual_registros` VALUES (973,832,2024,40729,1,0,'2024-05-28 14:43:17','2024-05-28 14:43:17',NULL),(974,832,2024,40729,2,0,'2024-05-28 14:43:17','2024-05-28 14:43:17',NULL),(975,832,2024,40729,3,0,'2024-05-28 14:43:17','2024-05-28 14:43:17',NULL),(976,832,2024,40729,4,0,'2024-05-28 14:43:17','2024-05-28 14:43:17',NULL),(977,832,2024,40729,5,0,'2024-05-28 14:43:17','2024-05-28 14:43:17',NULL),(978,832,2024,40729,6,0,'2024-05-28 14:43:17','2024-05-28 14:43:17',NULL),(979,832,2024,40729,7,0,'2024-05-28 14:43:17','2024-05-28 14:43:17',NULL),(980,832,2024,40729,8,0,'2024-05-28 14:43:17','2024-05-28 14:43:17',NULL),(981,832,2024,40729,9,0,'2024-05-28 14:43:17','2024-05-28 14:43:17',NULL),(982,832,2024,40730,1,0,'2024-05-28 14:43:17','2024-05-28 14:43:17',NULL),(983,832,2024,40730,2,0,'2024-05-28 14:43:17','2024-05-28 14:43:17',NULL),(984,832,2024,40730,3,0,'2024-05-28 14:43:17','2024-05-28 14:43:17',NULL),(985,832,2024,40730,4,0,'2024-05-28 14:43:17','2024-05-28 14:43:17',NULL),(986,832,2024,40730,5,0,'2024-05-28 14:43:17','2024-05-28 14:43:17',NULL),(987,832,2024,40730,6,0,'2024-05-28 14:43:17','2024-05-28 14:43:17',NULL),(988,832,2024,40730,7,0,'2024-05-28 14:43:17','2024-05-28 14:43:17',NULL),(989,832,2024,40730,8,0,'2024-05-28 14:43:17','2024-05-28 14:43:17',NULL),(990,832,2024,40730,9,0,'2024-05-28 14:43:17','2024-05-28 14:43:17',NULL),(991,832,2024,40738,1,0,'2024-05-28 14:43:17','2024-05-28 14:43:17',NULL),(992,832,2024,40738,2,0,'2024-05-28 14:43:17','2024-05-28 14:43:17',NULL),(993,832,2024,40738,3,0,'2024-05-28 14:43:17','2024-05-28 14:43:17',NULL),(994,832,2024,40738,4,0,'2024-05-28 14:43:17','2024-05-28 14:43:17',NULL),(995,832,2024,40738,5,0,'2024-05-28 14:43:17','2024-05-28 14:43:17',NULL),(996,832,2024,40738,6,0,'2024-05-28 14:43:17','2024-05-28 14:43:17',NULL),(997,832,2024,40738,7,0,'2024-05-28 14:43:17','2024-05-28 14:43:17',NULL),(998,832,2024,40738,8,0,'2024-05-28 14:43:17','2024-05-28 14:43:17',NULL),(999,832,2024,40738,9,0,'2024-05-28 14:43:17','2024-05-28 14:43:17',NULL),(1000,832,2024,40739,1,0,'2024-05-28 14:43:17','2024-05-28 14:43:17',NULL),(1001,832,2024,40739,2,0,'2024-05-28 14:43:17','2024-05-28 14:43:17',NULL),(1002,832,2024,40739,3,0,'2024-05-28 14:43:17','2024-05-28 14:43:17',NULL),(1003,832,2024,40739,4,0,'2024-05-28 14:43:17','2024-05-28 14:43:17',NULL),(1004,832,2024,40739,5,0,'2024-05-28 14:43:17','2024-05-28 14:43:17',NULL),(1005,832,2024,40739,6,0,'2024-05-28 14:43:17','2024-05-28 14:43:17',NULL),(1006,832,2024,40739,7,0,'2024-05-28 14:43:17','2024-05-28 14:43:17',NULL),(1007,832,2024,40739,8,0,'2024-05-28 14:43:17','2024-05-28 14:43:17',NULL),(1008,832,2024,40739,9,0,'2024-05-28 14:43:17','2024-05-28 14:43:17',NULL),(1009,832,2024,40740,1,0,'2024-05-28 14:43:17','2024-05-28 14:43:17',NULL),(1010,832,2024,40740,2,0,'2024-05-28 14:43:17','2024-05-28 14:43:17',NULL),(1011,832,2024,40740,3,0,'2024-05-28 14:43:17','2024-05-28 14:43:17',NULL),(1012,832,2024,40740,4,0,'2024-05-28 14:43:17','2024-05-28 14:43:17',NULL),(1013,832,2024,40740,5,0,'2024-05-28 14:43:17','2024-05-28 14:43:17',NULL),(1014,832,2024,40740,6,0,'2024-05-28 14:43:17','2024-05-28 14:43:17',NULL),(1015,832,2024,40740,7,0,'2024-05-28 14:43:17','2024-05-28 14:43:17',NULL),(1016,832,2024,40740,8,0,'2024-05-28 14:43:17','2024-05-28 14:43:17',NULL),(1017,832,2024,40740,9,0,'2024-05-28 14:43:17','2024-05-28 14:43:17',NULL),(1018,832,2024,40759,1,0,'2024-05-28 14:43:17','2024-05-28 14:43:17',NULL),(1019,832,2024,40759,2,0,'2024-05-28 14:43:17','2024-05-28 14:43:17',NULL),(1020,832,2024,40759,3,0,'2024-05-28 14:43:17','2024-05-28 14:43:17',NULL),(1021,832,2024,40759,4,0,'2024-05-28 14:43:17','2024-05-28 14:43:17',NULL),(1022,832,2024,40759,5,0,'2024-05-28 14:43:17','2024-05-28 14:43:17',NULL),(1023,832,2024,40759,6,0,'2024-05-28 14:43:17','2024-05-28 14:43:17',NULL),(1024,832,2024,40759,7,0,'2024-05-28 14:43:17','2024-05-28 14:43:17',NULL),(1025,832,2024,40759,8,0,'2024-05-28 14:43:17','2024-05-28 14:43:17',NULL);
INSERT INTO `obl_anual_registros` VALUES (1026,832,2024,40759,9,0,'2024-05-28 14:43:17','2024-05-28 14:43:17',NULL),(1027,832,2024,40761,1,0,'2024-05-28 14:43:17','2024-05-28 14:43:17',NULL),(1028,832,2024,40761,2,0,'2024-05-28 14:43:17','2024-05-28 14:43:17',NULL),(1029,832,2024,40761,3,0,'2024-05-28 14:43:17','2024-05-28 14:43:17',NULL),(1030,832,2024,40761,4,0,'2024-05-28 14:43:17','2024-05-28 14:43:17',NULL),(1031,832,2024,40761,5,0,'2024-05-28 14:43:17','2024-05-28 14:43:17',NULL),(1032,832,2024,40761,6,0,'2024-05-28 14:43:17','2024-05-28 14:43:17',NULL),(1033,832,2024,40761,7,0,'2024-05-28 14:43:17','2024-05-28 14:43:17',NULL),(1034,832,2024,40761,8,0,'2024-05-28 14:43:17','2024-05-28 14:43:17',NULL),(1035,832,2024,40761,9,0,'2024-05-28 14:43:17','2024-05-28 14:43:17',NULL),(1036,832,2024,40772,1,0,'2024-05-28 14:43:17','2024-05-28 14:43:17',NULL),(1037,832,2024,40772,2,0,'2024-05-28 14:43:17','2024-05-28 14:43:17',NULL),(1038,832,2024,40772,3,0,'2024-05-28 14:43:17','2024-05-28 14:43:17',NULL),(1039,832,2024,40772,4,0,'2024-05-28 14:43:17','2024-05-28 14:43:17',NULL),(1040,832,2024,40772,5,0,'2024-05-28 14:43:17','2024-05-28 14:43:17',NULL),(1041,832,2024,40772,6,0,'2024-05-28 14:43:17','2024-05-28 14:43:17',NULL),(1042,832,2024,40772,7,0,'2024-05-28 14:43:17','2024-05-28 14:43:17',NULL),(1043,832,2024,40772,8,0,'2024-05-28 14:43:17','2024-05-28 14:43:17',NULL),(1044,832,2024,40772,9,0,'2024-05-28 14:43:17','2024-05-28 14:43:17',NULL),(1045,832,2024,40778,1,0,'2024-05-28 14:43:17','2024-05-28 14:43:17',NULL),(1046,832,2024,40778,2,0,'2024-05-28 14:43:17','2024-05-28 14:43:17',NULL),(1047,832,2024,40778,3,0,'2024-05-28 14:43:17','2024-05-28 14:43:17',NULL),(1048,832,2024,40778,4,0,'2024-05-28 14:43:17','2024-05-28 14:43:17',NULL),(1049,832,2024,40778,5,0,'2024-05-28 14:43:17','2024-05-28 14:43:17',NULL),(1050,832,2024,40778,6,0,'2024-05-28 14:43:17','2024-05-28 14:43:17',NULL),(1051,832,2024,40778,7,0,'2024-05-28 14:43:17','2024-05-28 14:43:17',NULL),(1052,832,2024,40778,8,0,'2024-05-28 14:43:17','2024-05-28 14:43:17',NULL),(1053,832,2024,40778,9,0,'2024-05-28 14:43:17','2024-05-28 14:43:17',NULL),(1054,832,2024,40779,1,0,'2024-05-28 14:43:17','2024-05-28 14:43:17',NULL),(1055,832,2024,40779,2,0,'2024-05-28 14:43:17','2024-05-28 14:43:17',NULL),(1056,832,2024,40779,3,0,'2024-05-28 14:43:17','2024-05-28 14:43:17',NULL),(1057,832,2024,40779,4,0,'2024-05-28 14:43:17','2024-05-28 14:43:17',NULL),(1058,832,2024,40779,5,0,'2024-05-28 14:43:17','2024-05-28 14:43:17',NULL),(1059,832,2024,40779,6,0,'2024-05-28 14:43:17','2024-05-28 14:43:17',NULL),(1060,832,2024,40779,7,0,'2024-05-28 14:43:17','2024-05-28 14:43:17',NULL),(1061,832,2024,40779,8,0,'2024-05-28 14:43:17','2024-05-28 14:43:17',NULL),(1062,832,2024,40779,9,0,'2024-05-28 14:43:17','2024-05-28 14:43:17',NULL),(1063,832,2024,40791,1,0,'2024-05-28 14:43:17','2024-05-28 14:43:17',NULL),(1064,832,2024,40791,2,0,'2024-05-28 14:43:17','2024-05-28 14:43:17',NULL),(1065,832,2024,40791,3,0,'2024-05-28 14:43:17','2024-05-28 14:43:17',NULL),(1066,832,2024,40791,4,0,'2024-05-28 14:43:17','2024-05-28 14:43:17',NULL),(1067,832,2024,40791,5,0,'2024-05-28 14:43:17','2024-05-28 14:43:17',NULL),(1068,832,2024,40791,6,0,'2024-05-28 14:43:17','2024-05-28 14:43:17',NULL),(1069,832,2024,40791,7,0,'2024-05-28 14:43:17','2024-05-28 14:43:17',NULL),(1070,832,2024,40791,8,0,'2024-05-28 14:43:17','2024-05-28 14:43:17',NULL),(1071,832,2024,40791,9,0,'2024-05-28 14:43:17','2024-05-28 14:43:17',NULL),(1072,832,2024,40969,1,0,'2024-05-28 14:43:17','2024-05-28 14:43:17',NULL),(1073,832,2024,40969,2,0,'2024-05-28 14:43:17','2024-05-28 14:43:17',NULL),(1074,832,2024,40969,3,0,'2024-05-28 14:43:17','2024-05-28 14:43:17',NULL),(1075,832,2024,40969,4,0,'2024-05-28 14:43:17','2024-05-28 14:43:17',NULL),(1076,832,2024,40969,5,0,'2024-05-28 14:43:17','2024-05-28 14:43:17',NULL),(1077,832,2024,40969,6,0,'2024-05-28 14:43:17','2024-05-28 14:43:17',NULL),(1078,832,2024,40969,7,0,'2024-05-28 14:43:17','2024-05-28 14:43:17',NULL);
INSERT INTO `obl_anual_registros` VALUES (1079,832,2024,40969,8,0,'2024-05-28 14:43:17','2024-05-28 14:43:17',NULL),(1080,832,2024,40969,9,0,'2024-05-28 14:43:17','2024-05-28 14:43:17',NULL),(1081,832,2024,40976,1,0,'2024-05-28 14:43:17','2024-05-28 14:43:17',NULL),(1082,832,2024,40976,2,0,'2024-05-28 14:43:17','2024-05-28 14:43:17',NULL),(1083,832,2024,40976,3,0,'2024-05-28 14:43:17','2024-05-28 14:43:17',NULL),(1084,832,2024,40976,4,0,'2024-05-28 14:43:17','2024-05-28 14:43:17',NULL),(1085,832,2024,40976,5,0,'2024-05-28 14:43:17','2024-05-28 14:43:17',NULL),(1086,832,2024,40976,6,0,'2024-05-28 14:43:17','2024-05-28 14:43:17',NULL),(1087,832,2024,40976,7,0,'2024-05-28 14:43:17','2024-05-28 14:43:17',NULL),(1088,832,2024,40976,8,0,'2024-05-28 14:43:17','2024-05-28 14:43:17',NULL),(1089,832,2024,40976,9,0,'2024-05-28 14:43:17','2024-05-28 14:43:17',NULL),(1090,832,2024,40988,1,0,'2024-05-28 14:43:17','2024-05-28 14:43:17',NULL),(1091,832,2024,40988,2,0,'2024-05-28 14:43:17','2024-05-28 14:43:17',NULL),(1092,832,2024,40988,3,0,'2024-05-28 14:43:17','2024-05-28 14:43:17',NULL),(1093,832,2024,40988,4,0,'2024-05-28 14:43:17','2024-05-28 14:43:17',NULL),(1094,832,2024,40988,5,0,'2024-05-28 14:43:17','2024-05-28 14:43:17',NULL),(1095,832,2024,40988,6,0,'2024-05-28 14:43:17','2024-05-28 14:43:17',NULL),(1096,832,2024,40988,7,0,'2024-05-28 14:43:17','2024-05-28 14:43:17',NULL),(1097,832,2024,40988,8,0,'2024-05-28 14:43:17','2024-05-28 14:43:17',NULL),(1098,832,2024,40988,9,0,'2024-05-28 14:43:17','2024-05-28 14:43:17',NULL),(1099,832,2024,40994,1,0,'2024-05-28 14:43:17','2024-05-28 14:43:17',NULL),(1100,832,2024,40994,2,0,'2024-05-28 14:43:17','2024-05-28 14:43:17',NULL),(1101,832,2024,40994,3,0,'2024-05-28 14:43:17','2024-05-28 14:43:17',NULL),(1102,832,2024,40994,4,0,'2024-05-28 14:43:17','2024-05-28 14:43:17',NULL),(1103,832,2024,40994,5,0,'2024-05-28 14:43:17','2024-05-28 14:43:17',NULL),(1104,832,2024,40994,6,0,'2024-05-28 14:43:17','2024-05-28 14:43:17',NULL),(1105,832,2024,40994,7,0,'2024-05-28 14:43:17','2024-05-28 14:43:17',NULL),(1106,832,2024,40994,8,0,'2024-05-28 14:43:17','2024-05-28 14:43:17',NULL),(1107,832,2024,40994,9,0,'2024-05-28 14:43:17','2024-05-28 14:43:17',NULL),(1108,832,2024,40995,1,0,'2024-05-28 14:43:17','2024-05-28 14:43:17',NULL),(1109,832,2024,40995,2,0,'2024-05-28 14:43:17','2024-05-28 14:43:17',NULL),(1110,832,2024,40995,3,0,'2024-05-28 14:43:17','2024-05-28 14:43:17',NULL),(1111,832,2024,40995,4,0,'2024-05-28 14:43:17','2024-05-28 14:43:17',NULL),(1112,832,2024,40995,5,0,'2024-05-28 14:43:17','2024-05-28 14:43:17',NULL),(1113,832,2024,40995,6,0,'2024-05-28 14:43:17','2024-05-28 14:43:17',NULL),(1114,832,2024,40995,7,0,'2024-05-28 14:43:17','2024-05-28 14:43:17',NULL),(1115,832,2024,40995,8,0,'2024-05-28 14:43:17','2024-05-28 14:43:17',NULL),(1116,832,2024,40995,9,0,'2024-05-28 14:43:17','2024-05-28 14:43:17',NULL),(1117,832,2024,40996,1,0,'2024-05-28 14:43:17','2024-05-28 14:43:17',NULL),(1118,832,2024,40996,2,0,'2024-05-28 14:43:17','2024-05-28 14:43:17',NULL),(1119,832,2024,40996,3,0,'2024-05-28 14:43:17','2024-05-28 14:43:17',NULL),(1120,832,2024,40996,4,0,'2024-05-28 14:43:17','2024-05-28 14:43:17',NULL),(1121,832,2024,40996,5,0,'2024-05-28 14:43:17','2024-05-28 14:43:17',NULL),(1122,832,2024,40996,6,0,'2024-05-28 14:43:17','2024-05-28 14:43:17',NULL),(1123,832,2024,40996,7,0,'2024-05-28 14:43:17','2024-05-28 14:43:17',NULL),(1124,832,2024,40996,8,0,'2024-05-28 14:43:17','2024-05-28 14:43:17',NULL),(1125,832,2024,40996,9,0,'2024-05-28 14:43:17','2024-05-28 14:43:17',NULL),(1126,832,2024,40997,1,0,'2024-05-28 14:43:17','2024-05-28 14:43:17',NULL),(1127,832,2024,40997,2,0,'2024-05-28 14:43:17','2024-05-28 14:43:17',NULL),(1128,832,2024,40997,3,0,'2024-05-28 14:43:17','2024-05-28 14:43:17',NULL),(1129,832,2024,40997,4,0,'2024-05-28 14:43:17','2024-05-28 14:43:17',NULL),(1130,832,2024,40997,5,0,'2024-05-28 14:43:17','2024-05-28 14:43:17',NULL),(1131,832,2024,40997,6,0,'2024-05-28 14:43:17','2024-05-28 14:43:17',NULL);
INSERT INTO `obl_anual_registros` VALUES (1132,832,2024,40997,7,0,'2024-05-28 14:43:18','2024-05-28 14:43:18',NULL),(1133,832,2024,40997,8,0,'2024-05-28 14:43:18','2024-05-28 14:43:18',NULL),(1134,832,2024,40997,9,0,'2024-05-28 14:43:18','2024-05-28 14:43:18',NULL),(1135,832,2024,40998,1,0,'2024-05-28 14:43:18','2024-05-28 14:43:18',NULL),(1136,832,2024,40998,2,0,'2024-05-28 14:43:18','2024-05-28 14:43:18',NULL),(1137,832,2024,40998,3,0,'2024-05-28 14:43:18','2024-05-28 14:43:18',NULL),(1138,832,2024,40998,4,0,'2024-05-28 14:43:18','2024-05-28 14:43:18',NULL),(1139,832,2024,40998,5,0,'2024-05-28 14:43:18','2024-05-28 14:43:18',NULL),(1140,832,2024,40998,6,0,'2024-05-28 14:43:18','2024-05-28 14:43:18',NULL),(1141,832,2024,40998,7,0,'2024-05-28 14:43:18','2024-05-28 14:43:18',NULL),(1142,832,2024,40998,8,0,'2024-05-28 14:43:18','2024-05-28 14:43:18',NULL),(1143,832,2024,40998,9,0,'2024-05-28 14:43:18','2024-05-28 14:43:18',NULL),(1144,832,2024,40999,1,0,'2024-05-28 14:43:18','2024-05-28 14:43:18',NULL),(1145,832,2024,40999,2,0,'2024-05-28 14:43:18','2024-05-28 14:43:18',NULL),(1146,832,2024,40999,3,0,'2024-05-28 14:43:18','2024-05-28 14:43:18',NULL),(1147,832,2024,40999,4,0,'2024-05-28 14:43:18','2024-05-28 14:43:18',NULL),(1148,832,2024,40999,5,0,'2024-05-28 14:43:18','2024-05-28 14:43:18',NULL),(1149,832,2024,40999,6,0,'2024-05-28 14:43:18','2024-05-28 14:43:18',NULL),(1150,832,2024,40999,7,0,'2024-05-28 14:43:18','2024-05-28 14:43:18',NULL),(1151,832,2024,40999,8,0,'2024-05-28 14:43:18','2024-05-28 14:43:18',NULL),(1152,832,2024,40999,9,0,'2024-05-28 14:43:18','2024-05-28 14:43:18',NULL),(1153,832,2024,41000,1,0,'2024-05-28 14:43:18','2024-05-28 14:43:18',NULL),(1154,832,2024,41000,2,0,'2024-05-28 14:43:18','2024-05-28 14:43:18',NULL),(1155,832,2024,41000,3,0,'2024-05-28 14:43:18','2024-05-28 14:43:18',NULL),(1156,832,2024,41000,4,0,'2024-05-28 14:43:18','2024-05-28 14:43:18',NULL),(1157,832,2024,41000,5,0,'2024-05-28 14:43:18','2024-05-28 14:43:18',NULL),(1158,832,2024,41000,6,0,'2024-05-28 14:43:18','2024-05-28 14:43:18',NULL),(1159,832,2024,41000,7,0,'2024-05-28 14:43:18','2024-05-28 14:43:18',NULL),(1160,832,2024,41000,8,0,'2024-05-28 14:43:18','2024-05-28 14:43:18',NULL),(1161,832,2024,41000,9,0,'2024-05-28 14:43:18','2024-05-28 14:43:18',NULL),(1162,832,2024,41001,1,0,'2024-05-28 14:43:18','2024-05-28 14:43:18',NULL),(1163,832,2024,41001,2,0,'2024-05-28 14:43:18','2024-05-28 14:43:18',NULL),(1164,832,2024,41001,3,0,'2024-05-28 14:43:18','2024-05-28 14:43:18',NULL),(1165,832,2024,41001,4,0,'2024-05-28 14:43:18','2024-05-28 14:43:18',NULL),(1166,832,2024,41001,5,0,'2024-05-28 14:43:18','2024-05-28 14:43:18',NULL),(1167,832,2024,41001,6,0,'2024-05-28 14:43:18','2024-05-28 14:43:18',NULL),(1168,832,2024,41001,7,0,'2024-05-28 14:43:18','2024-05-28 14:43:18',NULL),(1169,832,2024,41001,8,0,'2024-05-28 14:43:18','2024-05-28 14:43:18',NULL),(1170,832,2024,41001,9,0,'2024-05-28 14:43:18','2024-05-28 14:43:18',NULL),(1171,832,2024,41002,1,0,'2024-05-28 14:43:18','2024-05-28 14:43:18',NULL),(1172,832,2024,41002,2,0,'2024-05-28 14:43:18','2024-05-28 14:43:18',NULL),(1173,832,2024,41002,3,0,'2024-05-28 14:43:18','2024-05-28 14:43:18',NULL),(1174,832,2024,41002,4,0,'2024-05-28 14:43:18','2024-05-28 14:43:18',NULL),(1175,832,2024,41002,5,0,'2024-05-28 14:43:18','2024-05-28 14:43:18',NULL),(1176,832,2024,41002,6,0,'2024-05-28 14:43:18','2024-05-28 14:43:18',NULL),(1177,832,2024,41002,7,0,'2024-05-28 14:43:18','2024-05-28 14:43:18',NULL),(1178,832,2024,41002,8,0,'2024-05-28 14:43:18','2024-05-28 14:43:18',NULL),(1179,832,2024,41002,9,0,'2024-05-28 14:43:18','2024-05-28 14:43:18',NULL),(1180,832,2024,41003,1,0,'2024-05-28 14:43:18','2024-05-28 14:43:18',NULL),(1181,832,2024,41003,2,0,'2024-05-28 14:43:18','2024-05-28 14:43:18',NULL),(1182,832,2024,41003,3,0,'2024-05-28 14:43:18','2024-05-28 14:43:18',NULL),(1183,832,2024,41003,4,0,'2024-05-28 14:43:18','2024-05-28 14:43:18',NULL),(1184,832,2024,41003,5,0,'2024-05-28 14:43:18','2024-05-28 14:43:18',NULL);
INSERT INTO `obl_anual_registros` VALUES (1185,832,2024,41003,6,0,'2024-05-28 14:43:18','2024-05-28 14:43:18',NULL),(1186,832,2024,41003,7,0,'2024-05-28 14:43:18','2024-05-28 14:43:18',NULL),(1187,832,2024,41003,8,0,'2024-05-28 14:43:18','2024-05-28 14:43:18',NULL),(1188,832,2024,41003,9,0,'2024-05-28 14:43:18','2024-05-28 14:43:18',NULL),(1189,832,2024,41004,1,0,'2024-05-28 14:43:18','2024-05-28 14:43:18',NULL),(1190,832,2024,41004,2,0,'2024-05-28 14:43:18','2024-05-28 14:43:18',NULL),(1191,832,2024,41004,3,0,'2024-05-28 14:43:18','2024-05-28 14:43:18',NULL),(1192,832,2024,41004,4,0,'2024-05-28 14:43:18','2024-05-28 14:43:18',NULL),(1193,832,2024,41004,5,0,'2024-05-28 14:43:18','2024-05-28 14:43:18',NULL),(1194,832,2024,41004,6,0,'2024-05-28 14:43:18','2024-05-28 14:43:18',NULL),(1195,832,2024,41004,7,0,'2024-05-28 14:43:18','2024-05-28 14:43:18',NULL),(1196,832,2024,41004,8,0,'2024-05-28 14:43:18','2024-05-28 14:43:18',NULL),(1197,832,2024,41004,9,0,'2024-05-28 14:43:18','2024-05-28 14:43:18',NULL),(1198,832,2024,41005,1,0,'2024-05-28 14:43:18','2024-05-28 14:43:18',NULL),(1199,832,2024,41005,2,0,'2024-05-28 14:43:18','2024-05-28 14:43:18',NULL),(1200,832,2024,41005,3,0,'2024-05-28 14:43:18','2024-05-28 14:43:18',NULL),(1201,832,2024,41005,4,0,'2024-05-28 14:43:18','2024-05-28 14:43:18',NULL),(1202,832,2024,41005,5,0,'2024-05-28 14:43:18','2024-05-28 14:43:18',NULL),(1203,832,2024,41005,6,0,'2024-05-28 14:43:18','2024-05-28 14:43:18',NULL),(1204,832,2024,41005,7,0,'2024-05-28 14:43:18','2024-05-28 14:43:18',NULL),(1205,832,2024,41005,8,0,'2024-05-28 14:43:18','2024-05-28 14:43:18',NULL),(1206,832,2024,41005,9,0,'2024-05-28 14:43:18','2024-05-28 14:43:18',NULL),(1207,832,2025,40720,1,0,'2025-01-31 12:34:32','2025-01-31 12:34:32',NULL),(1208,832,2025,40720,2,0,'2025-01-31 12:34:32','2025-01-31 12:34:32',NULL),(1209,832,2025,40720,3,0,'2025-01-31 12:34:32','2025-01-31 12:34:32',NULL),(1210,832,2025,40720,4,0,'2025-01-31 12:34:32','2025-01-31 12:34:32',NULL),(1211,832,2025,40720,5,0,'2025-01-31 12:34:32','2025-01-31 12:34:32',NULL),(1212,832,2025,40720,6,0,'2025-01-31 12:34:32','2025-01-31 12:34:32',NULL),(1213,832,2025,40720,7,0,'2025-01-31 12:34:32','2025-01-31 12:34:32',NULL),(1214,832,2025,40720,8,0,'2025-01-31 12:34:32','2025-01-31 12:34:32',NULL),(1215,832,2025,40720,9,0,'2025-01-31 12:34:32','2025-01-31 12:34:32',NULL),(1216,832,2025,40721,1,0,'2025-01-31 12:34:32','2025-01-31 12:34:32',NULL),(1217,832,2025,40721,2,0,'2025-01-31 12:34:32','2025-01-31 12:34:32',NULL),(1218,832,2025,40721,3,0,'2025-01-31 12:34:32','2025-01-31 12:34:32',NULL),(1219,832,2025,40721,4,0,'2025-01-31 12:34:32','2025-01-31 12:34:32',NULL),(1220,832,2025,40721,5,0,'2025-01-31 12:34:32','2025-01-31 12:34:32',NULL),(1221,832,2025,40721,6,0,'2025-01-31 12:34:32','2025-01-31 12:34:32',NULL),(1222,832,2025,40721,7,0,'2025-01-31 12:34:32','2025-01-31 12:34:32',NULL),(1223,832,2025,40721,8,0,'2025-01-31 12:34:32','2025-01-31 12:34:32',NULL),(1224,832,2025,40721,9,0,'2025-01-31 12:34:32','2025-01-31 12:34:32',NULL),(1225,832,2025,40724,1,0,'2025-01-31 12:34:32','2025-01-31 12:34:32',NULL),(1226,832,2025,40724,2,0,'2025-01-31 12:34:32','2025-01-31 12:34:32',NULL),(1227,832,2025,40724,3,0,'2025-01-31 12:34:32','2025-01-31 12:34:32',NULL),(1228,832,2025,40724,4,0,'2025-01-31 12:34:32','2025-01-31 12:34:32',NULL),(1229,832,2025,40724,5,0,'2025-01-31 12:34:32','2025-01-31 12:34:32',NULL),(1230,832,2025,40724,6,0,'2025-01-31 12:34:32','2025-01-31 12:34:32',NULL),(1231,832,2025,40724,7,0,'2025-01-31 12:34:32','2025-01-31 12:34:32',NULL),(1232,832,2025,40724,8,0,'2025-01-31 12:34:32','2025-01-31 12:34:32',NULL),(1233,832,2025,40724,9,0,'2025-01-31 12:34:32','2025-01-31 12:34:32',NULL),(1234,832,2025,40725,1,0,'2025-01-31 12:34:32','2025-01-31 12:34:32',NULL),(1235,832,2025,40725,2,0,'2025-01-31 12:34:32','2025-01-31 12:34:32',NULL),(1236,832,2025,40725,3,0,'2025-01-31 12:34:32','2025-01-31 12:34:32',NULL),(1237,832,2025,40725,4,0,'2025-01-31 12:34:32','2025-01-31 12:34:32',NULL);
INSERT INTO `obl_anual_registros` VALUES (1238,832,2025,40725,5,0,'2025-01-31 12:34:32','2025-01-31 12:34:32',NULL),(1239,832,2025,40725,6,0,'2025-01-31 12:34:32','2025-01-31 12:34:32',NULL),(1240,832,2025,40725,7,0,'2025-01-31 12:34:32','2025-01-31 12:34:32',NULL),(1241,832,2025,40725,8,0,'2025-01-31 12:34:32','2025-01-31 12:34:32',NULL),(1242,832,2025,40725,9,0,'2025-01-31 12:34:32','2025-01-31 12:34:32',NULL),(1243,832,2025,40726,1,0,'2025-01-31 12:34:32','2025-01-31 12:34:32',NULL),(1244,832,2025,40726,2,0,'2025-01-31 12:34:32','2025-01-31 12:34:32',NULL),(1245,832,2025,40726,3,0,'2025-01-31 12:34:32','2025-01-31 12:34:32',NULL),(1246,832,2025,40726,4,0,'2025-01-31 12:34:32','2025-01-31 12:34:32',NULL),(1247,832,2025,40726,5,0,'2025-01-31 12:34:32','2025-01-31 12:34:32',NULL),(1248,832,2025,40726,6,0,'2025-01-31 12:34:32','2025-01-31 12:34:32',NULL),(1249,832,2025,40726,7,0,'2025-01-31 12:34:32','2025-01-31 12:34:32',NULL),(1250,832,2025,40726,8,0,'2025-01-31 12:34:32','2025-01-31 12:34:32',NULL),(1251,832,2025,40726,9,0,'2025-01-31 12:34:32','2025-01-31 12:34:32',NULL),(1252,832,2025,40727,1,0,'2025-01-31 12:34:32','2025-01-31 12:34:32',NULL),(1253,832,2025,40727,2,0,'2025-01-31 12:34:32','2025-01-31 12:34:32',NULL),(1254,832,2025,40727,3,0,'2025-01-31 12:34:32','2025-01-31 12:34:32',NULL),(1255,832,2025,40727,4,0,'2025-01-31 12:34:32','2025-01-31 12:34:32',NULL),(1256,832,2025,40727,5,0,'2025-01-31 12:34:32','2025-01-31 12:34:32',NULL),(1257,832,2025,40727,6,0,'2025-01-31 12:34:32','2025-01-31 12:34:32',NULL),(1258,832,2025,40727,7,0,'2025-01-31 12:34:32','2025-01-31 12:34:32',NULL),(1259,832,2025,40727,8,0,'2025-01-31 12:34:32','2025-01-31 12:34:32',NULL),(1260,832,2025,40727,9,0,'2025-01-31 12:34:32','2025-01-31 12:34:32',NULL),(1261,832,2025,40728,1,0,'2025-01-31 12:34:32','2025-01-31 12:34:32',NULL),(1262,832,2025,40728,2,0,'2025-01-31 12:34:32','2025-01-31 12:34:32',NULL),(1263,832,2025,40728,3,0,'2025-01-31 12:34:32','2025-01-31 12:34:32',NULL),(1264,832,2025,40728,4,0,'2025-01-31 12:34:32','2025-01-31 12:34:32',NULL),(1265,832,2025,40728,5,0,'2025-01-31 12:34:32','2025-01-31 12:34:32',NULL),(1266,832,2025,40728,6,0,'2025-01-31 12:34:32','2025-01-31 12:34:32',NULL),(1267,832,2025,40728,7,0,'2025-01-31 12:34:32','2025-01-31 12:34:32',NULL),(1268,832,2025,40728,8,0,'2025-01-31 12:34:32','2025-01-31 12:34:32',NULL),(1269,832,2025,40728,9,0,'2025-01-31 12:34:32','2025-01-31 12:34:32',NULL),(1270,832,2025,40729,1,0,'2025-01-31 12:34:32','2025-01-31 12:34:32',NULL),(1271,832,2025,40729,2,0,'2025-01-31 12:34:32','2025-01-31 12:34:32',NULL),(1272,832,2025,40729,3,0,'2025-01-31 12:34:32','2025-01-31 12:34:32',NULL),(1273,832,2025,40729,4,0,'2025-01-31 12:34:32','2025-01-31 12:34:32',NULL),(1274,832,2025,40729,5,0,'2025-01-31 12:34:32','2025-01-31 12:34:32',NULL),(1275,832,2025,40729,6,0,'2025-01-31 12:34:32','2025-01-31 12:34:32',NULL),(1276,832,2025,40729,7,0,'2025-01-31 12:34:32','2025-01-31 12:34:32',NULL),(1277,832,2025,40729,8,0,'2025-01-31 12:34:32','2025-01-31 12:34:32',NULL),(1278,832,2025,40729,9,0,'2025-01-31 12:34:32','2025-01-31 12:34:32',NULL),(1279,832,2025,40730,1,0,'2025-01-31 12:34:32','2025-01-31 12:34:32',NULL),(1280,832,2025,40730,2,0,'2025-01-31 12:34:32','2025-01-31 12:34:32',NULL),(1281,832,2025,40730,3,0,'2025-01-31 12:34:32','2025-01-31 12:34:32',NULL),(1282,832,2025,40730,4,0,'2025-01-31 12:34:32','2025-01-31 12:34:32',NULL),(1283,832,2025,40730,5,0,'2025-01-31 12:34:32','2025-01-31 12:34:32',NULL),(1284,832,2025,40730,6,0,'2025-01-31 12:34:32','2025-01-31 12:34:32',NULL),(1285,832,2025,40730,7,0,'2025-01-31 12:34:32','2025-01-31 12:34:32',NULL),(1286,832,2025,40730,8,0,'2025-01-31 12:34:32','2025-01-31 12:34:32',NULL),(1287,832,2025,40730,9,0,'2025-01-31 12:34:32','2025-01-31 12:34:32',NULL),(1288,832,2025,40738,1,0,'2025-01-31 12:34:32','2025-01-31 12:34:32',NULL),(1289,832,2025,40738,2,0,'2025-01-31 12:34:32','2025-01-31 12:34:32',NULL),(1290,832,2025,40738,3,0,'2025-01-31 12:34:32','2025-01-31 12:34:32',NULL);
INSERT INTO `obl_anual_registros` VALUES (1291,832,2025,40738,4,0,'2025-01-31 12:34:32','2025-01-31 12:34:32',NULL),(1292,832,2025,40738,5,0,'2025-01-31 12:34:32','2025-01-31 12:34:32',NULL),(1293,832,2025,40738,6,0,'2025-01-31 12:34:32','2025-01-31 12:34:32',NULL),(1294,832,2025,40738,7,0,'2025-01-31 12:34:32','2025-01-31 12:34:32',NULL),(1295,832,2025,40738,8,0,'2025-01-31 12:34:32','2025-01-31 12:34:32',NULL),(1296,832,2025,40738,9,0,'2025-01-31 12:34:32','2025-01-31 12:34:32',NULL),(1297,832,2025,40739,1,0,'2025-01-31 12:34:32','2025-01-31 12:34:32',NULL),(1298,832,2025,40739,2,0,'2025-01-31 12:34:32','2025-01-31 12:34:32',NULL),(1299,832,2025,40739,3,0,'2025-01-31 12:34:32','2025-01-31 12:34:32',NULL),(1300,832,2025,40739,4,0,'2025-01-31 12:34:32','2025-01-31 12:34:32',NULL),(1301,832,2025,40739,5,0,'2025-01-31 12:34:32','2025-01-31 12:34:32',NULL),(1302,832,2025,40739,6,0,'2025-01-31 12:34:32','2025-01-31 12:34:32',NULL),(1303,832,2025,40739,7,0,'2025-01-31 12:34:32','2025-01-31 12:34:32',NULL),(1304,832,2025,40739,8,0,'2025-01-31 12:34:32','2025-01-31 12:34:32',NULL),(1305,832,2025,40739,9,0,'2025-01-31 12:34:32','2025-01-31 12:34:32',NULL),(1306,832,2025,40740,1,0,'2025-01-31 12:34:32','2025-01-31 12:34:32',NULL),(1307,832,2025,40740,2,0,'2025-01-31 12:34:32','2025-01-31 12:34:32',NULL),(1308,832,2025,40740,3,0,'2025-01-31 12:34:32','2025-01-31 12:34:32',NULL),(1309,832,2025,40740,4,0,'2025-01-31 12:34:32','2025-01-31 12:34:32',NULL),(1310,832,2025,40740,5,0,'2025-01-31 12:34:32','2025-01-31 12:34:32',NULL),(1311,832,2025,40740,6,0,'2025-01-31 12:34:32','2025-01-31 12:34:32',NULL),(1312,832,2025,40740,7,0,'2025-01-31 12:34:32','2025-01-31 12:34:32',NULL),(1313,832,2025,40740,8,0,'2025-01-31 12:34:32','2025-01-31 12:34:32',NULL),(1314,832,2025,40740,9,0,'2025-01-31 12:34:32','2025-01-31 12:34:32',NULL),(1315,832,2025,40759,1,0,'2025-01-31 12:34:32','2025-01-31 12:34:32',NULL),(1316,832,2025,40759,2,0,'2025-01-31 12:34:32','2025-01-31 12:34:32',NULL),(1317,832,2025,40759,3,0,'2025-01-31 12:34:32','2025-01-31 12:34:32',NULL),(1318,832,2025,40759,4,0,'2025-01-31 12:34:32','2025-01-31 12:34:32',NULL),(1319,832,2025,40759,5,0,'2025-01-31 12:34:32','2025-01-31 12:34:32',NULL),(1320,832,2025,40759,6,0,'2025-01-31 12:34:32','2025-01-31 12:34:32',NULL),(1321,832,2025,40759,7,0,'2025-01-31 12:34:32','2025-01-31 12:34:32',NULL),(1322,832,2025,40759,8,0,'2025-01-31 12:34:32','2025-01-31 12:34:32',NULL),(1323,832,2025,40759,9,0,'2025-01-31 12:34:32','2025-01-31 12:34:32',NULL),(1324,832,2025,40761,1,0,'2025-01-31 12:34:32','2025-01-31 12:34:32',NULL),(1325,832,2025,40761,2,0,'2025-01-31 12:34:32','2025-01-31 12:34:32',NULL),(1326,832,2025,40761,3,0,'2025-01-31 12:34:32','2025-01-31 12:34:32',NULL),(1327,832,2025,40761,4,0,'2025-01-31 12:34:32','2025-01-31 12:34:32',NULL),(1328,832,2025,40761,5,0,'2025-01-31 12:34:32','2025-01-31 12:34:32',NULL),(1329,832,2025,40761,6,0,'2025-01-31 12:34:32','2025-01-31 12:34:32',NULL),(1330,832,2025,40761,7,0,'2025-01-31 12:34:32','2025-01-31 12:34:32',NULL),(1331,832,2025,40761,8,0,'2025-01-31 12:34:32','2025-01-31 12:34:32',NULL),(1332,832,2025,40761,9,0,'2025-01-31 12:34:32','2025-01-31 12:34:32',NULL),(1333,832,2025,40772,1,0,'2025-01-31 12:34:32','2025-01-31 12:34:32',NULL),(1334,832,2025,40772,2,0,'2025-01-31 12:34:32','2025-01-31 12:34:32',NULL),(1335,832,2025,40772,3,0,'2025-01-31 12:34:32','2025-01-31 12:34:32',NULL),(1336,832,2025,40772,4,0,'2025-01-31 12:34:32','2025-01-31 12:34:32',NULL),(1337,832,2025,40772,5,0,'2025-01-31 12:34:32','2025-01-31 12:34:32',NULL),(1338,832,2025,40772,6,0,'2025-01-31 12:34:32','2025-01-31 12:34:32',NULL),(1339,832,2025,40772,7,0,'2025-01-31 12:34:32','2025-01-31 12:34:32',NULL),(1340,832,2025,40772,8,0,'2025-01-31 12:34:32','2025-01-31 12:34:32',NULL),(1341,832,2025,40772,9,0,'2025-01-31 12:34:32','2025-01-31 12:34:32',NULL),(1342,832,2025,40778,1,0,'2025-01-31 12:34:32','2025-01-31 12:34:32',NULL),(1343,832,2025,40778,2,0,'2025-01-31 12:34:32','2025-01-31 12:34:32',NULL);
INSERT INTO `obl_anual_registros` VALUES (1344,832,2025,40778,3,0,'2025-01-31 12:34:32','2025-01-31 12:34:32',NULL),(1345,832,2025,40778,4,0,'2025-01-31 12:34:32','2025-01-31 12:34:32',NULL),(1346,832,2025,40778,5,0,'2025-01-31 12:34:32','2025-01-31 12:34:32',NULL),(1347,832,2025,40778,6,0,'2025-01-31 12:34:32','2025-01-31 12:34:32',NULL),(1348,832,2025,40778,7,0,'2025-01-31 12:34:32','2025-01-31 12:34:32',NULL),(1349,832,2025,40778,8,0,'2025-01-31 12:34:32','2025-01-31 12:34:32',NULL),(1350,832,2025,40778,9,0,'2025-01-31 12:34:32','2025-01-31 12:34:32',NULL),(1351,832,2025,40779,1,0,'2025-01-31 12:34:32','2025-01-31 12:34:32',NULL),(1352,832,2025,40779,2,0,'2025-01-31 12:34:32','2025-01-31 12:34:32',NULL),(1353,832,2025,40779,3,0,'2025-01-31 12:34:32','2025-01-31 12:34:32',NULL),(1354,832,2025,40779,4,0,'2025-01-31 12:34:32','2025-01-31 12:34:32',NULL),(1355,832,2025,40779,5,0,'2025-01-31 12:34:32','2025-01-31 12:34:32',NULL),(1356,832,2025,40779,6,0,'2025-01-31 12:34:32','2025-01-31 12:34:32',NULL),(1357,832,2025,40779,7,0,'2025-01-31 12:34:32','2025-01-31 12:34:32',NULL),(1358,832,2025,40779,8,0,'2025-01-31 12:34:32','2025-01-31 12:34:32',NULL),(1359,832,2025,40779,9,0,'2025-01-31 12:34:32','2025-01-31 12:34:32',NULL),(1360,832,2025,40791,1,0,'2025-01-31 12:34:32','2025-01-31 12:34:32',NULL),(1361,832,2025,40791,2,0,'2025-01-31 12:34:32','2025-01-31 12:34:32',NULL),(1362,832,2025,40791,3,0,'2025-01-31 12:34:32','2025-01-31 12:34:32',NULL),(1363,832,2025,40791,4,0,'2025-01-31 12:34:32','2025-01-31 12:34:32',NULL),(1364,832,2025,40791,5,0,'2025-01-31 12:34:32','2025-01-31 12:34:32',NULL),(1365,832,2025,40791,6,0,'2025-01-31 12:34:32','2025-01-31 12:34:32',NULL),(1366,832,2025,40791,7,0,'2025-01-31 12:34:32','2025-01-31 12:34:32',NULL),(1367,832,2025,40791,8,0,'2025-01-31 12:34:32','2025-01-31 12:34:32',NULL),(1368,832,2025,40791,9,0,'2025-01-31 12:34:32','2025-01-31 12:34:32',NULL),(1369,832,2025,40969,1,0,'2025-01-31 12:34:32','2025-01-31 12:34:32',NULL),(1370,832,2025,40969,2,0,'2025-01-31 12:34:32','2025-01-31 12:34:32',NULL),(1371,832,2025,40969,3,0,'2025-01-31 12:34:32','2025-01-31 12:34:32',NULL),(1372,832,2025,40969,4,0,'2025-01-31 12:34:32','2025-01-31 12:34:32',NULL),(1373,832,2025,40969,5,0,'2025-01-31 12:34:32','2025-01-31 12:34:32',NULL),(1374,832,2025,40969,6,0,'2025-01-31 12:34:32','2025-01-31 12:34:32',NULL),(1375,832,2025,40969,7,0,'2025-01-31 12:34:32','2025-01-31 12:34:32',NULL),(1376,832,2025,40969,8,0,'2025-01-31 12:34:32','2025-01-31 12:34:32',NULL),(1377,832,2025,40969,9,0,'2025-01-31 12:34:32','2025-01-31 12:34:32',NULL),(1378,832,2025,40976,1,0,'2025-01-31 12:34:32','2025-01-31 12:34:32',NULL),(1379,832,2025,40976,2,0,'2025-01-31 12:34:32','2025-01-31 12:34:32',NULL),(1380,832,2025,40976,3,0,'2025-01-31 12:34:32','2025-01-31 12:34:32',NULL),(1381,832,2025,40976,4,0,'2025-01-31 12:34:32','2025-01-31 12:34:32',NULL),(1382,832,2025,40976,5,0,'2025-01-31 12:34:32','2025-01-31 12:34:32',NULL),(1383,832,2025,40976,6,0,'2025-01-31 12:34:32','2025-01-31 12:34:32',NULL),(1384,832,2025,40976,7,0,'2025-01-31 12:34:32','2025-01-31 12:34:32',NULL),(1385,832,2025,40976,8,0,'2025-01-31 12:34:32','2025-01-31 12:34:32',NULL),(1386,832,2025,40976,9,0,'2025-01-31 12:34:32','2025-01-31 12:34:32',NULL),(1387,832,2025,40988,1,0,'2025-01-31 12:34:32','2025-01-31 12:34:32',NULL),(1388,832,2025,40988,2,0,'2025-01-31 12:34:32','2025-01-31 12:34:32',NULL),(1389,832,2025,40988,3,0,'2025-01-31 12:34:32','2025-01-31 12:34:32',NULL),(1390,832,2025,40988,4,0,'2025-01-31 12:34:32','2025-01-31 12:34:32',NULL),(1391,832,2025,40988,5,0,'2025-01-31 12:34:32','2025-01-31 12:34:32',NULL),(1392,832,2025,40988,6,0,'2025-01-31 12:34:32','2025-01-31 12:34:32',NULL),(1393,832,2025,40988,7,0,'2025-01-31 12:34:32','2025-01-31 12:34:32',NULL),(1394,832,2025,40988,8,0,'2025-01-31 12:34:32','2025-01-31 12:34:32',NULL),(1395,832,2025,40988,9,0,'2025-01-31 12:34:32','2025-01-31 12:34:32',NULL),(1396,832,2025,40994,1,0,'2025-01-31 12:34:32','2025-01-31 12:34:32',NULL);
INSERT INTO `obl_anual_registros` VALUES (1397,832,2025,40994,2,0,'2025-01-31 12:34:32','2025-01-31 12:34:32',NULL),(1398,832,2025,40994,3,0,'2025-01-31 12:34:32','2025-01-31 12:34:32',NULL),(1399,832,2025,40994,4,0,'2025-01-31 12:34:32','2025-01-31 12:34:32',NULL),(1400,832,2025,40994,5,0,'2025-01-31 12:34:32','2025-01-31 12:34:32',NULL),(1401,832,2025,40994,6,0,'2025-01-31 12:34:32','2025-01-31 12:34:32',NULL),(1402,832,2025,40994,7,0,'2025-01-31 12:34:32','2025-01-31 12:34:32',NULL),(1403,832,2025,40994,8,0,'2025-01-31 12:34:32','2025-01-31 12:34:32',NULL),(1404,832,2025,40994,9,0,'2025-01-31 12:34:32','2025-01-31 12:34:32',NULL),(1405,832,2025,40995,1,0,'2025-01-31 12:34:32','2025-01-31 12:34:32',NULL),(1406,832,2025,40995,2,0,'2025-01-31 12:34:32','2025-01-31 12:34:32',NULL),(1407,832,2025,40995,3,0,'2025-01-31 12:34:32','2025-01-31 12:34:32',NULL),(1408,832,2025,40995,4,0,'2025-01-31 12:34:32','2025-01-31 12:34:32',NULL),(1409,832,2025,40995,5,0,'2025-01-31 12:34:32','2025-01-31 12:34:32',NULL),(1410,832,2025,40995,6,0,'2025-01-31 12:34:32','2025-01-31 12:34:32',NULL),(1411,832,2025,40995,7,0,'2025-01-31 12:34:32','2025-01-31 12:34:32',NULL),(1412,832,2025,40995,8,0,'2025-01-31 12:34:32','2025-01-31 12:34:32',NULL),(1413,832,2025,40995,9,0,'2025-01-31 12:34:32','2025-01-31 12:34:32',NULL),(1414,832,2025,40996,1,0,'2025-01-31 12:34:32','2025-01-31 12:34:32',NULL),(1415,832,2025,40996,2,0,'2025-01-31 12:34:32','2025-01-31 12:34:32',NULL),(1416,832,2025,40996,3,0,'2025-01-31 12:34:32','2025-01-31 12:34:32',NULL),(1417,832,2025,40996,4,0,'2025-01-31 12:34:32','2025-01-31 12:34:32',NULL),(1418,832,2025,40996,5,0,'2025-01-31 12:34:32','2025-01-31 12:34:32',NULL),(1419,832,2025,40996,6,0,'2025-01-31 12:34:32','2025-01-31 12:34:32',NULL),(1420,832,2025,40996,7,0,'2025-01-31 12:34:32','2025-01-31 12:34:32',NULL),(1421,832,2025,40996,8,0,'2025-01-31 12:34:32','2025-01-31 12:34:32',NULL),(1422,832,2025,40996,9,0,'2025-01-31 12:34:32','2025-01-31 12:34:32',NULL),(1423,832,2025,40997,1,0,'2025-01-31 12:34:32','2025-01-31 12:34:32',NULL),(1424,832,2025,40997,2,0,'2025-01-31 12:34:32','2025-01-31 12:34:32',NULL),(1425,832,2025,40997,3,0,'2025-01-31 12:34:32','2025-01-31 12:34:32',NULL),(1426,832,2025,40997,4,0,'2025-01-31 12:34:32','2025-01-31 12:34:32',NULL),(1427,832,2025,40997,5,0,'2025-01-31 12:34:32','2025-01-31 12:34:32',NULL),(1428,832,2025,40997,6,0,'2025-01-31 12:34:32','2025-01-31 12:34:32',NULL),(1429,832,2025,40997,7,0,'2025-01-31 12:34:32','2025-01-31 12:34:32',NULL),(1430,832,2025,40997,8,0,'2025-01-31 12:34:32','2025-01-31 12:34:32',NULL),(1431,832,2025,40997,9,0,'2025-01-31 12:34:32','2025-01-31 12:34:32',NULL),(1432,832,2025,40998,1,0,'2025-01-31 12:34:32','2025-01-31 12:34:32',NULL),(1433,832,2025,40998,2,0,'2025-01-31 12:34:32','2025-01-31 12:34:32',NULL),(1434,832,2025,40998,3,0,'2025-01-31 12:34:32','2025-01-31 12:34:32',NULL),(1435,832,2025,40998,4,0,'2025-01-31 12:34:32','2025-01-31 12:34:32',NULL),(1436,832,2025,40998,5,0,'2025-01-31 12:34:32','2025-01-31 12:34:32',NULL),(1437,832,2025,40998,6,0,'2025-01-31 12:34:32','2025-01-31 12:34:32',NULL),(1438,832,2025,40998,7,0,'2025-01-31 12:34:32','2025-01-31 12:34:32',NULL),(1439,832,2025,40998,8,0,'2025-01-31 12:34:32','2025-01-31 12:34:32',NULL),(1440,832,2025,40998,9,0,'2025-01-31 12:34:32','2025-01-31 12:34:32',NULL),(1441,832,2025,40999,1,0,'2025-01-31 12:34:32','2025-01-31 12:34:32',NULL),(1442,832,2025,40999,2,0,'2025-01-31 12:34:32','2025-01-31 12:34:32',NULL),(1443,832,2025,40999,3,0,'2025-01-31 12:34:32','2025-01-31 12:34:32',NULL),(1444,832,2025,40999,4,0,'2025-01-31 12:34:32','2025-01-31 12:34:32',NULL),(1445,832,2025,40999,5,0,'2025-01-31 12:34:32','2025-01-31 12:34:32',NULL),(1446,832,2025,40999,6,0,'2025-01-31 12:34:32','2025-01-31 12:34:32',NULL),(1447,832,2025,40999,7,0,'2025-01-31 12:34:32','2025-01-31 12:34:32',NULL),(1448,832,2025,40999,8,0,'2025-01-31 12:34:32','2025-01-31 12:34:32',NULL),(1449,832,2025,40999,9,0,'2025-01-31 12:34:32','2025-01-31 12:34:32',NULL);
INSERT INTO `obl_anual_registros` VALUES (1450,832,2025,41000,1,0,'2025-01-31 12:34:32','2025-01-31 12:34:32',NULL),(1451,832,2025,41000,2,0,'2025-01-31 12:34:32','2025-01-31 12:34:32',NULL),(1452,832,2025,41000,3,0,'2025-01-31 12:34:32','2025-01-31 12:34:32',NULL),(1453,832,2025,41000,4,0,'2025-01-31 12:34:32','2025-01-31 12:34:32',NULL),(1454,832,2025,41000,5,0,'2025-01-31 12:34:32','2025-01-31 12:34:32',NULL),(1455,832,2025,41000,6,0,'2025-01-31 12:34:32','2025-01-31 12:34:32',NULL),(1456,832,2025,41000,7,0,'2025-01-31 12:34:32','2025-01-31 12:34:32',NULL),(1457,832,2025,41000,8,0,'2025-01-31 12:34:32','2025-01-31 12:34:32',NULL),(1458,832,2025,41000,9,0,'2025-01-31 12:34:32','2025-01-31 12:34:32',NULL),(1459,832,2025,41001,1,0,'2025-01-31 12:34:32','2025-01-31 12:34:32',NULL),(1460,832,2025,41001,2,0,'2025-01-31 12:34:32','2025-01-31 12:34:32',NULL),(1461,832,2025,41001,3,0,'2025-01-31 12:34:32','2025-01-31 12:34:32',NULL),(1462,832,2025,41001,4,0,'2025-01-31 12:34:32','2025-01-31 12:34:32',NULL),(1463,832,2025,41001,5,0,'2025-01-31 12:34:32','2025-01-31 12:34:32',NULL),(1464,832,2025,41001,6,0,'2025-01-31 12:34:32','2025-01-31 12:34:32',NULL),(1465,832,2025,41001,7,0,'2025-01-31 12:34:32','2025-01-31 12:34:32',NULL),(1466,832,2025,41001,8,0,'2025-01-31 12:34:32','2025-01-31 12:34:32',NULL),(1467,832,2025,41001,9,0,'2025-01-31 12:34:32','2025-01-31 12:34:32',NULL),(1468,832,2025,41002,1,0,'2025-01-31 12:34:32','2025-01-31 12:34:32',NULL),(1469,832,2025,41002,2,0,'2025-01-31 12:34:32','2025-01-31 12:34:32',NULL),(1470,832,2025,41002,3,0,'2025-01-31 12:34:32','2025-01-31 12:34:32',NULL),(1471,832,2025,41002,4,0,'2025-01-31 12:34:32','2025-01-31 12:34:32',NULL),(1472,832,2025,41002,5,0,'2025-01-31 12:34:32','2025-01-31 12:34:32',NULL),(1473,832,2025,41002,6,0,'2025-01-31 12:34:32','2025-01-31 12:34:32',NULL),(1474,832,2025,41002,7,0,'2025-01-31 12:34:32','2025-01-31 12:34:32',NULL),(1475,832,2025,41002,8,0,'2025-01-31 12:34:32','2025-01-31 12:34:32',NULL),(1476,832,2025,41002,9,0,'2025-01-31 12:34:32','2025-01-31 12:34:32',NULL),(1477,832,2025,41003,1,0,'2025-01-31 12:34:32','2025-01-31 12:34:32',NULL),(1478,832,2025,41003,2,0,'2025-01-31 12:34:32','2025-01-31 12:34:32',NULL),(1479,832,2025,41003,3,0,'2025-01-31 12:34:32','2025-01-31 12:34:32',NULL),(1480,832,2025,41003,4,0,'2025-01-31 12:34:32','2025-01-31 12:34:32',NULL),(1481,832,2025,41003,5,0,'2025-01-31 12:34:32','2025-01-31 12:34:32',NULL),(1482,832,2025,41003,6,0,'2025-01-31 12:34:32','2025-01-31 12:34:32',NULL),(1483,832,2025,41003,7,0,'2025-01-31 12:34:32','2025-01-31 12:34:32',NULL),(1484,832,2025,41003,8,0,'2025-01-31 12:34:32','2025-01-31 12:34:32',NULL),(1485,832,2025,41003,9,0,'2025-01-31 12:34:32','2025-01-31 12:34:32',NULL),(1486,832,2025,41004,1,0,'2025-01-31 12:34:32','2025-01-31 12:34:32',NULL),(1487,832,2025,41004,2,0,'2025-01-31 12:34:32','2025-01-31 12:34:32',NULL),(1488,832,2025,41004,3,0,'2025-01-31 12:34:32','2025-01-31 12:34:32',NULL),(1489,832,2025,41004,4,0,'2025-01-31 12:34:32','2025-01-31 12:34:32',NULL),(1490,832,2025,41004,5,0,'2025-01-31 12:34:32','2025-01-31 12:34:32',NULL),(1491,832,2025,41004,6,0,'2025-01-31 12:34:32','2025-01-31 12:34:32',NULL),(1492,832,2025,41004,7,0,'2025-01-31 12:34:32','2025-01-31 12:34:32',NULL),(1493,832,2025,41004,8,0,'2025-01-31 12:34:32','2025-01-31 12:34:32',NULL),(1494,832,2025,41004,9,0,'2025-01-31 12:34:32','2025-01-31 12:34:32',NULL),(1495,832,2025,41005,1,0,'2025-01-31 12:34:32','2025-01-31 12:34:32',NULL),(1496,832,2025,41005,2,0,'2025-01-31 12:34:32','2025-01-31 12:34:32',NULL),(1497,832,2025,41005,3,0,'2025-01-31 12:34:32','2025-01-31 12:34:32',NULL),(1498,832,2025,41005,4,0,'2025-01-31 12:34:32','2025-01-31 12:34:32',NULL),(1499,832,2025,41005,5,0,'2025-01-31 12:34:32','2025-01-31 12:34:32',NULL),(1500,832,2025,41005,6,0,'2025-01-31 12:34:32','2025-01-31 12:34:32',NULL),(1501,832,2025,41005,7,0,'2025-01-31 12:34:32','2025-01-31 12:34:32',NULL),(1502,832,2025,41005,8,0,'2025-01-31 12:34:32','2025-01-31 12:34:32',NULL);
INSERT INTO `obl_anual_registros` VALUES (1503,832,2025,41005,9,0,'2025-01-31 12:34:32','2025-01-31 12:34:32',NULL),(1504,832,2025,41006,1,0,'2025-01-31 12:34:32','2025-01-31 12:34:32',NULL),(1505,832,2025,41006,2,0,'2025-01-31 12:34:32','2025-01-31 12:34:32',NULL),(1506,832,2025,41006,3,0,'2025-01-31 12:34:32','2025-01-31 12:34:32',NULL),(1507,832,2025,41006,4,0,'2025-01-31 12:34:32','2025-01-31 12:34:32',NULL),(1508,832,2025,41006,5,0,'2025-01-31 12:34:32','2025-01-31 12:34:32',NULL),(1509,832,2025,41006,6,0,'2025-01-31 12:34:32','2025-01-31 12:34:32',NULL),(1510,832,2025,41006,7,0,'2025-01-31 12:34:32','2025-01-31 12:34:32',NULL),(1511,832,2025,41006,8,0,'2025-01-31 12:34:32','2025-01-31 12:34:32',NULL),(1512,832,2025,41006,9,0,'2025-01-31 12:34:32','2025-01-31 12:34:32',NULL),(1513,832,2025,41008,1,0,'2025-03-31 11:57:42','2025-03-31 11:57:42',NULL),(1514,832,2025,41008,2,0,'2025-03-31 11:57:42','2025-03-31 11:57:42',NULL),(1515,832,2025,41008,3,0,'2025-03-31 11:57:42','2025-03-31 11:57:42',NULL),(1516,832,2025,41008,4,0,'2025-03-31 11:57:42','2025-03-31 11:57:42',NULL),(1517,832,2025,41008,5,0,'2025-03-31 11:57:42','2025-03-31 11:57:42',NULL),(1518,832,2025,41008,6,0,'2025-03-31 11:57:42','2025-03-31 11:57:42',NULL),(1519,832,2025,41008,7,0,'2025-03-31 11:57:42','2025-03-31 11:57:42',NULL),(1520,832,2025,41008,8,0,'2025-03-31 11:57:42','2025-03-31 11:57:42',NULL),(1521,832,2025,41008,9,0,'2025-03-31 11:57:42','2025-03-31 11:57:42',NULL);

--
-- Table structure for table `ot_devoluciones_files`
--

CREATE TABLE `ot_devoluciones_files` (
  `id` bigint(20) unsigned NOT NULL AUTO_INCREMENT,
  `user_id` int(10) unsigned DEFAULT NULL,
  `inv_ot_devolucion_id` bigint(20) unsigned NOT NULL,
  `descripcion` varchar(255) COLLATE utf8mb4_unicode_ci DEFAULT NULL,
  `path` varchar(191) COLLATE utf8mb4_unicode_ci DEFAULT NULL,
  `name_original` varchar(191) COLLATE utf8mb4_unicode_ci DEFAULT NULL,
  `created_at` timestamp NULL DEFAULT NULL,
  `updated_at` timestamp NULL DEFAULT NULL,
  `deleted_at` timestamp NULL DEFAULT NULL,
  PRIMARY KEY (`id`),
  KEY `ot_devoluciones_files_inv_ot_devolucion_id_foreign` (`inv_ot_devolucion_id`),
  CONSTRAINT `ot_devoluciones_files_inv_ot_devolucion_id_foreign` FOREIGN KEY (`inv_ot_devolucion_id`) REFERENCES `inv_ot_devoluciones` (`id`)
) ENGINE=InnoDB DEFAULT CHARSET=utf8mb4 COLLATE=utf8mb4_unicode_ci;

--
-- Dumping data for table `ot_devoluciones_files`
--


--
-- Table structure for table `ot_devoluciones_productos`
--

CREATE TABLE `ot_devoluciones_productos` (
  `id` bigint(20) unsigned NOT NULL AUTO_INCREMENT,
  `user_id` int(10) unsigned DEFAULT NULL,
  `inv_ot_devolucion_id` bigint(20) unsigned NOT NULL,
  `inv_producto_id` bigint(20) unsigned DEFAULT NULL,
  `cantidades` decimal(16,2) NOT NULL,
  `descripcion` varchar(191) COLLATE utf8mb4_unicode_ci DEFAULT NULL,
  `moneda_id` int(10) unsigned NOT NULL,
  `costo` decimal(16,2) NOT NULL,
  `precio_sin_iva` decimal(16,2) NOT NULL DEFAULT '0.00',
  `neto` decimal(16,2) NOT NULL DEFAULT '0.00',
  `system_tax_id` int(10) unsigned NOT NULL,
  `iva` decimal(16,2) NOT NULL DEFAULT '0.00',
  `subtotal` decimal(16,2) NOT NULL DEFAULT '0.00',
  `created_at` timestamp NULL DEFAULT NULL,
  `updated_at` timestamp NULL DEFAULT NULL,
  `deleted_at` timestamp NULL DEFAULT NULL,
  PRIMARY KEY (`id`),
  KEY `ot_devoluciones_productos_inv_ot_devolucion_id_foreign` (`inv_ot_devolucion_id`),
  KEY `ot_devoluciones_productos_inv_producto_id_foreign` (`inv_producto_id`),
  KEY `ot_devoluciones_productos_moneda_id_foreign` (`moneda_id`),
  KEY `ot_devoluciones_productos_system_tax_id_foreign` (`system_tax_id`),
  CONSTRAINT `ot_devoluciones_productos_inv_ot_devolucion_id_foreign` FOREIGN KEY (`inv_ot_devolucion_id`) REFERENCES `inv_ot_devoluciones` (`id`),
  CONSTRAINT `ot_devoluciones_productos_inv_producto_id_foreign` FOREIGN KEY (`inv_producto_id`) REFERENCES `inv_productos` (`id`),
  CONSTRAINT `ot_devoluciones_productos_moneda_id_foreign` FOREIGN KEY (`moneda_id`) REFERENCES `monedas` (`id`),
  CONSTRAINT `ot_devoluciones_productos_system_tax_id_foreign` FOREIGN KEY (`system_tax_id`) REFERENCES `system_taxes` (`id`)
) ENGINE=InnoDB DEFAULT CHARSET=utf8mb4 COLLATE=utf8mb4_unicode_ci;

--
-- Dumping data for table `ot_devoluciones_productos`
--


--
-- Table structure for table `other_taxes`
--

CREATE TABLE `other_taxes` (
  `id` int(10) unsigned NOT NULL AUTO_INCREMENT,
  `created_at` timestamp NULL DEFAULT NULL,
  `updated_at` timestamp NULL DEFAULT NULL,
  `name` varchar(255) COLLATE utf8mb4_unicode_ci NOT NULL,
  `section` varchar(255) COLLATE utf8mb4_unicode_ci NOT NULL,
  `percent_tax` decimal(16,2) NOT NULL DEFAULT '0.00',
  `zone_id` int(10) unsigned DEFAULT NULL,
  `aliases` varchar(255) COLLATE utf8mb4_unicode_ci DEFAULT NULL,
  `section_name` varchar(255) COLLATE utf8mb4_unicode_ci DEFAULT NULL,
  `plan_cuenta_id` int(10) unsigned NOT NULL DEFAULT '1',
  `plan_cuenta_id_efectuada` int(10) unsigned DEFAULT NULL,
  PRIMARY KEY (`id`),
  KEY `other_taxes_plan_cuenta_id_foreign` (`plan_cuenta_id`),
  KEY `other_taxes_plan_cuenta_id_efectuada_foreign` (`plan_cuenta_id_efectuada`),
  CONSTRAINT `other_taxes_plan_cuenta_id_efectuada_foreign` FOREIGN KEY (`plan_cuenta_id_efectuada`) REFERENCES `conta_plan_cuenta` (`id`),
  CONSTRAINT `other_taxes_plan_cuenta_id_foreign` FOREIGN KEY (`plan_cuenta_id`) REFERENCES `conta_plan_cuenta` (`id`)
) ENGINE=InnoDB AUTO_INCREMENT=1034 DEFAULT CHARSET=utf8mb4 COLLATE=utf8mb4_unicode_ci;

--
-- Dumping data for table `other_taxes`
--

INSERT INTO `other_taxes` VALUES (1000,NULL,'2024-06-19 22:54:09','Perc IVA','iva',0.00,NULL,NULL,'IVA',220,1400),(1001,NULL,'2024-05-28 23:58:23','Imps. Internos','gas',0.00,NULL,NULL,'Imp. Combustibles',221,1401),(1002,NULL,'2024-05-28 23:58:23','Imp. Gasoil','gas',0.00,NULL,NULL,'Imp. Combustibles',222,1402),(1003,NULL,'2024-05-28 23:58:23','Imp. Hídricos','gas',0.00,NULL,NULL,'Imp. Combustibles',223,1403),(1004,NULL,'2024-05-28 23:58:23','ITC','gas',0.00,NULL,NULL,'Imp. Combustibles',224,1404),(1005,NULL,'2024-05-28 23:58:23','Perc IIBB  Buenos Aires','iibb',0.00,23,NULL,'IIBB',225,1405),(1006,NULL,'2024-05-28 23:58:23','Perc IIBB  Capital Federal','iibb',0.00,22,NULL,'IIBB',226,1406),(1007,NULL,'2024-05-28 23:58:23','Perc IIBB  Catamarca','iibb',0.00,24,NULL,'IIBB',227,1407),(1008,NULL,'2024-05-28 23:58:23','Perc IIBB  Chaco','iibb',0.00,3,NULL,'IIBB',228,1408),(1009,NULL,'2024-05-28 23:58:23','Perc IIBB  Chubut','iibb',0.00,4,NULL,'IIBB',229,1409),(1010,NULL,'2024-05-28 23:58:23','Perc IIBB  Córdoba','iibb',0.00,1,NULL,'IIBB',230,1410),(1011,NULL,'2024-05-28 23:58:23','Perc IIBB  Corrientes','iibb',0.00,2,NULL,'IIBB',231,1411),(1012,NULL,'2024-05-28 23:58:23','Perc IIBB  Entre Ríos','iibb',0.00,5,NULL,'IIBB',232,1412),(1013,NULL,'2024-05-28 23:58:23','Perc IIBB  Formosa','iibb',0.00,6,NULL,'IIBB',233,1413),(1014,NULL,'2024-05-28 23:58:23','Perc IIBB  Jujuy','iibb',0.00,7,NULL,'IIBB',234,1414),(1015,NULL,'2024-05-28 23:58:23','Perc IIBB  La Pampa','iibb',0.00,8,NULL,'IIBB',235,1415),(1016,NULL,'2024-05-28 23:58:23','Perc IIBB  La Rioja','iibb',0.00,9,NULL,'IIBB',236,1416),(1017,NULL,'2024-05-28 23:58:23','Perc IIBB  Mendoza','iibb',0.00,10,NULL,'IIBB',237,1417),(1018,NULL,'2024-05-28 23:58:23','Perc IIBB  Misiones','iibb',0.00,11,NULL,'IIBB',238,1418),(1019,NULL,'2024-05-28 23:58:23','Perc IIBB  Neuquén','iibb',0.00,12,NULL,'IIBB',239,1419),(1020,NULL,'2024-05-28 23:58:23','Perc IIBB  Pascua Lama','iibb',0.00,25,NULL,'IIBB',240,1420),(1021,NULL,'2024-05-28 23:58:23','Perc IIBB  Río Negro','iibb',0.00,13,NULL,'IIBB',241,1421),(1022,NULL,'2024-05-28 23:58:24','Perc IIBB  Salta','iibb',0.00,14,NULL,'IIBB',242,1422),(1023,NULL,'2024-05-28 23:58:24','Perc IIBB  San Juan','iibb',0.00,15,NULL,'IIBB',243,1423),(1024,NULL,'2024-05-28 23:58:24','Perc IIBB  San Luis','iibb',0.00,16,NULL,'IIBB',244,1424),(1025,NULL,'2024-05-28 23:58:24','Perc IIBB  Santa Cruz','iibb',0.00,17,NULL,'IIBB',245,1425),(1026,NULL,'2024-05-28 23:58:24','Perc IIBB  Santa Fe','iibb',0.00,18,NULL,'IIBB',246,1426),(1027,NULL,'2024-05-28 23:58:24','Perc IIBB  Santiago del Estero','iibb',0.00,19,NULL,'IIBB',247,1427),(1028,NULL,'2024-05-28 23:58:24','Perc IIBB  Tierra del Fuego','iibb',0.00,20,NULL,'IIBB',248,1428),(1029,NULL,'2024-05-28 23:58:24','Perc IIBB  Tucuman','iibb',0.00,21,NULL,'IIBB',249,1429),(1030,'2019-05-03 03:33:05','2024-05-28 23:58:24','CO2 - Imp. Al Carbono','gas',0.00,NULL,NULL,'Imp. Combustibles',478,1430),(1031,'2022-09-09 07:50:03','2024-05-28 23:58:24','Imp. Municipales','gas',0.00,NULL,NULL,'Imp. Combustibles',215,1431),(1032,'2022-09-09 07:50:03','2024-05-28 23:58:24','Perc/Ret. Imp. Ganancias','gas',0.00,NULL,NULL,'Imp. Combustibles',216,1432),(1033,'2023-10-12 07:54:26','2024-05-28 23:58:24','Redondeo','redondeo',0.00,NULL,NULL,'Redondeo',136,136);

--
-- Table structure for table `pais`
--

CREATE TABLE `pais` (
  `id` int(10) unsigned NOT NULL AUTO_INCREMENT,
  `user_id` int(10) unsigned DEFAULT NULL,
  `codigo` int(10) unsigned DEFAULT NULL,
  `descripcion` varchar(191) COLLATE utf8mb4_unicode_ci NOT NULL,
  `habilitado` tinyint(1) NOT NULL DEFAULT '1',
  `created_at` timestamp NULL DEFAULT NULL,
  `updated_at` timestamp NULL DEFAULT NULL,
  `deleted_at` timestamp NULL DEFAULT NULL,
  PRIMARY KEY (`id`),
  UNIQUE KEY `pais_descripcion_unique` (`descripcion`),
  UNIQUE KEY `pais_codigo_unique` (`codigo`)
) ENGINE=InnoDB AUTO_INCREMENT=249 DEFAULT CHARSET=utf8mb4 COLLATE=utf8mb4_unicode_ci;

--
-- Dumping data for table `pais`
--

INSERT INTO `pais` VALUES (1,NULL,NULL,'Argentina',1,'2020-05-28 20:55:22','2020-05-28 20:55:22',NULL),(2,NULL,NULL,'Afghanistan',1,'2020-05-28 20:55:22','2020-05-28 20:55:22',NULL),(3,NULL,NULL,'Albania',1,'2020-05-28 20:55:22','2020-05-28 20:55:22',NULL),(4,NULL,NULL,'Alemania',1,'2020-05-28 20:55:22','2020-05-28 20:55:22',NULL),(5,NULL,NULL,'Algeria',1,'2020-05-28 20:55:22','2020-05-28 20:55:22',NULL),(6,NULL,NULL,'Andorra',1,'2020-05-28 20:55:22','2020-05-28 20:55:22',NULL),(7,NULL,NULL,'Angola',1,'2020-05-28 20:55:22','2020-05-28 20:55:22',NULL),(8,NULL,NULL,'Anguila',1,'2020-05-28 20:55:22','2020-05-28 20:55:22',NULL),(9,NULL,NULL,'Antártida',1,'2020-05-28 20:55:22','2020-05-28 20:55:22',NULL),(10,NULL,NULL,'Antigua y Barbuda',1,'2020-05-28 20:55:22','2020-05-28 20:55:22',NULL),(11,NULL,NULL,'Arabia Saudita',1,'2020-05-28 20:55:22','2020-05-28 20:55:22',NULL),(12,NULL,NULL,'Armenia',1,'2020-05-28 20:55:22','2020-05-28 20:55:22',NULL),(13,NULL,NULL,'Aruba',1,'2020-05-28 20:55:22','2020-05-28 20:55:22',NULL),(14,NULL,NULL,'Australia',1,'2020-05-28 20:55:22','2020-05-28 20:55:22',NULL),(15,NULL,NULL,'Austria',1,'2020-05-28 20:55:22','2020-05-28 20:55:22',NULL),(16,NULL,NULL,'Azerbaiyán',1,'2020-05-28 20:55:22','2020-05-28 20:55:22',NULL),(17,NULL,NULL,'Bélgica',1,'2020-05-28 20:55:22','2020-05-28 20:55:22',NULL),(18,NULL,NULL,'Bahamas',1,'2020-05-28 20:55:22','2020-05-28 20:55:22',NULL),(19,NULL,NULL,'Bahrein',1,'2020-05-28 20:55:22','2020-05-28 20:55:22',NULL),(20,NULL,NULL,'Bangladesh',1,'2020-05-28 20:55:22','2020-05-28 20:55:22',NULL),(21,NULL,NULL,'Barbados',1,'2020-05-28 20:55:22','2020-05-28 20:55:22',NULL),(22,NULL,NULL,'Belice',1,'2020-05-28 20:55:22','2020-05-28 20:55:22',NULL),(23,NULL,NULL,'Benín',1,'2020-05-28 20:55:22','2020-05-28 20:55:22',NULL),(24,NULL,NULL,'Bhután',1,'2020-05-28 20:55:22','2020-05-28 20:55:22',NULL),(25,NULL,NULL,'Bielorrusia',1,'2020-05-28 20:55:22','2020-05-28 20:55:22',NULL),(26,NULL,NULL,'Birmania',1,'2020-05-28 20:55:22','2020-05-28 20:55:22',NULL),(27,NULL,NULL,'Bolivia',1,'2020-05-28 20:55:22','2020-05-28 20:55:22',NULL),(28,NULL,NULL,'Bosnia y Herzegovina',1,'2020-05-28 20:55:22','2020-05-28 20:55:22',NULL),(29,NULL,NULL,'Botsuana',1,'2020-05-28 20:55:22','2020-05-28 20:55:22',NULL),(30,NULL,NULL,'Brasil',1,'2020-05-28 20:55:22','2020-05-28 20:55:22',NULL),(31,NULL,NULL,'Brunéi',1,'2020-05-28 20:55:22','2020-05-28 20:55:22',NULL),(32,NULL,NULL,'Bulgaria',1,'2020-05-28 20:55:22','2020-05-28 20:55:22',NULL),(33,NULL,NULL,'Burkina Faso',1,'2020-05-28 20:55:22','2020-05-28 20:55:22',NULL),(34,NULL,NULL,'Burundi',1,'2020-05-28 20:55:22','2020-05-28 20:55:22',NULL),(35,NULL,NULL,'Cabo Verde',1,'2020-05-28 20:55:22','2020-05-28 20:55:22',NULL),(36,NULL,NULL,'Camboya',1,'2020-05-28 20:55:22','2020-05-28 20:55:22',NULL),(37,NULL,NULL,'Camerún',1,'2020-05-28 20:55:22','2020-05-28 20:55:22',NULL),(38,NULL,NULL,'Canadá',1,'2020-05-28 20:55:22','2020-05-28 20:55:22',NULL),(39,NULL,NULL,'Chad',1,'2020-05-28 20:55:22','2020-05-28 20:55:22',NULL),(40,NULL,NULL,'Chile',1,'2020-05-28 20:55:22','2020-05-28 20:55:22',NULL),(41,NULL,NULL,'China',1,'2020-05-28 20:55:22','2020-05-28 20:55:22',NULL),(42,NULL,NULL,'Chipre',1,'2020-05-28 20:55:22','2020-05-28 20:55:22',NULL),(43,NULL,NULL,'Ciudad del Vaticano',1,'2020-05-28 20:55:22','2020-05-28 20:55:22',NULL),(44,NULL,NULL,'Colombia',1,'2020-05-28 20:55:22','2020-05-28 20:55:22',NULL),(45,NULL,NULL,'Comoras',1,'2020-05-28 20:55:22','2020-05-28 20:55:22',NULL),(46,NULL,NULL,'República del Congo',1,'2020-05-28 20:55:22','2020-05-28 20:55:22',NULL),(47,NULL,NULL,'República Democrática del Congo',1,'2020-05-28 20:55:22','2020-05-28 20:55:22',NULL),(48,NULL,NULL,'Corea del Norte',1,'2020-05-28 20:55:22','2020-05-28 20:55:22',NULL),(49,NULL,NULL,'Corea del Sur',1,'2020-05-28 20:55:22','2020-05-28 20:55:22',NULL),(50,NULL,NULL,'Costa de Marfil',1,'2020-05-28 20:55:22','2020-05-28 20:55:22',NULL),(51,NULL,NULL,'Costa Rica',1,'2020-05-28 20:55:22','2020-05-28 20:55:22',NULL);
INSERT INTO `pais` VALUES (52,NULL,NULL,'Croacia',1,'2020-05-28 20:55:22','2020-05-28 20:55:22',NULL),(53,NULL,NULL,'Cuba',1,'2020-05-28 20:55:22','2020-05-28 20:55:22',NULL),(54,NULL,NULL,'Curazao',1,'2020-05-28 20:55:22','2020-05-28 20:55:22',NULL),(55,NULL,NULL,'Dinamarca',1,'2020-05-28 20:55:22','2020-05-28 20:55:22',NULL),(56,NULL,NULL,'Dominica',1,'2020-05-28 20:55:22','2020-05-28 20:55:22',NULL),(57,NULL,NULL,'Ecuador',1,'2020-05-28 20:55:22','2020-05-28 20:55:22',NULL),(58,NULL,NULL,'Egipto',1,'2020-05-28 20:55:22','2020-05-28 20:55:22',NULL),(59,NULL,NULL,'El Salvador',1,'2020-05-28 20:55:22','2020-05-28 20:55:22',NULL),(60,NULL,NULL,'Emiratos Árabes Unidos',1,'2020-05-28 20:55:22','2020-05-28 20:55:22',NULL),(61,NULL,NULL,'Eritrea',1,'2020-05-28 20:55:22','2020-05-28 20:55:22',NULL),(62,NULL,NULL,'Eslovaquia',1,'2020-05-28 20:55:22','2020-05-28 20:55:22',NULL),(63,NULL,NULL,'Eslovenia',1,'2020-05-28 20:55:22','2020-05-28 20:55:22',NULL),(64,NULL,NULL,'España',1,'2020-05-28 20:55:22','2020-05-28 20:55:22',NULL),(65,NULL,NULL,'Estados Unidos de América',1,'2020-05-28 20:55:22','2020-05-28 20:55:22',NULL),(66,NULL,NULL,'Estonia',1,'2020-05-28 20:55:22','2020-05-28 20:55:22',NULL),(67,NULL,NULL,'Etiopía',1,'2020-05-28 20:55:22','2020-05-28 20:55:22',NULL),(68,NULL,NULL,'Filipinas',1,'2020-05-28 20:55:22','2020-05-28 20:55:22',NULL),(69,NULL,NULL,'Finlandia',1,'2020-05-28 20:55:22','2020-05-28 20:55:22',NULL),(70,NULL,NULL,'Fiyi',1,'2020-05-28 20:55:22','2020-05-28 20:55:22',NULL),(71,NULL,NULL,'Francia',1,'2020-05-28 20:55:22','2020-05-28 20:55:22',NULL),(72,NULL,NULL,'Gabón',1,'2020-05-28 20:55:22','2020-05-28 20:55:22',NULL),(73,NULL,NULL,'Gambia',1,'2020-05-28 20:55:22','2020-05-28 20:55:22',NULL),(74,NULL,NULL,'Georgia',1,'2020-05-28 20:55:22','2020-05-28 20:55:22',NULL),(75,NULL,NULL,'Ghana',1,'2020-05-28 20:55:22','2020-05-28 20:55:22',NULL),(76,NULL,NULL,'Gibraltar',1,'2020-05-28 20:55:22','2020-05-28 20:55:22',NULL),(77,NULL,NULL,'Granada',1,'2020-05-28 20:55:22','2020-05-28 20:55:22',NULL),(78,NULL,NULL,'Grecia',1,'2020-05-28 20:55:22','2020-05-28 20:55:22',NULL),(79,NULL,NULL,'Groenlandia',1,'2020-05-28 20:55:22','2020-05-28 20:55:22',NULL),(80,NULL,NULL,'Guadalupe',1,'2020-05-28 20:55:22','2020-05-28 20:55:22',NULL),(81,NULL,NULL,'Guam',1,'2020-05-28 20:55:22','2020-05-28 20:55:22',NULL),(82,NULL,NULL,'Guatemala',1,'2020-05-28 20:55:22','2020-05-28 20:55:22',NULL),(83,NULL,NULL,'Guayana Francesa',1,'2020-05-28 20:55:22','2020-05-28 20:55:22',NULL),(84,NULL,NULL,'Guernsey',1,'2020-05-28 20:55:22','2020-05-28 20:55:22',NULL),(85,NULL,NULL,'Guinea',1,'2020-05-28 20:55:22','2020-05-28 20:55:22',NULL),(86,NULL,NULL,'Guinea Ecuatorial',1,'2020-05-28 20:55:22','2020-05-28 20:55:22',NULL),(87,NULL,NULL,'Guinea-Bissau',1,'2020-05-28 20:55:22','2020-05-28 20:55:22',NULL),(88,NULL,NULL,'Guyana',1,'2020-05-28 20:55:22','2020-05-28 20:55:22',NULL),(89,NULL,NULL,'Haití',1,'2020-05-28 20:55:22','2020-05-28 20:55:22',NULL),(90,NULL,NULL,'Honduras',1,'2020-05-28 20:55:22','2020-05-28 20:55:22',NULL),(91,NULL,NULL,'Hong kong',1,'2020-05-28 20:55:23','2020-05-28 20:55:23',NULL),(92,NULL,NULL,'Hungría',1,'2020-05-28 20:55:23','2020-05-28 20:55:23',NULL),(93,NULL,NULL,'India',1,'2020-05-28 20:55:23','2020-05-28 20:55:23',NULL),(94,NULL,NULL,'Indonesia',1,'2020-05-28 20:55:23','2020-05-28 20:55:23',NULL),(95,NULL,NULL,'Irán',1,'2020-05-28 20:55:23','2020-05-28 20:55:23',NULL),(96,NULL,NULL,'Irak',1,'2020-05-28 20:55:23','2020-05-28 20:55:23',NULL),(97,NULL,NULL,'Irlanda',1,'2020-05-28 20:55:23','2020-05-28 20:55:23',NULL),(98,NULL,NULL,'Isla Bouvet',1,'2020-05-28 20:55:23','2020-05-28 20:55:23',NULL),(99,NULL,NULL,'Isla de Man',1,'2020-05-28 20:55:23','2020-05-28 20:55:23',NULL),(100,NULL,NULL,'Isla de Navidad',1,'2020-05-28 20:55:23','2020-05-28 20:55:23',NULL),(101,NULL,NULL,'Isla Norfolk',1,'2020-05-28 20:55:23','2020-05-28 20:55:23',NULL),(102,NULL,NULL,'Islandia',1,'2020-05-28 20:55:23','2020-05-28 20:55:23',NULL);
INSERT INTO `pais` VALUES (103,NULL,NULL,'Islas Bermudas',1,'2020-05-28 20:55:23','2020-05-28 20:55:23',NULL),(104,NULL,NULL,'Islas Caimán',1,'2020-05-28 20:55:23','2020-05-28 20:55:23',NULL),(105,NULL,NULL,'Islas Cocos (Keeling)',1,'2020-05-28 20:55:23','2020-05-28 20:55:23',NULL),(106,NULL,NULL,'Islas Cook',1,'2020-05-28 20:55:23','2020-05-28 20:55:23',NULL),(107,NULL,NULL,'Islas de Åland',1,'2020-05-28 20:55:23','2020-05-28 20:55:23',NULL),(108,NULL,NULL,'Islas Feroe',1,'2020-05-28 20:55:23','2020-05-28 20:55:23',NULL),(109,NULL,NULL,'Islas Georgias del Sur y Sandwich del Sur',1,'2020-05-28 20:55:23','2020-05-28 20:55:23',NULL),(110,NULL,NULL,'Islas Heard y McDonald',1,'2020-05-28 20:55:23','2020-05-28 20:55:23',NULL),(111,NULL,NULL,'Islas Maldivas',1,'2020-05-28 20:55:23','2020-05-28 20:55:23',NULL),(112,NULL,NULL,'Islas Malvinas',1,'2020-05-28 20:55:23','2020-05-28 20:55:23',NULL),(113,NULL,NULL,'Islas Marianas del Norte',1,'2020-05-28 20:55:23','2020-05-28 20:55:23',NULL),(114,NULL,NULL,'Islas Marshall',1,'2020-05-28 20:55:23','2020-05-28 20:55:23',NULL),(115,NULL,NULL,'Islas Pitcairn',1,'2020-05-28 20:55:23','2020-05-28 20:55:23',NULL),(116,NULL,NULL,'Islas Salomón',1,'2020-05-28 20:55:23','2020-05-28 20:55:23',NULL),(117,NULL,NULL,'Islas Turcas y Caicos',1,'2020-05-28 20:55:23','2020-05-28 20:55:23',NULL),(118,NULL,NULL,'Islas Ultramarinas Menores de Estados Unidos',1,'2020-05-28 20:55:23','2020-05-28 20:55:23',NULL),(119,NULL,NULL,'Islas Vírgenes Británicas',1,'2020-05-28 20:55:23','2020-05-28 20:55:23',NULL),(120,NULL,NULL,'Islas Vírgenes de los Estados Unidos',1,'2020-05-28 20:55:23','2020-05-28 20:55:23',NULL),(121,NULL,NULL,'Israel',1,'2020-05-28 20:55:23','2020-05-28 20:55:23',NULL),(122,NULL,NULL,'Italia',1,'2020-05-28 20:55:23','2020-05-28 20:55:23',NULL),(123,NULL,NULL,'Jamaica',1,'2020-05-28 20:55:23','2020-05-28 20:55:23',NULL),(124,NULL,NULL,'Japón',1,'2020-05-28 20:55:23','2020-05-28 20:55:23',NULL),(125,NULL,NULL,'Jersey',1,'2020-05-28 20:55:23','2020-05-28 20:55:23',NULL),(126,NULL,NULL,'Jordania',1,'2020-05-28 20:55:23','2020-05-28 20:55:23',NULL),(127,NULL,NULL,'Kazajistán',1,'2020-05-28 20:55:23','2020-05-28 20:55:23',NULL),(128,NULL,NULL,'Kenia',1,'2020-05-28 20:55:23','2020-05-28 20:55:23',NULL),(129,NULL,NULL,'Kirguistán',1,'2020-05-28 20:55:23','2020-05-28 20:55:23',NULL),(130,NULL,NULL,'Kiribati',1,'2020-05-28 20:55:23','2020-05-28 20:55:23',NULL),(131,NULL,NULL,'Kuwait',1,'2020-05-28 20:55:23','2020-05-28 20:55:23',NULL),(132,NULL,NULL,'Líbano',1,'2020-05-28 20:55:23','2020-05-28 20:55:23',NULL),(133,NULL,NULL,'Laos',1,'2020-05-28 20:55:23','2020-05-28 20:55:23',NULL),(134,NULL,NULL,'Lesoto',1,'2020-05-28 20:55:23','2020-05-28 20:55:23',NULL),(135,NULL,NULL,'Letonia',1,'2020-05-28 20:55:23','2020-05-28 20:55:23',NULL),(136,NULL,NULL,'Liberia',1,'2020-05-28 20:55:23','2020-05-28 20:55:23',NULL),(137,NULL,NULL,'Libia',1,'2020-05-28 20:55:23','2020-05-28 20:55:23',NULL),(138,NULL,NULL,'Liechtenstein',1,'2020-05-28 20:55:23','2020-05-28 20:55:23',NULL),(139,NULL,NULL,'Lituania',1,'2020-05-28 20:55:23','2020-05-28 20:55:23',NULL),(140,NULL,NULL,'Luxemburgo',1,'2020-05-28 20:55:23','2020-05-28 20:55:23',NULL),(141,NULL,NULL,'México',1,'2020-05-28 20:55:23','2020-05-28 20:55:23',NULL),(142,NULL,NULL,'Mónaco',1,'2020-05-28 20:55:23','2020-05-28 20:55:23',NULL),(143,NULL,NULL,'Macao',1,'2020-05-28 20:55:23','2020-05-28 20:55:23',NULL),(144,NULL,NULL,'Macedônia',1,'2020-05-28 20:55:23','2020-05-28 20:55:23',NULL),(145,NULL,NULL,'Madagascar',1,'2020-05-28 20:55:23','2020-05-28 20:55:23',NULL),(146,NULL,NULL,'Malasia',1,'2020-05-28 20:55:23','2020-05-28 20:55:23',NULL),(147,NULL,NULL,'Malawi',1,'2020-05-28 20:55:23','2020-05-28 20:55:23',NULL),(148,NULL,NULL,'Mali',1,'2020-05-28 20:55:23','2020-05-28 20:55:23',NULL),(149,NULL,NULL,'Malta',1,'2020-05-28 20:55:23','2020-05-28 20:55:23',NULL),(150,NULL,NULL,'Marruecos',1,'2020-05-28 20:55:23','2020-05-28 20:55:23',NULL);
INSERT INTO `pais` VALUES (151,NULL,NULL,'Martinica',1,'2020-05-28 20:55:23','2020-05-28 20:55:23',NULL),(152,NULL,NULL,'Mauricio',1,'2020-05-28 20:55:23','2020-05-28 20:55:23',NULL),(153,NULL,NULL,'Mauritania',1,'2020-05-28 20:55:23','2020-05-28 20:55:23',NULL),(154,NULL,NULL,'Mayotte',1,'2020-05-28 20:55:23','2020-05-28 20:55:23',NULL),(155,NULL,NULL,'Micronesia',1,'2020-05-28 20:55:23','2020-05-28 20:55:23',NULL),(156,NULL,NULL,'Moldavia',1,'2020-05-28 20:55:23','2020-05-28 20:55:23',NULL),(157,NULL,NULL,'Mongolia',1,'2020-05-28 20:55:23','2020-05-28 20:55:23',NULL),(158,NULL,NULL,'Montenegro',1,'2020-05-28 20:55:23','2020-05-28 20:55:23',NULL),(159,NULL,NULL,'Montserrat',1,'2020-05-28 20:55:23','2020-05-28 20:55:23',NULL),(160,NULL,NULL,'Mozambique',1,'2020-05-28 20:55:23','2020-05-28 20:55:23',NULL),(161,NULL,NULL,'Namibia',1,'2020-05-28 20:55:23','2020-05-28 20:55:23',NULL),(162,NULL,NULL,'Nauru',1,'2020-05-28 20:55:23','2020-05-28 20:55:23',NULL),(163,NULL,NULL,'Nepal',1,'2020-05-28 20:55:23','2020-05-28 20:55:23',NULL),(164,NULL,NULL,'Nicaragua',1,'2020-05-28 20:55:23','2020-05-28 20:55:23',NULL),(165,NULL,NULL,'Niger',1,'2020-05-28 20:55:23','2020-05-28 20:55:23',NULL),(166,NULL,NULL,'Nigeria',1,'2020-05-28 20:55:23','2020-05-28 20:55:23',NULL),(167,NULL,NULL,'Niue',1,'2020-05-28 20:55:23','2020-05-28 20:55:23',NULL),(168,NULL,NULL,'Noruega',1,'2020-05-28 20:55:23','2020-05-28 20:55:23',NULL),(169,NULL,NULL,'Nueva Caledonia',1,'2020-05-28 20:55:23','2020-05-28 20:55:23',NULL),(170,NULL,NULL,'Nueva Zelanda',1,'2020-05-28 20:55:23','2020-05-28 20:55:23',NULL),(171,NULL,NULL,'Omán',1,'2020-05-28 20:55:23','2020-05-28 20:55:23',NULL),(172,NULL,NULL,'Países Bajos',1,'2020-05-28 20:55:23','2020-05-28 20:55:23',NULL),(173,NULL,NULL,'Pakistán',1,'2020-05-28 20:55:23','2020-05-28 20:55:23',NULL),(174,NULL,NULL,'Palau',1,'2020-05-28 20:55:23','2020-05-28 20:55:23',NULL),(175,NULL,NULL,'Palestina',1,'2020-05-28 20:55:23','2020-05-28 20:55:23',NULL),(176,NULL,NULL,'Panamá',1,'2020-05-28 20:55:23','2020-05-28 20:55:23',NULL),(177,NULL,NULL,'Papúa Nueva Guinea',1,'2020-05-28 20:55:23','2020-05-28 20:55:23',NULL),(178,NULL,NULL,'Paraguay',1,'2020-05-28 20:55:23','2020-05-28 20:55:23',NULL),(179,NULL,NULL,'Perú',1,'2020-05-28 20:55:23','2020-05-28 20:55:23',NULL),(180,NULL,NULL,'Polinesia Francesa',1,'2020-05-28 20:55:23','2020-05-28 20:55:23',NULL),(181,NULL,NULL,'Polonia',1,'2020-05-28 20:55:23','2020-05-28 20:55:23',NULL),(182,NULL,NULL,'Portugal',1,'2020-05-28 20:55:23','2020-05-28 20:55:23',NULL),(183,NULL,NULL,'Puerto Rico',1,'2020-05-28 20:55:23','2020-05-28 20:55:23',NULL),(184,NULL,NULL,'Qatar',1,'2020-05-28 20:55:23','2020-05-28 20:55:23',NULL),(185,NULL,NULL,'Reino Unido',1,'2020-05-28 20:55:23','2020-05-28 20:55:23',NULL),(186,NULL,NULL,'República Centroafricana',1,'2020-05-28 20:55:23','2020-05-28 20:55:23',NULL),(187,NULL,NULL,'República Checa',1,'2020-05-28 20:55:23','2020-05-28 20:55:23',NULL),(188,NULL,NULL,'República Dominicana',1,'2020-05-28 20:55:23','2020-05-28 20:55:23',NULL),(189,NULL,NULL,'República de Sudán del Sur',1,'2020-05-28 20:55:23','2020-05-28 20:55:23',NULL),(190,NULL,NULL,'Reunión',1,'2020-05-28 20:55:23','2020-05-28 20:55:23',NULL),(191,NULL,NULL,'Ruanda',1,'2020-05-28 20:55:23','2020-05-28 20:55:23',NULL),(192,NULL,NULL,'Rumanía',1,'2020-05-28 20:55:23','2020-05-28 20:55:23',NULL),(193,NULL,NULL,'Rusia',1,'2020-05-28 20:55:23','2020-05-28 20:55:23',NULL),(194,NULL,NULL,'Sahara Occidental',1,'2020-05-28 20:55:23','2020-05-28 20:55:23',NULL),(195,NULL,NULL,'Samoa',1,'2020-05-28 20:55:23','2020-05-28 20:55:23',NULL),(196,NULL,NULL,'Samoa Americana',1,'2020-05-28 20:55:23','2020-05-28 20:55:23',NULL),(197,NULL,NULL,'San Bartolomé',1,'2020-05-28 20:55:23','2020-05-28 20:55:23',NULL),(198,NULL,NULL,'San Cristóbal y Nieves',1,'2020-05-28 20:55:23','2020-05-28 20:55:23',NULL),(199,NULL,NULL,'San Marino',1,'2020-05-28 20:55:23','2020-05-28 20:55:23',NULL);
INSERT INTO `pais` VALUES (200,NULL,NULL,'San Martín (Francia)',1,'2020-05-28 20:55:23','2020-05-28 20:55:23',NULL),(201,NULL,NULL,'San Pedro y Miquelón',1,'2020-05-28 20:55:23','2020-05-28 20:55:23',NULL),(202,NULL,NULL,'San Vicente y las Granadinas',1,'2020-05-28 20:55:23','2020-05-28 20:55:23',NULL),(203,NULL,NULL,'Santa Elena',1,'2020-05-28 20:55:23','2020-05-28 20:55:23',NULL),(204,NULL,NULL,'Santa Lucía',1,'2020-05-28 20:55:23','2020-05-28 20:55:23',NULL),(205,NULL,NULL,'Santo Tomé y Príncipe',1,'2020-05-28 20:55:23','2020-05-28 20:55:23',NULL),(206,NULL,NULL,'Senegal',1,'2020-05-28 20:55:23','2020-05-28 20:55:23',NULL),(207,NULL,NULL,'Serbia',1,'2020-05-28 20:55:23','2020-05-28 20:55:23',NULL),(208,NULL,NULL,'Seychelles',1,'2020-05-28 20:55:23','2020-05-28 20:55:23',NULL),(209,NULL,NULL,'Sierra Leona',1,'2020-05-28 20:55:23','2020-05-28 20:55:23',NULL),(210,NULL,NULL,'Singapur',1,'2020-05-28 20:55:23','2020-05-28 20:55:23',NULL),(211,NULL,NULL,'Sint Maarten',1,'2020-05-28 20:55:23','2020-05-28 20:55:23',NULL),(212,NULL,NULL,'Siria',1,'2020-05-28 20:55:23','2020-05-28 20:55:23',NULL),(213,NULL,NULL,'Somalia',1,'2020-05-28 20:55:23','2020-05-28 20:55:23',NULL),(214,NULL,NULL,'Sri lanka',1,'2020-05-28 20:55:23','2020-05-28 20:55:23',NULL),(215,NULL,NULL,'Sudáfrica',1,'2020-05-28 20:55:23','2020-05-28 20:55:23',NULL),(216,NULL,NULL,'Sudán',1,'2020-05-28 20:55:23','2020-05-28 20:55:23',NULL),(217,NULL,NULL,'Suecia',1,'2020-05-28 20:55:23','2020-05-28 20:55:23',NULL),(218,NULL,NULL,'Suiza',1,'2020-05-28 20:55:23','2020-05-28 20:55:23',NULL),(219,NULL,NULL,'Surinám',1,'2020-05-28 20:55:23','2020-05-28 20:55:23',NULL),(220,NULL,NULL,'Svalbard y Jan Mayen',1,'2020-05-28 20:55:23','2020-05-28 20:55:23',NULL),(221,NULL,NULL,'Swazilandia',1,'2020-05-28 20:55:23','2020-05-28 20:55:23',NULL),(222,NULL,NULL,'Tayikistán',1,'2020-05-28 20:55:23','2020-05-28 20:55:23',NULL),(223,NULL,NULL,'Tailandia',1,'2020-05-28 20:55:23','2020-05-28 20:55:23',NULL),(224,NULL,NULL,'Taiwán',1,'2020-05-28 20:55:23','2020-05-28 20:55:23',NULL),(225,NULL,NULL,'Tanzania',1,'2020-05-28 20:55:23','2020-05-28 20:55:23',NULL),(226,NULL,NULL,'Territorio Británico del Océano Índico',1,'2020-05-28 20:55:23','2020-05-28 20:55:23',NULL),(227,NULL,NULL,'Territorios Australes y Antárticas Franceses',1,'2020-05-28 20:55:23','2020-05-28 20:55:23',NULL),(228,NULL,NULL,'Timor Oriental',1,'2020-05-28 20:55:23','2020-05-28 20:55:23',NULL),(229,NULL,NULL,'Togo',1,'2020-05-28 20:55:23','2020-05-28 20:55:23',NULL),(230,NULL,NULL,'Tokelau',1,'2020-05-28 20:55:23','2020-05-28 20:55:23',NULL),(231,NULL,NULL,'Tonga',1,'2020-05-28 20:55:23','2020-05-28 20:55:23',NULL),(232,NULL,NULL,'Trinidad y Tobago',1,'2020-05-28 20:55:23','2020-05-28 20:55:23',NULL),(233,NULL,NULL,'Tunez',1,'2020-05-28 20:55:23','2020-05-28 20:55:23',NULL),(234,NULL,NULL,'Turkmenistán',1,'2020-05-28 20:55:23','2020-05-28 20:55:23',NULL),(235,NULL,NULL,'Turquía',1,'2020-05-28 20:55:23','2020-05-28 20:55:23',NULL),(236,NULL,NULL,'Tuvalu',1,'2020-05-28 20:55:23','2020-05-28 20:55:23',NULL),(237,NULL,NULL,'Ucrania',1,'2020-05-28 20:55:23','2020-05-28 20:55:23',NULL),(238,NULL,NULL,'Uganda',1,'2020-05-28 20:55:23','2020-05-28 20:55:23',NULL),(239,NULL,NULL,'Uruguay',1,'2020-05-28 20:55:23','2020-05-28 20:55:23',NULL),(240,NULL,NULL,'Uzbekistán',1,'2020-05-28 20:55:23','2020-05-28 20:55:23',NULL),(241,NULL,NULL,'Vanuatu',1,'2020-05-28 20:55:23','2020-05-28 20:55:23',NULL),(242,NULL,NULL,'Venezuela',1,'2020-05-28 20:55:23','2020-05-28 20:55:23',NULL),(243,NULL,NULL,'Vietnam',1,'2020-05-28 20:55:23','2020-05-28 20:55:23',NULL),(244,NULL,NULL,'Wallis y Futuna',1,'2020-05-28 20:55:23','2020-05-28 20:55:23',NULL),(245,NULL,NULL,'Yemen',1,'2020-05-28 20:55:23','2020-05-28 20:55:23',NULL),(246,NULL,NULL,'Yibuti',1,'2020-05-28 20:55:23','2020-05-28 20:55:23',NULL),(247,NULL,NULL,'Zambia',1,'2020-05-28 20:55:23','2020-05-28 20:55:23',NULL),(248,NULL,NULL,'Zimbabue',1,'2020-05-28 20:55:23','2020-05-28 20:55:23',NULL);

--
-- Table structure for table `paises_prefijos`
--

CREATE TABLE `paises_prefijos` (
  `id` bigint(20) unsigned NOT NULL AUTO_INCREMENT,
  `pais` varchar(191) COLLATE utf8mb4_unicode_ci NOT NULL,
  `prefijo` varchar(191) COLLATE utf8mb4_unicode_ci NOT NULL,
  `value` int(11) NOT NULL DEFAULT '1',
  `text` varchar(191) COLLATE utf8mb4_unicode_ci NOT NULL,
  `created_at` timestamp NULL DEFAULT NULL,
  `updated_at` timestamp NULL DEFAULT NULL,
  `deleted_at` timestamp NULL DEFAULT NULL,
  PRIMARY KEY (`id`)
) ENGINE=InnoDB AUTO_INCREMENT=195 DEFAULT CHARSET=utf8mb4 COLLATE=utf8mb4_unicode_ci;

--
-- Dumping data for table `paises_prefijos`
--

INSERT INTO `paises_prefijos` VALUES (1,'Afganistán','93',1,'Afganistán 93',NULL,NULL,NULL),(2,'Albania','355',2,'Albania 355',NULL,NULL,NULL),(3,'Alemania','49',3,'Alemania 49',NULL,NULL,NULL),(4,'Andorra','376',4,'Andorra 376',NULL,NULL,NULL),(5,'Angola','244',5,'Angola 244',NULL,NULL,NULL),(6,'Antigua y Barbuda','1-268',6,'Antigua y Barbuda 1-268',NULL,NULL,NULL),(7,'Arabia Saudita','966',7,'Arabia Saudita 966',NULL,NULL,NULL),(8,'Argelia','213',8,'Argelia 213',NULL,NULL,NULL),(9,'Argentina','549',9,'Argentina 549',NULL,NULL,NULL),(10,'Armenia','374',10,'Armenia 374',NULL,NULL,NULL),(11,'Australia','61',11,'Australia 61',NULL,NULL,NULL),(12,'Austria','43',12,'Austria 43',NULL,NULL,NULL),(13,'Azerbaiyán','994',13,'Azerbaiyán 994',NULL,NULL,NULL),(14,'Bahamas','1-242',14,'Bahamas 1-242',NULL,NULL,NULL),(15,'Bangladés','880',15,'Bangladés 880',NULL,NULL,NULL),(16,'Barbados','1-246',16,'Barbados 1-246',NULL,NULL,NULL),(17,'Baréin','973',17,'Baréin 973',NULL,NULL,NULL),(18,'Bélgica','32',18,'Bélgica 32',NULL,NULL,NULL),(19,'Belice','501',19,'Belice 501',NULL,NULL,NULL),(20,'Benín','229',20,'Benín 229',NULL,NULL,NULL),(21,'Bielorrusia','375',21,'Bielorrusia 375',NULL,NULL,NULL),(22,'Birmania','95',22,'Birmania 95',NULL,NULL,NULL),(23,'Bolivia','591',23,'Bolivia 591',NULL,NULL,NULL),(24,'Bosnia y Herzegovina','387',24,'Bosnia y Herzegovina 387',NULL,NULL,NULL),(25,'Botsuana','267',25,'Botsuana 267',NULL,NULL,NULL),(26,'Brasil','55',26,'Brasil 55',NULL,NULL,NULL),(27,'Brunéi','673',27,'Brunéi 673',NULL,NULL,NULL),(28,'Bulgaria','359',28,'Bulgaria 359',NULL,NULL,NULL),(29,'Burkina Faso','226',29,'Burkina Faso 226',NULL,NULL,NULL),(30,'Burundi','257',30,'Burundi 257',NULL,NULL,NULL),(31,'Bután','975',31,'Bután 975',NULL,NULL,NULL),(32,'Cabo Verde','238',32,'Cabo Verde 238',NULL,NULL,NULL),(33,'Camboya','855',33,'Camboya 855',NULL,NULL,NULL),(34,'Camerún','237',34,'Camerún 237',NULL,NULL,NULL),(35,'Canadá','1',35,'Canadá 1',NULL,NULL,NULL),(36,'Catar','974',36,'Catar 974',NULL,NULL,NULL),(37,'Chad','235',37,'Chad 235',NULL,NULL,NULL),(38,'Chile','56',38,'Chile 56',NULL,NULL,NULL),(39,'China','86',39,'China 86',NULL,NULL,NULL),(40,'Chipre','357',40,'Chipre 357',NULL,NULL,NULL),(41,'Colombia','57',41,'Colombia 57',NULL,NULL,NULL),(42,'Comoras','269',42,'Comoras 269',NULL,NULL,NULL),(43,'Corea del Norte','850',43,'Corea del Norte 850',NULL,NULL,NULL),(44,'Corea del Sur','82',44,'Corea del Sur 82',NULL,NULL,NULL),(45,'Costa de Marfil','225',45,'Costa de Marfil 225',NULL,NULL,NULL),(46,'Costa Rica','506',46,'Costa Rica 506',NULL,NULL,NULL),(47,'Croacia','385',47,'Croacia 385',NULL,NULL,NULL),(48,'Cuba','53',48,'Cuba 53',NULL,NULL,NULL),(49,'Dinamarca','45',49,'Dinamarca 45',NULL,NULL,NULL),(50,'Dominica','1-767',50,'Dominica 1-767',NULL,NULL,NULL),(51,'Ecuador','593',51,'Ecuador 593',NULL,NULL,NULL),(52,'Egipto','20',52,'Egipto 20',NULL,NULL,NULL),(53,'El Salvador','503',53,'El Salvador 503',NULL,NULL,NULL),(54,'Emiratos Árabes Unidos','971',54,'Emiratos Árabes Unidos 971',NULL,NULL,NULL),(55,'Eritrea','291',55,'Eritrea 291',NULL,NULL,NULL),(56,'Eslovaquia','421',56,'Eslovaquia 421',NULL,NULL,NULL),(57,'Eslovenia','386',57,'Eslovenia 386',NULL,NULL,NULL),(58,'España','34',58,'España 34',NULL,NULL,NULL),(59,'Estados Unidos','1',59,'Estados Unidos 1',NULL,NULL,NULL),(60,'Estonia','372',60,'Estonia 372',NULL,NULL,NULL),(61,'Etiopía','251',61,'Etiopía 251',NULL,NULL,NULL),(62,'Filipinas','63',62,'Filipinas 63',NULL,NULL,NULL),(63,'Finlandia','358',63,'Finlandia 358',NULL,NULL,NULL),(64,'Fiyi','679',64,'Fiyi 679',NULL,NULL,NULL),(65,'Francia','33',65,'Francia 33',NULL,NULL,NULL),(66,'Gabón','241',66,'Gabón 241',NULL,NULL,NULL),(67,'Gambia','220',67,'Gambia 220',NULL,NULL,NULL),(68,'Georgia','995',68,'Georgia 995',NULL,NULL,NULL),(69,'Ghana','233',69,'Ghana 233',NULL,NULL,NULL),(70,'Granada','1-473',70,'Granada 1-473',NULL,NULL,NULL),(71,'Grecia','30',71,'Grecia 30',NULL,NULL,NULL);
INSERT INTO `paises_prefijos` VALUES (72,'Guatemala','502',72,'Guatemala 502',NULL,NULL,NULL),(73,'Guinea','224',73,'Guinea 224',NULL,NULL,NULL),(74,'Guinea Ecuatorial','240',74,'Guinea Ecuatorial 240',NULL,NULL,NULL),(75,'Guinea-Bisáu','245',75,'Guinea-Bisáu 245',NULL,NULL,NULL),(76,'Guyana','592',76,'Guyana 592',NULL,NULL,NULL),(77,'Haití','509',77,'Haití 509',NULL,NULL,NULL),(78,'Honduras','504',78,'Honduras 504',NULL,NULL,NULL),(79,'Hungría','36',79,'Hungría 36',NULL,NULL,NULL),(80,'India','91',80,'India 91',NULL,NULL,NULL),(81,'Indonesia','62',81,'Indonesia 62',NULL,NULL,NULL),(82,'Irak','964',82,'Irak 964',NULL,NULL,NULL),(83,'Irán','98',83,'Irán 98',NULL,NULL,NULL),(84,'Irlanda','353',84,'Irlanda 353',NULL,NULL,NULL),(85,'Islandia','354',85,'Islandia 354',NULL,NULL,NULL),(86,'Islas Marshall','692',86,'Islas Marshall 692',NULL,NULL,NULL),(87,'Islas Salomón','677',87,'Islas Salomón 677',NULL,NULL,NULL),(88,'Israel','972',88,'Israel 972',NULL,NULL,NULL),(89,'Italia','39',89,'Italia 39',NULL,NULL,NULL),(90,'Jamaica','1-876',90,'Jamaica 1-876',NULL,NULL,NULL),(91,'Japón','81',91,'Japón 81',NULL,NULL,NULL),(92,'Jordania','962',92,'Jordania 962',NULL,NULL,NULL),(93,'Kazajistán','7',93,'Kazajistán 7',NULL,NULL,NULL),(94,'Kenia','254',94,'Kenia 254',NULL,NULL,NULL),(95,'Kirguistán','996',95,'Kirguistán 996',NULL,NULL,NULL),(96,'Kiribati','686',96,'Kiribati 686',NULL,NULL,NULL),(97,'Kuwait','965',97,'Kuwait 965',NULL,NULL,NULL),(98,'Laos','856',98,'Laos 856',NULL,NULL,NULL),(99,'Lesoto','266',99,'Lesoto 266',NULL,NULL,NULL),(100,'Letonia','371',100,'Letonia 371',NULL,NULL,NULL),(101,'Líbano','961',101,'Líbano 961',NULL,NULL,NULL),(102,'Liberia','231',102,'Liberia 231',NULL,NULL,NULL),(103,'Libia','218',103,'Libia 218',NULL,NULL,NULL),(104,'Liechtenstein','423',104,'Liechtenstein 423',NULL,NULL,NULL),(105,'Lituania','370',105,'Lituania 370',NULL,NULL,NULL),(106,'Luxemburgo','352',106,'Luxemburgo 352',NULL,NULL,NULL),(107,'Macedonia del Norte','389',107,'Macedonia del Norte 389',NULL,NULL,NULL),(108,'Madagascar','261',108,'Madagascar 261',NULL,NULL,NULL),(109,'Malasia','60',109,'Malasia 60',NULL,NULL,NULL),(110,'Malaui','265',110,'Malaui 265',NULL,NULL,NULL),(111,'Maldivas','960',111,'Maldivas 960',NULL,NULL,NULL),(112,'Malí','223',112,'Malí 223',NULL,NULL,NULL),(113,'Malta','356',113,'Malta 356',NULL,NULL,NULL),(114,'Marruecos','212',114,'Marruecos 212',NULL,NULL,NULL),(115,'Mauricio','230',115,'Mauricio 230',NULL,NULL,NULL),(116,'Mauritania','222',116,'Mauritania 222',NULL,NULL,NULL),(117,'México','52',117,'México 52',NULL,NULL,NULL),(118,'Micronesia','691',118,'Micronesia 691',NULL,NULL,NULL),(119,'Moldavia','373',119,'Moldavia 373',NULL,NULL,NULL),(120,'Mónaco','377',120,'Mónaco 377',NULL,NULL,NULL),(121,'Mongolia','976',121,'Mongolia 976',NULL,NULL,NULL),(122,'Montenegro','382',122,'Montenegro 382',NULL,NULL,NULL),(123,'Mozambique','258',123,'Mozambique 258',NULL,NULL,NULL),(124,'Namibia','264',124,'Namibia 264',NULL,NULL,NULL),(125,'Nauru','674',125,'Nauru 674',NULL,NULL,NULL),(126,'Nepal','977',126,'Nepal 977',NULL,NULL,NULL),(127,'Nicaragua','505',127,'Nicaragua 505',NULL,NULL,NULL),(128,'Níger','227',128,'Níger 227',NULL,NULL,NULL),(129,'Nigeria','234',129,'Nigeria 234',NULL,NULL,NULL),(130,'Noruega','47',130,'Noruega 47',NULL,NULL,NULL),(131,'Nueva Zelanda','64',131,'Nueva Zelanda 64',NULL,NULL,NULL),(132,'Omán','968',132,'Omán 968',NULL,NULL,NULL),(133,'Países Bajos','31',133,'Países Bajos 31',NULL,NULL,NULL),(134,'Pakistán','92',134,'Pakistán 92',NULL,NULL,NULL),(135,'Palaos','680',135,'Palaos 680',NULL,NULL,NULL),(136,'Panamá','507',136,'Panamá 507',NULL,NULL,NULL),(137,'Papúa Nueva Guinea','675',137,'Papúa Nueva Guinea 675',NULL,NULL,NULL),(138,'Paraguay','595',138,'Paraguay 595',NULL,NULL,NULL),(139,'Perú','51',139,'Perú 51',NULL,NULL,NULL),(140,'Polonia','48',140,'Polonia 48',NULL,NULL,NULL),(141,'Portugal','351',141,'Portugal 351',NULL,NULL,NULL);
INSERT INTO `paises_prefijos` VALUES (142,'Reino Unido','44',142,'Reino Unido 44',NULL,NULL,NULL),(143,'República Centroafricana','236',143,'República Centroafricana 236',NULL,NULL,NULL),(144,'República Checa','420',144,'República Checa 420',NULL,NULL,NULL),(145,'República del Congo','242',145,'República del Congo 242',NULL,NULL,NULL),(146,'República Democrática del Congo','243',146,'República Democrática del Congo 243',NULL,NULL,NULL),(147,'República Dominicana','1-809',147,'República Dominicana 1-809',NULL,NULL,NULL),(148,'Ruanda','250',148,'Ruanda 250',NULL,NULL,NULL),(149,'Rumania','40',149,'Rumania 40',NULL,NULL,NULL),(150,'Rusia','7',150,'Rusia 7',NULL,NULL,NULL),(151,'Samoa','685',151,'Samoa 685',NULL,NULL,NULL),(152,'San Cristóbal y Nieves','1-869',152,'San Cristóbal y Nieves 1-869',NULL,NULL,NULL),(153,'San Marino','378',153,'San Marino 378',NULL,NULL,NULL),(154,'San Vicente y las Granadinas','1-784',154,'San Vicente y las Granadinas 1-784',NULL,NULL,NULL),(155,'Santa Lucía','1-758',155,'Santa Lucía 1-758',NULL,NULL,NULL),(156,'Santo Tomé y Príncipe','239',156,'Santo Tomé y Príncipe 239',NULL,NULL,NULL),(157,'Senegal','221',157,'Senegal 221',NULL,NULL,NULL),(158,'Serbia','381',158,'Serbia 381',NULL,NULL,NULL),(159,'Seychelles','248',159,'Seychelles 248',NULL,NULL,NULL),(160,'Sierra Leona','232',160,'Sierra Leona 232',NULL,NULL,NULL),(161,'Singapur','65',161,'Singapur 65',NULL,NULL,NULL),(162,'Siria','963',162,'Siria 963',NULL,NULL,NULL),(163,'Somalia','252',163,'Somalia 252',NULL,NULL,NULL),(164,'Sri Lanka','94',164,'Sri Lanka 94',NULL,NULL,NULL),(165,'Sudáfrica','27',165,'Sudáfrica 27',NULL,NULL,NULL),(166,'Sudán','249',166,'Sudán 249',NULL,NULL,NULL),(167,'Sudán del Sur','211',167,'Sudán del Sur 211',NULL,NULL,NULL),(168,'Suecia','46',168,'Suecia 46',NULL,NULL,NULL),(169,'Suiza','41',169,'Suiza 41',NULL,NULL,NULL),(170,'Surinam','597',170,'Surinam 597',NULL,NULL,NULL),(171,'Tailandia','66',171,'Tailandia 66',NULL,NULL,NULL),(172,'Taiwán','886',172,'Taiwán 886',NULL,NULL,NULL),(173,'Tanzania','255',173,'Tanzania 255',NULL,NULL,NULL),(174,'Tayikistán','992',174,'Tayikistán 992',NULL,NULL,NULL),(175,'Timor Oriental','670',175,'Timor Oriental 670',NULL,NULL,NULL),(176,'Togo','228',176,'Togo 228',NULL,NULL,NULL),(177,'Tonga','676',177,'Tonga 676',NULL,NULL,NULL),(178,'Trinidad y Tobago','1-868',178,'Trinidad y Tobago 1-868',NULL,NULL,NULL),(179,'Túnez','216',179,'Túnez 216',NULL,NULL,NULL),(180,'Turkmenistán','993',180,'Turkmenistán 993',NULL,NULL,NULL),(181,'Turquía','90',181,'Turquía 90',NULL,NULL,NULL),(182,'Tuvalu','688',182,'Tuvalu 688',NULL,NULL,NULL),(183,'Ucrania','380',183,'Ucrania 380',NULL,NULL,NULL),(184,'Uganda','256',184,'Uganda 256',NULL,NULL,NULL),(185,'Uruguay','598',185,'Uruguay 598',NULL,NULL,NULL),(186,'Uzbekistán','998',186,'Uzbekistán 998',NULL,NULL,NULL),(187,'Vanuatu','678',187,'Vanuatu 678',NULL,NULL,NULL),(188,'Vaticano','379',188,'Vaticano 379',NULL,NULL,NULL),(189,'Venezuela','58',189,'Venezuela 58',NULL,NULL,NULL),(190,'Vietnam','84',190,'Vietnam 84',NULL,NULL,NULL),(191,'Yemen','967',191,'Yemen 967',NULL,NULL,NULL),(192,'Yibuti','253',192,'Yibuti 253',NULL,NULL,NULL),(193,'Zambia','260',193,'Zambia 260',NULL,NULL,NULL),(194,'Zimbabue','263',194,'Zimbabue 263',NULL,NULL,NULL);

--
-- Table structure for table `panel_liquidaciones`
--

CREATE TABLE `panel_liquidaciones` (
  `id` bigint(20) unsigned NOT NULL AUTO_INCREMENT,
  `user_id` int(10) unsigned DEFAULT NULL,
  `cta_cte_tesoreria_cuenta_id` int(10) unsigned NOT NULL,
  `period_id` int(10) unsigned NOT NULL,
  `panel_tipo_liq_id` bigint(20) unsigned NOT NULL,
  `total` decimal(16,2) NOT NULL,
  `comentario` text COLLATE utf8mb4_unicode_ci,
  `created_at` timestamp NULL DEFAULT NULL,
  `updated_at` timestamp NULL DEFAULT NULL,
  `deleted_at` timestamp NULL DEFAULT NULL,
  PRIMARY KEY (`id`),
  KEY `panel_liquidaciones_period_id_foreign` (`period_id`),
  KEY `panel_liquidaciones_panel_tipo_liq_id_foreign` (`panel_tipo_liq_id`),
  KEY `panel_liquidaciones_cta_cte_tesoreria_cuenta_id_foreign` (`cta_cte_tesoreria_cuenta_id`),
  CONSTRAINT `panel_liquidaciones_cta_cte_tesoreria_cuenta_id_foreign` FOREIGN KEY (`cta_cte_tesoreria_cuenta_id`) REFERENCES `cta_cte_tesoreria_cuentas` (`id`),
  CONSTRAINT `panel_liquidaciones_panel_tipo_liq_id_foreign` FOREIGN KEY (`panel_tipo_liq_id`) REFERENCES `panel_tipo_liquidaciones` (`id`),
  CONSTRAINT `panel_liquidaciones_period_id_foreign` FOREIGN KEY (`period_id`) REFERENCES `periods` (`id`)
) ENGINE=InnoDB DEFAULT CHARSET=utf8mb4 COLLATE=utf8mb4_unicode_ci;

--
-- Dumping data for table `panel_liquidaciones`
--


--
-- Table structure for table `panel_tipo_liquidaciones`
--

CREATE TABLE `panel_tipo_liquidaciones` (
  `id` bigint(20) unsigned NOT NULL AUTO_INCREMENT,
  `user_id` int(10) unsigned DEFAULT NULL,
  `descripcion` varchar(191) COLLATE utf8mb4_unicode_ci NOT NULL,
  `habilitado` tinyint(1) NOT NULL DEFAULT '1',
  `created_at` timestamp NULL DEFAULT NULL,
  `updated_at` timestamp NULL DEFAULT NULL,
  `deleted_at` timestamp NULL DEFAULT NULL,
  PRIMARY KEY (`id`)
) ENGINE=InnoDB AUTO_INCREMENT=4 DEFAULT CHARSET=utf8mb4 COLLATE=utf8mb4_unicode_ci;

--
-- Dumping data for table `panel_tipo_liquidaciones`
--

INSERT INTO `panel_tipo_liquidaciones` VALUES (1,NULL,'Mensual',1,NULL,NULL,NULL),(2,NULL,'Q1',1,NULL,NULL,NULL),(3,NULL,'Q2',1,NULL,NULL,NULL);

--
-- Table structure for table `panel_users`
--

CREATE TABLE `panel_users` (
  `id` bigint(20) unsigned NOT NULL AUTO_INCREMENT,
  `user_id` int(10) unsigned DEFAULT NULL,
  `person_id` int(10) unsigned NOT NULL,
  `cobrador_id` bigint(20) unsigned NOT NULL,
  `user` varchar(255) COLLATE utf8mb4_unicode_ci NOT NULL,
  `habilitado` tinyint(1) NOT NULL DEFAULT '1',
  `created_at` timestamp NULL DEFAULT NULL,
  `updated_at` timestamp NULL DEFAULT NULL,
  `deleted_at` timestamp NULL DEFAULT NULL,
  PRIMARY KEY (`id`),
  UNIQUE KEY `panel_users_user_unique` (`user`),
  UNIQUE KEY `user_person_unique` (`user`,`person_id`),
  KEY `panel_users_person_id_foreign` (`person_id`),
  KEY `panel_users_cobrador_id_foreign` (`cobrador_id`),
  CONSTRAINT `panel_users_cobrador_id_foreign` FOREIGN KEY (`cobrador_id`) REFERENCES `cobradores` (`id`),
  CONSTRAINT `panel_users_person_id_foreign` FOREIGN KEY (`person_id`) REFERENCES `persons` (`id`)
) ENGINE=InnoDB DEFAULT CHARSET=utf8mb4 COLLATE=utf8mb4_unicode_ci;

--
-- Dumping data for table `panel_users`
--


--
-- Table structure for table `panel_users_emails`
--

CREATE TABLE `panel_users_emails` (
  `id` bigint(20) unsigned NOT NULL AUTO_INCREMENT,
  `user_id` int(10) unsigned DEFAULT NULL,
  `panel_user_id` bigint(20) unsigned NOT NULL,
  `email` text COLLATE utf8mb4_unicode_ci,
  `created_at` timestamp NULL DEFAULT NULL,
  `updated_at` timestamp NULL DEFAULT NULL,
  `deleted_at` timestamp NULL DEFAULT NULL,
  PRIMARY KEY (`id`),
  KEY `panel_users_emails_panel_user_id_foreign` (`panel_user_id`),
  CONSTRAINT `panel_users_emails_panel_user_id_foreign` FOREIGN KEY (`panel_user_id`) REFERENCES `panel_users` (`id`)
) ENGINE=InnoDB DEFAULT CHARSET=utf8mb4 COLLATE=utf8mb4_unicode_ci;

--
-- Dumping data for table `panel_users_emails`
--


--
-- Table structure for table `panel_users_movimientos`
--

CREATE TABLE `panel_users_movimientos` (
  `id` bigint(20) unsigned NOT NULL AUTO_INCREMENT,
  `user_id` int(10) unsigned DEFAULT NULL,
  `cobrador_id` bigint(20) unsigned NOT NULL,
  `panel_user_id` bigint(20) unsigned NOT NULL,
  `cta_cte_tesoreria_cuenta_id` int(10) unsigned DEFAULT NULL,
  `credit_debit` int(10) unsigned NOT NULL,
  `importe` decimal(16,2) NOT NULL DEFAULT '0.00',
  `document` text COLLATE utf8mb4_unicode_ci,
  `operacion_id` text COLLATE utf8mb4_unicode_ci,
  `is_recarga` tinyint(1) NOT NULL DEFAULT '0',
  `path_file` varchar(255) COLLATE utf8mb4_unicode_ci DEFAULT NULL,
  `fecha` datetime DEFAULT NULL,
  `created_at` timestamp NULL DEFAULT NULL,
  `updated_at` timestamp NULL DEFAULT NULL,
  `deleted_at` timestamp NULL DEFAULT NULL,
  PRIMARY KEY (`id`),
  KEY `panel_users_movimientos_panel_user_id_foreign` (`panel_user_id`),
  KEY `panel_users_movimientos_cta_cte_tesoreria_cuenta_id_foreign` (`cta_cte_tesoreria_cuenta_id`),
  KEY `panel_users_movimientos_cobrador_id_foreign` (`cobrador_id`),
  CONSTRAINT `panel_users_movimientos_cobrador_id_foreign` FOREIGN KEY (`cobrador_id`) REFERENCES `cobradores` (`id`),
  CONSTRAINT `panel_users_movimientos_cta_cte_tesoreria_cuenta_id_foreign` FOREIGN KEY (`cta_cte_tesoreria_cuenta_id`) REFERENCES `cta_cte_tesoreria_cuentas` (`id`),
  CONSTRAINT `panel_users_movimientos_panel_user_id_foreign` FOREIGN KEY (`panel_user_id`) REFERENCES `panel_users` (`id`)
) ENGINE=InnoDB DEFAULT CHARSET=utf8mb4 COLLATE=utf8mb4_unicode_ci;

--
-- Dumping data for table `panel_users_movimientos`
--


--
-- Table structure for table `panel_users_telefonos`
--

CREATE TABLE `panel_users_telefonos` (
  `id` bigint(20) unsigned NOT NULL AUTO_INCREMENT,
  `user_id` int(10) unsigned DEFAULT NULL,
  `panel_user_id` bigint(20) unsigned NOT NULL,
  `telefono` text COLLATE utf8mb4_unicode_ci,
  `created_at` timestamp NULL DEFAULT NULL,
  `updated_at` timestamp NULL DEFAULT NULL,
  `deleted_at` timestamp NULL DEFAULT NULL,
  PRIMARY KEY (`id`),
  KEY `panel_users_telefonos_panel_user_id_foreign` (`panel_user_id`),
  CONSTRAINT `panel_users_telefonos_panel_user_id_foreign` FOREIGN KEY (`panel_user_id`) REFERENCES `panel_users` (`id`)
) ENGINE=InnoDB DEFAULT CHARSET=utf8mb4 COLLATE=utf8mb4_unicode_ci;

--
-- Dumping data for table `panel_users_telefonos`
--


--
-- Table structure for table `panel_users_transfer`
--

CREATE TABLE `panel_users_transfer` (
  `id` bigint(20) unsigned NOT NULL AUTO_INCREMENT,
  `user_id` int(10) unsigned DEFAULT NULL,
  `panel_user_id` bigint(20) unsigned NOT NULL,
  `panel_user_movimiento_id` bigint(20) unsigned NOT NULL,
  `cta_cte_tesoreria_cuenta_id` int(10) unsigned DEFAULT NULL,
  `credit_debit` int(10) unsigned NOT NULL,
  `document` text COLLATE utf8mb4_unicode_ci,
  `operacion_id` text COLLATE utf8mb4_unicode_ci,
  `cbu_alias` text COLLATE utf8mb4_unicode_ci,
  `nombre_apellido` text COLLATE utf8mb4_unicode_ci,
  `fecha` datetime DEFAULT NULL,
  `fecha_to_transfer` date DEFAULT NULL,
  `importe` decimal(16,2) NOT NULL DEFAULT '0.00',
  `is_realizada` tinyint(1) NOT NULL DEFAULT '0',
  `comentario` longtext COLLATE utf8mb4_unicode_ci,
  `created_at` timestamp NULL DEFAULT NULL,
  `updated_at` timestamp NULL DEFAULT NULL,
  `deleted_at` timestamp NULL DEFAULT NULL,
  PRIMARY KEY (`id`),
  KEY `panel_users_transfer_panel_user_id_foreign` (`panel_user_id`),
  KEY `panel_users_transfer_panel_user_movimiento_id_foreign` (`panel_user_movimiento_id`),
  KEY `panel_users_transfer_cta_cte_tesoreria_cuenta_id_foreign` (`cta_cte_tesoreria_cuenta_id`),
  CONSTRAINT `panel_users_transfer_cta_cte_tesoreria_cuenta_id_foreign` FOREIGN KEY (`cta_cte_tesoreria_cuenta_id`) REFERENCES `cta_cte_tesoreria_cuentas` (`id`),
  CONSTRAINT `panel_users_transfer_panel_user_id_foreign` FOREIGN KEY (`panel_user_id`) REFERENCES `panel_users` (`id`),
  CONSTRAINT `panel_users_transfer_panel_user_movimiento_id_foreign` FOREIGN KEY (`panel_user_movimiento_id`) REFERENCES `panel_users_movimientos` (`id`)
) ENGINE=InnoDB DEFAULT CHARSET=utf8mb4 COLLATE=utf8mb4_unicode_ci;

--
-- Dumping data for table `panel_users_transfer`
--


--
-- Table structure for table `password_resets`
--

CREATE TABLE `password_resets` (
  `email` varchar(180) COLLATE utf8mb4_unicode_ci NOT NULL,
  `token` varchar(180) COLLATE utf8mb4_unicode_ci NOT NULL,
  `created_at` timestamp NULL DEFAULT NULL,
  UNIQUE KEY `password_resets_email_token_unique` (`email`,`token`),
  KEY `password_resets_email_index` (`email`)
) ENGINE=InnoDB DEFAULT CHARSET=utf8mb4 COLLATE=utf8mb4_unicode_ci;

--
-- Dumping data for table `password_resets`
--


--
-- Table structure for table `path_of_file`
--

CREATE TABLE `path_of_file` (
  `id` int(10) unsigned NOT NULL AUTO_INCREMENT,
  `user_id` int(10) unsigned DEFAULT NULL,
  `person_id` int(10) unsigned DEFAULT NULL,
  `person_id_relationed` int(10) unsigned DEFAULT NULL,
  `path_of_file_name_id` int(10) unsigned DEFAULT NULL,
  `path` longtext COLLATE utf8mb4_unicode_ci,
  `storage` varchar(191) COLLATE utf8mb4_unicode_ci DEFAULT NULL,
  `comentario` varchar(191) COLLATE utf8mb4_unicode_ci DEFAULT NULL,
  `descripcion` varchar(191) COLLATE utf8mb4_unicode_ci DEFAULT NULL,
  `created_at` timestamp NULL DEFAULT NULL,
  `updated_at` timestamp NULL DEFAULT NULL,
  `deleted_at` timestamp NULL DEFAULT NULL,
  PRIMARY KEY (`id`),
  KEY `path_of_file_person_id_foreign` (`person_id`),
  KEY `path_of_file_person_id_relationed_foreign` (`person_id_relationed`),
  KEY `path_of_file_path_of_file_name_id_foreign` (`path_of_file_name_id`),
  CONSTRAINT `path_of_file_path_of_file_name_id_foreign` FOREIGN KEY (`path_of_file_name_id`) REFERENCES `path_of_file_names` (`id`),
  CONSTRAINT `path_of_file_person_id_foreign` FOREIGN KEY (`person_id`) REFERENCES `persons` (`id`),
  CONSTRAINT `path_of_file_person_id_relationed_foreign` FOREIGN KEY (`person_id_relationed`) REFERENCES `persons` (`id`)
) ENGINE=InnoDB AUTO_INCREMENT=110 DEFAULT CHARSET=utf8mb4 COLLATE=utf8mb4_unicode_ci;

--
-- Dumping data for table `path_of_file`
--

INSERT INTO `path_of_file` VALUES (1,NULL,40997,NULL,14,'<a href=\"https://taxes.com.ar/component_general/download_file/1\" target=\"_blank\">DESCARGAR</a>','storage/LibroDeSueldoDigital/832_1561LibroDeSueldoDigital.txt',NULL,NULL,'2024-11-10 10:42:53','2024-11-11 19:31:33','2024-11-11 19:31:33'),(2,NULL,40997,NULL,14,'<a href=\"https://taxes.com.ar/component_general/download_file/2\" target=\"_blank\">DESCARGAR</a>','storage/LibroDeSueldoDigital/832_1561LibroDeSueldoDigital.txt',NULL,NULL,'2024-11-10 11:19:22','2024-11-11 19:31:33','2024-11-11 19:31:33'),(3,NULL,40997,NULL,14,'<a href=\"https://taxes.com.ar/component_general/download_file/3\" target=\"_blank\">DESCARGAR</a>','storage/LibroDeSueldoDigital/832_1574LibroDeSueldoDigital.txt',NULL,NULL,'2024-11-10 11:24:33','2024-11-11 19:31:33','2024-11-11 19:31:33'),(4,832,40997,NULL,14,'<a href=\"https://taxes.com.ar/component_general/download_file/4\" target=\"_blank\">DESCARGAR</a>','storage/LibroDeSueldoDigital/832_1561LibroDeSueldoDigital.txt',NULL,NULL,'2024-11-11 19:31:37','2025-10-13 10:09:02','2025-10-13 10:09:02'),(5,832,40997,NULL,14,'<a href=\"https://taxes.com.ar/component_general/download_file/5\" target=\"_blank\">DESCARGAR</a>','storage/LibroDeSueldoDigital/832_1574LibroDeSueldoDigital.txt',NULL,NULL,'2024-11-11 23:10:36','2025-10-13 10:09:05','2025-10-13 10:09:05'),(6,832,40997,NULL,14,'<a href=\"https://taxes.com.ar/component_general/download_file/6\" target=\"_blank\">DESCARGAR</a>','storage/LibroDeSueldoDigital/832_1582LibroDeSueldoDigital.txt',NULL,NULL,'2024-12-08 12:31:18','2025-10-13 10:09:08','2025-10-13 10:09:08'),(7,832,40997,NULL,14,'<a href=\"https://taxes.com.ar/component_general/download_file/7\" target=\"_blank\">DESCARGAR</a>','storage/LibroDeSueldoDigital/832_1582LibroDeSueldoDigital.txt',NULL,NULL,'2024-12-08 12:34:15','2025-10-13 10:09:12','2025-10-13 10:09:12'),(8,832,40997,NULL,14,'<a href=\"https://taxes.com.ar/component_general/download_file/8\" target=\"_blank\">DESCARGAR</a>','storage/LibroDeSueldoDigital/832_1582LibroDeSueldoDigital.txt',NULL,NULL,'2024-12-09 19:34:21','2025-10-13 10:09:15','2025-10-13 10:09:15'),(9,832,40997,NULL,14,'<a href=\"https://taxes.com.ar/component_general/download_file/9\" target=\"_blank\">DESCARGAR</a>','storage/LibroDeSueldoDigital/832_1582LibroDeSueldoDigital.txt',NULL,NULL,'2024-12-09 19:59:45','2025-10-13 10:09:18','2025-10-13 10:09:18'),(10,832,40997,NULL,14,'<a href=\"https://taxes.com.ar/component_general/download_file/10\" target=\"_blank\">DESCARGAR</a>','storage/LibroDeSueldoDigital/832_1582LibroDeSueldoDigital.txt',NULL,NULL,'2024-12-09 20:13:21','2025-10-13 10:09:22','2025-10-13 10:09:22'),(11,832,40997,NULL,14,'<a href=\"https://taxes.com.ar/component_general/download_file/11\" target=\"_blank\">DESCARGAR</a>','storage/LibroDeSueldoDigital/832_1607LibroDeSueldoDigital.txt',NULL,NULL,'2025-01-08 11:14:03','2025-10-13 10:09:25','2025-10-13 10:09:25'),(12,832,40997,NULL,14,'<a href=\"https://taxes.com.ar/component_general/download_file/12\" target=\"_blank\">DESCARGAR</a>','storage/LibroDeSueldoDigital/832_1606LibroDeSueldoDigital.txt',NULL,NULL,'2025-01-08 11:19:36','2025-10-13 10:09:29','2025-10-13 10:09:29'),(13,832,40997,NULL,14,'<a href=\"https://taxes.com.ar/component_general/download_file/13\" target=\"_blank\">DESCARGAR</a>','storage/LibroDeSueldoDigital/832_1606LibroDeSueldoDigital.txt',NULL,NULL,'2025-01-09 09:23:33','2025-10-13 10:09:35','2025-10-13 10:09:35'),(14,832,40997,NULL,14,'<a href=\"https://taxes.com.ar/component_general/download_file/14\" target=\"_blank\">DESCARGAR</a>','storage/LibroDeSueldoDigital/832_1607LibroDeSueldoDigital.txt',NULL,NULL,'2025-01-09 12:35:49','2025-10-13 10:09:38','2025-10-13 10:09:38'),(15,832,40997,NULL,14,'<a href=\"https://taxes.com.ar/component_general/download_file/15\" target=\"_blank\">DESCARGAR</a>','storage/LibroDeSueldoDigital/832_1658LibroDeSueldoDigital.txt',NULL,NULL,'2025-02-06 09:38:47','2025-10-13 10:09:41','2025-10-13 10:09:41');
INSERT INTO `path_of_file` VALUES (16,832,40997,NULL,14,'<a href=\"https://taxes.com.ar/component_general/download_file/16\" target=\"_blank\">DESCARGAR</a>','storage/LibroDeSueldoDigital/832_1655LibroDeSueldoDigital.txt',NULL,NULL,'2025-02-07 10:47:51','2025-10-13 10:09:44','2025-10-13 10:09:44'),(17,832,40997,NULL,14,'<a href=\"https://taxes.com.ar/component_general/download_file/17\" target=\"_blank\">DESCARGAR</a>','storage/LibroDeSueldoDigital/832_1683LibroDeSueldoDigital.txt',NULL,NULL,'2025-03-10 09:33:41','2025-10-13 10:09:47','2025-10-13 10:09:47'),(18,832,40997,NULL,14,'<a href=\"https://taxes.com.ar/component_general/download_file/18\" target=\"_blank\">DESCARGAR</a>','storage/LibroDeSueldoDigital/832_1684LibroDeSueldoDigital.txt',NULL,NULL,'2025-03-10 11:06:28','2025-10-13 10:09:50','2025-10-13 10:09:50'),(19,832,40997,NULL,14,'<a href=\"https://taxes.com.ar/component_general/download_file/19\" target=\"_blank\">DESCARGAR</a>','storage/LibroDeSueldoDigital/832_1705LibroDeSueldoDigital.txt',NULL,NULL,'2025-04-08 19:11:24','2025-10-13 10:09:54','2025-10-13 10:09:54'),(20,832,40997,NULL,14,'<a href=\"https://taxes.com.ar/component_general/download_file/20\" target=\"_blank\">DESCARGAR</a>','storage/LibroDeSueldoDigital/832_1706LibroDeSueldoDigital.txt',NULL,NULL,'2025-04-09 12:27:25','2025-10-13 10:09:57','2025-10-13 10:09:57'),(21,832,40997,NULL,14,'<a href=\"https://taxes.com.ar/component_general/download_file/21\" target=\"_blank\">DESCARGAR</a>','storage/LibroDeSueldoDigital/832_1706LibroDeSueldoDigital.txt',NULL,NULL,'2025-04-09 12:28:34','2025-10-13 10:10:00','2025-10-13 10:10:00'),(22,832,40997,NULL,14,'<a href=\"https://taxes.com.ar/component_general/download_file/22\" target=\"_blank\">DESCARGAR</a>','storage/LibroDeSueldoDigital/832_1706LibroDeSueldoDigital.txt',NULL,NULL,'2025-04-09 12:29:27','2025-10-13 10:10:04','2025-10-13 10:10:04'),(23,832,40997,NULL,14,'<a href=\"https://taxes.com.ar/component_general/download_file/23\" target=\"_blank\">DESCARGAR</a>','storage/LibroDeSueldoDigital/832_1730LibroDeSueldoDigital.txt',NULL,NULL,'2025-05-12 09:44:05','2025-10-13 10:10:07','2025-10-13 10:10:07'),(24,832,40997,NULL,14,'<a href=\"https://taxes.com.ar/component_general/download_file/24\" target=\"_blank\">DESCARGAR</a>','storage/LibroDeSueldoDigital/832_1731LibroDeSueldoDigital.txt',NULL,NULL,'2025-05-12 09:44:40','2025-10-13 10:10:10','2025-10-13 10:10:10'),(25,832,40997,NULL,14,'<a href=\"https://taxes.com.ar/component_general/download_file/25\" target=\"_blank\">DESCARGAR</a>','storage/LibroDeSueldoDigital/832_1732LibroDeSueldoDigital.txt',NULL,NULL,'2025-05-12 09:49:41','2025-10-13 10:10:14','2025-10-13 10:10:14'),(26,832,40997,NULL,14,'<a href=\"https://taxes.com.ar/component_general/download_file/26\" target=\"_blank\">DESCARGAR</a>','storage/LibroDeSueldoDigital/832_1732LibroDeSueldoDigital.txt',NULL,NULL,'2025-05-12 09:50:03','2025-10-13 10:10:19','2025-10-13 10:10:19'),(27,832,40997,NULL,14,'<a href=\"https://taxes.com.ar/component_general/download_file/27\" target=\"_blank\">DESCARGAR</a>','storage/LibroDeSueldoDigital/832_1756LibroDeSueldoDigital.txt',NULL,NULL,'2025-05-12 11:18:23','2025-10-13 10:10:22','2025-10-13 10:10:22'),(28,832,40997,NULL,14,'<a href=\"https://taxes.com.ar/component_general/download_file/28\" target=\"_blank\">DESCARGAR</a>','storage/LibroDeSueldoDigital/832_1765LibroDeSueldoDigital.txt',NULL,NULL,'2025-06-09 10:59:30','2025-10-13 10:10:26','2025-10-13 10:10:26'),(29,832,40997,NULL,14,'<a href=\"https://taxes.com.ar/component_general/download_file/29\" target=\"_blank\">DESCARGAR</a>','storage/LibroDeSueldoDigital/832_1790LibroDeSueldoDigital.txt',NULL,NULL,'2025-06-09 14:04:24','2025-10-13 10:10:29','2025-10-13 10:10:29'),(30,832,40997,NULL,14,'<a href=\"https://taxes.com.ar/component_general/download_file/30\" target=\"_blank\">DESCARGAR</a>','storage/LibroDeSueldoDigital/832_1805LibroDeSueldoDigital.txt',NULL,NULL,'2025-07-11 09:16:45','2025-10-13 10:10:34','2025-10-13 10:10:34');
INSERT INTO `path_of_file` VALUES (31,NULL,40761,NULL,14,'<a href=\"https://taxes.com.ar/component_general/download_file/31\" target=\"_blank\">DESCARGAR</a>','storage/LibroDeSueldoDigital/832_1824LibroDeSueldoDigital.txt',NULL,NULL,'2025-07-11 15:40:33','2025-07-11 15:40:36',NULL),(32,NULL,40761,NULL,14,'<a href=\"https://taxes.com.ar/component_general/download_file/32\" target=\"_blank\">DESCARGAR</a>','storage/LibroDeSueldoDigital/832_1825LibroDeSueldoDigital.txt',NULL,NULL,'2025-07-11 15:40:45','2025-07-11 15:40:49',NULL),(33,NULL,40761,NULL,14,'<a href=\"https://taxes.com.ar/component_general/download_file/33\" target=\"_blank\">DESCARGAR</a>','storage/LibroDeSueldoDigital/832_1824LibroDeSueldoDigital.txt',NULL,NULL,'2025-07-11 15:41:36','2025-07-11 15:41:40',NULL),(34,NULL,40761,NULL,14,'<a href=\"https://taxes.com.ar/component_general/download_file/34\" target=\"_blank\">DESCARGAR</a>','storage/LibroDeSueldoDigital/832_1825LibroDeSueldoDigital.txt',NULL,NULL,'2025-07-11 15:41:44','2025-07-11 15:41:47',NULL),(35,NULL,40761,NULL,14,'<a href=\"https://taxes.com.ar/component_general/download_file/35\" target=\"_blank\">DESCARGAR</a>','storage/LibroDeSueldoDigital/832_1824LibroDeSueldoDigital.txt',NULL,NULL,'2025-07-11 15:42:11','2025-07-11 15:42:15',NULL),(36,NULL,40761,NULL,14,'<a href=\"https://taxes.com.ar/component_general/download_file/36\" target=\"_blank\">DESCARGAR</a>','storage/LibroDeSueldoDigital/832_1825LibroDeSueldoDigital.txt',NULL,NULL,'2025-07-11 15:44:04','2025-07-11 15:44:08',NULL),(37,NULL,40730,NULL,14,'<a href=\"https://taxes.com.ar/component_general/download_file/37\" target=\"_blank\">DESCARGAR</a>','storage/LibroDeSueldoDigital/832_1792LibroDeSueldoDigital.txt',NULL,NULL,'2025-07-11 15:53:07','2025-07-11 15:53:17',NULL),(38,NULL,40730,NULL,14,'<a href=\"https://taxes.com.ar/component_general/download_file/38\" target=\"_blank\">DESCARGAR</a>','storage/LibroDeSueldoDigital/832_1796LibroDeSueldoDigital.txt',NULL,NULL,'2025-07-11 15:53:32','2025-07-11 15:53:42',NULL),(39,NULL,40730,NULL,14,'<a href=\"https://taxes.com.ar/component_general/download_file/39\" target=\"_blank\">DESCARGAR</a>','storage/LibroDeSueldoDigital/832_1797LibroDeSueldoDigital.txt',NULL,NULL,'2025-07-11 15:53:57','2025-07-11 15:54:08',NULL),(40,NULL,40729,NULL,14,'<a href=\"https://taxes.com.ar/component_general/download_file/40\" target=\"_blank\">DESCARGAR</a>','storage/LibroDeSueldoDigital/832_1830LibroDeSueldoDigital.txt',NULL,NULL,'2025-07-11 17:59:24','2025-07-11 17:59:42',NULL),(41,NULL,40729,NULL,14,'<a href=\"https://taxes.com.ar/component_general/download_file/41\" target=\"_blank\">DESCARGAR</a>','storage/LibroDeSueldoDigital/832_1831LibroDeSueldoDigital.txt',NULL,NULL,'2025-07-11 17:59:44','2025-07-11 18:00:02',NULL),(42,NULL,41007,NULL,14,'<a href=\"https://taxes.com.ar/component_general/download_file/42\" target=\"_blank\">DESCARGAR</a>','storage/LibroDeSueldoDigital/832_1793LibroDeSueldoDigital.txt',NULL,NULL,'2025-07-14 15:48:16','2025-07-14 15:48:29',NULL),(43,NULL,41007,NULL,14,'<a href=\"https://taxes.com.ar/component_general/download_file/43\" target=\"_blank\">DESCARGAR</a>','storage/LibroDeSueldoDigital/832_1798LibroDeSueldoDigital.txt',NULL,NULL,'2025-07-14 15:48:32','2025-07-14 15:48:45',NULL),(44,NULL,41007,NULL,14,'<a href=\"https://taxes.com.ar/component_general/download_file/44\" target=\"_blank\">DESCARGAR</a>','storage/LibroDeSueldoDigital/832_1799LibroDeSueldoDigital.txt',NULL,NULL,'2025-07-14 15:48:51','2025-07-14 15:49:04',NULL),(45,NULL,41007,NULL,14,'<a href=\"https://taxes.com.ar/component_general/download_file/45\" target=\"_blank\">DESCARGAR</a>','storage/LibroDeSueldoDigital/832_1793LibroDeSueldoDigital.txt',NULL,NULL,'2025-07-14 19:28:03','2025-07-14 19:28:16',NULL),(46,NULL,41007,NULL,14,'<a href=\"https://taxes.com.ar/component_general/download_file/46\" target=\"_blank\">DESCARGAR</a>','storage/LibroDeSueldoDigital/832_1798LibroDeSueldoDigital.txt',NULL,NULL,'2025-07-14 20:49:46','2025-07-14 20:49:58',NULL);
INSERT INTO `path_of_file` VALUES (47,832,40998,NULL,14,'<a href=\"https://taxes.com.ar/component_general/download_file/47\" target=\"_blank\">DESCARGAR</a>','storage/LibroDeSueldoDigital/832_1839LibroDeSueldoDigital.txt',NULL,NULL,'2025-07-16 11:42:41','2025-09-05 16:10:36','2025-09-05 16:10:36'),(48,832,40998,NULL,14,'<a href=\"https://taxes.com.ar/component_general/download_file/48\" target=\"_blank\">DESCARGAR</a>','storage/LibroDeSueldoDigital/832_1839LibroDeSueldoDigital.txt',NULL,NULL,'2025-07-16 11:44:55','2025-09-05 16:10:33','2025-09-05 16:10:33'),(49,832,40998,NULL,14,'<a href=\"https://taxes.com.ar/component_general/download_file/49\" target=\"_blank\">DESCARGAR</a>','storage/LibroDeSueldoDigital/832_1839LibroDeSueldoDigital.txt',NULL,NULL,'2025-07-16 11:45:24','2025-09-05 16:10:29','2025-09-05 16:10:29'),(50,832,40998,NULL,14,'<a href=\"https://taxes.com.ar/component_general/download_file/50\" target=\"_blank\">DESCARGAR</a>','storage/LibroDeSueldoDigital/832_1839LibroDeSueldoDigital.txt',NULL,NULL,'2025-07-16 12:30:45','2025-09-05 16:10:26','2025-09-05 16:10:26'),(51,832,40998,NULL,14,'<a href=\"https://taxes.com.ar/component_general/download_file/51\" target=\"_blank\">DESCARGAR</a>','storage/LibroDeSueldoDigital/832_1864LibroDeSueldoDigital.txt',NULL,NULL,'2025-08-06 12:51:49','2025-09-05 16:10:22','2025-09-05 16:10:22'),(52,832,40998,NULL,14,'<a href=\"https://taxes.com.ar/component_general/download_file/52\" target=\"_blank\">DESCARGAR</a>','storage/LibroDeSueldoDigital/832_1864LibroDeSueldoDigital.txt',NULL,NULL,'2025-08-06 12:53:49','2025-09-05 16:10:19','2025-09-05 16:10:19'),(53,832,40997,NULL,14,'<a href=\"https://taxes.com.ar/component_general/download_file/53\" target=\"_blank\">DESCARGAR</a>','storage/LibroDeSueldoDigital/832_1841LibroDeSueldoDigital.txt',NULL,NULL,'2025-08-12 10:52:56','2025-10-13 10:10:37','2025-10-13 10:10:37'),(54,832,40997,NULL,14,'<a href=\"https://taxes.com.ar/component_general/download_file/54\" target=\"_blank\">DESCARGAR</a>','storage/LibroDeSueldoDigital/832_1846LibroDeSueldoDigital.txt',NULL,NULL,'2025-08-12 10:53:07','2025-10-13 10:10:43','2025-10-13 10:10:43'),(55,832,40997,NULL,14,'<a href=\"https://taxes.com.ar/component_general/download_file/55\" target=\"_blank\">DESCARGAR</a>','storage/LibroDeSueldoDigital/832_1867LibroDeSueldoDigital.txt',NULL,NULL,'2025-08-12 10:53:20','2025-10-13 10:10:46','2025-10-13 10:10:46'),(56,832,40997,NULL,14,'<a href=\"https://taxes.com.ar/component_general/download_file/56\" target=\"_blank\">DESCARGAR</a>','storage/LibroDeSueldoDigital/832_1867LibroDeSueldoDigital.txt',NULL,NULL,'2025-08-12 12:20:27','2025-10-13 10:10:48','2025-10-13 10:10:48'),(57,832,40997,NULL,14,'<a href=\"https://taxes.com.ar/component_general/download_file/57\" target=\"_blank\">DESCARGAR</a>','storage/LibroDeSueldoDigital/832_1841LibroDeSueldoDigital.txt',NULL,NULL,'2025-08-12 15:40:20','2025-10-13 10:10:51','2025-10-13 10:10:51'),(58,NULL,40730,NULL,14,'<a href=\"https://taxes.com.ar/component_general/download_file/58\" target=\"_blank\">DESCARGAR</a>','storage/LibroDeSueldoDigital/832_1836LibroDeSueldoDigital.txt',NULL,NULL,'2025-08-12 16:22:12','2025-08-12 16:22:22',NULL),(59,NULL,40730,NULL,14,'<a href=\"https://taxes.com.ar/component_general/download_file/59\" target=\"_blank\">DESCARGAR</a>','storage/LibroDeSueldoDigital/832_1837LibroDeSueldoDigital.txt',NULL,NULL,'2025-08-12 16:22:22','2025-08-12 16:22:24',NULL),(60,NULL,40730,NULL,14,'<a href=\"https://taxes.com.ar/component_general/download_file/60\" target=\"_blank\">DESCARGAR</a>','storage/LibroDeSueldoDigital/832_1856LibroDeSueldoDigital.txt',NULL,NULL,'2025-08-12 16:22:32','2025-08-12 16:22:42',NULL),(61,NULL,40729,NULL,14,'<a href=\"https://taxes.com.ar/component_general/download_file/61\" target=\"_blank\">DESCARGAR</a>','storage/LibroDeSueldoDigital/832_1863LibroDeSueldoDigital.txt',NULL,NULL,'2025-08-12 17:58:05','2025-08-12 17:58:22',NULL);
INSERT INTO `path_of_file` VALUES (62,NULL,40729,NULL,14,'<a href=\"https://taxes.com.ar/component_general/download_file/62\" target=\"_blank\">DESCARGAR</a>','storage/LibroDeSueldoDigital/832_1863LibroDeSueldoDigital.txt',NULL,NULL,'2025-08-12 17:59:10','2025-08-12 17:59:26',NULL),(63,NULL,40761,NULL,14,'<a href=\"https://taxes.com.ar/component_general/download_file/63\" target=\"_blank\">DESCARGAR</a>','storage/LibroDeSueldoDigital/832_1862LibroDeSueldoDigital.txt',NULL,NULL,'2025-08-12 18:22:00','2025-08-12 18:22:04',NULL),(64,NULL,40761,NULL,14,'<a href=\"https://taxes.com.ar/component_general/download_file/64\" target=\"_blank\">DESCARGAR</a>','storage/LibroDeSueldoDigital/832_1862LibroDeSueldoDigital.txt',NULL,NULL,'2025-08-12 18:22:41','2025-08-12 18:22:44',NULL),(65,NULL,41007,NULL,14,'<a href=\"https://taxes.com.ar/component_general/download_file/65\" target=\"_blank\">DESCARGAR</a>','storage/LibroDeSueldoDigital/832_1838LibroDeSueldoDigital.txt',NULL,NULL,'2025-08-13 12:09:19','2025-08-13 12:09:31',NULL),(66,NULL,41007,NULL,14,'<a href=\"https://taxes.com.ar/component_general/download_file/66\" target=\"_blank\">DESCARGAR</a>','storage/LibroDeSueldoDigital/832_1866LibroDeSueldoDigital.txt',NULL,NULL,'2025-08-13 12:09:33','2025-08-13 12:09:46',NULL),(67,NULL,40998,NULL,14,'<a href=\"https://taxes.com.ar/component_general/download_file/67\" target=\"_blank\">DESCARGAR</a>','storage/LibroDeSueldoDigital/832_1891LibroDeSueldoDigital.txt',NULL,NULL,'2025-09-05 16:10:47','2025-09-05 16:11:00',NULL),(68,NULL,40998,NULL,14,'<a href=\"https://taxes.com.ar/component_general/download_file/68\" target=\"_blank\">DESCARGAR</a>','storage/LibroDeSueldoDigital/832_1891LibroDeSueldoDigital.txt',NULL,NULL,'2025-09-05 16:15:32','2025-09-05 16:15:44',NULL),(69,832,40997,NULL,14,'<a href=\"https://taxes.com.ar/component_general/download_file/69\" target=\"_blank\">DESCARGAR</a>','storage/LibroDeSueldoDigital/832_1873LibroDeSueldoDigital.txt',NULL,NULL,'2025-09-09 09:16:30','2025-10-13 10:10:55','2025-10-13 10:10:55'),(70,NULL,40729,NULL,14,'<a href=\"https://taxes.com.ar/component_general/download_file/70\" target=\"_blank\">DESCARGAR</a>','storage/LibroDeSueldoDigital/832_1887LibroDeSueldoDigital.txt',NULL,NULL,'2025-09-10 10:30:06','2025-09-10 10:30:26',NULL),(71,NULL,40730,NULL,14,'<a href=\"https://taxes.com.ar/component_general/download_file/71\" target=\"_blank\">DESCARGAR</a>','storage/LibroDeSueldoDigital/832_1869LibroDeSueldoDigital.txt',NULL,NULL,'2025-09-10 14:42:32','2025-09-10 14:42:45',NULL),(72,NULL,40730,NULL,14,'<a href=\"https://taxes.com.ar/component_general/download_file/72\" target=\"_blank\">DESCARGAR</a>','storage/LibroDeSueldoDigital/832_1876LibroDeSueldoDigital.txt',NULL,NULL,'2025-09-10 14:42:40','2025-09-10 14:42:53',NULL),(73,NULL,40761,NULL,14,'<a href=\"https://taxes.com.ar/component_general/download_file/73\" target=\"_blank\">DESCARGAR</a>','storage/LibroDeSueldoDigital/832_1889LibroDeSueldoDigital.txt',NULL,NULL,'2025-09-10 15:21:19','2025-09-10 15:21:23',NULL),(74,NULL,40761,NULL,14,'<a href=\"https://taxes.com.ar/component_general/download_file/74\" target=\"_blank\">DESCARGAR</a>','storage/LibroDeSueldoDigital/832_1889LibroDeSueldoDigital.txt',NULL,NULL,'2025-09-10 15:26:38','2025-09-10 15:26:42',NULL),(75,NULL,40761,NULL,14,'<a href=\"https://taxes.com.ar/component_general/download_file/75\" target=\"_blank\">DESCARGAR</a>','storage/LibroDeSueldoDigital/832_1889LibroDeSueldoDigital.txt',NULL,NULL,'2025-09-10 15:26:58','2025-09-10 15:27:02',NULL),(76,NULL,41007,NULL,14,'<a href=\"https://taxes.com.ar/component_general/download_file/76\" target=\"_blank\">DESCARGAR</a>','storage/LibroDeSueldoDigital/832_1870LibroDeSueldoDigital.txt',NULL,NULL,'2025-09-11 15:10:08','2025-09-11 15:10:22',NULL),(77,NULL,41007,NULL,14,'<a href=\"https://taxes.com.ar/component_general/download_file/77\" target=\"_blank\">DESCARGAR</a>','storage/LibroDeSueldoDigital/832_1878LibroDeSueldoDigital.txt',NULL,NULL,'2025-09-11 15:10:16','2025-09-11 15:10:30',NULL);
INSERT INTO `path_of_file` VALUES (78,NULL,41007,NULL,14,'<a href=\"https://taxes.com.ar/component_general/download_file/78\" target=\"_blank\">DESCARGAR</a>','storage/LibroDeSueldoDigital/832_1870LibroDeSueldoDigital.txt',NULL,NULL,'2025-09-11 16:58:18','2025-09-11 16:58:32',NULL),(79,NULL,41007,NULL,14,'<a href=\"https://taxes.com.ar/component_general/download_file/79\" target=\"_blank\">DESCARGAR</a>','storage/LibroDeSueldoDigital/832_1878LibroDeSueldoDigital.txt',NULL,NULL,'2025-09-11 17:10:28','2025-09-11 17:31:08','2025-09-11 17:26:53'),(80,NULL,41007,NULL,14,'<a href=\"https://taxes.com.ar/component_general/download_file/80\" target=\"_blank\">DESCARGAR</a>','storage/LibroDeSueldoDigital/832_1878LibroDeSueldoDigital.txt',NULL,NULL,'2025-09-11 17:17:18','2025-09-11 17:31:57','2025-09-11 17:26:49'),(81,NULL,41007,NULL,14,'<a href=\"https://taxes.com.ar/component_general/download_file/81\" target=\"_blank\">DESCARGAR</a>','storage/LibroDeSueldoDigital/832_1878LibroDeSueldoDigital.txt',NULL,NULL,'2025-09-11 17:27:06','2025-09-11 17:33:47',NULL),(82,NULL,41007,NULL,14,'<a href=\"https://taxes.com.ar/component_general/download_file/82\" target=\"_blank\">DESCARGAR</a>','storage/LibroDeSueldoDigital/832_1878LibroDeSueldoDigital.txt',NULL,NULL,'2025-09-16 11:14:45','2025-09-16 11:14:55',NULL),(83,NULL,41007,NULL,14,'<a href=\"https://taxes.com.ar/component_general/download_file/83\" target=\"_blank\">DESCARGAR</a>','storage/LibroDeSueldoDigital/832_1878LibroDeSueldoDigital.txt',NULL,NULL,'2025-09-16 12:24:03','2025-09-16 12:24:16',NULL),(84,NULL,40997,NULL,14,'<a href=\"https://taxes.com.ar/component_general/download_file/84\" target=\"_blank\">DESCARGAR</a>','storage/LibroDeSueldoDigital/832_1900LibroDeSueldoDigital.txt',NULL,NULL,'2025-10-13 10:12:42','2025-10-13 10:13:59',NULL),(85,NULL,40997,NULL,14,'<a href=\"https://taxes.com.ar/component_general/download_file/85\" target=\"_blank\">DESCARGAR</a>','storage/LibroDeSueldoDigital/832_1901LibroDeSueldoDigital.txt',NULL,NULL,'2025-10-13 10:19:32','2025-10-13 10:19:35',NULL),(86,NULL,40997,NULL,14,'<a href=\"https://taxes.com.ar/component_general/download_file/86\" target=\"_blank\">DESCARGAR</a>','storage/LibroDeSueldoDigital/832_1901LibroDeSueldoDigital.txt',NULL,NULL,'2025-10-13 12:27:27','2025-10-13 12:28:37',NULL),(87,NULL,40997,NULL,14,'<a href=\"https://taxes.com.ar/component_general/download_file/87\" target=\"_blank\">DESCARGAR</a>','storage/LibroDeSueldoDigital/832_1901LibroDeSueldoDigital.txt',NULL,NULL,'2025-10-13 12:36:30','2025-10-13 12:37:47',NULL),(88,NULL,40730,NULL,14,'<a href=\"https://taxes.com.ar/component_general/download_file/88\" target=\"_blank\">DESCARGAR</a>','storage/LibroDeSueldoDigital/832_1895LibroDeSueldoDigital.txt',NULL,NULL,'2025-10-13 16:01:47','2025-10-13 16:01:58',NULL),(89,NULL,40730,NULL,14,'<a href=\"https://taxes.com.ar/component_general/download_file/89\" target=\"_blank\">DESCARGAR</a>','storage/LibroDeSueldoDigital/832_1903LibroDeSueldoDigital.txt',NULL,NULL,'2025-10-13 16:01:57','2025-10-13 16:02:08',NULL),(90,NULL,40761,NULL,14,'<a href=\"https://taxes.com.ar/component_general/download_file/90\" target=\"_blank\">DESCARGAR</a>','storage/LibroDeSueldoDigital/832_1917LibroDeSueldoDigital.txt',NULL,NULL,'2025-10-13 19:21:25','2025-10-13 19:21:33',NULL),(91,NULL,40761,NULL,14,'<a href=\"https://taxes.com.ar/component_general/download_file/91\" target=\"_blank\">DESCARGAR</a>','storage/LibroDeSueldoDigital/832_1917LibroDeSueldoDigital.txt',NULL,NULL,'2025-10-13 19:31:20','2025-10-13 19:31:26',NULL),(92,NULL,40729,NULL,14,'<a href=\"https://taxes.com.ar/component_general/download_file/92\" target=\"_blank\">DESCARGAR</a>','storage/LibroDeSueldoDigital/832_1909LibroDeSueldoDigital.txt',NULL,NULL,'2025-10-13 19:43:27','2025-10-13 19:43:49',NULL),(93,NULL,41007,NULL,14,'<a href=\"https://taxes.com.ar/component_general/download_file/93\" target=\"_blank\">DESCARGAR</a>','storage/LibroDeSueldoDigital/832_1918LibroDeSueldoDigital.txt',NULL,NULL,'2025-10-14 12:30:38','2025-10-14 12:30:55',NULL);
INSERT INTO `path_of_file` VALUES (94,NULL,41007,NULL,14,'<a href=\"https://taxes.com.ar/component_general/download_file/94\" target=\"_blank\">DESCARGAR</a>','storage/LibroDeSueldoDigital/832_1919LibroDeSueldoDigital.txt',NULL,NULL,'2025-10-14 12:30:48','2025-10-14 12:31:10',NULL),(95,NULL,40998,NULL,14,'<a href=\"https://taxes.com.ar/component_general/download_file/95\" target=\"_blank\">DESCARGAR</a>','storage/LibroDeSueldoDigital/832_1923LibroDeSueldoDigital.txt',NULL,NULL,'2025-10-24 15:11:38','2025-10-24 15:11:50',NULL),(96,NULL,40728,NULL,17,'<a href=\"https://taxes.com.ar/component_general/download_file/96\" target=\"_blank\">DESCARGAR</a>','storage/temporales/conceptos_que_se_liquidan/832_Conceptos_que_se_liquidan_20251028_122348.xlsx',NULL,NULL,'2025-10-28 12:23:47','2025-10-28 12:23:48',NULL),(97,NULL,41014,NULL,14,'<a href=\"https://taxes.com.ar/component_general/download_file/97\" target=\"_blank\">DESCARGAR</a>','storage/LibroDeSueldoDigital/832_1930LibroDeSueldoDigital.txt',NULL,NULL,'2025-11-10 17:09:58','2025-11-10 17:10:20',NULL),(98,NULL,41014,NULL,14,'<a href=\"https://taxes.com.ar/component_general/download_file/98\" target=\"_blank\">DESCARGAR</a>','storage/LibroDeSueldoDigital/832_1930LibroDeSueldoDigital.txt',NULL,NULL,'2025-11-10 17:11:04','2025-11-10 17:11:24',NULL),(99,NULL,40997,NULL,14,'<a href=\"https://taxes.com.ar/component_general/download_file/99\" target=\"_blank\">DESCARGAR</a>','storage/LibroDeSueldoDigital/832_1926LibroDeSueldoDigital.txt',NULL,NULL,'2025-11-10 19:25:25','2025-11-10 19:26:39',NULL),(100,NULL,40730,NULL,14,'<a href=\"https://taxes.com.ar/component_general/download_file/100\" target=\"_blank\">DESCARGAR</a>','storage/LibroDeSueldoDigital/832_1921LibroDeSueldoDigital.txt',NULL,NULL,'2025-11-11 16:04:45','2025-11-11 16:04:59',NULL),(101,NULL,40730,NULL,14,'<a href=\"https://taxes.com.ar/component_general/download_file/101\" target=\"_blank\">DESCARGAR</a>','storage/LibroDeSueldoDigital/832_1921LibroDeSueldoDigital.txt',NULL,NULL,'2025-11-11 17:15:53','2025-11-11 17:16:10',NULL),(102,NULL,40730,NULL,14,'<a href=\"https://taxes.com.ar/component_general/download_file/102\" target=\"_blank\">DESCARGAR</a>','storage/LibroDeSueldoDigital/832_1946LibroDeSueldoDigital.txt',NULL,NULL,'2025-11-11 19:59:21','2025-11-11 19:59:34',NULL),(103,NULL,40729,NULL,14,'<a href=\"https://taxes.com.ar/component_general/download_file/103\" target=\"_blank\">DESCARGAR</a>','storage/LibroDeSueldoDigital/832_1935LibroDeSueldoDigital.txt',NULL,NULL,'2025-11-11 21:07:29','2025-11-11 21:07:50',NULL),(104,NULL,40761,NULL,14,'<a href=\"https://taxes.com.ar/component_general/download_file/104\" target=\"_blank\">DESCARGAR</a>','storage/LibroDeSueldoDigital/832_1940LibroDeSueldoDigital.txt',NULL,NULL,'2025-11-11 21:52:54','2025-11-11 21:52:57',NULL),(105,NULL,40730,NULL,14,'<a href=\"https://taxes.com.ar/component_general/download_file/105\" target=\"_blank\">DESCARGAR</a>','storage/LibroDeSueldoDigital/832_1946LibroDeSueldoDigital.txt',NULL,NULL,'2025-11-12 11:48:27','2025-11-12 11:48:42',NULL),(106,NULL,41007,NULL,14,'<a href=\"https://taxes.com.ar/component_general/download_file/106\" target=\"_blank\">DESCARGAR</a>','storage/LibroDeSueldoDigital/832_1942LibroDeSueldoDigital.txt',NULL,NULL,'2025-11-12 15:01:03','2025-11-12 15:01:19',NULL),(107,NULL,41007,NULL,14,'<a href=\"https://taxes.com.ar/component_general/download_file/107\" target=\"_blank\">DESCARGAR</a>','storage/LibroDeSueldoDigital/832_1943LibroDeSueldoDigital.txt',NULL,NULL,'2025-11-12 15:17:54','2025-11-12 15:18:12',NULL),(108,NULL,40998,NULL,14,'<a href=\"https://taxes.com.ar/component_general/download_file/108\" target=\"_blank\">DESCARGAR</a>','storage/LibroDeSueldoDigital/832_1947LibroDeSueldoDigital.txt',NULL,NULL,'2025-11-13 10:24:44','2025-11-13 10:24:56',NULL),(109,NULL,40998,NULL,14,'<a href=\"https://taxes.com.ar/component_general/download_file/109\" target=\"_blank\">DESCARGAR</a>','storage/LibroDeSueldoDigital/832_1947LibroDeSueldoDigital.txt',NULL,NULL,'2025-11-13 10:28:06','2025-11-13 10:28:19',NULL);

--
-- Table structure for table `path_of_file_names`
--

CREATE TABLE `path_of_file_names` (
  `id` int(10) unsigned NOT NULL AUTO_INCREMENT,
  `user_id` int(10) unsigned DEFAULT NULL,
  `descripcion` text COLLATE utf8mb4_unicode_ci NOT NULL,
  `created_at` timestamp NULL DEFAULT NULL,
  `updated_at` timestamp NULL DEFAULT NULL,
  `deleted_at` timestamp NULL DEFAULT NULL,
  PRIMARY KEY (`id`)
) ENGINE=InnoDB AUTO_INCREMENT=19 DEFAULT CHARSET=utf8mb4 COLLATE=utf8mb4_unicode_ci;

--
-- Dumping data for table `path_of_file_names`
--

INSERT INTO `path_of_file_names` VALUES (1,NULL,'Libro IVA Compras - Ventas',NULL,NULL,NULL),(2,NULL,'Libro Diario',NULL,NULL,NULL),(3,NULL,'Mayores',NULL,NULL,NULL),(4,NULL,'Sumas y Saldos',NULL,NULL,NULL),(5,NULL,'Comprobantes Todas las Empresas','2021-06-17 09:48:56','2021-06-17 09:48:56',NULL),(6,NULL,'Bot Mis Comprobantes','2021-07-08 06:45:05','2021-07-08 06:45:05',NULL),(7,NULL,'SICOSS','2022-09-16 11:42:30','2022-09-16 11:42:30',NULL),(13,NULL,'Bot Generar Vep','2022-12-07 07:40:40','2022-12-07 07:40:40',NULL),(14,NULL,'TXT LSD','2023-04-15 13:02:00','2023-04-15 13:02:00',NULL),(15,NULL,'Movimientos Productos','2024-02-18 22:25:20','2024-02-18 22:25:20',NULL),(16,NULL,'Excel SF','2025-03-13 00:10:33','2025-03-13 00:10:33',NULL),(17,NULL,'Conceptos que Se Liquidan','2025-07-11 18:03:34','2025-07-11 18:03:34',NULL),(18,NULL,'Eliminación Masiva de Comprobantes','2025-08-25 09:46:28','2025-08-25 09:46:28',NULL);

--
-- Table structure for table `pay_methods`
--

CREATE TABLE `pay_methods` (
  `id` int(10) unsigned NOT NULL AUTO_INCREMENT,
  `description` varchar(180) COLLATE utf8mb4_unicode_ci NOT NULL,
  `created_at` timestamp NULL DEFAULT NULL,
  `updated_at` timestamp NULL DEFAULT NULL,
  PRIMARY KEY (`id`),
  UNIQUE KEY `pay_methods_description_unique` (`description`)
) ENGINE=InnoDB AUTO_INCREMENT=5 DEFAULT CHARSET=utf8mb4 COLLATE=utf8mb4_unicode_ci;

--
-- Dumping data for table `pay_methods`
--

INSERT INTO `pay_methods` VALUES (1,'INTERBANKING',NULL,NULL),(2,'VEP PAGOMISCUENTAS',NULL,NULL),(3,'VEP REDLINK',NULL,NULL),(4,'FORMULARIO',NULL,NULL);

--
-- Table structure for table `period_liquidation_details`
--

CREATE TABLE `period_liquidation_details` (
  `id` int(10) unsigned NOT NULL AUTO_INCREMENT,
  `user_id` int(10) unsigned DEFAULT NULL,
  `period_liquidation_id` int(10) unsigned NOT NULL,
  `period_id` int(10) unsigned NOT NULL,
  `person_id` int(10) unsigned NOT NULL,
  `zone_id` int(10) unsigned NOT NULL,
  `calculo_iibb` int(10) unsigned NOT NULL DEFAULT '1',
  `actividad_id` int(10) unsigned NOT NULL DEFAULT '1',
  `coef` decimal(16,4) NOT NULL DEFAULT '0.0000',
  `aliquot` decimal(16,4) NOT NULL DEFAULT '0.0000',
  `cm_articulo_regimen_id` int(10) unsigned NOT NULL DEFAULT '1',
  `base_amount` decimal(16,2) NOT NULL DEFAULT '0.00',
  `tax_amount` decimal(16,2) NOT NULL DEFAULT '0.00',
  `previous_period_balance` decimal(16,2) NOT NULL DEFAULT '0.00',
  `sircreb_amount` decimal(16,2) NOT NULL DEFAULT '0.00',
  `perception_amount` decimal(16,2) NOT NULL DEFAULT '0.00',
  `retention_amount` decimal(16,2) NOT NULL DEFAULT '0.00',
  `positive_amount` decimal(16,2) NOT NULL DEFAULT '0.00',
  `negative_amount` decimal(16,2) NOT NULL DEFAULT '0.00',
  `balance` int(11) NOT NULL DEFAULT '0',
  `created_at` timestamp NULL DEFAULT NULL,
  `updated_at` timestamp NULL DEFAULT NULL,
  `deleted_at` timestamp NULL DEFAULT NULL,
  PRIMARY KEY (`id`),
  KEY `period_liquidation_details_period_liquidation_id_foreign` (`period_liquidation_id`),
  KEY `period_liquidation_details_period_id_foreign` (`period_id`),
  KEY `period_liquidation_details_person_id_foreign` (`person_id`),
  KEY `period_liquidation_details_zone_id_foreign` (`zone_id`),
  KEY `period_liquidation_details_actividad_id_foreign` (`actividad_id`),
  KEY `period_liquidation_details_cm_articulo_regimen_id_foreign` (`cm_articulo_regimen_id`),
  CONSTRAINT `period_liquidation_details_actividad_id_foreign` FOREIGN KEY (`actividad_id`) REFERENCES `activities` (`id`),
  CONSTRAINT `period_liquidation_details_cm_articulo_regimen_id_foreign` FOREIGN KEY (`cm_articulo_regimen_id`) REFERENCES `cm_articulos_regimenes` (`id`),
  CONSTRAINT `period_liquidation_details_period_id_foreign` FOREIGN KEY (`period_id`) REFERENCES `periods` (`id`),
  CONSTRAINT `period_liquidation_details_period_liquidation_id_foreign` FOREIGN KEY (`period_liquidation_id`) REFERENCES `period_liquidations` (`id`),
  CONSTRAINT `period_liquidation_details_person_id_foreign` FOREIGN KEY (`person_id`) REFERENCES `persons` (`id`),
  CONSTRAINT `period_liquidation_details_zone_id_foreign` FOREIGN KEY (`zone_id`) REFERENCES `zones` (`id`)
) ENGINE=InnoDB AUTO_INCREMENT=1830 DEFAULT CHARSET=utf8mb4 COLLATE=utf8mb4_unicode_ci;

--
-- Dumping data for table `period_liquidation_details`
--

INSERT INTO `period_liquidation_details` VALUES (1,832,2,6124,40722,23,1,799,0.0000,0.0000,1,0.00,0.00,0.00,0.00,0.00,0.00,0.00,0.00,0,'2020-10-07 18:53:07','2020-10-07 18:53:07',NULL),(2,832,2,6124,40722,23,1,800,0.0000,0.0000,1,0.00,0.00,0.00,0.00,0.00,0.00,0.00,0.00,0,'2020-10-07 18:53:07','2020-10-07 18:53:07',NULL),(14,832,26,66159,40772,23,1,878,0.0000,0.0000,1,0.00,0.00,0.00,0.00,0.00,0.00,0.00,0.00,0,'2021-03-10 16:13:50','2021-03-10 16:13:50',NULL),(20,832,38,66160,40772,23,1,878,0.0000,0.0000,1,0.00,0.00,0.00,0.00,0.00,0.00,0.00,0.00,0,'2021-04-15 12:34:10','2021-04-15 12:34:10',NULL),(37,832,56,72256,40781,23,1,550,0.0000,0.0000,1,1289300.00,0.00,0.00,0.00,0.00,0.00,0.00,0.00,0,'2021-05-05 12:49:46','2021-05-05 12:49:46',NULL),(38,832,56,72256,40781,22,1,550,0.0000,0.0000,1,1289300.00,0.00,0.00,0.00,0.00,0.00,0.00,0.00,0,'2021-05-05 12:49:46','2021-05-05 12:49:46',NULL),(45,832,70,66161,40772,23,1,878,0.0000,0.0000,1,0.00,0.00,0.00,0.00,0.00,0.00,0.00,0.00,0,'2021-05-19 11:17:21','2021-05-19 11:17:21',NULL),(57,832,94,75284,40791,22,1,879,0.0000,0.0000,1,0.00,0.00,0.00,0.00,0.00,0.00,0.00,0.00,0,'2021-05-19 18:15:22','2021-05-19 18:15:22',NULL),(100,832,138,72257,40781,23,1,550,0.0000,0.0000,1,0.00,0.00,0.00,0.00,0.00,0.00,0.00,0.00,0,'2021-06-01 13:58:58','2021-06-01 13:58:58',NULL),(101,832,138,72257,40781,22,1,550,0.0000,0.0000,1,0.00,0.00,0.00,0.00,0.00,0.00,0.00,0.00,0,'2021-06-01 13:58:58','2021-06-01 13:58:58',NULL),(106,832,148,75285,40791,22,1,879,0.0000,0.0000,1,0.00,0.00,0.00,0.00,0.00,0.00,0.00,0.00,0,'2021-06-10 12:21:27','2021-06-10 12:21:27',NULL),(112,832,156,70743,40779,23,1,804,0.0000,0.0000,1,0.00,0.00,0.00,0.00,0.00,0.00,0.00,0.00,0,'2021-06-11 15:33:31','2021-06-11 15:33:31',NULL),(115,832,162,66162,40772,23,1,878,0.0000,0.0000,1,0.00,0.00,0.00,0.00,0.00,0.00,0.00,0.00,0,'2021-06-11 16:06:29','2021-06-11 16:06:29',NULL),(118,832,166,72259,40781,23,1,550,0.0000,0.0000,1,0.00,0.00,0.00,0.00,0.00,0.00,0.00,0.00,0,'2021-07-22 13:38:20','2021-07-22 13:38:20',NULL),(119,832,166,72259,40781,22,1,550,0.0000,0.0000,1,0.00,0.00,0.00,0.00,0.00,0.00,0.00,0.00,0,'2021-07-22 13:38:20','2021-07-22 13:38:20',NULL),(125,832,179,66163,40772,23,1,878,0.0000,0.0000,1,0.00,0.00,0.00,0.00,0.00,0.00,0.00,0.00,0,'2021-07-26 18:43:56','2021-07-26 18:43:56',NULL),(137,832,211,66165,40772,23,1,878,0.0000,0.0000,1,0.00,0.00,0.00,0.00,0.00,0.00,0.00,0.00,0,'2021-08-26 16:20:38','2021-08-26 16:20:38',NULL),(138,832,213,66164,40772,23,1,878,0.0000,0.0000,1,0.00,0.00,0.00,0.00,0.00,0.00,0.00,0.00,0,'2021-08-26 16:21:58','2021-08-26 16:21:58',NULL),(146,832,229,75287,40791,22,1,879,0.0000,0.0000,1,0.00,0.00,0.00,0.00,0.00,0.00,0.00,0.00,0,'2021-08-30 13:02:02','2021-08-30 13:02:02',NULL),(152,832,235,70746,40779,23,1,804,0.0000,0.0000,1,0.00,0.00,0.00,0.00,0.00,0.00,0.00,0.00,0,'2021-09-08 18:04:03','2021-09-08 18:04:03',NULL),(321,832,369,9782,40727,22,1,401,0.0000,0.0000,1,0.00,0.00,0.00,0.00,0.00,0.00,0.00,0.00,0,'2021-10-27 11:27:21','2021-10-27 11:27:21',NULL),(322,832,369,9782,40727,22,1,763,0.0000,0.0000,1,0.00,0.00,0.00,0.00,0.00,0.00,0.00,0.00,0,'2021-10-27 11:27:21','2021-10-27 11:27:21',NULL),(323,832,369,9782,40727,22,1,789,0.0000,0.0000,1,0.00,0.00,0.00,0.00,0.00,0.00,0.00,0.00,0,'2021-10-27 11:27:21','2021-10-27 11:27:21',NULL),(324,832,369,9782,40727,23,1,401,0.0000,0.0000,1,0.00,0.00,0.00,0.00,0.00,0.00,0.00,0.00,0,'2021-10-27 11:27:21','2021-10-27 11:27:21',NULL),(325,832,369,9782,40727,23,1,763,0.0000,0.0000,1,0.00,0.00,0.00,0.00,0.00,0.00,0.00,0.00,0,'2021-10-27 11:27:21','2021-10-27 11:27:21',NULL),(326,832,369,9782,40727,23,1,789,0.0000,0.0000,1,0.00,0.00,0.00,0.00,0.00,0.00,0.00,0.00,0,'2021-10-27 11:27:21','2021-10-27 11:27:21',NULL),(357,832,381,9783,40727,22,1,401,0.0000,0.0000,1,0.00,0.00,0.00,0.00,0.00,0.00,0.00,0.00,0,'2021-10-27 11:38:13','2021-10-27 11:38:13',NULL),(358,832,381,9783,40727,22,1,763,0.0000,0.0000,1,0.00,0.00,0.00,0.00,0.00,0.00,0.00,0.00,0,'2021-10-27 11:38:13','2021-10-27 11:38:13',NULL);
INSERT INTO `period_liquidation_details` VALUES (359,832,381,9783,40727,22,1,789,0.0000,0.0000,1,0.00,0.00,0.00,0.00,0.00,0.00,0.00,0.00,0,'2021-10-27 11:38:13','2021-10-27 11:38:13',NULL),(360,832,381,9783,40727,23,1,401,0.0000,0.0000,1,0.00,0.00,0.00,0.00,0.00,0.00,0.00,0.00,0,'2021-10-27 11:38:13','2021-10-27 11:38:13',NULL),(361,832,381,9783,40727,23,1,763,0.0000,0.0000,1,0.00,0.00,0.00,0.00,0.00,0.00,0.00,0.00,0,'2021-10-27 11:38:13','2021-10-27 11:38:13',NULL),(362,832,381,9783,40727,23,1,789,0.0000,0.0000,1,0.00,0.00,0.00,0.00,0.00,0.00,0.00,0.00,0,'2021-10-27 11:38:13','2021-10-27 11:38:13',NULL),(948,832,777,78213,40838,22,1,361,0.0000,0.0000,1,0.00,0.00,0.00,0.00,0.00,0.00,0.00,0.00,0,'2021-10-29 14:23:03','2021-10-29 14:23:03',NULL),(989,832,819,79725,40826,22,1,804,0.0000,0.0000,1,0.00,0.00,0.00,0.00,0.00,0.00,0.00,0.00,0,'2021-11-01 11:30:35','2021-11-01 11:30:35',NULL),(990,832,819,79725,40826,23,1,804,0.0000,0.0000,1,0.00,0.00,0.00,0.00,0.00,0.00,0.00,0.00,0,'2021-11-01 11:30:35','2021-11-01 11:30:35',NULL),(1001,832,831,79726,40826,22,1,804,0.0000,0.0000,1,0.00,0.00,0.00,0.00,0.00,0.00,0.00,0.00,0,'2021-11-01 11:56:55','2021-11-01 11:56:55',NULL),(1002,832,831,79726,40826,23,1,804,0.0000,0.0000,1,0.00,0.00,0.00,0.00,0.00,0.00,0.00,0.00,0,'2021-11-01 11:56:55','2021-11-01 11:56:55',NULL),(1035,832,849,12343,40730,22,1,401,0.0000,0.0000,1,0.00,0.00,0.00,0.00,0.00,0.00,0.00,0.00,0,'2021-11-01 12:43:33','2021-11-01 12:43:33',NULL),(1036,832,849,12343,40730,22,1,34,0.0000,0.0000,1,0.00,0.00,0.00,0.00,0.00,0.00,0.00,0.00,0,'2021-11-01 12:43:33','2021-11-01 12:43:33',NULL),(1037,832,849,12343,40730,23,1,401,0.0000,0.0000,1,0.00,0.00,0.00,0.00,0.00,0.00,0.00,0.00,0,'2021-11-01 12:43:33','2021-11-01 12:43:33',NULL),(1038,832,849,12343,40730,23,1,34,0.0000,0.0000,1,0.00,0.00,0.00,0.00,0.00,0.00,0.00,0.00,0,'2021-11-01 12:43:33','2021-11-01 12:43:33',NULL),(1137,832,937,77501,40826,22,1,804,0.0000,0.0000,1,14344559.32,0.00,0.00,0.00,0.00,0.00,0.00,0.00,0,'2021-11-04 12:09:11','2021-11-04 12:09:11',NULL),(1138,832,937,77501,40826,23,1,804,0.0000,0.0000,1,14344559.32,0.00,0.00,0.00,0.00,0.00,0.00,0.00,0,'2021-11-04 12:09:11','2021-11-04 12:09:11',NULL),(1236,832,1002,77502,40826,22,1,804,0.0000,0.0000,1,14952923.25,0.00,0.00,0.00,0.00,0.00,0.00,0.00,0,'2021-11-13 10:02:18','2021-11-13 10:02:18',NULL),(1237,832,1002,77502,40826,23,1,804,0.0000,0.0000,1,14952923.25,0.00,0.00,0.00,0.00,0.00,0.00,0.00,0,'2021-11-13 10:02:18','2021-11-13 10:02:18',NULL),(1250,832,1010,12345,40730,22,1,401,0.0000,0.0000,1,12104860.10,0.00,0.00,0.00,0.00,0.00,0.00,0.00,0,'2021-11-16 09:11:44','2021-11-16 09:11:44',NULL),(1251,832,1010,12345,40730,22,1,34,0.0000,0.0000,1,0.00,0.00,0.00,0.00,0.00,0.00,0.00,0.00,0,'2021-11-16 09:11:44','2021-11-16 09:11:44',NULL),(1252,832,1010,12345,40730,23,1,401,0.0000,0.0000,1,12104860.10,0.00,0.00,0.00,0.00,0.00,0.00,0.00,0,'2021-11-16 09:11:44','2021-11-16 09:11:44',NULL),(1253,832,1010,12345,40730,23,1,34,0.0000,0.0000,1,0.00,0.00,0.00,0.00,0.00,0.00,0.00,0.00,0,'2021-11-16 09:11:44','2021-11-16 09:11:44',NULL),(1278,832,1034,9784,40727,22,1,401,0.0000,0.0000,1,0.00,0.00,0.00,0.00,0.00,0.00,0.00,0.00,0,'2021-11-16 10:45:46','2021-11-16 10:45:46',NULL),(1279,832,1034,9784,40727,22,1,763,0.0000,0.0000,1,0.00,0.00,0.00,0.00,0.00,0.00,0.00,0.00,0,'2021-11-16 10:45:46','2021-11-16 10:45:46',NULL),(1280,832,1034,9784,40727,22,1,789,0.0000,0.0000,1,0.00,0.00,0.00,0.00,0.00,0.00,0.00,0.00,0,'2021-11-16 10:45:46','2021-11-16 10:45:46',NULL),(1281,832,1034,9784,40727,23,1,401,0.0000,0.0000,1,0.00,0.00,0.00,0.00,0.00,0.00,0.00,0.00,0,'2021-11-16 10:45:46','2021-11-16 10:45:46',NULL),(1282,832,1034,9784,40727,23,1,763,0.0000,0.0000,1,0.00,0.00,0.00,0.00,0.00,0.00,0.00,0.00,0,'2021-11-16 10:45:46','2021-11-16 10:45:46',NULL),(1283,832,1034,9784,40727,23,1,789,0.0000,0.0000,1,0.00,0.00,0.00,0.00,0.00,0.00,0.00,0.00,0,'2021-11-16 10:45:46','2021-11-16 10:45:46',NULL);
INSERT INTO `period_liquidation_details` VALUES (1554,832,1244,77500,40826,22,1,804,0.0000,0.0000,1,11989456.23,0.00,0.00,0.00,0.00,0.00,0.00,0.00,0,'2021-11-16 14:03:51','2021-11-16 14:03:51',NULL),(1555,832,1244,77500,40826,23,1,804,0.0000,0.0000,1,11989456.23,0.00,0.00,0.00,0.00,0.00,0.00,0.00,0,'2021-11-16 14:03:51','2021-11-16 14:03:51',NULL),(1655,832,1442,78214,40838,22,1,361,0.0000,0.0000,1,1680572.14,0.00,0.00,0.00,0.00,0.00,0.00,0.00,0,'2021-12-03 09:53:57','2021-12-03 09:53:57',NULL),(1657,832,1446,78215,40838,22,1,361,0.0000,0.0000,1,0.00,0.00,0.00,0.00,0.00,0.00,0.00,0.00,0,'2021-12-04 06:03:37','2021-12-04 06:03:37',NULL),(1667,832,1466,75288,40791,22,1,879,0.0000,0.0000,1,0.00,0.00,0.00,0.00,0.00,0.00,0.00,0.00,0,'2022-03-02 10:38:26','2022-03-02 10:38:26',NULL),(1679,832,1490,75289,40791,22,1,879,0.0000,0.0000,1,247407.56,0.00,0.00,0.00,0.00,0.00,0.00,0.00,0,'2022-03-02 11:08:09','2022-03-02 11:08:09',NULL),(1686,832,1504,75290,40791,22,1,879,0.0000,0.0000,1,113398.65,0.00,0.00,0.00,0.00,0.00,0.00,0.00,0,'2022-03-02 11:21:59','2022-03-02 11:21:59',NULL),(1696,832,1524,75291,40791,22,1,879,0.0000,0.0000,1,234071.29,0.00,0.00,0.00,0.00,0.00,0.00,0.00,0,'2022-03-02 11:36:22','2022-03-02 11:36:22',NULL),(1702,832,1536,75292,40791,22,1,879,0.0000,0.0000,1,139025.86,0.00,0.00,0.00,0.00,0.00,0.00,0.00,0,'2022-03-02 11:46:56','2022-03-02 11:46:56',NULL),(1708,832,1548,106314,40791,22,1,879,0.0000,0.0000,1,0.00,0.00,0.00,0.00,0.00,0.00,0.00,0.00,0,'2023-01-24 11:26:33','2023-01-24 11:26:33',NULL),(1717,832,1557,70748,40779,23,1,804,0.0000,0.0000,1,0.00,0.00,0.00,0.00,0.00,0.00,0.00,0.00,0,'2023-02-28 14:47:06','2023-02-28 14:47:06',NULL),(1722,832,1562,70747,40779,23,1,804,0.0000,0.0000,1,0.00,0.00,0.00,0.00,0.00,0.00,0.00,0.00,0,'2023-02-28 14:47:52','2023-02-28 14:47:52',NULL),(1723,832,1563,70742,40779,23,1,804,0.0000,0.0000,1,0.00,0.00,0.00,0.00,0.00,0.00,0.00,0.00,0,'2023-02-28 14:51:40','2023-02-28 14:51:40',NULL),(1724,832,1565,66166,40772,23,1,878,0.0000,0.0000,1,0.00,0.00,0.00,0.00,0.00,0.00,0.00,0.00,0,'2023-04-05 10:00:21','2023-04-05 10:00:21',NULL),(1725,832,1567,66158,40772,23,1,878,0.0000,0.0000,1,0.00,0.00,0.00,0.00,0.00,0.00,0.00,0.00,0,'2023-04-05 10:01:28','2023-04-05 10:01:28',NULL),(1730,832,1571,12344,40730,22,1,401,0.0000,0.0000,1,3631453.19,0.00,0.00,0.00,0.00,0.00,0.00,0.00,0,'2023-04-11 13:11:09','2023-04-11 13:11:09',NULL),(1731,832,1571,12344,40730,22,1,34,0.0000,0.0000,1,0.00,0.00,0.00,0.00,0.00,0.00,0.00,0.00,0,'2023-04-11 13:11:09','2023-04-11 13:11:09',NULL),(1732,832,1571,12344,40730,23,1,401,0.0000,0.0000,1,3631453.19,0.00,0.00,0.00,0.00,0.00,0.00,0.00,0,'2023-04-11 13:11:09','2023-04-11 13:11:09',NULL),(1733,832,1571,12344,40730,23,1,34,0.0000,0.0000,1,0.00,0.00,0.00,0.00,0.00,0.00,0.00,0.00,0,'2023-04-11 13:11:09','2023-04-11 13:11:09',NULL),(1734,832,1573,12342,40730,22,1,401,0.0000,0.0000,1,0.00,0.00,0.00,0.00,0.00,0.00,0.00,0.00,0,'2023-04-11 15:17:36','2023-04-11 15:17:36',NULL),(1735,832,1573,12342,40730,22,1,34,0.0000,0.0000,1,0.00,0.00,0.00,0.00,0.00,0.00,0.00,0.00,0,'2023-04-11 15:17:36','2023-04-11 15:17:36',NULL),(1736,832,1573,12342,40730,23,1,401,0.0000,0.0000,1,0.00,0.00,0.00,0.00,0.00,0.00,0.00,0.00,0,'2023-04-11 15:17:36','2023-04-11 15:17:36',NULL),(1737,832,1573,12342,40730,23,1,34,0.0000,0.0000,1,0.00,0.00,0.00,0.00,0.00,0.00,0.00,0.00,0,'2023-04-11 15:17:36','2023-04-11 15:17:36',NULL),(1774,832,1587,10784,40727,22,1,401,0.0000,0.0000,1,0.00,0.00,0.00,0.00,0.00,0.00,0.00,0.00,0,'2023-07-26 15:46:04','2023-07-26 15:46:04',NULL),(1775,832,1587,10784,40727,22,1,763,0.0000,0.0000,1,0.00,0.00,0.00,0.00,0.00,0.00,0.00,0.00,0,'2023-07-26 15:46:04','2023-07-26 15:46:04',NULL),(1776,832,1587,10784,40727,22,1,789,0.0000,0.0000,1,0.00,0.00,0.00,0.00,0.00,0.00,0.00,0.00,0,'2023-07-26 15:46:04','2023-07-26 15:46:04',NULL),(1777,832,1587,10784,40727,23,1,401,0.0000,0.0000,1,0.00,0.00,0.00,0.00,0.00,0.00,0.00,0.00,0,'2023-07-26 15:46:04','2023-07-26 15:46:04',NULL);
INSERT INTO `period_liquidation_details` VALUES (1778,832,1587,10784,40727,23,1,763,0.0000,0.0000,1,0.00,0.00,0.00,0.00,0.00,0.00,0.00,0.00,0,'2023-07-26 15:46:04','2023-07-26 15:46:04',NULL),(1779,832,1587,10784,40727,23,1,789,0.0000,0.0000,1,0.00,0.00,0.00,0.00,0.00,0.00,0.00,0.00,0,'2023-07-26 15:46:04','2023-07-26 15:46:04',NULL),(1786,832,1591,52236,40727,22,1,401,0.0000,0.0000,1,0.00,0.00,0.00,0.00,0.00,0.00,0.00,0.00,0,'2023-07-26 15:51:00','2023-07-26 15:51:00',NULL),(1787,832,1591,52236,40727,22,1,763,0.0000,0.0000,1,0.00,0.00,0.00,0.00,0.00,0.00,0.00,0.00,0,'2023-07-26 15:51:00','2023-07-26 15:51:00',NULL),(1788,832,1591,52236,40727,22,1,789,0.0000,0.0000,1,0.00,0.00,0.00,0.00,0.00,0.00,0.00,0.00,0,'2023-07-26 15:51:00','2023-07-26 15:51:00',NULL),(1789,832,1591,52236,40727,23,1,401,0.0000,0.0000,1,0.00,0.00,0.00,0.00,0.00,0.00,0.00,0.00,0,'2023-07-26 15:51:00','2023-07-26 15:51:00',NULL),(1790,832,1591,52236,40727,23,1,763,0.0000,0.0000,1,0.00,0.00,0.00,0.00,0.00,0.00,0.00,0.00,0,'2023-07-26 15:51:00','2023-07-26 15:51:00',NULL),(1791,832,1591,52236,40727,23,1,789,0.0000,0.0000,1,0.00,0.00,0.00,0.00,0.00,0.00,0.00,0.00,0,'2023-07-26 15:51:00','2023-07-26 15:51:00',NULL),(1822,832,1604,52239,40727,22,1,401,0.0000,0.0000,1,0.00,0.00,0.00,0.00,0.00,0.00,0.00,0.00,0,'2023-09-26 12:50:07','2023-09-26 12:50:07',NULL),(1823,832,1604,52239,40727,22,1,763,0.0000,0.0000,1,0.00,0.00,0.00,0.00,0.00,0.00,0.00,0.00,0,'2023-09-26 12:50:07','2023-09-26 12:50:07',NULL),(1824,832,1604,52239,40727,22,1,789,0.0000,0.0000,1,0.00,0.00,0.00,0.00,0.00,0.00,0.00,0.00,0,'2023-09-26 12:50:07','2023-09-26 12:50:07',NULL),(1825,832,1604,52239,40727,23,1,401,0.0000,0.0000,1,0.00,0.00,0.00,0.00,0.00,0.00,0.00,0.00,0,'2023-09-26 12:50:07','2023-09-26 12:50:07',NULL),(1826,832,1604,52239,40727,23,1,763,0.0000,0.0000,1,0.00,0.00,0.00,0.00,0.00,0.00,0.00,0.00,0,'2023-09-26 12:50:07','2023-09-26 12:50:07',NULL),(1827,832,1604,52239,40727,23,1,789,0.0000,0.0000,1,0.00,0.00,0.00,0.00,0.00,0.00,0.00,0.00,0,'2023-09-26 12:50:07','2023-09-26 12:50:07',NULL),(1828,832,1606,48678,40761,22,1,400,0.0000,0.0000,1,0.00,0.00,0.00,0.00,0.00,0.00,0.00,0.00,0,'2025-02-04 12:06:46','2025-02-04 12:06:46',NULL),(1829,832,1606,48678,40761,23,1,400,0.0000,0.0000,1,0.00,0.00,0.00,0.00,0.00,0.00,0.00,0.00,0,'2025-02-04 12:06:46','2025-02-04 12:06:46',NULL);

--
-- Table structure for table `period_liquidation_iibb`
--

CREATE TABLE `period_liquidation_iibb` (
  `id` int(10) unsigned NOT NULL AUTO_INCREMENT,
  `user_id` int(10) unsigned DEFAULT NULL,
  `period_liquidation_id` int(10) unsigned NOT NULL,
  `period_id` int(10) unsigned NOT NULL,
  `person_id` int(10) unsigned NOT NULL,
  `zone_id` int(10) unsigned NOT NULL,
  `base_amount` decimal(16,2) DEFAULT '0.00',
  `impuesto` decimal(16,2) DEFAULT '0.00',
  `saldo_a_favor_ant` decimal(16,2) DEFAULT '0.00',
  `sircreb` decimal(16,2) DEFAULT '0.00',
  `sirtac` decimal(16,2) NOT NULL DEFAULT '0.00',
  `percepciones` decimal(16,2) DEFAULT '0.00',
  `retenciones` decimal(16,2) DEFAULT '0.00',
  `a_pagar` decimal(16,2) DEFAULT '0.00',
  `a_favor` decimal(16,2) DEFAULT '0.00',
  `created_at` timestamp NULL DEFAULT NULL,
  `updated_at` timestamp NULL DEFAULT NULL,
  `deleted_at` timestamp NULL DEFAULT NULL,
  PRIMARY KEY (`id`),
  KEY `period_liquidation_iibb_period_liquidation_id_foreign` (`period_liquidation_id`),
  KEY `period_liquidation_iibb_period_id_foreign` (`period_id`),
  KEY `period_liquidation_iibb_person_id_foreign` (`person_id`),
  KEY `period_liquidation_iibb_zone_id_foreign` (`zone_id`),
  CONSTRAINT `period_liquidation_iibb_period_id_foreign` FOREIGN KEY (`period_id`) REFERENCES `periods` (`id`),
  CONSTRAINT `period_liquidation_iibb_period_liquidation_id_foreign` FOREIGN KEY (`period_liquidation_id`) REFERENCES `period_liquidations` (`id`),
  CONSTRAINT `period_liquidation_iibb_person_id_foreign` FOREIGN KEY (`person_id`) REFERENCES `persons` (`id`),
  CONSTRAINT `period_liquidation_iibb_zone_id_foreign` FOREIGN KEY (`zone_id`) REFERENCES `zones` (`id`)
) ENGINE=InnoDB AUTO_INCREMENT=1357 DEFAULT CHARSET=utf8mb4 COLLATE=utf8mb4_unicode_ci;

--
-- Dumping data for table `period_liquidation_iibb`
--

INSERT INTO `period_liquidation_iibb` VALUES (1,NULL,2,6124,40722,23,0.00,0.00,0.00,0.00,0.00,0.28,0.00,0.00,0.28,'2020-10-07 18:53:07','2021-03-05 03:01:14',NULL),(13,832,26,66159,40772,23,0.00,0.00,7000.77,0.00,0.00,3752.75,0.00,0.00,10753.52,'2021-03-10 16:13:50','2021-03-10 16:13:50',NULL),(19,832,38,66160,40772,23,0.00,0.00,10753.52,0.00,0.00,160.18,0.00,0.00,10913.70,'2021-04-15 12:34:10','2021-04-15 12:34:10',NULL),(36,832,56,72256,40781,22,1289300.00,0.00,0.00,0.00,0.00,0.00,0.00,0.00,0.00,'2021-05-05 12:49:46','2021-05-05 12:49:46',NULL),(37,832,56,72256,40781,23,1289300.00,0.00,0.00,0.00,0.00,344.70,0.00,0.00,344.70,'2021-05-05 12:49:46','2021-05-05 12:49:46',NULL),(44,832,70,66161,40772,23,0.00,0.00,10913.70,0.00,0.00,0.00,0.00,0.00,10913.70,'2021-05-19 11:17:21','2021-05-19 11:17:21',NULL),(56,832,94,75284,40791,22,0.00,0.00,0.00,0.00,0.00,106.04,0.00,0.00,106.04,'2021-05-19 18:15:22','2021-05-19 18:15:22',NULL),(99,832,138,72257,40781,22,0.00,0.00,0.00,0.00,0.00,0.00,0.00,0.00,0.00,'2021-06-01 13:58:58','2021-06-01 13:58:58',NULL),(100,832,138,72257,40781,23,0.00,0.00,344.70,0.00,0.00,0.00,0.00,0.00,344.70,'2021-06-01 13:58:58','2021-06-01 13:58:58',NULL),(105,832,148,75285,40791,22,0.00,0.00,106.04,0.00,0.00,0.00,0.00,0.00,106.04,'2021-06-10 12:21:27','2021-06-10 12:21:27',NULL),(111,832,156,70743,40779,23,0.00,0.00,0.00,0.00,0.00,0.00,0.00,0.00,0.00,'2021-06-11 15:33:31','2021-06-11 15:33:31',NULL),(114,832,162,66162,40772,23,0.00,0.00,10913.70,0.00,0.00,144.72,0.00,0.00,11058.42,'2021-06-11 16:06:29','2021-06-11 16:06:29',NULL),(117,832,166,72259,40781,22,0.00,0.00,0.00,0.00,0.00,0.00,0.00,0.00,0.00,'2021-07-22 13:38:20','2021-07-22 13:38:20',NULL),(118,832,166,72259,40781,23,0.00,0.00,0.00,0.00,0.00,0.00,0.00,0.00,0.00,'2021-07-22 13:38:20','2021-07-22 13:38:20',NULL),(124,832,179,66163,40772,23,0.00,0.00,11058.42,0.00,0.00,0.00,0.00,0.00,11058.42,'2021-07-26 18:43:56','2021-07-26 18:43:56',NULL),(136,832,211,66165,40772,23,0.00,0.00,11342.48,0.00,0.00,305.36,0.00,0.00,11647.84,'2021-08-26 16:20:38','2021-08-26 16:20:38',NULL),(137,832,213,66164,40772,23,0.00,0.00,11058.42,0.00,0.00,177.56,0.00,0.00,11235.98,'2021-08-26 16:21:58','2021-08-26 16:21:58',NULL),(145,832,229,75287,40791,22,0.00,0.00,0.00,0.00,0.00,0.00,0.00,0.00,0.00,'2021-08-30 13:02:02','2021-08-30 13:02:02',NULL),(151,832,235,70746,40779,23,0.00,0.00,0.00,0.00,0.00,0.00,0.00,0.00,0.00,'2021-09-08 18:04:03','2021-09-08 18:04:03',NULL),(284,832,369,9782,40727,22,0.00,0.00,0.00,0.00,0.00,945.92,0.00,0.00,945.92,'2021-10-27 11:27:21','2021-10-27 11:27:21',NULL),(285,832,369,9782,40727,23,0.00,0.00,0.00,0.00,0.00,394.13,0.00,0.00,394.13,'2021-10-27 11:27:21','2021-10-27 11:27:21',NULL),(296,832,381,9783,40727,22,0.00,0.00,945.92,0.00,0.00,51.31,0.00,0.00,997.23,'2021-10-27 11:38:13','2021-10-27 11:38:13',NULL),(297,832,381,9783,40727,23,0.00,0.00,394.13,0.00,0.00,2218.88,0.00,0.00,2613.01,'2021-10-27 11:38:13','2021-10-27 11:38:13',NULL),(685,832,777,78213,40838,22,0.00,0.00,0.00,0.00,0.00,397.55,0.00,0.00,397.55,'2021-10-29 14:23:03','2021-10-29 14:23:03',NULL),(726,832,819,79725,40826,22,0.00,0.00,0.00,0.00,0.00,2442.00,0.00,0.00,2442.00,'2021-11-01 11:30:35','2021-11-01 11:30:35',NULL),(727,832,819,79725,40826,23,0.00,0.00,0.00,0.00,0.00,1017.00,0.00,0.00,1017.00,'2021-11-01 11:30:35','2021-11-01 11:30:35',NULL),(738,832,831,79726,40826,22,0.00,0.00,2442.00,0.00,0.00,86163.67,0.00,0.00,88605.67,'2021-11-01 11:56:55','2021-11-01 11:56:55',NULL),(739,832,831,79726,40826,23,0.00,0.00,1017.00,0.00,0.00,54045.14,0.00,0.00,55062.14,'2021-11-01 11:56:55','2021-11-01 11:56:55',NULL),(756,832,849,12343,40730,22,0.00,0.00,465.67,0.00,0.00,1241.97,0.00,0.00,1707.64,'2021-11-01 12:43:33','2021-11-01 12:43:33',NULL),(757,832,849,12343,40730,23,0.00,0.00,2641.60,0.00,0.00,6348.08,0.00,0.00,8989.68,'2021-11-01 12:43:33','2021-11-01 12:43:33',NULL),(844,832,937,77501,40826,22,14344559.32,0.00,88605.67,0.00,0.00,75136.09,0.00,0.00,163741.76,'2021-11-04 12:09:11','2021-11-04 12:09:11',NULL);
INSERT INTO `period_liquidation_iibb` VALUES (845,832,937,77501,40826,23,14344559.32,0.00,57296.87,0.00,0.00,31404.20,125382.46,0.00,214083.53,'2021-11-04 12:09:11','2021-11-04 12:09:11',NULL),(909,832,1002,77502,40826,22,14952923.25,0.00,163741.76,0.00,0.00,0.00,0.00,0.00,163741.76,'2021-11-13 10:02:18','2021-11-13 10:02:18',NULL),(910,832,1002,77502,40826,23,14952923.25,0.00,214083.53,0.00,0.00,69886.00,50804.11,0.00,334773.64,'2021-11-13 10:02:18','2021-11-13 10:02:18',NULL),(917,832,1010,12345,40730,22,12104860.10,0.00,1707.64,0.00,0.00,0.00,0.00,0.00,1707.64,'2021-11-16 09:11:44','2021-11-16 09:11:44',NULL),(918,832,1010,12345,40730,23,12104860.10,0.00,16946.32,0.00,0.00,204134.54,27363.18,0.00,248444.04,'2021-11-16 09:11:44','2021-11-16 09:11:44',NULL),(937,832,1034,9784,40727,22,0.00,0.00,997.23,0.00,0.00,0.00,0.00,0.00,997.23,'2021-11-16 10:45:46','2021-11-16 10:45:46',NULL),(938,832,1034,9784,40727,23,0.00,0.00,2613.01,0.00,0.00,9445.70,0.00,0.00,12058.71,'2021-11-16 10:45:46','2021-11-16 10:45:46',NULL),(1147,832,1244,77500,40826,22,11989456.23,0.00,88605.67,0.00,0.00,241.50,0.00,0.00,88847.17,'2021-11-16 14:03:51','2021-11-16 14:03:51',NULL),(1148,832,1244,77500,40826,23,11989456.23,0.00,55062.14,0.00,0.00,119136.94,0.00,0.00,174199.08,'2021-11-16 14:03:51','2021-11-16 14:03:51',NULL),(1248,832,1442,78214,40838,22,1680572.14,0.00,397.55,0.00,0.00,30674.59,0.00,0.00,31072.14,'2021-12-03 09:53:57','2021-12-03 09:53:57',NULL),(1250,832,1446,78215,40838,22,0.00,0.00,31072.14,0.00,0.00,0.00,0.00,0.00,31072.14,'2021-12-04 06:03:37','2021-12-04 06:03:37',NULL),(1260,832,1466,75288,40791,22,0.00,0.00,0.00,0.00,0.00,0.00,0.00,0.00,0.00,'2022-03-02 10:38:26','2022-03-02 10:38:26',NULL),(1272,832,1490,75289,40791,22,247407.56,0.00,0.00,0.00,0.00,0.00,0.00,0.00,0.00,'2022-03-02 11:08:09','2022-03-02 11:08:09',NULL),(1279,832,1504,75290,40791,22,113398.65,0.00,0.00,0.00,0.00,0.00,0.00,0.00,0.00,'2022-03-02 11:21:59','2022-03-02 11:21:59',NULL),(1289,832,1524,75291,40791,22,234071.29,0.00,0.00,0.00,0.00,0.00,0.00,0.00,0.00,'2022-03-02 11:36:22','2022-03-02 11:36:22',NULL),(1295,832,1536,75292,40791,22,139025.86,0.00,0.00,0.00,0.00,0.00,0.00,0.00,0.00,'2022-03-02 11:46:56','2022-03-02 11:46:56',NULL),(1301,832,1548,106314,40791,22,0.00,0.00,0.00,0.00,0.00,0.00,0.00,0.00,0.00,'2023-01-24 11:26:33','2023-01-24 11:26:33',NULL),(1310,832,1557,70748,40779,23,0.00,0.00,0.00,0.00,0.00,0.00,0.00,0.00,0.00,'2023-02-28 14:47:06','2023-02-28 14:47:06',NULL),(1315,832,1562,70747,40779,23,0.00,0.00,0.00,0.00,0.00,0.00,0.00,0.00,0.00,'2023-02-28 14:47:53','2023-02-28 14:47:53',NULL),(1316,832,1563,70742,40779,23,0.00,0.00,0.00,0.00,0.00,0.00,0.00,0.00,0.00,'2023-02-28 14:51:40','2023-02-28 14:51:40',NULL),(1317,832,1565,66166,40772,23,0.00,0.00,11647.84,0.00,0.00,0.00,0.00,0.00,11647.84,'2023-04-05 10:00:21','2023-04-05 10:00:21',NULL),(1318,832,1567,66158,40772,23,0.00,0.00,0.00,0.00,0.00,0.00,0.00,0.00,0.00,'2023-04-05 10:01:28','2023-04-05 10:01:28',NULL),(1321,832,1571,12344,40730,22,3631453.19,0.00,1707.64,0.00,0.00,0.00,0.00,0.00,1707.64,'2023-04-11 13:11:09','2023-04-11 13:11:09',NULL),(1322,832,1571,12344,40730,23,3631453.19,0.00,8989.68,0.00,0.00,0.00,0.00,0.00,8989.68,'2023-04-11 13:11:09','2023-04-11 13:11:09',NULL),(1323,832,1573,12342,40730,22,0.00,0.00,0.00,0.00,0.00,0.00,0.00,0.00,0.00,'2023-04-11 15:17:36','2023-04-11 15:17:36',NULL),(1324,832,1573,12342,40730,23,0.00,0.00,0.00,0.00,0.00,0.00,0.00,0.00,0.00,'2023-04-11 15:17:36','2023-04-11 15:17:36',NULL),(1337,832,1587,10784,40727,22,0.00,0.00,0.00,0.00,0.00,0.00,0.00,0.00,0.00,'2023-07-26 15:46:04','2023-07-26 15:46:04',NULL),(1338,832,1587,10784,40727,23,0.00,0.00,0.00,0.00,0.00,0.00,0.00,0.00,0.00,'2023-07-26 15:46:04','2023-07-26 15:46:04',NULL),(1341,832,1591,52236,40727,22,0.00,0.00,0.00,0.00,0.00,0.00,0.00,0.00,0.00,'2023-07-26 15:51:00','2023-07-26 15:51:00',NULL),(1342,832,1591,52236,40727,23,0.00,0.00,0.00,0.00,0.00,0.00,0.00,0.00,0.00,'2023-07-26 15:51:00','2023-07-26 15:51:00',NULL);
INSERT INTO `period_liquidation_iibb` VALUES (1353,832,1604,52239,40727,22,0.00,0.00,0.00,0.00,0.00,0.00,0.00,0.00,0.00,'2023-09-26 12:50:07','2023-09-26 12:50:07',NULL),(1354,832,1604,52239,40727,23,0.00,0.00,0.00,0.00,0.00,0.00,0.00,0.00,0.00,'2023-09-26 12:50:07','2023-09-26 12:50:07',NULL),(1355,832,1606,48678,40761,22,0.00,0.00,0.00,0.00,0.00,0.00,0.00,0.00,0.00,'2025-02-04 12:06:46','2025-02-04 12:06:46',NULL),(1356,832,1606,48678,40761,23,0.00,0.00,0.00,0.00,0.00,0.00,0.00,0.00,0.00,'2025-02-04 12:06:46','2025-02-04 12:06:46',NULL);

--
-- Table structure for table `period_liquidation_iva`
--

CREATE TABLE `period_liquidation_iva` (
  `id` int(10) unsigned NOT NULL AUTO_INCREMENT,
  `user_id` int(10) unsigned DEFAULT NULL,
  `period_liquidation_id` int(10) unsigned NOT NULL,
  `period_id` int(10) unsigned NOT NULL,
  `person_id` int(10) unsigned NOT NULL,
  `total_debit` decimal(16,2) NOT NULL DEFAULT '0.00',
  `total_debito_mis_comp` decimal(16,2) DEFAULT '0.00',
  `total_credit` decimal(16,2) NOT NULL DEFAULT '0.00',
  `credito_fiscal_comp` decimal(16,2) DEFAULT '0.00',
  `total_credito_mis_comp` decimal(16,2) DEFAULT '0.00',
  `reduc_st_mono` decimal(10,2) NOT NULL DEFAULT '0.00',
  `previous_technical` decimal(16,2) NOT NULL DEFAULT '0.00',
  `technical_balance` decimal(16,2) NOT NULL DEFAULT '0.00',
  `previous_free_availability` decimal(16,2) NOT NULL DEFAULT '0.00',
  `retention_amount` decimal(16,2) NOT NULL DEFAULT '0.00',
  `perception_amount` decimal(16,2) NOT NULL DEFAULT '0.00',
  `compensation_amount` decimal(16,2) NOT NULL DEFAULT '0.00',
  `total_perceptions_retentions` decimal(16,2) NOT NULL DEFAULT '0.00',
  `free_availability_balance` decimal(16,2) NOT NULL DEFAULT '0.00',
  `pago_a_cuenta` decimal(16,2) NOT NULL DEFAULT '0.00',
  `negative_amount` decimal(16,2) NOT NULL DEFAULT '0.00',
  `positive_amount` decimal(16,2) NOT NULL DEFAULT '0.00',
  `total_free_availability` decimal(16,2) NOT NULL DEFAULT '0.00',
  `saldo_pago_a_cuenta` decimal(16,2) NOT NULL DEFAULT '0.00',
  `comentarios` text COLLATE utf8mb4_unicode_ci,
  `created_at` timestamp NULL DEFAULT NULL,
  `updated_at` timestamp NULL DEFAULT NULL,
  `deleted_at` timestamp NULL DEFAULT NULL,
  PRIMARY KEY (`id`),
  KEY `period_liquidation_iva_period_liquidation_id_foreign` (`period_liquidation_id`),
  KEY `period_liquidation_iva_period_id_foreign` (`period_id`),
  KEY `period_liquidation_iva_person_id_foreign` (`person_id`),
  CONSTRAINT `period_liquidation_iva_period_id_foreign` FOREIGN KEY (`period_id`) REFERENCES `periods` (`id`),
  CONSTRAINT `period_liquidation_iva_period_liquidation_id_foreign` FOREIGN KEY (`period_liquidation_id`) REFERENCES `period_liquidations` (`id`),
  CONSTRAINT `period_liquidation_iva_person_id_foreign` FOREIGN KEY (`person_id`) REFERENCES `persons` (`id`)
) ENGINE=InnoDB AUTO_INCREMENT=783 DEFAULT CHARSET=utf8mb4 COLLATE=utf8mb4_unicode_ci;

--
-- Dumping data for table `period_liquidation_iva`
--

INSERT INTO `period_liquidation_iva` VALUES (1,832,1,6124,40722,0.00,0.00,454.80,0.00,0.00,0.00,0.00,454.80,0.00,0.00,0.00,0.00,0.00,0.00,0.00,0.00,454.80,0.00,0.00,NULL,'2020-10-07 18:53:06','2020-10-07 18:53:07',NULL),(13,832,25,66159,40772,0.00,0.00,12632.18,0.00,0.00,0.00,20459.67,33091.85,0.00,0.00,369.86,0.00,369.86,369.86,0.00,0.00,33091.85,369.86,0.00,NULL,'2021-03-10 16:13:50','2021-03-10 16:13:50',NULL),(19,832,37,66160,40772,0.00,0.00,69338.48,0.00,0.00,0.00,33091.85,102430.33,369.86,0.00,317.98,0.00,317.98,687.84,0.00,0.00,102430.33,687.84,0.00,NULL,'2021-04-15 12:34:10','2021-04-15 12:34:10',NULL),(28,832,55,72256,40781,270753.00,0.00,253560.19,0.00,0.00,0.00,0.00,-17192.81,0.00,0.00,0.00,0.00,0.00,0.00,0.00,17192.81,0.00,0.00,0.00,NULL,'2021-05-05 12:49:46','2021-05-05 12:49:46',NULL),(35,832,69,66161,40772,0.00,0.00,8102.81,0.00,0.00,0.00,102430.33,110533.14,687.84,0.00,0.00,0.00,0.00,687.84,0.00,0.00,110533.14,687.84,0.00,NULL,'2021-05-19 11:17:20','2021-05-19 11:17:20',NULL),(47,832,93,75284,40791,0.00,0.00,22767.20,0.00,0.00,0.00,0.00,22767.20,0.00,0.00,553.56,0.00,553.56,553.56,0.00,0.00,22767.20,553.56,0.00,NULL,'2021-05-19 18:15:22','2021-05-19 18:15:22',NULL),(65,832,137,72257,40781,0.00,0.00,51815.06,0.00,0.00,0.00,0.00,51815.06,0.00,0.00,0.00,0.00,0.00,0.00,0.00,0.00,51815.06,0.00,0.00,NULL,'2021-06-01 13:58:58','2021-06-01 13:58:58',NULL),(70,832,147,75285,40791,0.00,0.00,2751.71,0.00,0.00,0.00,22767.20,25518.91,553.56,0.00,0.00,0.00,0.00,553.56,0.00,0.00,25518.91,553.56,0.00,NULL,'2021-06-10 12:21:27','2021-06-10 12:21:27',NULL),(75,832,161,66162,40772,0.00,0.00,1756.45,0.00,0.00,0.00,110533.14,112289.59,687.84,0.00,0.00,0.00,0.00,687.84,0.00,0.00,112289.59,687.84,0.00,NULL,'2021-06-11 16:06:29','2021-06-11 16:06:29',NULL),(77,832,165,72259,40781,0.00,0.00,193.85,0.00,0.00,0.00,0.00,193.85,0.00,0.00,0.00,0.00,0.00,0.00,0.00,0.00,193.85,0.00,0.00,NULL,'2021-07-22 13:38:20','2021-07-22 13:38:20',NULL),(84,832,178,66163,40772,0.00,0.00,2509.78,0.00,0.00,0.00,112289.59,114799.37,687.84,0.00,0.00,0.00,0.00,687.84,0.00,0.00,114799.37,687.84,0.00,NULL,'2021-07-26 18:43:56','2021-07-26 18:43:56',NULL),(104,832,210,66165,40772,0.00,0.00,1120.16,0.00,0.00,0.00,120955.68,122075.84,767.72,0.00,79.88,0.00,79.88,847.60,0.00,0.00,122075.84,847.60,0.00,NULL,'2021-08-26 16:20:37','2021-08-26 16:20:38',NULL),(105,832,212,66164,40772,0.00,0.00,6153.60,0.00,0.00,0.00,114799.37,120952.97,687.84,0.00,0.00,0.00,0.00,687.84,0.00,0.00,120952.97,687.84,0.00,NULL,'2021-08-26 16:21:58','2021-08-26 16:21:58',NULL),(113,832,228,75287,40791,0.00,0.00,3274.43,0.00,0.00,0.00,0.00,3274.43,0.00,0.00,0.00,0.00,0.00,0.00,0.00,0.00,3274.43,0.00,0.00,NULL,'2021-08-30 13:02:01','2021-08-30 13:02:02',NULL),(180,832,368,9782,40727,0.00,0.00,3310.71,0.00,0.00,0.00,0.00,3310.71,0.00,0.00,0.00,0.00,0.00,0.00,0.00,0.00,3310.71,0.00,0.00,NULL,'2021-10-27 11:27:20','2021-10-27 11:27:21',NULL),(186,832,380,9783,40727,0.00,0.00,441192.67,0.00,0.00,0.00,3310.71,444503.38,0.00,0.00,2579.87,0.00,2579.87,2579.87,0.00,0.00,444503.38,2579.87,0.00,NULL,'2021-10-27 11:38:12','2021-10-27 11:38:13',NULL),(298,832,603,24,40718,0.00,0.00,0.00,0.00,0.00,0.00,0.00,0.00,0.00,0.00,0.00,0.00,0.00,0.00,0.00,0.00,0.00,0.00,0.00,NULL,'2021-10-28 10:11:14','2021-10-28 10:11:14',NULL),(385,832,776,78213,40838,0.00,0.00,2885.50,0.00,0.00,0.00,0.00,2885.50,0.00,0.00,0.00,0.00,0.00,0.00,0.00,0.00,2885.50,0.00,0.00,NULL,'2021-10-29 14:23:03','2021-10-29 14:23:03',NULL),(406,832,818,79725,40826,60448.50,0.00,206939.17,0.00,0.00,0.00,0.00,146490.67,0.00,0.00,0.00,0.00,0.00,0.00,0.00,0.00,146490.67,0.00,0.00,NULL,'2021-11-01 11:30:35','2021-11-01 11:30:35',NULL),(412,832,830,79726,40826,234271.10,0.00,1778091.73,0.00,0.00,0.00,146490.67,1690311.30,0.00,0.00,44670.42,0.00,44670.42,44670.42,0.00,0.00,1690311.30,44670.42,0.00,NULL,'2021-11-01 11:56:54','2021-11-01 11:56:55',NULL);
INSERT INTO `period_liquidation_iva` VALUES (421,832,848,12343,40730,0.00,0.00,69593.00,0.00,0.00,0.00,0.00,69593.00,0.00,0.00,637.32,0.00,637.32,637.32,0.00,0.00,69593.00,637.32,0.00,NULL,'2021-11-01 12:43:32','2021-11-01 12:43:33',NULL),(465,832,936,77501,40826,2995409.26,0.00,263795.31,0.00,0.00,0.00,0.00,-2731613.95,0.00,190811.61,0.00,0.00,190811.61,190811.61,0.00,2540802.34,0.00,0.00,0.00,NULL,'2021-11-04 12:09:10','2021-11-04 12:09:11',NULL),(485,832,1001,77502,40826,3142667.32,0.00,587042.40,0.00,0.00,0.00,0.00,-2555624.92,0.00,0.00,0.00,0.00,0.00,0.00,0.00,2555624.92,0.00,0.00,0.00,NULL,'2021-11-13 10:02:17','2021-11-13 10:02:18',NULL),(489,832,1009,12345,40730,2542020.62,0.00,1734470.16,0.00,0.00,0.00,152810.86,-654739.60,637.32,0.00,0.00,0.00,0.00,637.32,0.00,654102.28,0.00,0.00,0.00,NULL,'2021-11-16 09:11:44','2021-11-16 09:11:44',NULL),(496,832,1020,26,40718,0.00,0.00,0.00,0.00,0.00,0.00,0.00,0.00,0.00,0.00,0.00,0.00,0.00,0.00,0.00,0.00,0.00,0.00,0.00,NULL,'2021-11-16 10:26:37','2021-11-16 10:26:37',NULL),(503,832,1033,9784,40727,0.00,0.00,83333.88,0.00,0.00,0.00,444503.38,527837.26,2579.87,0.00,0.00,0.00,0.00,2579.87,0.00,0.00,527837.26,2579.87,0.00,NULL,'2021-11-16 10:45:45','2021-11-16 10:45:46',NULL),(608,832,1243,77500,40826,2289558.14,0.00,2229981.07,0.00,0.00,0.00,1690311.30,1630734.23,44670.42,0.00,30703.13,0.00,30703.13,75373.55,0.00,0.00,1630734.23,75373.55,0.00,NULL,'2021-11-16 14:03:51','2021-11-16 14:03:51',NULL),(707,832,1441,78214,40838,423279.40,0.00,332933.52,0.00,0.00,0.00,2885.50,-87460.38,0.00,0.00,0.00,0.00,0.00,0.00,0.00,87460.38,0.00,0.00,0.00,NULL,'2021-12-03 09:53:57','2021-12-03 09:53:57',NULL),(709,832,1445,78215,40838,0.00,0.00,0.00,0.00,0.00,0.00,0.00,0.00,0.00,0.00,0.00,0.00,0.00,0.00,0.00,0.00,0.00,0.00,0.00,NULL,'2021-12-04 06:03:37','2021-12-04 06:03:37',NULL),(719,832,1465,75288,40791,0.00,0.00,2514.26,0.00,0.00,0.00,3274.43,5788.69,0.00,0.00,0.00,0.00,0.00,0.00,0.00,0.00,5788.69,0.00,0.00,NULL,'2022-03-02 10:38:25','2022-03-02 10:38:26',NULL),(731,832,1489,75289,40791,7453.82,0.00,0.00,0.00,0.00,0.00,5788.69,-1665.13,0.00,0.00,0.00,0.00,0.00,0.00,0.00,1665.13,0.00,0.00,0.00,NULL,'2022-03-02 11:08:08','2022-03-02 11:08:09',NULL),(738,832,1503,75290,40791,5834.74,0.00,0.00,0.00,0.00,0.00,0.00,-5834.74,0.00,0.00,0.00,0.00,0.00,0.00,0.00,5834.74,0.00,0.00,0.00,NULL,'2022-03-02 11:21:58','2022-03-02 11:21:59',NULL),(748,832,1523,75291,40791,3482.51,0.00,0.00,0.00,0.00,0.00,0.00,-3482.51,0.00,0.00,0.00,0.00,0.00,0.00,0.00,3482.51,0.00,0.00,0.00,NULL,'2022-03-02 11:36:21','2022-03-02 11:36:22',NULL),(754,832,1535,75292,40791,2767.17,0.00,0.00,0.00,0.00,0.00,0.00,-2767.17,0.00,0.00,0.00,0.00,0.00,0.00,0.00,2767.17,0.00,0.00,0.00,NULL,'2022-03-02 11:46:56','2022-03-02 11:46:56',NULL),(760,832,1547,106314,40791,0.00,0.00,0.00,0.00,0.00,0.00,0.00,0.00,0.00,0.00,0.00,0.00,0.00,0.00,0.00,0.00,0.00,0.00,0.00,NULL,'2023-01-24 11:26:33','2023-01-24 11:26:33',NULL),(761,832,1564,66166,40772,0.00,0.00,1386.12,0.00,0.00,0.00,122075.84,123461.96,847.60,0.00,0.00,0.00,0.00,847.60,0.00,0.00,123461.96,847.60,0.00,NULL,'2023-04-05 10:00:21','2023-04-05 10:00:21',NULL),(762,832,1566,66158,40772,0.00,0.00,0.00,0.00,0.00,0.00,0.00,0.00,0.00,0.00,0.00,0.00,0.00,0.00,0.00,0.00,0.00,0.00,0.00,NULL,'2023-04-05 10:01:27','2023-04-05 10:01:28',NULL),(764,832,1570,12344,40730,762605.17,0.00,0.00,0.00,0.00,0.00,69593.00,-693012.17,637.32,0.00,0.00,0.00,0.00,637.32,0.00,692374.85,0.00,0.00,0.00,NULL,'2023-04-11 13:11:09','2023-04-11 13:11:09',NULL),(765,832,1572,12342,40730,0.00,0.00,0.00,0.00,0.00,0.00,0.00,0.00,0.00,0.00,0.00,0.00,0.00,0.00,0.00,0.00,0.00,0.00,0.00,NULL,'2023-04-11 15:17:36','2023-04-11 15:17:36',NULL),(772,832,1586,10784,40727,0.00,0.00,0.00,0.00,0.00,0.00,0.00,0.00,0.00,0.00,0.00,0.00,0.00,0.00,0.00,0.00,0.00,0.00,0.00,NULL,'2023-07-26 15:46:03','2023-07-26 15:46:04',NULL),(774,832,1590,52236,40727,0.00,0.00,0.00,0.00,0.00,0.00,0.00,0.00,0.00,0.00,0.00,0.00,0.00,0.00,0.00,0.00,0.00,0.00,0.00,NULL,'2023-07-26 15:50:59','2023-07-26 15:50:59',NULL);
INSERT INTO `period_liquidation_iva` VALUES (781,832,1603,52239,40727,0.00,0.00,0.00,0.00,0.00,0.00,0.00,0.00,0.00,0.00,0.00,0.00,0.00,0.00,0.00,0.00,0.00,0.00,0.00,NULL,'2023-09-26 12:50:05','2023-09-26 12:50:07',NULL),(782,832,1605,48678,40761,0.00,0.00,0.00,0.00,0.00,0.00,0.00,0.00,0.00,0.00,0.00,0.00,0.00,0.00,0.00,0.00,0.00,0.00,0.00,NULL,'2025-02-04 12:06:45','2025-02-04 12:06:46',NULL);

--
