-- Table structure for table `period_liquidations`
--

CREATE TABLE `period_liquidations` (
  `id` int(10) unsigned NOT NULL AUTO_INCREMENT,
  `user_id` int(10) unsigned DEFAULT NULL,
  `apply_to` varchar(100) COLLATE utf8mb4_unicode_ci NOT NULL,
  `period_id` int(10) unsigned NOT NULL,
  `person_id` int(10) unsigned DEFAULT NULL,
  `status` int(10) unsigned NOT NULL DEFAULT '1',
  `auxiliar_id` bigint(20) DEFAULT NULL,
  `created_at` timestamp NULL DEFAULT NULL,
  `updated_at` timestamp NULL DEFAULT NULL,
  `deleted_at` timestamp NULL DEFAULT NULL,
  PRIMARY KEY (`id`),
  KEY `period_liquidations_period_id_foreign` (`period_id`),
  KEY `period_liquidations_person_id_foreign` (`person_id`),
  CONSTRAINT `period_liquidations_period_id_foreign` FOREIGN KEY (`period_id`) REFERENCES `periods` (`id`),
  CONSTRAINT `period_liquidations_person_id_foreign` FOREIGN KEY (`person_id`) REFERENCES `persons` (`id`)
) ENGINE=InnoDB AUTO_INCREMENT=31 DEFAULT CHARSET=utf8mb4 COLLATE=utf8mb4_unicode_ci;

--
-- Dumping data for table `period_liquidations`
--

INSERT INTO `period_liquidations` VALUES (1,4654,'iva',10,40719,1,NULL,'2021-09-07 10:47:24','2021-10-07 14:44:30','2021-10-07 14:44:30'),(2,4654,'iva',10,40719,1,NULL,'2021-10-07 14:44:30','2021-10-07 14:44:30',NULL),(3,4654,'iva',11,40719,1,NULL,'2021-10-07 14:44:51','2021-10-07 15:02:22','2021-10-07 15:02:22'),(4,4654,'iva',11,40719,1,NULL,'2021-10-07 15:02:22','2021-10-07 15:46:16','2021-10-07 15:46:16'),(5,4654,'iva',11,40719,1,NULL,'2021-10-07 15:46:16','2021-10-07 15:47:44','2021-10-07 15:47:44'),(6,4654,'iva',11,40719,1,NULL,'2021-10-07 15:47:44','2022-01-19 13:13:35','2022-01-19 13:13:35'),(7,4654,'iva',12,40719,1,NULL,'2021-11-09 13:36:19','2022-01-19 15:26:18','2022-01-19 15:26:18'),(8,4654,'iva',8,40719,1,NULL,'2021-12-03 13:07:51','2021-12-03 13:07:51',NULL),(9,4654,'iva',9,40719,1,NULL,'2021-12-03 13:17:44','2021-12-03 13:32:44','2021-12-03 13:32:44'),(10,4654,'iva',9,40719,1,NULL,'2021-12-03 13:32:44','2021-12-03 13:32:57','2021-12-03 13:32:57'),(11,4654,'iva',9,40719,1,NULL,'2021-12-03 13:32:57','2021-12-03 13:32:57',NULL),(12,4654,'iva',11,40719,1,NULL,'2022-01-19 13:13:35','2022-01-19 13:22:12','2022-01-19 13:22:12'),(13,4654,'iva',11,40719,1,NULL,'2022-01-19 13:22:12','2022-01-19 13:22:54','2022-01-19 13:22:54'),(14,4654,'iva',11,40719,1,NULL,'2022-01-19 13:22:54','2022-01-19 13:54:53','2022-01-19 13:54:53'),(15,4654,'iva',11,40719,1,NULL,'2022-01-19 13:54:53','2022-01-19 13:57:24','2022-01-19 13:57:24'),(16,4654,'iva',11,40719,1,NULL,'2022-01-19 13:57:24','2022-01-19 14:03:09','2022-01-19 14:03:09'),(17,4654,'iva',11,40719,1,NULL,'2022-01-19 14:03:09','2022-01-19 14:10:43','2022-01-19 14:10:43'),(18,4654,'iva',11,40719,1,NULL,'2022-01-19 14:10:43','2022-01-19 14:11:45','2022-01-19 14:11:45'),(19,4654,'iva',11,40719,1,NULL,'2022-01-19 14:11:45','2022-01-19 14:13:11','2022-01-19 14:13:11'),(20,4654,'iva',11,40719,1,NULL,'2022-01-19 14:13:11','2022-01-19 14:14:14','2022-01-19 14:14:14'),(21,4654,'iva',11,40719,1,NULL,'2022-01-19 14:14:15','2022-01-19 15:06:17','2022-01-19 15:06:17'),(22,4654,'iva',11,40719,1,NULL,'2022-01-19 15:06:17','2022-01-19 15:06:17',NULL),(23,4654,'iva',12,40719,1,NULL,'2022-01-19 15:26:18','2022-01-19 15:39:17','2022-01-19 15:39:17'),(24,4654,'iva',12,40719,1,NULL,'2022-01-19 15:39:17','2022-01-19 15:42:46','2022-01-19 15:42:46'),(25,4654,'iva',12,40719,1,NULL,'2022-01-19 15:42:46','2022-01-19 16:25:36','2022-01-19 16:25:36'),(26,4654,'iva',12,40719,1,NULL,'2022-01-19 16:25:36','2022-01-19 16:28:16','2022-01-19 16:28:16'),(27,4654,'iva',12,40719,1,NULL,'2022-01-19 16:28:16','2022-01-19 16:32:24','2022-01-19 16:32:24'),(28,4654,'iva',12,40719,1,NULL,'2022-01-19 16:32:24','2022-01-19 16:32:24',NULL),(29,4654,'iva',13,40719,1,NULL,'2022-01-19 17:02:51','2022-01-19 17:06:43','2022-01-19 17:06:43'),(30,4654,'iva',13,40719,1,NULL,'2022-01-19 17:06:43','2022-01-19 17:06:43',NULL);

--
-- Table structure for table `period_liquidations_files`
--

CREATE TABLE `period_liquidations_files` (
  `id` int(10) unsigned NOT NULL AUTO_INCREMENT,
  `user_id` int(11) DEFAULT NULL,
  `apply_to` varchar(191) COLLATE utf8mb4_unicode_ci NOT NULL,
  `period_id` int(10) unsigned NOT NULL,
  `person_id` int(10) unsigned NOT NULL,
  `descripcion` varchar(191) COLLATE utf8mb4_unicode_ci DEFAULT NULL,
  `file` varchar(191) COLLATE utf8mb4_unicode_ci DEFAULT NULL,
  `file_name_original` varchar(191) COLLATE utf8mb4_unicode_ci DEFAULT NULL,
  `file_extension` varchar(191) COLLATE utf8mb4_unicode_ci DEFAULT NULL,
  `created_at` timestamp NULL DEFAULT NULL,
  `updated_at` timestamp NULL DEFAULT NULL,
  `deleted_at` timestamp NULL DEFAULT NULL,
  PRIMARY KEY (`id`),
  KEY `period_liquidations_files_period_id_foreign` (`period_id`),
  KEY `period_liquidations_files_person_id_foreign` (`person_id`),
  CONSTRAINT `period_liquidations_files_period_id_foreign` FOREIGN KEY (`period_id`) REFERENCES `periods` (`id`),
  CONSTRAINT `period_liquidations_files_person_id_foreign` FOREIGN KEY (`person_id`) REFERENCES `persons` (`id`)
) ENGINE=InnoDB DEFAULT CHARSET=utf8mb4 COLLATE=utf8mb4_unicode_ci;

--
-- Dumping data for table `period_liquidations_files`
--


--
-- Table structure for table `periods`
--

CREATE TABLE `periods` (
  `id` int(10) unsigned NOT NULL AUTO_INCREMENT,
  `user_id` int(10) unsigned DEFAULT NULL,
  `code` varchar(20) COLLATE utf8mb4_unicode_ci NOT NULL,
  `year` int(10) unsigned NOT NULL,
  `period_number` int(10) unsigned NOT NULL,
  `date_from` date NOT NULL,
  `date_to` date NOT NULL,
  `created_at` timestamp NULL DEFAULT NULL,
  `updated_at` timestamp NULL DEFAULT NULL,
  `person_id` int(10) unsigned NOT NULL,
  `conta_status` int(10) unsigned NOT NULL DEFAULT '0',
  `deleted_at` timestamp NULL DEFAULT NULL,
  `syj_periods_status_id` int(10) unsigned NOT NULL DEFAULT '1',
  `syj_sin_asiento` tinyint(1) NOT NULL DEFAULT '0',
  `syj_asiento_modificado` tinyint(1) NOT NULL DEFAULT '0',
  `syj_periods_status_emp_dom_id` int(10) unsigned NOT NULL DEFAULT '1',
  PRIMARY KEY (`id`),
  KEY `periods_person_id_foreign` (`person_id`),
  KEY `idx_periods_year_month` (`year`,`period_number`) USING BTREE,
  KEY `idx_periods_code` (`code`) USING BTREE,
  KEY `periods_syj_periods_status_id_foreign` (`syj_periods_status_id`),
  KEY `periods_syj_periods_status_emp_dom_id_foreign` (`syj_periods_status_emp_dom_id`),
  CONSTRAINT `periods_person_id_foreign` FOREIGN KEY (`person_id`) REFERENCES `persons` (`id`),
  CONSTRAINT `periods_syj_periods_status_emp_dom_id_foreign` FOREIGN KEY (`syj_periods_status_emp_dom_id`) REFERENCES `syj_periods_status` (`id`),
  CONSTRAINT `periods_syj_periods_status_id_foreign` FOREIGN KEY (`syj_periods_status_id`) REFERENCES `syj_periods_status` (`id`)
) ENGINE=InnoDB AUTO_INCREMENT=1530 DEFAULT CHARSET=utf8mb4 COLLATE=utf8mb4_unicode_ci;

--
-- Dumping data for table `periods`
--

INSERT INTO `periods` VALUES (2,1,'2018-01',2018,1,'2018-01-01','2018-01-31',NULL,NULL,3,0,NULL,1,0,0,1),(3,NULL,'2021-01',2021,1,'2021-01-01','2021-01-31',NULL,NULL,40719,0,NULL,1,0,0,1),(4,NULL,'2021-02',2021,2,'2021-02-01','2021-02-28',NULL,NULL,40719,0,NULL,1,0,0,1),(5,NULL,'2021-03',2021,3,'2021-03-01','2021-03-31',NULL,NULL,40719,0,NULL,1,0,0,1),(6,NULL,'2021-04',2021,4,'2021-04-01','2021-04-30',NULL,NULL,40719,0,NULL,1,0,0,1),(7,NULL,'2021-05',2021,5,'2021-05-01','2021-05-31',NULL,NULL,40719,0,NULL,1,0,0,1),(8,NULL,'2021-06',2021,6,'2021-06-01','2021-06-30',NULL,NULL,40719,0,NULL,1,0,0,1),(9,NULL,'2021-07',2021,7,'2021-07-01','2021-07-31',NULL,NULL,40719,0,NULL,1,0,0,1),(10,NULL,'2021-08',2021,8,'2021-08-01','2021-08-31',NULL,NULL,40719,0,NULL,1,0,0,1),(11,NULL,'2021-09',2021,9,'2021-09-01','2021-09-30',NULL,NULL,40719,0,NULL,1,0,0,1),(12,NULL,'2021-10',2021,10,'2021-10-01','2021-10-31',NULL,NULL,40719,0,NULL,1,0,0,1),(13,NULL,'2021-11',2021,11,'2021-11-01','2021-11-30',NULL,NULL,40719,0,NULL,1,0,0,1),(14,NULL,'2021-12',2021,12,'2021-12-01','2021-12-31',NULL,NULL,40719,0,NULL,1,0,0,1),(18,NULL,'2022-01',2022,1,'2022-01-01','2022-01-31',NULL,NULL,40719,0,NULL,1,0,0,1),(19,NULL,'2022-02',2022,2,'2022-02-01','2022-02-28',NULL,NULL,40719,0,NULL,1,0,0,1),(20,NULL,'2022-03',2022,3,'2022-03-01','2022-03-31',NULL,NULL,40719,0,NULL,1,0,0,1),(21,NULL,'2022-04',2022,4,'2022-04-01','2022-04-30',NULL,NULL,40719,0,NULL,1,0,0,1),(22,NULL,'2022-05',2022,5,'2022-05-01','2022-05-31',NULL,NULL,40719,0,NULL,1,0,0,1),(23,NULL,'2022-06',2022,6,'2022-06-01','2022-06-30',NULL,NULL,40719,0,NULL,1,0,0,1),(24,NULL,'2022-07',2022,7,'2022-07-01','2022-07-31',NULL,NULL,40719,0,NULL,1,0,0,1),(25,NULL,'2022-08',2022,8,'2022-08-01','2022-08-31',NULL,NULL,40719,0,NULL,1,0,0,1),(26,NULL,'2022-09',2022,9,'2022-09-01','2022-09-30',NULL,NULL,40719,0,NULL,1,0,0,1),(27,NULL,'2022-10',2022,10,'2022-10-01','2022-10-31',NULL,NULL,40719,0,NULL,1,0,0,1),(28,NULL,'2022-11',2022,11,'2022-11-01','2022-11-30',NULL,NULL,40719,0,NULL,1,0,0,1),(29,NULL,'2022-12',2022,12,'2022-12-01','2022-12-31',NULL,NULL,40719,0,NULL,1,0,0,1),(33,NULL,'2023-01',2023,1,'2023-01-01','2023-01-31',NULL,NULL,40719,0,NULL,1,0,0,1),(34,NULL,'2023-02',2023,2,'2023-02-01','2023-02-28',NULL,NULL,40719,0,NULL,1,0,0,1),(35,NULL,'2023-03',2023,3,'2023-03-01','2023-03-31',NULL,NULL,40719,0,NULL,1,0,0,1),(36,NULL,'2023-04',2023,4,'2023-04-01','2023-04-30',NULL,NULL,40719,0,NULL,1,0,0,1),(37,NULL,'2023-05',2023,5,'2023-05-01','2023-05-31',NULL,NULL,40719,0,NULL,1,0,0,1),(38,NULL,'2023-06',2023,6,'2023-06-01','2023-06-30',NULL,NULL,40719,0,NULL,1,0,0,1),(39,NULL,'2023-07',2023,7,'2023-07-01','2023-07-31',NULL,NULL,40719,0,NULL,1,0,0,1),(40,NULL,'2023-08',2023,8,'2023-08-01','2023-08-31',NULL,NULL,40719,0,NULL,1,0,0,1),(41,NULL,'2023-09',2023,9,'2023-09-01','2023-09-30',NULL,NULL,40719,0,NULL,1,0,0,1),(42,NULL,'2023-10',2023,10,'2023-10-01','2023-10-31',NULL,NULL,40719,0,NULL,1,0,0,1),(43,NULL,'2023-11',2023,11,'2023-11-01','2023-11-30',NULL,NULL,40719,0,NULL,1,0,0,1),(44,NULL,'2023-12',2023,12,'2023-12-01','2023-12-31',NULL,NULL,40719,0,NULL,1,0,0,1),(48,NULL,'2024-01',2024,1,'2024-01-01','2024-01-31',NULL,NULL,40719,0,NULL,1,0,0,1),(49,NULL,'2024-02',2024,2,'2024-02-01','2024-02-28',NULL,NULL,40719,0,NULL,1,0,0,1),(50,NULL,'2024-03',2024,3,'2024-03-01','2024-03-31',NULL,NULL,40719,0,NULL,1,0,0,1),(51,NULL,'2024-04',2024,4,'2024-04-01','2024-04-30',NULL,NULL,40719,0,NULL,1,0,0,1),(52,NULL,'2024-05',2024,5,'2024-05-01','2024-05-31',NULL,NULL,40719,0,NULL,1,0,0,1),(53,NULL,'2024-06',2024,6,'2024-06-01','2024-06-30',NULL,NULL,40719,0,NULL,1,0,0,1),(54,NULL,'2024-07',2024,7,'2024-07-01','2024-07-31',NULL,NULL,40719,0,NULL,1,0,0,1),(55,NULL,'2024-08',2024,8,'2024-08-01','2024-08-31',NULL,NULL,40719,0,NULL,1,0,0,1),(56,NULL,'2024-09',2024,9,'2024-09-01','2024-09-30',NULL,NULL,40719,0,NULL,1,0,0,1),(57,NULL,'2024-10',2024,10,'2024-10-01','2024-10-31',NULL,NULL,40719,0,NULL,1,0,0,1);
INSERT INTO `periods` VALUES (58,NULL,'2024-11',2024,11,'2024-11-01','2024-11-30',NULL,NULL,40719,0,NULL,1,0,0,1),(59,NULL,'2024-12',2024,12,'2024-12-01','2024-12-31',NULL,NULL,40719,0,NULL,1,0,0,1),(63,NULL,'2025-01',2025,1,'2025-01-01','2025-01-31',NULL,NULL,40719,0,NULL,1,0,0,1),(64,NULL,'2025-02',2025,2,'2025-02-01','2025-02-28',NULL,NULL,40719,0,NULL,1,0,0,1),(65,NULL,'2025-03',2025,3,'2025-03-01','2025-03-31',NULL,NULL,40719,0,NULL,1,0,0,1),(66,NULL,'2025-04',2025,4,'2025-04-01','2025-04-30',NULL,NULL,40719,0,NULL,1,0,0,1),(67,NULL,'2025-05',2025,5,'2025-05-01','2025-05-31',NULL,NULL,40719,0,NULL,1,0,0,1),(68,NULL,'2025-06',2025,6,'2025-06-01','2025-06-30',NULL,NULL,40719,0,NULL,1,0,0,1),(69,NULL,'2025-07',2025,7,'2025-07-01','2025-07-31',NULL,NULL,40719,0,NULL,1,0,0,1),(70,NULL,'2025-08',2025,8,'2025-08-01','2025-08-31',NULL,NULL,40719,0,NULL,1,0,0,1),(71,NULL,'2025-09',2025,9,'2025-09-01','2025-09-30',NULL,NULL,40719,0,NULL,1,0,0,1),(72,NULL,'2025-10',2025,10,'2025-10-01','2025-10-31',NULL,NULL,40719,0,NULL,1,0,0,1),(73,NULL,'2025-11',2025,11,'2025-11-01','2025-11-30',NULL,NULL,40719,0,NULL,1,0,0,1),(74,NULL,'2025-12',2025,12,'2025-12-01','2025-12-31',NULL,NULL,40719,0,NULL,1,0,0,1),(78,NULL,'2026-01',2026,1,'2026-01-01','2026-01-31',NULL,NULL,40719,0,NULL,1,0,0,1),(79,NULL,'2026-02',2026,2,'2026-02-01','2026-02-28',NULL,NULL,40719,0,NULL,1,0,0,1),(80,NULL,'2026-03',2026,3,'2026-03-01','2026-03-31',NULL,NULL,40719,0,NULL,1,0,0,1),(81,NULL,'2026-04',2026,4,'2026-04-01','2026-04-30',NULL,NULL,40719,0,NULL,1,0,0,1),(82,NULL,'2026-05',2026,5,'2026-05-01','2026-05-31',NULL,NULL,40719,0,NULL,1,0,0,1),(83,NULL,'2026-06',2026,6,'2026-06-01','2026-06-30',NULL,NULL,40719,0,NULL,1,0,0,1),(84,NULL,'2026-07',2026,7,'2026-07-01','2026-07-31',NULL,NULL,40719,0,NULL,1,0,0,1),(85,NULL,'2026-08',2026,8,'2026-08-01','2026-08-31',NULL,NULL,40719,0,NULL,1,0,0,1),(86,NULL,'2026-09',2026,9,'2026-09-01','2026-09-30',NULL,NULL,40719,0,NULL,1,0,0,1),(87,NULL,'2026-10',2026,10,'2026-10-01','2026-10-31',NULL,NULL,40719,0,NULL,1,0,0,1),(88,NULL,'2026-11',2026,11,'2026-11-01','2026-11-30',NULL,NULL,40719,0,NULL,1,0,0,1),(89,NULL,'2026-12',2026,12,'2026-12-01','2026-12-31',NULL,NULL,40719,0,NULL,1,0,0,1),(93,NULL,'2027-01',2027,1,'2027-01-01','2027-01-31',NULL,NULL,40719,0,NULL,1,0,0,1),(94,NULL,'2027-02',2027,2,'2027-02-01','2027-02-28',NULL,NULL,40719,0,NULL,1,0,0,1),(95,NULL,'2027-03',2027,3,'2027-03-01','2027-03-31',NULL,NULL,40719,0,NULL,1,0,0,1),(96,NULL,'2027-04',2027,4,'2027-04-01','2027-04-30',NULL,NULL,40719,0,NULL,1,0,0,1),(97,NULL,'2027-05',2027,5,'2027-05-01','2027-05-31',NULL,NULL,40719,0,NULL,1,0,0,1),(98,NULL,'2027-06',2027,6,'2027-06-01','2027-06-30',NULL,NULL,40719,0,NULL,1,0,0,1),(99,NULL,'2027-07',2027,7,'2027-07-01','2027-07-31',NULL,NULL,40719,0,NULL,1,0,0,1),(100,NULL,'2027-08',2027,8,'2027-08-01','2027-08-31',NULL,NULL,40719,0,NULL,1,0,0,1),(101,NULL,'2027-09',2027,9,'2027-09-01','2027-09-30',NULL,NULL,40719,0,NULL,1,0,0,1),(102,NULL,'2027-10',2027,10,'2027-10-01','2027-10-31',NULL,NULL,40719,0,NULL,1,0,0,1),(103,NULL,'2027-11',2027,11,'2027-11-01','2027-11-30',NULL,NULL,40719,0,NULL,1,0,0,1),(104,NULL,'2027-12',2027,12,'2027-12-01','2027-12-31',NULL,NULL,40719,0,NULL,1,0,0,1),(108,NULL,'2028-01',2028,1,'2028-01-01','2028-01-31',NULL,NULL,40719,0,NULL,1,0,0,1),(109,NULL,'2028-02',2028,2,'2028-02-01','2028-02-28',NULL,NULL,40719,0,NULL,1,0,0,1),(110,NULL,'2028-03',2028,3,'2028-03-01','2028-03-31',NULL,NULL,40719,0,NULL,1,0,0,1),(111,NULL,'2028-04',2028,4,'2028-04-01','2028-04-30',NULL,NULL,40719,0,NULL,1,0,0,1),(112,NULL,'2028-05',2028,5,'2028-05-01','2028-05-31',NULL,NULL,40719,0,NULL,1,0,0,1),(113,NULL,'2028-06',2028,6,'2028-06-01','2028-06-30',NULL,NULL,40719,0,NULL,1,0,0,1),(114,NULL,'2028-07',2028,7,'2028-07-01','2028-07-31',NULL,NULL,40719,0,NULL,1,0,0,1),(115,NULL,'2028-08',2028,8,'2028-08-01','2028-08-31',NULL,NULL,40719,0,NULL,1,0,0,1),(116,NULL,'2028-09',2028,9,'2028-09-01','2028-09-30',NULL,NULL,40719,0,NULL,1,0,0,1);
INSERT INTO `periods` VALUES (117,NULL,'2028-10',2028,10,'2028-10-01','2028-10-31',NULL,NULL,40719,0,NULL,1,0,0,1),(118,NULL,'2028-11',2028,11,'2028-11-01','2028-11-30',NULL,NULL,40719,0,NULL,1,0,0,1),(119,NULL,'2028-12',2028,12,'2028-12-01','2028-12-31',NULL,NULL,40719,0,NULL,1,0,0,1),(123,NULL,'2029-01',2029,1,'2029-01-01','2029-01-31',NULL,NULL,40719,0,NULL,1,0,0,1),(124,NULL,'2029-02',2029,2,'2029-02-01','2029-02-28',NULL,NULL,40719,0,NULL,1,0,0,1),(125,NULL,'2029-03',2029,3,'2029-03-01','2029-03-31',NULL,NULL,40719,0,NULL,1,0,0,1),(126,NULL,'2029-04',2029,4,'2029-04-01','2029-04-30',NULL,NULL,40719,0,NULL,1,0,0,1),(127,NULL,'2029-05',2029,5,'2029-05-01','2029-05-31',NULL,NULL,40719,0,NULL,1,0,0,1),(128,NULL,'2029-06',2029,6,'2029-06-01','2029-06-30',NULL,NULL,40719,0,NULL,1,0,0,1),(129,NULL,'2029-07',2029,7,'2029-07-01','2029-07-31',NULL,NULL,40719,0,NULL,1,0,0,1),(130,NULL,'2029-08',2029,8,'2029-08-01','2029-08-31',NULL,NULL,40719,0,NULL,1,0,0,1),(131,NULL,'2029-09',2029,9,'2029-09-01','2029-09-30',NULL,NULL,40719,0,NULL,1,0,0,1),(132,NULL,'2029-10',2029,10,'2029-10-01','2029-10-31',NULL,NULL,40719,0,NULL,1,0,0,1),(133,NULL,'2029-11',2029,11,'2029-11-01','2029-11-30',NULL,NULL,40719,0,NULL,1,0,0,1),(134,NULL,'2029-12',2029,12,'2029-12-01','2029-12-31',NULL,NULL,40719,0,NULL,1,0,0,1),(138,NULL,'2030-01',2030,1,'2030-01-01','2030-01-31',NULL,NULL,40719,0,NULL,1,0,0,1),(139,NULL,'2030-02',2030,2,'2030-02-01','2030-02-28',NULL,NULL,40719,0,NULL,1,0,0,1),(140,NULL,'2030-03',2030,3,'2030-03-01','2030-03-31',NULL,NULL,40719,0,NULL,1,0,0,1),(141,NULL,'2030-04',2030,4,'2030-04-01','2030-04-30',NULL,NULL,40719,0,NULL,1,0,0,1),(142,NULL,'2030-05',2030,5,'2030-05-01','2030-05-31',NULL,NULL,40719,0,NULL,1,0,0,1),(143,NULL,'2030-06',2030,6,'2030-06-01','2030-06-30',NULL,NULL,40719,0,NULL,1,0,0,1),(144,NULL,'2030-07',2030,7,'2030-07-01','2030-07-31',NULL,NULL,40719,0,NULL,1,0,0,1),(145,NULL,'2030-08',2030,8,'2030-08-01','2030-08-31',NULL,NULL,40719,0,NULL,1,0,0,1),(146,NULL,'2030-09',2030,9,'2030-09-01','2030-09-30',NULL,NULL,40719,0,NULL,1,0,0,1),(147,NULL,'2030-10',2030,10,'2030-10-01','2030-10-31',NULL,NULL,40719,0,NULL,1,0,0,1),(148,NULL,'2030-11',2030,11,'2030-11-01','2030-11-30',NULL,NULL,40719,0,NULL,1,0,0,1),(149,NULL,'2030-12',2030,12,'2030-12-01','2030-12-31',NULL,NULL,40719,0,NULL,1,0,0,1),(153,NULL,'2031-01',2031,1,'2031-01-01','2031-01-31',NULL,NULL,40719,0,NULL,1,0,0,1),(154,NULL,'2031-02',2031,2,'2031-02-01','2031-02-28',NULL,NULL,40719,0,NULL,1,0,0,1),(155,NULL,'2031-03',2031,3,'2031-03-01','2031-03-31',NULL,NULL,40719,0,NULL,1,0,0,1),(156,NULL,'2031-04',2031,4,'2031-04-01','2031-04-30',NULL,NULL,40719,0,NULL,1,0,0,1),(157,NULL,'2031-05',2031,5,'2031-05-01','2031-05-31',NULL,NULL,40719,0,NULL,1,0,0,1),(158,NULL,'2031-06',2031,6,'2031-06-01','2031-06-30',NULL,NULL,40719,0,NULL,1,0,0,1),(159,NULL,'2031-07',2031,7,'2031-07-01','2031-07-31',NULL,NULL,40719,0,NULL,1,0,0,1),(160,NULL,'2031-08',2031,8,'2031-08-01','2031-08-31',NULL,NULL,40719,0,NULL,1,0,0,1),(161,NULL,'2031-09',2031,9,'2031-09-01','2031-09-30',NULL,NULL,40719,0,NULL,1,0,0,1),(162,NULL,'2031-10',2031,10,'2031-10-01','2031-10-31',NULL,NULL,40719,0,NULL,1,0,0,1),(163,NULL,'2031-11',2031,11,'2031-11-01','2031-11-30',NULL,NULL,40719,0,NULL,1,0,0,1),(164,NULL,'2031-12',2031,12,'2031-12-01','2031-12-31',NULL,NULL,40719,0,NULL,1,0,0,1),(168,NULL,'2032-01',2032,1,'2032-01-01','2032-01-31',NULL,NULL,40719,0,NULL,1,0,0,1),(169,NULL,'2032-02',2032,2,'2032-02-01','2032-02-28',NULL,NULL,40719,0,NULL,1,0,0,1),(170,NULL,'2032-03',2032,3,'2032-03-01','2032-03-31',NULL,NULL,40719,0,NULL,1,0,0,1),(171,NULL,'2032-04',2032,4,'2032-04-01','2032-04-30',NULL,NULL,40719,0,NULL,1,0,0,1),(172,NULL,'2032-05',2032,5,'2032-05-01','2032-05-31',NULL,NULL,40719,0,NULL,1,0,0,1),(173,NULL,'2032-06',2032,6,'2032-06-01','2032-06-30',NULL,NULL,40719,0,NULL,1,0,0,1),(174,NULL,'2032-07',2032,7,'2032-07-01','2032-07-31',NULL,NULL,40719,0,NULL,1,0,0,1),(175,NULL,'2032-08',2032,8,'2032-08-01','2032-08-31',NULL,NULL,40719,0,NULL,1,0,0,1);
INSERT INTO `periods` VALUES (176,NULL,'2032-09',2032,9,'2032-09-01','2032-09-30',NULL,NULL,40719,0,NULL,1,0,0,1),(177,NULL,'2032-10',2032,10,'2032-10-01','2032-10-31',NULL,NULL,40719,0,NULL,1,0,0,1),(178,NULL,'2032-11',2032,11,'2032-11-01','2032-11-30',NULL,NULL,40719,0,NULL,1,0,0,1),(179,NULL,'2032-12',2032,12,'2032-12-01','2032-12-31',NULL,NULL,40719,0,NULL,1,0,0,1),(183,NULL,'2033-01',2033,1,'2033-01-01','2033-01-31',NULL,NULL,40719,0,NULL,1,0,0,1),(184,NULL,'2033-02',2033,2,'2033-02-01','2033-02-28',NULL,NULL,40719,0,NULL,1,0,0,1),(185,NULL,'2033-03',2033,3,'2033-03-01','2033-03-31',NULL,NULL,40719,0,NULL,1,0,0,1),(186,NULL,'2033-04',2033,4,'2033-04-01','2033-04-30',NULL,NULL,40719,0,NULL,1,0,0,1),(187,NULL,'2033-05',2033,5,'2033-05-01','2033-05-31',NULL,NULL,40719,0,NULL,1,0,0,1),(188,NULL,'2033-06',2033,6,'2033-06-01','2033-06-30',NULL,NULL,40719,0,NULL,1,0,0,1),(189,NULL,'2033-07',2033,7,'2033-07-01','2033-07-31',NULL,NULL,40719,0,NULL,1,0,0,1),(190,NULL,'2033-08',2033,8,'2033-08-01','2033-08-31',NULL,NULL,40719,0,NULL,1,0,0,1),(191,NULL,'2033-09',2033,9,'2033-09-01','2033-09-30',NULL,NULL,40719,0,NULL,1,0,0,1),(192,NULL,'2033-10',2033,10,'2033-10-01','2033-10-31',NULL,NULL,40719,0,NULL,1,0,0,1),(193,NULL,'2033-11',2033,11,'2033-11-01','2033-11-30',NULL,NULL,40719,0,NULL,1,0,0,1),(194,NULL,'2033-12',2033,12,'2033-12-01','2033-12-31',NULL,NULL,40719,0,NULL,1,0,0,1),(198,NULL,'2034-01',2034,1,'2034-01-01','2034-01-31',NULL,NULL,40719,0,NULL,1,0,0,1),(199,NULL,'2034-02',2034,2,'2034-02-01','2034-02-28',NULL,NULL,40719,0,NULL,1,0,0,1),(200,NULL,'2034-03',2034,3,'2034-03-01','2034-03-31',NULL,NULL,40719,0,NULL,1,0,0,1),(201,NULL,'2034-04',2034,4,'2034-04-01','2034-04-30',NULL,NULL,40719,0,NULL,1,0,0,1),(202,NULL,'2034-05',2034,5,'2034-05-01','2034-05-31',NULL,NULL,40719,0,NULL,1,0,0,1),(203,NULL,'2034-06',2034,6,'2034-06-01','2034-06-30',NULL,NULL,40719,0,NULL,1,0,0,1),(204,NULL,'2034-07',2034,7,'2034-07-01','2034-07-31',NULL,NULL,40719,0,NULL,1,0,0,1),(205,NULL,'2034-08',2034,8,'2034-08-01','2034-08-31',NULL,NULL,40719,0,NULL,1,0,0,1),(206,NULL,'2034-09',2034,9,'2034-09-01','2034-09-30',NULL,NULL,40719,0,NULL,1,0,0,1),(207,NULL,'2034-10',2034,10,'2034-10-01','2034-10-31',NULL,NULL,40719,0,NULL,1,0,0,1),(208,NULL,'2034-11',2034,11,'2034-11-01','2034-11-30',NULL,NULL,40719,0,NULL,1,0,0,1),(209,NULL,'2034-12',2034,12,'2034-12-01','2034-12-31',NULL,NULL,40719,0,NULL,1,0,0,1),(213,NULL,'2035-01',2035,1,'2035-01-01','2035-01-31',NULL,NULL,40719,0,NULL,1,0,0,1),(214,NULL,'2035-02',2035,2,'2035-02-01','2035-02-28',NULL,NULL,40719,0,NULL,1,0,0,1),(215,NULL,'2035-03',2035,3,'2035-03-01','2035-03-31',NULL,NULL,40719,0,NULL,1,0,0,1),(216,NULL,'2035-04',2035,4,'2035-04-01','2035-04-30',NULL,NULL,40719,0,NULL,1,0,0,1),(217,NULL,'2035-05',2035,5,'2035-05-01','2035-05-31',NULL,NULL,40719,0,NULL,1,0,0,1),(218,NULL,'2035-06',2035,6,'2035-06-01','2035-06-30',NULL,NULL,40719,0,NULL,1,0,0,1),(219,NULL,'2035-07',2035,7,'2035-07-01','2035-07-31',NULL,NULL,40719,0,NULL,1,0,0,1),(220,NULL,'2035-08',2035,8,'2035-08-01','2035-08-31',NULL,NULL,40719,0,NULL,1,0,0,1),(221,NULL,'2035-09',2035,9,'2035-09-01','2035-09-30',NULL,NULL,40719,0,NULL,1,0,0,1),(222,NULL,'2035-10',2035,10,'2035-10-01','2035-10-31',NULL,NULL,40719,0,NULL,1,0,0,1),(223,NULL,'2035-11',2035,11,'2035-11-01','2035-11-30',NULL,NULL,40719,0,NULL,1,0,0,1),(224,NULL,'2035-12',2035,12,'2035-12-01','2035-12-31',NULL,NULL,40719,0,NULL,1,0,0,1),(228,NULL,'2036-01',2036,1,'2036-01-01','2036-01-31',NULL,NULL,40719,0,NULL,1,0,0,1),(229,NULL,'2036-02',2036,2,'2036-02-01','2036-02-28',NULL,NULL,40719,0,NULL,1,0,0,1),(230,NULL,'2036-03',2036,3,'2036-03-01','2036-03-31',NULL,NULL,40719,0,NULL,1,0,0,1),(231,NULL,'2036-04',2036,4,'2036-04-01','2036-04-30',NULL,NULL,40719,0,NULL,1,0,0,1),(232,NULL,'2036-05',2036,5,'2036-05-01','2036-05-31',NULL,NULL,40719,0,NULL,1,0,0,1),(233,NULL,'2036-06',2036,6,'2036-06-01','2036-06-30',NULL,NULL,40719,0,NULL,1,0,0,1),(234,NULL,'2036-07',2036,7,'2036-07-01','2036-07-31',NULL,NULL,40719,0,NULL,1,0,0,1);
INSERT INTO `periods` VALUES (235,NULL,'2036-08',2036,8,'2036-08-01','2036-08-31',NULL,NULL,40719,0,NULL,1,0,0,1),(236,NULL,'2036-09',2036,9,'2036-09-01','2036-09-30',NULL,NULL,40719,0,NULL,1,0,0,1),(237,NULL,'2036-10',2036,10,'2036-10-01','2036-10-31',NULL,NULL,40719,0,NULL,1,0,0,1),(238,NULL,'2036-11',2036,11,'2036-11-01','2036-11-30',NULL,NULL,40719,0,NULL,1,0,0,1),(239,NULL,'2036-12',2036,12,'2036-12-01','2036-12-31',NULL,NULL,40719,0,NULL,1,0,0,1),(243,NULL,'2037-01',2037,1,'2037-01-01','2037-01-31',NULL,NULL,40719,0,NULL,1,0,0,1),(244,NULL,'2037-02',2037,2,'2037-02-01','2037-02-28',NULL,NULL,40719,0,NULL,1,0,0,1),(245,NULL,'2037-03',2037,3,'2037-03-01','2037-03-31',NULL,NULL,40719,0,NULL,1,0,0,1),(246,NULL,'2037-04',2037,4,'2037-04-01','2037-04-30',NULL,NULL,40719,0,NULL,1,0,0,1),(247,NULL,'2037-05',2037,5,'2037-05-01','2037-05-31',NULL,NULL,40719,0,NULL,1,0,0,1),(248,NULL,'2037-06',2037,6,'2037-06-01','2037-06-30',NULL,NULL,40719,0,NULL,1,0,0,1),(249,NULL,'2037-07',2037,7,'2037-07-01','2037-07-31',NULL,NULL,40719,0,NULL,1,0,0,1),(250,NULL,'2037-08',2037,8,'2037-08-01','2037-08-31',NULL,NULL,40719,0,NULL,1,0,0,1),(251,NULL,'2037-09',2037,9,'2037-09-01','2037-09-30',NULL,NULL,40719,0,NULL,1,0,0,1),(252,NULL,'2037-10',2037,10,'2037-10-01','2037-10-31',NULL,NULL,40719,0,NULL,1,0,0,1),(253,NULL,'2037-11',2037,11,'2037-11-01','2037-11-30',NULL,NULL,40719,0,NULL,1,0,0,1),(254,NULL,'2037-12',2037,12,'2037-12-01','2037-12-31',NULL,NULL,40719,0,NULL,1,0,0,1),(258,NULL,'2038-01',2038,1,'2038-01-01','2038-01-31',NULL,NULL,40719,0,NULL,1,0,0,1),(259,NULL,'2038-02',2038,2,'2038-02-01','2038-02-28',NULL,NULL,40719,0,NULL,1,0,0,1),(260,NULL,'2038-03',2038,3,'2038-03-01','2038-03-31',NULL,NULL,40719,0,NULL,1,0,0,1),(261,NULL,'2038-04',2038,4,'2038-04-01','2038-04-30',NULL,NULL,40719,0,NULL,1,0,0,1),(262,NULL,'2038-05',2038,5,'2038-05-01','2038-05-31',NULL,NULL,40719,0,NULL,1,0,0,1),(263,NULL,'2038-06',2038,6,'2038-06-01','2038-06-30',NULL,NULL,40719,0,NULL,1,0,0,1),(264,NULL,'2038-07',2038,7,'2038-07-01','2038-07-31',NULL,NULL,40719,0,NULL,1,0,0,1),(265,NULL,'2038-08',2038,8,'2038-08-01','2038-08-31',NULL,NULL,40719,0,NULL,1,0,0,1),(266,NULL,'2038-09',2038,9,'2038-09-01','2038-09-30',NULL,NULL,40719,0,NULL,1,0,0,1),(267,NULL,'2038-10',2038,10,'2038-10-01','2038-10-31',NULL,NULL,40719,0,NULL,1,0,0,1),(268,NULL,'2038-11',2038,11,'2038-11-01','2038-11-30',NULL,NULL,40719,0,NULL,1,0,0,1),(269,NULL,'2038-12',2038,12,'2038-12-01','2038-12-31',NULL,NULL,40719,0,NULL,1,0,0,1),(273,NULL,'2039-01',2039,1,'2039-01-01','2039-01-31',NULL,NULL,40719,0,NULL,1,0,0,1),(274,NULL,'2039-02',2039,2,'2039-02-01','2039-02-28',NULL,NULL,40719,0,NULL,1,0,0,1),(275,NULL,'2039-03',2039,3,'2039-03-01','2039-03-31',NULL,NULL,40719,0,NULL,1,0,0,1),(276,NULL,'2039-04',2039,4,'2039-04-01','2039-04-30',NULL,NULL,40719,0,NULL,1,0,0,1),(277,NULL,'2039-05',2039,5,'2039-05-01','2039-05-31',NULL,NULL,40719,0,NULL,1,0,0,1),(278,NULL,'2039-06',2039,6,'2039-06-01','2039-06-30',NULL,NULL,40719,0,NULL,1,0,0,1),(279,NULL,'2039-07',2039,7,'2039-07-01','2039-07-31',NULL,NULL,40719,0,NULL,1,0,0,1),(280,NULL,'2039-08',2039,8,'2039-08-01','2039-08-31',NULL,NULL,40719,0,NULL,1,0,0,1),(281,NULL,'2039-09',2039,9,'2039-09-01','2039-09-30',NULL,NULL,40719,0,NULL,1,0,0,1),(282,NULL,'2039-10',2039,10,'2039-10-01','2039-10-31',NULL,NULL,40719,0,NULL,1,0,0,1),(283,NULL,'2039-11',2039,11,'2039-11-01','2039-11-30',NULL,NULL,40719,0,NULL,1,0,0,1),(284,NULL,'2039-12',2039,12,'2039-12-01','2039-12-31',NULL,NULL,40719,0,NULL,1,0,0,1),(288,NULL,'2040-01',2040,1,'2040-01-01','2040-01-31',NULL,NULL,40719,0,NULL,1,0,0,1),(289,NULL,'2040-02',2040,2,'2040-02-01','2040-02-28',NULL,NULL,40719,0,NULL,1,0,0,1),(290,NULL,'2040-03',2040,3,'2040-03-01','2040-03-31',NULL,NULL,40719,0,NULL,1,0,0,1),(291,NULL,'2040-04',2040,4,'2040-04-01','2040-04-30',NULL,NULL,40719,0,NULL,1,0,0,1),(292,NULL,'2040-05',2040,5,'2040-05-01','2040-05-31',NULL,NULL,40719,0,NULL,1,0,0,1),(293,NULL,'2040-06',2040,6,'2040-06-01','2040-06-30',NULL,NULL,40719,0,NULL,1,0,0,1);
INSERT INTO `periods` VALUES (294,NULL,'2040-07',2040,7,'2040-07-01','2040-07-31',NULL,NULL,40719,0,NULL,1,0,0,1),(295,NULL,'2040-08',2040,8,'2040-08-01','2040-08-31',NULL,NULL,40719,0,NULL,1,0,0,1),(296,NULL,'2040-09',2040,9,'2040-09-01','2040-09-30',NULL,NULL,40719,0,NULL,1,0,0,1),(297,NULL,'2040-10',2040,10,'2040-10-01','2040-10-31',NULL,NULL,40719,0,NULL,1,0,0,1),(298,NULL,'2040-11',2040,11,'2040-11-01','2040-11-30',NULL,NULL,40719,0,NULL,1,0,0,1),(299,NULL,'2040-12',2040,12,'2040-12-01','2040-12-31',NULL,NULL,40719,0,NULL,1,0,0,1),(303,NULL,'2041-01',2041,1,'2041-01-01','2041-01-31',NULL,NULL,40719,0,NULL,1,0,0,1),(304,NULL,'2041-02',2041,2,'2041-02-01','2041-02-28',NULL,NULL,40719,0,NULL,1,0,0,1),(305,NULL,'2041-03',2041,3,'2041-03-01','2041-03-31',NULL,NULL,40719,0,NULL,1,0,0,1),(306,NULL,'2041-04',2041,4,'2041-04-01','2041-04-30',NULL,NULL,40719,0,NULL,1,0,0,1),(307,NULL,'2041-05',2041,5,'2041-05-01','2041-05-31',NULL,NULL,40719,0,NULL,1,0,0,1),(308,NULL,'2041-06',2041,6,'2041-06-01','2041-06-30',NULL,NULL,40719,0,NULL,1,0,0,1),(309,NULL,'2041-07',2041,7,'2041-07-01','2041-07-31',NULL,NULL,40719,0,NULL,1,0,0,1),(310,NULL,'2041-08',2041,8,'2041-08-01','2041-08-31',NULL,NULL,40719,0,NULL,1,0,0,1),(311,NULL,'2041-09',2041,9,'2041-09-01','2041-09-30',NULL,NULL,40719,0,NULL,1,0,0,1),(312,NULL,'2041-10',2041,10,'2041-10-01','2041-10-31',NULL,NULL,40719,0,NULL,1,0,0,1),(313,NULL,'2041-11',2041,11,'2041-11-01','2041-11-30',NULL,NULL,40719,0,NULL,1,0,0,1),(314,NULL,'2041-12',2041,12,'2041-12-01','2041-12-31',NULL,NULL,40719,0,NULL,1,0,0,1),(318,NULL,'2042-01',2042,1,'2042-01-01','2042-01-31',NULL,NULL,40719,0,NULL,1,0,0,1),(319,NULL,'2042-02',2042,2,'2042-02-01','2042-02-28',NULL,NULL,40719,0,NULL,1,0,0,1),(320,NULL,'2042-03',2042,3,'2042-03-01','2042-03-31',NULL,NULL,40719,0,NULL,1,0,0,1),(321,NULL,'2042-04',2042,4,'2042-04-01','2042-04-30',NULL,NULL,40719,0,NULL,1,0,0,1),(322,NULL,'2042-05',2042,5,'2042-05-01','2042-05-31',NULL,NULL,40719,0,NULL,1,0,0,1),(323,NULL,'2042-06',2042,6,'2042-06-01','2042-06-30',NULL,NULL,40719,0,NULL,1,0,0,1),(324,NULL,'2042-07',2042,7,'2042-07-01','2042-07-31',NULL,NULL,40719,0,NULL,1,0,0,1),(325,NULL,'2042-08',2042,8,'2042-08-01','2042-08-31',NULL,NULL,40719,0,NULL,1,0,0,1),(326,NULL,'2042-09',2042,9,'2042-09-01','2042-09-30',NULL,NULL,40719,0,NULL,1,0,0,1),(327,NULL,'2042-10',2042,10,'2042-10-01','2042-10-31',NULL,NULL,40719,0,NULL,1,0,0,1),(328,NULL,'2042-11',2042,11,'2042-11-01','2042-11-30',NULL,NULL,40719,0,NULL,1,0,0,1),(329,NULL,'2042-12',2042,12,'2042-12-01','2042-12-31',NULL,NULL,40719,0,NULL,1,0,0,1),(333,NULL,'2043-01',2043,1,'2043-01-01','2043-01-31',NULL,NULL,40719,0,NULL,1,0,0,1),(334,NULL,'2043-02',2043,2,'2043-02-01','2043-02-28',NULL,NULL,40719,0,NULL,1,0,0,1),(335,NULL,'2043-03',2043,3,'2043-03-01','2043-03-31',NULL,NULL,40719,0,NULL,1,0,0,1),(336,NULL,'2043-04',2043,4,'2043-04-01','2043-04-30',NULL,NULL,40719,0,NULL,1,0,0,1),(337,NULL,'2043-05',2043,5,'2043-05-01','2043-05-31',NULL,NULL,40719,0,NULL,1,0,0,1),(338,NULL,'2043-06',2043,6,'2043-06-01','2043-06-30',NULL,NULL,40719,0,NULL,1,0,0,1),(339,NULL,'2043-07',2043,7,'2043-07-01','2043-07-31',NULL,NULL,40719,0,NULL,1,0,0,1),(340,NULL,'2043-08',2043,8,'2043-08-01','2043-08-31',NULL,NULL,40719,0,NULL,1,0,0,1),(341,NULL,'2043-09',2043,9,'2043-09-01','2043-09-30',NULL,NULL,40719,0,NULL,1,0,0,1),(342,NULL,'2043-10',2043,10,'2043-10-01','2043-10-31',NULL,NULL,40719,0,NULL,1,0,0,1),(343,NULL,'2043-11',2043,11,'2043-11-01','2043-11-30',NULL,NULL,40719,0,NULL,1,0,0,1),(344,NULL,'2043-12',2043,12,'2043-12-01','2043-12-31',NULL,NULL,40719,0,NULL,1,0,0,1),(348,NULL,'2044-01',2044,1,'2044-01-01','2044-01-31',NULL,NULL,40719,0,NULL,1,0,0,1),(349,NULL,'2044-02',2044,2,'2044-02-01','2044-02-28',NULL,NULL,40719,0,NULL,1,0,0,1),(350,NULL,'2044-03',2044,3,'2044-03-01','2044-03-31',NULL,NULL,40719,0,NULL,1,0,0,1),(351,NULL,'2044-04',2044,4,'2044-04-01','2044-04-30',NULL,NULL,40719,0,NULL,1,0,0,1),(352,NULL,'2044-05',2044,5,'2044-05-01','2044-05-31',NULL,NULL,40719,0,NULL,1,0,0,1);
INSERT INTO `periods` VALUES (353,NULL,'2044-06',2044,6,'2044-06-01','2044-06-30',NULL,NULL,40719,0,NULL,1,0,0,1),(354,NULL,'2044-07',2044,7,'2044-07-01','2044-07-31',NULL,NULL,40719,0,NULL,1,0,0,1),(355,NULL,'2044-08',2044,8,'2044-08-01','2044-08-31',NULL,NULL,40719,0,NULL,1,0,0,1),(356,NULL,'2044-09',2044,9,'2044-09-01','2044-09-30',NULL,NULL,40719,0,NULL,1,0,0,1),(357,NULL,'2044-10',2044,10,'2044-10-01','2044-10-31',NULL,NULL,40719,0,NULL,1,0,0,1),(358,NULL,'2044-11',2044,11,'2044-11-01','2044-11-30',NULL,NULL,40719,0,NULL,1,0,0,1),(359,NULL,'2044-12',2044,12,'2044-12-01','2044-12-31',NULL,NULL,40719,0,NULL,1,0,0,1),(363,NULL,'2045-01',2045,1,'2045-01-01','2045-01-31',NULL,NULL,40719,0,NULL,1,0,0,1),(364,NULL,'2045-02',2045,2,'2045-02-01','2045-02-28',NULL,NULL,40719,0,NULL,1,0,0,1),(365,NULL,'2045-03',2045,3,'2045-03-01','2045-03-31',NULL,NULL,40719,0,NULL,1,0,0,1),(366,NULL,'2045-04',2045,4,'2045-04-01','2045-04-30',NULL,NULL,40719,0,NULL,1,0,0,1),(367,NULL,'2045-05',2045,5,'2045-05-01','2045-05-31',NULL,NULL,40719,0,NULL,1,0,0,1),(368,NULL,'2045-06',2045,6,'2045-06-01','2045-06-30',NULL,NULL,40719,0,NULL,1,0,0,1),(369,NULL,'2045-07',2045,7,'2045-07-01','2045-07-31',NULL,NULL,40719,0,NULL,1,0,0,1),(370,NULL,'2045-08',2045,8,'2045-08-01','2045-08-31',NULL,NULL,40719,0,NULL,1,0,0,1),(371,NULL,'2045-09',2045,9,'2045-09-01','2045-09-30',NULL,NULL,40719,0,NULL,1,0,0,1),(372,NULL,'2045-10',2045,10,'2045-10-01','2045-10-31',NULL,NULL,40719,0,NULL,1,0,0,1),(373,NULL,'2045-11',2045,11,'2045-11-01','2045-11-30',NULL,NULL,40719,0,NULL,1,0,0,1),(374,NULL,'2045-12',2045,12,'2045-12-01','2045-12-31',NULL,NULL,40719,0,NULL,1,0,0,1),(378,NULL,'2046-01',2046,1,'2046-01-01','2046-01-31',NULL,NULL,40719,0,NULL,1,0,0,1),(379,NULL,'2046-02',2046,2,'2046-02-01','2046-02-28',NULL,NULL,40719,0,NULL,1,0,0,1),(380,NULL,'2046-03',2046,3,'2046-03-01','2046-03-31',NULL,NULL,40719,0,NULL,1,0,0,1),(381,NULL,'2046-04',2046,4,'2046-04-01','2046-04-30',NULL,NULL,40719,0,NULL,1,0,0,1),(382,NULL,'2046-05',2046,5,'2046-05-01','2046-05-31',NULL,NULL,40719,0,NULL,1,0,0,1),(383,NULL,'2046-06',2046,6,'2046-06-01','2046-06-30',NULL,NULL,40719,0,NULL,1,0,0,1),(384,NULL,'2046-07',2046,7,'2046-07-01','2046-07-31',NULL,NULL,40719,0,NULL,1,0,0,1),(385,NULL,'2046-08',2046,8,'2046-08-01','2046-08-31',NULL,NULL,40719,0,NULL,1,0,0,1),(386,NULL,'2046-09',2046,9,'2046-09-01','2046-09-30',NULL,NULL,40719,0,NULL,1,0,0,1),(387,NULL,'2046-10',2046,10,'2046-10-01','2046-10-31',NULL,NULL,40719,0,NULL,1,0,0,1),(388,NULL,'2046-11',2046,11,'2046-11-01','2046-11-30',NULL,NULL,40719,0,NULL,1,0,0,1),(389,NULL,'2046-12',2046,12,'2046-12-01','2046-12-31',NULL,NULL,40719,0,NULL,1,0,0,1),(393,NULL,'2047-01',2047,1,'2047-01-01','2047-01-31',NULL,NULL,40719,0,NULL,1,0,0,1),(394,NULL,'2047-02',2047,2,'2047-02-01','2047-02-28',NULL,NULL,40719,0,NULL,1,0,0,1),(395,NULL,'2047-03',2047,3,'2047-03-01','2047-03-31',NULL,NULL,40719,0,NULL,1,0,0,1),(396,NULL,'2047-04',2047,4,'2047-04-01','2047-04-30',NULL,NULL,40719,0,NULL,1,0,0,1),(397,NULL,'2047-05',2047,5,'2047-05-01','2047-05-31',NULL,NULL,40719,0,NULL,1,0,0,1),(398,NULL,'2047-06',2047,6,'2047-06-01','2047-06-30',NULL,NULL,40719,0,NULL,1,0,0,1),(399,NULL,'2047-07',2047,7,'2047-07-01','2047-07-31',NULL,NULL,40719,0,NULL,1,0,0,1),(400,NULL,'2047-08',2047,8,'2047-08-01','2047-08-31',NULL,NULL,40719,0,NULL,1,0,0,1),(401,NULL,'2047-09',2047,9,'2047-09-01','2047-09-30',NULL,NULL,40719,0,NULL,1,0,0,1),(402,NULL,'2047-10',2047,10,'2047-10-01','2047-10-31',NULL,NULL,40719,0,NULL,1,0,0,1),(403,NULL,'2047-11',2047,11,'2047-11-01','2047-11-30',NULL,NULL,40719,0,NULL,1,0,0,1),(404,NULL,'2047-12',2047,12,'2047-12-01','2047-12-31',NULL,NULL,40719,0,NULL,1,0,0,1),(408,NULL,'2048-01',2048,1,'2048-01-01','2048-01-31',NULL,NULL,40719,0,NULL,1,0,0,1),(409,NULL,'2048-02',2048,2,'2048-02-01','2048-02-28',NULL,NULL,40719,0,NULL,1,0,0,1),(410,NULL,'2048-03',2048,3,'2048-03-01','2048-03-31',NULL,NULL,40719,0,NULL,1,0,0,1),(411,NULL,'2048-04',2048,4,'2048-04-01','2048-04-30',NULL,NULL,40719,0,NULL,1,0,0,1);
INSERT INTO `periods` VALUES (412,NULL,'2048-05',2048,5,'2048-05-01','2048-05-31',NULL,NULL,40719,0,NULL,1,0,0,1),(413,NULL,'2048-06',2048,6,'2048-06-01','2048-06-30',NULL,NULL,40719,0,NULL,1,0,0,1),(414,NULL,'2048-07',2048,7,'2048-07-01','2048-07-31',NULL,NULL,40719,0,NULL,1,0,0,1),(415,NULL,'2048-08',2048,8,'2048-08-01','2048-08-31',NULL,NULL,40719,0,NULL,1,0,0,1),(416,NULL,'2048-09',2048,9,'2048-09-01','2048-09-30',NULL,NULL,40719,0,NULL,1,0,0,1),(417,NULL,'2048-10',2048,10,'2048-10-01','2048-10-31',NULL,NULL,40719,0,NULL,1,0,0,1),(418,NULL,'2048-11',2048,11,'2048-11-01','2048-11-30',NULL,NULL,40719,0,NULL,1,0,0,1),(419,NULL,'2048-12',2048,12,'2048-12-01','2048-12-31',NULL,NULL,40719,0,NULL,1,0,0,1),(423,NULL,'2049-01',2049,1,'2049-01-01','2049-01-31',NULL,NULL,40719,0,NULL,1,0,0,1),(424,NULL,'2049-02',2049,2,'2049-02-01','2049-02-28',NULL,NULL,40719,0,NULL,1,0,0,1),(425,NULL,'2049-03',2049,3,'2049-03-01','2049-03-31',NULL,NULL,40719,0,NULL,1,0,0,1),(426,NULL,'2049-04',2049,4,'2049-04-01','2049-04-30',NULL,NULL,40719,0,NULL,1,0,0,1),(427,NULL,'2049-05',2049,5,'2049-05-01','2049-05-31',NULL,NULL,40719,0,NULL,1,0,0,1),(428,NULL,'2049-06',2049,6,'2049-06-01','2049-06-30',NULL,NULL,40719,0,NULL,1,0,0,1),(429,NULL,'2049-07',2049,7,'2049-07-01','2049-07-31',NULL,NULL,40719,0,NULL,1,0,0,1),(430,NULL,'2049-08',2049,8,'2049-08-01','2049-08-31',NULL,NULL,40719,0,NULL,1,0,0,1),(431,NULL,'2049-09',2049,9,'2049-09-01','2049-09-30',NULL,NULL,40719,0,NULL,1,0,0,1),(432,NULL,'2049-10',2049,10,'2049-10-01','2049-10-31',NULL,NULL,40719,0,NULL,1,0,0,1),(433,NULL,'2049-11',2049,11,'2049-11-01','2049-11-30',NULL,NULL,40719,0,NULL,1,0,0,1),(434,NULL,'2049-12',2049,12,'2049-12-01','2049-12-31',NULL,NULL,40719,0,NULL,1,0,0,1),(438,NULL,'2050-01',2050,1,'2050-01-01','2050-01-31',NULL,NULL,40719,0,NULL,1,0,0,1),(439,NULL,'2050-02',2050,2,'2050-02-01','2050-02-28',NULL,NULL,40719,0,NULL,1,0,0,1),(440,NULL,'2050-03',2050,3,'2050-03-01','2050-03-31',NULL,NULL,40719,0,NULL,1,0,0,1),(441,NULL,'2050-04',2050,4,'2050-04-01','2050-04-30',NULL,NULL,40719,0,NULL,1,0,0,1),(442,NULL,'2050-05',2050,5,'2050-05-01','2050-05-31',NULL,NULL,40719,0,NULL,1,0,0,1),(443,NULL,'2050-06',2050,6,'2050-06-01','2050-06-30',NULL,NULL,40719,0,NULL,1,0,0,1),(444,NULL,'2050-07',2050,7,'2050-07-01','2050-07-31',NULL,NULL,40719,0,NULL,1,0,0,1),(445,NULL,'2050-08',2050,8,'2050-08-01','2050-08-31',NULL,NULL,40719,0,NULL,1,0,0,1),(446,NULL,'2050-09',2050,9,'2050-09-01','2050-09-30',NULL,NULL,40719,0,NULL,1,0,0,1),(447,NULL,'2050-10',2050,10,'2050-10-01','2050-10-31',NULL,NULL,40719,0,NULL,1,0,0,1),(448,NULL,'2050-11',2050,11,'2050-11-01','2050-11-30',NULL,NULL,40719,0,NULL,1,0,0,1),(449,NULL,'2050-12',2050,12,'2050-12-01','2050-12-31',NULL,NULL,40719,0,NULL,1,0,0,1),(453,NULL,'2051-01',2051,1,'2051-01-01','2051-01-31',NULL,NULL,40719,0,NULL,1,0,0,1),(454,NULL,'2051-02',2051,2,'2051-02-01','2051-02-28',NULL,NULL,40719,0,NULL,1,0,0,1),(455,NULL,'2051-03',2051,3,'2051-03-01','2051-03-31',NULL,NULL,40719,0,NULL,1,0,0,1),(456,NULL,'2051-04',2051,4,'2051-04-01','2051-04-30',NULL,NULL,40719,0,NULL,1,0,0,1),(457,NULL,'2051-05',2051,5,'2051-05-01','2051-05-31',NULL,NULL,40719,0,NULL,1,0,0,1),(458,NULL,'2051-06',2051,6,'2051-06-01','2051-06-30',NULL,NULL,40719,0,NULL,1,0,0,1),(459,NULL,'2051-07',2051,7,'2051-07-01','2051-07-31',NULL,NULL,40719,0,NULL,1,0,0,1),(460,NULL,'2051-08',2051,8,'2051-08-01','2051-08-31',NULL,NULL,40719,0,NULL,1,0,0,1),(461,NULL,'2051-09',2051,9,'2051-09-01','2051-09-30',NULL,NULL,40719,0,NULL,1,0,0,1),(462,NULL,'2051-10',2051,10,'2051-10-01','2051-10-31',NULL,NULL,40719,0,NULL,1,0,0,1),(463,NULL,'2051-11',2051,11,'2051-11-01','2051-11-30',NULL,NULL,40719,0,NULL,1,0,0,1),(464,NULL,'2051-12',2051,12,'2051-12-01','2051-12-31',NULL,NULL,40719,0,NULL,1,0,0,1),(468,NULL,'2052-01',2052,1,'2052-01-01','2052-01-31',NULL,NULL,40719,0,NULL,1,0,0,1),(469,NULL,'2052-02',2052,2,'2052-02-01','2052-02-28',NULL,NULL,40719,0,NULL,1,0,0,1),(470,NULL,'2052-03',2052,3,'2052-03-01','2052-03-31',NULL,NULL,40719,0,NULL,1,0,0,1);
INSERT INTO `periods` VALUES (471,NULL,'2052-04',2052,4,'2052-04-01','2052-04-30',NULL,NULL,40719,0,NULL,1,0,0,1),(472,NULL,'2052-05',2052,5,'2052-05-01','2052-05-31',NULL,NULL,40719,0,NULL,1,0,0,1),(473,NULL,'2052-06',2052,6,'2052-06-01','2052-06-30',NULL,NULL,40719,0,NULL,1,0,0,1),(474,NULL,'2052-07',2052,7,'2052-07-01','2052-07-31',NULL,NULL,40719,0,NULL,1,0,0,1),(475,NULL,'2052-08',2052,8,'2052-08-01','2052-08-31',NULL,NULL,40719,0,NULL,1,0,0,1),(476,NULL,'2052-09',2052,9,'2052-09-01','2052-09-30',NULL,NULL,40719,0,NULL,1,0,0,1),(477,NULL,'2052-10',2052,10,'2052-10-01','2052-10-31',NULL,NULL,40719,0,NULL,1,0,0,1),(478,NULL,'2052-11',2052,11,'2052-11-01','2052-11-30',NULL,NULL,40719,0,NULL,1,0,0,1),(479,NULL,'2052-12',2052,12,'2052-12-01','2052-12-31',NULL,NULL,40719,0,NULL,1,0,0,1),(483,NULL,'2053-01',2053,1,'2053-01-01','2053-01-31',NULL,NULL,40719,0,NULL,1,0,0,1),(484,NULL,'2053-02',2053,2,'2053-02-01','2053-02-28',NULL,NULL,40719,0,NULL,1,0,0,1),(485,NULL,'2053-03',2053,3,'2053-03-01','2053-03-31',NULL,NULL,40719,0,NULL,1,0,0,1),(486,NULL,'2053-04',2053,4,'2053-04-01','2053-04-30',NULL,NULL,40719,0,NULL,1,0,0,1),(487,NULL,'2053-05',2053,5,'2053-05-01','2053-05-31',NULL,NULL,40719,0,NULL,1,0,0,1),(488,NULL,'2053-06',2053,6,'2053-06-01','2053-06-30',NULL,NULL,40719,0,NULL,1,0,0,1),(489,NULL,'2053-07',2053,7,'2053-07-01','2053-07-31',NULL,NULL,40719,0,NULL,1,0,0,1),(490,NULL,'2053-08',2053,8,'2053-08-01','2053-08-31',NULL,NULL,40719,0,NULL,1,0,0,1),(491,NULL,'2053-09',2053,9,'2053-09-01','2053-09-30',NULL,NULL,40719,0,NULL,1,0,0,1),(492,NULL,'2053-10',2053,10,'2053-10-01','2053-10-31',NULL,NULL,40719,0,NULL,1,0,0,1),(493,NULL,'2053-11',2053,11,'2053-11-01','2053-11-30',NULL,NULL,40719,0,NULL,1,0,0,1),(494,NULL,'2053-12',2053,12,'2053-12-01','2053-12-31',NULL,NULL,40719,0,NULL,1,0,0,1),(498,NULL,'2054-01',2054,1,'2054-01-01','2054-01-31',NULL,NULL,40719,0,NULL,1,0,0,1),(499,NULL,'2054-02',2054,2,'2054-02-01','2054-02-28',NULL,NULL,40719,0,NULL,1,0,0,1),(500,NULL,'2054-03',2054,3,'2054-03-01','2054-03-31',NULL,NULL,40719,0,NULL,1,0,0,1),(501,NULL,'2054-04',2054,4,'2054-04-01','2054-04-30',NULL,NULL,40719,0,NULL,1,0,0,1),(502,NULL,'2054-05',2054,5,'2054-05-01','2054-05-31',NULL,NULL,40719,0,NULL,1,0,0,1),(503,NULL,'2054-06',2054,6,'2054-06-01','2054-06-30',NULL,NULL,40719,0,NULL,1,0,0,1),(504,NULL,'2054-07',2054,7,'2054-07-01','2054-07-31',NULL,NULL,40719,0,NULL,1,0,0,1),(505,NULL,'2054-08',2054,8,'2054-08-01','2054-08-31',NULL,NULL,40719,0,NULL,1,0,0,1),(506,NULL,'2054-09',2054,9,'2054-09-01','2054-09-30',NULL,NULL,40719,0,NULL,1,0,0,1),(507,NULL,'2054-10',2054,10,'2054-10-01','2054-10-31',NULL,NULL,40719,0,NULL,1,0,0,1),(508,NULL,'2054-11',2054,11,'2054-11-01','2054-11-30',NULL,NULL,40719,0,NULL,1,0,0,1),(509,NULL,'2054-12',2054,12,'2054-12-01','2054-12-31',NULL,NULL,40719,0,NULL,1,0,0,1),(513,NULL,'2055-01',2055,1,'2055-01-01','2055-01-31',NULL,NULL,40719,0,NULL,1,0,0,1),(514,NULL,'2055-02',2055,2,'2055-02-01','2055-02-28',NULL,NULL,40719,0,NULL,1,0,0,1),(515,NULL,'2055-03',2055,3,'2055-03-01','2055-03-31',NULL,NULL,40719,0,NULL,1,0,0,1),(516,NULL,'2055-04',2055,4,'2055-04-01','2055-04-30',NULL,NULL,40719,0,NULL,1,0,0,1),(517,NULL,'2055-05',2055,5,'2055-05-01','2055-05-31',NULL,NULL,40719,0,NULL,1,0,0,1),(518,NULL,'2055-06',2055,6,'2055-06-01','2055-06-30',NULL,NULL,40719,0,NULL,1,0,0,1),(519,NULL,'2055-07',2055,7,'2055-07-01','2055-07-31',NULL,NULL,40719,0,NULL,1,0,0,1),(520,NULL,'2055-08',2055,8,'2055-08-01','2055-08-31',NULL,NULL,40719,0,NULL,1,0,0,1),(521,NULL,'2055-09',2055,9,'2055-09-01','2055-09-30',NULL,NULL,40719,0,NULL,1,0,0,1),(522,NULL,'2055-10',2055,10,'2055-10-01','2055-10-31',NULL,NULL,40719,0,NULL,1,0,0,1),(523,NULL,'2055-11',2055,11,'2055-11-01','2055-11-30',NULL,NULL,40719,0,NULL,1,0,0,1),(524,NULL,'2055-12',2055,12,'2055-12-01','2055-12-31',NULL,NULL,40719,0,NULL,1,0,0,1),(528,NULL,'2056-01',2056,1,'2056-01-01','2056-01-31',NULL,NULL,40719,0,NULL,1,0,0,1),(529,NULL,'2056-02',2056,2,'2056-02-01','2056-02-28',NULL,NULL,40719,0,NULL,1,0,0,1);
INSERT INTO `periods` VALUES (530,NULL,'2056-03',2056,3,'2056-03-01','2056-03-31',NULL,NULL,40719,0,NULL,1,0,0,1),(531,NULL,'2056-04',2056,4,'2056-04-01','2056-04-30',NULL,NULL,40719,0,NULL,1,0,0,1),(532,NULL,'2056-05',2056,5,'2056-05-01','2056-05-31',NULL,NULL,40719,0,NULL,1,0,0,1),(533,NULL,'2056-06',2056,6,'2056-06-01','2056-06-30',NULL,NULL,40719,0,NULL,1,0,0,1),(534,NULL,'2056-07',2056,7,'2056-07-01','2056-07-31',NULL,NULL,40719,0,NULL,1,0,0,1),(535,NULL,'2056-08',2056,8,'2056-08-01','2056-08-31',NULL,NULL,40719,0,NULL,1,0,0,1),(536,NULL,'2056-09',2056,9,'2056-09-01','2056-09-30',NULL,NULL,40719,0,NULL,1,0,0,1),(537,NULL,'2056-10',2056,10,'2056-10-01','2056-10-31',NULL,NULL,40719,0,NULL,1,0,0,1),(538,NULL,'2056-11',2056,11,'2056-11-01','2056-11-30',NULL,NULL,40719,0,NULL,1,0,0,1),(539,NULL,'2056-12',2056,12,'2056-12-01','2056-12-31',NULL,NULL,40719,0,NULL,1,0,0,1),(543,NULL,'2057-01',2057,1,'2057-01-01','2057-01-31',NULL,NULL,40719,0,NULL,1,0,0,1),(544,NULL,'2057-02',2057,2,'2057-02-01','2057-02-28',NULL,NULL,40719,0,NULL,1,0,0,1),(545,NULL,'2057-03',2057,3,'2057-03-01','2057-03-31',NULL,NULL,40719,0,NULL,1,0,0,1),(546,NULL,'2057-04',2057,4,'2057-04-01','2057-04-30',NULL,NULL,40719,0,NULL,1,0,0,1),(547,NULL,'2057-05',2057,5,'2057-05-01','2057-05-31',NULL,NULL,40719,0,NULL,1,0,0,1),(548,NULL,'2057-06',2057,6,'2057-06-01','2057-06-30',NULL,NULL,40719,0,NULL,1,0,0,1),(549,NULL,'2057-07',2057,7,'2057-07-01','2057-07-31',NULL,NULL,40719,0,NULL,1,0,0,1),(550,NULL,'2057-08',2057,8,'2057-08-01','2057-08-31',NULL,NULL,40719,0,NULL,1,0,0,1),(551,NULL,'2057-09',2057,9,'2057-09-01','2057-09-30',NULL,NULL,40719,0,NULL,1,0,0,1),(552,NULL,'2057-10',2057,10,'2057-10-01','2057-10-31',NULL,NULL,40719,0,NULL,1,0,0,1),(553,NULL,'2057-11',2057,11,'2057-11-01','2057-11-30',NULL,NULL,40719,0,NULL,1,0,0,1),(554,NULL,'2057-12',2057,12,'2057-12-01','2057-12-31',NULL,NULL,40719,0,NULL,1,0,0,1),(558,NULL,'2058-01',2058,1,'2058-01-01','2058-01-31',NULL,NULL,40719,0,NULL,1,0,0,1),(559,NULL,'2058-02',2058,2,'2058-02-01','2058-02-28',NULL,NULL,40719,0,NULL,1,0,0,1),(560,NULL,'2058-03',2058,3,'2058-03-01','2058-03-31',NULL,NULL,40719,0,NULL,1,0,0,1),(561,NULL,'2058-04',2058,4,'2058-04-01','2058-04-30',NULL,NULL,40719,0,NULL,1,0,0,1),(562,NULL,'2058-05',2058,5,'2058-05-01','2058-05-31',NULL,NULL,40719,0,NULL,1,0,0,1),(563,NULL,'2058-06',2058,6,'2058-06-01','2058-06-30',NULL,NULL,40719,0,NULL,1,0,0,1),(564,NULL,'2058-07',2058,7,'2058-07-01','2058-07-31',NULL,NULL,40719,0,NULL,1,0,0,1),(565,NULL,'2058-08',2058,8,'2058-08-01','2058-08-31',NULL,NULL,40719,0,NULL,1,0,0,1),(566,NULL,'2058-09',2058,9,'2058-09-01','2058-09-30',NULL,NULL,40719,0,NULL,1,0,0,1),(567,NULL,'2058-10',2058,10,'2058-10-01','2058-10-31',NULL,NULL,40719,0,NULL,1,0,0,1),(568,NULL,'2058-11',2058,11,'2058-11-01','2058-11-30',NULL,NULL,40719,0,NULL,1,0,0,1),(569,NULL,'2058-12',2058,12,'2058-12-01','2058-12-31',NULL,NULL,40719,0,NULL,1,0,0,1),(573,NULL,'2059-01',2059,1,'2059-01-01','2059-01-31',NULL,NULL,40719,0,NULL,1,0,0,1),(574,NULL,'2059-02',2059,2,'2059-02-01','2059-02-28',NULL,NULL,40719,0,NULL,1,0,0,1),(575,NULL,'2059-03',2059,3,'2059-03-01','2059-03-31',NULL,NULL,40719,0,NULL,1,0,0,1),(576,NULL,'2059-04',2059,4,'2059-04-01','2059-04-30',NULL,NULL,40719,0,NULL,1,0,0,1),(577,NULL,'2059-05',2059,5,'2059-05-01','2059-05-31',NULL,NULL,40719,0,NULL,1,0,0,1),(578,NULL,'2059-06',2059,6,'2059-06-01','2059-06-30',NULL,NULL,40719,0,NULL,1,0,0,1),(579,NULL,'2059-07',2059,7,'2059-07-01','2059-07-31',NULL,NULL,40719,0,NULL,1,0,0,1),(580,NULL,'2059-08',2059,8,'2059-08-01','2059-08-31',NULL,NULL,40719,0,NULL,1,0,0,1),(581,NULL,'2059-09',2059,9,'2059-09-01','2059-09-30',NULL,NULL,40719,0,NULL,1,0,0,1),(582,NULL,'2059-10',2059,10,'2059-10-01','2059-10-31',NULL,NULL,40719,0,NULL,1,0,0,1),(583,NULL,'2059-11',2059,11,'2059-11-01','2059-11-30',NULL,NULL,40719,0,NULL,1,0,0,1),(584,NULL,'2059-12',2059,12,'2059-12-01','2059-12-31',NULL,NULL,40719,0,NULL,1,0,0,1),(588,NULL,'2060-01',2060,1,'2060-01-01','2060-01-31',NULL,NULL,40719,0,NULL,1,0,0,1);
INSERT INTO `periods` VALUES (589,NULL,'2060-02',2060,2,'2060-02-01','2060-02-28',NULL,NULL,40719,0,NULL,1,0,0,1),(590,NULL,'2060-03',2060,3,'2060-03-01','2060-03-31',NULL,NULL,40719,0,NULL,1,0,0,1),(591,NULL,'2060-04',2060,4,'2060-04-01','2060-04-30',NULL,NULL,40719,0,NULL,1,0,0,1),(592,NULL,'2060-05',2060,5,'2060-05-01','2060-05-31',NULL,NULL,40719,0,NULL,1,0,0,1),(593,NULL,'2060-06',2060,6,'2060-06-01','2060-06-30',NULL,NULL,40719,0,NULL,1,0,0,1),(594,NULL,'2060-07',2060,7,'2060-07-01','2060-07-31',NULL,NULL,40719,0,NULL,1,0,0,1),(595,NULL,'2060-08',2060,8,'2060-08-01','2060-08-31',NULL,NULL,40719,0,NULL,1,0,0,1),(596,NULL,'2060-09',2060,9,'2060-09-01','2060-09-30',NULL,NULL,40719,0,NULL,1,0,0,1),(597,NULL,'2060-10',2060,10,'2060-10-01','2060-10-31',NULL,NULL,40719,0,NULL,1,0,0,1),(598,NULL,'2060-11',2060,11,'2060-11-01','2060-11-30',NULL,NULL,40719,0,NULL,1,0,0,1),(599,NULL,'2060-12',2060,12,'2060-12-01','2060-12-31',NULL,NULL,40719,0,NULL,1,0,0,1),(603,NULL,'2061-01',2061,1,'2061-01-01','2061-01-31',NULL,NULL,40719,0,NULL,1,0,0,1),(604,NULL,'2061-02',2061,2,'2061-02-01','2061-02-28',NULL,NULL,40719,0,NULL,1,0,0,1),(605,NULL,'2061-03',2061,3,'2061-03-01','2061-03-31',NULL,NULL,40719,0,NULL,1,0,0,1),(606,NULL,'2061-04',2061,4,'2061-04-01','2061-04-30',NULL,NULL,40719,0,NULL,1,0,0,1),(607,NULL,'2061-05',2061,5,'2061-05-01','2061-05-31',NULL,NULL,40719,0,NULL,1,0,0,1),(608,NULL,'2061-06',2061,6,'2061-06-01','2061-06-30',NULL,NULL,40719,0,NULL,1,0,0,1),(609,NULL,'2061-07',2061,7,'2061-07-01','2061-07-31',NULL,NULL,40719,0,NULL,1,0,0,1),(610,NULL,'2061-08',2061,8,'2061-08-01','2061-08-31',NULL,NULL,40719,0,NULL,1,0,0,1),(611,NULL,'2061-09',2061,9,'2061-09-01','2061-09-30',NULL,NULL,40719,0,NULL,1,0,0,1),(612,NULL,'2061-10',2061,10,'2061-10-01','2061-10-31',NULL,NULL,40719,0,NULL,1,0,0,1),(613,NULL,'2061-11',2061,11,'2061-11-01','2061-11-30',NULL,NULL,40719,0,NULL,1,0,0,1),(614,NULL,'2061-12',2061,12,'2061-12-01','2061-12-31',NULL,NULL,40719,0,NULL,1,0,0,1),(618,NULL,'2062-01',2062,1,'2062-01-01','2062-01-31',NULL,NULL,40719,0,NULL,1,0,0,1),(619,NULL,'2062-02',2062,2,'2062-02-01','2062-02-28',NULL,NULL,40719,0,NULL,1,0,0,1),(620,NULL,'2062-03',2062,3,'2062-03-01','2062-03-31',NULL,NULL,40719,0,NULL,1,0,0,1),(621,NULL,'2062-04',2062,4,'2062-04-01','2062-04-30',NULL,NULL,40719,0,NULL,1,0,0,1),(622,NULL,'2062-05',2062,5,'2062-05-01','2062-05-31',NULL,NULL,40719,0,NULL,1,0,0,1),(623,NULL,'2062-06',2062,6,'2062-06-01','2062-06-30',NULL,NULL,40719,0,NULL,1,0,0,1),(624,NULL,'2062-07',2062,7,'2062-07-01','2062-07-31',NULL,NULL,40719,0,NULL,1,0,0,1),(625,NULL,'2062-08',2062,8,'2062-08-01','2062-08-31',NULL,NULL,40719,0,NULL,1,0,0,1),(626,NULL,'2062-09',2062,9,'2062-09-01','2062-09-30',NULL,NULL,40719,0,NULL,1,0,0,1),(627,NULL,'2062-10',2062,10,'2062-10-01','2062-10-31',NULL,NULL,40719,0,NULL,1,0,0,1),(628,NULL,'2062-11',2062,11,'2062-11-01','2062-11-30',NULL,NULL,40719,0,NULL,1,0,0,1),(629,NULL,'2062-12',2062,12,'2062-12-01','2062-12-31',NULL,NULL,40719,0,NULL,1,0,0,1),(633,NULL,'2063-01',2063,1,'2063-01-01','2063-01-31',NULL,NULL,40719,0,NULL,1,0,0,1),(634,NULL,'2063-02',2063,2,'2063-02-01','2063-02-28',NULL,NULL,40719,0,NULL,1,0,0,1),(635,NULL,'2063-03',2063,3,'2063-03-01','2063-03-31',NULL,NULL,40719,0,NULL,1,0,0,1),(636,NULL,'2063-04',2063,4,'2063-04-01','2063-04-30',NULL,NULL,40719,0,NULL,1,0,0,1),(637,NULL,'2063-05',2063,5,'2063-05-01','2063-05-31',NULL,NULL,40719,0,NULL,1,0,0,1),(638,NULL,'2063-06',2063,6,'2063-06-01','2063-06-30',NULL,NULL,40719,0,NULL,1,0,0,1),(639,NULL,'2063-07',2063,7,'2063-07-01','2063-07-31',NULL,NULL,40719,0,NULL,1,0,0,1),(640,NULL,'2063-08',2063,8,'2063-08-01','2063-08-31',NULL,NULL,40719,0,NULL,1,0,0,1),(641,NULL,'2063-09',2063,9,'2063-09-01','2063-09-30',NULL,NULL,40719,0,NULL,1,0,0,1),(642,NULL,'2063-10',2063,10,'2063-10-01','2063-10-31',NULL,NULL,40719,0,NULL,1,0,0,1),(643,NULL,'2063-11',2063,11,'2063-11-01','2063-11-30',NULL,NULL,40719,0,NULL,1,0,0,1),(644,NULL,'2063-12',2063,12,'2063-12-01','2063-12-31',NULL,NULL,40719,0,NULL,1,0,0,1);
INSERT INTO `periods` VALUES (648,NULL,'2064-01',2064,1,'2064-01-01','2064-01-31',NULL,NULL,40719,0,NULL,1,0,0,1),(649,NULL,'2064-02',2064,2,'2064-02-01','2064-02-28',NULL,NULL,40719,0,NULL,1,0,0,1),(650,NULL,'2064-03',2064,3,'2064-03-01','2064-03-31',NULL,NULL,40719,0,NULL,1,0,0,1),(651,NULL,'2064-04',2064,4,'2064-04-01','2064-04-30',NULL,NULL,40719,0,NULL,1,0,0,1),(652,NULL,'2064-05',2064,5,'2064-05-01','2064-05-31',NULL,NULL,40719,0,NULL,1,0,0,1),(653,NULL,'2064-06',2064,6,'2064-06-01','2064-06-30',NULL,NULL,40719,0,NULL,1,0,0,1),(654,NULL,'2064-07',2064,7,'2064-07-01','2064-07-31',NULL,NULL,40719,0,NULL,1,0,0,1),(655,NULL,'2064-08',2064,8,'2064-08-01','2064-08-31',NULL,NULL,40719,0,NULL,1,0,0,1),(656,NULL,'2064-09',2064,9,'2064-09-01','2064-09-30',NULL,NULL,40719,0,NULL,1,0,0,1),(657,NULL,'2064-10',2064,10,'2064-10-01','2064-10-31',NULL,NULL,40719,0,NULL,1,0,0,1),(658,NULL,'2064-11',2064,11,'2064-11-01','2064-11-30',NULL,NULL,40719,0,NULL,1,0,0,1),(659,NULL,'2064-12',2064,12,'2064-12-01','2064-12-31',NULL,NULL,40719,0,NULL,1,0,0,1),(663,NULL,'2065-01',2065,1,'2065-01-01','2065-01-31',NULL,NULL,40719,0,NULL,1,0,0,1),(664,NULL,'2065-02',2065,2,'2065-02-01','2065-02-28',NULL,NULL,40719,0,NULL,1,0,0,1),(665,NULL,'2065-03',2065,3,'2065-03-01','2065-03-31',NULL,NULL,40719,0,NULL,1,0,0,1),(666,NULL,'2065-04',2065,4,'2065-04-01','2065-04-30',NULL,NULL,40719,0,NULL,1,0,0,1),(667,NULL,'2065-05',2065,5,'2065-05-01','2065-05-31',NULL,NULL,40719,0,NULL,1,0,0,1),(668,NULL,'2065-06',2065,6,'2065-06-01','2065-06-30',NULL,NULL,40719,0,NULL,1,0,0,1),(669,NULL,'2065-07',2065,7,'2065-07-01','2065-07-31',NULL,NULL,40719,0,NULL,1,0,0,1),(670,NULL,'2065-08',2065,8,'2065-08-01','2065-08-31',NULL,NULL,40719,0,NULL,1,0,0,1),(671,NULL,'2065-09',2065,9,'2065-09-01','2065-09-30',NULL,NULL,40719,0,NULL,1,0,0,1),(672,NULL,'2065-10',2065,10,'2065-10-01','2065-10-31',NULL,NULL,40719,0,NULL,1,0,0,1),(673,NULL,'2065-11',2065,11,'2065-11-01','2065-11-30',NULL,NULL,40719,0,NULL,1,0,0,1),(674,NULL,'2065-12',2065,12,'2065-12-01','2065-12-31',NULL,NULL,40719,0,NULL,1,0,0,1),(678,NULL,'2066-01',2066,1,'2066-01-01','2066-01-31',NULL,NULL,40719,0,NULL,1,0,0,1),(679,NULL,'2066-02',2066,2,'2066-02-01','2066-02-28',NULL,NULL,40719,0,NULL,1,0,0,1),(680,NULL,'2066-03',2066,3,'2066-03-01','2066-03-31',NULL,NULL,40719,0,NULL,1,0,0,1),(681,NULL,'2066-04',2066,4,'2066-04-01','2066-04-30',NULL,NULL,40719,0,NULL,1,0,0,1),(682,NULL,'2066-05',2066,5,'2066-05-01','2066-05-31',NULL,NULL,40719,0,NULL,1,0,0,1),(683,NULL,'2066-06',2066,6,'2066-06-01','2066-06-30',NULL,NULL,40719,0,NULL,1,0,0,1),(684,NULL,'2066-07',2066,7,'2066-07-01','2066-07-31',NULL,NULL,40719,0,NULL,1,0,0,1),(685,NULL,'2066-08',2066,8,'2066-08-01','2066-08-31',NULL,NULL,40719,0,NULL,1,0,0,1),(686,NULL,'2066-09',2066,9,'2066-09-01','2066-09-30',NULL,NULL,40719,0,NULL,1,0,0,1),(687,NULL,'2066-10',2066,10,'2066-10-01','2066-10-31',NULL,NULL,40719,0,NULL,1,0,0,1),(688,NULL,'2066-11',2066,11,'2066-11-01','2066-11-30',NULL,NULL,40719,0,NULL,1,0,0,1),(689,NULL,'2066-12',2066,12,'2066-12-01','2066-12-31',NULL,NULL,40719,0,NULL,1,0,0,1),(693,NULL,'2067-01',2067,1,'2067-01-01','2067-01-31',NULL,NULL,40719,0,NULL,1,0,0,1),(694,NULL,'2067-02',2067,2,'2067-02-01','2067-02-28',NULL,NULL,40719,0,NULL,1,0,0,1),(695,NULL,'2067-03',2067,3,'2067-03-01','2067-03-31',NULL,NULL,40719,0,NULL,1,0,0,1),(696,NULL,'2067-04',2067,4,'2067-04-01','2067-04-30',NULL,NULL,40719,0,NULL,1,0,0,1),(697,NULL,'2067-05',2067,5,'2067-05-01','2067-05-31',NULL,NULL,40719,0,NULL,1,0,0,1),(698,NULL,'2067-06',2067,6,'2067-06-01','2067-06-30',NULL,NULL,40719,0,NULL,1,0,0,1),(699,NULL,'2067-07',2067,7,'2067-07-01','2067-07-31',NULL,NULL,40719,0,NULL,1,0,0,1),(700,NULL,'2067-08',2067,8,'2067-08-01','2067-08-31',NULL,NULL,40719,0,NULL,1,0,0,1),(701,NULL,'2067-09',2067,9,'2067-09-01','2067-09-30',NULL,NULL,40719,0,NULL,1,0,0,1),(702,NULL,'2067-10',2067,10,'2067-10-01','2067-10-31',NULL,NULL,40719,0,NULL,1,0,0,1),(703,NULL,'2067-11',2067,11,'2067-11-01','2067-11-30',NULL,NULL,40719,0,NULL,1,0,0,1);
INSERT INTO `periods` VALUES (704,NULL,'2067-12',2067,12,'2067-12-01','2067-12-31',NULL,NULL,40719,0,NULL,1,0,0,1),(708,NULL,'2068-01',2068,1,'2068-01-01','2068-01-31',NULL,NULL,40719,0,NULL,1,0,0,1),(709,NULL,'2068-02',2068,2,'2068-02-01','2068-02-28',NULL,NULL,40719,0,NULL,1,0,0,1),(710,NULL,'2068-03',2068,3,'2068-03-01','2068-03-31',NULL,NULL,40719,0,NULL,1,0,0,1),(711,NULL,'2068-04',2068,4,'2068-04-01','2068-04-30',NULL,NULL,40719,0,NULL,1,0,0,1),(712,NULL,'2068-05',2068,5,'2068-05-01','2068-05-31',NULL,NULL,40719,0,NULL,1,0,0,1),(713,NULL,'2068-06',2068,6,'2068-06-01','2068-06-30',NULL,NULL,40719,0,NULL,1,0,0,1),(714,NULL,'2068-07',2068,7,'2068-07-01','2068-07-31',NULL,NULL,40719,0,NULL,1,0,0,1),(715,NULL,'2068-08',2068,8,'2068-08-01','2068-08-31',NULL,NULL,40719,0,NULL,1,0,0,1),(716,NULL,'2068-09',2068,9,'2068-09-01','2068-09-30',NULL,NULL,40719,0,NULL,1,0,0,1),(717,NULL,'2068-10',2068,10,'2068-10-01','2068-10-31',NULL,NULL,40719,0,NULL,1,0,0,1),(718,NULL,'2068-11',2068,11,'2068-11-01','2068-11-30',NULL,NULL,40719,0,NULL,1,0,0,1),(719,NULL,'2068-12',2068,12,'2068-12-01','2068-12-31',NULL,NULL,40719,0,NULL,1,0,0,1),(723,NULL,'2069-01',2069,1,'2069-01-01','2069-01-31',NULL,NULL,40719,0,NULL,1,0,0,1),(724,NULL,'2069-02',2069,2,'2069-02-01','2069-02-28',NULL,NULL,40719,0,NULL,1,0,0,1),(725,NULL,'2069-03',2069,3,'2069-03-01','2069-03-31',NULL,NULL,40719,0,NULL,1,0,0,1),(726,NULL,'2069-04',2069,4,'2069-04-01','2069-04-30',NULL,NULL,40719,0,NULL,1,0,0,1),(727,NULL,'2069-05',2069,5,'2069-05-01','2069-05-31',NULL,NULL,40719,0,NULL,1,0,0,1),(728,NULL,'2069-06',2069,6,'2069-06-01','2069-06-30',NULL,NULL,40719,0,NULL,1,0,0,1),(729,NULL,'2069-07',2069,7,'2069-07-01','2069-07-31',NULL,NULL,40719,0,NULL,1,0,0,1),(730,NULL,'2069-08',2069,8,'2069-08-01','2069-08-31',NULL,NULL,40719,0,NULL,1,0,0,1),(731,NULL,'2069-09',2069,9,'2069-09-01','2069-09-30',NULL,NULL,40719,0,NULL,1,0,0,1),(732,NULL,'2069-10',2069,10,'2069-10-01','2069-10-31',NULL,NULL,40719,0,NULL,1,0,0,1),(733,NULL,'2069-11',2069,11,'2069-11-01','2069-11-30',NULL,NULL,40719,0,NULL,1,0,0,1),(734,NULL,'2069-12',2069,12,'2069-12-01','2069-12-31',NULL,NULL,40719,0,NULL,1,0,0,1),(738,NULL,'2070-01',2070,1,'2070-01-01','2070-01-31',NULL,NULL,40719,0,NULL,1,0,0,1),(739,NULL,'2070-02',2070,2,'2070-02-01','2070-02-28',NULL,NULL,40719,0,NULL,1,0,0,1),(740,NULL,'2070-03',2070,3,'2070-03-01','2070-03-31',NULL,NULL,40719,0,NULL,1,0,0,1),(741,NULL,'2070-04',2070,4,'2070-04-01','2070-04-30',NULL,NULL,40719,0,NULL,1,0,0,1),(742,NULL,'2070-05',2070,5,'2070-05-01','2070-05-31',NULL,NULL,40719,0,NULL,1,0,0,1),(743,NULL,'2070-06',2070,6,'2070-06-01','2070-06-30',NULL,NULL,40719,0,NULL,1,0,0,1),(744,NULL,'2070-07',2070,7,'2070-07-01','2070-07-31',NULL,NULL,40719,0,NULL,1,0,0,1),(745,NULL,'2070-08',2070,8,'2070-08-01','2070-08-31',NULL,NULL,40719,0,NULL,1,0,0,1),(746,NULL,'2070-09',2070,9,'2070-09-01','2070-09-30',NULL,NULL,40719,0,NULL,1,0,0,1),(747,NULL,'2070-10',2070,10,'2070-10-01','2070-10-31',NULL,NULL,40719,0,NULL,1,0,0,1),(748,NULL,'2070-11',2070,11,'2070-11-01','2070-11-30',NULL,NULL,40719,0,NULL,1,0,0,1),(749,NULL,'2070-12',2070,12,'2070-12-01','2070-12-31',NULL,NULL,40719,0,NULL,1,0,0,1),(753,NULL,'2071-01',2071,1,'2071-01-01','2071-01-31',NULL,NULL,40719,0,NULL,1,0,0,1),(754,NULL,'2071-02',2071,2,'2071-02-01','2071-02-28',NULL,NULL,40719,0,NULL,1,0,0,1),(755,NULL,'2071-03',2071,3,'2071-03-01','2071-03-31',NULL,NULL,40719,0,NULL,1,0,0,1),(756,NULL,'2071-04',2071,4,'2071-04-01','2071-04-30',NULL,NULL,40719,0,NULL,1,0,0,1),(757,NULL,'2071-05',2071,5,'2071-05-01','2071-05-31',NULL,NULL,40719,0,NULL,1,0,0,1),(758,NULL,'2071-06',2071,6,'2071-06-01','2071-06-30',NULL,NULL,40719,0,NULL,1,0,0,1),(759,NULL,'2071-07',2071,7,'2071-07-01','2071-07-31',NULL,NULL,40719,0,NULL,1,0,0,1),(760,NULL,'2071-08',2071,8,'2071-08-01','2071-08-31',NULL,NULL,40719,0,NULL,1,0,0,1),(761,NULL,'2071-09',2071,9,'2071-09-01','2071-09-30',NULL,NULL,40719,0,NULL,1,0,0,1),(762,NULL,'2071-10',2071,10,'2071-10-01','2071-10-31',NULL,NULL,40719,0,NULL,1,0,0,1);
INSERT INTO `periods` VALUES (763,NULL,'2071-11',2071,11,'2071-11-01','2071-11-30',NULL,NULL,40719,0,NULL,1,0,0,1),(764,NULL,'2071-12',2071,12,'2071-12-01','2071-12-31',NULL,NULL,40719,0,NULL,1,0,0,1),(768,NULL,'2072-01',2072,1,'2072-01-01','2072-01-31',NULL,NULL,40719,0,NULL,1,0,0,1),(769,NULL,'2072-02',2072,2,'2072-02-01','2072-02-28',NULL,NULL,40719,0,NULL,1,0,0,1),(770,NULL,'2072-03',2072,3,'2072-03-01','2072-03-31',NULL,NULL,40719,0,NULL,1,0,0,1),(771,NULL,'2072-04',2072,4,'2072-04-01','2072-04-30',NULL,NULL,40719,0,NULL,1,0,0,1),(772,NULL,'2072-05',2072,5,'2072-05-01','2072-05-31',NULL,NULL,40719,0,NULL,1,0,0,1),(773,NULL,'2072-06',2072,6,'2072-06-01','2072-06-30',NULL,NULL,40719,0,NULL,1,0,0,1),(774,NULL,'2072-07',2072,7,'2072-07-01','2072-07-31',NULL,NULL,40719,0,NULL,1,0,0,1),(775,NULL,'2072-08',2072,8,'2072-08-01','2072-08-31',NULL,NULL,40719,0,NULL,1,0,0,1),(776,NULL,'2072-09',2072,9,'2072-09-01','2072-09-30',NULL,NULL,40719,0,NULL,1,0,0,1),(777,NULL,'2072-10',2072,10,'2072-10-01','2072-10-31',NULL,NULL,40719,0,NULL,1,0,0,1),(778,NULL,'2072-11',2072,11,'2072-11-01','2072-11-30',NULL,NULL,40719,0,NULL,1,0,0,1),(779,NULL,'2072-12',2072,12,'2072-12-01','2072-12-31',NULL,NULL,40719,0,NULL,1,0,0,1),(783,NULL,'2073-01',2073,1,'2073-01-01','2073-01-31',NULL,NULL,40719,0,NULL,1,0,0,1),(784,NULL,'2073-02',2073,2,'2073-02-01','2073-02-28',NULL,NULL,40719,0,NULL,1,0,0,1),(785,NULL,'2073-03',2073,3,'2073-03-01','2073-03-31',NULL,NULL,40719,0,NULL,1,0,0,1),(786,NULL,'2073-04',2073,4,'2073-04-01','2073-04-30',NULL,NULL,40719,0,NULL,1,0,0,1),(787,NULL,'2073-05',2073,5,'2073-05-01','2073-05-31',NULL,NULL,40719,0,NULL,1,0,0,1),(788,NULL,'2073-06',2073,6,'2073-06-01','2073-06-30',NULL,NULL,40719,0,NULL,1,0,0,1),(789,NULL,'2073-07',2073,7,'2073-07-01','2073-07-31',NULL,NULL,40719,0,NULL,1,0,0,1),(790,NULL,'2073-08',2073,8,'2073-08-01','2073-08-31',NULL,NULL,40719,0,NULL,1,0,0,1),(791,NULL,'2073-09',2073,9,'2073-09-01','2073-09-30',NULL,NULL,40719,0,NULL,1,0,0,1),(792,NULL,'2073-10',2073,10,'2073-10-01','2073-10-31',NULL,NULL,40719,0,NULL,1,0,0,1),(793,NULL,'2073-11',2073,11,'2073-11-01','2073-11-30',NULL,NULL,40719,0,NULL,1,0,0,1),(794,NULL,'2073-12',2073,12,'2073-12-01','2073-12-31',NULL,NULL,40719,0,NULL,1,0,0,1),(798,NULL,'2074-01',2074,1,'2074-01-01','2074-01-31',NULL,NULL,40719,0,NULL,1,0,0,1),(799,NULL,'2074-02',2074,2,'2074-02-01','2074-02-28',NULL,NULL,40719,0,NULL,1,0,0,1),(800,NULL,'2074-03',2074,3,'2074-03-01','2074-03-31',NULL,NULL,40719,0,NULL,1,0,0,1),(801,NULL,'2074-04',2074,4,'2074-04-01','2074-04-30',NULL,NULL,40719,0,NULL,1,0,0,1),(802,NULL,'2074-05',2074,5,'2074-05-01','2074-05-31',NULL,NULL,40719,0,NULL,1,0,0,1),(803,NULL,'2074-06',2074,6,'2074-06-01','2074-06-30',NULL,NULL,40719,0,NULL,1,0,0,1),(804,NULL,'2074-07',2074,7,'2074-07-01','2074-07-31',NULL,NULL,40719,0,NULL,1,0,0,1),(805,NULL,'2074-08',2074,8,'2074-08-01','2074-08-31',NULL,NULL,40719,0,NULL,1,0,0,1),(806,NULL,'2074-09',2074,9,'2074-09-01','2074-09-30',NULL,NULL,40719,0,NULL,1,0,0,1),(807,NULL,'2074-10',2074,10,'2074-10-01','2074-10-31',NULL,NULL,40719,0,NULL,1,0,0,1),(808,NULL,'2074-11',2074,11,'2074-11-01','2074-11-30',NULL,NULL,40719,0,NULL,1,0,0,1),(809,NULL,'2074-12',2074,12,'2074-12-01','2074-12-31',NULL,NULL,40719,0,NULL,1,0,0,1),(813,NULL,'2075-01',2075,1,'2075-01-01','2075-01-31',NULL,NULL,40719,0,NULL,1,0,0,1),(814,NULL,'2075-02',2075,2,'2075-02-01','2075-02-28',NULL,NULL,40719,0,NULL,1,0,0,1),(815,NULL,'2075-03',2075,3,'2075-03-01','2075-03-31',NULL,NULL,40719,0,NULL,1,0,0,1),(816,NULL,'2075-04',2075,4,'2075-04-01','2075-04-30',NULL,NULL,40719,0,NULL,1,0,0,1),(817,NULL,'2075-05',2075,5,'2075-05-01','2075-05-31',NULL,NULL,40719,0,NULL,1,0,0,1),(818,NULL,'2075-06',2075,6,'2075-06-01','2075-06-30',NULL,NULL,40719,0,NULL,1,0,0,1),(819,NULL,'2075-07',2075,7,'2075-07-01','2075-07-31',NULL,NULL,40719,0,NULL,1,0,0,1),(820,NULL,'2075-08',2075,8,'2075-08-01','2075-08-31',NULL,NULL,40719,0,NULL,1,0,0,1),(821,NULL,'2075-09',2075,9,'2075-09-01','2075-09-30',NULL,NULL,40719,0,NULL,1,0,0,1);
INSERT INTO `periods` VALUES (822,NULL,'2075-10',2075,10,'2075-10-01','2075-10-31',NULL,NULL,40719,0,NULL,1,0,0,1),(823,NULL,'2075-11',2075,11,'2075-11-01','2075-11-30',NULL,NULL,40719,0,NULL,1,0,0,1),(824,NULL,'2075-12',2075,12,'2075-12-01','2075-12-31',NULL,NULL,40719,0,NULL,1,0,0,1),(828,NULL,'2076-01',2076,1,'2076-01-01','2076-01-31',NULL,NULL,40719,0,NULL,1,0,0,1),(829,NULL,'2076-02',2076,2,'2076-02-01','2076-02-28',NULL,NULL,40719,0,NULL,1,0,0,1),(830,NULL,'2076-03',2076,3,'2076-03-01','2076-03-31',NULL,NULL,40719,0,NULL,1,0,0,1),(831,NULL,'2076-04',2076,4,'2076-04-01','2076-04-30',NULL,NULL,40719,0,NULL,1,0,0,1),(832,NULL,'2076-05',2076,5,'2076-05-01','2076-05-31',NULL,NULL,40719,0,NULL,1,0,0,1),(833,NULL,'2076-06',2076,6,'2076-06-01','2076-06-30',NULL,NULL,40719,0,NULL,1,0,0,1),(834,NULL,'2076-07',2076,7,'2076-07-01','2076-07-31',NULL,NULL,40719,0,NULL,1,0,0,1),(835,NULL,'2076-08',2076,8,'2076-08-01','2076-08-31',NULL,NULL,40719,0,NULL,1,0,0,1),(836,NULL,'2076-09',2076,9,'2076-09-01','2076-09-30',NULL,NULL,40719,0,NULL,1,0,0,1),(837,NULL,'2076-10',2076,10,'2076-10-01','2076-10-31',NULL,NULL,40719,0,NULL,1,0,0,1),(838,NULL,'2076-11',2076,11,'2076-11-01','2076-11-30',NULL,NULL,40719,0,NULL,1,0,0,1),(839,NULL,'2076-12',2076,12,'2076-12-01','2076-12-31',NULL,NULL,40719,0,NULL,1,0,0,1),(843,NULL,'2077-01',2077,1,'2077-01-01','2077-01-31',NULL,NULL,40719,0,NULL,1,0,0,1),(844,NULL,'2077-02',2077,2,'2077-02-01','2077-02-28',NULL,NULL,40719,0,NULL,1,0,0,1),(845,NULL,'2077-03',2077,3,'2077-03-01','2077-03-31',NULL,NULL,40719,0,NULL,1,0,0,1),(846,NULL,'2077-04',2077,4,'2077-04-01','2077-04-30',NULL,NULL,40719,0,NULL,1,0,0,1),(847,NULL,'2077-05',2077,5,'2077-05-01','2077-05-31',NULL,NULL,40719,0,NULL,1,0,0,1),(848,NULL,'2077-06',2077,6,'2077-06-01','2077-06-30',NULL,NULL,40719,0,NULL,1,0,0,1),(849,NULL,'2077-07',2077,7,'2077-07-01','2077-07-31',NULL,NULL,40719,0,NULL,1,0,0,1),(850,NULL,'2077-08',2077,8,'2077-08-01','2077-08-31',NULL,NULL,40719,0,NULL,1,0,0,1),(851,NULL,'2077-09',2077,9,'2077-09-01','2077-09-30',NULL,NULL,40719,0,NULL,1,0,0,1),(852,NULL,'2077-10',2077,10,'2077-10-01','2077-10-31',NULL,NULL,40719,0,NULL,1,0,0,1),(853,NULL,'2077-11',2077,11,'2077-11-01','2077-11-30',NULL,NULL,40719,0,NULL,1,0,0,1),(854,NULL,'2077-12',2077,12,'2077-12-01','2077-12-31',NULL,NULL,40719,0,NULL,1,0,0,1),(858,NULL,'2078-01',2078,1,'2078-01-01','2078-01-31',NULL,NULL,40719,0,NULL,1,0,0,1),(859,NULL,'2078-02',2078,2,'2078-02-01','2078-02-28',NULL,NULL,40719,0,NULL,1,0,0,1),(860,NULL,'2078-03',2078,3,'2078-03-01','2078-03-31',NULL,NULL,40719,0,NULL,1,0,0,1),(861,NULL,'2078-04',2078,4,'2078-04-01','2078-04-30',NULL,NULL,40719,0,NULL,1,0,0,1),(862,NULL,'2078-05',2078,5,'2078-05-01','2078-05-31',NULL,NULL,40719,0,NULL,1,0,0,1),(863,NULL,'2078-06',2078,6,'2078-06-01','2078-06-30',NULL,NULL,40719,0,NULL,1,0,0,1),(864,NULL,'2078-07',2078,7,'2078-07-01','2078-07-31',NULL,NULL,40719,0,NULL,1,0,0,1),(865,NULL,'2078-08',2078,8,'2078-08-01','2078-08-31',NULL,NULL,40719,0,NULL,1,0,0,1),(866,NULL,'2078-09',2078,9,'2078-09-01','2078-09-30',NULL,NULL,40719,0,NULL,1,0,0,1),(867,NULL,'2078-10',2078,10,'2078-10-01','2078-10-31',NULL,NULL,40719,0,NULL,1,0,0,1),(868,NULL,'2078-11',2078,11,'2078-11-01','2078-11-30',NULL,NULL,40719,0,NULL,1,0,0,1),(869,NULL,'2078-12',2078,12,'2078-12-01','2078-12-31',NULL,NULL,40719,0,NULL,1,0,0,1),(873,NULL,'2079-01',2079,1,'2079-01-01','2079-01-31',NULL,NULL,40719,0,NULL,1,0,0,1),(874,NULL,'2079-02',2079,2,'2079-02-01','2079-02-28',NULL,NULL,40719,0,NULL,1,0,0,1),(875,NULL,'2079-03',2079,3,'2079-03-01','2079-03-31',NULL,NULL,40719,0,NULL,1,0,0,1),(876,NULL,'2079-04',2079,4,'2079-04-01','2079-04-30',NULL,NULL,40719,0,NULL,1,0,0,1),(877,NULL,'2079-05',2079,5,'2079-05-01','2079-05-31',NULL,NULL,40719,0,NULL,1,0,0,1),(878,NULL,'2079-06',2079,6,'2079-06-01','2079-06-30',NULL,NULL,40719,0,NULL,1,0,0,1),(879,NULL,'2079-07',2079,7,'2079-07-01','2079-07-31',NULL,NULL,40719,0,NULL,1,0,0,1),(880,NULL,'2079-08',2079,8,'2079-08-01','2079-08-31',NULL,NULL,40719,0,NULL,1,0,0,1);
INSERT INTO `periods` VALUES (881,NULL,'2079-09',2079,9,'2079-09-01','2079-09-30',NULL,NULL,40719,0,NULL,1,0,0,1),(882,NULL,'2079-10',2079,10,'2079-10-01','2079-10-31',NULL,NULL,40719,0,NULL,1,0,0,1),(883,NULL,'2079-11',2079,11,'2079-11-01','2079-11-30',NULL,NULL,40719,0,NULL,1,0,0,1),(884,NULL,'2079-12',2079,12,'2079-12-01','2079-12-31',NULL,NULL,40719,0,NULL,1,0,0,1),(888,NULL,'2080-01',2080,1,'2080-01-01','2080-01-31',NULL,NULL,40719,0,NULL,1,0,0,1),(889,NULL,'2080-02',2080,2,'2080-02-01','2080-02-28',NULL,NULL,40719,0,NULL,1,0,0,1),(890,NULL,'2080-03',2080,3,'2080-03-01','2080-03-31',NULL,NULL,40719,0,NULL,1,0,0,1),(891,NULL,'2080-04',2080,4,'2080-04-01','2080-04-30',NULL,NULL,40719,0,NULL,1,0,0,1),(892,NULL,'2080-05',2080,5,'2080-05-01','2080-05-31',NULL,NULL,40719,0,NULL,1,0,0,1),(893,NULL,'2080-06',2080,6,'2080-06-01','2080-06-30',NULL,NULL,40719,0,NULL,1,0,0,1),(894,NULL,'2080-07',2080,7,'2080-07-01','2080-07-31',NULL,NULL,40719,0,NULL,1,0,0,1),(895,NULL,'2080-08',2080,8,'2080-08-01','2080-08-31',NULL,NULL,40719,0,NULL,1,0,0,1),(896,NULL,'2080-09',2080,9,'2080-09-01','2080-09-30',NULL,NULL,40719,0,NULL,1,0,0,1),(897,NULL,'2080-10',2080,10,'2080-10-01','2080-10-31',NULL,NULL,40719,0,NULL,1,0,0,1),(898,NULL,'2080-11',2080,11,'2080-11-01','2080-11-30',NULL,NULL,40719,0,NULL,1,0,0,1),(899,NULL,'2080-12',2080,12,'2080-12-01','2080-12-31',NULL,NULL,40719,0,NULL,1,0,0,1),(903,NULL,'2081-01',2081,1,'2081-01-01','2081-01-31',NULL,NULL,40719,0,NULL,1,0,0,1),(904,NULL,'2081-02',2081,2,'2081-02-01','2081-02-28',NULL,NULL,40719,0,NULL,1,0,0,1),(905,NULL,'2081-03',2081,3,'2081-03-01','2081-03-31',NULL,NULL,40719,0,NULL,1,0,0,1),(906,NULL,'2081-04',2081,4,'2081-04-01','2081-04-30',NULL,NULL,40719,0,NULL,1,0,0,1),(907,NULL,'2081-05',2081,5,'2081-05-01','2081-05-31',NULL,NULL,40719,0,NULL,1,0,0,1),(908,NULL,'2081-06',2081,6,'2081-06-01','2081-06-30',NULL,NULL,40719,0,NULL,1,0,0,1),(909,NULL,'2081-07',2081,7,'2081-07-01','2081-07-31',NULL,NULL,40719,0,NULL,1,0,0,1),(910,NULL,'2081-08',2081,8,'2081-08-01','2081-08-31',NULL,NULL,40719,0,NULL,1,0,0,1),(911,NULL,'2081-09',2081,9,'2081-09-01','2081-09-30',NULL,NULL,40719,0,NULL,1,0,0,1),(912,NULL,'2081-10',2081,10,'2081-10-01','2081-10-31',NULL,NULL,40719,0,NULL,1,0,0,1),(913,NULL,'2081-11',2081,11,'2081-11-01','2081-11-30',NULL,NULL,40719,0,NULL,1,0,0,1),(914,NULL,'2081-12',2081,12,'2081-12-01','2081-12-31',NULL,NULL,40719,0,NULL,1,0,0,1),(918,NULL,'2082-01',2082,1,'2082-01-01','2082-01-31',NULL,NULL,40719,0,NULL,1,0,0,1),(919,NULL,'2082-02',2082,2,'2082-02-01','2082-02-28',NULL,NULL,40719,0,NULL,1,0,0,1),(920,NULL,'2082-03',2082,3,'2082-03-01','2082-03-31',NULL,NULL,40719,0,NULL,1,0,0,1),(921,NULL,'2082-04',2082,4,'2082-04-01','2082-04-30',NULL,NULL,40719,0,NULL,1,0,0,1),(922,NULL,'2082-05',2082,5,'2082-05-01','2082-05-31',NULL,NULL,40719,0,NULL,1,0,0,1),(923,NULL,'2082-06',2082,6,'2082-06-01','2082-06-30',NULL,NULL,40719,0,NULL,1,0,0,1),(924,NULL,'2082-07',2082,7,'2082-07-01','2082-07-31',NULL,NULL,40719,0,NULL,1,0,0,1),(925,NULL,'2082-08',2082,8,'2082-08-01','2082-08-31',NULL,NULL,40719,0,NULL,1,0,0,1),(926,NULL,'2082-09',2082,9,'2082-09-01','2082-09-30',NULL,NULL,40719,0,NULL,1,0,0,1),(927,NULL,'2082-10',2082,10,'2082-10-01','2082-10-31',NULL,NULL,40719,0,NULL,1,0,0,1),(928,NULL,'2082-11',2082,11,'2082-11-01','2082-11-30',NULL,NULL,40719,0,NULL,1,0,0,1),(929,NULL,'2082-12',2082,12,'2082-12-01','2082-12-31',NULL,NULL,40719,0,NULL,1,0,0,1),(933,NULL,'2083-01',2083,1,'2083-01-01','2083-01-31',NULL,NULL,40719,0,NULL,1,0,0,1),(934,NULL,'2083-02',2083,2,'2083-02-01','2083-02-28',NULL,NULL,40719,0,NULL,1,0,0,1),(935,NULL,'2083-03',2083,3,'2083-03-01','2083-03-31',NULL,NULL,40719,0,NULL,1,0,0,1),(936,NULL,'2083-04',2083,4,'2083-04-01','2083-04-30',NULL,NULL,40719,0,NULL,1,0,0,1),(937,NULL,'2083-05',2083,5,'2083-05-01','2083-05-31',NULL,NULL,40719,0,NULL,1,0,0,1),(938,NULL,'2083-06',2083,6,'2083-06-01','2083-06-30',NULL,NULL,40719,0,NULL,1,0,0,1),(939,NULL,'2083-07',2083,7,'2083-07-01','2083-07-31',NULL,NULL,40719,0,NULL,1,0,0,1);
INSERT INTO `periods` VALUES (940,NULL,'2083-08',2083,8,'2083-08-01','2083-08-31',NULL,NULL,40719,0,NULL,1,0,0,1),(941,NULL,'2083-09',2083,9,'2083-09-01','2083-09-30',NULL,NULL,40719,0,NULL,1,0,0,1),(942,NULL,'2083-10',2083,10,'2083-10-01','2083-10-31',NULL,NULL,40719,0,NULL,1,0,0,1),(943,NULL,'2083-11',2083,11,'2083-11-01','2083-11-30',NULL,NULL,40719,0,NULL,1,0,0,1),(944,NULL,'2083-12',2083,12,'2083-12-01','2083-12-31',NULL,NULL,40719,0,NULL,1,0,0,1),(948,NULL,'2084-01',2084,1,'2084-01-01','2084-01-31',NULL,NULL,40719,0,NULL,1,0,0,1),(949,NULL,'2084-02',2084,2,'2084-02-01','2084-02-28',NULL,NULL,40719,0,NULL,1,0,0,1),(950,NULL,'2084-03',2084,3,'2084-03-01','2084-03-31',NULL,NULL,40719,0,NULL,1,0,0,1),(951,NULL,'2084-04',2084,4,'2084-04-01','2084-04-30',NULL,NULL,40719,0,NULL,1,0,0,1),(952,NULL,'2084-05',2084,5,'2084-05-01','2084-05-31',NULL,NULL,40719,0,NULL,1,0,0,1),(953,NULL,'2084-06',2084,6,'2084-06-01','2084-06-30',NULL,NULL,40719,0,NULL,1,0,0,1),(954,NULL,'2084-07',2084,7,'2084-07-01','2084-07-31',NULL,NULL,40719,0,NULL,1,0,0,1),(955,NULL,'2084-08',2084,8,'2084-08-01','2084-08-31',NULL,NULL,40719,0,NULL,1,0,0,1),(956,NULL,'2084-09',2084,9,'2084-09-01','2084-09-30',NULL,NULL,40719,0,NULL,1,0,0,1),(957,NULL,'2084-10',2084,10,'2084-10-01','2084-10-31',NULL,NULL,40719,0,NULL,1,0,0,1),(958,NULL,'2084-11',2084,11,'2084-11-01','2084-11-30',NULL,NULL,40719,0,NULL,1,0,0,1),(959,NULL,'2084-12',2084,12,'2084-12-01','2084-12-31',NULL,NULL,40719,0,NULL,1,0,0,1),(963,NULL,'2085-01',2085,1,'2085-01-01','2085-01-31',NULL,NULL,40719,0,NULL,1,0,0,1),(964,NULL,'2085-02',2085,2,'2085-02-01','2085-02-28',NULL,NULL,40719,0,NULL,1,0,0,1),(965,NULL,'2085-03',2085,3,'2085-03-01','2085-03-31',NULL,NULL,40719,0,NULL,1,0,0,1),(966,NULL,'2085-04',2085,4,'2085-04-01','2085-04-30',NULL,NULL,40719,0,NULL,1,0,0,1),(967,NULL,'2085-05',2085,5,'2085-05-01','2085-05-31',NULL,NULL,40719,0,NULL,1,0,0,1),(968,NULL,'2085-06',2085,6,'2085-06-01','2085-06-30',NULL,NULL,40719,0,NULL,1,0,0,1),(969,NULL,'2085-07',2085,7,'2085-07-01','2085-07-31',NULL,NULL,40719,0,NULL,1,0,0,1),(970,NULL,'2085-08',2085,8,'2085-08-01','2085-08-31',NULL,NULL,40719,0,NULL,1,0,0,1),(971,NULL,'2085-09',2085,9,'2085-09-01','2085-09-30',NULL,NULL,40719,0,NULL,1,0,0,1),(972,NULL,'2085-10',2085,10,'2085-10-01','2085-10-31',NULL,NULL,40719,0,NULL,1,0,0,1),(973,NULL,'2085-11',2085,11,'2085-11-01','2085-11-30',NULL,NULL,40719,0,NULL,1,0,0,1),(974,NULL,'2085-12',2085,12,'2085-12-01','2085-12-31',NULL,NULL,40719,0,NULL,1,0,0,1),(978,NULL,'2086-01',2086,1,'2086-01-01','2086-01-31',NULL,NULL,40719,0,NULL,1,0,0,1),(979,NULL,'2086-02',2086,2,'2086-02-01','2086-02-28',NULL,NULL,40719,0,NULL,1,0,0,1),(980,NULL,'2086-03',2086,3,'2086-03-01','2086-03-31',NULL,NULL,40719,0,NULL,1,0,0,1),(981,NULL,'2086-04',2086,4,'2086-04-01','2086-04-30',NULL,NULL,40719,0,NULL,1,0,0,1),(982,NULL,'2086-05',2086,5,'2086-05-01','2086-05-31',NULL,NULL,40719,0,NULL,1,0,0,1),(983,NULL,'2086-06',2086,6,'2086-06-01','2086-06-30',NULL,NULL,40719,0,NULL,1,0,0,1),(984,NULL,'2086-07',2086,7,'2086-07-01','2086-07-31',NULL,NULL,40719,0,NULL,1,0,0,1),(985,NULL,'2086-08',2086,8,'2086-08-01','2086-08-31',NULL,NULL,40719,0,NULL,1,0,0,1),(986,NULL,'2086-09',2086,9,'2086-09-01','2086-09-30',NULL,NULL,40719,0,NULL,1,0,0,1),(987,NULL,'2086-10',2086,10,'2086-10-01','2086-10-31',NULL,NULL,40719,0,NULL,1,0,0,1),(988,NULL,'2086-11',2086,11,'2086-11-01','2086-11-30',NULL,NULL,40719,0,NULL,1,0,0,1),(989,NULL,'2086-12',2086,12,'2086-12-01','2086-12-31',NULL,NULL,40719,0,NULL,1,0,0,1),(993,NULL,'2087-01',2087,1,'2087-01-01','2087-01-31',NULL,NULL,40719,0,NULL,1,0,0,1),(994,NULL,'2087-02',2087,2,'2087-02-01','2087-02-28',NULL,NULL,40719,0,NULL,1,0,0,1),(995,NULL,'2087-03',2087,3,'2087-03-01','2087-03-31',NULL,NULL,40719,0,NULL,1,0,0,1),(996,NULL,'2087-04',2087,4,'2087-04-01','2087-04-30',NULL,NULL,40719,0,NULL,1,0,0,1),(997,NULL,'2087-05',2087,5,'2087-05-01','2087-05-31',NULL,NULL,40719,0,NULL,1,0,0,1),(998,NULL,'2087-06',2087,6,'2087-06-01','2087-06-30',NULL,NULL,40719,0,NULL,1,0,0,1);
INSERT INTO `periods` VALUES (999,NULL,'2087-07',2087,7,'2087-07-01','2087-07-31',NULL,NULL,40719,0,NULL,1,0,0,1),(1000,NULL,'2087-08',2087,8,'2087-08-01','2087-08-31',NULL,NULL,40719,0,NULL,1,0,0,1),(1001,NULL,'2087-09',2087,9,'2087-09-01','2087-09-30',NULL,NULL,40719,0,NULL,1,0,0,1),(1002,NULL,'2087-10',2087,10,'2087-10-01','2087-10-31',NULL,NULL,40719,0,NULL,1,0,0,1),(1003,NULL,'2087-11',2087,11,'2087-11-01','2087-11-30',NULL,NULL,40719,0,NULL,1,0,0,1),(1004,NULL,'2087-12',2087,12,'2087-12-01','2087-12-31',NULL,NULL,40719,0,NULL,1,0,0,1),(1008,NULL,'2088-01',2088,1,'2088-01-01','2088-01-31',NULL,NULL,40719,0,NULL,1,0,0,1),(1009,NULL,'2088-02',2088,2,'2088-02-01','2088-02-28',NULL,NULL,40719,0,NULL,1,0,0,1),(1010,NULL,'2088-03',2088,3,'2088-03-01','2088-03-31',NULL,NULL,40719,0,NULL,1,0,0,1),(1011,NULL,'2088-04',2088,4,'2088-04-01','2088-04-30',NULL,NULL,40719,0,NULL,1,0,0,1),(1012,NULL,'2088-05',2088,5,'2088-05-01','2088-05-31',NULL,NULL,40719,0,NULL,1,0,0,1),(1013,NULL,'2088-06',2088,6,'2088-06-01','2088-06-30',NULL,NULL,40719,0,NULL,1,0,0,1),(1014,NULL,'2088-07',2088,7,'2088-07-01','2088-07-31',NULL,NULL,40719,0,NULL,1,0,0,1),(1015,NULL,'2088-08',2088,8,'2088-08-01','2088-08-31',NULL,NULL,40719,0,NULL,1,0,0,1),(1016,NULL,'2088-09',2088,9,'2088-09-01','2088-09-30',NULL,NULL,40719,0,NULL,1,0,0,1),(1017,NULL,'2088-10',2088,10,'2088-10-01','2088-10-31',NULL,NULL,40719,0,NULL,1,0,0,1),(1018,NULL,'2088-11',2088,11,'2088-11-01','2088-11-30',NULL,NULL,40719,0,NULL,1,0,0,1),(1019,NULL,'2088-12',2088,12,'2088-12-01','2088-12-31',NULL,NULL,40719,0,NULL,1,0,0,1),(1023,NULL,'2089-01',2089,1,'2089-01-01','2089-01-31',NULL,NULL,40719,0,NULL,1,0,0,1),(1024,NULL,'2089-02',2089,2,'2089-02-01','2089-02-28',NULL,NULL,40719,0,NULL,1,0,0,1),(1025,NULL,'2089-03',2089,3,'2089-03-01','2089-03-31',NULL,NULL,40719,0,NULL,1,0,0,1),(1026,NULL,'2089-04',2089,4,'2089-04-01','2089-04-30',NULL,NULL,40719,0,NULL,1,0,0,1),(1027,NULL,'2089-05',2089,5,'2089-05-01','2089-05-31',NULL,NULL,40719,0,NULL,1,0,0,1),(1028,NULL,'2089-06',2089,6,'2089-06-01','2089-06-30',NULL,NULL,40719,0,NULL,1,0,0,1),(1029,NULL,'2089-07',2089,7,'2089-07-01','2089-07-31',NULL,NULL,40719,0,NULL,1,0,0,1),(1030,NULL,'2089-08',2089,8,'2089-08-01','2089-08-31',NULL,NULL,40719,0,NULL,1,0,0,1),(1031,NULL,'2089-09',2089,9,'2089-09-01','2089-09-30',NULL,NULL,40719,0,NULL,1,0,0,1),(1032,NULL,'2089-10',2089,10,'2089-10-01','2089-10-31',NULL,NULL,40719,0,NULL,1,0,0,1),(1033,NULL,'2089-11',2089,11,'2089-11-01','2089-11-30',NULL,NULL,40719,0,NULL,1,0,0,1),(1034,NULL,'2089-12',2089,12,'2089-12-01','2089-12-31',NULL,NULL,40719,0,NULL,1,0,0,1),(1038,NULL,'2090-01',2090,1,'2090-01-01','2090-01-31',NULL,NULL,40719,0,NULL,1,0,0,1),(1039,NULL,'2090-02',2090,2,'2090-02-01','2090-02-28',NULL,NULL,40719,0,NULL,1,0,0,1),(1040,NULL,'2090-03',2090,3,'2090-03-01','2090-03-31',NULL,NULL,40719,0,NULL,1,0,0,1),(1041,NULL,'2090-04',2090,4,'2090-04-01','2090-04-30',NULL,NULL,40719,0,NULL,1,0,0,1),(1042,NULL,'2090-05',2090,5,'2090-05-01','2090-05-31',NULL,NULL,40719,0,NULL,1,0,0,1),(1043,NULL,'2090-06',2090,6,'2090-06-01','2090-06-30',NULL,NULL,40719,0,NULL,1,0,0,1),(1044,NULL,'2090-07',2090,7,'2090-07-01','2090-07-31',NULL,NULL,40719,0,NULL,1,0,0,1),(1045,NULL,'2090-08',2090,8,'2090-08-01','2090-08-31',NULL,NULL,40719,0,NULL,1,0,0,1),(1046,NULL,'2090-09',2090,9,'2090-09-01','2090-09-30',NULL,NULL,40719,0,NULL,1,0,0,1),(1047,NULL,'2090-10',2090,10,'2090-10-01','2090-10-31',NULL,NULL,40719,0,NULL,1,0,0,1),(1048,NULL,'2090-11',2090,11,'2090-11-01','2090-11-30',NULL,NULL,40719,0,NULL,1,0,0,1),(1049,NULL,'2090-12',2090,12,'2090-12-01','2090-12-31',NULL,NULL,40719,0,NULL,1,0,0,1),(1053,NULL,'2091-01',2091,1,'2091-01-01','2091-01-31',NULL,NULL,40719,0,NULL,1,0,0,1),(1054,NULL,'2091-02',2091,2,'2091-02-01','2091-02-28',NULL,NULL,40719,0,NULL,1,0,0,1),(1055,NULL,'2091-03',2091,3,'2091-03-01','2091-03-31',NULL,NULL,40719,0,NULL,1,0,0,1),(1056,NULL,'2091-04',2091,4,'2091-04-01','2091-04-30',NULL,NULL,40719,0,NULL,1,0,0,1);
INSERT INTO `periods` VALUES (1057,NULL,'2091-05',2091,5,'2091-05-01','2091-05-31',NULL,NULL,40719,0,NULL,1,0,0,1),(1058,NULL,'2091-06',2091,6,'2091-06-01','2091-06-30',NULL,NULL,40719,0,NULL,1,0,0,1),(1059,NULL,'2091-07',2091,7,'2091-07-01','2091-07-31',NULL,NULL,40719,0,NULL,1,0,0,1),(1060,NULL,'2091-08',2091,8,'2091-08-01','2091-08-31',NULL,NULL,40719,0,NULL,1,0,0,1),(1061,NULL,'2091-09',2091,9,'2091-09-01','2091-09-30',NULL,NULL,40719,0,NULL,1,0,0,1),(1062,NULL,'2091-10',2091,10,'2091-10-01','2091-10-31',NULL,NULL,40719,0,NULL,1,0,0,1),(1063,NULL,'2091-11',2091,11,'2091-11-01','2091-11-30',NULL,NULL,40719,0,NULL,1,0,0,1),(1064,NULL,'2091-12',2091,12,'2091-12-01','2091-12-31',NULL,NULL,40719,0,NULL,1,0,0,1),(1068,NULL,'2092-01',2092,1,'2092-01-01','2092-01-31',NULL,NULL,40719,0,NULL,1,0,0,1),(1069,NULL,'2092-02',2092,2,'2092-02-01','2092-02-28',NULL,NULL,40719,0,NULL,1,0,0,1),(1070,NULL,'2092-03',2092,3,'2092-03-01','2092-03-31',NULL,NULL,40719,0,NULL,1,0,0,1),(1071,NULL,'2092-04',2092,4,'2092-04-01','2092-04-30',NULL,NULL,40719,0,NULL,1,0,0,1),(1072,NULL,'2092-05',2092,5,'2092-05-01','2092-05-31',NULL,NULL,40719,0,NULL,1,0,0,1),(1073,NULL,'2092-06',2092,6,'2092-06-01','2092-06-30',NULL,NULL,40719,0,NULL,1,0,0,1),(1074,NULL,'2092-07',2092,7,'2092-07-01','2092-07-31',NULL,NULL,40719,0,NULL,1,0,0,1),(1075,NULL,'2092-08',2092,8,'2092-08-01','2092-08-31',NULL,NULL,40719,0,NULL,1,0,0,1),(1076,NULL,'2092-09',2092,9,'2092-09-01','2092-09-30',NULL,NULL,40719,0,NULL,1,0,0,1),(1077,NULL,'2092-10',2092,10,'2092-10-01','2092-10-31',NULL,NULL,40719,0,NULL,1,0,0,1),(1078,NULL,'2092-11',2092,11,'2092-11-01','2092-11-30',NULL,NULL,40719,0,NULL,1,0,0,1),(1079,NULL,'2092-12',2092,12,'2092-12-01','2092-12-31',NULL,NULL,40719,0,NULL,1,0,0,1),(1083,NULL,'2093-01',2093,1,'2093-01-01','2093-01-31',NULL,NULL,40719,0,NULL,1,0,0,1),(1084,NULL,'2093-02',2093,2,'2093-02-01','2093-02-28',NULL,NULL,40719,0,NULL,1,0,0,1),(1085,NULL,'2093-03',2093,3,'2093-03-01','2093-03-31',NULL,NULL,40719,0,NULL,1,0,0,1),(1086,NULL,'2093-04',2093,4,'2093-04-01','2093-04-30',NULL,NULL,40719,0,NULL,1,0,0,1),(1087,NULL,'2093-05',2093,5,'2093-05-01','2093-05-31',NULL,NULL,40719,0,NULL,1,0,0,1),(1088,NULL,'2093-06',2093,6,'2093-06-01','2093-06-30',NULL,NULL,40719,0,NULL,1,0,0,1),(1089,NULL,'2093-07',2093,7,'2093-07-01','2093-07-31',NULL,NULL,40719,0,NULL,1,0,0,1),(1090,NULL,'2093-08',2093,8,'2093-08-01','2093-08-31',NULL,NULL,40719,0,NULL,1,0,0,1),(1091,NULL,'2093-09',2093,9,'2093-09-01','2093-09-30',NULL,NULL,40719,0,NULL,1,0,0,1),(1092,NULL,'2093-10',2093,10,'2093-10-01','2093-10-31',NULL,NULL,40719,0,NULL,1,0,0,1),(1093,NULL,'2093-11',2093,11,'2093-11-01','2093-11-30',NULL,NULL,40719,0,NULL,1,0,0,1),(1094,NULL,'2093-12',2093,12,'2093-12-01','2093-12-31',NULL,NULL,40719,0,NULL,1,0,0,1),(1098,NULL,'2094-01',2094,1,'2094-01-01','2094-01-31',NULL,NULL,40719,0,NULL,1,0,0,1),(1099,NULL,'2094-02',2094,2,'2094-02-01','2094-02-28',NULL,NULL,40719,0,NULL,1,0,0,1),(1100,NULL,'2094-03',2094,3,'2094-03-01','2094-03-31',NULL,NULL,40719,0,NULL,1,0,0,1),(1101,NULL,'2094-04',2094,4,'2094-04-01','2094-04-30',NULL,NULL,40719,0,NULL,1,0,0,1),(1102,NULL,'2094-05',2094,5,'2094-05-01','2094-05-31',NULL,NULL,40719,0,NULL,1,0,0,1),(1103,NULL,'2094-06',2094,6,'2094-06-01','2094-06-30',NULL,NULL,40719,0,NULL,1,0,0,1),(1104,NULL,'2094-07',2094,7,'2094-07-01','2094-07-31',NULL,NULL,40719,0,NULL,1,0,0,1),(1105,NULL,'2094-08',2094,8,'2094-08-01','2094-08-31',NULL,NULL,40719,0,NULL,1,0,0,1),(1106,NULL,'2094-09',2094,9,'2094-09-01','2094-09-30',NULL,NULL,40719,0,NULL,1,0,0,1),(1107,NULL,'2094-10',2094,10,'2094-10-01','2094-10-31',NULL,NULL,40719,0,NULL,1,0,0,1),(1108,NULL,'2094-11',2094,11,'2094-11-01','2094-11-30',NULL,NULL,40719,0,NULL,1,0,0,1),(1109,NULL,'2094-12',2094,12,'2094-12-01','2094-12-31',NULL,NULL,40719,0,NULL,1,0,0,1),(1113,NULL,'2095-01',2095,1,'2095-01-01','2095-01-31',NULL,NULL,40719,0,NULL,1,0,0,1),(1114,NULL,'2095-02',2095,2,'2095-02-01','2095-02-28',NULL,NULL,40719,0,NULL,1,0,0,1);
INSERT INTO `periods` VALUES (1115,NULL,'2095-03',2095,3,'2095-03-01','2095-03-31',NULL,NULL,40719,0,NULL,1,0,0,1),(1116,NULL,'2095-04',2095,4,'2095-04-01','2095-04-30',NULL,NULL,40719,0,NULL,1,0,0,1),(1117,NULL,'2095-05',2095,5,'2095-05-01','2095-05-31',NULL,NULL,40719,0,NULL,1,0,0,1),(1118,NULL,'2095-06',2095,6,'2095-06-01','2095-06-30',NULL,NULL,40719,0,NULL,1,0,0,1),(1119,NULL,'2095-07',2095,7,'2095-07-01','2095-07-31',NULL,NULL,40719,0,NULL,1,0,0,1),(1120,NULL,'2095-08',2095,8,'2095-08-01','2095-08-31',NULL,NULL,40719,0,NULL,1,0,0,1),(1121,NULL,'2095-09',2095,9,'2095-09-01','2095-09-30',NULL,NULL,40719,0,NULL,1,0,0,1),(1122,NULL,'2095-10',2095,10,'2095-10-01','2095-10-31',NULL,NULL,40719,0,NULL,1,0,0,1),(1123,NULL,'2095-11',2095,11,'2095-11-01','2095-11-30',NULL,NULL,40719,0,NULL,1,0,0,1),(1124,NULL,'2095-12',2095,12,'2095-12-01','2095-12-31',NULL,NULL,40719,0,NULL,1,0,0,1),(1128,NULL,'2096-01',2096,1,'2096-01-01','2096-01-31',NULL,NULL,40719,0,NULL,1,0,0,1),(1129,NULL,'2096-02',2096,2,'2096-02-01','2096-02-28',NULL,NULL,40719,0,NULL,1,0,0,1),(1130,NULL,'2096-03',2096,3,'2096-03-01','2096-03-31',NULL,NULL,40719,0,NULL,1,0,0,1),(1131,NULL,'2096-04',2096,4,'2096-04-01','2096-04-30',NULL,NULL,40719,0,NULL,1,0,0,1),(1132,NULL,'2096-05',2096,5,'2096-05-01','2096-05-31',NULL,NULL,40719,0,NULL,1,0,0,1),(1133,NULL,'2096-06',2096,6,'2096-06-01','2096-06-30',NULL,NULL,40719,0,NULL,1,0,0,1),(1134,NULL,'2096-07',2096,7,'2096-07-01','2096-07-31',NULL,NULL,40719,0,NULL,1,0,0,1),(1135,NULL,'2096-08',2096,8,'2096-08-01','2096-08-31',NULL,NULL,40719,0,NULL,1,0,0,1),(1136,NULL,'2096-09',2096,9,'2096-09-01','2096-09-30',NULL,NULL,40719,0,NULL,1,0,0,1),(1137,NULL,'2096-10',2096,10,'2096-10-01','2096-10-31',NULL,NULL,40719,0,NULL,1,0,0,1),(1138,NULL,'2096-11',2096,11,'2096-11-01','2096-11-30',NULL,NULL,40719,0,NULL,1,0,0,1),(1139,NULL,'2096-12',2096,12,'2096-12-01','2096-12-31',NULL,NULL,40719,0,NULL,1,0,0,1),(1143,NULL,'2097-01',2097,1,'2097-01-01','2097-01-31',NULL,NULL,40719,0,NULL,1,0,0,1),(1144,NULL,'2097-02',2097,2,'2097-02-01','2097-02-28',NULL,NULL,40719,0,NULL,1,0,0,1),(1145,NULL,'2097-03',2097,3,'2097-03-01','2097-03-31',NULL,NULL,40719,0,NULL,1,0,0,1),(1146,NULL,'2097-04',2097,4,'2097-04-01','2097-04-30',NULL,NULL,40719,0,NULL,1,0,0,1),(1147,NULL,'2097-05',2097,5,'2097-05-01','2097-05-31',NULL,NULL,40719,0,NULL,1,0,0,1),(1148,NULL,'2097-06',2097,6,'2097-06-01','2097-06-30',NULL,NULL,40719,0,NULL,1,0,0,1),(1149,NULL,'2097-07',2097,7,'2097-07-01','2097-07-31',NULL,NULL,40719,0,NULL,1,0,0,1),(1150,NULL,'2097-08',2097,8,'2097-08-01','2097-08-31',NULL,NULL,40719,0,NULL,1,0,0,1),(1151,NULL,'2097-09',2097,9,'2097-09-01','2097-09-30',NULL,NULL,40719,0,NULL,1,0,0,1),(1152,NULL,'2097-10',2097,10,'2097-10-01','2097-10-31',NULL,NULL,40719,0,NULL,1,0,0,1),(1153,NULL,'2097-11',2097,11,'2097-11-01','2097-11-30',NULL,NULL,40719,0,NULL,1,0,0,1),(1154,NULL,'2097-12',2097,12,'2097-12-01','2097-12-31',NULL,NULL,40719,0,NULL,1,0,0,1),(1158,NULL,'2098-01',2098,1,'2098-01-01','2098-01-31',NULL,NULL,40719,0,NULL,1,0,0,1),(1159,NULL,'2098-02',2098,2,'2098-02-01','2098-02-28',NULL,NULL,40719,0,NULL,1,0,0,1),(1160,NULL,'2098-03',2098,3,'2098-03-01','2098-03-31',NULL,NULL,40719,0,NULL,1,0,0,1),(1161,NULL,'2098-04',2098,4,'2098-04-01','2098-04-30',NULL,NULL,40719,0,NULL,1,0,0,1),(1162,NULL,'2098-05',2098,5,'2098-05-01','2098-05-31',NULL,NULL,40719,0,NULL,1,0,0,1),(1163,NULL,'2098-06',2098,6,'2098-06-01','2098-06-30',NULL,NULL,40719,0,NULL,1,0,0,1),(1164,NULL,'2098-07',2098,7,'2098-07-01','2098-07-31',NULL,NULL,40719,0,NULL,1,0,0,1),(1165,NULL,'2098-08',2098,8,'2098-08-01','2098-08-31',NULL,NULL,40719,0,NULL,1,0,0,1),(1166,NULL,'2098-09',2098,9,'2098-09-01','2098-09-30',NULL,NULL,40719,0,NULL,1,0,0,1),(1167,NULL,'2098-10',2098,10,'2098-10-01','2098-10-31',NULL,NULL,40719,0,NULL,1,0,0,1),(1168,NULL,'2098-11',2098,11,'2098-11-01','2098-11-30',NULL,NULL,40719,0,NULL,1,0,0,1),(1169,NULL,'2098-12',2098,12,'2098-12-01','2098-12-31',NULL,NULL,40719,0,NULL,1,0,0,1);
INSERT INTO `periods` VALUES (1173,NULL,'2099-01',2099,1,'2099-01-01','2099-01-31',NULL,NULL,40719,0,NULL,1,0,0,1),(1174,NULL,'2099-02',2099,2,'2099-02-01','2099-02-28',NULL,NULL,40719,0,NULL,1,0,0,1),(1175,NULL,'2099-03',2099,3,'2099-03-01','2099-03-31',NULL,NULL,40719,0,NULL,1,0,0,1),(1176,NULL,'2099-04',2099,4,'2099-04-01','2099-04-30',NULL,NULL,40719,0,NULL,1,0,0,1),(1177,NULL,'2099-05',2099,5,'2099-05-01','2099-05-31',NULL,NULL,40719,0,NULL,1,0,0,1),(1178,NULL,'2099-06',2099,6,'2099-06-01','2099-06-30',NULL,NULL,40719,0,NULL,1,0,0,1),(1179,NULL,'2099-07',2099,7,'2099-07-01','2099-07-31',NULL,NULL,40719,0,NULL,1,0,0,1),(1180,NULL,'2099-08',2099,8,'2099-08-01','2099-08-31',NULL,NULL,40719,0,NULL,1,0,0,1),(1181,NULL,'2099-09',2099,9,'2099-09-01','2099-09-30',NULL,NULL,40719,0,NULL,1,0,0,1),(1182,NULL,'2099-10',2099,10,'2099-10-01','2099-10-31',NULL,NULL,40719,0,NULL,1,0,0,1),(1183,NULL,'2099-11',2099,11,'2099-11-01','2099-11-30',NULL,NULL,40719,0,NULL,1,0,0,1),(1184,NULL,'2099-12',2099,12,'2099-12-01','2099-12-31',NULL,NULL,40719,0,NULL,1,0,0,1),(1188,NULL,'2100-01',2100,1,'2100-01-01','2100-01-31',NULL,NULL,40719,0,NULL,1,0,0,1),(1189,NULL,'2100-02',2100,2,'2100-02-01','2100-02-28',NULL,NULL,40719,0,NULL,1,0,0,1),(1190,NULL,'2100-03',2100,3,'2100-03-01','2100-03-31',NULL,NULL,40719,0,NULL,1,0,0,1),(1191,NULL,'2100-04',2100,4,'2100-04-01','2100-04-30',NULL,NULL,40719,0,NULL,1,0,0,1),(1192,NULL,'2100-05',2100,5,'2100-05-01','2100-05-31',NULL,NULL,40719,0,NULL,1,0,0,1),(1193,NULL,'2100-06',2100,6,'2100-06-01','2100-06-30',NULL,NULL,40719,0,NULL,1,0,0,1),(1194,NULL,'2100-07',2100,7,'2100-07-01','2100-07-31',NULL,NULL,40719,0,NULL,1,0,0,1),(1195,NULL,'2100-08',2100,8,'2100-08-01','2100-08-31',NULL,NULL,40719,0,NULL,1,0,0,1),(1196,NULL,'2100-09',2100,9,'2100-09-01','2100-09-30',NULL,NULL,40719,0,NULL,1,0,0,1),(1197,NULL,'2100-10',2100,10,'2100-10-01','2100-10-31',NULL,NULL,40719,0,NULL,1,0,0,1),(1198,NULL,'2100-11',2100,11,'2100-11-01','2100-11-30',NULL,NULL,40719,0,NULL,1,0,0,1),(1199,NULL,'2100-12',2100,12,'2100-12-01','2100-12-31',NULL,NULL,40719,0,NULL,1,0,0,1),(1203,NULL,'2101-01',2101,1,'2101-01-01','2101-01-31',NULL,NULL,40719,0,NULL,1,0,0,1),(1204,NULL,'2101-02',2101,2,'2101-02-01','2101-02-28',NULL,NULL,40719,0,NULL,1,0,0,1),(1205,NULL,'2101-03',2101,3,'2101-03-01','2101-03-31',NULL,NULL,40719,0,NULL,1,0,0,1),(1206,NULL,'2101-04',2101,4,'2101-04-01','2101-04-30',NULL,NULL,40719,0,NULL,1,0,0,1),(1207,NULL,'2101-05',2101,5,'2101-05-01','2101-05-31',NULL,NULL,40719,0,NULL,1,0,0,1),(1208,NULL,'2101-06',2101,6,'2101-06-01','2101-06-30',NULL,NULL,40719,0,NULL,1,0,0,1),(1209,NULL,'2101-07',2101,7,'2101-07-01','2101-07-31',NULL,NULL,40719,0,NULL,1,0,0,1),(1210,NULL,'2101-08',2101,8,'2101-08-01','2101-08-31',NULL,NULL,40719,0,NULL,1,0,0,1),(1211,NULL,'2101-09',2101,9,'2101-09-01','2101-09-30',NULL,NULL,40719,0,NULL,1,0,0,1),(1212,NULL,'2101-10',2101,10,'2101-10-01','2101-10-31',NULL,NULL,40719,0,NULL,1,0,0,1),(1213,NULL,'2101-11',2101,11,'2101-11-01','2101-11-30',NULL,NULL,40719,0,NULL,1,0,0,1),(1214,NULL,'2101-12',2101,12,'2101-12-01','2101-12-31',NULL,NULL,40719,0,NULL,1,0,0,1),(1218,NULL,'2102-01',2102,1,'2102-01-01','2102-01-31',NULL,NULL,40719,0,NULL,1,0,0,1),(1219,NULL,'2102-02',2102,2,'2102-02-01','2102-02-28',NULL,NULL,40719,0,NULL,1,0,0,1),(1220,NULL,'2102-03',2102,3,'2102-03-01','2102-03-31',NULL,NULL,40719,0,NULL,1,0,0,1),(1221,NULL,'2102-04',2102,4,'2102-04-01','2102-04-30',NULL,NULL,40719,0,NULL,1,0,0,1),(1222,NULL,'2102-05',2102,5,'2102-05-01','2102-05-31',NULL,NULL,40719,0,NULL,1,0,0,1),(1223,NULL,'2102-06',2102,6,'2102-06-01','2102-06-30',NULL,NULL,40719,0,NULL,1,0,0,1),(1224,NULL,'2102-07',2102,7,'2102-07-01','2102-07-31',NULL,NULL,40719,0,NULL,1,0,0,1),(1225,NULL,'2102-08',2102,8,'2102-08-01','2102-08-31',NULL,NULL,40719,0,NULL,1,0,0,1),(1226,NULL,'2102-09',2102,9,'2102-09-01','2102-09-30',NULL,NULL,40719,0,NULL,1,0,0,1),(1227,NULL,'2102-10',2102,10,'2102-10-01','2102-10-31',NULL,NULL,40719,0,NULL,1,0,0,1);
INSERT INTO `periods` VALUES (1228,NULL,'2102-11',2102,11,'2102-11-01','2102-11-30',NULL,NULL,40719,0,NULL,1,0,0,1),(1229,NULL,'2102-12',2102,12,'2102-12-01','2102-12-31',NULL,NULL,40719,0,NULL,1,0,0,1),(1233,NULL,'2103-01',2103,1,'2103-01-01','2103-01-31',NULL,NULL,40719,0,NULL,1,0,0,1),(1234,NULL,'2103-02',2103,2,'2103-02-01','2103-02-28',NULL,NULL,40719,0,NULL,1,0,0,1),(1235,NULL,'2103-03',2103,3,'2103-03-01','2103-03-31',NULL,NULL,40719,0,NULL,1,0,0,1),(1236,NULL,'2103-04',2103,4,'2103-04-01','2103-04-30',NULL,NULL,40719,0,NULL,1,0,0,1),(1237,NULL,'2103-05',2103,5,'2103-05-01','2103-05-31',NULL,NULL,40719,0,NULL,1,0,0,1),(1238,NULL,'2103-06',2103,6,'2103-06-01','2103-06-30',NULL,NULL,40719,0,NULL,1,0,0,1),(1239,NULL,'2103-07',2103,7,'2103-07-01','2103-07-31',NULL,NULL,40719,0,NULL,1,0,0,1),(1240,NULL,'2103-08',2103,8,'2103-08-01','2103-08-31',NULL,NULL,40719,0,NULL,1,0,0,1),(1241,NULL,'2103-09',2103,9,'2103-09-01','2103-09-30',NULL,NULL,40719,0,NULL,1,0,0,1),(1242,NULL,'2103-10',2103,10,'2103-10-01','2103-10-31',NULL,NULL,40719,0,NULL,1,0,0,1),(1243,NULL,'2103-11',2103,11,'2103-11-01','2103-11-30',NULL,NULL,40719,0,NULL,1,0,0,1),(1244,NULL,'2103-12',2103,12,'2103-12-01','2103-12-31',NULL,NULL,40719,0,NULL,1,0,0,1),(1248,NULL,'2104-01',2104,1,'2104-01-01','2104-01-31',NULL,NULL,40719,0,NULL,1,0,0,1),(1249,NULL,'2104-02',2104,2,'2104-02-01','2104-02-28',NULL,NULL,40719,0,NULL,1,0,0,1),(1250,NULL,'2104-03',2104,3,'2104-03-01','2104-03-31',NULL,NULL,40719,0,NULL,1,0,0,1),(1251,NULL,'2104-04',2104,4,'2104-04-01','2104-04-30',NULL,NULL,40719,0,NULL,1,0,0,1),(1252,NULL,'2104-05',2104,5,'2104-05-01','2104-05-31',NULL,NULL,40719,0,NULL,1,0,0,1),(1253,NULL,'2104-06',2104,6,'2104-06-01','2104-06-30',NULL,NULL,40719,0,NULL,1,0,0,1),(1254,NULL,'2104-07',2104,7,'2104-07-01','2104-07-31',NULL,NULL,40719,0,NULL,1,0,0,1),(1255,NULL,'2104-08',2104,8,'2104-08-01','2104-08-31',NULL,NULL,40719,0,NULL,1,0,0,1),(1256,NULL,'2104-09',2104,9,'2104-09-01','2104-09-30',NULL,NULL,40719,0,NULL,1,0,0,1),(1257,NULL,'2104-10',2104,10,'2104-10-01','2104-10-31',NULL,NULL,40719,0,NULL,1,0,0,1),(1258,NULL,'2104-11',2104,11,'2104-11-01','2104-11-30',NULL,NULL,40719,0,NULL,1,0,0,1),(1259,NULL,'2104-12',2104,12,'2104-12-01','2104-12-31',NULL,NULL,40719,0,NULL,1,0,0,1),(1263,NULL,'2105-01',2105,1,'2105-01-01','2105-01-31',NULL,NULL,40719,0,NULL,1,0,0,1),(1264,NULL,'2105-02',2105,2,'2105-02-01','2105-02-28',NULL,NULL,40719,0,NULL,1,0,0,1),(1265,NULL,'2105-03',2105,3,'2105-03-01','2105-03-31',NULL,NULL,40719,0,NULL,1,0,0,1),(1266,NULL,'2105-04',2105,4,'2105-04-01','2105-04-30',NULL,NULL,40719,0,NULL,1,0,0,1),(1267,NULL,'2105-05',2105,5,'2105-05-01','2105-05-31',NULL,NULL,40719,0,NULL,1,0,0,1),(1268,NULL,'2105-06',2105,6,'2105-06-01','2105-06-30',NULL,NULL,40719,0,NULL,1,0,0,1),(1269,NULL,'2105-07',2105,7,'2105-07-01','2105-07-31',NULL,NULL,40719,0,NULL,1,0,0,1),(1270,NULL,'2105-08',2105,8,'2105-08-01','2105-08-31',NULL,NULL,40719,0,NULL,1,0,0,1),(1271,NULL,'2105-09',2105,9,'2105-09-01','2105-09-30',NULL,NULL,40719,0,NULL,1,0,0,1),(1272,NULL,'2105-10',2105,10,'2105-10-01','2105-10-31',NULL,NULL,40719,0,NULL,1,0,0,1),(1273,NULL,'2105-11',2105,11,'2105-11-01','2105-11-30',NULL,NULL,40719,0,NULL,1,0,0,1),(1274,NULL,'2105-12',2105,12,'2105-12-01','2105-12-31',NULL,NULL,40719,0,NULL,1,0,0,1),(1278,NULL,'2106-01',2106,1,'2106-01-01','2106-01-31',NULL,NULL,40719,0,NULL,1,0,0,1),(1279,NULL,'2106-02',2106,2,'2106-02-01','2106-02-28',NULL,NULL,40719,0,NULL,1,0,0,1),(1280,NULL,'2106-03',2106,3,'2106-03-01','2106-03-31',NULL,NULL,40719,0,NULL,1,0,0,1),(1281,NULL,'2106-04',2106,4,'2106-04-01','2106-04-30',NULL,NULL,40719,0,NULL,1,0,0,1),(1282,NULL,'2106-05',2106,5,'2106-05-01','2106-05-31',NULL,NULL,40719,0,NULL,1,0,0,1),(1283,NULL,'2106-06',2106,6,'2106-06-01','2106-06-30',NULL,NULL,40719,0,NULL,1,0,0,1),(1284,NULL,'2106-07',2106,7,'2106-07-01','2106-07-31',NULL,NULL,40719,0,NULL,1,0,0,1),(1285,NULL,'2106-08',2106,8,'2106-08-01','2106-08-31',NULL,NULL,40719,0,NULL,1,0,0,1);
INSERT INTO `periods` VALUES (1286,NULL,'2106-09',2106,9,'2106-09-01','2106-09-30',NULL,NULL,40719,0,NULL,1,0,0,1),(1287,NULL,'2106-10',2106,10,'2106-10-01','2106-10-31',NULL,NULL,40719,0,NULL,1,0,0,1),(1288,NULL,'2106-11',2106,11,'2106-11-01','2106-11-30',NULL,NULL,40719,0,NULL,1,0,0,1),(1289,NULL,'2106-12',2106,12,'2106-12-01','2106-12-31',NULL,NULL,40719,0,NULL,1,0,0,1),(1293,NULL,'2107-01',2107,1,'2107-01-01','2107-01-31',NULL,NULL,40719,0,NULL,1,0,0,1),(1294,NULL,'2107-02',2107,2,'2107-02-01','2107-02-28',NULL,NULL,40719,0,NULL,1,0,0,1),(1295,NULL,'2107-03',2107,3,'2107-03-01','2107-03-31',NULL,NULL,40719,0,NULL,1,0,0,1),(1296,NULL,'2107-04',2107,4,'2107-04-01','2107-04-30',NULL,NULL,40719,0,NULL,1,0,0,1),(1297,NULL,'2107-05',2107,5,'2107-05-01','2107-05-31',NULL,NULL,40719,0,NULL,1,0,0,1),(1298,NULL,'2107-06',2107,6,'2107-06-01','2107-06-30',NULL,NULL,40719,0,NULL,1,0,0,1),(1299,NULL,'2107-07',2107,7,'2107-07-01','2107-07-31',NULL,NULL,40719,0,NULL,1,0,0,1),(1300,NULL,'2107-08',2107,8,'2107-08-01','2107-08-31',NULL,NULL,40719,0,NULL,1,0,0,1),(1301,NULL,'2107-09',2107,9,'2107-09-01','2107-09-30',NULL,NULL,40719,0,NULL,1,0,0,1),(1302,NULL,'2107-10',2107,10,'2107-10-01','2107-10-31',NULL,NULL,40719,0,NULL,1,0,0,1),(1303,NULL,'2107-11',2107,11,'2107-11-01','2107-11-30',NULL,NULL,40719,0,NULL,1,0,0,1),(1304,NULL,'2107-12',2107,12,'2107-12-01','2107-12-31',NULL,NULL,40719,0,NULL,1,0,0,1),(1308,NULL,'2108-01',2108,1,'2108-01-01','2108-01-31',NULL,NULL,40719,0,NULL,1,0,0,1),(1309,NULL,'2108-02',2108,2,'2108-02-01','2108-02-28',NULL,NULL,40719,0,NULL,1,0,0,1),(1310,NULL,'2108-03',2108,3,'2108-03-01','2108-03-31',NULL,NULL,40719,0,NULL,1,0,0,1),(1311,NULL,'2108-04',2108,4,'2108-04-01','2108-04-30',NULL,NULL,40719,0,NULL,1,0,0,1),(1312,NULL,'2108-05',2108,5,'2108-05-01','2108-05-31',NULL,NULL,40719,0,NULL,1,0,0,1),(1313,NULL,'2108-06',2108,6,'2108-06-01','2108-06-30',NULL,NULL,40719,0,NULL,1,0,0,1),(1314,NULL,'2108-07',2108,7,'2108-07-01','2108-07-31',NULL,NULL,40719,0,NULL,1,0,0,1),(1315,NULL,'2108-08',2108,8,'2108-08-01','2108-08-31',NULL,NULL,40719,0,NULL,1,0,0,1),(1316,NULL,'2108-09',2108,9,'2108-09-01','2108-09-30',NULL,NULL,40719,0,NULL,1,0,0,1),(1317,NULL,'2108-10',2108,10,'2108-10-01','2108-10-31',NULL,NULL,40719,0,NULL,1,0,0,1),(1318,NULL,'2108-11',2108,11,'2108-11-01','2108-11-30',NULL,NULL,40719,0,NULL,1,0,0,1),(1319,NULL,'2108-12',2108,12,'2108-12-01','2108-12-31',NULL,NULL,40719,0,NULL,1,0,0,1),(1323,NULL,'2109-01',2109,1,'2109-01-01','2109-01-31',NULL,NULL,40719,0,NULL,1,0,0,1),(1324,NULL,'2109-02',2109,2,'2109-02-01','2109-02-28',NULL,NULL,40719,0,NULL,1,0,0,1),(1325,NULL,'2109-03',2109,3,'2109-03-01','2109-03-31',NULL,NULL,40719,0,NULL,1,0,0,1),(1326,NULL,'2109-04',2109,4,'2109-04-01','2109-04-30',NULL,NULL,40719,0,NULL,1,0,0,1),(1327,NULL,'2109-05',2109,5,'2109-05-01','2109-05-31',NULL,NULL,40719,0,NULL,1,0,0,1),(1328,NULL,'2109-06',2109,6,'2109-06-01','2109-06-30',NULL,NULL,40719,0,NULL,1,0,0,1),(1329,NULL,'2109-07',2109,7,'2109-07-01','2109-07-31',NULL,NULL,40719,0,NULL,1,0,0,1),(1330,NULL,'2109-08',2109,8,'2109-08-01','2109-08-31',NULL,NULL,40719,0,NULL,1,0,0,1),(1331,NULL,'2109-09',2109,9,'2109-09-01','2109-09-30',NULL,NULL,40719,0,NULL,1,0,0,1),(1332,NULL,'2109-10',2109,10,'2109-10-01','2109-10-31',NULL,NULL,40719,0,NULL,1,0,0,1),(1333,NULL,'2109-11',2109,11,'2109-11-01','2109-11-30',NULL,NULL,40719,0,NULL,1,0,0,1),(1334,NULL,'2109-12',2109,12,'2109-12-01','2109-12-31',NULL,NULL,40719,0,NULL,1,0,0,1),(1338,NULL,'2110-01',2110,1,'2110-01-01','2110-01-31',NULL,NULL,40719,0,NULL,1,0,0,1),(1339,NULL,'2110-02',2110,2,'2110-02-01','2110-02-28',NULL,NULL,40719,0,NULL,1,0,0,1),(1340,NULL,'2110-03',2110,3,'2110-03-01','2110-03-31',NULL,NULL,40719,0,NULL,1,0,0,1),(1341,NULL,'2110-04',2110,4,'2110-04-01','2110-04-30',NULL,NULL,40719,0,NULL,1,0,0,1),(1342,NULL,'2110-05',2110,5,'2110-05-01','2110-05-31',NULL,NULL,40719,0,NULL,1,0,0,1),(1343,NULL,'2110-06',2110,6,'2110-06-01','2110-06-30',NULL,NULL,40719,0,NULL,1,0,0,1);
INSERT INTO `periods` VALUES (1344,NULL,'2110-07',2110,7,'2110-07-01','2110-07-31',NULL,NULL,40719,0,NULL,1,0,0,1),(1345,NULL,'2110-08',2110,8,'2110-08-01','2110-08-31',NULL,NULL,40719,0,NULL,1,0,0,1),(1346,NULL,'2110-09',2110,9,'2110-09-01','2110-09-30',NULL,NULL,40719,0,NULL,1,0,0,1),(1347,NULL,'2110-10',2110,10,'2110-10-01','2110-10-31',NULL,NULL,40719,0,NULL,1,0,0,1),(1348,NULL,'2110-11',2110,11,'2110-11-01','2110-11-30',NULL,NULL,40719,0,NULL,1,0,0,1),(1349,NULL,'2110-12',2110,12,'2110-12-01','2110-12-31',NULL,NULL,40719,0,NULL,1,0,0,1),(1353,NULL,'2111-01',2111,1,'2111-01-01','2111-01-31',NULL,NULL,40719,0,NULL,1,0,0,1),(1354,NULL,'2111-02',2111,2,'2111-02-01','2111-02-28',NULL,NULL,40719,0,NULL,1,0,0,1),(1355,NULL,'2111-03',2111,3,'2111-03-01','2111-03-31',NULL,NULL,40719,0,NULL,1,0,0,1),(1356,NULL,'2111-04',2111,4,'2111-04-01','2111-04-30',NULL,NULL,40719,0,NULL,1,0,0,1),(1357,NULL,'2111-05',2111,5,'2111-05-01','2111-05-31',NULL,NULL,40719,0,NULL,1,0,0,1),(1358,NULL,'2111-06',2111,6,'2111-06-01','2111-06-30',NULL,NULL,40719,0,NULL,1,0,0,1),(1359,NULL,'2111-07',2111,7,'2111-07-01','2111-07-31',NULL,NULL,40719,0,NULL,1,0,0,1),(1360,NULL,'2111-08',2111,8,'2111-08-01','2111-08-31',NULL,NULL,40719,0,NULL,1,0,0,1),(1361,NULL,'2111-09',2111,9,'2111-09-01','2111-09-30',NULL,NULL,40719,0,NULL,1,0,0,1),(1362,NULL,'2111-10',2111,10,'2111-10-01','2111-10-31',NULL,NULL,40719,0,NULL,1,0,0,1),(1363,NULL,'2111-11',2111,11,'2111-11-01','2111-11-30',NULL,NULL,40719,0,NULL,1,0,0,1),(1364,NULL,'2111-12',2111,12,'2111-12-01','2111-12-31',NULL,NULL,40719,0,NULL,1,0,0,1),(1368,NULL,'2112-01',2112,1,'2112-01-01','2112-01-31',NULL,NULL,40719,0,NULL,1,0,0,1),(1369,NULL,'2112-02',2112,2,'2112-02-01','2112-02-28',NULL,NULL,40719,0,NULL,1,0,0,1),(1370,NULL,'2112-03',2112,3,'2112-03-01','2112-03-31',NULL,NULL,40719,0,NULL,1,0,0,1),(1371,NULL,'2112-04',2112,4,'2112-04-01','2112-04-30',NULL,NULL,40719,0,NULL,1,0,0,1),(1372,NULL,'2112-05',2112,5,'2112-05-01','2112-05-31',NULL,NULL,40719,0,NULL,1,0,0,1),(1373,NULL,'2112-06',2112,6,'2112-06-01','2112-06-30',NULL,NULL,40719,0,NULL,1,0,0,1),(1374,NULL,'2112-07',2112,7,'2112-07-01','2112-07-31',NULL,NULL,40719,0,NULL,1,0,0,1),(1375,NULL,'2112-08',2112,8,'2112-08-01','2112-08-31',NULL,NULL,40719,0,NULL,1,0,0,1),(1376,NULL,'2112-09',2112,9,'2112-09-01','2112-09-30',NULL,NULL,40719,0,NULL,1,0,0,1),(1377,NULL,'2112-10',2112,10,'2112-10-01','2112-10-31',NULL,NULL,40719,0,NULL,1,0,0,1),(1378,NULL,'2112-11',2112,11,'2112-11-01','2112-11-30',NULL,NULL,40719,0,NULL,1,0,0,1),(1379,NULL,'2112-12',2112,12,'2112-12-01','2112-12-31',NULL,NULL,40719,0,NULL,1,0,0,1),(1383,NULL,'2113-01',2113,1,'2113-01-01','2113-01-31',NULL,NULL,40719,0,NULL,1,0,0,1),(1384,NULL,'2113-02',2113,2,'2113-02-01','2113-02-28',NULL,NULL,40719,0,NULL,1,0,0,1),(1385,NULL,'2113-03',2113,3,'2113-03-01','2113-03-31',NULL,NULL,40719,0,NULL,1,0,0,1),(1386,NULL,'2113-04',2113,4,'2113-04-01','2113-04-30',NULL,NULL,40719,0,NULL,1,0,0,1),(1387,NULL,'2113-05',2113,5,'2113-05-01','2113-05-31',NULL,NULL,40719,0,NULL,1,0,0,1),(1388,NULL,'2113-06',2113,6,'2113-06-01','2113-06-30',NULL,NULL,40719,0,NULL,1,0,0,1),(1389,NULL,'2113-07',2113,7,'2113-07-01','2113-07-31',NULL,NULL,40719,0,NULL,1,0,0,1),(1390,NULL,'2113-08',2113,8,'2113-08-01','2113-08-31',NULL,NULL,40719,0,NULL,1,0,0,1),(1391,NULL,'2113-09',2113,9,'2113-09-01','2113-09-30',NULL,NULL,40719,0,NULL,1,0,0,1),(1392,NULL,'2113-10',2113,10,'2113-10-01','2113-10-31',NULL,NULL,40719,0,NULL,1,0,0,1),(1393,NULL,'2113-11',2113,11,'2113-11-01','2113-11-30',NULL,NULL,40719,0,NULL,1,0,0,1),(1394,NULL,'2113-12',2113,12,'2113-12-01','2113-12-31',NULL,NULL,40719,0,NULL,1,0,0,1),(1398,NULL,'2114-01',2114,1,'2114-01-01','2114-01-31',NULL,NULL,40719,0,NULL,1,0,0,1),(1399,NULL,'2114-02',2114,2,'2114-02-01','2114-02-28',NULL,NULL,40719,0,NULL,1,0,0,1),(1400,NULL,'2114-03',2114,3,'2114-03-01','2114-03-31',NULL,NULL,40719,0,NULL,1,0,0,1),(1401,NULL,'2114-04',2114,4,'2114-04-01','2114-04-30',NULL,NULL,40719,0,NULL,1,0,0,1);
INSERT INTO `periods` VALUES (1402,NULL,'2114-05',2114,5,'2114-05-01','2114-05-31',NULL,NULL,40719,0,NULL,1,0,0,1),(1403,NULL,'2114-06',2114,6,'2114-06-01','2114-06-30',NULL,NULL,40719,0,NULL,1,0,0,1),(1404,NULL,'2114-07',2114,7,'2114-07-01','2114-07-31',NULL,NULL,40719,0,NULL,1,0,0,1),(1405,NULL,'2114-08',2114,8,'2114-08-01','2114-08-31',NULL,NULL,40719,0,NULL,1,0,0,1),(1406,NULL,'2114-09',2114,9,'2114-09-01','2114-09-30',NULL,NULL,40719,0,NULL,1,0,0,1),(1407,NULL,'2114-10',2114,10,'2114-10-01','2114-10-31',NULL,NULL,40719,0,NULL,1,0,0,1),(1408,NULL,'2114-11',2114,11,'2114-11-01','2114-11-30',NULL,NULL,40719,0,NULL,1,0,0,1),(1409,NULL,'2114-12',2114,12,'2114-12-01','2114-12-31',NULL,NULL,40719,0,NULL,1,0,0,1),(1413,NULL,'2115-01',2115,1,'2115-01-01','2115-01-31',NULL,NULL,40719,0,NULL,1,0,0,1),(1414,NULL,'2115-02',2115,2,'2115-02-01','2115-02-28',NULL,NULL,40719,0,NULL,1,0,0,1),(1415,NULL,'2115-03',2115,3,'2115-03-01','2115-03-31',NULL,NULL,40719,0,NULL,1,0,0,1),(1416,NULL,'2115-04',2115,4,'2115-04-01','2115-04-30',NULL,NULL,40719,0,NULL,1,0,0,1),(1417,NULL,'2115-05',2115,5,'2115-05-01','2115-05-31',NULL,NULL,40719,0,NULL,1,0,0,1),(1418,NULL,'2115-06',2115,6,'2115-06-01','2115-06-30',NULL,NULL,40719,0,NULL,1,0,0,1),(1419,NULL,'2115-07',2115,7,'2115-07-01','2115-07-31',NULL,NULL,40719,0,NULL,1,0,0,1),(1420,NULL,'2115-08',2115,8,'2115-08-01','2115-08-31',NULL,NULL,40719,0,NULL,1,0,0,1),(1421,NULL,'2115-09',2115,9,'2115-09-01','2115-09-30',NULL,NULL,40719,0,NULL,1,0,0,1),(1422,NULL,'2115-10',2115,10,'2115-10-01','2115-10-31',NULL,NULL,40719,0,NULL,1,0,0,1),(1423,NULL,'2115-11',2115,11,'2115-11-01','2115-11-30',NULL,NULL,40719,0,NULL,1,0,0,1),(1424,NULL,'2115-12',2115,12,'2115-12-01','2115-12-31',NULL,NULL,40719,0,NULL,1,0,0,1),(1428,NULL,'2116-01',2116,1,'2116-01-01','2116-01-31',NULL,NULL,40719,0,NULL,1,0,0,1),(1429,NULL,'2116-02',2116,2,'2116-02-01','2116-02-28',NULL,NULL,40719,0,NULL,1,0,0,1),(1430,NULL,'2116-03',2116,3,'2116-03-01','2116-03-31',NULL,NULL,40719,0,NULL,1,0,0,1),(1431,NULL,'2116-04',2116,4,'2116-04-01','2116-04-30',NULL,NULL,40719,0,NULL,1,0,0,1),(1432,NULL,'2116-05',2116,5,'2116-05-01','2116-05-31',NULL,NULL,40719,0,NULL,1,0,0,1),(1433,NULL,'2116-06',2116,6,'2116-06-01','2116-06-30',NULL,NULL,40719,0,NULL,1,0,0,1),(1434,NULL,'2116-07',2116,7,'2116-07-01','2116-07-31',NULL,NULL,40719,0,NULL,1,0,0,1),(1435,NULL,'2116-08',2116,8,'2116-08-01','2116-08-31',NULL,NULL,40719,0,NULL,1,0,0,1),(1436,NULL,'2116-09',2116,9,'2116-09-01','2116-09-30',NULL,NULL,40719,0,NULL,1,0,0,1),(1437,NULL,'2116-10',2116,10,'2116-10-01','2116-10-31',NULL,NULL,40719,0,NULL,1,0,0,1),(1438,NULL,'2116-11',2116,11,'2116-11-01','2116-11-30',NULL,NULL,40719,0,NULL,1,0,0,1),(1439,NULL,'2116-12',2116,12,'2116-12-01','2116-12-31',NULL,NULL,40719,0,NULL,1,0,0,1),(1443,NULL,'2117-01',2117,1,'2117-01-01','2117-01-31',NULL,NULL,40719,0,NULL,1,0,0,1),(1444,NULL,'2117-02',2117,2,'2117-02-01','2117-02-28',NULL,NULL,40719,0,NULL,1,0,0,1),(1445,NULL,'2117-03',2117,3,'2117-03-01','2117-03-31',NULL,NULL,40719,0,NULL,1,0,0,1),(1446,NULL,'2117-04',2117,4,'2117-04-01','2117-04-30',NULL,NULL,40719,0,NULL,1,0,0,1),(1447,NULL,'2117-05',2117,5,'2117-05-01','2117-05-31',NULL,NULL,40719,0,NULL,1,0,0,1),(1448,NULL,'2117-06',2117,6,'2117-06-01','2117-06-30',NULL,NULL,40719,0,NULL,1,0,0,1),(1449,NULL,'2117-07',2117,7,'2117-07-01','2117-07-31',NULL,NULL,40719,0,NULL,1,0,0,1),(1450,NULL,'2117-08',2117,8,'2117-08-01','2117-08-31',NULL,NULL,40719,0,NULL,1,0,0,1),(1451,NULL,'2117-09',2117,9,'2117-09-01','2117-09-30',NULL,NULL,40719,0,NULL,1,0,0,1),(1452,NULL,'2117-10',2117,10,'2117-10-01','2117-10-31',NULL,NULL,40719,0,NULL,1,0,0,1),(1453,NULL,'2117-11',2117,11,'2117-11-01','2117-11-30',NULL,NULL,40719,0,NULL,1,0,0,1),(1454,NULL,'2117-12',2117,12,'2117-12-01','2117-12-31',NULL,NULL,40719,0,NULL,1,0,0,1),(1458,NULL,'2118-01',2118,1,'2118-01-01','2118-01-31',NULL,NULL,40719,0,NULL,1,0,0,1),(1459,NULL,'2118-02',2118,2,'2118-02-01','2118-02-28',NULL,NULL,40719,0,NULL,1,0,0,1);
INSERT INTO `periods` VALUES (1460,NULL,'2118-03',2118,3,'2118-03-01','2118-03-31',NULL,NULL,40719,0,NULL,1,0,0,1),(1461,NULL,'2118-04',2118,4,'2118-04-01','2118-04-30',NULL,NULL,40719,0,NULL,1,0,0,1),(1462,NULL,'2118-05',2118,5,'2118-05-01','2118-05-31',NULL,NULL,40719,0,NULL,1,0,0,1),(1463,NULL,'2118-06',2118,6,'2118-06-01','2118-06-30',NULL,NULL,40719,0,NULL,1,0,0,1),(1464,NULL,'2118-07',2118,7,'2118-07-01','2118-07-31',NULL,NULL,40719,0,NULL,1,0,0,1),(1465,NULL,'2118-08',2118,8,'2118-08-01','2118-08-31',NULL,NULL,40719,0,NULL,1,0,0,1),(1466,NULL,'2118-09',2118,9,'2118-09-01','2118-09-30',NULL,NULL,40719,0,NULL,1,0,0,1),(1467,NULL,'2118-10',2118,10,'2118-10-01','2118-10-31',NULL,NULL,40719,0,NULL,1,0,0,1),(1468,NULL,'2118-11',2118,11,'2118-11-01','2118-11-30',NULL,NULL,40719,0,NULL,1,0,0,1),(1469,NULL,'2118-12',2118,12,'2118-12-01','2118-12-31',NULL,NULL,40719,0,NULL,1,0,0,1),(1473,NULL,'2119-01',2119,1,'2119-01-01','2119-01-31',NULL,NULL,40719,0,NULL,1,0,0,1),(1474,NULL,'2119-02',2119,2,'2119-02-01','2119-02-28',NULL,NULL,40719,0,NULL,1,0,0,1),(1475,NULL,'2119-03',2119,3,'2119-03-01','2119-03-31',NULL,NULL,40719,0,NULL,1,0,0,1),(1476,NULL,'2119-04',2119,4,'2119-04-01','2119-04-30',NULL,NULL,40719,0,NULL,1,0,0,1),(1477,NULL,'2119-05',2119,5,'2119-05-01','2119-05-31',NULL,NULL,40719,0,NULL,1,0,0,1),(1478,NULL,'2119-06',2119,6,'2119-06-01','2119-06-30',NULL,NULL,40719,0,NULL,1,0,0,1),(1479,NULL,'2119-07',2119,7,'2119-07-01','2119-07-31',NULL,NULL,40719,0,NULL,1,0,0,1),(1480,NULL,'2119-08',2119,8,'2119-08-01','2119-08-31',NULL,NULL,40719,0,NULL,1,0,0,1),(1481,NULL,'2119-09',2119,9,'2119-09-01','2119-09-30',NULL,NULL,40719,0,NULL,1,0,0,1),(1482,NULL,'2119-10',2119,10,'2119-10-01','2119-10-31',NULL,NULL,40719,0,NULL,1,0,0,1),(1483,NULL,'2119-11',2119,11,'2119-11-01','2119-11-30',NULL,NULL,40719,0,NULL,1,0,0,1),(1484,NULL,'2119-12',2119,12,'2119-12-01','2119-12-31',NULL,NULL,40719,0,NULL,1,0,0,1),(1488,NULL,'2120-01',2120,1,'2120-01-01','2120-01-31',NULL,NULL,40719,0,NULL,1,0,0,1),(1489,NULL,'2120-02',2120,2,'2120-02-01','2120-02-28',NULL,NULL,40719,0,NULL,1,0,0,1),(1490,NULL,'2120-03',2120,3,'2120-03-01','2120-03-31',NULL,NULL,40719,0,NULL,1,0,0,1),(1491,NULL,'2120-04',2120,4,'2120-04-01','2120-04-30',NULL,NULL,40719,0,NULL,1,0,0,1),(1492,NULL,'2120-05',2120,5,'2120-05-01','2120-05-31',NULL,NULL,40719,0,NULL,1,0,0,1),(1493,NULL,'2120-06',2120,6,'2120-06-01','2120-06-30',NULL,NULL,40719,0,NULL,1,0,0,1),(1494,NULL,'2120-07',2120,7,'2120-07-01','2120-07-31',NULL,NULL,40719,0,NULL,1,0,0,1),(1495,NULL,'2120-08',2120,8,'2120-08-01','2120-08-31',NULL,NULL,40719,0,NULL,1,0,0,1),(1496,NULL,'2120-09',2120,9,'2120-09-01','2120-09-30',NULL,NULL,40719,0,NULL,1,0,0,1),(1497,NULL,'2120-10',2120,10,'2120-10-01','2120-10-31',NULL,NULL,40719,0,NULL,1,0,0,1),(1498,NULL,'2120-11',2120,11,'2120-11-01','2120-11-30',NULL,NULL,40719,0,NULL,1,0,0,1),(1499,NULL,'2120-12',2120,12,'2120-12-01','2120-12-31',NULL,NULL,40719,0,NULL,1,0,0,1),(1503,NULL,'2121-01',2121,1,'2121-01-01','2121-01-31',NULL,NULL,40719,0,NULL,1,0,0,1),(1504,NULL,'2121-02',2121,2,'2121-02-01','2121-02-28',NULL,NULL,40719,0,NULL,1,0,0,1),(1505,NULL,'2121-03',2121,3,'2121-03-01','2121-03-31',NULL,NULL,40719,0,NULL,1,0,0,1),(1506,NULL,'2121-04',2121,4,'2121-04-01','2121-04-30',NULL,NULL,40719,0,NULL,1,0,0,1),(1507,NULL,'2121-05',2121,5,'2121-05-01','2121-05-31',NULL,NULL,40719,0,NULL,1,0,0,1),(1508,NULL,'2121-06',2121,6,'2121-06-01','2121-06-30',NULL,NULL,40719,0,NULL,1,0,0,1),(1509,NULL,'2121-07',2121,7,'2121-07-01','2121-07-31',NULL,NULL,40719,0,NULL,1,0,0,1),(1510,NULL,'2121-08',2121,8,'2121-08-01','2121-08-31',NULL,NULL,40719,0,NULL,1,0,0,1),(1511,NULL,'2121-09',2121,9,'2121-09-01','2121-09-30',NULL,NULL,40719,0,NULL,1,0,0,1),(1512,NULL,'2121-10',2121,10,'2121-10-01','2121-10-31',NULL,NULL,40719,0,NULL,1,0,0,1),(1513,NULL,'2121-11',2121,11,'2121-11-01','2121-11-30',NULL,NULL,40719,0,NULL,1,0,0,1),(1514,NULL,'2121-12',2121,12,'2121-12-01','2121-12-31',NULL,NULL,40719,0,NULL,1,0,0,1);
INSERT INTO `periods` VALUES (1518,NULL,'2020-01',2020,1,'2020-01-01','2020-01-31',NULL,NULL,40719,0,NULL,1,0,0,1),(1519,NULL,'2020-02',2020,2,'2020-02-01','2020-02-28',NULL,NULL,40719,0,NULL,1,0,0,1),(1520,NULL,'2020-03',2020,3,'2020-03-01','2020-03-31',NULL,NULL,40719,0,NULL,1,0,0,1),(1521,NULL,'2020-04',2020,4,'2020-04-01','2020-04-30',NULL,NULL,40719,0,NULL,1,0,0,1),(1522,NULL,'2020-05',2020,5,'2020-05-01','2020-05-31',NULL,NULL,40719,0,NULL,1,0,0,1),(1523,NULL,'2020-06',2020,6,'2020-06-01','2020-06-30',NULL,NULL,40719,0,NULL,1,0,0,1),(1524,NULL,'2020-07',2020,7,'2020-07-01','2020-07-31',NULL,NULL,40719,0,NULL,1,0,0,1),(1525,NULL,'2020-08',2020,8,'2020-08-01','2020-08-31',NULL,NULL,40719,0,NULL,1,0,0,1),(1526,NULL,'2020-09',2020,9,'2020-09-01','2020-09-30',NULL,NULL,40719,0,NULL,1,0,0,1),(1527,NULL,'2020-10',2020,10,'2020-10-01','2020-10-31',NULL,NULL,40719,0,NULL,1,0,0,1),(1528,NULL,'2020-11',2020,11,'2020-11-01','2020-11-30',NULL,NULL,40719,0,NULL,1,0,0,1),(1529,NULL,'2020-12',2020,12,'2020-12-01','2020-12-31',NULL,NULL,40719,0,NULL,1,0,0,1);

--
-- Table structure for table `person_activities`
--

CREATE TABLE `person_activities` (
  `id` int(10) unsigned NOT NULL AUTO_INCREMENT,
  `user_id` int(10) unsigned DEFAULT NULL,
  `person_id` int(10) unsigned NOT NULL,
  `activity_id` int(10) unsigned NOT NULL,
  `is_principal` tinyint(1) NOT NULL DEFAULT '0',
  `created_at` timestamp NULL DEFAULT NULL,
  `updated_at` timestamp NULL DEFAULT NULL,
  `deleted_at` timestamp NULL DEFAULT NULL,
  PRIMARY KEY (`id`),
  KEY `person_activities_person_id_foreign` (`person_id`),
  KEY `person_activities_activity_id_foreign` (`activity_id`),
  CONSTRAINT `person_activities_activity_id_foreign` FOREIGN KEY (`activity_id`) REFERENCES `activities` (`id`),
  CONSTRAINT `person_activities_person_id_foreign` FOREIGN KEY (`person_id`) REFERENCES `persons` (`id`)
) ENGINE=InnoDB AUTO_INCREMENT=4 DEFAULT CHARSET=utf8mb4 COLLATE=utf8mb4_unicode_ci;

--
-- Dumping data for table `person_activities`
--

INSERT INTO `person_activities` VALUES (3,4654,40719,400,1,'2021-05-31 12:37:46','2021-05-31 12:37:46',NULL);

--
-- Table structure for table `person_configurations`
--

CREATE TABLE `person_configurations` (
  `id` int(10) unsigned NOT NULL AUTO_INCREMENT,
  `user_id` int(10) unsigned DEFAULT NULL,
  `person_id` int(10) unsigned NOT NULL,
  `period_id` int(10) unsigned DEFAULT NULL,
  `zone_id` int(10) unsigned DEFAULT NULL,
  `settle_calc_by_coef` int(11) NOT NULL DEFAULT '0',
  `created_at` timestamp NULL DEFAULT NULL,
  `updated_at` timestamp NULL DEFAULT NULL,
  `active` int(10) unsigned DEFAULT NULL,
  `enviarMail` int(11) DEFAULT '1',
  `honorario` decimal(16,2) DEFAULT '0.00',
  `cta_cte_tesoreria_cuenta_id` int(10) unsigned DEFAULT NULL,
  `month_close` int(10) unsigned DEFAULT NULL,
  `iva_condition_id` int(10) unsigned DEFAULT NULL,
  `obligation_sell` int(10) unsigned DEFAULT NULL,
  `obligation_buy` int(10) unsigned DEFAULT NULL,
  `obligation_iva` int(10) unsigned DEFAULT NULL,
  `obligation_electronic_receipt` int(10) unsigned DEFAULT NULL,
  `obligation_iibb` int(10) unsigned DEFAULT NULL,
  `obligation_other_taxes` int(10) unsigned DEFAULT NULL,
  `liquidation_start_period` varchar(7) COLLATE utf8mb4_unicode_ci DEFAULT NULL,
  `obligation_salaries` int(10) unsigned DEFAULT NULL,
  `empleada_domestica` tinyint(1) NOT NULL DEFAULT '0',
  `prorratear_iva` tinyint(1) NOT NULL DEFAULT '0',
  `is_itc` tinyint(1) NOT NULL DEFAULT '0',
  `priority_order` int(10) unsigned DEFAULT NULL,
  `person_id_administrador` int(11) DEFAULT NULL,
  `person_id_titular` int(11) DEFAULT NULL,
  `logo_path` varchar(180) COLLATE utf8mb4_unicode_ci DEFAULT NULL,
  `certificado_afip_path` varchar(180) COLLATE utf8mb4_unicode_ci DEFAULT NULL,
  `llave_afip_path` varchar(180) COLLATE utf8mb4_unicode_ci DEFAULT NULL,
  `access_electronic_receipt` int(10) unsigned DEFAULT '0',
  `ruta_logo_fa` varchar(100) COLLATE utf8mb4_unicode_ci DEFAULT NULL,
  `inicio_actividades` date DEFAULT NULL,
  `iibb` varchar(191) COLLATE utf8mb4_unicode_ci DEFAULT NULL,
  `fe_leyenda` varchar(191) COLLATE utf8mb4_unicode_ci DEFAULT NULL,
  `atencion_iva` tinyint(1) NOT NULL DEFAULT '0',
  `atencion_iva_comentario` varchar(191) COLLATE utf8mb4_unicode_ci DEFAULT NULL,
  `atencion_iibb` tinyint(1) NOT NULL DEFAULT '0',
  `atencion_iibb_comentario` varchar(191) COLLATE utf8mb4_unicode_ci DEFAULT NULL,
  `deleted_at` timestamp NULL DEFAULT NULL,
  PRIMARY KEY (`id`),
  KEY `person_configurations_person_id_foreign` (`person_id`),
  KEY `person_configurations_period_id_foreign` (`period_id`),
  KEY `person_configurations_zone_id_foreign` (`zone_id`),
  KEY `person_configurations_iva_condition_id_foreign` (`iva_condition_id`),
  KEY `person_configurations_cta_cte_tesoreria_cuenta_id_foreign` (`cta_cte_tesoreria_cuenta_id`),
  CONSTRAINT `person_configurations_cta_cte_tesoreria_cuenta_id_foreign` FOREIGN KEY (`cta_cte_tesoreria_cuenta_id`) REFERENCES `cta_cte_tesoreria_cuentas` (`id`),
  CONSTRAINT `person_configurations_iva_condition_id_foreign` FOREIGN KEY (`iva_condition_id`) REFERENCES `iva_conditions` (`id`),
  CONSTRAINT `person_configurations_period_id_foreign` FOREIGN KEY (`period_id`) REFERENCES `periods` (`id`),
  CONSTRAINT `person_configurations_person_id_foreign` FOREIGN KEY (`person_id`) REFERENCES `persons` (`id`),
  CONSTRAINT `person_configurations_zone_id_foreign` FOREIGN KEY (`zone_id`) REFERENCES `zones` (`id`)
) ENGINE=InnoDB AUTO_INCREMENT=3 DEFAULT CHARSET=utf8mb4 COLLATE=utf8mb4_unicode_ci;

--
-- Dumping data for table `person_configurations`
--

INSERT INTO `person_configurations` VALUES (2,4654,40719,NULL,NULL,0,'2021-05-31 12:08:58','2021-05-31 12:37:46',2,1,0.00,NULL,12,2,0,0,0,0,1,NULL,'2021-1',0,0,0,0,2,40719,40719,NULL,NULL,NULL,0,NULL,'2021-05-31',NULL,NULL,0,NULL,0,NULL,NULL);

--
-- Table structure for table `person_liquidators`
--

CREATE TABLE `person_liquidators` (
  `id` int(10) unsigned NOT NULL AUTO_INCREMENT,
  `user_id` int(10) unsigned DEFAULT NULL,
  `person_id` int(10) unsigned NOT NULL,
  `liquidator_id` int(10) unsigned NOT NULL,
  `created_at` timestamp NULL DEFAULT NULL,
  `updated_at` timestamp NULL DEFAULT NULL,
  `deleted_at` timestamp NULL DEFAULT NULL,
  PRIMARY KEY (`id`),
  KEY `person_liquidators_person_id_foreign` (`person_id`),
  KEY `person_liquidators_liquidator_id_foreign` (`liquidator_id`),
  CONSTRAINT `person_liquidators_liquidator_id_foreign` FOREIGN KEY (`liquidator_id`) REFERENCES `liquidators` (`id`),
  CONSTRAINT `person_liquidators_person_id_foreign` FOREIGN KEY (`person_id`) REFERENCES `persons` (`id`)
) ENGINE=InnoDB DEFAULT CHARSET=utf8mb4 COLLATE=utf8mb4_unicode_ci;

--
-- Dumping data for table `person_liquidators`
--


--
-- Table structure for table `person_pay_methods`
--

CREATE TABLE `person_pay_methods` (
  `id` int(10) unsigned NOT NULL AUTO_INCREMENT,
  `user_id` int(10) unsigned DEFAULT NULL,
  `person_id` int(10) unsigned NOT NULL,
  `pay_method_id` int(10) unsigned NOT NULL,
  `created_at` timestamp NULL DEFAULT NULL,
  `updated_at` timestamp NULL DEFAULT NULL,
  `deleted_at` timestamp NULL DEFAULT NULL,
  PRIMARY KEY (`id`),
  KEY `person_pay_methods_person_id_foreign` (`person_id`),
  KEY `person_pay_methods_pay_method_id_foreign` (`pay_method_id`),
  CONSTRAINT `person_pay_methods_pay_method_id_foreign` FOREIGN KEY (`pay_method_id`) REFERENCES `pay_methods` (`id`),
  CONSTRAINT `person_pay_methods_person_id_foreign` FOREIGN KEY (`person_id`) REFERENCES `persons` (`id`)
) ENGINE=InnoDB DEFAULT CHARSET=utf8mb4 COLLATE=utf8mb4_unicode_ci;

--
-- Dumping data for table `person_pay_methods`
--


--
-- Table structure for table `person_types`
--

CREATE TABLE `person_types` (
  `id` int(10) unsigned NOT NULL AUTO_INCREMENT,
  `user_id` int(10) unsigned DEFAULT NULL,
  `description` varchar(180) COLLATE utf8mb4_unicode_ci NOT NULL,
  `created_at` timestamp NULL DEFAULT NULL,
  `updated_at` timestamp NULL DEFAULT NULL,
  `deleted_at` timestamp NULL DEFAULT NULL,
  PRIMARY KEY (`id`),
  UNIQUE KEY `person_types_description_unique` (`description`)
) ENGINE=InnoDB AUTO_INCREMENT=3 DEFAULT CHARSET=utf8mb4 COLLATE=utf8mb4_unicode_ci;

--
-- Dumping data for table `person_types`
--

INSERT INTO `person_types` VALUES (1,NULL,'Persona Humana',NULL,NULL,NULL),(2,NULL,'Persona Juridica',NULL,NULL,NULL);

--
-- Table structure for table `person_zone_actividad`
--

CREATE TABLE `person_zone_actividad` (
  `id` int(10) unsigned NOT NULL AUTO_INCREMENT,
  `user_id` int(10) unsigned DEFAULT NULL,
  `person_id` int(10) unsigned NOT NULL,
  `zone_id` int(10) unsigned NOT NULL,
  `actividad_id` int(10) unsigned NOT NULL,
  `calculo_iibb` int(11) NOT NULL,
  `coef` decimal(16,5) NOT NULL DEFAULT '0.00000',
  `alicuota` decimal(16,5) NOT NULL DEFAULT '0.00000',
  `cm_articulo_regimen_id` int(10) unsigned NOT NULL DEFAULT '1',
  `habilitado` tinyint(1) NOT NULL DEFAULT '1',
  `created_at` timestamp NULL DEFAULT NULL,
  `updated_at` timestamp NULL DEFAULT NULL,
  `deleted_at` timestamp NULL DEFAULT NULL,
  PRIMARY KEY (`id`),
  KEY `person_zone_actividad_person_id_foreign` (`person_id`),
  KEY `person_zone_actividad_zone_id_foreign` (`zone_id`),
  KEY `person_zone_actividad_actividad_id_foreign` (`actividad_id`),
  KEY `person_zone_actividad_cm_articulo_regimen_id_foreign` (`cm_articulo_regimen_id`),
  CONSTRAINT `person_zone_actividad_actividad_id_foreign` FOREIGN KEY (`actividad_id`) REFERENCES `activities` (`id`),
  CONSTRAINT `person_zone_actividad_cm_articulo_regimen_id_foreign` FOREIGN KEY (`cm_articulo_regimen_id`) REFERENCES `cm_articulos_regimenes` (`id`),
  CONSTRAINT `person_zone_actividad_person_id_foreign` FOREIGN KEY (`person_id`) REFERENCES `persons` (`id`),
  CONSTRAINT `person_zone_actividad_zone_id_foreign` FOREIGN KEY (`zone_id`) REFERENCES `zones` (`id`)
) ENGINE=InnoDB AUTO_INCREMENT=4 DEFAULT CHARSET=utf8mb4 COLLATE=utf8mb4_unicode_ci;

--
-- Dumping data for table `person_zone_actividad`
--

INSERT INTO `person_zone_actividad` VALUES (2,4654,40719,23,400,1,0.00000,0.00000,1,1,'2021-05-31 12:37:46','2021-05-31 12:37:46',NULL),(3,4654,40719,22,400,1,0.00000,0.00000,1,1,'2021-05-31 12:37:46','2021-05-31 12:37:46',NULL);

--
-- Table structure for table `person_zones`
--

CREATE TABLE `person_zones` (
  `id` int(10) unsigned NOT NULL AUTO_INCREMENT,
  `user_id` int(10) unsigned DEFAULT NULL,
  `sifere_coef` decimal(8,4) NOT NULL DEFAULT '0.0000',
  `iibb_aliquot` decimal(8,4) NOT NULL DEFAULT '0.0000',
  `zone_id` int(10) unsigned NOT NULL,
  `is_principal` tinyint(1) NOT NULL DEFAULT '0',
  `iibb_perception_id` int(10) unsigned DEFAULT NULL,
  `retention_id` int(10) unsigned DEFAULT NULL,
  `activity_id` int(10) unsigned DEFAULT NULL,
  `created_at` timestamp NULL DEFAULT NULL,
  `updated_at` timestamp NULL DEFAULT NULL,
  `person_id` int(10) unsigned NOT NULL,
  `deleted_at` timestamp NULL DEFAULT NULL,
  PRIMARY KEY (`id`),
  KEY `person_zones_zone_id_foreign` (`zone_id`),
  KEY `person_zones_person_id_foreign` (`person_id`),
  CONSTRAINT `person_zones_person_id_foreign` FOREIGN KEY (`person_id`) REFERENCES `persons` (`id`),
  CONSTRAINT `person_zones_zone_id_foreign` FOREIGN KEY (`zone_id`) REFERENCES `zones` (`id`)
) ENGINE=InnoDB AUTO_INCREMENT=4 DEFAULT CHARSET=utf8mb4 COLLATE=utf8mb4_unicode_ci;

--
-- Dumping data for table `person_zones`
--

INSERT INTO `person_zones` VALUES (2,4654,0.0000,0.0000,23,1,NULL,NULL,NULL,'2021-05-31 12:37:46','2021-05-31 12:37:46',40719,NULL),(3,4654,0.0000,0.0000,22,1,NULL,NULL,NULL,'2021-05-31 12:37:46','2021-05-31 12:37:46',40719,NULL);

--
-- Table structure for table `persons`
--

CREATE TABLE `persons` (
  `id` int(10) unsigned NOT NULL AUTO_INCREMENT,
  `user_id` int(10) unsigned DEFAULT NULL,
  `field_name1` varchar(255) COLLATE utf8mb4_unicode_ci NOT NULL,
  `field_name2` varchar(255) COLLATE utf8mb4_unicode_ci DEFAULT NULL,
  `document_type` varchar(10) COLLATE utf8mb4_unicode_ci NOT NULL,
  `document` varchar(30) COLLATE utf8mb4_unicode_ci NOT NULL,
  `cond_frente_al_iva_id` int(10) unsigned DEFAULT NULL,
  `country_id` int(10) unsigned DEFAULT NULL,
  `state_id` int(10) unsigned DEFAULT NULL,
  `zone_id` int(10) unsigned DEFAULT NULL,
  `plan_cuenta_id` int(10) unsigned DEFAULT NULL,
  `iva_creditos_tipo_id` int(10) unsigned DEFAULT NULL,
  `created_at` timestamp NULL DEFAULT NULL,
  `updated_at` timestamp NULL DEFAULT NULL,
  `activity_id` int(10) unsigned DEFAULT NULL,
  `address` varchar(500) COLLATE utf8mb4_unicode_ci DEFAULT NULL,
  `person_type_id` int(10) unsigned DEFAULT NULL,
  `fa_iva_condition_id` int(10) unsigned DEFAULT NULL,
  `fa_codigo_postal` varchar(180) COLLATE utf8mb4_unicode_ci DEFAULT NULL,
  `email` varchar(180) COLLATE utf8mb4_unicode_ci DEFAULT NULL,
  `deleted_at` timestamp NULL DEFAULT NULL,
  PRIMARY KEY (`id`),
  UNIQUE KEY `document_UNIQUE` (`document`),
  KEY `persons_zone_id_foreign` (`zone_id`),
  KEY `persons_person_type_id_foreign` (`person_type_id`),
  KEY `persons_plan_cuenta_id_foreign` (`plan_cuenta_id`),
  KEY `persons_iva_creditos_tipo_id_foreign` (`iva_creditos_tipo_id`),
  KEY `persons_cond_frente_al_iva_id_foreign` (`cond_frente_al_iva_id`),
  CONSTRAINT `persons_cond_frente_al_iva_id_foreign` FOREIGN KEY (`cond_frente_al_iva_id`) REFERENCES `condicion_frente_al_iva` (`id`),
  CONSTRAINT `persons_iva_creditos_tipo_id_foreign` FOREIGN KEY (`iva_creditos_tipo_id`) REFERENCES `iva_creditos_tipos` (`id`),
  CONSTRAINT `persons_person_type_id_foreign` FOREIGN KEY (`person_type_id`) REFERENCES `person_types` (`id`),
  CONSTRAINT `persons_plan_cuenta_id_foreign` FOREIGN KEY (`plan_cuenta_id`) REFERENCES `conta_plan_cuenta` (`id`),
  CONSTRAINT `persons_zone_id_foreign` FOREIGN KEY (`zone_id`) REFERENCES `zones` (`id`)
) ENGINE=InnoDB AUTO_INCREMENT=41321 DEFAULT CHARSET=utf8mb4 COLLATE=utf8mb4_unicode_ci;

--
-- Dumping data for table `persons`
--

INSERT INTO `persons` VALUES (3,NULL,'Larzabal Hernan',NULL,'cuit','20-28468190-9',NULL,NULL,22,22,NULL,NULL,'2018-05-12 20:55:07','2018-05-14 01:54:15',1,NULL,1,NULL,NULL,NULL,NULL),(40717,NULL,'Taxes Software',NULL,'cuit','30-71625124-8',NULL,NULL,22,22,NULL,NULL,NULL,NULL,NULL,NULL,2,NULL,NULL,NULL,NULL),(40718,NULL,'Consumidor Final',NULL,'cuit','20-11111111-2',NULL,NULL,22,22,NULL,NULL,NULL,NULL,NULL,NULL,NULL,NULL,NULL,NULL,NULL),(40719,4654,'Perez Jorge Daniel',NULL,'cuit','20-24538637-1',NULL,NULL,NULL,NULL,NULL,NULL,'2021-05-31 18:08:49','2021-05-31 12:37:46',1,NULL,1,NULL,NULL,NULL,NULL),(40720,4654,'TYMEC SRL',NULL,'cuit','33-71462375-9',NULL,NULL,22,22,NULL,NULL,'2021-06-02 13:48:13','2021-06-02 13:48:13',NULL,NULL,2,NULL,NULL,NULL,NULL),(40721,4654,'Fivic SRL',NULL,'cuit','30-70920127-8',NULL,NULL,NULL,NULL,NULL,NULL,'2021-06-16 15:07:52','2021-06-16 15:07:52',NULL,'Paseo Victorica 611 - Tigre',2,NULL,NULL,NULL,NULL),(40722,4654,'Palma Di Montechiaro SA',NULL,'cuit','33-71543926-9',NULL,NULL,NULL,NULL,NULL,NULL,'2021-07-22 12:27:46','2021-07-22 12:27:46',NULL,NULL,2,NULL,NULL,NULL,NULL),(40723,4654,'Twenty Nails SA',NULL,'cuit','30-71027662-1',NULL,NULL,23,23,NULL,NULL,'2021-08-09 11:46:56','2021-08-09 11:46:56',NULL,NULL,2,NULL,NULL,NULL,NULL),(40724,4654,'Diego Bonomo',NULL,'cuit','20-28683481-8',NULL,NULL,NULL,NULL,NULL,NULL,'2021-08-10 12:19:58','2021-08-10 12:19:58',NULL,NULL,2,NULL,NULL,NULL,NULL),(40725,4654,'COMPAS CONSTRUCCIONES SRL',NULL,'cuit','30-71134707-7',NULL,NULL,NULL,NULL,NULL,NULL,'2021-08-12 16:12:06','2021-08-13 14:18:00',NULL,NULL,2,NULL,NULL,NULL,NULL),(40726,4654,'CONSORCITY SRL',NULL,'cuit','30-71567477-3',NULL,NULL,NULL,NULL,NULL,NULL,'2021-08-26 10:29:34','2021-08-26 10:29:34',NULL,NULL,2,NULL,NULL,NULL,NULL),(40727,4654,'Gonzalo Hecker',NULL,'cuit','20-29978949-8',NULL,NULL,NULL,NULL,NULL,NULL,'2021-08-31 11:37:06','2021-08-31 11:37:06',NULL,NULL,2,NULL,NULL,NULL,NULL),(40728,4654,'FIDEICOMISO CONSTRUTRES - BELGRANO 872',NULL,'cuit','30-71513321-7',NULL,NULL,NULL,NULL,NULL,NULL,'2021-09-01 11:10:29','2021-09-01 11:10:29',NULL,NULL,2,NULL,NULL,NULL,NULL),(40729,4654,'RUFU SAS',NULL,'cuit','30-71591492-8',NULL,NULL,NULL,NULL,NULL,NULL,'2021-09-01 11:30:27','2021-09-01 11:30:27',NULL,NULL,2,NULL,NULL,NULL,NULL),(40730,4654,'Lanieri Juan Manuel',NULL,'cuit','20-27691764-2',NULL,NULL,NULL,NULL,NULL,NULL,'2021-09-03 12:14:25','2021-09-03 12:14:25',NULL,NULL,2,NULL,NULL,NULL,NULL),(40731,4654,'Andres Eduardo Santa Cruz',NULL,'cuit','20-28650066-9',NULL,NULL,NULL,NULL,NULL,NULL,'2021-09-07 11:13:26','2021-09-07 11:13:26',NULL,NULL,2,NULL,NULL,NULL,NULL),(40732,4654,'Yuliana',NULL,'cuit','27-94832081-4',NULL,NULL,NULL,NULL,NULL,NULL,'2021-09-07 11:56:08','2021-09-07 11:56:08',NULL,NULL,2,NULL,NULL,NULL,NULL),(40733,4654,'BRACCO JOSE MANUEL',NULL,'cuit','20-26194975-0',NULL,NULL,NULL,NULL,NULL,NULL,'2021-09-07 13:27:01','2021-09-07 13:27:01',NULL,NULL,2,NULL,NULL,NULL,NULL),(40734,4654,'GIRARDI GERMAN DANIEL',NULL,'cuit','20-25400506-2',NULL,NULL,NULL,NULL,NULL,NULL,'2021-09-07 13:50:06','2021-09-07 13:50:06',NULL,NULL,2,NULL,NULL,NULL,NULL),(40735,4654,'DANCORMED SRL',NULL,'cuit','30-71683633-5',NULL,NULL,NULL,NULL,NULL,NULL,'2021-09-09 14:36:33','2021-09-09 14:36:33',NULL,NULL,2,NULL,NULL,NULL,NULL),(40736,4654,'Eagles',NULL,'cuit','30-71617223-2',NULL,NULL,NULL,NULL,NULL,NULL,'2021-09-10 11:35:33','2021-09-10 11:35:33',NULL,NULL,2,NULL,NULL,NULL,NULL),(40737,4654,'MOOD BOXES',NULL,'cuit','30-71686951-9',NULL,NULL,NULL,NULL,NULL,NULL,'2021-09-10 14:48:21','2021-09-10 14:48:21',NULL,NULL,2,NULL,NULL,NULL,NULL),(40804,4654,'RUIZ MARINA ESPERANZA',NULL,'cuit','27-26824542-7',NULL,NULL,NULL,NULL,NULL,NULL,'2021-12-03 13:07:13','2021-12-03 13:07:13',NULL,NULL,NULL,NULL,NULL,NULL,NULL),(40805,4654,'FCG ENERGIA  S.R.L',NULL,'cuit','30-71637072-7',NULL,NULL,NULL,NULL,NULL,NULL,'2021-12-03 13:07:13','2021-12-03 13:07:13',NULL,NULL,NULL,NULL,NULL,NULL,NULL);
INSERT INTO `persons` VALUES (40806,4654,'I  M  CRISTALES S R L',NULL,'cuit','30-68582115-6',NULL,NULL,NULL,NULL,NULL,NULL,'2021-12-03 13:07:13','2021-12-03 13:07:13',NULL,NULL,NULL,NULL,NULL,NULL,NULL),(40807,4654,'IM ALUMINIO S.R.L.',NULL,'cuit','30-71096119-7',NULL,NULL,NULL,NULL,NULL,NULL,'2021-12-03 13:07:13','2021-12-03 13:07:13',NULL,NULL,NULL,NULL,NULL,NULL,NULL),(40808,4654,'CORRALON EL CONSTRUCTOR S A',NULL,'cuit','30-70818538-4',NULL,NULL,NULL,NULL,NULL,NULL,'2021-12-03 13:07:13','2021-12-03 13:07:13',NULL,NULL,NULL,NULL,NULL,NULL,NULL),(40809,4654,'FRIAS DIEGO JONATAN',NULL,'cuit','20-27534225-5',NULL,NULL,NULL,NULL,NULL,NULL,'2021-12-03 13:07:13','2021-12-03 13:07:13',NULL,NULL,NULL,NULL,NULL,NULL,NULL),(40810,4654,'DEGACOR SA',NULL,'cuit','33-70878184-9',NULL,NULL,NULL,NULL,NULL,NULL,'2021-12-03 13:07:13','2021-12-03 13:07:13',NULL,NULL,NULL,NULL,NULL,NULL,NULL),(40811,4654,'AMANCAY FC S.R.L.',NULL,'cuit','30-71247979-1',NULL,NULL,NULL,NULL,NULL,NULL,'2021-12-03 13:07:13','2021-12-03 13:07:13',NULL,NULL,NULL,NULL,NULL,NULL,NULL),(40812,4654,'OPERADORA DE ESTACIONES DE SERVICIOS SA',NULL,'cuit','30-67877449-5',NULL,NULL,NULL,NULL,NULL,NULL,'2021-12-03 13:07:13','2021-12-03 13:07:13',NULL,NULL,NULL,NULL,NULL,NULL,NULL),(40813,4654,'SANTIAGO ROSSI SCA',NULL,'cuit','30-53995924-3',NULL,NULL,NULL,NULL,NULL,NULL,'2021-12-03 13:07:13','2021-12-03 13:07:13',NULL,NULL,NULL,NULL,NULL,NULL,NULL),(40814,4654,'MARTIN ROBERTO CARLOS',NULL,'cuit','20-23601783-5',NULL,NULL,NULL,NULL,NULL,NULL,'2021-12-03 13:07:13','2021-12-03 13:07:13',NULL,NULL,NULL,NULL,NULL,NULL,NULL),(40815,4654,'BRALAR S R L',NULL,'cuit','30-68862916-7',NULL,NULL,NULL,NULL,NULL,NULL,'2021-12-03 13:07:13','2021-12-03 13:07:13',NULL,NULL,NULL,NULL,NULL,NULL,NULL),(40816,4654,'STYROCOM S.R.L.',NULL,'cuit','30-71168337-9',NULL,NULL,NULL,NULL,NULL,NULL,'2021-12-03 13:07:13','2021-12-03 13:07:13',NULL,NULL,NULL,NULL,NULL,NULL,NULL),(40817,4654,'GALVYLAM SOCIEDAD ANONIMA',NULL,'cuit','30-70114957-9',NULL,NULL,NULL,NULL,NULL,NULL,'2021-12-03 13:07:13','2021-12-03 13:07:13',NULL,NULL,NULL,NULL,NULL,NULL,NULL),(40818,4654,'HERRERA JULIO ALEJANDRO',NULL,'cuit','20-18079081-1',NULL,NULL,NULL,NULL,NULL,NULL,'2021-12-03 13:07:13','2021-12-03 13:07:13',NULL,NULL,NULL,NULL,NULL,NULL,NULL),(40819,4654,'MADERERA BURGER Y BURGER S.R.L.',NULL,'cuit','30-71607265-3',NULL,NULL,NULL,NULL,NULL,NULL,'2021-12-03 13:07:13','2021-12-03 13:07:13',NULL,NULL,NULL,NULL,NULL,NULL,NULL),(40820,4654,'POSADA EL PAIHUEN S.R.L.',NULL,'cuit','30-70991883-0',NULL,NULL,NULL,NULL,NULL,NULL,'2021-12-03 13:07:13','2021-12-03 13:07:13',NULL,NULL,NULL,NULL,NULL,NULL,NULL),(40821,4654,'SUCESION DE TESSORE LIONEL ALBINO',NULL,'cuit','20-05799291-4',NULL,NULL,NULL,NULL,NULL,NULL,'2021-12-03 13:07:13','2021-12-03 13:07:13',NULL,NULL,NULL,NULL,NULL,NULL,NULL),(40822,4654,'SANTANGELO MARIA LUISA',NULL,'cuit','27-11819808-0',NULL,NULL,NULL,NULL,NULL,NULL,'2021-12-03 13:07:14','2021-12-03 13:07:14',NULL,NULL,NULL,NULL,NULL,NULL,NULL),(40823,4654,'AGROREDES SRL',NULL,'cuit','30-70737377-2',NULL,NULL,NULL,NULL,NULL,NULL,'2021-12-03 13:07:14','2021-12-03 13:07:14',NULL,NULL,NULL,NULL,NULL,NULL,NULL),(40824,4654,'MOREYRA LEANDRO EMILIO',NULL,'cuit','20-28544616-4',NULL,NULL,NULL,NULL,NULL,NULL,'2021-12-03 13:07:14','2021-12-03 13:07:14',NULL,NULL,NULL,NULL,NULL,NULL,NULL),(40825,4654,'CAMPAGNO IRIS ERCILIA',NULL,'cuit','27-06510234-5',NULL,NULL,NULL,NULL,NULL,NULL,'2021-12-03 13:07:14','2021-12-03 13:07:14',NULL,NULL,NULL,NULL,NULL,NULL,NULL),(40826,4654,'FIEGE ELDOMAR ALBERTO',NULL,'cuit','20-13162823-5',NULL,NULL,NULL,NULL,NULL,NULL,'2021-12-03 13:07:14','2021-12-03 13:07:14',NULL,NULL,NULL,NULL,NULL,NULL,NULL),(40827,4654,'BURGHI GABRIELA',NULL,'cuit','27-21496173-9',NULL,NULL,NULL,NULL,NULL,NULL,'2021-12-03 13:07:14','2021-12-03 13:07:14',NULL,NULL,NULL,NULL,NULL,NULL,NULL),(40828,4654,'LOGISTICA DON SALVADOR S.A.',NULL,'cuit','33-71454955-9',NULL,NULL,NULL,NULL,NULL,NULL,'2021-12-03 13:07:14','2021-12-03 13:07:14',NULL,NULL,NULL,NULL,NULL,NULL,NULL);
INSERT INTO `persons` VALUES (40829,4654,'AISPLAC SRL',NULL,'cuit','30-70723634-1',NULL,NULL,NULL,NULL,NULL,NULL,'2021-12-03 13:07:14','2021-12-03 13:07:14',NULL,NULL,NULL,NULL,NULL,NULL,NULL),(40830,4654,'CALERA SAN JUSTO SA',NULL,'cuit','33-68366326-9',NULL,NULL,NULL,NULL,NULL,NULL,'2021-12-03 13:07:14','2021-12-03 13:07:14',NULL,NULL,NULL,NULL,NULL,NULL,NULL),(40831,4654,'FERROTECNIA SRL',NULL,'cuit','30-62588249-0',NULL,NULL,NULL,NULL,NULL,NULL,'2021-12-03 13:07:14','2021-12-03 13:07:14',NULL,NULL,NULL,NULL,NULL,NULL,NULL),(40832,4654,'VICENTINI GUSTAVO GABRIEL Y AIAZZI RICARDO WALTER S.H.',NULL,'cuit','30-71067644-1',NULL,NULL,NULL,NULL,NULL,NULL,'2021-12-03 13:07:14','2021-12-03 13:07:14',NULL,NULL,NULL,NULL,NULL,NULL,NULL),(40833,4654,'POSERVI S.R.L.',NULL,'cuit','30-71456581-4',NULL,NULL,NULL,NULL,NULL,NULL,'2021-12-03 13:07:14','2021-12-03 13:07:14',NULL,NULL,NULL,NULL,NULL,NULL,NULL),(40834,4654,'PEREZ CRISTIAN ANDRES',NULL,'cuit','20-27270677-9',NULL,NULL,NULL,NULL,NULL,NULL,'2021-12-03 13:07:14','2021-12-03 13:07:14',NULL,NULL,NULL,NULL,NULL,NULL,NULL),(40835,4654,'BISCALDI ENRIQUE RAUL',NULL,'cuit','23-22904472-9',NULL,NULL,NULL,NULL,NULL,NULL,'2021-12-03 13:07:14','2021-12-03 13:07:14',NULL,NULL,NULL,NULL,NULL,NULL,NULL),(40836,4654,'MAT. ESCO SA',NULL,'cuit','33-71016730-9',NULL,NULL,NULL,NULL,NULL,NULL,'2021-12-03 13:07:14','2021-12-03 13:07:14',NULL,NULL,NULL,NULL,NULL,NULL,NULL),(40837,4654,'MENISALE JUAN MANUEL',NULL,'cuit','20-28233538-8',NULL,NULL,NULL,NULL,NULL,NULL,'2021-12-03 13:07:14','2021-12-03 13:07:14',NULL,NULL,NULL,NULL,NULL,NULL,NULL),(40838,4654,'CORRALON DE MATERIALES FAMIGLIETTI S.R.L.',NULL,'cuit','30-70858672-9',NULL,NULL,NULL,NULL,NULL,NULL,'2021-12-03 13:07:15','2021-12-03 13:07:15',NULL,NULL,NULL,NULL,NULL,NULL,NULL),(40839,4654,'SUAREZ IVAN LEONEL',NULL,'cuit','20-37431470-0',NULL,NULL,NULL,NULL,NULL,NULL,'2021-12-03 13:07:15','2021-12-03 13:07:15',NULL,NULL,NULL,NULL,NULL,NULL,NULL),(40840,4654,'DAPESOL S.A.',NULL,'cuit','30-70920710-1',NULL,NULL,NULL,NULL,NULL,NULL,'2021-12-03 13:07:15','2021-12-03 13:07:15',NULL,NULL,NULL,NULL,NULL,NULL,NULL),(40841,4654,'SANTANGELO WALTER DAMIAN',NULL,'cuit','20-33522692-6',NULL,NULL,NULL,NULL,NULL,NULL,'2021-12-03 13:07:15','2021-12-03 13:07:15',NULL,NULL,NULL,NULL,NULL,NULL,NULL),(40842,4654,'PINTURERIAS DC DE CASTILLO CARLOS DAMIAN Y CASTILLO DARIO ANDRES',NULL,'cuit','30-71524964-9',NULL,NULL,NULL,NULL,NULL,NULL,'2021-12-03 13:07:15','2021-12-03 13:07:15',NULL,NULL,NULL,NULL,NULL,NULL,NULL),(40843,4654,'LUJAN SCOFFE S.R.L.',NULL,'cuit','30-71182985-3',NULL,NULL,NULL,NULL,NULL,NULL,'2021-12-03 13:07:15','2021-12-03 13:07:15',NULL,NULL,NULL,NULL,NULL,NULL,NULL),(40844,4654,'CAOBA GROUP SRL',NULL,'cuit','30-71384250-4',NULL,NULL,NULL,NULL,NULL,NULL,'2021-12-03 13:07:15','2021-12-03 13:07:15',NULL,NULL,NULL,NULL,NULL,NULL,NULL),(40845,4654,'COMERCIAL TUCSON SA',NULL,'cuit','30-70978321-8',NULL,NULL,NULL,NULL,NULL,NULL,'2021-12-03 13:07:15','2021-12-03 13:07:15',NULL,NULL,NULL,NULL,NULL,NULL,NULL),(40846,4654,'PEREIRA CEDAMANOS IVAN ALEXANDER',NULL,'cuit','24-93976949-4',NULL,NULL,NULL,NULL,NULL,NULL,'2021-12-03 13:07:15','2021-12-03 13:07:15',NULL,NULL,NULL,NULL,NULL,NULL,NULL),(40847,4654,'ANACON SA',NULL,'cuit','30-70783100-2',NULL,NULL,NULL,NULL,NULL,NULL,'2021-12-03 13:07:15','2021-12-03 13:07:15',NULL,NULL,NULL,NULL,NULL,NULL,NULL),(40848,4654,'AURELIA S A C I Y F',NULL,'cuit','30-51681359-4',NULL,NULL,NULL,NULL,NULL,NULL,'2021-12-03 13:07:15','2021-12-03 13:07:15',NULL,NULL,NULL,NULL,NULL,NULL,NULL),(40849,4654,'BELLO JUAN ANGEL',NULL,'cuit','20-23649418-8',NULL,NULL,NULL,NULL,NULL,NULL,'2021-12-03 13:07:15','2021-12-03 13:07:15',NULL,NULL,NULL,NULL,NULL,NULL,NULL),(40850,4654,'TELEFONICA MOVILES ARGENTINA SOCIEDAD ANONIMA',NULL,'cuit','30-67881435-7',NULL,NULL,NULL,NULL,NULL,NULL,'2021-12-03 13:07:15','2021-12-03 13:07:15',NULL,NULL,NULL,NULL,NULL,NULL,NULL);
INSERT INTO `persons` VALUES (40851,4654,'VELEZ HORACIO RODOLFO',NULL,'cuit','20-21089657-1',NULL,NULL,NULL,NULL,NULL,NULL,'2021-12-03 13:07:15','2021-12-03 13:07:15',NULL,NULL,NULL,NULL,NULL,NULL,NULL),(40852,4654,'BULONERA ANDES SOCIEDAD DE RESPONSABILIDAD LIMITADA',NULL,'cuit','30-71030533-8',NULL,NULL,NULL,NULL,NULL,NULL,'2021-12-03 13:07:15','2021-12-03 13:07:15',NULL,NULL,NULL,NULL,NULL,NULL,NULL),(40853,4654,'COMERCIAL CMP S.A.',NULL,'cuit','33-63065921-9',NULL,NULL,NULL,NULL,NULL,NULL,'2021-12-03 13:07:15','2021-12-03 13:07:15',NULL,NULL,NULL,NULL,NULL,NULL,NULL),(40854,4654,'BUSTAMANTE ALEJANDRA RAQUEL',NULL,'cuit','23-13933958-4',NULL,NULL,NULL,NULL,NULL,NULL,'2021-12-03 13:07:15','2021-12-03 13:07:15',NULL,NULL,NULL,NULL,NULL,NULL,NULL),(40855,4654,'LICHTMAIER OSVALDO M Y LICHTMAIER CINTIAS H',NULL,'cuit','30-70219386-5',NULL,NULL,NULL,NULL,NULL,NULL,'2021-12-03 13:07:16','2021-12-03 13:07:16',NULL,NULL,NULL,NULL,NULL,NULL,NULL),(40856,4654,'ELIAS PABLO ALBERTO',NULL,'cuit','23-16098296-9',NULL,NULL,NULL,NULL,NULL,NULL,'2021-12-03 13:07:16','2021-12-03 13:07:16',NULL,NULL,NULL,NULL,NULL,NULL,NULL),(40857,4654,'CENTROFICINA EQUIPAMIENTO S.A.',NULL,'cuit','30-69050929-2',NULL,NULL,NULL,NULL,NULL,NULL,'2021-12-03 13:07:16','2021-12-03 13:07:16',NULL,NULL,NULL,NULL,NULL,NULL,NULL),(40858,4654,'COPY JET DE BIAFORE PABLO Y ANDRADE JAVIER',NULL,'cuit','30-67990799-5',NULL,NULL,NULL,NULL,NULL,NULL,'2021-12-03 13:07:16','2021-12-03 13:07:16',NULL,NULL,NULL,NULL,NULL,NULL,NULL),(40859,4654,'CENTRALFER S.A',NULL,'cuit','30-71506054-6',NULL,NULL,NULL,NULL,NULL,NULL,'2021-12-03 13:07:16','2021-12-03 13:07:16',NULL,NULL,NULL,NULL,NULL,NULL,NULL),(40860,4654,'GIOLUCE SRL',NULL,'cuit','30-71580578-9',NULL,NULL,NULL,NULL,NULL,NULL,'2021-12-03 13:07:16','2021-12-03 13:07:16',NULL,NULL,NULL,NULL,NULL,NULL,NULL),(40861,4654,'CURBELO FERNANDA LORENA',NULL,'cuit','27-26532273-0',NULL,NULL,NULL,NULL,NULL,NULL,'2021-12-03 13:07:16','2021-12-03 13:07:16',NULL,NULL,NULL,NULL,NULL,NULL,NULL),(40862,4654,'HERNANDEZ FERNANDO ALCIDES',NULL,'cuit','20-35972069-7',NULL,NULL,NULL,NULL,NULL,NULL,'2021-12-03 13:07:16','2021-12-03 13:07:16',NULL,NULL,NULL,NULL,NULL,NULL,NULL),(40863,4654,'BELTRAN GABRIEL IGNACIO',NULL,'cuit','20-24956114-3',NULL,NULL,NULL,NULL,NULL,NULL,'2021-12-03 13:07:16','2021-12-03 13:07:16',NULL,NULL,NULL,NULL,NULL,NULL,NULL),(40864,4654,'BALDASSI MARIANO ANTONIO',NULL,'cuit','20-25658113-3',NULL,NULL,NULL,NULL,NULL,NULL,'2021-12-03 13:07:16','2021-12-03 13:07:16',NULL,NULL,NULL,NULL,NULL,NULL,NULL),(40865,4654,'KAPRIELIAN MARIANO ANDRES',NULL,'cuit','23-32145246-9',NULL,NULL,NULL,NULL,NULL,NULL,'2021-12-03 13:07:16','2021-12-03 13:07:16',NULL,NULL,NULL,NULL,NULL,NULL,NULL),(40932,4654,'TUNES ANA MARIA',NULL,'cuit','27-04153780-4',NULL,NULL,NULL,NULL,NULL,NULL,'2021-12-03 13:17:18','2021-12-03 13:17:18',NULL,NULL,NULL,NULL,NULL,NULL,NULL),(40933,4654,'HIJOS DE SEGUNDO RATTI SOC RESP LTDA',NULL,'cuit','30-53912279-3',NULL,NULL,NULL,NULL,NULL,NULL,'2021-12-03 13:17:18','2021-12-03 13:17:18',NULL,NULL,NULL,NULL,NULL,NULL,NULL),(40934,4654,'FERRIOL JULIO MIGUEL',NULL,'cuit','20-16620990-1',NULL,NULL,NULL,NULL,NULL,NULL,'2021-12-03 13:17:18','2021-12-03 13:17:18',NULL,NULL,NULL,NULL,NULL,NULL,NULL),(40935,4654,'MARZANO OSVALDO MATIAS',NULL,'cuit','20-33149664-3',NULL,NULL,NULL,NULL,NULL,NULL,'2021-12-03 13:17:18','2021-12-03 13:17:18',NULL,NULL,NULL,NULL,NULL,NULL,NULL),(40936,4654,'HORMIGONERA DEL SUR S.R.L.',NULL,'cuit','30-71674321-3',NULL,NULL,NULL,NULL,NULL,NULL,'2021-12-03 13:17:19','2021-12-03 13:17:19',NULL,NULL,NULL,NULL,NULL,NULL,NULL),(40937,4654,'TUBOS Y CONDUCCIONES SOCIEDAD ANONIMA',NULL,'cuit','30-70941581-2',NULL,NULL,NULL,NULL,NULL,NULL,'2021-12-03 13:17:19','2021-12-03 13:17:19',NULL,NULL,NULL,NULL,NULL,NULL,NULL),(40938,4654,'SCHOOTS JORGE CARLOS',NULL,'cuit','20-04750179-3',NULL,NULL,NULL,NULL,NULL,NULL,'2021-12-03 13:17:19','2021-12-03 13:17:19',NULL,NULL,NULL,NULL,NULL,NULL,NULL);
INSERT INTO `persons` VALUES (40939,4654,'INSTALACIONES COMERCIALES TISERA SA',NULL,'cuit','30-55480730-1',NULL,NULL,NULL,NULL,NULL,NULL,'2021-12-03 13:17:19','2021-12-03 13:17:19',NULL,NULL,NULL,NULL,NULL,NULL,NULL),(40940,4654,'PEREZ MARTIN',NULL,'cuit','20-25605702-7',NULL,NULL,NULL,NULL,NULL,NULL,'2021-12-03 13:17:19','2021-12-03 13:17:19',NULL,NULL,NULL,NULL,NULL,NULL,NULL),(40941,4654,'SANJUAN ENRIQUE JOSE',NULL,'cuit','20-13131447-8',NULL,NULL,NULL,NULL,NULL,NULL,'2021-12-03 13:17:20','2021-12-03 13:17:20',NULL,NULL,NULL,NULL,NULL,NULL,NULL),(40942,4654,'DEHEZA SOCIEDAD ANONIMA INDUSTRIAL COMERCIAL FINANCIERA INMOBILIARIA',NULL,'cuit','30-51618667-0',NULL,NULL,NULL,NULL,NULL,NULL,'2021-12-03 13:17:20','2021-12-03 13:17:20',NULL,NULL,NULL,NULL,NULL,NULL,NULL),(40943,4654,'AMERICAN VIAL S.R.L.',NULL,'cuit','30-71191860-0',NULL,NULL,NULL,NULL,NULL,NULL,'2021-12-03 13:17:20','2021-12-03 13:17:20',NULL,NULL,NULL,NULL,NULL,NULL,NULL),(40944,4654,'TAURIZANO GUILLERMO MARTIN',NULL,'cuit','23-30740648-9',NULL,NULL,NULL,NULL,NULL,NULL,'2021-12-03 13:17:20','2021-12-03 13:17:20',NULL,NULL,NULL,NULL,NULL,NULL,NULL),(40945,4654,'HORLIT SRL',NULL,'cuit','30-70829328-4',NULL,NULL,NULL,NULL,NULL,NULL,'2021-12-03 13:17:20','2021-12-03 13:17:20',NULL,NULL,NULL,NULL,NULL,NULL,NULL),(40946,4654,'STADNIK PATRICIO DANIEL',NULL,'cuit','20-35408104-1',NULL,NULL,NULL,NULL,NULL,NULL,'2021-12-03 13:17:21','2021-12-03 13:17:21',NULL,NULL,NULL,NULL,NULL,NULL,NULL),(40947,4654,'CONCRETOS NORTE S.R.L.',NULL,'cuit','30-70958901-2',NULL,NULL,NULL,NULL,NULL,NULL,'2021-12-03 13:17:21','2021-12-03 13:17:21',NULL,NULL,NULL,NULL,NULL,NULL,NULL),(40948,4654,'SARABI FABIAN ALBERTO',NULL,'cuit','20-22668937-1',NULL,NULL,NULL,NULL,NULL,NULL,'2021-12-03 13:17:21','2021-12-03 13:17:21',NULL,NULL,NULL,NULL,NULL,NULL,NULL),(40949,4654,'JUAN GEMELLI S.A.',NULL,'cuit','30-70930086-1',NULL,NULL,NULL,NULL,NULL,NULL,'2021-12-03 13:17:21','2021-12-03 13:17:21',NULL,NULL,NULL,NULL,NULL,NULL,NULL),(40950,4654,'BLANCO FRANCISCO JOSE',NULL,'cuit','20-24535289-2',NULL,NULL,NULL,NULL,NULL,NULL,'2021-12-03 13:17:21','2021-12-03 13:17:21',NULL,NULL,NULL,NULL,NULL,NULL,NULL),(40951,4654,'ELECTRICIDAD CASANOVA SOCIEDAD DE HECHO',NULL,'cuit','30-64188577-7',NULL,NULL,NULL,NULL,NULL,NULL,'2021-12-03 13:17:21','2021-12-03 13:17:21',NULL,NULL,NULL,NULL,NULL,NULL,NULL),(40952,4654,'SANITARIOS GLOBAL S.A',NULL,'cuit','30-71649912-6',NULL,NULL,NULL,NULL,NULL,NULL,'2021-12-03 13:17:21','2021-12-03 13:17:21',NULL,NULL,NULL,NULL,NULL,NULL,NULL),(40953,4654,'FERRETERIA Y BULONERIA LA UNIVERSAL S.A.',NULL,'cuit','30-71660332-2',NULL,NULL,NULL,NULL,NULL,NULL,'2021-12-03 13:17:21','2021-12-03 13:17:21',NULL,NULL,NULL,NULL,NULL,NULL,NULL),(40954,4654,'CENCOSUD S A',NULL,'cuit','30-59036076-3',NULL,NULL,NULL,NULL,NULL,NULL,'2021-12-03 13:17:21','2021-12-03 13:17:21',NULL,NULL,NULL,NULL,NULL,NULL,NULL),(40955,4654,'ACOSTA102 SRL',NULL,'cuit','30-71633943-9',NULL,NULL,NULL,NULL,NULL,NULL,'2021-12-03 13:17:21','2021-12-03 13:17:21',NULL,NULL,NULL,NULL,NULL,NULL,NULL),(40956,4654,'ROSETO OMAR ANGEL',NULL,'cuit','20-08274763-0',NULL,NULL,NULL,NULL,NULL,NULL,'2021-12-03 13:17:21','2021-12-03 13:17:21',NULL,NULL,NULL,NULL,NULL,NULL,NULL),(40957,4654,'DE BOEUF S.R.L.',NULL,'cuit','30-70943900-2',NULL,NULL,NULL,NULL,NULL,NULL,'2021-12-03 13:17:21','2021-12-03 13:17:21',NULL,NULL,NULL,NULL,NULL,NULL,NULL),(40958,4654,'MARASLIOGLU LEANDRO ARIEL',NULL,'cuit','20-30978604-2',NULL,NULL,NULL,NULL,NULL,NULL,'2021-12-03 13:17:21','2021-12-03 13:17:21',NULL,NULL,NULL,NULL,NULL,NULL,NULL),(40959,4654,'BARBERA AQUILES ATILIO',NULL,'cuit','20-23871902-0',NULL,NULL,NULL,NULL,NULL,NULL,'2021-12-03 13:17:21','2021-12-03 13:17:21',NULL,NULL,NULL,NULL,NULL,NULL,NULL),(40960,4654,'OFFICENET S.A.',NULL,'cuit','33-69214822-9',NULL,NULL,NULL,NULL,NULL,NULL,'2021-12-03 13:17:22','2021-12-03 13:17:22',NULL,NULL,NULL,NULL,NULL,NULL,NULL);
INSERT INTO `persons` VALUES (40961,4654,'VERSSION SOCIEDAD ANONIMA',NULL,'cuit','30-61494150-9',NULL,NULL,NULL,NULL,NULL,NULL,'2021-12-03 13:17:22','2021-12-03 13:17:22',NULL,NULL,NULL,NULL,NULL,NULL,NULL),(40962,4654,'FAIL ABRAHAM',NULL,'cuit','20-35971876-5',NULL,NULL,NULL,NULL,NULL,NULL,'2021-12-03 13:17:22','2021-12-03 13:17:22',NULL,NULL,NULL,NULL,NULL,NULL,NULL),(40963,4654,'BANCHERO SANITARIOS SA',NULL,'cuit','33-71129318-9',NULL,NULL,NULL,NULL,NULL,NULL,'2021-12-03 13:17:22','2021-12-03 13:17:22',NULL,NULL,NULL,NULL,NULL,NULL,NULL),(40964,4654,'GEVGE SRL',NULL,'cuit','30-71006347-4',NULL,NULL,NULL,NULL,NULL,NULL,'2021-12-03 13:17:23','2021-12-03 13:17:23',NULL,NULL,NULL,NULL,NULL,NULL,NULL),(40965,4654,'REGIONAL FOB S.R.L.',NULL,'cuit','30-71547093-0',NULL,NULL,NULL,NULL,NULL,NULL,'2021-12-03 13:17:23','2021-12-03 13:17:23',NULL,NULL,NULL,NULL,NULL,NULL,NULL),(40966,4654,'GARCIA JUAN MANUEL',NULL,'cuit','20-30194244-4',NULL,NULL,NULL,NULL,NULL,NULL,'2021-12-03 13:17:23','2021-12-03 13:17:23',NULL,NULL,NULL,NULL,NULL,NULL,NULL),(40967,4654,'MEDINA PRISCILA SOLEDAD',NULL,'cuit','27-31592953-4',NULL,NULL,NULL,NULL,NULL,NULL,'2021-12-03 13:17:23','2021-12-03 13:17:23',NULL,NULL,NULL,NULL,NULL,NULL,NULL),(40968,4654,'BACCINI CESAR ALBERTO',NULL,'cuit','20-30100194-1',NULL,NULL,NULL,NULL,NULL,NULL,'2021-12-03 13:17:23','2021-12-03 13:17:23',NULL,NULL,NULL,NULL,NULL,NULL,NULL),(40969,4654,'MATERIALES SANITARIOS S A',NULL,'cuit','30-70701003-3',NULL,NULL,NULL,NULL,NULL,NULL,'2021-12-03 13:17:24','2021-12-03 13:17:24',NULL,NULL,NULL,NULL,NULL,NULL,NULL),(40970,4654,'GARCIA JUAN CARLOS Y DONATO ROBERTO  SH',NULL,'cuit','33-61343896-9',NULL,NULL,NULL,NULL,NULL,NULL,'2021-12-03 13:17:24','2021-12-03 13:17:24',NULL,NULL,NULL,NULL,NULL,NULL,NULL),(40971,4654,'SUPERBOL SRL',NULL,'cuit','33-63755264-9',NULL,NULL,NULL,NULL,NULL,NULL,'2021-12-03 13:17:24','2021-12-03 13:17:24',NULL,NULL,NULL,NULL,NULL,NULL,NULL),(40972,4654,'CREARBOX  S.A.',NULL,'cuit','30-71627670-4',NULL,NULL,NULL,NULL,NULL,NULL,'2021-12-03 13:17:24','2021-12-03 13:17:24',NULL,NULL,NULL,NULL,NULL,NULL,NULL),(40973,4654,'PECK EMILIANO',NULL,'cuit','20-23250211-9',NULL,NULL,NULL,NULL,NULL,NULL,'2021-12-03 13:23:42','2021-12-03 13:23:42',NULL,NULL,2,NULL,NULL,NULL,NULL),(40974,4654,'GALANO NESTOR ALFREDO',NULL,'cuit','20-17566841-2',NULL,NULL,NULL,NULL,NULL,NULL,'2021-12-03 13:26:15','2021-12-03 13:26:15',NULL,NULL,2,NULL,NULL,NULL,NULL),(40975,4654,'ANTOURA S.R.l',NULL,'cuit','30-71613378-4',NULL,NULL,NULL,NULL,NULL,NULL,'2021-12-03 13:27:31','2021-12-03 13:27:31',NULL,NULL,2,NULL,NULL,NULL,NULL),(41042,4654,'MADERAS Y YESOS LO DE COCO S.R.L',NULL,'cuit','30-71457704-9',NULL,NULL,NULL,NULL,NULL,NULL,'2022-01-19 12:32:47','2022-01-19 12:32:47',NULL,NULL,NULL,NULL,NULL,NULL,NULL),(41043,4654,'TAGLIARINA   JOSE Y PAXHIA GIOVANNI SH',NULL,'cuit','30-66249496-4',NULL,NULL,NULL,NULL,NULL,NULL,'2022-01-19 12:32:48','2022-01-19 12:32:48',NULL,NULL,NULL,NULL,NULL,NULL,NULL),(41044,4654,'CASA ELSA S.R.L.',NULL,'cuit','33-70991813-9',NULL,NULL,NULL,NULL,NULL,NULL,'2022-01-19 12:32:48','2022-01-19 12:32:48',NULL,NULL,NULL,NULL,NULL,NULL,NULL),(41045,4654,'ITURRASPE 970 S.R.L.',NULL,'cuit','30-71038536-6',NULL,NULL,NULL,NULL,NULL,NULL,'2022-01-19 12:32:48','2022-01-19 12:32:48',NULL,NULL,NULL,NULL,NULL,NULL,NULL),(41046,4654,'V T V NORTE SA',NULL,'cuit','30-68520007-0',NULL,NULL,NULL,NULL,NULL,NULL,'2022-01-19 12:32:48','2022-01-19 12:32:48',NULL,NULL,NULL,NULL,NULL,NULL,NULL),(41245,4654,'BERTOLA JUAN CARLOS',NULL,'cuit','20-12599409-2',NULL,NULL,NULL,NULL,NULL,NULL,'2022-01-19 16:27:40','2022-01-19 16:27:40',NULL,NULL,NULL,NULL,NULL,NULL,NULL),(41246,4654,'KROMACOLOR PINTURERIAS S.R.L.',NULL,'cuit','30-71433318-2',NULL,NULL,NULL,NULL,NULL,NULL,'2022-01-19 16:27:40','2022-01-19 16:27:40',NULL,NULL,NULL,NULL,NULL,NULL,NULL),(41247,4654,'SAEZ MARTIN LEANDRO',NULL,'cuit','20-25174473-5',NULL,NULL,NULL,NULL,NULL,NULL,'2022-01-19 16:27:40','2022-01-19 16:27:40',NULL,NULL,NULL,NULL,NULL,NULL,NULL);
INSERT INTO `persons` VALUES (41248,4654,'LITMANOVICH A Y J',NULL,'cuit','30-68476669-0',NULL,NULL,NULL,NULL,NULL,NULL,'2022-01-19 16:27:40','2022-01-19 16:27:40',NULL,NULL,NULL,NULL,NULL,NULL,NULL),(41249,4654,'HEIZENRREDER CLAUDIO ENRIQUE',NULL,'cuit','20-28337855-2',NULL,NULL,NULL,NULL,NULL,NULL,'2022-01-19 16:27:40','2022-01-19 16:27:40',NULL,NULL,NULL,NULL,NULL,NULL,NULL),(41250,4654,'ANDRADE CRISTIAN MIGUEL',NULL,'cuit','20-38699171-6',NULL,NULL,NULL,NULL,NULL,NULL,'2022-01-19 16:27:40','2022-01-19 16:27:40',NULL,NULL,NULL,NULL,NULL,NULL,NULL),(41251,4654,'MALAN Y CIA SOCIEDAD ANOMIMA',NULL,'cuit','30-55009847-0',NULL,NULL,NULL,NULL,NULL,NULL,'2022-01-19 17:01:45','2022-01-19 17:01:45',NULL,NULL,NULL,NULL,NULL,NULL,NULL),(41252,4654,'MEDIOS LITORAL S.R.L.',NULL,'cuit','30-55009830-6',NULL,NULL,NULL,NULL,NULL,NULL,'2022-01-19 17:01:45','2022-01-19 17:01:45',NULL,NULL,NULL,NULL,NULL,NULL,NULL),(41253,4654,'ROBLES HNOS Y CIA S R L',NULL,'cuit','30-55009373-8',NULL,NULL,NULL,NULL,NULL,NULL,'2022-01-19 17:01:45','2022-01-19 17:01:45',NULL,NULL,NULL,NULL,NULL,NULL,NULL),(41254,4654,'FIRMATEXA SOCIEDAD ANONIMA IND COMERCIAL',NULL,'cuit','30-55008967-6',NULL,NULL,NULL,NULL,NULL,NULL,'2022-01-19 17:01:45','2022-01-19 17:01:45',NULL,NULL,NULL,NULL,NULL,NULL,NULL),(41255,4654,'METALURGICA OESTE SOCIEDAD RESPONSABILIDAD LIMITADA',NULL,'cuit','30-55008844-0',NULL,NULL,NULL,NULL,NULL,NULL,'2022-01-19 17:01:45','2022-01-19 17:01:45',NULL,NULL,NULL,NULL,NULL,NULL,NULL),(41256,4654,'DON BOSCO SRL',NULL,'cuit','30-55008042-3',NULL,NULL,NULL,NULL,NULL,NULL,'2022-01-19 17:01:45','2022-01-19 17:01:45',NULL,NULL,NULL,NULL,NULL,NULL,NULL),(41257,4654,'CENA HERMANOS SOCIEDAD CIVIL',NULL,'cuit','30-55007865-8',NULL,NULL,NULL,NULL,NULL,NULL,'2022-01-19 17:01:45','2022-01-19 17:01:45',NULL,NULL,NULL,NULL,NULL,NULL,NULL),(41258,4654,'CERRAJERIA CUTILLAS S.A.',NULL,'cuit','30-55007803-8',NULL,NULL,NULL,NULL,NULL,NULL,'2022-01-19 17:01:45','2022-01-19 17:01:45',NULL,NULL,NULL,NULL,NULL,NULL,NULL),(41259,4654,'EUGENIO BONOMI S R L',NULL,'cuit','30-55007728-7',NULL,NULL,NULL,NULL,NULL,NULL,'2022-01-19 17:01:45','2022-01-19 17:01:45',NULL,NULL,NULL,NULL,NULL,NULL,NULL),(41260,4654,'ESTRUCTURAS METALICAS SAN JAVIER S',NULL,'cuit','30-55007711-2',NULL,NULL,NULL,NULL,NULL,NULL,'2022-01-19 17:01:45','2022-01-19 17:01:45',NULL,NULL,NULL,NULL,NULL,NULL,NULL),(41261,4654,'SAN GERONIMO S C A',NULL,'cuit','30-55007636-1',NULL,NULL,NULL,NULL,NULL,NULL,'2022-01-19 17:01:45','2022-01-19 17:01:45',NULL,NULL,NULL,NULL,NULL,NULL,NULL),(41262,4654,'DON ANTONIO SA',NULL,'cuit','30-55007599-3',NULL,NULL,NULL,NULL,NULL,NULL,'2022-01-19 17:01:45','2022-01-19 17:01:45',NULL,NULL,NULL,NULL,NULL,NULL,NULL),(41263,4654,'PLAZA SRL',NULL,'cuit','30-55007490-3',NULL,NULL,NULL,NULL,NULL,NULL,'2022-01-19 17:01:45','2022-01-19 17:01:45',NULL,NULL,NULL,NULL,NULL,NULL,NULL),(41264,4654,'TERMOFER NORDESTE DE VISENTIN Y SGROPO SOCIEDAD COLECTIVA',NULL,'cuit','30-55007476-8',NULL,NULL,NULL,NULL,NULL,NULL,'2022-01-19 17:01:45','2022-01-19 17:01:45',NULL,NULL,NULL,NULL,NULL,NULL,NULL),(41265,4654,'SWEATERS ELA SOCIEDAD ANONIMA',NULL,'cuit','30-55006626-9',NULL,NULL,NULL,NULL,NULL,NULL,'2022-01-19 17:01:45','2022-01-19 17:01:45',NULL,NULL,NULL,NULL,NULL,NULL,NULL),(41266,4654,'JUAN B PICCO E HIJO S R L',NULL,'cuit','30-55006510-6',NULL,NULL,NULL,NULL,NULL,NULL,'2022-01-19 17:01:45','2022-01-19 17:01:45',NULL,NULL,NULL,NULL,NULL,NULL,NULL),(41267,4654,'ARTES GRAFICAS MELFA S A',NULL,'cuit','30-55006473-8',NULL,NULL,NULL,NULL,NULL,NULL,'2022-01-19 17:01:45','2022-01-19 17:01:45',NULL,NULL,NULL,NULL,NULL,NULL,NULL),(41268,4654,'MOCASSINO SA',NULL,'cuit','30-55006435-5',NULL,NULL,NULL,NULL,NULL,NULL,'2022-01-19 17:01:45','2022-01-19 17:01:45',NULL,NULL,NULL,NULL,NULL,NULL,NULL),(41269,4654,'APUNTES SRL',NULL,'cuit','30-55005814-2',NULL,NULL,NULL,NULL,NULL,NULL,'2022-01-19 17:01:45','2022-01-19 17:01:45',NULL,NULL,NULL,NULL,NULL,NULL,NULL);
INSERT INTO `persons` VALUES (41270,4654,'HIJOS DE ADLOFO BAHLER S R LTD',NULL,'cuit','30-55005555-0',NULL,NULL,NULL,NULL,NULL,NULL,'2022-01-19 17:01:45','2022-01-19 17:01:45',NULL,NULL,NULL,NULL,NULL,NULL,NULL),(41271,4654,'GALFA SOC DE RESP LTDA',NULL,'cuit','30-55005494-5',NULL,NULL,NULL,NULL,NULL,NULL,'2022-01-19 17:01:45','2022-01-19 17:01:45',NULL,NULL,NULL,NULL,NULL,NULL,NULL),(41272,4654,'SUCESION DE GUILLERMO FRONTERA S R L',NULL,'cuit','30-55005470-8',NULL,NULL,NULL,NULL,NULL,NULL,'2022-01-19 17:01:45','2022-01-19 17:01:45',NULL,NULL,NULL,NULL,NULL,NULL,NULL),(41273,4654,'M A D ELECTRONICS S R L',NULL,'cuit','30-55003788-9',NULL,NULL,NULL,NULL,NULL,NULL,'2022-01-19 17:01:45','2022-01-19 17:01:45',NULL,NULL,NULL,NULL,NULL,NULL,NULL),(41274,4654,'LA PRIMAVERA SRL',NULL,'cuit','30-55003702-1',NULL,NULL,NULL,NULL,NULL,NULL,'2022-01-19 17:01:46','2022-01-19 17:01:46',NULL,NULL,NULL,NULL,NULL,NULL,NULL),(41275,4654,'ODINO QUERCIALI SRL',NULL,'cuit','30-55003672-6',NULL,NULL,NULL,NULL,NULL,NULL,'2022-01-19 17:01:46','2022-01-19 17:01:46',NULL,NULL,NULL,NULL,NULL,NULL,NULL),(41276,4654,'PAVAN SA',NULL,'cuit','30-55003658-0',NULL,NULL,NULL,NULL,NULL,NULL,'2022-01-19 17:01:46','2022-01-19 17:01:46',NULL,NULL,NULL,NULL,NULL,NULL,NULL),(41277,4654,'PLASTINAGRO SOCIEDAD DE RESPONSABILIDAD LIMITADA',NULL,'cuit','30-55003573-8',NULL,NULL,NULL,NULL,NULL,NULL,'2022-01-19 17:01:46','2022-01-19 17:01:46',NULL,NULL,NULL,NULL,NULL,NULL,NULL),(41278,4654,'ROMANO HNOS S R L',NULL,'cuit','30-55003504-5',NULL,NULL,NULL,NULL,NULL,NULL,'2022-01-19 17:01:46','2022-01-19 17:01:46',NULL,NULL,NULL,NULL,NULL,NULL,NULL),(41279,4654,'PLAYA ELASTICOS SAN MARTIN SRL',NULL,'cuit','30-55003298-4',NULL,NULL,NULL,NULL,NULL,NULL,'2022-01-19 17:01:46','2022-01-19 17:01:46',NULL,NULL,NULL,NULL,NULL,NULL,NULL),(41280,4654,'INGENIEROS ASOCIADOS SA QUIEBRA PROPIA',NULL,'cuit','30-55003184-8',NULL,NULL,NULL,NULL,NULL,NULL,'2022-01-19 17:01:46','2022-01-19 17:01:46',NULL,NULL,NULL,NULL,NULL,NULL,NULL),(41281,4654,'ESTORIL SOCIEDAD DE RESPONSABILIDAD LIMITADA',NULL,'cuit','30-55002792-1',NULL,NULL,NULL,NULL,NULL,NULL,'2022-01-19 17:01:46','2022-01-19 17:01:46',NULL,NULL,NULL,NULL,NULL,NULL,NULL),(41282,4654,'COOP. DE PARQUES IND., COMERC.,PROV. Y DE SERV.PUBLIC. DE VENADO TUERTO LTDA.',NULL,'cuit','30-55001355-6',NULL,NULL,NULL,NULL,NULL,NULL,'2022-01-19 17:01:46','2022-01-19 17:01:46',NULL,NULL,NULL,NULL,NULL,NULL,NULL),(41283,4654,'FIMACO S A',NULL,'cuit','30-55001294-0',NULL,NULL,NULL,NULL,NULL,NULL,'2022-01-19 17:01:46','2022-01-19 17:01:46',NULL,NULL,NULL,NULL,NULL,NULL,NULL),(41284,4654,'ESTABLECIMIENTOS GRASSI SRL',NULL,'cuit','30-50056725-9',NULL,NULL,NULL,NULL,NULL,NULL,'2022-01-19 17:01:46','2022-01-19 17:01:46',NULL,NULL,NULL,NULL,NULL,NULL,NULL),(41285,4654,'LUTZ FERRANDO Y CIA SOCIEDAD ANONIMA COMERCIAL E INDUSTRIAL',NULL,'cuit','30-50056640-6',NULL,NULL,NULL,NULL,NULL,NULL,'2022-01-19 17:01:46','2022-01-19 17:01:46',NULL,NULL,NULL,NULL,NULL,NULL,NULL),(41286,4654,'COMABELLA S A I C A I Y F',NULL,'cuit','30-50056589-2',NULL,NULL,NULL,NULL,NULL,NULL,'2022-01-19 17:01:46','2022-01-19 17:01:46',NULL,NULL,NULL,NULL,NULL,NULL,NULL),(41287,4654,'CANEPARO S R L',NULL,'cuit','30-50056527-2',NULL,NULL,NULL,NULL,NULL,NULL,'2022-01-19 17:01:46','2022-01-19 17:01:46',NULL,NULL,NULL,NULL,NULL,NULL,NULL),(41288,4654,'LA#IN SOC ANON IND COM INM Y FIN',NULL,'cuit','30-50056480-2',NULL,NULL,NULL,NULL,NULL,NULL,'2022-01-19 17:01:46','2022-01-19 17:01:46',NULL,NULL,NULL,NULL,NULL,NULL,NULL),(41289,4654,'MUEBLES NAZARIO DEL BARRIO S R L',NULL,'cuit','30-50056466-7',NULL,NULL,NULL,NULL,NULL,NULL,'2022-01-19 17:01:46','2022-01-19 17:01:46',NULL,NULL,NULL,NULL,NULL,NULL,NULL),(41290,4654,'FRANCISCO PALMER SA',NULL,'cuit','30-50056329-6',NULL,NULL,NULL,NULL,NULL,NULL,'2022-01-19 17:01:47','2022-01-19 17:01:47',NULL,NULL,NULL,NULL,NULL,NULL,NULL),(41291,4654,'JACOBO SZWOM E HIJOS SOCIEDAD ANONIMA',NULL,'cuit','30-50056305-9',NULL,NULL,NULL,NULL,NULL,NULL,'2022-01-19 17:01:47','2022-01-19 17:01:47',NULL,NULL,NULL,NULL,NULL,NULL,NULL);
INSERT INTO `persons` VALUES (41292,4654,'COOPERATIVA TAMBERA \"COLONIA MARINA\" LIMITADA',NULL,'cuit','30-50056206-0',NULL,NULL,NULL,NULL,NULL,NULL,'2022-01-19 17:01:47','2022-01-19 17:01:47',NULL,NULL,NULL,NULL,NULL,NULL,NULL),(41293,4654,'CANALE SOCIEDAD ANONIMA',NULL,'cuit','30-50056152-8',NULL,NULL,NULL,NULL,NULL,NULL,'2022-01-19 17:01:47','2022-01-19 17:01:47',NULL,NULL,NULL,NULL,NULL,NULL,NULL),(41294,4654,'ESTABLECIMIENTOS METALURGICOS MINBIE S A C I F I A',NULL,'cuit','30-50056091-2',NULL,NULL,NULL,NULL,NULL,NULL,'2022-01-19 17:01:47','2022-01-19 17:01:47',NULL,NULL,NULL,NULL,NULL,NULL,NULL),(41295,4654,'LA HIDROFILA ARGENTINA S A C E I',NULL,'cuit','30-50055852-7',NULL,NULL,NULL,NULL,NULL,NULL,'2022-01-19 17:01:47','2022-01-19 17:01:47',NULL,NULL,NULL,NULL,NULL,NULL,NULL),(41296,4654,'NORPEN SACI',NULL,'cuit','30-50055821-7',NULL,NULL,NULL,NULL,NULL,NULL,'2022-01-19 17:01:47','2022-01-19 17:01:47',NULL,NULL,NULL,NULL,NULL,NULL,NULL),(41297,4654,'ORTOPEDIA BALBINO RAMOS SRL',NULL,'cuit','30-50055784-9',NULL,NULL,NULL,NULL,NULL,NULL,'2022-01-19 17:01:47','2022-01-19 17:01:47',NULL,NULL,NULL,NULL,NULL,NULL,NULL),(41298,4654,'ROBLES HNOS Y ROMERO DIAZ S A',NULL,'cuit','30-50055777-6',NULL,NULL,NULL,NULL,NULL,NULL,'2022-01-19 17:01:47','2022-01-19 17:01:47',NULL,NULL,NULL,NULL,NULL,NULL,NULL),(41299,4654,'CAIAFA SOCIEDAD ANONIMA COMERCIAL INDUSTRIA',NULL,'cuit','30-50055722-9',NULL,NULL,NULL,NULL,NULL,NULL,'2022-01-19 17:01:47','2022-01-19 17:01:47',NULL,NULL,NULL,NULL,NULL,NULL,NULL),(41300,4654,'GONZALEZ CASAL Y CIA SRL',NULL,'cuit','30-50055654-0',NULL,NULL,NULL,NULL,NULL,NULL,'2022-01-19 17:01:47','2022-01-19 17:01:47',NULL,NULL,NULL,NULL,NULL,NULL,NULL),(41301,4654,'KUTNER Y CIA SAFCI',NULL,'cuit','30-50055623-0',NULL,NULL,NULL,NULL,NULL,NULL,'2022-01-19 17:01:47','2022-01-19 17:01:47',NULL,NULL,NULL,NULL,NULL,NULL,NULL),(41302,4654,'CONFITERIA LA PERLA SOCIEDAD ANONIMA',NULL,'cuit','30-50055531-5',NULL,NULL,NULL,NULL,NULL,NULL,'2022-01-19 17:01:47','2022-01-19 17:01:47',NULL,NULL,NULL,NULL,NULL,NULL,NULL),(41303,4654,'PERRETTA Y OKRETIC S R L',NULL,'cuit','30-50055319-3',NULL,NULL,NULL,NULL,NULL,NULL,'2022-01-19 17:01:47','2022-01-19 17:01:47',NULL,NULL,NULL,NULL,NULL,NULL,NULL),(41304,4654,'SAVA SAICFA',NULL,'cuit','30-50055302-9',NULL,NULL,NULL,NULL,NULL,NULL,'2022-01-19 17:01:47','2022-01-19 17:01:47',NULL,NULL,NULL,NULL,NULL,NULL,NULL),(41305,4654,'MARENGO SOC ANON IND COM INMOB Y FINANCIERA',NULL,'cuit','30-50055227-8',NULL,NULL,NULL,NULL,NULL,NULL,'2022-01-19 17:01:47','2022-01-19 17:01:47',NULL,NULL,NULL,NULL,NULL,NULL,NULL),(41306,4654,'BARES  ENRIQUE',NULL,'cuit','30-50055029-1',NULL,NULL,NULL,NULL,NULL,NULL,'2022-01-19 17:01:47','2022-01-19 17:01:47',NULL,NULL,NULL,NULL,NULL,NULL,NULL),(41307,4654,'PIELOWSKI E HIJOS S A C I',NULL,'cuit','30-50054859-9',NULL,NULL,NULL,NULL,NULL,NULL,'2022-01-19 17:01:47','2022-01-19 17:01:47',NULL,NULL,NULL,NULL,NULL,NULL,NULL),(41308,4654,'GRUPO PEÑAFLOR SA',NULL,'cuit','30-50054804-1',NULL,NULL,NULL,NULL,NULL,NULL,'2022-01-19 17:01:47','2022-01-19 17:01:47',NULL,NULL,NULL,NULL,NULL,NULL,NULL),(41309,4654,'THECO S A I C F I',NULL,'cuit','30-50054781-9',NULL,NULL,NULL,NULL,NULL,NULL,'2022-01-19 17:01:47','2022-01-19 17:01:47',NULL,NULL,NULL,NULL,NULL,NULL,NULL),(41310,4654,'NAHON INDUSTRIAL Y COMERCIAL S A',NULL,'cuit','30-50054750-9',NULL,NULL,NULL,NULL,NULL,NULL,'2022-01-19 17:01:47','2022-01-19 17:01:47',NULL,NULL,NULL,NULL,NULL,NULL,NULL),(41311,4654,'SELENE S A C F I I Y A',NULL,'cuit','30-50054743-6',NULL,NULL,NULL,NULL,NULL,NULL,'2022-01-19 17:01:47','2022-01-19 17:01:47',NULL,NULL,NULL,NULL,NULL,NULL,NULL),(41312,4654,'LABORATORIOS BERNABO SOCIEDAD ANONIMA',NULL,'cuit','30-50054729-0',NULL,NULL,NULL,NULL,NULL,NULL,'2022-01-19 17:01:47','2022-01-19 17:01:47',NULL,NULL,NULL,NULL,NULL,NULL,NULL),(41313,4654,'COMPAÑIA MINERA AGUILAR SOCIEDAD ANONIMA',NULL,'cuit','30-50054484-4',NULL,NULL,NULL,NULL,NULL,NULL,'2022-01-19 17:01:48','2022-01-19 17:01:48',NULL,NULL,NULL,NULL,NULL,NULL,NULL);
INSERT INTO `persons` VALUES (41314,4654,'AGUSTIN DEVOTO E HIJOS',NULL,'cuit','30-50054408-9',NULL,NULL,NULL,NULL,NULL,NULL,'2022-01-19 17:01:48','2022-01-19 17:01:48',NULL,NULL,NULL,NULL,NULL,NULL,NULL),(41315,4654,'PORCELANA AMERICANA S A',NULL,'cuit','30-50054361-9',NULL,NULL,NULL,NULL,NULL,NULL,'2022-01-19 17:01:48','2022-01-19 17:01:48',NULL,NULL,NULL,NULL,NULL,NULL,NULL),(41316,4654,'EMETERIO GONZALO ASURMENDI S A',NULL,'cuit','30-50054354-6',NULL,NULL,NULL,NULL,NULL,NULL,'2022-01-19 17:01:48','2022-01-19 17:01:48',NULL,NULL,NULL,NULL,NULL,NULL,NULL),(41317,4654,'EL INSUMO S.R.L.',NULL,'cuit','30-70783826-0',NULL,NULL,NULL,NULL,NULL,NULL,'2022-01-19 17:02:02','2022-01-19 17:02:02',NULL,NULL,NULL,NULL,NULL,NULL,NULL),(41318,4654,'CUENCA MEDEROS NICOLAS',NULL,'cuit','20-93690243-0',NULL,NULL,NULL,NULL,NULL,NULL,'2022-01-19 17:02:02','2022-01-19 17:02:02',NULL,NULL,NULL,NULL,NULL,NULL,NULL),(41319,4654,'COURTIS LUCAS ALBERTO',NULL,'cuit','20-27355088-8',NULL,NULL,NULL,NULL,NULL,NULL,'2022-01-19 17:02:02','2022-01-19 17:02:02',NULL,NULL,NULL,NULL,NULL,NULL,NULL),(41320,4654,'SUPERFICIES SOCIEDAD DE RESPONSABILIDAD LIMITADA',NULL,'cuit','30-71017074-2',NULL,NULL,NULL,NULL,NULL,NULL,'2022-01-19 17:02:02','2022-01-19 17:02:02',NULL,NULL,NULL,NULL,NULL,NULL,NULL);

--
-- Table structure for table `presupuesto_config`
--

CREATE TABLE `presupuesto_config` (
  `id` int(10) unsigned NOT NULL AUTO_INCREMENT,
  `user_id` int(10) unsigned DEFAULT NULL,
  `person_id` int(10) unsigned NOT NULL,
  `num_inicial` int(10) unsigned NOT NULL DEFAULT '0',
  `created_at` timestamp NULL DEFAULT NULL,
  `updated_at` timestamp NULL DEFAULT NULL,
  `deleted_at` timestamp NULL DEFAULT NULL,
  PRIMARY KEY (`id`),
  KEY `presupuesto_config_person_id_foreign` (`person_id`),
  CONSTRAINT `presupuesto_config_person_id_foreign` FOREIGN KEY (`person_id`) REFERENCES `persons` (`id`)
) ENGINE=InnoDB AUTO_INCREMENT=2 DEFAULT CHARSET=utf8mb4 COLLATE=utf8mb4_unicode_ci;

--
-- Dumping data for table `presupuesto_config`
--

INSERT INTO `presupuesto_config` VALUES (1,4654,40719,0,'2021-06-02 11:25:40','2021-06-02 11:25:40',NULL);

--
-- Table structure for table `presupuestos`
--

CREATE TABLE `presupuestos` (
  `id` int(10) unsigned NOT NULL AUTO_INCREMENT,
  `user_id` int(10) unsigned NOT NULL,
  `fecha` date NOT NULL DEFAULT '2019-12-23',
  `punto_venta_id` int(10) unsigned NOT NULL,
  `system_tax_id` int(10) unsigned NOT NULL DEFAULT '7',
  `numero` int(10) unsigned NOT NULL,
  `person_id` int(10) unsigned NOT NULL,
  `person_id_receptor` int(10) unsigned NOT NULL DEFAULT '3',
  `texto` longtext COLLATE utf8mb4_unicode_ci,
  `iva_si_no` tinyint(1) NOT NULL DEFAULT '0',
  `neto` decimal(16,2) NOT NULL DEFAULT '0.00',
  `iva` decimal(16,2) NOT NULL DEFAULT '0.00',
  `total` decimal(16,2) NOT NULL DEFAULT '0.00',
  `comentario` varchar(191) COLLATE utf8mb4_unicode_ci DEFAULT NULL,
  `created_at` timestamp NULL DEFAULT NULL,
  `updated_at` timestamp NULL DEFAULT NULL,
  `deleted_at` timestamp NULL DEFAULT NULL,
  PRIMARY KEY (`id`),
  KEY `presupuestos_punto_venta_id_foreign` (`punto_venta_id`),
  KEY `presupuestos_person_id_foreign` (`person_id`),
  KEY `presupuestos_person_id_receptor_foreign` (`person_id_receptor`),
  KEY `presupuestos_system_tax_id_foreign` (`system_tax_id`),
  CONSTRAINT `presupuestos_person_id_foreign` FOREIGN KEY (`person_id`) REFERENCES `persons` (`id`),
  CONSTRAINT `presupuestos_person_id_receptor_foreign` FOREIGN KEY (`person_id_receptor`) REFERENCES `persons` (`id`),
  CONSTRAINT `presupuestos_punto_venta_id_foreign` FOREIGN KEY (`punto_venta_id`) REFERENCES `fact_elec_puntos_venta` (`id`),
  CONSTRAINT `presupuestos_system_tax_id_foreign` FOREIGN KEY (`system_tax_id`) REFERENCES `system_taxes` (`id`)
) ENGINE=InnoDB DEFAULT CHARSET=utf8mb4 COLLATE=utf8mb4_unicode_ci;

--
-- Dumping data for table `presupuestos`
--


--
-- Table structure for table `querys`
--

CREATE TABLE `querys` (
  `id` bigint(20) unsigned NOT NULL AUTO_INCREMENT,
  `user_id` int(10) unsigned DEFAULT NULL,
  `descripcion` varchar(191) COLLATE utf8mb4_unicode_ci DEFAULT NULL,
  `habilitado` tinyint(1) NOT NULL DEFAULT '1',
  `created_at` timestamp NULL DEFAULT NULL,
  `updated_at` timestamp NULL DEFAULT NULL,
  `deleted_at` timestamp NULL DEFAULT NULL,
  PRIMARY KEY (`id`)
) ENGINE=InnoDB AUTO_INCREMENT=2 DEFAULT CHARSET=utf8mb4 COLLATE=utf8mb4_unicode_ci;

--
-- Dumping data for table `querys`
--

INSERT INTO `querys` VALUES (1,NULL,'Factura Electronica Masiva Productos',1,'2022-02-01 16:41:55','2022-02-01 16:41:55',NULL);

--
-- Table structure for table `querys_details`
--

CREATE TABLE `querys_details` (
  `id` bigint(20) unsigned NOT NULL AUTO_INCREMENT,
  `user_id` int(10) unsigned DEFAULT NULL,
  `person_id` int(10) unsigned DEFAULT NULL,
  `query_id` bigint(20) unsigned NOT NULL,
  `descripcion` longtext COLLATE utf8mb4_unicode_ci,
  `created_at` timestamp NULL DEFAULT NULL,
  `updated_at` timestamp NULL DEFAULT NULL,
  `deleted_at` timestamp NULL DEFAULT NULL,
  PRIMARY KEY (`id`),
  KEY `querys_details_query_id_foreign` (`query_id`),
  KEY `querys_details_person_id_foreign` (`person_id`),
  CONSTRAINT `querys_details_person_id_foreign` FOREIGN KEY (`person_id`) REFERENCES `persons` (`id`),
  CONSTRAINT `querys_details_query_id_foreign` FOREIGN KEY (`query_id`) REFERENCES `querys` (`id`)
) ENGINE=InnoDB DEFAULT CHARSET=utf8mb4 COLLATE=utf8mb4_unicode_ci;

--
-- Dumping data for table `querys_details`
--


--
-- Table structure for table `queue_proceso_resultado`
--

CREATE TABLE `queue_proceso_resultado` (
  `id` int(10) unsigned NOT NULL AUTO_INCREMENT,
  `user_id` int(10) unsigned DEFAULT NULL,
  `queue_proceso_id` int(10) unsigned DEFAULT NULL,
  `resultado` longtext COLLATE utf8mb4_unicode_ci,
  `created_at` timestamp NULL DEFAULT NULL,
  `updated_at` timestamp NULL DEFAULT NULL,
  `deleted_at` timestamp NULL DEFAULT NULL,
  PRIMARY KEY (`id`),
  KEY `queue_proceso_resultado_queue_proceso_id_foreign` (`queue_proceso_id`),
  CONSTRAINT `queue_proceso_resultado_queue_proceso_id_foreign` FOREIGN KEY (`queue_proceso_id`) REFERENCES `queue_procesos` (`id`)
) ENGINE=InnoDB DEFAULT CHARSET=utf8mb4 COLLATE=utf8mb4_unicode_ci;

--
-- Dumping data for table `queue_proceso_resultado`
--


--
-- Table structure for table `queue_procesos`
--

CREATE TABLE `queue_procesos` (
  `id` int(10) unsigned NOT NULL AUTO_INCREMENT,
  `user_id` int(10) unsigned DEFAULT NULL,
  `descripcion` text COLLATE utf8mb4_unicode_ci NOT NULL,
  `created_at` timestamp NULL DEFAULT NULL,
  `updated_at` timestamp NULL DEFAULT NULL,
  `deleted_at` timestamp NULL DEFAULT NULL,
  PRIMARY KEY (`id`)
) ENGINE=InnoDB AUTO_INCREMENT=5 DEFAULT CHARSET=utf8mb4 COLLATE=utf8mb4_unicode_ci;

--
-- Dumping data for table `queue_procesos`
--

INSERT INTO `queue_procesos` VALUES (1,NULL,'Importar - Excel',NULL,NULL,NULL),(2,NULL,'Importar - Mis Comprobantes',NULL,NULL,NULL),(3,NULL,'Importar - Portal IVA','2022-03-16 00:22:06','2022-03-16 00:22:06',NULL),(4,NULL,'Importar - Archivos PEM F8011','2022-07-10 22:44:34','2022-07-10 22:44:34',NULL);

--
-- Table structure for table `receipt_taxes`
--

CREATE TABLE `receipt_taxes` (
  `id` int(10) unsigned NOT NULL AUTO_INCREMENT,
  `user_id` int(10) unsigned DEFAULT NULL,
  `receipt_id` int(10) unsigned NOT NULL,
  `tax_id` int(10) unsigned DEFAULT NULL,
  `amount` decimal(16,2) NOT NULL,
  `tax_amount` decimal(16,2) NOT NULL DEFAULT '0.00',
  `taxable_iibb` int(11) NOT NULL DEFAULT '0',
  `iva_iibb` int(11) NOT NULL DEFAULT '0',
  `created_at` timestamp NULL DEFAULT NULL,
  `updated_at` timestamp NULL DEFAULT NULL,
  `deleted_at` timestamp NULL DEFAULT NULL,
  PRIMARY KEY (`id`),
  KEY `receipt_taxes_receipt_id_foreign` (`receipt_id`),
  CONSTRAINT `receipt_taxes_receipt_id_foreign` FOREIGN KEY (`receipt_id`) REFERENCES `receipts` (`id`)
) ENGINE=InnoDB AUTO_INCREMENT=1340 DEFAULT CHARSET=utf8mb4 COLLATE=utf8mb4_unicode_ci;

--
-- Dumping data for table `receipt_taxes`
--

INSERT INTO `receipt_taxes` VALUES (1,4654,1,2,330578.51,69421.49,2,1,'2021-06-02 13:49:40','2021-06-02 13:49:40',NULL),(4,4654,4,2,800.00,168.00,2,1,'2021-06-16 15:10:00','2021-06-16 15:10:00',NULL),(5,4654,5,2,800000.00,168000.00,2,1,'2021-06-16 15:32:50','2021-06-16 15:32:50',NULL),(18,4654,12,2,120470.00,25298.70,2,1,'2021-07-22 12:37:38','2021-07-22 12:37:38',NULL),(19,4654,12,7,2420.00,0.00,2,1,'2021-07-22 12:37:38','2021-07-22 12:37:38',NULL),(20,4654,13,2,2855423.00,599638.83,2,1,'2021-07-31 08:41:29','2021-07-31 08:41:29',NULL),(44,4654,37,2,77937.93,16366.97,2,1,'2021-08-10 12:21:36','2021-08-10 12:21:36',NULL),(45,4654,38,2,77718.35,16320.85,2,1,'2021-08-10 12:24:38','2021-08-10 12:24:38',NULL),(48,4654,41,2,347933.88,73066.11,2,1,'2021-08-12 16:15:46','2021-08-12 16:15:46',NULL),(49,4654,42,2,347933.88,73066.11,2,1,'2021-08-12 16:21:12','2021-08-12 16:21:12',NULL),(50,4654,43,2,1259331.67,264459.65,2,1,'2021-08-26 10:34:00','2021-08-26 10:34:00',NULL),(52,4654,45,2,1259331.67,264459.65,2,1,'2021-08-26 12:26:46','2021-08-26 12:26:46',NULL),(53,4654,46,2,218561.69,45897.95,2,1,'2021-08-26 12:28:00','2021-08-26 12:28:00',NULL),(54,4654,47,2,119728.93,25143.08,2,1,'2021-08-31 12:22:26','2021-08-31 12:22:26',NULL),(55,4654,48,2,95238.10,20000.00,2,1,'2021-08-31 14:39:55','2021-08-31 14:39:55',NULL),(56,4654,49,2,95238.10,20000.00,2,1,'2021-08-31 14:41:13','2021-08-31 14:41:13',NULL),(57,4654,50,2,167355.37,35144.63,2,1,'2021-09-01 11:14:34','2021-09-01 11:14:34',NULL),(58,4654,51,2,129656.20,27227.80,2,1,'2021-09-01 11:32:47','2021-09-01 11:32:47',NULL),(59,4654,52,2,10000.00,2100.00,2,1,'2021-09-03 12:15:05','2021-09-03 12:15:05',NULL),(60,4654,53,2,37619.05,7900.00,2,1,'2021-09-03 12:37:00','2021-09-03 12:37:00',NULL),(61,4654,54,2,194200.00,40782.00,2,1,'2021-09-07 11:54:19','2021-09-07 11:54:19',NULL),(62,4654,55,2,122000.00,25620.00,2,1,'2021-09-07 12:18:56','2021-09-07 12:18:56',NULL),(63,4654,56,2,104000.00,21840.00,2,1,'2021-09-07 12:21:10','2021-09-07 12:21:10',NULL),(64,4654,57,2,167300.00,35133.00,2,1,'2021-09-07 12:26:09','2021-09-07 12:26:09',NULL),(65,4654,58,2,220000.00,46200.00,2,1,'2021-09-07 12:29:04','2021-09-07 12:29:04',NULL),(66,4654,59,2,150000.00,31500.00,2,1,'2021-09-07 12:30:47','2021-09-07 12:30:47',NULL),(67,4654,60,2,102367.00,21497.07,2,1,'2021-09-07 13:29:45','2021-09-07 13:29:45',NULL),(68,4654,61,2,110000.00,23100.00,2,1,'2021-09-07 13:41:31','2021-09-07 13:41:31',NULL),(69,4654,62,2,225000.00,47250.00,2,1,'2021-09-07 13:45:05','2021-09-07 13:45:05',NULL),(70,4654,63,2,375000.00,78750.00,2,1,'2021-09-07 13:46:59','2021-09-07 13:46:59',NULL),(71,4654,64,2,130810.73,27470.25,2,1,'2021-09-07 13:52:12','2021-09-07 13:52:12',NULL),(72,4654,65,2,116528.93,24471.08,2,1,'2021-09-07 13:55:35','2021-09-07 13:55:35',NULL),(73,4654,66,2,121487.60,25512.40,2,1,'2021-09-07 13:57:18','2021-09-07 13:57:18',NULL),(74,4654,67,2,450000.00,94500.00,2,1,'2021-09-09 14:55:57','2021-09-09 14:55:57',NULL),(75,4654,68,2,320000.00,67200.00,2,1,'2021-09-09 14:57:30','2021-09-09 14:57:30',NULL),(76,4654,69,2,86000.00,18060.00,2,1,'2021-09-09 14:59:41','2021-09-09 14:59:41',NULL),(77,4654,70,2,320000.00,67200.00,2,1,'2021-09-10 11:40:56','2021-09-10 11:40:56',NULL),(78,4654,71,2,192000.00,40320.00,2,1,'2021-09-10 11:47:37','2021-09-10 11:47:37',NULL),(79,4654,72,2,400000.00,84000.00,2,1,'2021-09-10 12:15:37','2021-09-10 12:15:37',NULL),(80,4654,73,2,488000.00,102480.00,2,1,'2021-09-10 12:17:26','2021-09-10 12:17:26',NULL),(81,4654,74,2,200000.00,42000.00,2,1,'2021-09-10 12:21:10','2021-09-10 12:21:10',NULL),(82,4654,75,2,214285.00,44999.85,2,1,'2021-09-10 14:49:11','2021-09-10 14:49:11',NULL),(83,4654,76,2,250000.00,52500.00,2,1,'2021-10-07 14:23:38','2021-10-07 14:23:38',NULL),(84,4654,77,2,100.00,21.00,2,1,'2021-10-07 14:27:29','2021-10-07 14:27:29',NULL),(85,4654,78,2,250000.00,52500.00,2,1,'2021-10-07 14:29:04','2021-10-07 14:29:04',NULL),(86,4654,79,2,15000.30,3150.06,2,1,'2021-10-07 14:44:11','2021-10-07 14:44:11',NULL);
INSERT INTO `receipt_taxes` VALUES (87,NULL,80,2,15000.30,3150.06,2,1,'2021-10-07 15:01:55','2021-10-07 15:01:55',NULL),(88,NULL,81,2,15000.30,3150.06,2,1,'2021-10-07 15:01:57','2021-10-07 15:01:57',NULL),(89,NULL,82,2,15000.30,3150.06,2,1,'2021-10-07 15:01:58','2021-10-07 15:01:58',NULL),(90,NULL,83,2,15000.30,3150.06,2,1,'2021-10-07 15:01:59','2021-10-07 15:01:59',NULL),(91,NULL,84,2,15000.30,3150.06,2,1,'2021-10-07 15:02:00','2021-10-07 15:02:00',NULL),(92,NULL,85,2,15000.30,3150.06,2,1,'2021-10-07 15:02:01','2021-10-07 15:02:01',NULL),(93,NULL,86,2,15000.30,3150.06,2,1,'2021-10-07 15:02:02','2021-10-07 15:02:02',NULL),(94,NULL,87,2,15000.30,3150.06,2,1,'2021-10-07 15:02:03','2021-10-07 15:02:03',NULL),(95,NULL,88,2,15000.30,3150.06,2,1,'2021-10-07 15:02:04','2021-10-07 15:02:04',NULL),(96,NULL,89,2,15000.30,3150.06,2,1,'2021-10-07 15:02:05','2021-10-07 15:02:05',NULL),(97,NULL,90,2,15000.30,3150.06,2,1,'2021-10-07 15:02:06','2021-10-07 15:02:06',NULL),(98,NULL,91,2,15000.30,3150.06,2,1,'2021-10-07 15:02:07','2021-10-07 15:02:07',NULL),(99,NULL,92,2,15000.30,3150.06,2,1,'2021-10-07 15:02:07','2021-10-07 15:02:07',NULL),(100,NULL,93,2,15000.30,3150.06,2,1,'2021-10-07 15:02:08','2021-10-07 15:02:08',NULL),(101,NULL,94,2,15000.30,3150.06,2,1,'2021-10-07 15:02:09','2021-10-07 15:02:09',NULL),(102,NULL,95,2,15000.30,3150.06,2,1,'2021-10-07 15:02:10','2021-10-07 15:02:10',NULL),(103,NULL,96,2,15000.30,3150.06,2,1,'2021-10-07 15:02:11','2021-10-07 15:02:11',NULL),(104,NULL,97,2,15000.30,3150.06,2,1,'2021-10-07 15:02:12','2021-10-07 15:02:12',NULL),(105,NULL,98,2,15000.30,3150.06,2,1,'2021-10-07 15:02:13','2021-10-07 15:02:13',NULL),(106,NULL,99,2,15000.30,3150.06,2,1,'2021-10-07 15:02:14','2021-10-07 15:02:14',NULL),(107,NULL,100,2,15000.30,3150.06,2,1,'2021-10-07 15:02:15','2021-10-07 15:02:15',NULL),(108,NULL,101,2,15000.30,3150.06,2,1,'2021-10-07 15:02:15','2021-10-07 15:02:15',NULL),(109,NULL,102,2,15000.30,3150.06,2,1,'2021-10-07 15:02:16','2021-10-07 15:02:16',NULL),(110,NULL,103,2,15000.30,3150.06,2,1,'2021-10-07 15:02:17','2021-10-07 15:02:17',NULL),(111,NULL,104,2,15000.30,3150.06,2,1,'2021-10-07 15:02:18','2021-10-07 15:02:18',NULL),(112,NULL,105,2,15000.30,3150.06,2,1,'2021-10-07 15:02:19','2021-10-07 15:02:19',NULL),(113,NULL,106,2,15000.30,3150.06,2,1,'2021-10-07 15:02:20','2021-10-07 15:02:20',NULL),(114,NULL,107,2,15000.30,3150.06,2,1,'2021-10-07 15:02:21','2021-10-07 15:02:21',NULL),(115,NULL,108,2,15000.30,3150.06,2,1,'2021-10-07 15:02:22','2021-10-07 15:02:22',NULL),(116,NULL,109,2,15000.30,3150.06,2,1,'2021-10-07 15:02:23','2021-10-07 15:02:23',NULL),(117,NULL,110,2,15000.30,3150.06,2,1,'2021-10-07 15:02:24','2021-10-07 15:02:24',NULL),(118,NULL,111,2,15000.30,3150.06,2,1,'2021-10-07 15:02:25','2021-10-07 15:02:25',NULL),(119,NULL,112,2,15000.30,3150.06,2,1,'2021-10-07 15:02:25','2021-10-07 15:02:25',NULL),(120,NULL,113,2,15000.30,3150.06,2,1,'2021-10-07 15:02:26','2021-10-07 15:02:26',NULL),(121,NULL,114,2,15000.30,3150.06,2,1,'2021-10-07 15:02:27','2021-10-07 15:02:27',NULL),(122,NULL,115,2,15000.30,3150.06,2,1,'2021-10-07 15:02:28','2021-10-07 15:02:28',NULL),(123,NULL,116,2,15000.30,3150.06,2,1,'2021-10-07 15:02:29','2021-10-07 15:02:29',NULL),(124,NULL,117,2,15000.30,3150.06,2,1,'2021-10-07 15:02:30','2021-10-07 15:02:30',NULL),(125,NULL,118,2,15000.30,3150.06,2,1,'2021-10-07 15:02:31','2021-10-07 15:02:31',NULL),(126,NULL,119,2,15000.30,3150.06,2,1,'2021-10-07 15:02:32','2021-10-07 15:02:32',NULL),(127,NULL,120,2,15000.30,3150.06,2,1,'2021-10-07 15:02:33','2021-10-07 15:02:33',NULL),(128,NULL,121,2,15000.30,3150.06,2,1,'2021-10-07 15:02:34','2021-10-07 15:02:34',NULL),(129,NULL,122,2,15000.30,3150.06,2,1,'2021-10-07 15:02:35','2021-10-07 15:02:35',NULL),(130,NULL,123,2,15000.30,3150.06,2,1,'2021-10-07 15:02:36','2021-10-07 15:02:36',NULL),(131,NULL,124,2,15000.30,3150.06,2,1,'2021-10-07 15:02:37','2021-10-07 15:02:37',NULL),(132,NULL,125,2,15000.30,3150.06,2,1,'2021-10-07 15:02:38','2021-10-07 15:02:38',NULL);
INSERT INTO `receipt_taxes` VALUES (133,NULL,126,2,15000.30,3150.06,2,1,'2021-10-07 15:02:39','2021-10-07 15:02:39',NULL),(134,NULL,127,2,15000.30,3150.06,2,1,'2021-10-07 15:02:40','2021-10-07 15:02:40',NULL),(135,NULL,128,2,15000.30,3150.06,2,1,'2021-10-07 15:02:41','2021-10-07 15:02:41',NULL),(136,NULL,129,2,15000.30,3150.06,2,1,'2021-10-07 15:02:42','2021-10-07 15:02:42',NULL),(137,NULL,130,2,15000.30,3150.06,2,1,'2021-10-07 15:02:43','2021-10-07 15:02:43',NULL),(138,NULL,131,2,15000.30,3150.06,2,1,'2021-10-07 15:02:44','2021-10-07 15:02:44',NULL),(139,NULL,132,2,15000.30,3150.06,2,1,'2021-10-07 15:02:45','2021-10-07 15:02:45',NULL),(140,NULL,133,2,15000.30,3150.06,2,1,'2021-10-07 15:02:46','2021-10-07 15:02:46',NULL),(141,NULL,134,2,15000.30,3150.06,2,1,'2021-10-07 15:02:47','2021-10-07 15:02:47',NULL),(142,NULL,135,2,15000.30,3150.06,2,1,'2021-10-07 15:02:47','2021-10-07 15:02:47',NULL),(143,NULL,136,2,15000.30,3150.06,2,1,'2021-10-07 15:02:48','2021-10-07 15:02:48',NULL),(144,NULL,137,2,15000.30,3150.06,2,1,'2021-10-07 15:02:49','2021-10-07 15:02:49',NULL),(145,NULL,138,2,15000.30,3150.06,2,1,'2021-10-07 15:02:50','2021-10-07 15:02:50',NULL),(146,NULL,139,2,15000.30,3150.06,2,1,'2021-10-07 15:02:51','2021-10-07 15:02:51',NULL),(147,NULL,140,2,15000.30,3150.06,2,1,'2021-10-07 15:02:52','2021-10-07 15:02:52',NULL),(148,NULL,141,2,15000.30,3150.06,2,1,'2021-10-07 15:02:53','2021-10-07 15:02:53',NULL),(149,NULL,142,2,15000.30,3150.06,2,1,'2021-10-07 15:02:54','2021-10-07 15:02:54',NULL),(150,NULL,143,2,15000.30,3150.06,2,1,'2021-10-07 15:02:55','2021-10-07 15:02:55',NULL),(151,NULL,144,2,15000.30,3150.06,2,1,'2021-10-07 15:02:55','2021-10-07 15:02:55',NULL),(152,NULL,145,2,15000.30,3150.06,2,1,'2021-10-07 15:02:56','2021-10-07 15:02:56',NULL),(153,NULL,146,2,15000.30,3150.06,2,1,'2021-10-07 15:02:57','2021-10-07 15:02:57',NULL),(154,NULL,147,2,15000.30,3150.06,2,1,'2021-10-07 15:02:58','2021-10-07 15:02:58',NULL),(155,NULL,148,2,15000.30,3150.06,2,1,'2021-10-07 15:02:59','2021-10-07 15:02:59',NULL),(156,NULL,149,2,15000.30,3150.06,2,1,'2021-10-07 15:03:00','2021-10-07 15:03:00',NULL),(157,NULL,150,2,15000.30,3150.06,2,1,'2021-10-07 15:03:01','2021-10-07 15:03:01',NULL),(158,NULL,151,2,15000.30,3150.06,2,1,'2021-10-07 15:03:02','2021-10-07 15:03:02',NULL),(159,NULL,152,2,15000.30,3150.06,2,1,'2021-10-07 15:03:03','2021-10-07 15:03:03',NULL),(160,NULL,153,2,15000.30,3150.06,2,1,'2021-10-07 15:03:04','2021-10-07 15:03:04',NULL),(161,NULL,154,2,15000.30,3150.06,2,1,'2021-10-07 15:03:05','2021-10-07 15:03:05',NULL),(162,NULL,155,2,15000.30,3150.06,2,1,'2021-10-07 15:03:06','2021-10-07 15:03:06',NULL),(163,NULL,156,2,15000.30,3150.06,2,1,'2021-10-07 15:03:07','2021-10-07 15:03:07',NULL),(164,NULL,157,2,15000.30,3150.06,2,1,'2021-10-07 15:03:08','2021-10-07 15:03:08',NULL),(165,NULL,158,2,15000.30,3150.06,2,1,'2021-10-07 15:03:09','2021-10-07 15:03:09',NULL),(166,NULL,159,2,15000.30,3150.06,2,1,'2021-10-07 15:03:10','2021-10-07 15:03:10',NULL),(167,NULL,160,2,15000.30,3150.06,2,1,'2021-10-07 15:03:10','2021-10-07 15:03:10',NULL),(168,NULL,161,2,15000.30,3150.06,2,1,'2021-10-07 15:03:11','2021-10-07 15:03:11',NULL),(169,NULL,162,2,15000.30,3150.06,2,1,'2021-10-07 15:03:12','2021-10-07 15:03:12',NULL),(170,NULL,163,2,15000.30,3150.06,2,1,'2021-10-07 15:03:13','2021-10-07 15:03:13',NULL),(171,NULL,164,2,15000.30,3150.06,2,1,'2021-10-07 15:03:14','2021-10-07 15:03:14',NULL),(172,NULL,165,2,15000.30,3150.06,2,1,'2021-10-07 15:03:15','2021-10-07 15:03:15',NULL),(173,NULL,166,2,15000.30,3150.06,2,1,'2021-10-07 15:03:16','2021-10-07 15:03:16',NULL),(174,NULL,167,2,15000.30,3150.06,2,1,'2021-10-07 15:03:17','2021-10-07 15:03:17',NULL),(175,NULL,168,2,15000.30,3150.06,2,1,'2021-10-07 15:03:18','2021-10-07 15:03:18',NULL),(176,NULL,169,2,15000.30,3150.06,2,1,'2021-10-07 15:03:19','2021-10-07 15:03:19',NULL),(177,NULL,170,2,15000.30,3150.06,2,1,'2021-10-07 15:03:20','2021-10-07 15:03:20',NULL),(178,NULL,171,2,15000.30,3150.06,2,1,'2021-10-07 15:03:21','2021-10-07 15:03:21',NULL);
INSERT INTO `receipt_taxes` VALUES (179,NULL,172,2,15000.30,3150.06,2,1,'2021-10-07 15:03:22','2021-10-07 15:03:22',NULL),(180,NULL,173,2,15000.30,3150.06,2,1,'2021-10-07 15:03:23','2021-10-07 15:03:23',NULL),(181,NULL,174,2,15000.30,3150.06,2,1,'2021-10-07 15:03:24','2021-10-07 15:03:24',NULL),(182,NULL,175,2,15000.30,3150.06,2,1,'2021-10-07 15:03:25','2021-10-07 15:03:25',NULL),(183,NULL,176,2,15000.30,3150.06,2,1,'2021-10-07 15:03:26','2021-10-07 15:03:26',NULL),(184,NULL,177,2,15000.30,3150.06,2,1,'2021-10-07 15:03:27','2021-10-07 15:03:27',NULL),(185,NULL,178,2,15000.30,3150.06,2,1,'2021-10-07 15:03:28','2021-10-07 15:03:28',NULL),(186,NULL,179,2,15000.30,3150.06,2,1,'2021-10-07 15:03:29','2021-10-07 15:03:29',NULL),(187,NULL,180,2,15000.30,3150.06,2,1,'2021-10-07 15:03:30','2021-10-07 15:03:30',NULL),(188,NULL,181,2,15000.30,3150.06,2,1,'2021-10-07 15:03:31','2021-10-07 15:03:31',NULL),(189,NULL,182,2,15000.30,3150.06,2,1,'2021-10-07 15:03:32','2021-10-07 15:03:32',NULL),(190,NULL,183,2,15000.30,3150.06,2,1,'2021-10-07 15:03:33','2021-10-07 15:03:33',NULL),(191,NULL,184,2,15000.30,3150.06,2,1,'2021-10-07 15:03:33','2021-10-07 15:03:33',NULL),(192,NULL,185,2,15000.30,3150.06,2,1,'2021-10-07 15:03:34','2021-10-07 15:03:34',NULL),(193,NULL,186,2,15000.30,3150.06,2,1,'2021-10-07 15:03:35','2021-10-07 15:03:35',NULL),(194,NULL,187,2,15000.30,3150.06,2,1,'2021-10-07 15:03:36','2021-10-07 15:03:36',NULL),(195,NULL,188,2,15000.30,3150.06,2,1,'2021-10-07 15:03:37','2021-10-07 15:03:37',NULL),(196,NULL,189,2,15000.30,3150.06,2,1,'2021-10-07 15:03:38','2021-10-07 15:03:38',NULL),(197,NULL,190,2,15000.30,3150.06,2,1,'2021-10-07 15:03:39','2021-10-07 15:03:39',NULL),(198,NULL,191,2,15000.30,3150.06,2,1,'2021-10-07 15:03:40','2021-10-07 15:03:40',NULL),(199,NULL,192,2,15000.30,3150.06,2,1,'2021-10-07 15:03:41','2021-10-07 15:03:41',NULL),(200,NULL,193,2,15000.30,3150.06,2,1,'2021-10-07 15:03:42','2021-10-07 15:03:42',NULL),(201,NULL,194,2,15000.30,3150.06,2,1,'2021-10-07 15:03:43','2021-10-07 15:03:43',NULL),(202,NULL,195,2,15000.30,3150.06,2,1,'2021-10-07 15:03:43','2021-10-07 15:03:43',NULL),(203,NULL,196,2,15000.30,3150.06,2,1,'2021-10-07 15:03:44','2021-10-07 15:03:44',NULL),(204,NULL,197,2,15000.30,3150.06,2,1,'2021-10-07 15:03:45','2021-10-07 15:03:45',NULL),(205,NULL,198,2,15000.30,3150.06,2,1,'2021-10-07 15:03:46','2021-10-07 15:03:46',NULL),(206,NULL,199,2,15000.30,3150.06,2,1,'2021-10-07 15:03:47','2021-10-07 15:03:47',NULL),(207,NULL,200,2,15000.30,3150.06,2,1,'2021-10-07 15:03:48','2021-10-07 15:03:48',NULL),(208,NULL,201,2,15000.30,3150.06,2,1,'2021-10-07 15:03:49','2021-10-07 15:03:49',NULL),(209,NULL,202,2,15000.30,3150.06,2,1,'2021-10-07 15:03:50','2021-10-07 15:03:50',NULL),(210,NULL,203,2,15000.30,3150.06,2,1,'2021-10-07 15:03:51','2021-10-07 15:03:51',NULL),(211,NULL,204,2,15000.30,3150.06,2,1,'2021-10-07 15:03:52','2021-10-07 15:03:52',NULL),(212,NULL,205,2,15000.30,3150.06,2,1,'2021-10-07 15:03:53','2021-10-07 15:03:53',NULL),(213,NULL,206,2,15000.30,3150.06,2,1,'2021-10-07 15:03:54','2021-10-07 15:03:54',NULL),(214,NULL,207,2,15000.30,3150.06,2,1,'2021-10-07 15:03:55','2021-10-07 15:03:55',NULL),(215,NULL,208,2,15000.30,3150.06,2,1,'2021-10-07 15:03:56','2021-10-07 15:03:56',NULL),(216,NULL,209,2,15000.30,3150.06,2,1,'2021-10-07 15:03:57','2021-10-07 15:03:57',NULL),(217,NULL,210,2,15000.30,3150.06,2,1,'2021-10-07 15:03:57','2021-10-07 15:03:57',NULL),(218,NULL,211,2,15000.30,3150.06,2,1,'2021-10-07 15:03:58','2021-10-07 15:03:58',NULL),(219,NULL,212,2,15000.30,3150.06,2,1,'2021-10-07 15:03:59','2021-10-07 15:03:59',NULL),(220,NULL,213,2,15000.30,3150.06,2,1,'2021-10-07 15:04:00','2021-10-07 15:04:00',NULL),(221,NULL,214,2,15000.30,3150.06,2,1,'2021-10-07 15:04:01','2021-10-07 15:04:01',NULL),(222,NULL,215,2,15000.30,3150.06,2,1,'2021-10-07 15:04:02','2021-10-07 15:04:02',NULL),(223,NULL,216,2,15000.30,3150.06,2,1,'2021-10-07 15:04:03','2021-10-07 15:04:03',NULL),(224,NULL,217,2,15000.30,3150.06,2,1,'2021-10-07 15:04:04','2021-10-07 15:04:04',NULL);
INSERT INTO `receipt_taxes` VALUES (225,NULL,218,2,15000.30,3150.06,2,1,'2021-10-07 15:04:05','2021-10-07 15:04:05',NULL),(226,NULL,219,2,15000.30,3150.06,2,1,'2021-10-07 15:04:06','2021-10-07 15:04:06',NULL),(227,NULL,220,2,15000.30,3150.06,2,1,'2021-10-07 15:04:06','2021-10-07 15:04:06',NULL),(228,NULL,221,2,15000.30,3150.06,2,1,'2021-10-07 15:04:07','2021-10-07 15:04:07',NULL),(229,NULL,222,2,15000.30,3150.06,2,1,'2021-10-07 15:04:08','2021-10-07 15:04:08',NULL),(230,NULL,223,2,15000.30,3150.06,2,1,'2021-10-07 15:04:09','2021-10-07 15:04:09',NULL),(231,NULL,224,2,15000.30,3150.06,2,1,'2021-10-07 15:04:10','2021-10-07 15:04:10',NULL),(232,NULL,225,2,15000.30,3150.06,2,1,'2021-10-07 15:04:11','2021-10-07 15:04:11',NULL),(233,NULL,226,2,15000.30,3150.06,2,1,'2021-10-07 15:04:12','2021-10-07 15:04:12',NULL),(234,NULL,227,2,15000.30,3150.06,2,1,'2021-10-07 15:04:13','2021-10-07 15:04:13',NULL),(235,NULL,228,2,15000.30,3150.06,2,1,'2021-10-07 15:04:14','2021-10-07 15:04:14',NULL),(236,NULL,229,2,15000.30,3150.06,2,1,'2021-10-07 15:04:15','2021-10-07 15:04:15',NULL),(237,NULL,230,2,15000.30,3150.06,2,1,'2021-10-07 15:04:16','2021-10-07 15:04:16',NULL),(238,NULL,231,2,15000.30,3150.06,2,1,'2021-10-07 15:04:17','2021-10-07 15:04:17',NULL),(239,NULL,232,2,15000.30,3150.06,2,1,'2021-10-07 15:04:18','2021-10-07 15:04:18',NULL),(240,NULL,233,2,15000.30,3150.06,2,1,'2021-10-07 15:04:19','2021-10-07 15:04:19',NULL),(241,NULL,234,2,15000.30,3150.06,2,1,'2021-10-07 15:04:19','2021-10-07 15:04:19',NULL),(242,NULL,235,2,15000.30,3150.06,2,1,'2021-10-07 15:04:20','2021-10-07 15:04:20',NULL),(243,NULL,236,2,15000.30,3150.06,2,1,'2021-10-07 15:04:21','2021-10-07 15:04:21',NULL),(244,NULL,237,2,15000.30,3150.06,2,1,'2021-10-07 15:04:22','2021-10-07 15:04:22',NULL),(245,NULL,238,2,15000.30,3150.06,2,1,'2021-10-07 15:04:23','2021-10-07 15:04:23',NULL),(246,NULL,239,2,15000.30,3150.06,2,1,'2021-10-07 15:04:24','2021-10-07 15:04:24',NULL),(247,NULL,240,2,15000.30,3150.06,2,1,'2021-10-07 15:04:25','2021-10-07 15:04:25',NULL),(248,NULL,241,2,15000.30,3150.06,2,1,'2021-10-07 15:04:26','2021-10-07 15:04:26',NULL),(249,NULL,242,2,15000.30,3150.06,2,1,'2021-10-07 15:04:27','2021-10-07 15:04:27',NULL),(250,NULL,243,2,15000.30,3150.06,2,1,'2021-10-07 15:04:28','2021-10-07 15:04:28',NULL),(251,NULL,244,2,15000.30,3150.06,2,1,'2021-10-07 15:04:29','2021-10-07 15:04:29',NULL),(252,NULL,245,2,15000.30,3150.06,2,1,'2021-10-07 15:04:30','2021-10-07 15:04:30',NULL),(253,NULL,246,2,15000.30,3150.06,2,1,'2021-10-07 15:04:31','2021-10-07 15:04:31',NULL),(254,NULL,247,2,15000.30,3150.06,2,1,'2021-10-07 15:04:32','2021-10-07 15:04:32',NULL),(255,NULL,248,2,15000.30,3150.06,2,1,'2021-10-07 15:04:33','2021-10-07 15:04:33',NULL),(256,NULL,249,2,15000.30,3150.06,2,1,'2021-10-07 15:04:34','2021-10-07 15:04:34',NULL),(257,NULL,250,2,15000.30,3150.06,2,1,'2021-10-07 15:04:35','2021-10-07 15:04:35',NULL),(258,NULL,251,2,15000.30,3150.06,2,1,'2021-10-07 15:04:36','2021-10-07 15:04:36',NULL),(259,NULL,252,2,15000.30,3150.06,2,1,'2021-10-07 15:04:37','2021-10-07 15:04:37',NULL),(260,NULL,253,2,15000.30,3150.06,2,1,'2021-10-07 15:04:38','2021-10-07 15:04:38',NULL),(261,NULL,254,2,15000.30,3150.06,2,1,'2021-10-07 15:04:39','2021-10-07 15:04:39',NULL),(262,NULL,255,2,15000.30,3150.06,2,1,'2021-10-07 15:04:39','2021-10-07 15:04:39',NULL),(263,NULL,256,2,15000.30,3150.06,2,1,'2021-10-07 15:04:40','2021-10-07 15:04:40',NULL),(264,NULL,257,2,15000.30,3150.06,2,1,'2021-10-07 15:04:41','2021-10-07 15:04:41',NULL),(265,NULL,258,2,15000.30,3150.06,2,1,'2021-10-07 15:04:42','2021-10-07 15:04:42',NULL),(266,NULL,259,2,15000.30,3150.06,2,1,'2021-10-07 15:04:43','2021-10-07 15:04:43',NULL),(267,NULL,260,2,15000.30,3150.06,2,1,'2021-10-07 15:04:44','2021-10-07 15:04:44',NULL),(268,NULL,261,2,15000.30,3150.06,2,1,'2021-10-07 15:04:45','2021-10-07 15:04:45',NULL),(269,NULL,262,2,15000.30,3150.06,2,1,'2021-10-07 15:04:46','2021-10-07 15:04:46',NULL),(270,NULL,263,2,15000.30,3150.06,2,1,'2021-10-07 15:04:47','2021-10-07 15:04:47',NULL);
INSERT INTO `receipt_taxes` VALUES (271,NULL,264,2,15000.30,3150.06,2,1,'2021-10-07 15:04:48','2021-10-07 15:04:48',NULL),(272,NULL,265,2,15000.30,3150.06,2,1,'2021-10-07 15:04:49','2021-10-07 15:04:49',NULL),(273,NULL,266,2,15000.30,3150.06,2,1,'2021-10-07 15:04:50','2021-10-07 15:04:50',NULL),(274,NULL,267,2,15000.30,3150.06,2,1,'2021-10-07 15:04:51','2021-10-07 15:04:51',NULL),(275,NULL,268,2,15000.30,3150.06,2,1,'2021-10-07 15:04:51','2021-10-07 15:04:51',NULL),(276,NULL,269,2,15000.30,3150.06,2,1,'2021-10-07 15:04:53','2021-10-07 15:04:53',NULL),(277,NULL,270,2,15000.30,3150.06,2,1,'2021-10-07 15:04:54','2021-10-07 15:04:54',NULL),(278,NULL,271,2,15000.30,3150.06,2,1,'2021-10-07 15:04:55','2021-10-07 15:04:55',NULL),(279,NULL,272,2,15000.30,3150.06,2,1,'2021-10-07 15:04:55','2021-10-07 15:04:55',NULL),(280,NULL,273,2,15000.30,3150.06,2,1,'2021-10-07 15:04:56','2021-10-07 15:04:56',NULL),(281,NULL,274,2,15000.30,3150.06,2,1,'2021-10-07 15:04:57','2021-10-07 15:04:57',NULL),(282,NULL,275,2,15000.30,3150.06,2,1,'2021-10-07 15:04:58','2021-10-07 15:04:58',NULL),(283,NULL,276,2,15000.30,3150.06,2,1,'2021-10-07 15:04:59','2021-10-07 15:04:59',NULL),(284,NULL,277,2,15000.30,3150.06,2,1,'2021-10-07 15:05:00','2021-10-07 15:05:00',NULL),(285,NULL,278,2,15000.30,3150.06,2,1,'2021-10-07 15:05:01','2021-10-07 15:05:01',NULL),(286,NULL,279,2,15000.30,3150.06,2,1,'2021-10-07 15:05:02','2021-10-07 15:05:02',NULL),(287,NULL,280,2,15000.30,3150.06,2,1,'2021-10-07 15:05:03','2021-10-07 15:05:03',NULL),(288,NULL,281,2,15000.30,3150.06,2,1,'2021-10-07 15:05:04','2021-10-07 15:05:04',NULL),(289,NULL,282,2,15000.30,3150.06,2,1,'2021-10-07 15:05:05','2021-10-07 15:05:05',NULL),(290,NULL,283,2,15000.30,3150.06,2,1,'2021-10-07 15:05:06','2021-10-07 15:05:06',NULL),(291,NULL,284,2,15000.30,3150.06,2,1,'2021-10-07 15:05:06','2021-10-07 15:05:06',NULL),(292,NULL,285,2,15000.30,3150.06,2,1,'2021-10-07 15:05:07','2021-10-07 15:05:07',NULL),(293,NULL,286,2,15000.30,3150.06,2,1,'2021-10-07 15:05:08','2021-10-07 15:05:08',NULL),(294,NULL,287,2,15000.30,3150.06,2,1,'2021-10-07 15:05:09','2021-10-07 15:05:09',NULL),(295,NULL,288,2,15000.30,3150.06,2,1,'2021-10-07 15:05:10','2021-10-07 15:05:10',NULL),(296,NULL,289,2,15000.30,3150.06,2,1,'2021-10-07 15:05:11','2021-10-07 15:05:11',NULL),(297,NULL,290,2,15000.30,3150.06,2,1,'2021-10-07 15:05:13','2021-10-07 15:05:13',NULL),(298,NULL,291,2,15000.30,3150.06,2,1,'2021-10-07 15:05:14','2021-10-07 15:05:14',NULL),(299,NULL,292,2,15000.30,3150.06,2,1,'2021-10-07 15:05:14','2021-10-07 15:05:14',NULL),(300,NULL,293,2,15000.30,3150.06,2,1,'2021-10-07 15:05:15','2021-10-07 15:05:15',NULL),(301,NULL,294,2,15000.30,3150.06,2,1,'2021-10-07 15:05:16','2021-10-07 15:05:16',NULL),(302,NULL,295,2,15000.30,3150.06,2,1,'2021-10-07 15:05:17','2021-10-07 15:05:17',NULL),(303,NULL,296,2,15000.30,3150.06,2,1,'2021-10-07 15:05:18','2021-10-07 15:05:18',NULL),(304,NULL,297,2,15000.30,3150.06,2,1,'2021-10-07 15:05:19','2021-10-07 15:05:19',NULL),(305,NULL,298,2,15000.30,3150.06,2,1,'2021-10-07 15:05:20','2021-10-07 15:05:20',NULL),(306,NULL,299,2,15000.30,3150.06,2,1,'2021-10-07 15:05:22','2021-10-07 15:05:22',NULL),(307,NULL,300,2,15000.30,3150.06,2,1,'2021-10-07 15:05:22','2021-10-07 15:05:22',NULL),(308,NULL,301,2,15000.30,3150.06,2,1,'2021-10-07 15:05:23','2021-10-07 15:05:23',NULL),(309,NULL,302,2,15000.30,3150.06,2,1,'2021-10-07 15:05:24','2021-10-07 15:05:24',NULL),(310,NULL,303,2,15000.30,3150.06,2,1,'2021-10-07 15:05:25','2021-10-07 15:05:25',NULL),(311,NULL,304,2,15000.30,3150.06,2,1,'2021-10-07 15:05:26','2021-10-07 15:05:26',NULL),(312,NULL,305,2,15000.30,3150.06,2,1,'2021-10-07 15:05:27','2021-10-07 15:05:27',NULL),(313,NULL,306,2,15000.30,3150.06,2,1,'2021-10-07 15:05:28','2021-10-07 15:05:28',NULL),(314,NULL,307,2,15000.30,3150.06,2,1,'2021-10-07 15:05:29','2021-10-07 15:05:29',NULL),(315,NULL,308,2,15000.30,3150.06,2,1,'2021-10-07 15:05:30','2021-10-07 15:05:30',NULL),(316,NULL,309,2,15000.30,3150.06,2,1,'2021-10-07 15:05:31','2021-10-07 15:05:31',NULL);
INSERT INTO `receipt_taxes` VALUES (317,NULL,310,2,15000.30,3150.06,2,1,'2021-10-07 15:05:32','2021-10-07 15:05:32',NULL),(318,NULL,311,2,15000.30,3150.06,2,1,'2021-10-07 15:05:33','2021-10-07 15:05:33',NULL),(319,NULL,312,2,15000.30,3150.06,2,1,'2021-10-07 15:05:34','2021-10-07 15:05:34',NULL),(320,NULL,313,2,15000.30,3150.06,2,1,'2021-10-07 15:05:35','2021-10-07 15:05:35',NULL),(321,NULL,314,2,15000.30,3150.06,2,1,'2021-10-07 15:05:36','2021-10-07 15:05:36',NULL),(322,NULL,315,2,15000.30,3150.06,2,1,'2021-10-07 15:05:37','2021-10-07 15:05:37',NULL),(323,NULL,316,2,15000.30,3150.06,2,1,'2021-10-07 15:05:38','2021-10-07 15:05:38',NULL),(324,NULL,317,2,15000.30,3150.06,2,1,'2021-10-07 15:05:39','2021-10-07 15:05:39',NULL),(325,NULL,318,2,15000.30,3150.06,2,1,'2021-10-07 15:05:40','2021-10-07 15:05:40',NULL),(326,NULL,319,2,15000.30,3150.06,2,1,'2021-10-07 15:05:41','2021-10-07 15:05:41',NULL),(327,NULL,320,2,15000.30,3150.06,2,1,'2021-10-07 15:05:42','2021-10-07 15:05:42',NULL),(328,NULL,321,2,15000.30,3150.06,2,1,'2021-10-07 15:05:43','2021-10-07 15:05:43',NULL),(329,NULL,322,2,15000.30,3150.06,2,1,'2021-10-07 15:05:44','2021-10-07 15:05:44',NULL),(330,NULL,323,2,15000.30,3150.06,2,1,'2021-10-07 15:05:44','2021-10-07 15:05:44',NULL),(331,NULL,324,2,15000.30,3150.06,2,1,'2021-10-07 15:05:45','2021-10-07 15:05:45',NULL),(332,NULL,325,2,15000.30,3150.06,2,1,'2021-10-07 15:05:46','2021-10-07 15:05:46',NULL),(333,NULL,326,2,15000.30,3150.06,2,1,'2021-10-07 15:05:48','2021-10-07 15:05:48',NULL),(334,NULL,327,2,15000.30,3150.06,2,1,'2021-10-07 15:05:49','2021-10-07 15:05:49',NULL),(335,NULL,328,2,15000.30,3150.06,2,1,'2021-10-07 15:05:50','2021-10-07 15:05:50',NULL),(336,NULL,329,2,15000.30,3150.06,2,1,'2021-10-07 15:05:51','2021-10-07 15:05:51',NULL),(337,NULL,330,2,15000.30,3150.06,2,1,'2021-10-07 15:05:52','2021-10-07 15:05:52',NULL),(338,NULL,331,2,15000.30,3150.06,2,1,'2021-10-07 15:05:53','2021-10-07 15:05:53',NULL),(339,NULL,332,2,15000.30,3150.06,2,1,'2021-10-07 15:05:54','2021-10-07 15:05:54',NULL),(340,NULL,333,2,15000.30,3150.06,2,1,'2021-10-07 15:05:55','2021-10-07 15:05:55',NULL),(341,NULL,334,2,15000.30,3150.06,2,1,'2021-10-07 15:05:56','2021-10-07 15:05:56',NULL),(342,NULL,335,2,15000.30,3150.06,2,1,'2021-10-07 15:05:57','2021-10-07 15:05:57',NULL),(343,NULL,336,2,15000.30,3150.06,2,1,'2021-10-07 15:05:58','2021-10-07 15:05:58',NULL),(344,NULL,337,2,15000.30,3150.06,2,1,'2021-10-07 15:06:00','2021-10-07 15:06:00',NULL),(345,NULL,338,2,15000.30,3150.06,2,1,'2021-10-07 15:06:01','2021-10-07 15:06:01',NULL),(346,NULL,339,2,15000.30,3150.06,2,1,'2021-10-07 15:06:02','2021-10-07 15:06:02',NULL),(347,NULL,340,2,15000.30,3150.06,2,1,'2021-10-07 15:06:03','2021-10-07 15:06:03',NULL),(348,NULL,341,2,15000.30,3150.06,2,1,'2021-10-07 15:06:04','2021-10-07 15:06:04',NULL),(349,NULL,342,2,15000.30,3150.06,2,1,'2021-10-07 15:06:05','2021-10-07 15:06:05',NULL),(350,NULL,343,2,15000.30,3150.06,2,1,'2021-10-07 15:06:06','2021-10-07 15:06:06',NULL),(351,NULL,344,2,15000.30,3150.06,2,1,'2021-10-07 15:06:07','2021-10-07 15:06:07',NULL),(352,NULL,345,2,15000.30,3150.06,2,1,'2021-10-07 15:06:08','2021-10-07 15:06:08',NULL),(353,NULL,346,2,15000.30,3150.06,2,1,'2021-10-07 15:06:09','2021-10-07 15:06:09',NULL),(354,NULL,347,2,15000.30,3150.06,2,1,'2021-10-07 15:06:10','2021-10-07 15:06:10',NULL),(355,NULL,348,2,15000.30,3150.06,2,1,'2021-10-07 15:06:11','2021-10-07 15:06:11',NULL),(356,NULL,349,2,15000.30,3150.06,2,1,'2021-10-07 15:06:12','2021-10-07 15:06:12',NULL),(357,NULL,350,2,15000.30,3150.06,2,1,'2021-10-07 15:06:13','2021-10-07 15:06:13',NULL),(358,NULL,351,2,15000.30,3150.06,2,1,'2021-10-07 15:06:14','2021-10-07 15:06:14',NULL),(359,NULL,352,2,15000.30,3150.06,2,1,'2021-10-07 15:06:15','2021-10-07 15:06:15',NULL),(360,NULL,353,2,15000.30,3150.06,2,1,'2021-10-07 15:06:16','2021-10-07 15:06:16',NULL),(361,NULL,354,2,15000.30,3150.06,2,1,'2021-10-07 15:06:17','2021-10-07 15:06:17',NULL),(362,NULL,355,2,15000.30,3150.06,2,1,'2021-10-07 15:06:18','2021-10-07 15:06:18',NULL);
INSERT INTO `receipt_taxes` VALUES (363,NULL,356,2,15000.30,3150.06,2,1,'2021-10-07 15:06:19','2021-10-07 15:06:19',NULL),(364,NULL,357,2,15000.30,3150.06,2,1,'2021-10-07 15:06:19','2021-10-07 15:06:19',NULL),(365,NULL,358,2,15000.30,3150.06,2,1,'2021-10-07 15:06:20','2021-10-07 15:06:20',NULL),(366,NULL,359,2,15000.30,3150.06,2,1,'2021-10-07 15:06:21','2021-10-07 15:06:21',NULL),(367,NULL,360,2,15000.30,3150.06,2,1,'2021-10-07 15:06:22','2021-10-07 15:06:22',NULL),(368,NULL,361,2,15000.30,3150.06,2,1,'2021-10-07 15:06:23','2021-10-07 15:06:23',NULL),(369,NULL,362,2,15000.30,3150.06,2,1,'2021-10-07 15:06:25','2021-10-07 15:06:25',NULL),(370,NULL,363,2,15000.30,3150.06,2,1,'2021-10-07 15:06:26','2021-10-07 15:06:26',NULL),(371,NULL,364,2,15000.30,3150.06,2,1,'2021-10-07 15:06:27','2021-10-07 15:06:27',NULL),(372,NULL,365,2,15000.30,3150.06,2,1,'2021-10-07 15:06:28','2021-10-07 15:06:28',NULL),(373,NULL,366,2,15000.30,3150.06,2,1,'2021-10-07 15:06:29','2021-10-07 15:06:29',NULL),(374,NULL,367,2,15000.30,3150.06,2,1,'2021-10-07 15:06:30','2021-10-07 15:06:30',NULL),(375,NULL,368,2,15000.30,3150.06,2,1,'2021-10-07 15:06:31','2021-10-07 15:06:31',NULL),(376,NULL,369,2,15000.30,3150.06,2,1,'2021-10-07 15:06:32','2021-10-07 15:06:32',NULL),(377,NULL,370,2,15000.30,3150.06,2,1,'2021-10-07 15:06:33','2021-10-07 15:06:33',NULL),(378,NULL,371,2,15000.30,3150.06,2,1,'2021-10-07 15:06:34','2021-10-07 15:06:34',NULL),(379,NULL,372,2,15000.30,3150.06,2,1,'2021-10-07 15:06:35','2021-10-07 15:06:35',NULL),(380,NULL,373,2,15000.30,3150.06,2,1,'2021-10-07 15:06:36','2021-10-07 15:06:36',NULL),(381,NULL,374,2,15000.30,3150.06,2,1,'2021-10-07 15:06:37','2021-10-07 15:06:37',NULL),(382,NULL,375,2,15000.30,3150.06,2,1,'2021-10-07 15:06:38','2021-10-07 15:06:38',NULL),(383,NULL,376,2,15000.30,3150.06,2,1,'2021-10-07 15:06:39','2021-10-07 15:06:39',NULL),(384,NULL,377,2,15000.30,3150.06,2,1,'2021-10-07 15:06:40','2021-10-07 15:06:40',NULL),(385,NULL,378,2,15000.30,3150.06,2,1,'2021-10-07 15:06:41','2021-10-07 15:06:41',NULL),(386,NULL,379,2,15000.30,3150.06,2,1,'2021-10-07 15:06:42','2021-10-07 15:06:42',NULL),(387,NULL,380,2,15000.30,3150.06,2,1,'2021-10-07 15:06:43','2021-10-07 15:06:43',NULL),(388,NULL,381,2,15000.30,3150.06,2,1,'2021-10-07 15:06:44','2021-10-07 15:06:44',NULL),(389,NULL,382,2,15000.30,3150.06,2,1,'2021-10-07 15:43:09','2021-10-07 15:43:09',NULL),(390,NULL,383,2,15000.30,3150.06,2,1,'2021-10-07 15:43:11','2021-10-07 15:43:11',NULL),(391,NULL,384,2,15000.30,3150.06,2,1,'2021-10-07 15:43:13','2021-10-07 15:43:13',NULL),(392,NULL,385,2,15000.30,3150.06,2,1,'2021-10-07 15:43:14','2021-10-07 15:43:14',NULL),(393,NULL,386,2,15000.30,3150.06,2,1,'2021-10-07 15:43:15','2021-10-07 15:43:15',NULL),(394,NULL,387,2,15000.30,3150.06,2,1,'2021-10-07 15:43:15','2021-10-07 15:43:15',NULL),(395,NULL,388,2,15000.30,3150.06,2,1,'2021-10-07 15:43:16','2021-10-07 15:43:16',NULL),(396,NULL,389,2,15000.30,3150.06,2,1,'2021-10-07 15:43:17','2021-10-07 15:43:17',NULL),(397,NULL,390,2,15000.30,3150.06,2,1,'2021-10-07 15:43:18','2021-10-07 15:43:18',NULL),(398,NULL,391,2,15000.30,3150.06,2,1,'2021-10-07 15:43:19','2021-10-07 15:43:19',NULL),(399,NULL,392,2,15000.30,3150.06,2,1,'2021-10-07 15:43:20','2021-10-07 15:43:20',NULL),(400,NULL,393,2,15000.30,3150.06,2,1,'2021-10-07 15:43:21','2021-10-07 15:43:21',NULL),(401,NULL,394,2,15000.30,3150.06,2,1,'2021-10-07 15:43:21','2021-10-07 15:43:21',NULL),(402,NULL,395,2,15000.30,3150.06,2,1,'2021-10-07 15:43:22','2021-10-07 15:43:22',NULL),(403,NULL,396,2,15000.30,3150.06,2,1,'2021-10-07 15:43:23','2021-10-07 15:43:23',NULL),(404,NULL,397,2,15000.30,3150.06,2,1,'2021-10-07 15:43:24','2021-10-07 15:43:24',NULL),(405,NULL,398,2,15000.30,3150.06,2,1,'2021-10-07 15:43:25','2021-10-07 15:43:25',NULL),(406,NULL,399,2,15000.30,3150.06,2,1,'2021-10-07 15:43:27','2021-10-07 15:43:27',NULL),(407,NULL,400,2,15000.30,3150.06,2,1,'2021-10-07 15:43:27','2021-10-07 15:43:27',NULL),(408,NULL,401,2,15000.30,3150.06,2,1,'2021-10-07 15:43:28','2021-10-07 15:43:28',NULL);
INSERT INTO `receipt_taxes` VALUES (409,NULL,402,2,15000.30,3150.06,2,1,'2021-10-07 15:43:29','2021-10-07 15:43:29',NULL),(410,NULL,403,2,15000.30,3150.06,2,1,'2021-10-07 15:43:30','2021-10-07 15:43:30',NULL),(411,NULL,404,2,15000.30,3150.06,2,1,'2021-10-07 15:43:31','2021-10-07 15:43:31',NULL),(412,NULL,405,2,15000.30,3150.06,2,1,'2021-10-07 15:43:31','2021-10-07 15:43:31',NULL),(413,NULL,406,2,15000.30,3150.06,2,1,'2021-10-07 15:43:32','2021-10-07 15:43:32',NULL),(414,NULL,407,2,15000.30,3150.06,2,1,'2021-10-07 15:43:33','2021-10-07 15:43:33',NULL),(415,NULL,408,2,15000.30,3150.06,2,1,'2021-10-07 15:43:34','2021-10-07 15:43:34',NULL),(416,NULL,409,2,15000.30,3150.06,2,1,'2021-10-07 15:43:35','2021-10-07 15:43:35',NULL),(417,NULL,410,2,15000.30,3150.06,2,1,'2021-10-07 15:43:36','2021-10-07 15:43:36',NULL),(418,NULL,411,2,15000.30,3150.06,2,1,'2021-10-07 15:43:36','2021-10-07 15:43:36',NULL),(419,NULL,412,2,15000.30,3150.06,2,1,'2021-10-07 15:43:37','2021-10-07 15:43:37',NULL),(420,NULL,413,2,15000.30,3150.06,2,1,'2021-10-07 15:43:38','2021-10-07 15:43:38',NULL),(421,NULL,414,2,15000.30,3150.06,2,1,'2021-10-07 15:43:39','2021-10-07 15:43:39',NULL),(422,NULL,415,2,15000.30,3150.06,2,1,'2021-10-07 15:43:40','2021-10-07 15:43:40',NULL),(423,NULL,416,2,15000.30,3150.06,2,1,'2021-10-07 15:43:40','2021-10-07 15:43:40',NULL),(424,NULL,417,2,15000.30,3150.06,2,1,'2021-10-07 15:43:41','2021-10-07 15:43:41',NULL),(425,NULL,418,2,15000.30,3150.06,2,1,'2021-10-07 15:43:42','2021-10-07 15:43:42',NULL),(426,NULL,419,2,15000.30,3150.06,2,1,'2021-10-07 15:43:43','2021-10-07 15:43:43',NULL),(427,NULL,420,2,15000.30,3150.06,2,1,'2021-10-07 15:43:44','2021-10-07 15:43:44',NULL),(428,NULL,421,2,15000.30,3150.06,2,1,'2021-10-07 15:43:45','2021-10-07 15:43:45',NULL),(429,NULL,422,2,15000.30,3150.06,2,1,'2021-10-07 15:43:46','2021-10-07 15:43:46',NULL),(430,NULL,423,2,15000.30,3150.06,2,1,'2021-10-07 15:43:47','2021-10-07 15:43:47',NULL),(431,NULL,424,2,15000.30,3150.06,2,1,'2021-10-07 15:43:48','2021-10-07 15:43:48',NULL),(432,NULL,425,2,15000.30,3150.06,2,1,'2021-10-07 15:43:49','2021-10-07 15:43:49',NULL),(433,NULL,426,2,15000.30,3150.06,2,1,'2021-10-07 15:43:50','2021-10-07 15:43:50',NULL),(434,NULL,427,2,15000.30,3150.06,2,1,'2021-10-07 15:43:50','2021-10-07 15:43:50',NULL),(435,NULL,428,2,15000.30,3150.06,2,1,'2021-10-07 15:43:51','2021-10-07 15:43:51',NULL),(436,NULL,429,2,15000.30,3150.06,2,1,'2021-10-07 15:43:52','2021-10-07 15:43:52',NULL),(437,NULL,430,2,15000.30,3150.06,2,1,'2021-10-07 15:43:53','2021-10-07 15:43:53',NULL),(438,NULL,431,2,15000.30,3150.06,2,1,'2021-10-07 15:43:54','2021-10-07 15:43:54',NULL),(439,NULL,432,2,15000.30,3150.06,2,1,'2021-10-07 15:43:54','2021-10-07 15:43:54',NULL),(440,NULL,433,2,15000.30,3150.06,2,1,'2021-10-07 15:43:55','2021-10-07 15:43:55',NULL),(441,NULL,434,2,15000.30,3150.06,2,1,'2021-10-07 15:43:56','2021-10-07 15:43:56',NULL),(442,NULL,435,2,15000.30,3150.06,2,1,'2021-10-07 15:43:57','2021-10-07 15:43:57',NULL),(443,NULL,436,2,15000.30,3150.06,2,1,'2021-10-07 15:43:58','2021-10-07 15:43:58',NULL),(444,NULL,437,2,15000.30,3150.06,2,1,'2021-10-07 15:43:58','2021-10-07 15:43:58',NULL),(445,NULL,438,2,15000.30,3150.06,2,1,'2021-10-07 15:43:59','2021-10-07 15:43:59',NULL),(446,NULL,439,2,15000.30,3150.06,2,1,'2021-10-07 15:44:00','2021-10-07 15:44:00',NULL),(447,NULL,440,2,15000.30,3150.06,2,1,'2021-10-07 15:44:01','2021-10-07 15:44:01',NULL),(448,NULL,441,2,15000.30,3150.06,2,1,'2021-10-07 15:44:02','2021-10-07 15:44:02',NULL),(449,NULL,442,2,15000.30,3150.06,2,1,'2021-10-07 15:44:02','2021-10-07 15:44:02',NULL),(450,NULL,443,2,15000.30,3150.06,2,1,'2021-10-07 15:44:03','2021-10-07 15:44:03',NULL),(451,NULL,444,2,15000.30,3150.06,2,1,'2021-10-07 15:44:04','2021-10-07 15:44:04',NULL),(452,NULL,445,2,15000.30,3150.06,2,1,'2021-10-07 15:44:05','2021-10-07 15:44:05',NULL),(453,NULL,446,2,15000.30,3150.06,2,1,'2021-10-07 15:44:06','2021-10-07 15:44:06',NULL),(454,NULL,447,2,15000.30,3150.06,2,1,'2021-10-07 15:44:06','2021-10-07 15:44:06',NULL);
INSERT INTO `receipt_taxes` VALUES (455,NULL,448,2,15000.30,3150.06,2,1,'2021-10-07 15:44:07','2021-10-07 15:44:07',NULL),(456,NULL,449,2,15000.30,3150.06,2,1,'2021-10-07 15:44:08','2021-10-07 15:44:08',NULL),(457,NULL,450,2,15000.30,3150.06,2,1,'2021-10-07 15:44:09','2021-10-07 15:44:09',NULL),(458,NULL,451,2,15000.30,3150.06,2,1,'2021-10-07 15:44:10','2021-10-07 15:44:10',NULL),(459,NULL,452,2,15000.30,3150.06,2,1,'2021-10-07 15:44:10','2021-10-07 15:44:10',NULL),(460,NULL,453,2,15000.30,3150.06,2,1,'2021-10-07 15:44:11','2021-10-07 15:44:11',NULL),(461,NULL,454,2,15000.30,3150.06,2,1,'2021-10-07 15:44:12','2021-10-07 15:44:12',NULL),(462,NULL,455,2,15000.30,3150.06,2,1,'2021-10-07 15:44:13','2021-10-07 15:44:13',NULL),(463,NULL,456,2,15000.30,3150.06,2,1,'2021-10-07 15:44:14','2021-10-07 15:44:14',NULL),(464,NULL,457,2,15000.30,3150.06,2,1,'2021-10-07 15:44:14','2021-10-07 15:44:14',NULL),(465,NULL,458,2,15000.30,3150.06,2,1,'2021-10-07 15:44:15','2021-10-07 15:44:15',NULL),(466,NULL,459,2,15000.30,3150.06,2,1,'2021-10-07 15:44:16','2021-10-07 15:44:16',NULL),(467,NULL,460,2,15000.30,3150.06,2,1,'2021-10-07 15:44:17','2021-10-07 15:44:17',NULL),(468,NULL,461,2,15000.30,3150.06,2,1,'2021-10-07 15:44:18','2021-10-07 15:44:18',NULL),(469,NULL,462,2,15000.30,3150.06,2,1,'2021-10-07 15:44:18','2021-10-07 15:44:18',NULL),(470,NULL,463,2,15000.30,3150.06,2,1,'2021-10-07 15:44:19','2021-10-07 15:44:19',NULL),(471,NULL,464,2,15000.30,3150.06,2,1,'2021-10-07 15:44:20','2021-10-07 15:44:20',NULL),(472,NULL,465,2,15000.30,3150.06,2,1,'2021-10-07 15:44:21','2021-10-07 15:44:21',NULL),(473,NULL,466,2,15000.30,3150.06,2,1,'2021-10-07 15:44:22','2021-10-07 15:44:22',NULL),(474,NULL,467,2,15000.30,3150.06,2,1,'2021-10-07 15:44:22','2021-10-07 15:44:22',NULL),(475,NULL,468,2,15000.30,3150.06,2,1,'2021-10-07 15:44:23','2021-10-07 15:44:23',NULL),(476,NULL,469,2,15000.30,3150.06,2,1,'2021-10-07 15:44:24','2021-10-07 15:44:24',NULL),(477,NULL,470,2,15000.30,3150.06,2,1,'2021-10-07 15:44:25','2021-10-07 15:44:25',NULL),(478,NULL,471,2,15000.30,3150.06,2,1,'2021-10-07 15:44:26','2021-10-07 15:44:26',NULL),(479,NULL,472,2,15000.30,3150.06,2,1,'2021-10-07 15:44:26','2021-10-07 15:44:26',NULL),(480,NULL,473,2,15000.30,3150.06,2,1,'2021-10-07 15:44:27','2021-10-07 15:44:27',NULL),(481,NULL,474,2,15000.30,3150.06,2,1,'2021-10-07 15:44:28','2021-10-07 15:44:28',NULL),(482,NULL,475,2,15000.30,3150.06,2,1,'2021-10-07 15:44:29','2021-10-07 15:44:29',NULL),(483,NULL,476,2,15000.30,3150.06,2,1,'2021-10-07 15:44:30','2021-10-07 15:44:30',NULL),(484,NULL,477,2,15000.30,3150.06,2,1,'2021-10-07 15:44:31','2021-10-07 15:44:31',NULL),(485,NULL,478,2,15000.30,3150.06,2,1,'2021-10-07 15:44:31','2021-10-07 15:44:31',NULL),(486,NULL,479,2,15000.30,3150.06,2,1,'2021-10-07 15:44:32','2021-10-07 15:44:32',NULL),(487,NULL,480,2,15000.30,3150.06,2,1,'2021-10-07 15:44:33','2021-10-07 15:44:33',NULL),(488,NULL,481,2,15000.30,3150.06,2,1,'2021-10-07 15:44:34','2021-10-07 15:44:34',NULL),(489,NULL,482,2,15000.30,3150.06,2,1,'2021-10-07 15:44:35','2021-10-07 15:44:35',NULL),(490,NULL,483,2,15000.30,3150.06,2,1,'2021-10-07 15:44:36','2021-10-07 15:44:36',NULL),(491,NULL,484,2,15000.30,3150.06,2,1,'2021-10-07 15:44:36','2021-10-07 15:44:36',NULL),(492,NULL,485,2,15000.30,3150.06,2,1,'2021-10-07 15:44:37','2021-10-07 15:44:37',NULL),(493,NULL,486,2,15000.30,3150.06,2,1,'2021-10-07 15:44:38','2021-10-07 15:44:38',NULL),(494,NULL,487,2,15000.30,3150.06,2,1,'2021-10-07 15:44:39','2021-10-07 15:44:39',NULL),(495,NULL,488,2,15000.30,3150.06,2,1,'2021-10-07 15:44:40','2021-10-07 15:44:40',NULL),(496,NULL,489,2,15000.30,3150.06,2,1,'2021-10-07 15:44:40','2021-10-07 15:44:40',NULL),(497,NULL,490,2,15000.30,3150.06,2,1,'2021-10-07 15:44:41','2021-10-07 15:44:41',NULL),(498,NULL,491,2,15000.30,3150.06,2,1,'2021-10-07 15:44:42','2021-10-07 15:44:42',NULL),(499,NULL,492,2,15000.30,3150.06,2,1,'2021-10-07 15:44:43','2021-10-07 15:44:43',NULL),(500,NULL,493,2,15000.30,3150.06,2,1,'2021-10-07 15:44:44','2021-10-07 15:44:44',NULL);
INSERT INTO `receipt_taxes` VALUES (501,NULL,494,2,15000.30,3150.06,2,1,'2021-10-07 15:44:44','2021-10-07 15:44:44',NULL),(502,NULL,495,2,15000.30,3150.06,2,1,'2021-10-07 15:44:45','2021-10-07 15:44:45',NULL),(503,NULL,496,2,15000.30,3150.06,2,1,'2021-10-07 15:44:46','2021-10-07 15:44:46',NULL),(504,NULL,497,2,15000.30,3150.06,2,1,'2021-10-07 15:44:47','2021-10-07 15:44:47',NULL),(505,NULL,498,2,15000.30,3150.06,2,1,'2021-10-07 15:44:48','2021-10-07 15:44:48',NULL),(506,NULL,499,2,15000.30,3150.06,2,1,'2021-10-07 15:44:49','2021-10-07 15:44:49',NULL),(507,NULL,500,2,15000.30,3150.06,2,1,'2021-10-07 15:44:49','2021-10-07 15:44:49',NULL),(508,NULL,501,2,15000.30,3150.06,2,1,'2021-10-07 15:44:50','2021-10-07 15:44:50',NULL),(509,NULL,502,2,15000.30,3150.06,2,1,'2021-10-07 15:44:51','2021-10-07 15:44:51',NULL),(510,NULL,503,2,15000.30,3150.06,2,1,'2021-10-07 15:44:52','2021-10-07 15:44:52',NULL),(511,NULL,504,2,15000.30,3150.06,2,1,'2021-10-07 15:44:53','2021-10-07 15:44:53',NULL),(512,NULL,505,2,15000.30,3150.06,2,1,'2021-10-07 15:44:54','2021-10-07 15:44:54',NULL),(513,NULL,506,2,15000.30,3150.06,2,1,'2021-10-07 15:44:55','2021-10-07 15:44:55',NULL),(514,NULL,507,2,15000.30,3150.06,2,1,'2021-10-07 15:44:56','2021-10-07 15:44:56',NULL),(515,NULL,508,2,15000.30,3150.06,2,1,'2021-10-07 15:44:56','2021-10-07 15:44:56',NULL),(516,NULL,509,2,15000.30,3150.06,2,1,'2021-10-07 15:44:57','2021-10-07 15:44:57',NULL),(517,NULL,510,2,15000.30,3150.06,2,1,'2021-10-07 15:44:58','2021-10-07 15:44:58',NULL),(518,NULL,511,2,15000.30,3150.06,2,1,'2021-10-07 15:44:59','2021-10-07 15:44:59',NULL),(519,NULL,512,2,15000.30,3150.06,2,1,'2021-10-07 15:45:00','2021-10-07 15:45:00',NULL),(520,NULL,513,2,15000.30,3150.06,2,1,'2021-10-07 15:45:01','2021-10-07 15:45:01',NULL),(521,NULL,514,2,15000.30,3150.06,2,1,'2021-10-07 15:45:01','2021-10-07 15:45:01',NULL),(522,NULL,515,2,15000.30,3150.06,2,1,'2021-10-07 15:45:02','2021-10-07 15:45:02',NULL),(523,NULL,516,2,15000.30,3150.06,2,1,'2021-10-07 15:45:03','2021-10-07 15:45:03',NULL),(524,NULL,517,2,15000.30,3150.06,2,1,'2021-10-07 15:45:04','2021-10-07 15:45:04',NULL),(525,NULL,518,2,15000.30,3150.06,2,1,'2021-10-07 15:45:05','2021-10-07 15:45:05',NULL),(526,NULL,519,2,15000.30,3150.06,2,1,'2021-10-07 15:45:06','2021-10-07 15:45:06',NULL),(527,NULL,520,2,15000.30,3150.06,2,1,'2021-10-07 15:45:06','2021-10-07 15:45:06',NULL),(528,NULL,521,2,15000.30,3150.06,2,1,'2021-10-07 15:45:07','2021-10-07 15:45:07',NULL),(529,NULL,522,2,15000.30,3150.06,2,1,'2021-10-07 15:45:08','2021-10-07 15:45:08',NULL),(530,NULL,523,2,15000.30,3150.06,2,1,'2021-10-07 15:45:09','2021-10-07 15:45:09',NULL),(531,NULL,524,2,15000.30,3150.06,2,1,'2021-10-07 15:45:10','2021-10-07 15:45:10',NULL),(532,NULL,525,2,15000.30,3150.06,2,1,'2021-10-07 15:45:11','2021-10-07 15:45:11',NULL),(533,NULL,526,2,15000.30,3150.06,2,1,'2021-10-07 15:45:11','2021-10-07 15:45:11',NULL),(534,NULL,527,2,15000.30,3150.06,2,1,'2021-10-07 15:45:12','2021-10-07 15:45:12',NULL),(535,NULL,528,2,15000.30,3150.06,2,1,'2021-10-07 15:45:13','2021-10-07 15:45:13',NULL),(536,NULL,529,2,15000.30,3150.06,2,1,'2021-10-07 15:45:14','2021-10-07 15:45:14',NULL),(537,NULL,530,2,15000.30,3150.06,2,1,'2021-10-07 15:45:15','2021-10-07 15:45:15',NULL),(538,NULL,531,2,15000.30,3150.06,2,1,'2021-10-07 15:45:15','2021-10-07 15:45:15',NULL),(539,NULL,532,2,15000.30,3150.06,2,1,'2021-10-07 15:45:16','2021-10-07 15:45:16',NULL),(540,NULL,533,2,15000.30,3150.06,2,1,'2021-10-07 15:45:17','2021-10-07 15:45:17',NULL),(541,NULL,534,2,15000.30,3150.06,2,1,'2021-10-07 15:45:18','2021-10-07 15:45:18',NULL),(542,NULL,535,2,15000.30,3150.06,2,1,'2021-10-07 15:45:19','2021-10-07 15:45:19',NULL),(543,NULL,536,2,15000.30,3150.06,2,1,'2021-10-07 15:45:19','2021-10-07 15:45:19',NULL),(544,NULL,537,2,15000.30,3150.06,2,1,'2021-10-07 15:45:20','2021-10-07 15:45:20',NULL),(545,NULL,538,2,15000.30,3150.06,2,1,'2021-10-07 15:45:21','2021-10-07 15:45:21',NULL),(546,NULL,539,2,15000.30,3150.06,2,1,'2021-10-07 15:45:22','2021-10-07 15:45:22',NULL);
INSERT INTO `receipt_taxes` VALUES (547,NULL,540,2,15000.30,3150.06,2,1,'2021-10-07 15:45:23','2021-10-07 15:45:23',NULL),(548,NULL,541,2,15000.30,3150.06,2,1,'2021-10-07 15:45:23','2021-10-07 15:45:23',NULL),(549,NULL,542,2,15000.30,3150.06,2,1,'2021-10-07 15:45:24','2021-10-07 15:45:24',NULL),(550,NULL,543,2,15000.30,3150.06,2,1,'2021-10-07 15:45:25','2021-10-07 15:45:25',NULL),(551,NULL,544,2,15000.30,3150.06,2,1,'2021-10-07 15:45:26','2021-10-07 15:45:26',NULL),(552,NULL,545,2,15000.30,3150.06,2,1,'2021-10-07 15:45:27','2021-10-07 15:45:27',NULL),(553,NULL,546,2,15000.30,3150.06,2,1,'2021-10-07 15:45:28','2021-10-07 15:45:28',NULL),(554,NULL,547,2,15000.30,3150.06,2,1,'2021-10-07 15:45:28','2021-10-07 15:45:28',NULL),(555,NULL,548,2,15000.30,3150.06,2,1,'2021-10-07 15:45:29','2021-10-07 15:45:29',NULL),(556,NULL,549,2,15000.30,3150.06,2,1,'2021-10-07 15:45:30','2021-10-07 15:45:30',NULL),(557,NULL,550,2,15000.30,3150.06,2,1,'2021-10-07 15:45:31','2021-10-07 15:45:31',NULL),(558,NULL,551,2,15000.30,3150.06,2,1,'2021-10-07 15:45:32','2021-10-07 15:45:32',NULL),(559,NULL,552,2,15000.30,3150.06,2,1,'2021-10-07 15:45:32','2021-10-07 15:45:32',NULL),(560,NULL,553,2,15000.30,3150.06,2,1,'2021-10-07 15:45:33','2021-10-07 15:45:33',NULL),(561,NULL,554,2,15000.30,3150.06,2,1,'2021-10-07 15:45:34','2021-10-07 15:45:34',NULL),(562,NULL,555,2,15000.30,3150.06,2,1,'2021-10-07 15:45:35','2021-10-07 15:45:35',NULL),(563,NULL,556,2,15000.30,3150.06,2,1,'2021-10-07 15:45:36','2021-10-07 15:45:36',NULL),(564,NULL,557,2,15000.30,3150.06,2,1,'2021-10-07 15:45:36','2021-10-07 15:45:36',NULL),(565,NULL,558,2,15000.30,3150.06,2,1,'2021-10-07 15:45:37','2021-10-07 15:45:37',NULL),(566,NULL,559,2,15000.30,3150.06,2,1,'2021-10-07 15:45:38','2021-10-07 15:45:38',NULL),(567,NULL,560,2,15000.30,3150.06,2,1,'2021-10-07 15:45:39','2021-10-07 15:45:39',NULL),(568,NULL,561,2,15000.30,3150.06,2,1,'2021-10-07 15:45:40','2021-10-07 15:45:40',NULL),(569,NULL,562,2,15000.30,3150.06,2,1,'2021-10-07 15:45:40','2021-10-07 15:45:40',NULL),(570,NULL,563,2,15000.30,3150.06,2,1,'2021-10-07 15:45:41','2021-10-07 15:45:41',NULL),(571,NULL,564,2,15000.30,3150.06,2,1,'2021-10-07 15:45:42','2021-10-07 15:45:42',NULL),(572,NULL,565,2,15000.30,3150.06,2,1,'2021-10-07 15:45:43','2021-10-07 15:45:43',NULL),(573,NULL,566,2,15000.30,3150.06,2,1,'2021-10-07 15:45:43','2021-10-07 15:45:43',NULL),(574,NULL,567,2,15000.30,3150.06,2,1,'2021-10-07 15:45:44','2021-10-07 15:45:44',NULL),(575,NULL,568,2,15000.30,3150.06,2,1,'2021-10-07 15:45:45','2021-10-07 15:45:45',NULL),(576,NULL,569,2,15000.30,3150.06,2,1,'2021-10-07 15:45:46','2021-10-07 15:45:46',NULL),(577,NULL,570,2,15000.30,3150.06,2,1,'2021-10-07 15:45:47','2021-10-07 15:45:47',NULL),(578,NULL,571,2,15000.30,3150.06,2,1,'2021-10-07 15:45:47','2021-10-07 15:45:47',NULL),(579,NULL,572,2,15000.30,3150.06,2,1,'2021-10-07 15:45:48','2021-10-07 15:45:48',NULL),(580,NULL,573,2,15000.30,3150.06,2,1,'2021-10-07 15:45:49','2021-10-07 15:45:49',NULL),(581,NULL,574,2,15000.30,3150.06,2,1,'2021-10-07 15:45:50','2021-10-07 15:45:50',NULL),(582,NULL,575,2,15000.30,3150.06,2,1,'2021-10-07 15:45:51','2021-10-07 15:45:51',NULL),(583,NULL,576,2,15000.30,3150.06,2,1,'2021-10-07 15:45:51','2021-10-07 15:45:51',NULL),(584,NULL,577,2,15000.30,3150.06,2,1,'2021-10-07 15:45:52','2021-10-07 15:45:52',NULL),(585,NULL,578,2,15000.30,3150.06,2,1,'2021-10-07 15:45:53','2021-10-07 15:45:53',NULL),(586,NULL,579,2,15000.30,3150.06,2,1,'2021-10-07 15:45:54','2021-10-07 15:45:54',NULL),(587,NULL,580,2,15000.30,3150.06,2,1,'2021-10-07 15:45:55','2021-10-07 15:45:55',NULL),(588,NULL,581,2,15000.30,3150.06,2,1,'2021-10-07 15:45:55','2021-10-07 15:45:55',NULL),(589,NULL,582,2,15000.30,3150.06,2,1,'2021-10-07 15:45:56','2021-10-07 15:45:56',NULL),(590,NULL,583,2,15000.30,3150.06,2,1,'2021-10-07 15:45:57','2021-10-07 15:45:57',NULL),(591,NULL,584,2,15000.30,3150.06,2,1,'2021-10-07 15:45:58','2021-10-07 15:45:58',NULL),(592,NULL,585,2,15000.30,3150.06,2,1,'2021-10-07 15:45:59','2021-10-07 15:45:59',NULL);
INSERT INTO `receipt_taxes` VALUES (593,NULL,586,2,15000.30,3150.06,2,1,'2021-10-07 15:45:59','2021-10-07 15:45:59',NULL),(594,NULL,587,2,15000.30,3150.06,2,1,'2021-10-07 15:46:00','2021-10-07 15:46:00',NULL),(595,NULL,588,2,15000.30,3150.06,2,1,'2021-10-07 15:46:01','2021-10-07 15:46:01',NULL),(596,NULL,589,2,15000.30,3150.06,2,1,'2021-10-07 15:46:02','2021-10-07 15:46:02',NULL),(597,NULL,590,2,15000.30,3150.06,2,1,'2021-10-07 15:46:03','2021-10-07 15:46:03',NULL),(598,NULL,591,2,15000.30,3150.06,2,1,'2021-10-07 15:46:03','2021-10-07 15:46:03',NULL),(599,NULL,592,2,15000.30,3150.06,2,1,'2021-10-07 15:46:04','2021-10-07 15:46:04',NULL),(600,NULL,593,2,15000.30,3150.06,2,1,'2021-10-07 15:46:05','2021-10-07 15:46:05',NULL),(601,NULL,594,2,15000.30,3150.06,2,1,'2021-10-07 15:46:06','2021-10-07 15:46:06',NULL),(602,NULL,595,2,15000.30,3150.06,2,1,'2021-10-07 15:46:07','2021-10-07 15:46:07',NULL),(603,NULL,596,2,15000.30,3150.06,2,1,'2021-10-07 15:46:07','2021-10-07 15:46:07',NULL),(604,NULL,597,2,15000.30,3150.06,2,1,'2021-10-07 15:46:08','2021-10-07 15:46:08',NULL),(605,NULL,598,2,15000.30,3150.06,2,1,'2021-10-07 15:46:09','2021-10-07 15:46:09',NULL),(606,NULL,599,2,15000.30,3150.06,2,1,'2021-10-07 15:46:10','2021-10-07 15:46:10',NULL),(607,NULL,600,2,15000.30,3150.06,2,1,'2021-10-07 15:46:11','2021-10-07 15:46:11',NULL),(608,NULL,601,2,15000.30,3150.06,2,1,'2021-10-07 15:46:11','2021-10-07 15:46:11',NULL),(609,NULL,602,2,15000.30,3150.06,2,1,'2021-10-07 15:46:12','2021-10-07 15:46:12',NULL),(610,NULL,603,2,15000.30,3150.06,2,1,'2021-10-07 15:46:13','2021-10-07 15:46:13',NULL),(611,NULL,604,2,15000.30,3150.06,2,1,'2021-10-07 15:46:14','2021-10-07 15:46:14',NULL),(612,NULL,605,2,15000.30,3150.06,2,1,'2021-10-07 15:46:15','2021-10-07 15:46:15',NULL),(613,NULL,606,2,15000.30,3150.06,2,1,'2021-10-07 15:46:15','2021-10-07 15:46:15',NULL),(614,NULL,607,2,15000.30,3150.06,2,1,'2021-10-07 15:46:16','2021-10-07 15:46:16',NULL),(615,NULL,608,2,15000.30,3150.06,2,1,'2021-10-07 15:46:17','2021-10-07 15:46:17',NULL),(616,NULL,609,2,15000.30,3150.06,2,1,'2021-10-07 15:46:18','2021-10-07 15:46:18',NULL),(617,NULL,610,2,15000.30,3150.06,2,1,'2021-10-07 15:46:19','2021-10-07 15:46:19',NULL),(618,NULL,611,2,15000.30,3150.06,2,1,'2021-10-07 15:46:19','2021-10-07 15:46:19',NULL),(619,NULL,612,2,15000.30,3150.06,2,1,'2021-10-07 15:46:20','2021-10-07 15:46:20',NULL),(620,NULL,613,2,15000.30,3150.06,2,1,'2021-10-07 15:46:21','2021-10-07 15:46:21',NULL),(621,NULL,614,2,15000.30,3150.06,2,1,'2021-10-07 15:46:22','2021-10-07 15:46:22',NULL),(622,NULL,615,2,15000.30,3150.06,2,1,'2021-10-07 15:46:23','2021-10-07 15:46:23',NULL),(623,NULL,616,2,15000.30,3150.06,2,1,'2021-10-07 15:46:24','2021-10-07 15:46:24',NULL),(624,NULL,617,2,15000.30,3150.06,2,1,'2021-10-07 15:46:24','2021-10-07 15:46:24',NULL),(625,NULL,618,2,15000.30,3150.06,2,1,'2021-10-07 15:46:25','2021-10-07 15:46:25',NULL),(626,NULL,619,2,15000.30,3150.06,2,1,'2021-10-07 15:46:26','2021-10-07 15:46:26',NULL),(627,NULL,620,2,15000.30,3150.06,2,1,'2021-10-07 15:46:27','2021-10-07 15:46:27',NULL),(628,NULL,621,2,15000.30,3150.06,2,1,'2021-10-07 15:46:28','2021-10-07 15:46:28',NULL),(629,NULL,622,2,15000.30,3150.06,2,1,'2021-10-07 15:46:28','2021-10-07 15:46:28',NULL),(630,NULL,623,2,15000.30,3150.06,2,1,'2021-10-07 15:46:29','2021-10-07 15:46:29',NULL),(631,NULL,624,2,15000.30,3150.06,2,1,'2021-10-07 15:46:30','2021-10-07 15:46:30',NULL),(632,NULL,625,2,15000.30,3150.06,2,1,'2021-10-07 15:46:31','2021-10-07 15:46:31',NULL),(633,NULL,626,2,15000.30,3150.06,2,1,'2021-10-07 15:46:32','2021-10-07 15:46:32',NULL),(634,NULL,627,2,15000.30,3150.06,2,1,'2021-10-07 15:46:33','2021-10-07 15:46:33',NULL),(635,NULL,628,2,15000.30,3150.06,2,1,'2021-10-07 15:46:34','2021-10-07 15:46:34',NULL),(636,NULL,629,2,15000.30,3150.06,2,1,'2021-10-07 15:46:34','2021-10-07 15:46:34',NULL),(637,NULL,630,2,15000.30,3150.06,2,1,'2021-10-07 15:46:35','2021-10-07 15:46:35',NULL),(638,NULL,631,2,15000.30,3150.06,2,1,'2021-10-07 15:46:36','2021-10-07 15:46:36',NULL);
INSERT INTO `receipt_taxes` VALUES (639,NULL,632,2,15000.30,3150.06,2,1,'2021-10-07 15:46:37','2021-10-07 15:46:37',NULL),(640,NULL,633,2,15000.30,3150.06,2,1,'2021-10-07 15:46:38','2021-10-07 15:46:38',NULL),(641,NULL,634,2,15000.30,3150.06,2,1,'2021-10-07 15:46:39','2021-10-07 15:46:39',NULL),(642,NULL,635,2,15000.30,3150.06,2,1,'2021-10-07 15:46:39','2021-10-07 15:46:39',NULL),(643,NULL,636,2,15000.30,3150.06,2,1,'2021-10-07 15:46:40','2021-10-07 15:46:40',NULL),(644,NULL,637,2,15000.30,3150.06,2,1,'2021-10-07 15:46:41','2021-10-07 15:46:41',NULL),(645,NULL,638,2,15000.30,3150.06,2,1,'2021-10-07 15:46:42','2021-10-07 15:46:42',NULL),(646,NULL,639,2,15000.30,3150.06,2,1,'2021-10-07 15:46:43','2021-10-07 15:46:43',NULL),(647,NULL,640,2,15000.30,3150.06,2,1,'2021-10-07 15:46:43','2021-10-07 15:46:43',NULL),(648,NULL,641,2,15000.30,3150.06,2,1,'2021-10-07 15:46:44','2021-10-07 15:46:44',NULL),(649,NULL,642,2,15000.30,3150.06,2,1,'2021-10-07 15:46:45','2021-10-07 15:46:45',NULL),(650,NULL,643,2,15000.30,3150.06,2,1,'2021-10-07 15:46:46','2021-10-07 15:46:46',NULL),(651,NULL,644,2,15000.30,3150.06,2,1,'2021-10-07 15:46:47','2021-10-07 15:46:47',NULL),(652,NULL,645,2,15000.30,3150.06,2,1,'2021-10-07 15:46:47','2021-10-07 15:46:47',NULL),(653,NULL,646,2,15000.30,3150.06,2,1,'2021-10-07 15:46:48','2021-10-07 15:46:48',NULL),(654,NULL,647,2,15000.30,3150.06,2,1,'2021-10-07 15:46:49','2021-10-07 15:46:49',NULL),(655,NULL,648,2,15000.30,3150.06,2,1,'2021-10-07 15:46:50','2021-10-07 15:46:50',NULL),(656,NULL,649,2,15000.30,3150.06,2,1,'2021-10-07 15:46:51','2021-10-07 15:46:51',NULL),(657,NULL,650,2,15000.30,3150.06,2,1,'2021-10-07 15:46:51','2021-10-07 15:46:51',NULL),(658,NULL,651,2,15000.30,3150.06,2,1,'2021-10-07 15:46:52','2021-10-07 15:46:52',NULL),(659,NULL,652,2,15000.30,3150.06,2,1,'2021-10-07 15:46:53','2021-10-07 15:46:53',NULL),(660,NULL,653,2,15000.30,3150.06,2,1,'2021-10-07 15:46:54','2021-10-07 15:46:54',NULL),(661,NULL,654,2,15000.30,3150.06,2,1,'2021-10-07 15:46:55','2021-10-07 15:46:55',NULL),(662,NULL,655,2,15000.30,3150.06,2,1,'2021-10-07 15:46:56','2021-10-07 15:46:56',NULL),(663,NULL,656,2,15000.30,3150.06,2,1,'2021-10-07 15:46:56','2021-10-07 15:46:56',NULL),(664,NULL,657,2,15000.30,3150.06,2,1,'2021-10-07 15:46:57','2021-10-07 15:46:57',NULL),(665,NULL,658,2,15000.30,3150.06,2,1,'2021-10-07 15:46:58','2021-10-07 15:46:58',NULL),(666,NULL,659,2,15000.30,3150.06,2,1,'2021-10-07 15:46:59','2021-10-07 15:46:59',NULL),(667,NULL,660,2,15000.30,3150.06,2,1,'2021-10-07 15:47:00','2021-10-07 15:47:00',NULL),(668,NULL,661,2,15000.30,3150.06,2,1,'2021-10-07 15:47:00','2021-10-07 15:47:00',NULL),(669,NULL,662,2,15000.30,3150.06,2,1,'2021-10-07 15:47:01','2021-10-07 15:47:01',NULL),(670,NULL,663,2,15000.30,3150.06,2,1,'2021-10-07 15:47:02','2021-10-07 15:47:02',NULL),(671,NULL,664,2,15000.30,3150.06,2,1,'2021-10-07 15:47:03','2021-10-07 15:47:03',NULL),(672,NULL,665,2,15000.30,3150.06,2,1,'2021-10-07 15:47:04','2021-10-07 15:47:04',NULL),(673,NULL,666,2,15000.30,3150.06,2,1,'2021-10-07 15:47:04','2021-10-07 15:47:04',NULL),(674,NULL,667,2,15000.30,3150.06,2,1,'2021-10-07 15:47:05','2021-10-07 15:47:05',NULL),(675,NULL,668,2,15000.30,3150.06,2,1,'2021-10-07 15:47:06','2021-10-07 15:47:06',NULL),(676,NULL,669,2,15000.30,3150.06,2,1,'2021-10-07 15:47:07','2021-10-07 15:47:07',NULL),(677,NULL,670,2,15000.30,3150.06,2,1,'2021-10-07 15:47:08','2021-10-07 15:47:08',NULL),(678,NULL,671,2,15000.30,3150.06,2,1,'2021-10-07 15:47:09','2021-10-07 15:47:09',NULL),(679,NULL,672,2,15000.30,3150.06,2,1,'2021-10-07 15:47:09','2021-10-07 15:47:09',NULL),(680,NULL,673,2,15000.30,3150.06,2,1,'2021-10-07 15:47:10','2021-10-07 15:47:10',NULL),(681,NULL,674,2,15000.30,3150.06,2,1,'2021-10-07 15:47:11','2021-10-07 15:47:11',NULL),(682,NULL,675,2,15000.30,3150.06,2,1,'2021-10-07 15:47:12','2021-10-07 15:47:12',NULL),(683,NULL,676,2,15000.30,3150.06,2,1,'2021-10-07 15:47:13','2021-10-07 15:47:13',NULL),(684,NULL,677,2,15000.30,3150.06,2,1,'2021-10-07 15:47:13','2021-10-07 15:47:13',NULL);
INSERT INTO `receipt_taxes` VALUES (685,NULL,678,2,15000.30,3150.06,2,1,'2021-10-07 15:47:14','2021-10-07 15:47:14',NULL),(686,NULL,679,2,15000.30,3150.06,2,1,'2021-10-07 15:47:15','2021-10-07 15:47:15',NULL),(687,NULL,680,2,15000.30,3150.06,2,1,'2021-10-07 15:47:16','2021-10-07 15:47:16',NULL),(688,NULL,681,2,15000.30,3150.06,2,1,'2021-10-07 15:47:17','2021-10-07 15:47:17',NULL),(689,NULL,682,2,15000.30,3150.06,2,1,'2021-10-07 15:47:19','2021-10-07 15:47:19',NULL),(690,NULL,683,2,15000.30,3150.06,2,1,'2021-10-07 15:47:19','2021-10-07 15:47:19',NULL),(691,4654,684,2,2578.52,541.49,2,1,'2021-12-03 13:07:13','2021-12-03 13:07:13',NULL),(692,4654,685,2,113730.57,23883.42,2,1,'2021-12-03 13:07:13','2021-12-03 13:07:13',NULL),(693,4654,686,2,84049.50,17650.39,2,1,'2021-12-03 13:07:13','2021-12-03 13:07:13',NULL),(694,4654,687,2,235740.50,49505.50,2,1,'2021-12-03 13:07:13','2021-12-03 13:07:13',NULL),(695,4654,688,2,6694.22,1405.79,2,1,'2021-12-03 13:07:13','2021-12-03 13:07:13',NULL),(696,4654,689,2,4826.44,1013.55,2,1,'2021-12-03 13:07:13','2021-12-03 13:07:13',NULL),(697,4654,690,1,13573.76,1425.24,2,1,'2021-12-03 13:07:13','2021-12-03 13:07:13',NULL),(698,4654,691,2,10420.76,2188.36,2,1,'2021-12-03 13:07:13','2021-12-03 13:07:13',NULL),(699,4654,692,2,28616.69,6009.50,2,1,'2021-12-03 13:07:13','2021-12-03 13:07:13',NULL),(700,4654,693,2,3780.00,793.80,2,1,'2021-12-03 13:07:13','2021-12-03 13:07:13',NULL),(701,4654,694,2,1455.70,305.70,2,1,'2021-12-03 13:07:13','2021-12-03 13:07:13',NULL),(702,4654,694,7,289.43,0.00,2,1,'2021-12-03 13:07:13','2021-12-03 13:07:13',NULL),(703,4654,695,2,170877.19,35884.21,2,1,'2021-12-03 13:07:13','2021-12-03 13:07:13',NULL),(704,4654,696,2,1714.44,360.03,2,1,'2021-12-03 13:07:13','2021-12-03 13:07:13',NULL),(705,4654,697,2,1571.00,329.91,2,1,'2021-12-03 13:07:13','2021-12-03 13:07:13',NULL),(706,4654,698,2,72227.85,15167.85,2,1,'2021-12-03 13:07:13','2021-12-03 13:07:13',NULL),(707,4654,699,2,3615.70,759.30,2,1,'2021-12-03 13:07:13','2021-12-03 13:07:13',NULL),(708,4654,700,2,116032.42,24366.81,2,1,'2021-12-03 13:07:13','2021-12-03 13:07:13',NULL),(709,4654,701,2,114358.38,24015.26,2,1,'2021-12-03 13:07:13','2021-12-03 13:07:13',NULL),(710,4654,702,2,280085.52,58817.96,2,1,'2021-12-03 13:07:13','2021-12-03 13:07:13',NULL),(711,4654,703,2,277075.63,58185.88,2,1,'2021-12-03 13:07:13','2021-12-03 13:07:13',NULL),(712,4654,704,2,126639.94,26594.39,2,1,'2021-12-03 13:07:13','2021-12-03 13:07:13',NULL),(713,4654,705,2,858546.06,180294.67,2,1,'2021-12-03 13:07:13','2021-12-03 13:07:13',NULL),(714,4654,705,7,0.01,0.00,2,1,'2021-12-03 13:07:13','2021-12-03 13:07:13',NULL),(715,4654,706,2,219489.68,46092.83,2,1,'2021-12-03 13:07:13','2021-12-03 13:07:13',NULL),(716,4654,706,7,0.01,0.00,2,1,'2021-12-03 13:07:13','2021-12-03 13:07:13',NULL),(717,4654,707,2,689819.66,144862.13,2,1,'2021-12-03 13:07:13','2021-12-03 13:07:13',NULL),(718,4654,708,2,924215.60,194085.28,2,1,'2021-12-03 13:07:13','2021-12-03 13:07:13',NULL),(719,4654,708,7,-0.01,0.00,2,1,'2021-12-03 13:07:13','2021-12-03 13:07:13',NULL),(720,4654,709,7,16800.00,0.00,2,1,'2021-12-03 13:07:13','2021-12-03 13:07:13',NULL),(721,4654,710,2,46777.00,9823.17,2,1,'2021-12-03 13:07:13','2021-12-03 13:07:13',NULL),(722,4654,711,2,2206.61,463.39,2,1,'2021-12-03 13:07:13','2021-12-03 13:07:13',NULL),(723,4654,712,2,80247.97,16852.07,2,1,'2021-12-03 13:07:13','2021-12-03 13:07:13',NULL),(724,4654,713,2,34462.81,7237.19,2,1,'2021-12-03 13:07:14','2021-12-03 13:07:14',NULL),(725,4654,714,2,34463.41,7237.31,2,1,'2021-12-03 13:07:14','2021-12-03 13:07:14',NULL),(726,4654,715,2,34462.81,7237.19,2,1,'2021-12-03 13:07:14','2021-12-03 13:07:14',NULL),(727,4654,716,2,16330.72,3429.45,2,1,'2021-12-03 13:07:14','2021-12-03 13:07:14',NULL),(728,4654,717,2,330224.00,69347.04,2,1,'2021-12-03 13:07:14','2021-12-03 13:07:14',NULL),(729,4654,718,2,3024.79,635.21,2,1,'2021-12-03 13:07:14','2021-12-03 13:07:14',NULL),(730,4654,719,2,9049.59,1900.41,2,1,'2021-12-03 13:07:14','2021-12-03 13:07:14',NULL);
INSERT INTO `receipt_taxes` VALUES (731,4654,720,2,3399.30,713.85,2,1,'2021-12-03 13:07:14','2021-12-03 13:07:14',NULL),(732,4654,721,2,10826.46,2273.56,2,1,'2021-12-03 13:07:14','2021-12-03 13:07:14',NULL),(733,4654,722,2,26104.00,5481.84,2,1,'2021-12-03 13:07:14','2021-12-03 13:07:14',NULL),(734,4654,723,2,7058.22,1482.23,2,1,'2021-12-03 13:07:14','2021-12-03 13:07:14',NULL),(735,4654,724,2,22560.00,4737.60,2,1,'2021-12-03 13:07:14','2021-12-03 13:07:14',NULL),(736,4654,725,2,50640.00,10634.40,2,1,'2021-12-03 13:07:14','2021-12-03 13:07:14',NULL),(737,4654,726,2,73636.36,15463.64,2,1,'2021-12-03 13:07:14','2021-12-03 13:07:14',NULL),(738,4654,727,2,2231.41,468.60,2,1,'2021-12-03 13:07:14','2021-12-03 13:07:14',NULL),(739,4654,728,2,17927.06,3764.68,2,1,'2021-12-03 13:07:14','2021-12-03 13:07:14',NULL),(740,4654,728,7,627.45,0.00,2,1,'2021-12-03 13:07:14','2021-12-03 13:07:14',NULL),(741,4654,729,2,110672.68,23241.26,2,1,'2021-12-03 13:07:14','2021-12-03 13:07:14',NULL),(742,4654,730,2,3710.00,779.10,2,1,'2021-12-03 13:07:14','2021-12-03 13:07:14',NULL),(743,4654,731,2,1069.17,224.53,2,1,'2021-12-03 13:07:14','2021-12-03 13:07:14',NULL),(744,4654,732,2,4958.68,1041.32,2,1,'2021-12-03 13:07:14','2021-12-03 13:07:14',NULL),(745,4654,733,7,31500.00,0.00,2,1,'2021-12-03 13:07:14','2021-12-03 13:07:14',NULL),(746,4654,734,7,30000.00,0.00,2,1,'2021-12-03 13:07:14','2021-12-03 13:07:14',NULL),(747,4654,735,2,544.88,114.42,2,1,'2021-12-03 13:07:14','2021-12-03 13:07:14',NULL),(748,4654,735,7,19.07,0.00,2,1,'2021-12-03 13:07:14','2021-12-03 13:07:14',NULL),(749,4654,736,7,30000.00,0.00,2,1,'2021-12-03 13:07:14','2021-12-03 13:07:14',NULL),(750,4654,737,2,10739.67,2255.33,2,1,'2021-12-03 13:07:14','2021-12-03 13:07:14',NULL),(751,4654,738,2,38468.62,8078.41,2,1,'2021-12-03 13:07:14','2021-12-03 13:07:14',NULL),(752,4654,739,2,11900.83,2499.17,2,1,'2021-12-03 13:07:14','2021-12-03 13:07:14',NULL),(753,4654,740,2,34463.41,7237.31,2,1,'2021-12-03 13:07:14','2021-12-03 13:07:14',NULL),(754,4654,741,2,2752.07,577.93,2,1,'2021-12-03 13:07:14','2021-12-03 13:07:14',NULL),(755,4654,742,2,36777.00,7723.17,2,1,'2021-12-03 13:07:14','2021-12-03 13:07:14',NULL),(756,4654,743,2,33562.11,7048.04,2,1,'2021-12-03 13:07:14','2021-12-03 13:07:14',NULL),(757,4654,744,2,102418.88,21507.96,2,1,'2021-12-03 13:07:14','2021-12-03 13:07:14',NULL),(758,4654,745,2,48595.04,10204.96,2,1,'2021-12-03 13:07:15','2021-12-03 13:07:15',NULL),(759,4654,746,7,5000.00,0.00,2,1,'2021-12-03 13:07:15','2021-12-03 13:07:15',NULL),(760,4654,747,2,16027.78,3365.83,2,1,'2021-12-03 13:07:15','2021-12-03 13:07:15',NULL),(761,4654,748,7,190.00,0.00,2,1,'2021-12-03 13:07:15','2021-12-03 13:07:15',NULL),(762,4654,749,2,56198.60,11801.71,2,1,'2021-12-03 13:07:15','2021-12-03 13:07:15',NULL),(763,4654,750,2,115687.38,24294.35,2,1,'2021-12-03 13:07:15','2021-12-03 13:07:15',NULL),(764,4654,751,2,46285.13,9719.88,2,1,'2021-12-03 13:07:15','2021-12-03 13:07:15',NULL),(765,4654,752,2,45186.22,9489.11,2,1,'2021-12-03 13:07:15','2021-12-03 13:07:15',NULL),(766,4654,753,2,206.78,43.42,2,1,'2021-12-03 13:07:15','2021-12-03 13:07:15',NULL),(767,4654,754,2,3104.31,651.91,2,1,'2021-12-03 13:07:15','2021-12-03 13:07:15',NULL),(768,4654,754,7,1065.53,0.00,2,1,'2021-12-03 13:07:15','2021-12-03 13:07:15',NULL),(769,4654,755,2,3639.26,764.25,2,1,'2021-12-03 13:07:15','2021-12-03 13:07:15',NULL),(770,4654,755,7,723.57,0.00,2,1,'2021-12-03 13:07:15','2021-12-03 13:07:15',NULL),(771,4654,756,2,9830.42,2064.39,2,1,'2021-12-03 13:07:15','2021-12-03 13:07:15',NULL),(772,4654,756,7,294.91,0.00,2,1,'2021-12-03 13:07:15','2021-12-03 13:07:15',NULL),(773,4654,757,7,3150.00,0.00,2,1,'2021-12-03 13:07:15','2021-12-03 13:07:15',NULL),(774,4654,758,2,73721.97,15481.61,2,1,'2021-12-03 13:07:15','2021-12-03 13:07:15',NULL),(775,4654,759,2,18196.00,3821.16,2,1,'2021-12-03 13:07:15','2021-12-03 13:07:15',NULL),(776,4654,759,7,1455.68,0.00,2,1,'2021-12-03 13:07:15','2021-12-03 13:07:15',NULL);
INSERT INTO `receipt_taxes` VALUES (777,4654,760,2,72272.74,15177.28,2,1,'2021-12-03 13:07:15','2021-12-03 13:07:15',NULL),(778,4654,761,2,35256.17,7403.80,2,1,'2021-12-03 13:07:15','2021-12-03 13:07:15',NULL),(779,4654,762,2,3067.20,644.11,2,1,'2021-12-03 13:07:15','2021-12-03 13:07:15',NULL),(780,4654,763,2,2259.26,474.44,2,1,'2021-12-03 13:07:15','2021-12-03 13:07:15',NULL),(781,4654,764,2,30577.68,6421.31,2,1,'2021-12-03 13:07:15','2021-12-03 13:07:15',NULL),(782,4654,765,2,7000.00,1470.00,2,1,'2021-12-03 13:07:15','2021-12-03 13:07:15',NULL),(783,4654,766,2,2040.00,428.40,2,1,'2021-12-03 13:07:15','2021-12-03 13:07:15',NULL),(784,4654,767,7,23800.00,0.00,2,1,'2021-12-03 13:07:15','2021-12-03 13:07:15',NULL),(785,4654,768,2,2100.00,441.00,2,1,'2021-12-03 13:07:15','2021-12-03 13:07:15',NULL),(786,4654,769,2,2916.72,612.51,2,1,'2021-12-03 13:07:15','2021-12-03 13:07:15',NULL),(787,4654,770,2,9008.12,1891.71,2,1,'2021-12-03 13:07:15','2021-12-03 13:07:15',NULL),(788,4654,771,2,10657.28,2238.03,2,1,'2021-12-03 13:07:15','2021-12-03 13:07:15',NULL),(789,4654,771,7,319.72,0.00,2,1,'2021-12-03 13:07:15','2021-12-03 13:07:15',NULL),(790,4654,772,7,5000.00,0.00,2,1,'2021-12-03 13:07:15','2021-12-03 13:07:15',NULL),(791,4654,773,2,12923.62,2713.96,2,1,'2021-12-03 13:07:15','2021-12-03 13:07:15',NULL),(792,4654,773,7,387.71,0.00,2,1,'2021-12-03 13:07:15','2021-12-03 13:07:15',NULL),(793,4654,774,2,2227.27,467.73,2,1,'2021-12-03 13:07:15','2021-12-03 13:07:15',NULL),(794,4654,775,2,2435.27,511.41,2,1,'2021-12-03 13:07:15','2021-12-03 13:07:15',NULL),(795,4654,775,7,901.30,0.00,2,1,'2021-12-03 13:07:15','2021-12-03 13:07:15',NULL),(796,4654,776,2,38727.50,8132.78,2,1,'2021-12-03 13:07:15','2021-12-03 13:07:15',NULL),(797,4654,777,2,2696.14,566.19,2,1,'2021-12-03 13:07:16','2021-12-03 13:07:16',NULL),(798,4654,778,2,6095.04,1279.96,2,1,'2021-12-03 13:07:16','2021-12-03 13:07:16',NULL),(799,4654,779,2,4056.82,851.93,2,1,'2021-12-03 13:07:16','2021-12-03 13:07:16',NULL),(800,4654,780,7,1249.99,0.00,2,1,'2021-12-03 13:07:16','2021-12-03 13:07:16',NULL),(801,4654,781,2,106395.20,22342.99,2,1,'2021-12-03 13:07:16','2021-12-03 13:07:16',NULL),(802,4654,782,2,41722.84,8761.80,2,1,'2021-12-03 13:07:16','2021-12-03 13:07:16',NULL),(803,4654,783,1,12668.78,1330.22,2,1,'2021-12-03 13:07:16','2021-12-03 13:07:16',NULL),(804,4654,784,2,809.92,170.08,2,1,'2021-12-03 13:07:16','2021-12-03 13:07:16',NULL),(805,4654,785,2,3302.48,693.52,2,1,'2021-12-03 13:07:16','2021-12-03 13:07:16',NULL),(806,4654,786,2,5731.40,1203.60,2,1,'2021-12-03 13:07:16','2021-12-03 13:07:16',NULL),(807,4654,787,7,23100.00,0.00,2,1,'2021-12-03 13:07:16','2021-12-03 13:07:16',NULL),(808,4654,788,2,187271.50,39327.02,2,1,'2021-12-03 13:07:16','2021-12-03 13:07:16',NULL),(809,4654,788,7,5618.13,0.00,2,1,'2021-12-03 13:07:16','2021-12-03 13:07:16',NULL),(810,4654,789,7,11484.90,0.00,2,1,'2021-12-03 13:07:16','2021-12-03 13:07:16',NULL),(811,4654,790,7,288.00,0.00,2,1,'2021-12-03 13:07:16','2021-12-03 13:07:16',NULL),(812,4654,791,2,10663.34,2239.30,2,1,'2021-12-03 13:07:16','2021-12-03 13:07:16',NULL),(813,4654,791,7,319.90,0.00,2,1,'2021-12-03 13:07:16','2021-12-03 13:07:16',NULL),(814,4654,792,2,146489.82,30762.86,2,1,'2021-12-03 13:07:16','2021-12-03 13:07:16',NULL),(815,4654,793,2,1510.48,317.20,2,1,'2021-12-03 13:07:16','2021-12-03 13:07:16',NULL),(816,4654,793,7,0.01,0.00,2,1,'2021-12-03 13:07:16','2021-12-03 13:07:16',NULL),(817,4654,794,2,20372.12,4278.15,2,1,'2021-12-03 13:07:16','2021-12-03 13:07:16',NULL),(818,4654,795,2,517271.30,108626.97,2,1,'2021-12-03 13:07:16','2021-12-03 13:07:16',NULL),(819,4654,796,7,1100.00,0.00,2,1,'2021-12-03 13:07:16','2021-12-03 13:07:16',NULL),(820,4654,797,2,18455.28,3875.61,2,1,'2021-12-03 13:07:16','2021-12-03 13:07:16',NULL),(821,4654,798,2,51404.98,10795.05,2,1,'2021-12-03 13:07:16','2021-12-03 13:07:16',NULL),(822,4654,799,2,315375.00,66228.75,2,1,'2021-12-03 13:07:16','2021-12-03 13:07:16',NULL);
INSERT INTO `receipt_taxes` VALUES (823,4654,800,2,62976.00,13224.96,2,1,'2021-12-03 13:07:16','2021-12-03 13:07:16',NULL),(824,4654,801,2,91185.00,19148.85,2,1,'2021-12-03 13:07:16','2021-12-03 13:07:16',NULL),(825,4654,802,2,100152.64,21032.05,2,1,'2021-12-03 13:07:16','2021-12-03 13:07:16',NULL),(826,4654,803,2,55892.16,11737.35,2,1,'2021-12-03 13:07:16','2021-12-03 13:07:16',NULL),(827,4654,804,2,22500.00,4725.00,2,1,'2021-12-03 13:07:16','2021-12-03 13:07:16',NULL),(828,4654,805,2,18223.14,3826.86,2,1,'2021-12-03 13:07:16','2021-12-03 13:07:16',NULL),(862,4654,839,2,2584.15,542.67,2,1,'2021-12-03 13:17:17','2021-12-03 13:17:17',NULL),(863,4654,839,7,956.40,0.00,2,1,'2021-12-03 13:17:17','2021-12-03 13:17:17',NULL),(864,4654,840,2,3683.07,773.44,2,1,'2021-12-03 13:17:17','2021-12-03 13:17:17',NULL),(865,4654,840,7,110.49,0.00,2,1,'2021-12-03 13:17:17','2021-12-03 13:17:17',NULL),(866,4654,841,2,23514.50,4938.06,2,1,'2021-12-03 13:17:17','2021-12-03 13:17:17',NULL),(867,4654,841,7,705.43,0.00,2,1,'2021-12-03 13:17:17','2021-12-03 13:17:17',NULL),(868,4654,842,2,135921.66,28543.56,2,1,'2021-12-03 13:17:18','2021-12-03 13:17:18',NULL),(869,4654,842,7,4077.64,0.00,2,1,'2021-12-03 13:17:18','2021-12-03 13:17:18',NULL),(870,4654,843,2,23514.50,4938.06,2,1,'2021-12-03 13:17:18','2021-12-03 13:17:18',NULL),(871,4654,843,7,705.43,0.00,2,1,'2021-12-03 13:17:18','2021-12-03 13:17:18',NULL),(872,4654,844,2,3601.94,756.41,2,1,'2021-12-03 13:17:18','2021-12-03 13:17:18',NULL),(873,4654,844,7,108.05,0.00,2,1,'2021-12-03 13:17:18','2021-12-03 13:17:18',NULL),(874,4654,845,2,23514.50,4938.06,2,1,'2021-12-03 13:17:18','2021-12-03 13:17:18',NULL),(875,4654,845,7,705.43,0.00,2,1,'2021-12-03 13:17:18','2021-12-03 13:17:18',NULL),(876,4654,846,2,28925.60,6074.38,2,1,'2021-12-03 13:17:18','2021-12-03 13:17:18',NULL),(877,4654,847,2,5315.87,1116.33,2,1,'2021-12-03 13:17:18','2021-12-03 13:17:18',NULL),(878,4654,848,2,19100.00,4011.00,2,1,'2021-12-03 13:17:18','2021-12-03 13:17:18',NULL),(879,4654,849,2,4131.40,867.60,2,1,'2021-12-03 13:17:18','2021-12-03 13:17:18',NULL),(880,4654,850,2,22377.10,4699.19,2,1,'2021-12-03 13:17:18','2021-12-03 13:17:18',NULL),(881,4654,850,7,671.31,0.00,2,1,'2021-12-03 13:17:18','2021-12-03 13:17:18',NULL),(882,4654,851,2,72227.15,15167.70,2,1,'2021-12-03 13:17:18','2021-12-03 13:17:18',NULL),(883,4654,852,2,72227.15,15167.70,2,1,'2021-12-03 13:17:18','2021-12-03 13:17:18',NULL),(884,4654,853,2,72227.15,15167.70,2,1,'2021-12-03 13:17:18','2021-12-03 13:17:18',NULL),(885,4654,854,2,101144.36,21240.32,2,1,'2021-12-03 13:17:18','2021-12-03 13:17:18',NULL),(886,4654,855,2,265.29,55.71,2,1,'2021-12-03 13:17:18','2021-12-03 13:17:18',NULL),(887,4654,856,2,101144.36,21240.32,2,1,'2021-12-03 13:17:18','2021-12-03 13:17:18',NULL),(888,4654,857,2,101144.36,21240.32,2,1,'2021-12-03 13:17:18','2021-12-03 13:17:18',NULL),(889,4654,858,7,6763.05,0.00,2,1,'2021-12-03 13:17:18','2021-12-03 13:17:18',NULL),(890,4654,859,2,35662.12,7489.04,2,1,'2021-12-03 13:17:18','2021-12-03 13:17:18',NULL),(891,4654,860,2,6750.00,1417.50,2,1,'2021-12-03 13:17:18','2021-12-03 13:17:18',NULL),(892,4654,860,7,202.50,0.00,2,1,'2021-12-03 13:17:18','2021-12-03 13:17:18',NULL),(893,4654,861,2,41539.32,8723.26,2,1,'2021-12-03 13:17:18','2021-12-03 13:17:18',NULL),(894,4654,861,7,1246.18,0.00,2,1,'2021-12-03 13:17:18','2021-12-03 13:17:18',NULL),(895,4654,862,2,18453.16,3875.16,2,1,'2021-12-03 13:17:18','2021-12-03 13:17:18',NULL),(896,4654,862,7,553.59,0.00,2,1,'2021-12-03 13:17:18','2021-12-03 13:17:18',NULL),(897,4654,863,2,18324.00,3848.04,2,1,'2021-12-03 13:17:18','2021-12-03 13:17:18',NULL),(898,4654,864,2,22292.38,4681.40,2,1,'2021-12-03 13:17:19','2021-12-03 13:17:19',NULL),(899,4654,865,2,228528.00,47990.88,2,1,'2021-12-03 13:17:19','2021-12-03 13:17:19',NULL),(900,4654,866,2,2430.02,510.30,2,1,'2021-12-03 13:17:19','2021-12-03 13:17:19',NULL),(901,4654,867,2,126639.94,26594.39,2,1,'2021-12-03 13:17:19','2021-12-03 13:17:19',NULL);
INSERT INTO `receipt_taxes` VALUES (902,4654,868,2,157252.34,33022.98,2,1,'2021-12-03 13:17:19','2021-12-03 13:17:19',NULL),(903,4654,869,2,78807.07,16549.50,2,1,'2021-12-03 13:17:19','2021-12-03 13:17:19',NULL),(904,4654,870,7,16802.00,0.00,2,1,'2021-12-03 13:17:19','2021-12-03 13:17:19',NULL),(905,4654,871,2,7338.38,1541.06,2,1,'2021-12-03 13:17:19','2021-12-03 13:17:19',NULL),(906,4654,871,7,220.15,0.00,2,1,'2021-12-03 13:17:19','2021-12-03 13:17:19',NULL),(907,4654,872,7,5000.00,0.00,2,1,'2021-12-03 13:17:19','2021-12-03 13:17:19',NULL),(908,4654,873,2,29930.00,6285.30,2,1,'2021-12-03 13:17:19','2021-12-03 13:17:19',NULL),(909,4654,874,2,6600.00,1386.00,2,1,'2021-12-03 13:17:19','2021-12-03 13:17:19',NULL),(910,4654,875,2,4500.00,945.00,2,1,'2021-12-03 13:17:19','2021-12-03 13:17:19',NULL),(911,4654,876,2,11706.85,2458.44,2,1,'2021-12-03 13:17:19','2021-12-03 13:17:19',NULL),(912,4654,877,2,49685.89,10434.05,2,1,'2021-12-03 13:17:20','2021-12-03 13:17:20',NULL),(913,4654,878,2,3645.40,765.53,2,1,'2021-12-03 13:17:20','2021-12-03 13:17:20',NULL),(914,4654,879,1,0.07,0.01,2,1,'2021-12-03 13:17:20','2021-12-03 13:17:20',NULL),(915,4654,880,2,3851.19,808.75,2,1,'2021-12-03 13:17:20','2021-12-03 13:17:20',NULL),(916,4654,880,7,890.68,0.00,2,1,'2021-12-03 13:17:20','2021-12-03 13:17:20',NULL),(917,4654,881,2,222500.00,46725.00,2,1,'2021-12-03 13:17:20','2021-12-03 13:17:20',NULL),(918,4654,882,7,3963.40,0.00,2,1,'2021-12-03 13:17:20','2021-12-03 13:17:20',NULL),(919,4654,883,2,4427.98,929.88,2,1,'2021-12-03 13:17:20','2021-12-03 13:17:20',NULL),(920,4654,884,2,1719.01,360.99,2,1,'2021-12-03 13:17:20','2021-12-03 13:17:20',NULL),(921,4654,885,2,4934.59,1036.27,2,1,'2021-12-03 13:17:20','2021-12-03 13:17:20',NULL),(922,4654,885,7,1075.28,0.00,2,1,'2021-12-03 13:17:20','2021-12-03 13:17:20',NULL),(923,4654,886,2,103754.38,21788.42,2,1,'2021-12-03 13:17:20','2021-12-03 13:17:20',NULL),(924,4654,887,2,283.08,59.45,2,1,'2021-12-03 13:17:20','2021-12-03 13:17:20',NULL),(925,4654,888,2,1652.89,347.11,2,1,'2021-12-03 13:17:20','2021-12-03 13:17:20',NULL),(926,4654,889,2,1064.79,223.61,2,1,'2021-12-03 13:17:20','2021-12-03 13:17:20',NULL),(927,4654,890,2,880197.69,184841.51,2,1,'2021-12-03 13:17:20','2021-12-03 13:17:20',NULL),(928,4654,891,2,336800.17,70728.04,2,1,'2021-12-03 13:17:20','2021-12-03 13:17:20',NULL),(929,4654,891,7,-0.01,0.00,2,1,'2021-12-03 13:17:20','2021-12-03 13:17:20',NULL),(930,4654,892,2,7493.07,1573.54,2,1,'2021-12-03 13:17:20','2021-12-03 13:17:20',NULL),(931,4654,892,7,0.01,0.00,2,1,'2021-12-03 13:17:20','2021-12-03 13:17:20',NULL),(932,4654,893,2,30724.33,6452.11,2,1,'2021-12-03 13:17:20','2021-12-03 13:17:20',NULL),(933,4654,893,7,921.73,0.00,2,1,'2021-12-03 13:17:20','2021-12-03 13:17:20',NULL),(934,4654,894,2,17735.54,3724.46,2,1,'2021-12-03 13:17:20','2021-12-03 13:17:20',NULL),(935,4654,895,2,195090.94,40969.10,2,1,'2021-12-03 13:17:20','2021-12-03 13:17:20',NULL),(936,4654,896,2,13930.97,2925.50,2,1,'2021-12-03 13:17:20','2021-12-03 13:17:20',NULL),(937,4654,897,1,5641.25,766.75,2,1,'2021-12-03 13:17:21','2021-12-03 13:17:21',NULL),(938,4654,898,2,19880.20,4174.84,2,1,'2021-12-03 13:17:21','2021-12-03 13:17:21',NULL),(939,4654,899,2,39255.00,8243.55,2,1,'2021-12-03 13:17:21','2021-12-03 13:17:21',NULL),(940,4654,900,2,400000.00,84000.00,2,1,'2021-12-03 13:17:21','2021-12-03 13:17:21',NULL),(941,4654,901,2,3701.59,777.34,2,1,'2021-12-03 13:17:21','2021-12-03 13:17:21',NULL),(942,4654,901,7,930.67,0.00,2,1,'2021-12-03 13:17:21','2021-12-03 13:17:21',NULL),(943,4654,902,2,1652.89,347.11,2,1,'2021-12-03 13:17:21','2021-12-03 13:17:21',NULL),(944,4654,903,2,784.81,164.81,2,1,'2021-12-03 13:17:21','2021-12-03 13:17:21',NULL),(945,4654,904,2,82644.63,17355.37,2,1,'2021-12-03 13:17:21','2021-12-03 13:17:21',NULL),(946,4654,905,2,784.81,164.81,2,1,'2021-12-03 13:17:21','2021-12-03 13:17:21',NULL),(947,4654,906,2,950.00,199.50,2,1,'2021-12-03 13:17:21','2021-12-03 13:17:21',NULL);
INSERT INTO `receipt_taxes` VALUES (948,4654,907,2,32907.44,6910.56,2,1,'2021-12-03 13:17:21','2021-12-03 13:17:21',NULL),(949,4654,908,2,11462.82,2407.19,2,1,'2021-12-03 13:17:21','2021-12-03 13:17:21',NULL),(950,4654,909,2,12060.33,2532.67,2,1,'2021-12-03 13:17:21','2021-12-03 13:17:21',NULL),(951,4654,910,2,58696.36,12326.23,2,1,'2021-12-03 13:17:21','2021-12-03 13:17:21',NULL),(952,4654,911,2,13782.32,2894.29,2,1,'2021-12-03 13:17:21','2021-12-03 13:17:21',NULL),(953,4654,911,7,413.46,0.00,2,1,'2021-12-03 13:17:21','2021-12-03 13:17:21',NULL),(954,4654,912,2,4009.09,841.91,2,1,'2021-12-03 13:17:21','2021-12-03 13:17:21',NULL),(955,4654,913,2,619.85,130.17,2,1,'2021-12-03 13:17:21','2021-12-03 13:17:21',NULL),(956,4654,914,1,0.07,0.01,2,1,'2021-12-03 13:17:21','2021-12-03 13:17:21',NULL),(957,4654,915,2,3140.50,659.50,2,1,'2021-12-03 13:17:21','2021-12-03 13:17:21',NULL),(958,4654,915,7,0.01,0.00,2,1,'2021-12-03 13:17:21','2021-12-03 13:17:21',NULL),(959,4654,916,2,1976.00,414.96,2,1,'2021-12-03 13:17:21','2021-12-03 13:17:21',NULL),(960,4654,917,2,36711.90,7709.50,2,1,'2021-12-03 13:17:21','2021-12-03 13:17:21',NULL),(961,4654,918,2,88677.69,18622.31,2,1,'2021-12-03 13:17:21','2021-12-03 13:17:21',NULL),(962,4654,919,2,28140.50,5909.50,2,1,'2021-12-03 13:17:21','2021-12-03 13:17:21',NULL),(963,4654,920,2,3123.10,655.85,2,1,'2021-12-03 13:17:21','2021-12-03 13:17:21',NULL),(964,4654,920,7,735.02,0.00,2,1,'2021-12-03 13:17:21','2021-12-03 13:17:21',NULL),(965,4654,921,2,520.66,109.34,2,1,'2021-12-03 13:17:21','2021-12-03 13:17:21',NULL),(966,4654,922,2,958.68,201.32,2,1,'2021-12-03 13:17:22','2021-12-03 13:17:22',NULL),(967,4654,923,2,1302.48,273.52,2,1,'2021-12-03 13:17:22','2021-12-03 13:17:22',NULL),(968,4654,923,7,39.07,0.00,2,1,'2021-12-03 13:17:22','2021-12-03 13:17:22',NULL),(969,4654,924,2,70347.20,14772.91,2,1,'2021-12-03 13:17:22','2021-12-03 13:17:22',NULL),(970,4654,925,2,15292.21,3211.36,2,1,'2021-12-03 13:17:22','2021-12-03 13:17:22',NULL),(971,4654,925,7,458.77,0.00,2,1,'2021-12-03 13:17:22','2021-12-03 13:17:22',NULL),(972,4654,926,2,6938.30,1457.04,2,1,'2021-12-03 13:17:22','2021-12-03 13:17:22',NULL),(973,4654,927,2,15292.21,3211.36,2,1,'2021-12-03 13:17:22','2021-12-03 13:17:22',NULL),(974,4654,927,7,458.76,0.00,2,1,'2021-12-03 13:17:22','2021-12-03 13:17:22',NULL),(975,4654,928,2,1694.22,355.79,2,1,'2021-12-03 13:17:22','2021-12-03 13:17:22',NULL),(976,4654,929,2,2314.05,485.95,2,1,'2021-12-03 13:17:22','2021-12-03 13:17:22',NULL),(977,4654,930,2,1497.93,314.56,2,1,'2021-12-03 13:17:22','2021-12-03 13:17:22',NULL),(978,4654,931,2,10404.77,2185.00,2,1,'2021-12-03 13:17:22','2021-12-03 13:17:22',NULL),(979,4654,932,2,12060.33,2532.67,2,1,'2021-12-03 13:17:22','2021-12-03 13:17:22',NULL),(980,4654,933,2,811040.41,170318.49,2,1,'2021-12-03 13:17:22','2021-12-03 13:17:22',NULL),(981,4654,934,2,2854.13,599.37,2,1,'2021-12-03 13:17:22','2021-12-03 13:17:22',NULL),(982,4654,934,7,85.62,0.00,2,1,'2021-12-03 13:17:22','2021-12-03 13:17:22',NULL),(983,4654,935,2,211600.00,44436.00,2,1,'2021-12-03 13:17:22','2021-12-03 13:17:22',NULL),(984,4654,936,2,228528.00,47990.88,2,1,'2021-12-03 13:17:22','2021-12-03 13:17:22',NULL),(985,4654,937,2,7255.53,1523.66,2,1,'2021-12-03 13:17:22','2021-12-03 13:17:22',NULL),(986,4654,937,7,217.67,0.00,2,1,'2021-12-03 13:17:22','2021-12-03 13:17:22',NULL),(987,4654,938,2,15292.21,3211.36,2,1,'2021-12-03 13:17:22','2021-12-03 13:17:22',NULL),(988,4654,938,7,458.76,0.00,2,1,'2021-12-03 13:17:22','2021-12-03 13:17:22',NULL),(989,4654,939,2,609004.14,127890.87,2,1,'2021-12-03 13:17:22','2021-12-03 13:17:22',NULL),(990,4654,940,2,18843.45,3957.12,2,1,'2021-12-03 13:17:22','2021-12-03 13:17:22',NULL),(991,4654,941,2,39149.19,8221.33,2,1,'2021-12-03 13:17:22','2021-12-03 13:17:22',NULL),(992,4654,942,2,3607.09,757.49,2,1,'2021-12-03 13:17:22','2021-12-03 13:17:22',NULL),(993,4654,942,7,635.42,0.00,2,1,'2021-12-03 13:17:22','2021-12-03 13:17:22',NULL);
INSERT INTO `receipt_taxes` VALUES (994,4654,943,2,82576.26,17341.01,2,1,'2021-12-03 13:17:22','2021-12-03 13:17:22',NULL),(995,4654,944,2,45875.70,9633.90,2,1,'2021-12-03 13:17:22','2021-12-03 13:17:22',NULL),(996,4654,945,2,604419.36,126928.07,2,1,'2021-12-03 13:17:22','2021-12-03 13:17:22',NULL),(997,4654,946,2,2250.00,472.50,2,1,'2021-12-03 13:17:22','2021-12-03 13:17:22',NULL),(998,4654,947,2,2004.30,420.90,2,1,'2021-12-03 13:17:22','2021-12-03 13:17:22',NULL),(999,4654,948,2,1912.66,401.66,2,1,'2021-12-03 13:17:23','2021-12-03 13:17:23',NULL),(1000,4654,949,2,756.67,158.90,2,1,'2021-12-03 13:17:23','2021-12-03 13:17:23',NULL),(1001,4654,950,2,5061.18,1062.85,2,1,'2021-12-03 13:17:23','2021-12-03 13:17:23',NULL),(1002,4654,951,2,386.55,81.18,2,1,'2021-12-03 13:17:23','2021-12-03 13:17:23',NULL),(1003,4654,952,2,9564.20,2008.48,2,1,'2021-12-03 13:17:23','2021-12-03 13:17:23',NULL),(1004,4654,953,2,42633.47,8953.03,2,1,'2021-12-03 13:17:23','2021-12-03 13:17:23',NULL),(1005,4654,954,2,76434.91,16051.33,2,1,'2021-12-03 13:17:23','2021-12-03 13:17:23',NULL),(1006,4654,954,7,2293.05,0.00,2,1,'2021-12-03 13:17:23','2021-12-03 13:17:23',NULL),(1007,4654,955,2,68394.76,14362.91,2,1,'2021-12-03 13:17:23','2021-12-03 13:17:23',NULL),(1008,4654,955,7,2051.84,0.00,2,1,'2021-12-03 13:17:23','2021-12-03 13:17:23',NULL),(1009,4654,956,2,3185.51,668.96,2,1,'2021-12-03 13:17:23','2021-12-03 13:17:23',NULL),(1010,4654,957,2,209511.90,43997.50,2,1,'2021-12-03 13:17:23','2021-12-03 13:17:23',NULL),(1011,4654,957,7,6285.36,0.00,2,1,'2021-12-03 13:17:23','2021-12-03 13:17:23',NULL),(1012,4654,958,2,209511.90,43997.50,2,1,'2021-12-03 13:17:23','2021-12-03 13:17:23',NULL),(1013,4654,958,7,6285.36,0.00,2,1,'2021-12-03 13:17:23','2021-12-03 13:17:23',NULL),(1014,4654,959,2,991.74,208.26,2,1,'2021-12-03 13:17:23','2021-12-03 13:17:23',NULL),(1015,4654,960,2,7479.97,1570.79,2,1,'2021-12-03 13:17:23','2021-12-03 13:17:23',NULL),(1016,4654,961,2,102462.85,21517.19,2,1,'2021-12-03 13:17:23','2021-12-03 13:17:23',NULL),(1017,4654,962,2,310858.67,65280.32,2,1,'2021-12-03 13:17:23','2021-12-03 13:17:23',NULL),(1018,4654,963,2,289.26,60.74,2,1,'2021-12-03 13:17:23','2021-12-03 13:17:23',NULL),(1019,4654,964,2,2773.21,582.37,2,1,'2021-12-03 13:17:23','2021-12-03 13:17:23',NULL),(1020,4654,964,7,83.20,0.00,2,1,'2021-12-03 13:17:23','2021-12-03 13:17:23',NULL),(1021,4654,965,2,75548.74,15865.24,2,1,'2021-12-03 13:17:23','2021-12-03 13:17:23',NULL),(1022,4654,965,7,2266.46,0.00,2,1,'2021-12-03 13:17:23','2021-12-03 13:17:23',NULL),(1023,4654,966,2,53955.85,11330.73,2,1,'2021-12-03 13:17:23','2021-12-03 13:17:23',NULL),(1024,4654,966,7,1618.68,0.00,2,1,'2021-12-03 13:17:23','2021-12-03 13:17:23',NULL),(1025,4654,967,2,18955.37,3980.63,2,1,'2021-12-03 13:17:23','2021-12-03 13:17:23',NULL),(1026,4654,968,2,264.47,55.54,2,1,'2021-12-03 13:17:23','2021-12-03 13:17:23',NULL),(1027,4654,969,2,207810.00,43640.10,2,1,'2021-12-03 13:17:23','2021-12-03 13:17:23',NULL),(1028,4654,970,2,438.02,91.98,2,1,'2021-12-03 13:17:23','2021-12-03 13:17:23',NULL),(1029,4654,971,7,28000.00,0.00,2,1,'2021-12-03 13:17:23','2021-12-03 13:17:23',NULL),(1030,4654,972,7,16400.00,0.00,2,1,'2021-12-03 13:17:23','2021-12-03 13:17:23',NULL),(1031,4654,973,2,428516.45,89988.45,2,1,'2021-12-03 13:17:23','2021-12-03 13:17:23',NULL),(1032,4654,973,7,0.01,0.00,2,1,'2021-12-03 13:17:23','2021-12-03 13:17:23',NULL),(1033,4654,974,2,25392.00,5332.32,2,1,'2021-12-03 13:17:23','2021-12-03 13:17:23',NULL),(1034,4654,975,2,25392.00,5332.32,2,1,'2021-12-03 13:17:23','2021-12-03 13:17:23',NULL),(1035,4654,976,2,11868.87,2492.46,2,1,'2021-12-03 13:17:23','2021-12-03 13:17:23',NULL),(1036,4654,977,2,11637.00,2443.77,2,1,'2021-12-03 13:17:24','2021-12-03 13:17:24',NULL),(1037,4654,978,2,23636.37,4963.64,2,1,'2021-12-03 13:17:24','2021-12-03 13:17:24',NULL),(1038,4654,979,2,14546.00,3054.66,2,1,'2021-12-03 13:17:24','2021-12-03 13:17:24',NULL),(1039,4654,980,2,5882.42,1235.31,2,1,'2021-12-03 13:17:24','2021-12-03 13:17:24',NULL);
INSERT INTO `receipt_taxes` VALUES (1040,4654,981,2,323.00,67.83,2,1,'2021-12-03 13:17:24','2021-12-03 13:17:24',NULL),(1041,4654,982,2,6026.61,1265.59,2,1,'2021-12-03 13:17:24','2021-12-03 13:17:24',NULL),(1042,4654,983,2,25223.14,5296.86,2,1,'2021-12-03 13:17:24','2021-12-03 13:17:24',NULL),(1109,4654,1054,2,38462.80,8077.19,2,1,'2022-01-19 12:32:47','2022-01-19 12:32:47',NULL),(1110,4654,1055,7,14000.00,0.00,2,1,'2022-01-19 12:32:47','2022-01-19 12:32:47',NULL),(1111,4654,1056,7,14000.00,0.00,2,1,'2022-01-19 12:32:47','2022-01-19 12:32:47',NULL),(1112,4654,1057,7,14000.00,0.00,2,1,'2022-01-19 12:32:47','2022-01-19 12:32:47',NULL),(1113,4654,1058,7,14000.00,0.00,2,1,'2022-01-19 12:32:47','2022-01-19 12:32:47',NULL),(1114,4654,1059,7,9500.00,0.00,2,1,'2022-01-19 12:32:47','2022-01-19 12:32:47',NULL),(1115,4654,1060,7,14000.00,0.00,2,1,'2022-01-19 12:32:47','2022-01-19 12:32:47',NULL),(1116,4654,1061,2,223113.61,46853.86,2,1,'2022-01-19 12:32:47','2022-01-19 12:32:47',NULL),(1117,4654,1062,2,9256.20,1943.80,2,1,'2022-01-19 12:32:47','2022-01-19 12:32:47',NULL),(1118,4654,1063,2,1748.76,367.24,2,1,'2022-01-19 12:32:48','2022-01-19 12:32:48',NULL),(1119,4654,1064,7,9500.00,0.00,2,1,'2022-01-19 12:32:48','2022-01-19 12:32:48',NULL),(1120,4654,1065,2,1636.36,343.64,2,1,'2022-01-19 12:32:48','2022-01-19 12:32:48',NULL),(1121,4654,1066,2,28299.70,5942.94,2,1,'2022-01-19 12:32:48','2022-01-19 12:32:48',NULL),(1122,4654,1067,2,8319.67,1747.13,2,1,'2022-01-19 12:32:48','2022-01-19 12:32:48',NULL),(1123,4654,1067,7,415.98,0.00,2,1,'2022-01-19 12:32:48','2022-01-19 12:32:48',NULL),(1125,4654,1069,2,16533.55,3472.05,2,1,'2022-01-19 12:32:48','2022-01-19 12:32:48',NULL),(1126,4654,1070,2,16529.51,3471.20,2,1,'2022-01-19 12:32:48','2022-01-19 12:32:48',NULL),(1127,4654,1071,2,16533.55,3472.05,2,1,'2022-01-19 12:32:48','2022-01-19 12:32:48',NULL),(1128,4654,1072,2,58269.00,12236.49,2,1,'2022-01-19 12:32:48','2022-01-19 12:32:48',NULL),(1129,4654,1073,2,2998.62,629.71,2,1,'2022-01-19 12:32:48','2022-01-19 12:32:48',NULL),(1130,4654,1073,7,1380.01,0.00,2,1,'2022-01-19 12:32:48','2022-01-19 12:32:48',NULL),(1131,4654,1074,2,16533.55,3472.05,2,1,'2022-01-19 12:32:48','2022-01-19 12:32:48',NULL),(1132,4654,1075,2,16533.55,3472.05,2,1,'2022-01-19 12:32:48','2022-01-19 12:32:48',NULL),(1133,4654,1076,2,1892.79,397.49,2,1,'2022-01-19 12:32:48','2022-01-19 12:32:48',NULL),(1134,4654,1077,2,785.13,164.88,2,1,'2022-01-19 12:32:48','2022-01-19 12:32:48',NULL),(1135,4654,1078,2,1237.07,259.78,2,1,'2022-01-19 12:32:48','2022-01-19 12:32:48',NULL),(1136,4654,1078,7,98.96,0.00,2,1,'2022-01-19 12:32:48','2022-01-19 12:32:48',NULL),(1210,4654,1147,2,1006181.04,211298.02,2,1,'2022-01-19 13:56:19','2022-01-19 13:56:19',NULL),(1211,4654,1146,2,2263907.34,475420.54,2,1,'2022-01-19 13:56:52','2022-01-19 13:56:52',NULL),(1217,4654,1145,2,1610000.00,338100.00,2,1,'2022-01-19 14:13:58','2022-01-19 14:13:58',NULL),(1224,4654,1068,2,8126.45,1706.55,2,1,'2022-01-19 16:00:19','2022-01-19 16:00:19',NULL),(1225,4654,1154,2,18743.85,3936.21,2,1,'2022-01-19 16:27:40','2022-01-19 16:27:40',NULL),(1226,4654,1154,7,937.19,0.00,2,1,'2022-01-19 16:27:40','2022-01-19 16:27:40',NULL),(1227,4654,1155,2,639.70,134.34,2,1,'2022-01-19 16:27:40','2022-01-19 16:27:40',NULL),(1228,4654,1156,2,319.85,67.17,2,1,'2022-01-19 16:27:40','2022-01-19 16:27:40',NULL),(1229,4654,1157,2,4815.91,1011.35,2,1,'2022-01-19 16:27:40','2022-01-19 16:27:40',NULL),(1230,4654,1158,2,325.94,68.45,2,1,'2022-01-19 16:27:40','2022-01-19 16:27:40',NULL),(1231,4654,1159,2,1676.07,351.97,2,1,'2022-01-19 16:27:40','2022-01-19 16:27:40',NULL),(1232,4654,1159,7,134.08,0.00,2,1,'2022-01-19 16:27:40','2022-01-19 16:27:40',NULL),(1233,4654,1160,2,729.07,153.11,2,1,'2022-01-19 16:27:40','2022-01-19 16:27:40',NULL),(1234,4654,1161,2,4575.89,960.94,2,1,'2022-01-19 16:27:40','2022-01-19 16:27:40',NULL),(1235,4654,1161,7,228.79,0.00,2,1,'2022-01-19 16:27:40','2022-01-19 16:27:40',NULL);
INSERT INTO `receipt_taxes` VALUES (1236,4654,1162,2,6722.17,1411.65,2,1,'2022-01-19 16:27:40','2022-01-19 16:27:40',NULL),(1237,4654,1163,2,8763.81,1840.40,2,1,'2022-01-19 16:27:40','2022-01-19 16:27:40',NULL),(1238,4654,1163,7,438.19,0.00,2,1,'2022-01-19 16:27:40','2022-01-19 16:27:40',NULL),(1239,4654,1164,2,5983.54,1256.54,2,1,'2022-01-19 16:27:40','2022-01-19 16:27:40',NULL),(1240,4654,1165,2,603.31,126.69,2,1,'2022-01-19 16:27:40','2022-01-19 16:27:40',NULL),(1241,4654,1166,2,1630.00,342.30,2,1,'2022-01-19 16:27:40','2022-01-19 16:27:40',NULL),(1242,4654,1166,7,81.50,0.00,2,1,'2022-01-19 16:27:40','2022-01-19 16:27:40',NULL),(1243,4654,1167,2,180.00,37.80,2,1,'2022-01-19 16:27:40','2022-01-19 16:27:40',NULL),(1244,4654,1168,2,18900.00,3969.00,2,1,'2022-01-19 16:27:40','2022-01-19 16:27:40',NULL),(1245,4654,1169,2,180.00,37.80,2,1,'2022-01-19 16:27:40','2022-01-19 16:27:40',NULL),(1246,4654,1170,2,180.00,37.80,2,1,'2022-01-19 16:27:40','2022-01-19 16:27:40',NULL),(1247,4654,1171,7,2230.00,0.00,2,1,'2022-01-19 16:27:40','2022-01-19 16:27:40',NULL),(1248,4654,1172,2,1553825.18,326303.29,2,1,'2022-01-19 16:30:23','2022-01-19 16:30:23',NULL),(1249,4654,1173,2,1997775.24,419532.80,2,1,'2022-01-19 16:31:13','2022-01-19 16:31:13',NULL),(1250,4654,1174,2,887900.10,186459.02,2,1,'2022-01-19 16:32:01','2022-01-19 16:32:01',NULL),(1251,4654,1175,2,5802.53,1218.53,2,1,'2022-01-19 17:01:45','2022-01-19 17:01:45',NULL),(1252,4654,1176,2,50792.94,10666.52,2,1,'2022-01-19 17:01:45','2022-01-19 17:01:45',NULL),(1253,4654,1177,2,5802.53,1218.53,2,1,'2022-01-19 17:01:45','2022-01-19 17:01:45',NULL),(1254,4654,1178,2,29024.54,6095.15,2,1,'2022-01-19 17:01:45','2022-01-19 17:01:45',NULL),(1255,4654,1179,2,34815.19,7311.19,2,1,'2022-01-19 17:01:45','2022-01-19 17:01:45',NULL),(1256,4654,1180,2,33621.66,7060.55,2,1,'2022-01-19 17:01:45','2022-01-19 17:01:45',NULL),(1257,4654,1181,2,54130.76,11367.46,2,1,'2022-01-19 17:01:45','2022-01-19 17:01:45',NULL),(1258,4654,1182,2,5802.53,1218.53,2,1,'2022-01-19 17:01:45','2022-01-19 17:01:45',NULL),(1259,4654,1183,2,31333.68,6580.07,2,1,'2022-01-19 17:01:45','2022-01-19 17:01:45',NULL),(1260,4654,1184,2,7256.13,1523.79,2,1,'2022-01-19 17:01:45','2022-01-19 17:01:45',NULL),(1261,4654,1185,2,13926.08,2924.48,2,1,'2022-01-19 17:01:45','2022-01-19 17:01:45',NULL),(1262,4654,1186,2,29024.54,6095.15,2,1,'2022-01-19 17:01:45','2022-01-19 17:01:45',NULL),(1263,4654,1187,2,48044.97,10089.44,2,1,'2022-01-19 17:01:45','2022-01-19 17:01:45',NULL),(1264,4654,1188,2,85641.24,17984.66,2,1,'2022-01-19 17:01:45','2022-01-19 17:01:45',NULL),(1265,4654,1189,2,11605.07,2437.06,2,1,'2022-01-19 17:01:45','2022-01-19 17:01:45',NULL),(1266,4654,1190,2,222037.69,46627.92,2,1,'2022-01-19 17:01:45','2022-01-19 17:01:45',NULL),(1267,4654,1191,2,33621.66,7060.55,2,1,'2022-01-19 17:01:45','2022-01-19 17:01:45',NULL),(1268,4654,1192,2,81235.46,17059.45,2,1,'2022-01-19 17:01:45','2022-01-19 17:01:45',NULL),(1269,4654,1193,2,21768.39,4571.36,2,1,'2022-01-19 17:01:45','2022-01-19 17:01:45',NULL),(1270,4654,1194,2,5802.53,1218.53,2,1,'2022-01-19 17:01:45','2022-01-19 17:01:45',NULL),(1271,4654,1195,2,10758.93,2259.38,2,1,'2022-01-19 17:01:45','2022-01-19 17:01:45',NULL),(1272,4654,1196,2,13926.08,2924.48,2,1,'2022-01-19 17:01:45','2022-01-19 17:01:45',NULL),(1273,4654,1197,2,60346.34,12672.73,2,1,'2022-01-19 17:01:45','2022-01-19 17:01:45',NULL),(1274,4654,1198,2,21768.39,4571.36,2,1,'2022-01-19 17:01:46','2022-01-19 17:01:46',NULL),(1275,4654,1199,2,60346.34,12672.73,2,1,'2022-01-19 17:01:46','2022-01-19 17:01:46',NULL),(1276,4654,1200,2,11605.07,2437.06,2,1,'2022-01-19 17:01:46','2022-01-19 17:01:46',NULL),(1277,4654,1201,2,46439.26,9752.24,2,1,'2022-01-19 17:01:46','2022-01-19 17:01:46',NULL),(1278,4654,1202,2,48761.22,10239.86,2,1,'2022-01-19 17:01:46','2022-01-19 17:01:46',NULL),(1279,4654,1203,2,13448.66,2824.22,2,1,'2022-01-19 17:01:46','2022-01-19 17:01:46',NULL),(1280,4654,1204,2,5802.53,1218.53,2,1,'2022-01-19 17:01:46','2022-01-19 17:01:46',NULL);
INSERT INTO `receipt_taxes` VALUES (1281,4654,1205,2,10444.56,2193.36,2,1,'2022-01-19 17:01:46','2022-01-19 17:01:46',NULL),(1282,4654,1206,2,117675.80,24711.92,2,1,'2022-01-19 17:01:46','2022-01-19 17:01:46',NULL),(1283,4654,1207,2,7256.13,1523.79,2,1,'2022-01-19 17:01:46','2022-01-19 17:01:46',NULL),(1284,4654,1208,2,5802.53,1218.53,2,1,'2022-01-19 17:01:46','2022-01-19 17:01:46',NULL),(1285,4654,1209,2,50792.94,10666.52,2,1,'2022-01-19 17:01:46','2022-01-19 17:01:46',NULL),(1286,4654,1210,2,5802.53,1218.53,2,1,'2022-01-19 17:01:46','2022-01-19 17:01:46',NULL),(1287,4654,1211,2,29024.54,6095.15,2,1,'2022-01-19 17:01:46','2022-01-19 17:01:46',NULL),(1288,4654,1212,2,34815.19,7311.19,2,1,'2022-01-19 17:01:46','2022-01-19 17:01:46',NULL),(1289,4654,1213,2,33621.66,7060.55,2,1,'2022-01-19 17:01:46','2022-01-19 17:01:46',NULL),(1290,4654,1214,2,54130.76,11367.46,2,1,'2022-01-19 17:01:47','2022-01-19 17:01:47',NULL),(1291,4654,1215,2,5802.53,1218.53,2,1,'2022-01-19 17:01:47','2022-01-19 17:01:47',NULL),(1292,4654,1216,2,31333.68,6580.07,2,1,'2022-01-19 17:01:47','2022-01-19 17:01:47',NULL),(1293,4654,1217,2,7256.13,1523.79,2,1,'2022-01-19 17:01:47','2022-01-19 17:01:47',NULL),(1294,4654,1218,2,13926.08,2924.48,2,1,'2022-01-19 17:01:47','2022-01-19 17:01:47',NULL),(1295,4654,1219,2,29024.54,6095.15,2,1,'2022-01-19 17:01:47','2022-01-19 17:01:47',NULL),(1296,4654,1220,2,48044.97,10089.44,2,1,'2022-01-19 17:01:47','2022-01-19 17:01:47',NULL),(1297,4654,1221,2,85641.24,17984.66,2,1,'2022-01-19 17:01:47','2022-01-19 17:01:47',NULL),(1298,4654,1222,2,11605.07,2437.06,2,1,'2022-01-19 17:01:47','2022-01-19 17:01:47',NULL),(1299,4654,1223,2,222037.69,46627.92,2,1,'2022-01-19 17:01:47','2022-01-19 17:01:47',NULL),(1300,4654,1224,2,33621.66,7060.55,2,1,'2022-01-19 17:01:47','2022-01-19 17:01:47',NULL),(1301,4654,1225,2,81235.46,17059.45,2,1,'2022-01-19 17:01:47','2022-01-19 17:01:47',NULL),(1302,4654,1226,2,21768.39,4571.36,2,1,'2022-01-19 17:01:47','2022-01-19 17:01:47',NULL),(1303,4654,1227,2,5802.53,1218.53,2,1,'2022-01-19 17:01:47','2022-01-19 17:01:47',NULL),(1304,4654,1228,2,10758.93,2259.38,2,1,'2022-01-19 17:01:47','2022-01-19 17:01:47',NULL),(1305,4654,1229,2,13926.08,2924.48,2,1,'2022-01-19 17:01:47','2022-01-19 17:01:47',NULL),(1306,4654,1230,2,60346.34,12672.73,2,1,'2022-01-19 17:01:47','2022-01-19 17:01:47',NULL),(1307,4654,1231,2,21768.39,4571.36,2,1,'2022-01-19 17:01:47','2022-01-19 17:01:47',NULL),(1308,4654,1232,2,60346.34,12672.73,2,1,'2022-01-19 17:01:47','2022-01-19 17:01:47',NULL),(1309,4654,1233,2,11605.07,2437.06,2,1,'2022-01-19 17:01:47','2022-01-19 17:01:47',NULL),(1310,4654,1234,2,46439.26,9752.24,2,1,'2022-01-19 17:01:47','2022-01-19 17:01:47',NULL),(1311,4654,1235,2,48761.22,10239.86,2,1,'2022-01-19 17:01:47','2022-01-19 17:01:47',NULL),(1312,4654,1236,2,13448.66,2824.22,2,1,'2022-01-19 17:01:48','2022-01-19 17:01:48',NULL),(1313,4654,1237,2,5802.53,1218.53,2,1,'2022-01-19 17:01:48','2022-01-19 17:01:48',NULL),(1314,4654,1238,2,10444.56,2193.36,2,1,'2022-01-19 17:01:48','2022-01-19 17:01:48',NULL),(1315,4654,1239,2,117675.80,24711.92,2,1,'2022-01-19 17:01:48','2022-01-19 17:01:48',NULL),(1316,4654,1240,2,7256.13,1523.79,2,1,'2022-01-19 17:01:48','2022-01-19 17:01:48',NULL),(1317,4654,1241,2,50170.40,10535.78,2,1,'2022-01-19 17:02:01','2022-01-19 17:02:01',NULL),(1318,4654,1242,2,8677.69,1822.31,2,1,'2022-01-19 17:02:01','2022-01-19 17:02:01',NULL),(1319,4654,1243,2,3661.22,768.86,2,1,'2022-01-19 17:02:02','2022-01-19 17:02:02',NULL),(1320,4654,1244,2,8665.33,1819.72,2,1,'2022-01-19 17:02:02','2022-01-19 17:02:02',NULL),(1324,4654,1248,2,9725.62,2042.38,2,1,'2022-01-19 17:02:02','2022-01-19 17:02:02',NULL),(1325,4654,1248,7,486.28,0.00,2,1,'2022-01-19 17:02:02','2022-01-19 17:02:02',NULL),(1326,4654,1249,2,9725.62,2042.38,2,1,'2022-01-19 17:02:02','2022-01-19 17:02:02',NULL),(1327,4654,1249,7,486.28,0.00,2,1,'2022-01-19 17:02:02','2022-01-19 17:02:02',NULL),(1328,4654,1250,2,30779.33,6463.66,2,1,'2022-01-19 17:02:02','2022-01-19 17:02:02',NULL);
INSERT INTO `receipt_taxes` VALUES (1329,4654,1251,2,54983.55,11546.55,2,1,'2022-01-19 17:02:02','2022-01-19 17:02:02',NULL),(1330,4654,1252,2,18146.40,3810.74,2,1,'2022-01-19 17:02:02','2022-01-19 17:02:02',NULL),(1331,4654,1253,2,21067.77,4424.23,2,1,'2022-01-19 17:02:02','2022-01-19 17:02:02',NULL),(1332,4654,1254,2,75971.90,15954.10,2,1,'2022-01-19 17:02:02','2022-01-19 17:02:02',NULL),(1333,4654,1255,2,33683.47,7073.53,2,1,'2022-01-19 17:02:02','2022-01-19 17:02:02',NULL),(1334,4654,1256,2,751040.68,157718.54,2,1,'2022-01-19 17:04:36','2022-01-19 17:04:36',NULL),(1335,4654,1257,2,965623.74,202780.99,2,1,'2022-01-19 17:05:43','2022-01-19 17:05:43',NULL),(1336,4654,1258,2,429166.10,90124.88,2,1,'2022-01-19 17:06:27','2022-01-19 17:06:27',NULL),(1337,4654,1247,2,10178.51,2137.49,2,1,'2022-01-20 08:32:48','2022-01-20 08:32:48',NULL),(1338,4654,1246,2,858.67,180.32,2,1,'2022-01-20 08:34:15','2022-01-20 08:34:15',NULL),(1339,4654,1245,2,1425.98,299.46,2,1,'2022-01-20 08:35:50','2022-01-20 08:35:50',NULL);

--
