-- Table structure for table `cta_cte_cliente_details`
--

CREATE TABLE `cta_cte_cliente_details` (
  `id` int(10) unsigned NOT NULL AUTO_INCREMENT,
  `user_id` int(10) unsigned DEFAULT NULL,
  `cta_cte_cliente_id` int(10) unsigned NOT NULL,
  `person_id` int(10) unsigned DEFAULT NULL,
  `person_id_relationed` int(10) unsigned DEFAULT NULL,
  `cta_cte_tesoreria_cuenta_id` int(10) unsigned DEFAULT NULL,
  `period_id` int(10) unsigned DEFAULT NULL,
  `tipo_asiento_id` int(10) unsigned NOT NULL,
  `saldo_id` int(10) unsigned NOT NULL,
  `monto` decimal(16,2) NOT NULL,
  `created_at` timestamp NULL DEFAULT NULL,
  `updated_at` timestamp NULL DEFAULT NULL,
  `deleted_at` timestamp NULL DEFAULT NULL,
  PRIMARY KEY (`id`),
  KEY `cta_cte_cliente_details_cta_cte_cliente_id_foreign` (`cta_cte_cliente_id`),
  KEY `cta_cte_cliente_details_person_id_foreign` (`person_id`),
  KEY `cta_cte_cliente_details_person_id_relationed_foreign` (`person_id_relationed`),
  KEY `cta_cte_cliente_details_period_id_foreign` (`period_id`),
  KEY `cta_cte_cliente_details_tipo_asiento_id_foreign` (`tipo_asiento_id`),
  KEY `cta_cte_cliente_details_saldo_id_foreign` (`saldo_id`),
  KEY `cta_cte_cliente_details_cta_cte_tesoreria_cuenta_id_foreign` (`cta_cte_tesoreria_cuenta_id`),
  CONSTRAINT `cta_cte_cliente_details_cta_cte_cliente_id_foreign` FOREIGN KEY (`cta_cte_cliente_id`) REFERENCES `cta_cte_cliente` (`id`),
  CONSTRAINT `cta_cte_cliente_details_cta_cte_tesoreria_cuenta_id_foreign` FOREIGN KEY (`cta_cte_tesoreria_cuenta_id`) REFERENCES `cta_cte_tesoreria_cuentas` (`id`),
  CONSTRAINT `cta_cte_cliente_details_period_id_foreign` FOREIGN KEY (`period_id`) REFERENCES `periods` (`id`),
  CONSTRAINT `cta_cte_cliente_details_person_id_foreign` FOREIGN KEY (`person_id`) REFERENCES `persons` (`id`),
  CONSTRAINT `cta_cte_cliente_details_person_id_relationed_foreign` FOREIGN KEY (`person_id_relationed`) REFERENCES `persons` (`id`),
  CONSTRAINT `cta_cte_cliente_details_saldo_id_foreign` FOREIGN KEY (`saldo_id`) REFERENCES `conta_tipo_saldos` (`id`),
  CONSTRAINT `cta_cte_cliente_details_tipo_asiento_id_foreign` FOREIGN KEY (`tipo_asiento_id`) REFERENCES `conta_tipo_asientos` (`id`)
) ENGINE=InnoDB AUTO_INCREMENT=63 DEFAULT CHARSET=utf8mb4 COLLATE=utf8mb4_unicode_ci;

--
-- Dumping data for table `cta_cte_cliente_details`
--

INSERT INTO `cta_cte_cliente_details` VALUES (1,8522,1252,40718,3,13,1521,20,2,10000.00,'2023-03-01 11:25:20','2023-03-01 11:25:20',NULL),(2,8522,1252,40718,3,758,1521,20,1,10000.00,'2023-03-01 11:25:20','2023-03-01 11:25:20',NULL),(3,10778,1656,40817,40820,13,6072,20,2,1631304.29,'2024-09-30 15:56:20','2024-09-30 15:56:20',NULL),(4,10778,1656,40817,40820,759,6072,20,1,1631304.29,'2024-09-30 15:56:20','2024-09-30 15:56:20',NULL),(5,10778,1660,40817,40820,13,6073,20,2,55331257.25,'2024-10-11 20:26:30','2024-10-11 20:26:30',NULL),(6,10778,1660,40817,40820,763,6073,20,1,1300000.00,'2024-10-11 20:26:30','2024-10-11 20:26:30',NULL),(7,10778,1660,40817,40820,763,6073,20,1,500000.00,'2024-10-11 20:26:30','2024-10-11 20:26:30',NULL),(8,10778,1660,40817,40820,763,6073,20,1,750000.00,'2024-10-11 20:26:30','2024-10-11 20:26:30',NULL),(9,10778,1660,40817,40820,763,6073,20,1,750000.00,'2024-10-11 20:26:30','2024-10-11 20:26:30',NULL),(10,10778,1660,40817,40820,763,6073,20,1,630000.00,'2024-10-11 20:26:30','2024-10-11 20:26:30',NULL),(11,10778,1660,40817,40820,763,6073,20,1,1206141.00,'2024-10-11 20:26:30','2024-10-11 20:26:30',NULL),(12,10778,1660,40817,40820,763,6073,20,1,300000.00,'2024-10-11 20:26:30','2024-10-11 20:26:30',NULL),(13,10778,1660,40817,40820,762,6073,20,1,2000000.00,'2024-10-11 20:26:30','2024-10-11 20:26:30',NULL),(14,10778,1660,40817,40820,762,6073,20,1,500000.00,'2024-10-11 20:26:30','2024-10-11 20:26:30',NULL),(15,10778,1660,40817,40820,763,6073,20,1,446500.00,'2024-10-11 20:26:30','2024-10-11 20:26:30',NULL),(16,10778,1660,40817,40820,763,6073,20,1,720000.00,'2024-10-11 20:26:30','2024-10-11 20:26:30',NULL),(17,10778,1660,40817,40820,759,6073,20,1,100000.00,'2024-10-11 20:26:30','2024-10-11 20:26:30',NULL),(18,10778,1660,40817,40820,759,6073,20,1,2000000.00,'2024-10-11 20:26:30','2024-10-11 20:26:30',NULL),(19,10778,1660,40817,40820,763,6073,20,1,2346490.00,'2024-10-11 20:26:30','2024-10-11 20:26:30',NULL),(20,10778,1660,40817,40820,763,6073,20,1,1000000.00,'2024-10-11 20:26:30','2024-10-11 20:26:30',NULL),(21,10778,1660,40817,40820,763,6073,20,1,1471984.56,'2024-10-11 20:26:30','2024-10-11 20:26:30',NULL),(22,10778,1660,40817,40820,763,6073,20,1,447030.00,'2024-10-11 20:26:30','2024-10-11 20:26:30',NULL),(23,10778,1660,40817,40820,763,6073,20,1,322000.00,'2024-10-11 20:26:30','2024-10-11 20:26:30',NULL),(24,10778,1660,40817,40820,763,6073,20,1,393500.00,'2024-10-11 20:26:30','2024-10-11 20:26:30',NULL),(25,10778,1660,40817,40820,763,6073,20,1,963167.60,'2024-10-11 20:26:30','2024-10-11 20:26:30',NULL),(26,10778,1660,40817,40820,763,6073,20,1,529938.45,'2024-10-11 20:26:30','2024-10-11 20:26:30',NULL),(27,10778,1660,40817,40820,762,6073,20,1,1500000.00,'2024-10-11 20:26:30','2024-10-11 20:26:30',NULL),(28,10778,1660,40817,40820,763,6073,20,1,750000.00,'2024-10-11 20:26:30','2024-10-11 20:26:30',NULL),(29,10778,1660,40817,40820,763,6073,20,1,600000.00,'2024-10-11 20:26:30','2024-10-11 20:26:30',NULL),(30,10778,1660,40817,40820,763,6073,20,1,450000.00,'2024-10-11 20:26:30','2024-10-11 20:26:30',NULL),(31,10778,1660,40817,40820,762,6073,20,1,2650233.30,'2024-10-11 20:26:30','2024-10-11 20:26:30',NULL),(32,10778,1660,40817,40820,762,6073,20,1,4500000.00,'2024-10-11 20:26:30','2024-10-11 20:26:30',NULL),(33,10778,1660,40817,40820,759,6073,20,1,5089202.43,'2024-10-11 20:26:30','2024-10-11 20:26:30',NULL),(34,10778,1660,40817,40820,759,6073,20,1,7651760.59,'2024-10-11 20:26:30','2024-10-11 20:26:30',NULL),(35,10778,1660,40817,40820,759,6073,20,1,13463309.32,'2024-10-11 20:26:30','2024-10-11 20:26:30',NULL),(36,10778,1661,40817,40839,57,6073,21,1,11075656.77,'2024-10-11 20:28:09','2024-12-11 20:36:17','2024-12-11 20:36:17'),(37,10778,1661,40817,40839,759,6073,21,2,11075656.77,'2024-10-11 20:28:09','2024-12-11 20:36:17','2024-12-11 20:36:17'),(38,10778,1662,40817,40893,57,6073,21,1,6477805.36,'2024-10-11 20:29:05','2024-12-11 20:32:44','2024-12-11 20:32:44'),(39,10778,1662,40817,40893,759,6073,21,2,6477805.36,'2024-10-11 20:29:05','2024-12-11 20:32:44','2024-12-11 20:32:44');
INSERT INTO `cta_cte_cliente_details` VALUES (40,10778,2131,40817,40908,13,6082,20,2,6792093.00,'2025-04-09 18:59:34','2025-04-09 18:59:34',NULL),(41,10778,2131,40817,40908,763,6082,20,1,650000.00,'2025-04-09 18:59:34','2025-04-09 18:59:34',NULL),(42,10778,2131,40817,40908,763,6082,20,1,676609.02,'2025-04-09 18:59:34','2025-04-09 18:59:34',NULL),(43,10778,2131,40817,40908,763,6082,20,1,1378943.95,'2025-04-09 18:59:34','2025-04-09 18:59:34',NULL),(44,10778,2131,40817,40908,763,6082,20,1,2709186.67,'2025-04-09 18:59:34','2025-04-09 18:59:34',NULL),(45,10778,2131,40817,40908,759,6082,20,1,1366310.99,'2025-04-09 18:59:34','2025-04-09 18:59:34',NULL),(46,10778,2131,40817,40908,765,6082,20,1,11042.37,'2025-04-09 18:59:34','2025-04-09 18:59:34',NULL),(47,10778,2132,40817,40908,13,6082,20,2,7379361.90,'2025-04-09 19:04:33','2025-04-09 19:04:33',NULL),(48,10778,2132,40817,40908,765,6082,20,1,15078.69,'2025-04-09 19:04:33','2025-04-09 19:04:33',NULL),(49,10778,2132,40817,40908,763,6082,20,1,1000000.00,'2025-04-09 19:04:33','2025-04-09 19:04:33',NULL),(50,10778,2132,40817,40908,763,6082,20,1,1064283.21,'2025-04-09 19:04:33','2025-04-09 19:04:33',NULL),(51,10778,2132,40817,40908,763,6082,20,1,5300000.00,'2025-04-09 19:04:33','2025-04-09 19:04:33',NULL),(52,10778,2133,40817,40908,13,6082,20,2,17907490.35,'2025-04-09 19:15:44','2025-04-09 19:15:44',NULL),(53,10778,2133,40817,40908,765,6082,20,1,6862.28,'2025-04-09 19:15:44','2025-04-09 19:15:44',NULL),(54,10778,2133,40817,40908,765,6082,20,1,21915.93,'2025-04-09 19:15:44','2025-04-09 19:15:44',NULL),(55,10778,2133,40817,40908,759,6082,20,1,3816286.10,'2025-04-09 19:15:44','2025-04-09 19:15:44',NULL),(56,10778,2133,40817,40908,763,6082,20,1,638077.94,'2025-04-09 19:15:44','2025-04-09 19:15:44',NULL),(57,10778,2133,40817,40908,763,6082,20,1,1378839.00,'2025-04-09 19:15:44','2025-04-09 19:15:44',NULL),(58,10778,2133,40817,40908,763,6082,20,1,1378839.00,'2025-04-09 19:15:44','2025-04-09 19:15:44',NULL),(59,10778,2133,40817,40908,763,6082,20,1,252627.74,'2025-04-09 19:15:44','2025-04-09 19:15:44',NULL),(60,10778,2133,40817,40908,763,6082,20,1,5505016.00,'2025-04-09 19:15:44','2025-04-09 19:15:44',NULL),(61,10778,2133,40817,40908,763,6082,20,1,3509026.36,'2025-04-09 19:15:44','2025-04-09 19:15:44',NULL),(62,10778,2133,40817,40908,763,6082,20,1,1400000.00,'2025-04-09 19:15:44','2025-04-09 19:15:44',NULL);

--
-- Table structure for table `cta_cte_cliente_pivot_receipt`
--

CREATE TABLE `cta_cte_cliente_pivot_receipt` (
  `id` int(10) unsigned NOT NULL AUTO_INCREMENT,
  `user_id` int(10) unsigned DEFAULT NULL,
  `cta_cte_cliente_id` int(10) unsigned NOT NULL,
  `receipt_id` int(11) DEFAULT NULL,
  `importe` decimal(16,2) DEFAULT NULL,
  `is_a_cuenta` tinyint(1) unsigned NOT NULL DEFAULT '0',
  `cccpr_a_cuenta_id` int(10) unsigned DEFAULT NULL,
  `created_at` timestamp NULL DEFAULT NULL,
  `updated_at` timestamp NULL DEFAULT NULL,
  `deleted_at` timestamp NULL DEFAULT NULL,
  PRIMARY KEY (`id`),
  KEY `fk_cccpr_a_cuenta_id` (`cccpr_a_cuenta_id`),
  CONSTRAINT `fk_cccpr_a_cuenta_id` FOREIGN KEY (`cccpr_a_cuenta_id`) REFERENCES `cta_cte_cliente_pivot_receipt` (`id`)
) ENGINE=InnoDB AUTO_INCREMENT=2180 DEFAULT CHARSET=utf8mb4 COLLATE=utf8mb4_unicode_ci;

--
-- Dumping data for table `cta_cte_cliente_pivot_receipt`
--

INSERT INTO `cta_cte_cliente_pivot_receipt` VALUES (2,8522,2,2,NULL,0,NULL,'2023-02-24 15:05:30','2023-02-24 15:05:30',NULL),(3,8522,3,3,NULL,0,NULL,'2023-02-24 15:05:30','2023-02-24 15:05:30',NULL),(4,8522,4,4,NULL,0,NULL,'2023-02-24 15:05:30','2023-02-24 15:05:30',NULL),(5,8522,5,5,NULL,0,NULL,'2023-02-24 15:05:30','2023-02-24 15:05:30',NULL),(6,8522,6,6,NULL,0,NULL,'2023-02-24 15:05:30','2023-02-24 15:05:30',NULL),(7,8522,7,7,NULL,0,NULL,'2023-02-24 15:05:30','2023-02-24 15:05:30',NULL),(8,8522,8,8,NULL,0,NULL,'2023-02-24 15:05:30','2023-02-24 15:05:30',NULL),(9,8522,9,9,NULL,0,NULL,'2023-02-24 15:05:30','2023-02-24 15:05:30',NULL),(10,8522,10,10,NULL,0,NULL,'2023-02-24 15:05:30','2023-02-24 15:05:30',NULL),(11,8522,11,11,NULL,0,NULL,'2023-02-24 15:05:30','2023-02-24 15:05:30',NULL),(12,8522,12,12,NULL,0,NULL,'2023-02-24 15:05:30','2023-02-24 15:05:30',NULL),(13,8522,13,13,NULL,0,NULL,'2023-02-24 15:05:30','2023-02-24 15:05:30',NULL),(14,8522,14,14,NULL,0,NULL,'2023-02-24 15:05:31','2023-02-24 15:05:31',NULL),(15,8522,15,15,NULL,0,NULL,'2023-02-24 15:05:31','2023-02-24 15:05:31',NULL),(16,8522,16,16,NULL,0,NULL,'2023-02-24 15:05:31','2023-02-24 15:05:31',NULL),(17,8522,17,17,NULL,0,NULL,'2023-02-24 15:05:31','2023-02-24 15:05:31',NULL),(18,8522,18,18,NULL,0,NULL,'2023-02-24 15:05:31','2023-02-24 15:05:31',NULL),(19,8522,19,19,NULL,0,NULL,'2023-02-24 15:05:31','2023-02-24 15:05:31',NULL),(20,8522,20,20,NULL,0,NULL,'2023-02-24 15:05:31','2023-02-24 15:05:31',NULL),(21,8522,21,21,NULL,0,NULL,'2023-02-24 15:05:31','2023-02-24 15:05:31',NULL),(22,8522,22,22,NULL,0,NULL,'2023-02-24 15:05:31','2023-02-24 15:05:31',NULL),(23,8522,23,23,NULL,0,NULL,'2023-02-24 15:05:31','2023-02-24 15:05:31',NULL),(24,8522,24,24,NULL,0,NULL,'2023-02-24 15:05:31','2023-02-24 15:05:31',NULL),(25,8522,25,25,NULL,0,NULL,'2023-02-24 15:05:31','2023-02-24 15:05:31',NULL),(26,8522,26,26,NULL,0,NULL,'2023-02-24 15:05:31','2023-02-24 15:05:31',NULL),(27,8522,27,27,NULL,0,NULL,'2023-02-24 15:05:31','2023-02-24 15:05:31',NULL),(28,8522,28,28,NULL,0,NULL,'2023-02-24 15:05:31','2023-02-24 15:05:31',NULL),(29,8522,29,29,NULL,0,NULL,'2023-02-24 15:05:32','2023-02-24 15:05:32',NULL),(30,8522,30,30,NULL,0,NULL,'2023-02-24 15:05:32','2023-02-24 15:05:32',NULL),(31,8522,31,31,NULL,0,NULL,'2023-02-24 15:05:32','2023-02-24 15:05:32',NULL),(32,8522,32,32,NULL,0,NULL,'2023-02-24 15:05:32','2023-02-24 15:05:32',NULL),(33,8522,33,33,NULL,0,NULL,'2023-02-24 15:05:32','2023-02-24 15:05:32',NULL),(34,8522,34,34,NULL,0,NULL,'2023-02-24 15:05:32','2023-02-24 15:05:32',NULL),(35,8522,35,35,NULL,0,NULL,'2023-02-24 15:05:32','2023-02-24 15:05:32',NULL),(36,8522,36,36,NULL,0,NULL,'2023-02-24 15:05:32','2023-02-24 15:05:32',NULL),(37,8522,37,37,NULL,0,NULL,'2023-02-24 15:05:32','2023-02-24 15:05:32',NULL),(38,8522,38,38,NULL,0,NULL,'2023-02-24 15:05:32','2023-02-24 15:05:32',NULL),(39,8522,39,39,NULL,0,NULL,'2023-02-24 15:05:32','2023-02-24 15:05:32',NULL),(40,8522,40,40,NULL,0,NULL,'2023-02-24 15:05:32','2023-02-24 15:05:32',NULL),(41,8522,41,41,NULL,0,NULL,'2023-02-24 15:05:32','2023-02-24 15:05:32',NULL),(42,8522,42,42,NULL,0,NULL,'2023-02-24 15:05:32','2023-02-24 15:05:32',NULL),(43,8522,43,43,NULL,0,NULL,'2023-02-24 15:05:32','2023-02-24 15:05:32',NULL),(44,8522,44,44,NULL,0,NULL,'2023-02-24 15:05:32','2023-02-24 15:05:32',NULL),(45,8522,45,45,NULL,0,NULL,'2023-02-24 15:05:32','2023-02-24 15:05:32',NULL),(46,8522,46,46,NULL,0,NULL,'2023-02-24 15:05:32','2023-02-24 15:05:32',NULL),(47,8522,47,47,NULL,0,NULL,'2023-02-24 15:05:32','2023-02-24 15:05:32',NULL),(48,8522,48,48,NULL,0,NULL,'2023-02-24 15:05:32','2023-02-24 15:05:32',NULL),(49,8522,49,49,NULL,0,NULL,'2023-02-24 15:05:32','2023-02-24 15:05:32',NULL),(50,8522,50,50,NULL,0,NULL,'2023-02-24 15:05:33','2023-02-24 15:05:33',NULL),(51,8522,51,51,NULL,0,NULL,'2023-02-24 15:05:33','2023-02-24 15:05:33',NULL),(52,8522,52,52,NULL,0,NULL,'2023-02-24 15:05:33','2023-02-24 15:05:33',NULL),(53,8522,53,53,NULL,0,NULL,'2023-02-24 15:05:33','2023-02-24 15:05:33',NULL);
INSERT INTO `cta_cte_cliente_pivot_receipt` VALUES (54,8522,54,54,NULL,0,NULL,'2023-02-24 15:05:33','2023-02-24 15:05:33',NULL),(55,8522,55,55,NULL,0,NULL,'2023-02-24 15:05:33','2023-02-24 15:05:33',NULL),(56,8522,56,56,NULL,0,NULL,'2023-02-24 15:05:33','2023-02-24 15:05:33',NULL),(57,8522,57,57,NULL,0,NULL,'2023-02-24 15:05:33','2023-02-24 15:05:33',NULL),(58,8522,58,58,NULL,0,NULL,'2023-02-24 15:05:33','2023-02-24 15:05:33',NULL),(59,8522,59,59,NULL,0,NULL,'2023-02-24 15:05:33','2023-02-24 15:05:33',NULL),(60,8522,60,60,NULL,0,NULL,'2023-02-24 15:05:33','2023-02-24 15:05:33',NULL),(61,8522,61,61,NULL,0,NULL,'2023-02-24 15:05:33','2023-02-24 15:05:33',NULL),(62,8522,62,62,NULL,0,NULL,'2023-02-24 15:05:33','2023-02-24 15:05:33',NULL),(63,8522,63,63,NULL,0,NULL,'2023-02-24 15:05:33','2023-02-24 15:05:33',NULL),(64,8522,64,64,NULL,0,NULL,'2023-02-24 15:05:33','2023-02-24 15:05:33',NULL),(65,8522,65,65,NULL,0,NULL,'2023-02-24 15:05:33','2023-02-24 15:05:33',NULL),(66,8522,66,66,NULL,0,NULL,'2023-02-24 15:05:33','2023-02-24 15:05:33',NULL),(67,8522,67,67,NULL,0,NULL,'2023-02-24 15:05:33','2023-02-24 15:05:33',NULL),(68,8522,68,68,NULL,0,NULL,'2023-02-24 15:05:33','2023-02-24 15:05:33',NULL),(69,8522,69,69,NULL,0,NULL,'2023-02-24 15:05:33','2023-02-24 15:05:33',NULL),(70,8522,70,70,NULL,0,NULL,'2023-02-24 15:05:33','2023-02-24 15:05:33',NULL),(71,8522,71,71,NULL,0,NULL,'2023-02-24 15:05:33','2023-02-24 15:05:33',NULL),(72,8522,72,72,NULL,0,NULL,'2023-02-24 15:05:33','2023-02-24 15:05:33',NULL),(73,8522,73,73,NULL,0,NULL,'2023-02-24 15:05:33','2023-02-24 15:05:33',NULL),(74,8522,74,74,NULL,0,NULL,'2023-02-24 15:05:33','2023-02-24 15:05:33',NULL),(75,8522,75,75,NULL,0,NULL,'2023-02-24 15:05:34','2023-02-24 15:05:34',NULL),(76,8522,76,76,NULL,0,NULL,'2023-02-24 15:05:34','2023-02-24 15:05:34',NULL),(77,8522,77,77,NULL,0,NULL,'2023-02-24 15:05:34','2023-02-24 15:05:34',NULL),(78,8522,78,78,NULL,0,NULL,'2023-02-24 15:05:34','2023-02-24 15:05:34',NULL),(79,8522,79,79,NULL,0,NULL,'2023-02-24 15:05:34','2023-02-24 15:05:34',NULL),(80,8522,80,80,NULL,0,NULL,'2023-02-24 15:05:34','2023-02-24 15:05:34',NULL),(81,8522,81,81,NULL,0,NULL,'2023-02-24 15:05:34','2023-02-24 15:05:34',NULL),(82,8522,82,82,NULL,0,NULL,'2023-02-24 15:05:34','2023-02-24 15:05:34',NULL),(83,8522,83,83,NULL,0,NULL,'2023-02-24 15:05:34','2023-02-24 15:05:34',NULL),(84,8522,84,84,NULL,0,NULL,'2023-02-24 15:05:34','2023-02-24 15:05:34',NULL),(85,8522,85,85,NULL,0,NULL,'2023-02-24 15:05:34','2023-02-24 15:05:34',NULL),(86,8522,86,86,NULL,0,NULL,'2023-02-24 15:05:34','2023-02-24 15:05:34',NULL),(87,8522,87,87,NULL,0,NULL,'2023-02-24 15:05:34','2023-02-24 15:05:34',NULL),(88,8522,88,88,NULL,0,NULL,'2023-02-24 15:05:34','2023-02-24 15:05:34',NULL),(89,8522,89,89,NULL,0,NULL,'2023-02-24 15:05:34','2023-02-24 15:05:34',NULL),(90,8522,90,90,NULL,0,NULL,'2023-02-24 15:05:34','2023-02-24 15:05:34',NULL),(91,8522,91,91,NULL,0,NULL,'2023-02-24 15:05:34','2023-02-24 15:05:34',NULL),(92,8522,92,92,NULL,0,NULL,'2023-02-24 15:05:34','2023-02-24 15:05:34',NULL),(93,8522,93,93,NULL,0,NULL,'2023-02-24 15:05:34','2023-02-24 15:05:34',NULL),(94,8522,94,94,NULL,0,NULL,'2023-02-24 15:05:34','2023-02-24 15:05:34',NULL),(95,8522,95,95,NULL,0,NULL,'2023-02-24 15:05:34','2023-02-24 15:05:34',NULL),(96,8522,96,96,NULL,0,NULL,'2023-02-24 15:05:34','2023-02-24 15:05:34',NULL),(97,8522,97,97,NULL,0,NULL,'2023-02-24 15:05:34','2023-02-24 15:05:34',NULL),(98,8522,98,98,NULL,0,NULL,'2023-02-24 15:05:34','2023-02-24 15:05:34',NULL),(99,8522,99,99,NULL,0,NULL,'2023-02-24 15:05:34','2023-02-24 15:05:34',NULL),(100,8522,100,100,NULL,0,NULL,'2023-02-24 15:05:34','2023-02-24 15:05:34',NULL),(101,8522,101,101,NULL,0,NULL,'2023-02-24 15:05:35','2023-02-24 15:05:35',NULL),(102,8522,102,102,NULL,0,NULL,'2023-02-24 15:05:35','2023-02-24 15:05:35',NULL),(103,8522,103,103,NULL,0,NULL,'2023-02-24 15:05:35','2023-02-24 15:05:35',NULL),(104,8522,104,104,NULL,0,NULL,'2023-02-24 15:05:35','2023-02-24 15:05:35',NULL);
INSERT INTO `cta_cte_cliente_pivot_receipt` VALUES (105,8522,105,105,NULL,0,NULL,'2023-02-24 15:05:35','2023-02-24 15:05:35',NULL),(106,8522,106,106,NULL,0,NULL,'2023-02-24 15:05:35','2023-02-24 15:05:35',NULL),(107,8522,107,107,NULL,0,NULL,'2023-02-24 15:05:35','2023-02-24 15:05:35',NULL),(108,8522,108,108,NULL,0,NULL,'2023-02-24 15:05:35','2023-02-24 15:05:35',NULL),(109,8522,109,109,NULL,0,NULL,'2023-02-24 15:05:35','2023-02-24 15:05:35',NULL),(110,8522,110,110,NULL,0,NULL,'2023-02-24 15:05:35','2023-02-24 15:05:35',NULL),(111,8522,111,111,NULL,0,NULL,'2023-02-24 15:05:35','2023-02-24 15:05:35',NULL),(112,8522,112,112,NULL,0,NULL,'2023-02-24 15:05:35','2023-02-24 15:05:35',NULL),(113,8522,113,113,NULL,0,NULL,'2023-02-24 15:05:35','2023-02-24 15:05:35',NULL),(114,8522,114,114,NULL,0,NULL,'2023-02-24 15:05:35','2023-02-24 15:05:35',NULL),(115,8522,115,115,NULL,0,NULL,'2023-02-24 15:05:35','2023-02-24 15:05:35',NULL),(116,8522,116,116,NULL,0,NULL,'2023-02-24 15:05:35','2023-02-24 15:05:35',NULL),(117,8522,117,117,NULL,0,NULL,'2023-02-24 15:05:35','2023-02-24 15:05:35',NULL),(368,8522,368,368,NULL,0,NULL,'2023-02-24 15:56:06','2023-02-24 15:56:06',NULL),(369,8522,369,369,NULL,0,NULL,'2023-02-24 15:56:06','2023-02-24 15:56:06',NULL),(370,8522,370,370,NULL,0,NULL,'2023-02-24 15:56:06','2023-02-24 15:56:06',NULL),(371,8522,371,371,NULL,0,NULL,'2023-02-24 15:56:06','2023-02-24 15:56:06',NULL),(372,8522,372,372,NULL,0,NULL,'2023-02-24 15:56:06','2023-02-24 15:56:06',NULL),(373,8522,373,373,NULL,0,NULL,'2023-02-24 15:56:06','2023-02-24 15:56:06',NULL),(374,8522,374,374,NULL,0,NULL,'2023-02-24 15:56:06','2023-02-24 15:56:06',NULL),(375,8522,375,375,NULL,0,NULL,'2023-02-24 15:56:06','2023-02-24 15:56:06',NULL),(376,8522,376,376,NULL,0,NULL,'2023-02-24 15:56:06','2023-02-24 15:56:06',NULL),(377,8522,377,377,NULL,0,NULL,'2023-02-24 15:56:06','2023-02-24 15:56:06',NULL),(378,8522,378,378,NULL,0,NULL,'2023-02-24 15:56:06','2023-02-24 15:56:06',NULL),(379,8522,379,379,NULL,0,NULL,'2023-02-24 15:56:06','2023-02-24 15:56:06',NULL),(380,8522,380,380,NULL,0,NULL,'2023-02-24 15:56:07','2023-02-24 15:56:07',NULL),(381,8522,381,381,NULL,0,NULL,'2023-02-24 15:56:07','2023-02-24 15:56:07',NULL),(382,8522,382,382,NULL,0,NULL,'2023-02-24 15:56:07','2023-02-24 15:56:07',NULL),(383,8522,383,383,NULL,0,NULL,'2023-02-24 15:56:07','2023-02-24 15:56:07',NULL),(384,8522,384,384,NULL,0,NULL,'2023-02-24 15:56:07','2023-02-24 15:56:07',NULL),(385,8522,385,385,NULL,0,NULL,'2023-02-24 15:56:07','2023-02-24 15:56:07',NULL),(386,8522,386,386,NULL,0,NULL,'2023-02-24 15:56:07','2023-02-24 15:56:07',NULL),(387,8522,387,387,NULL,0,NULL,'2023-02-24 15:56:07','2023-02-24 15:56:07',NULL),(388,8522,388,388,NULL,0,NULL,'2023-02-24 15:56:07','2023-02-24 15:56:07',NULL),(389,8522,389,389,NULL,0,NULL,'2023-02-24 15:56:07','2023-02-24 15:56:07',NULL),(390,8522,390,390,NULL,0,NULL,'2023-02-24 15:56:07','2023-02-24 15:56:07',NULL),(391,8522,391,391,NULL,0,NULL,'2023-02-24 15:56:07','2023-02-24 15:56:07',NULL),(392,8522,392,392,NULL,0,NULL,'2023-02-24 15:56:07','2023-02-24 15:56:07',NULL),(393,8522,393,393,NULL,0,NULL,'2023-02-24 15:56:07','2023-02-24 15:56:07',NULL),(394,8522,394,394,NULL,0,NULL,'2023-02-24 15:56:07','2023-02-24 15:56:07',NULL),(395,8522,395,395,NULL,0,NULL,'2023-02-24 15:56:07','2023-02-24 15:56:07',NULL),(396,8522,396,396,NULL,0,NULL,'2023-02-24 15:56:07','2023-02-24 15:56:07',NULL),(397,8522,397,397,NULL,0,NULL,'2023-02-24 15:56:07','2023-02-24 15:56:07',NULL),(398,8522,398,398,NULL,0,NULL,'2023-02-24 15:56:07','2023-02-24 15:56:07',NULL),(399,8522,399,399,NULL,0,NULL,'2023-02-24 15:56:07','2023-02-24 15:56:07',NULL),(400,8522,400,400,NULL,0,NULL,'2023-02-24 15:56:07','2023-02-24 15:56:07',NULL),(401,8522,401,401,NULL,0,NULL,'2023-02-24 15:56:07','2023-02-24 15:56:07',NULL),(402,8522,402,402,NULL,0,NULL,'2023-02-24 15:56:07','2023-02-24 15:56:07',NULL),(403,8522,403,403,NULL,0,NULL,'2023-02-24 15:56:07','2023-02-24 15:56:07',NULL);
INSERT INTO `cta_cte_cliente_pivot_receipt` VALUES (404,8522,404,404,NULL,0,NULL,'2023-02-24 15:56:07','2023-02-24 15:56:07',NULL),(405,8522,405,405,NULL,0,NULL,'2023-02-24 15:56:08','2023-02-24 15:56:08',NULL),(406,8522,406,406,NULL,0,NULL,'2023-02-24 15:56:08','2023-02-24 15:56:08',NULL),(407,8522,407,407,NULL,0,NULL,'2023-02-24 15:56:08','2023-02-24 15:56:08',NULL),(408,8522,408,408,NULL,0,NULL,'2023-02-24 15:56:08','2023-02-24 15:56:08',NULL),(409,8522,409,409,NULL,0,NULL,'2023-02-24 15:56:08','2023-02-24 15:56:08',NULL),(410,8522,410,410,NULL,0,NULL,'2023-02-24 15:56:08','2023-02-24 15:56:08',NULL),(411,8522,411,411,NULL,0,NULL,'2023-02-24 15:56:08','2023-02-24 15:56:08',NULL),(412,8522,412,412,NULL,0,NULL,'2023-02-24 15:56:08','2023-02-24 15:56:08',NULL),(413,8522,413,413,NULL,0,NULL,'2023-02-24 15:56:08','2023-02-24 15:56:08',NULL),(414,8522,414,414,NULL,0,NULL,'2023-02-24 15:56:08','2023-02-24 15:56:08',NULL),(415,8522,415,415,NULL,0,NULL,'2023-02-24 15:56:08','2023-02-24 15:56:08',NULL),(416,8522,416,416,NULL,0,NULL,'2023-02-24 15:56:08','2023-02-24 15:56:08',NULL),(417,8522,417,417,NULL,0,NULL,'2023-02-24 15:56:08','2023-02-24 15:56:08',NULL),(418,8522,418,418,NULL,0,NULL,'2023-02-24 15:56:08','2023-02-24 15:56:08',NULL),(419,8522,419,419,NULL,0,NULL,'2023-02-24 15:56:08','2023-02-24 15:56:08',NULL),(420,8522,420,420,NULL,0,NULL,'2023-02-24 15:56:08','2023-02-24 15:56:08',NULL),(421,8522,421,421,NULL,0,NULL,'2023-02-24 15:56:08','2023-02-24 15:56:08',NULL),(422,8522,422,422,NULL,0,NULL,'2023-02-24 15:56:08','2023-02-24 15:56:08',NULL),(423,8522,423,423,NULL,0,NULL,'2023-02-24 15:56:08','2023-02-24 15:56:08',NULL),(424,8522,424,424,NULL,0,NULL,'2023-02-24 15:56:08','2023-02-24 15:56:08',NULL),(425,8522,425,425,NULL,0,NULL,'2023-02-24 15:56:08','2023-02-24 15:56:08',NULL),(426,8522,426,426,NULL,0,NULL,'2023-02-24 15:56:08','2023-02-24 15:56:08',NULL),(427,8522,427,427,NULL,0,NULL,'2023-02-24 15:56:08','2023-02-24 15:56:08',NULL),(428,8522,428,428,NULL,0,NULL,'2023-02-24 15:56:08','2023-02-24 15:56:08',NULL),(429,8522,429,429,NULL,0,NULL,'2023-02-24 15:56:09','2023-02-24 15:56:09',NULL),(430,8522,430,430,NULL,0,NULL,'2023-02-24 15:56:09','2023-02-24 15:56:09',NULL),(431,8522,431,431,NULL,0,NULL,'2023-02-24 15:56:09','2023-02-24 15:56:09',NULL),(432,8522,432,432,NULL,0,NULL,'2023-02-24 15:56:09','2023-02-24 15:56:09',NULL),(433,8522,433,433,NULL,0,NULL,'2023-02-24 15:56:09','2023-02-24 15:56:09',NULL),(434,8522,434,434,NULL,0,NULL,'2023-02-24 15:56:09','2023-02-24 15:56:09',NULL),(435,8522,435,435,NULL,0,NULL,'2023-02-24 15:56:09','2023-02-24 15:56:09',NULL),(436,8522,436,436,NULL,0,NULL,'2023-02-24 15:56:09','2023-02-24 15:56:09',NULL),(437,8522,437,437,NULL,0,NULL,'2023-02-24 15:56:09','2023-02-24 15:56:09',NULL),(438,8522,438,438,NULL,0,NULL,'2023-02-24 15:56:09','2023-02-24 15:56:09',NULL),(439,8522,439,439,NULL,0,NULL,'2023-02-24 15:56:09','2023-02-24 15:56:09',NULL),(440,8522,440,440,NULL,0,NULL,'2023-02-24 15:56:09','2023-02-24 15:56:09',NULL),(441,8522,441,441,NULL,0,NULL,'2023-02-24 15:56:09','2023-02-24 15:56:09',NULL),(442,8522,442,442,NULL,0,NULL,'2023-02-24 15:56:09','2023-02-24 15:56:09',NULL),(443,8522,443,443,NULL,0,NULL,'2023-02-24 15:56:09','2023-02-24 15:56:09',NULL),(444,8522,444,444,NULL,0,NULL,'2023-02-24 15:56:09','2023-02-24 15:56:09',NULL),(445,8522,445,445,NULL,0,NULL,'2023-02-24 15:56:09','2023-02-24 15:56:09',NULL),(446,8522,446,446,NULL,0,NULL,'2023-02-24 15:56:09','2023-02-24 15:56:09',NULL),(447,8522,447,447,NULL,0,NULL,'2023-02-24 15:56:09','2023-02-24 15:56:09',NULL),(448,8522,448,448,NULL,0,NULL,'2023-02-24 15:56:09','2023-02-24 15:56:09',NULL),(449,8522,449,449,NULL,0,NULL,'2023-02-24 15:56:09','2023-02-24 15:56:09',NULL),(450,8522,450,450,NULL,0,NULL,'2023-02-24 15:56:09','2023-02-24 15:56:09',NULL),(451,8522,451,451,NULL,0,NULL,'2023-02-24 15:56:09','2023-02-24 15:56:09',NULL),(452,8522,452,452,NULL,0,NULL,'2023-02-24 15:56:09','2023-02-24 15:56:09',NULL);
INSERT INTO `cta_cte_cliente_pivot_receipt` VALUES (453,8522,453,453,NULL,0,NULL,'2023-02-24 15:56:10','2023-02-24 15:56:10',NULL),(454,8522,454,454,NULL,0,NULL,'2023-02-24 15:56:10','2023-02-24 15:56:10',NULL),(455,8522,455,455,NULL,0,NULL,'2023-02-24 15:56:10','2023-02-24 15:56:10',NULL),(456,8522,456,456,NULL,0,NULL,'2023-02-24 15:56:10','2023-02-24 15:56:10',NULL),(457,8522,457,457,NULL,0,NULL,'2023-02-24 15:56:10','2023-02-24 15:56:10',NULL),(458,8522,458,458,NULL,0,NULL,'2023-02-24 15:56:10','2023-02-24 15:56:10',NULL),(459,8522,459,459,NULL,0,NULL,'2023-02-24 15:56:10','2023-02-24 15:56:10',NULL),(460,8522,460,460,NULL,0,NULL,'2023-02-24 15:56:10','2023-02-24 15:56:10',NULL),(461,8522,461,461,NULL,0,NULL,'2023-02-24 15:56:10','2023-02-24 15:56:10',NULL),(462,8522,462,462,NULL,0,NULL,'2023-02-24 15:56:10','2023-02-24 15:56:10',NULL),(463,8522,463,463,NULL,0,NULL,'2023-02-24 15:56:10','2023-02-24 15:56:10',NULL),(464,8522,464,464,NULL,0,NULL,'2023-02-24 15:56:10','2023-02-24 15:56:10',NULL),(465,8522,465,465,NULL,0,NULL,'2023-02-24 15:56:10','2023-02-24 15:56:10',NULL),(466,8522,466,466,NULL,0,NULL,'2023-02-24 15:56:10','2023-02-24 15:56:10',NULL),(467,8522,467,467,NULL,0,NULL,'2023-02-24 15:56:10','2023-02-24 15:56:10',NULL),(468,8522,468,468,NULL,0,NULL,'2023-02-24 15:56:10','2023-02-24 15:56:10',NULL),(469,8522,469,469,NULL,0,NULL,'2023-02-24 15:56:10','2023-02-24 15:56:10',NULL),(470,8522,470,470,NULL,0,NULL,'2023-02-24 15:56:10','2023-02-24 15:56:10',NULL),(471,8522,471,471,NULL,0,NULL,'2023-02-24 15:56:10','2023-02-24 15:56:10',NULL),(472,8522,472,472,NULL,0,NULL,'2023-02-24 15:56:10','2023-02-24 15:56:10',NULL),(473,8522,473,473,NULL,0,NULL,'2023-02-24 15:56:10','2023-02-24 15:56:10',NULL),(474,8522,474,474,NULL,0,NULL,'2023-02-24 15:56:10','2023-02-24 15:56:10',NULL),(475,8522,475,475,NULL,0,NULL,'2023-02-24 15:56:10','2023-02-24 15:56:10',NULL),(476,8522,476,476,NULL,0,NULL,'2023-02-24 15:56:10','2023-02-24 15:56:10',NULL),(477,8522,477,477,NULL,0,NULL,'2023-02-24 15:56:11','2023-02-24 15:56:11',NULL),(478,8522,478,478,NULL,0,NULL,'2023-02-24 15:56:11','2023-02-24 15:56:11',NULL),(479,8522,479,479,NULL,0,NULL,'2023-02-24 15:56:11','2023-02-24 15:56:11',NULL),(480,8522,480,480,NULL,0,NULL,'2023-02-24 15:56:11','2023-02-24 15:56:11',NULL),(481,8522,481,481,NULL,0,NULL,'2023-02-24 15:56:11','2023-02-24 15:56:11',NULL),(482,8522,482,482,NULL,0,NULL,'2023-02-24 15:56:11','2023-02-24 15:56:11',NULL),(483,8522,483,483,NULL,0,NULL,'2023-02-24 15:56:11','2023-02-24 15:56:11',NULL),(484,8522,484,484,NULL,0,NULL,'2023-02-24 15:56:11','2023-02-24 15:56:11',NULL),(485,8522,485,485,NULL,0,NULL,'2023-02-24 15:56:11','2023-02-24 15:56:11',NULL),(486,8522,486,486,NULL,0,NULL,'2023-02-24 15:56:11','2023-02-24 15:56:11',NULL),(487,8522,487,487,NULL,0,NULL,'2023-02-24 15:56:11','2023-02-24 15:56:11',NULL),(488,8522,488,488,NULL,0,NULL,'2023-02-24 15:56:11','2023-02-24 15:56:11',NULL),(489,8522,489,489,NULL,0,NULL,'2023-02-24 15:56:11','2023-02-24 15:56:11',NULL),(490,8522,490,490,NULL,0,NULL,'2023-02-24 15:56:11','2023-02-24 15:56:11',NULL),(491,8522,491,491,NULL,0,NULL,'2023-02-24 15:56:11','2023-02-24 15:56:11',NULL),(492,8522,492,492,NULL,0,NULL,'2023-02-24 15:56:11','2023-02-24 15:56:11',NULL),(493,8522,493,493,NULL,0,NULL,'2023-02-24 15:56:11','2023-02-24 15:56:11',NULL),(494,8522,494,494,NULL,0,NULL,'2023-02-24 15:56:11','2023-02-24 15:56:11',NULL),(495,8522,495,495,NULL,0,NULL,'2023-02-24 15:56:11','2023-02-24 15:56:11',NULL),(496,8522,496,496,NULL,0,NULL,'2023-02-24 15:56:11','2023-02-24 15:56:11',NULL),(873,NULL,873,873,NULL,0,NULL,'2023-02-24 16:16:35','2023-02-24 16:16:35',NULL),(874,NULL,874,874,NULL,0,NULL,'2023-02-24 16:16:35','2023-02-24 16:16:35',NULL),(875,NULL,875,875,NULL,0,NULL,'2023-02-24 16:16:35','2023-02-24 16:16:35',NULL),(876,NULL,876,876,NULL,0,NULL,'2023-02-24 16:16:35','2023-02-24 16:16:35',NULL),(877,NULL,877,877,NULL,0,NULL,'2023-02-24 16:16:35','2023-02-24 16:16:35',NULL);
INSERT INTO `cta_cte_cliente_pivot_receipt` VALUES (878,NULL,878,878,NULL,0,NULL,'2023-02-24 16:16:35','2023-02-24 16:16:35',NULL),(879,NULL,879,879,NULL,0,NULL,'2023-02-24 16:16:35','2023-02-24 16:16:35',NULL),(880,NULL,880,880,NULL,0,NULL,'2023-02-24 16:16:35','2023-02-24 16:16:35',NULL),(881,NULL,881,881,NULL,0,NULL,'2023-02-24 16:16:36','2023-02-24 16:16:36',NULL),(882,NULL,882,882,NULL,0,NULL,'2023-02-24 16:16:36','2023-02-24 16:16:36',NULL),(883,NULL,883,883,NULL,0,NULL,'2023-02-24 16:16:36','2023-02-24 16:16:36',NULL),(884,NULL,884,884,NULL,0,NULL,'2023-02-24 16:16:36','2023-02-24 16:16:36',NULL),(885,NULL,885,885,NULL,0,NULL,'2023-02-24 16:16:36','2023-02-24 16:16:36',NULL),(886,NULL,886,886,NULL,0,NULL,'2023-02-24 16:16:36','2023-02-24 16:16:36',NULL),(887,NULL,887,887,NULL,0,NULL,'2023-02-24 16:16:36','2023-02-24 16:16:36',NULL),(888,NULL,888,888,NULL,0,NULL,'2023-02-24 16:16:36','2023-02-24 16:16:36',NULL),(889,NULL,889,889,NULL,0,NULL,'2023-02-24 16:16:36','2023-02-24 16:16:36',NULL),(890,NULL,890,890,NULL,0,NULL,'2023-02-24 16:16:36','2023-02-24 16:16:36',NULL),(891,NULL,891,891,NULL,0,NULL,'2023-02-24 16:16:36','2023-02-24 16:16:36',NULL),(892,NULL,892,892,NULL,0,NULL,'2023-02-24 16:16:36','2023-02-24 16:16:36',NULL),(893,NULL,893,893,NULL,0,NULL,'2023-02-24 16:16:36','2023-02-24 16:16:36',NULL),(894,NULL,894,894,NULL,0,NULL,'2023-02-24 16:16:36','2023-02-24 16:16:36',NULL),(895,NULL,895,895,NULL,0,NULL,'2023-02-24 16:16:36','2023-02-24 16:16:36',NULL),(896,NULL,896,896,NULL,0,NULL,'2023-02-24 16:16:36','2023-02-24 16:16:36',NULL),(897,NULL,897,897,NULL,0,NULL,'2023-02-24 16:16:36','2023-02-24 16:16:36',NULL),(898,NULL,898,898,NULL,0,NULL,'2023-02-24 16:16:36','2023-02-24 16:16:36',NULL),(899,NULL,899,899,NULL,0,NULL,'2023-02-24 16:16:36','2023-02-24 16:16:36',NULL),(900,NULL,900,900,NULL,0,NULL,'2023-02-24 16:16:36','2023-02-24 16:16:36',NULL),(901,NULL,901,901,NULL,0,NULL,'2023-02-24 16:16:36','2023-02-24 16:16:36',NULL),(902,NULL,902,902,NULL,0,NULL,'2023-02-24 16:16:36','2023-02-24 16:16:36',NULL),(903,NULL,903,903,NULL,0,NULL,'2023-02-24 16:16:36','2023-02-24 16:16:36',NULL),(904,NULL,904,904,NULL,0,NULL,'2023-02-24 16:16:36','2023-02-24 16:16:36',NULL),(905,NULL,905,905,NULL,0,NULL,'2023-02-24 16:16:37','2023-02-24 16:16:37',NULL),(906,NULL,906,906,NULL,0,NULL,'2023-02-24 16:16:37','2023-02-24 16:16:37',NULL),(907,NULL,907,907,NULL,0,NULL,'2023-02-24 16:16:37','2023-02-24 16:16:37',NULL),(908,NULL,908,908,NULL,0,NULL,'2023-02-24 16:16:37','2023-02-24 16:16:37',NULL),(909,NULL,909,909,NULL,0,NULL,'2023-02-24 16:16:37','2023-02-24 16:16:37',NULL),(910,NULL,910,910,NULL,0,NULL,'2023-02-24 16:16:37','2023-02-24 16:16:37',NULL),(911,NULL,911,911,NULL,0,NULL,'2023-02-24 16:16:37','2023-02-24 16:16:37',NULL),(912,NULL,912,912,NULL,0,NULL,'2023-02-24 16:16:37','2023-02-24 16:16:37',NULL),(913,NULL,913,913,NULL,0,NULL,'2023-02-24 16:16:37','2023-02-24 16:16:37',NULL),(914,NULL,914,914,NULL,0,NULL,'2023-02-24 16:16:37','2023-02-24 16:16:37',NULL),(915,NULL,915,915,NULL,0,NULL,'2023-02-24 16:16:37','2023-02-24 16:16:37',NULL),(916,NULL,916,916,NULL,0,NULL,'2023-02-24 16:16:37','2023-02-24 16:16:37',NULL),(917,NULL,917,917,NULL,0,NULL,'2023-02-24 16:16:37','2023-02-24 16:16:37',NULL),(918,NULL,918,918,NULL,0,NULL,'2023-02-24 16:16:37','2023-02-24 16:16:37',NULL),(919,NULL,919,919,NULL,0,NULL,'2023-02-24 16:16:37','2023-02-24 16:16:37',NULL),(920,NULL,920,920,NULL,0,NULL,'2023-02-24 16:16:37','2023-02-24 16:16:37',NULL),(921,NULL,921,921,NULL,0,NULL,'2023-02-24 16:16:37','2023-02-24 16:16:37',NULL),(922,NULL,922,922,NULL,0,NULL,'2023-02-24 16:16:37','2023-02-24 16:16:37',NULL),(923,NULL,923,923,NULL,0,NULL,'2023-02-24 16:16:37','2023-02-24 16:16:37',NULL),(924,NULL,924,924,NULL,0,NULL,'2023-02-24 16:16:37','2023-02-24 16:16:37',NULL),(925,NULL,925,925,NULL,0,NULL,'2023-02-24 16:16:37','2023-02-24 16:16:37',NULL),(926,NULL,926,926,NULL,0,NULL,'2023-02-24 16:16:37','2023-02-24 16:16:37',NULL);
INSERT INTO `cta_cte_cliente_pivot_receipt` VALUES (927,NULL,927,927,NULL,0,NULL,'2023-02-24 16:16:37','2023-02-24 16:16:37',NULL),(928,NULL,928,928,NULL,0,NULL,'2023-02-24 16:16:37','2023-02-24 16:16:37',NULL),(929,NULL,929,929,NULL,0,NULL,'2023-02-24 16:16:37','2023-02-24 16:16:37',NULL),(930,NULL,930,930,NULL,0,NULL,'2023-02-24 16:16:37','2023-02-24 16:16:37',NULL),(931,NULL,931,931,NULL,0,NULL,'2023-02-24 16:16:37','2023-02-24 16:16:37',NULL),(932,NULL,932,932,NULL,0,NULL,'2023-02-24 16:16:38','2023-02-24 16:16:38',NULL),(933,NULL,933,933,NULL,0,NULL,'2023-02-24 16:16:38','2023-02-24 16:16:38',NULL),(934,NULL,934,934,NULL,0,NULL,'2023-02-24 16:16:38','2023-02-24 16:16:38',NULL),(935,NULL,935,935,NULL,0,NULL,'2023-02-24 16:16:38','2023-02-24 16:16:38',NULL),(936,NULL,936,936,NULL,0,NULL,'2023-02-24 16:16:38','2023-02-24 16:16:38',NULL),(937,NULL,937,937,NULL,0,NULL,'2023-02-24 16:16:38','2023-02-24 16:16:38',NULL),(938,NULL,938,938,NULL,0,NULL,'2023-02-24 16:16:38','2023-02-24 16:16:38',NULL),(939,NULL,939,939,NULL,0,NULL,'2023-02-24 16:16:38','2023-02-24 16:16:38',NULL),(940,NULL,940,940,NULL,0,NULL,'2023-02-24 16:16:38','2023-02-24 16:16:38',NULL),(941,NULL,941,941,NULL,0,NULL,'2023-02-24 16:16:38','2023-02-24 16:16:38',NULL),(942,NULL,942,942,NULL,0,NULL,'2023-02-24 16:16:38','2023-02-24 16:16:38',NULL),(943,NULL,943,943,NULL,0,NULL,'2023-02-24 16:16:38','2023-02-24 16:16:38',NULL),(944,NULL,944,944,NULL,0,NULL,'2023-02-24 16:16:38','2023-02-24 16:16:38',NULL),(945,NULL,945,945,NULL,0,NULL,'2023-02-24 16:16:38','2023-02-24 16:16:38',NULL),(946,NULL,946,946,NULL,0,NULL,'2023-02-24 16:16:38','2023-02-24 16:16:38',NULL),(947,NULL,947,947,NULL,0,NULL,'2023-02-24 16:16:38','2023-02-24 16:16:38',NULL),(948,NULL,948,948,NULL,0,NULL,'2023-02-24 16:16:38','2023-02-24 16:16:38',NULL),(949,NULL,949,949,NULL,0,NULL,'2023-02-24 16:16:38','2023-02-24 16:16:38',NULL),(950,NULL,950,950,NULL,0,NULL,'2023-02-24 16:16:38','2023-02-24 16:16:38',NULL),(951,NULL,951,951,NULL,0,NULL,'2023-02-24 16:16:38','2023-02-24 16:16:38',NULL),(952,NULL,952,952,NULL,0,NULL,'2023-02-24 16:16:38','2023-02-24 16:16:38',NULL),(953,NULL,953,953,NULL,0,NULL,'2023-02-24 16:16:38','2023-02-24 16:16:38',NULL),(954,NULL,954,954,NULL,0,NULL,'2023-02-24 16:16:38','2023-02-24 16:16:38',NULL),(955,NULL,955,955,NULL,0,NULL,'2023-02-24 16:16:38','2023-02-24 16:16:38',NULL),(956,NULL,956,956,NULL,0,NULL,'2023-02-24 16:16:38','2023-02-24 16:16:38',NULL),(957,NULL,957,957,NULL,0,NULL,'2023-02-24 16:16:38','2023-02-24 16:16:38',NULL),(958,NULL,958,958,NULL,0,NULL,'2023-02-24 16:16:38','2023-02-24 16:16:38',NULL),(959,NULL,959,959,NULL,0,NULL,'2023-02-24 16:16:38','2023-02-24 16:16:38',NULL),(960,NULL,960,960,NULL,0,NULL,'2023-02-24 16:16:38','2023-02-24 16:16:38',NULL),(961,NULL,961,961,NULL,0,NULL,'2023-02-24 16:16:39','2023-02-24 16:16:39',NULL),(962,NULL,962,962,NULL,0,NULL,'2023-02-24 16:16:39','2023-02-24 16:16:39',NULL),(963,NULL,963,963,NULL,0,NULL,'2023-02-24 16:16:39','2023-02-24 16:16:39',NULL),(964,NULL,964,964,NULL,0,NULL,'2023-02-24 16:16:39','2023-02-24 16:16:39',NULL),(965,NULL,965,965,NULL,0,NULL,'2023-02-24 16:16:39','2023-02-24 16:16:39',NULL),(966,NULL,966,966,NULL,0,NULL,'2023-02-24 16:16:39','2023-02-24 16:16:39',NULL),(967,NULL,967,967,NULL,0,NULL,'2023-02-24 16:16:39','2023-02-24 16:16:39',NULL),(968,NULL,968,968,NULL,0,NULL,'2023-02-24 16:16:39','2023-02-24 16:16:39',NULL),(969,NULL,969,969,NULL,0,NULL,'2023-02-24 16:16:39','2023-02-24 16:16:39',NULL),(970,NULL,970,970,NULL,0,NULL,'2023-02-24 16:16:39','2023-02-24 16:16:39',NULL),(971,NULL,971,971,NULL,0,NULL,'2023-02-24 16:16:39','2023-02-24 16:16:39',NULL),(972,NULL,972,972,NULL,0,NULL,'2023-02-24 16:16:39','2023-02-24 16:16:39',NULL),(973,NULL,973,973,NULL,0,NULL,'2023-02-24 16:16:39','2023-02-24 16:16:39',NULL),(974,NULL,974,974,NULL,0,NULL,'2023-02-24 16:16:39','2023-02-24 16:16:39',NULL),(975,NULL,975,975,NULL,0,NULL,'2023-02-24 16:16:39','2023-02-24 16:16:39',NULL);
INSERT INTO `cta_cte_cliente_pivot_receipt` VALUES (976,NULL,976,976,NULL,0,NULL,'2023-02-24 16:16:39','2023-02-24 16:16:39',NULL),(977,NULL,977,977,NULL,0,NULL,'2023-02-24 16:16:39','2023-02-24 16:16:39',NULL),(978,NULL,978,978,NULL,0,NULL,'2023-02-24 16:16:39','2023-02-24 16:16:39',NULL),(979,NULL,979,979,NULL,0,NULL,'2023-02-24 16:16:39','2023-02-24 16:16:39',NULL),(980,NULL,980,980,NULL,0,NULL,'2023-02-24 16:16:39','2023-02-24 16:16:39',NULL),(981,NULL,981,981,NULL,0,NULL,'2023-02-24 16:16:39','2023-02-24 16:16:39',NULL),(982,NULL,982,982,NULL,0,NULL,'2023-02-24 16:16:39','2023-02-24 16:16:39',NULL),(983,NULL,983,983,NULL,0,NULL,'2023-02-24 16:16:39','2023-02-24 16:16:39',NULL),(984,NULL,984,984,NULL,0,NULL,'2023-02-24 16:16:39','2023-02-24 16:16:39',NULL),(985,NULL,985,985,NULL,0,NULL,'2023-02-24 16:16:40','2023-02-24 16:16:40',NULL),(986,NULL,986,986,NULL,0,NULL,'2023-02-24 16:16:40','2023-02-24 16:16:40',NULL),(987,NULL,987,987,NULL,0,NULL,'2023-02-24 16:16:40','2023-02-24 16:16:40',NULL),(988,NULL,988,988,NULL,0,NULL,'2023-02-24 16:16:40','2023-02-24 16:16:40',NULL),(989,NULL,989,989,NULL,0,NULL,'2023-02-24 16:16:40','2023-02-24 16:16:40',NULL),(990,NULL,990,990,NULL,0,NULL,'2023-02-24 16:16:40','2023-02-24 16:16:40',NULL),(991,NULL,991,991,NULL,0,NULL,'2023-02-24 16:16:40','2023-02-24 16:16:40',NULL),(992,NULL,992,992,NULL,0,NULL,'2023-02-24 16:16:40','2023-02-24 16:16:40',NULL),(993,NULL,993,993,NULL,0,NULL,'2023-02-24 16:16:40','2023-02-24 16:16:40',NULL),(994,NULL,994,994,NULL,0,NULL,'2023-02-24 16:16:40','2023-02-24 16:16:40',NULL),(995,NULL,995,995,NULL,0,NULL,'2023-02-24 16:16:40','2023-02-24 16:16:40',NULL),(996,NULL,996,996,NULL,0,NULL,'2023-02-24 16:16:40','2023-02-24 16:16:40',NULL),(997,NULL,997,997,NULL,0,NULL,'2023-02-24 16:16:40','2023-02-24 16:16:40',NULL),(998,NULL,998,998,NULL,0,NULL,'2023-02-24 16:16:40','2023-02-24 16:16:40',NULL),(999,NULL,999,999,NULL,0,NULL,'2023-02-24 16:16:41','2023-02-24 16:16:41',NULL),(1000,NULL,1000,1000,NULL,0,NULL,'2023-02-24 16:16:41','2023-02-24 16:16:41',NULL),(1001,NULL,1001,1001,NULL,0,NULL,'2023-02-24 16:16:41','2023-02-24 16:16:41',NULL),(1002,NULL,1002,1002,NULL,0,NULL,'2023-02-24 16:16:41','2023-02-24 16:16:41',NULL),(1003,NULL,1003,1003,NULL,0,NULL,'2023-02-24 16:16:41','2023-02-24 16:16:41',NULL),(1004,NULL,1004,1004,NULL,0,NULL,'2023-02-24 16:16:41','2023-02-24 16:16:41',NULL),(1005,NULL,1005,1005,NULL,0,NULL,'2023-02-24 16:16:41','2023-02-24 16:16:41',NULL),(1006,NULL,1006,1006,NULL,0,NULL,'2023-02-24 16:16:41','2023-02-24 16:16:41',NULL),(1007,NULL,1007,1007,NULL,0,NULL,'2023-02-24 16:16:41','2023-02-24 16:16:41',NULL),(1008,NULL,1008,1008,NULL,0,NULL,'2023-02-24 16:16:41','2023-02-24 16:16:41',NULL),(1009,NULL,1009,1009,NULL,0,NULL,'2023-02-24 16:16:41','2023-02-24 16:16:41',NULL),(1010,NULL,1010,1010,NULL,0,NULL,'2023-02-24 16:16:41','2023-02-24 16:16:41',NULL),(1011,NULL,1011,1011,NULL,0,NULL,'2023-02-24 16:16:41','2023-02-24 16:16:41',NULL),(1012,NULL,1012,1012,NULL,0,NULL,'2023-02-24 16:16:41','2023-02-24 16:16:41',NULL),(1013,NULL,1013,1013,NULL,0,NULL,'2023-02-24 16:16:41','2023-02-24 16:16:41',NULL),(1014,NULL,1014,1014,NULL,0,NULL,'2023-02-24 16:16:41','2023-02-24 16:16:41',NULL),(1015,NULL,1015,1015,NULL,0,NULL,'2023-02-24 16:16:41','2023-02-24 16:16:41',NULL),(1016,NULL,1016,1016,NULL,0,NULL,'2023-02-24 16:16:42','2023-02-24 16:16:42',NULL),(1017,NULL,1017,1017,NULL,0,NULL,'2023-02-24 16:16:42','2023-02-24 16:16:42',NULL),(1018,NULL,1018,1018,NULL,0,NULL,'2023-02-24 16:16:42','2023-02-24 16:16:42',NULL),(1019,NULL,1019,1019,NULL,0,NULL,'2023-02-24 16:16:42','2023-02-24 16:16:42',NULL),(1020,NULL,1020,1020,NULL,0,NULL,'2023-02-24 16:16:42','2023-02-24 16:16:42',NULL),(1021,NULL,1021,1021,NULL,0,NULL,'2023-02-24 16:16:42','2023-02-24 16:16:42',NULL),(1022,NULL,1022,1022,NULL,0,NULL,'2023-02-24 16:16:42','2023-02-24 16:16:42',NULL),(1023,NULL,1023,1023,NULL,0,NULL,'2023-02-24 16:16:42','2023-02-24 16:16:42',NULL);
INSERT INTO `cta_cte_cliente_pivot_receipt` VALUES (1024,NULL,1024,1024,NULL,0,NULL,'2023-02-24 16:16:42','2023-02-24 16:16:42',NULL),(1025,NULL,1025,1025,NULL,0,NULL,'2023-02-24 16:16:42','2023-02-24 16:16:42',NULL),(1026,NULL,1026,1026,NULL,0,NULL,'2023-02-24 16:16:42','2023-02-24 16:16:42',NULL),(1027,NULL,1027,1027,NULL,0,NULL,'2023-02-24 16:16:42','2023-02-24 16:16:42',NULL),(1028,NULL,1028,1028,NULL,0,NULL,'2023-02-24 16:16:42','2023-02-24 16:16:42',NULL),(1029,NULL,1029,1029,NULL,0,NULL,'2023-02-24 16:16:42','2023-02-24 16:16:42',NULL),(1030,NULL,1030,1030,NULL,0,NULL,'2023-02-24 16:16:42','2023-02-24 16:16:42',NULL),(1031,NULL,1031,1031,NULL,0,NULL,'2023-02-24 16:16:42','2023-02-24 16:16:42',NULL),(1032,NULL,1032,1032,NULL,0,NULL,'2023-02-24 16:16:42','2023-02-24 16:16:42',NULL),(1033,NULL,1033,1033,NULL,0,NULL,'2023-02-24 16:16:42','2023-02-24 16:16:42',NULL),(1034,NULL,1034,1034,NULL,0,NULL,'2023-02-24 16:16:42','2023-02-24 16:16:42',NULL),(1035,NULL,1035,1035,NULL,0,NULL,'2023-02-24 16:16:42','2023-02-24 16:16:42',NULL),(1036,NULL,1036,1036,NULL,0,NULL,'2023-02-24 16:16:42','2023-02-24 16:16:42',NULL),(1037,NULL,1037,1037,NULL,0,NULL,'2023-02-24 16:16:42','2023-02-24 16:16:42',NULL),(1038,NULL,1038,1038,NULL,0,NULL,'2023-02-24 16:16:42','2023-02-24 16:16:42',NULL),(1039,NULL,1039,1039,NULL,0,NULL,'2023-02-24 16:16:42','2023-02-24 16:16:42',NULL),(1040,NULL,1040,1040,NULL,0,NULL,'2023-02-24 16:16:42','2023-02-24 16:16:42',NULL),(1041,NULL,1041,1041,NULL,0,NULL,'2023-02-24 16:16:42','2023-02-24 16:16:42',NULL),(1042,NULL,1042,1042,NULL,0,NULL,'2023-02-24 16:16:42','2023-02-24 16:16:42',NULL),(1043,NULL,1043,1043,NULL,0,NULL,'2023-02-24 16:16:42','2023-02-24 16:16:42',NULL),(1044,NULL,1044,1044,NULL,0,NULL,'2023-02-24 16:16:42','2023-02-24 16:16:42',NULL),(1045,NULL,1045,1045,NULL,0,NULL,'2023-02-24 16:16:43','2023-02-24 16:16:43',NULL),(1046,NULL,1046,1046,NULL,0,NULL,'2023-02-24 16:16:43','2023-02-24 16:16:43',NULL),(1047,NULL,1047,1047,NULL,0,NULL,'2023-02-24 16:16:43','2023-02-24 16:16:43',NULL),(1048,NULL,1048,1048,NULL,0,NULL,'2023-02-24 16:16:43','2023-02-24 16:16:43',NULL),(1049,NULL,1049,1049,NULL,0,NULL,'2023-02-24 16:16:43','2023-02-24 16:16:43',NULL),(1050,NULL,1050,1050,NULL,0,NULL,'2023-02-24 16:16:43','2023-02-24 16:16:43',NULL),(1051,NULL,1051,1051,NULL,0,NULL,'2023-02-24 16:16:43','2023-02-24 16:16:43',NULL),(1052,NULL,1052,1052,NULL,0,NULL,'2023-02-24 16:16:43','2023-02-24 16:16:43',NULL),(1053,NULL,1053,1053,NULL,0,NULL,'2023-02-24 16:16:43','2023-02-24 16:16:43',NULL),(1054,NULL,1054,1054,NULL,0,NULL,'2023-02-24 16:16:43','2023-02-24 16:16:43',NULL),(1055,NULL,1055,1055,NULL,0,NULL,'2023-02-24 16:16:43','2023-02-24 16:16:43',NULL),(1056,NULL,1056,1056,NULL,0,NULL,'2023-02-24 16:16:43','2023-02-24 16:16:43',NULL),(1057,NULL,1057,1057,NULL,0,NULL,'2023-02-24 16:16:43','2023-02-24 16:16:43',NULL),(1058,NULL,1058,1058,NULL,0,NULL,'2023-02-24 16:16:43','2023-02-24 16:16:43',NULL),(1059,NULL,1059,1059,NULL,0,NULL,'2023-02-24 16:16:43','2023-02-24 16:16:43',NULL),(1060,NULL,1060,1060,NULL,0,NULL,'2023-02-24 16:16:43','2023-02-24 16:16:43',NULL),(1061,NULL,1061,1061,NULL,0,NULL,'2023-02-24 16:16:43','2023-02-24 16:16:43',NULL),(1062,NULL,1062,1062,NULL,0,NULL,'2023-02-24 16:16:43','2023-02-24 16:16:43',NULL),(1063,NULL,1063,1063,NULL,0,NULL,'2023-02-24 16:16:43','2023-02-24 16:16:43',NULL),(1064,NULL,1064,1064,NULL,0,NULL,'2023-02-24 16:16:43','2023-02-24 16:16:43',NULL),(1065,NULL,1065,1065,NULL,0,NULL,'2023-02-24 16:16:43','2023-02-24 16:16:43',NULL),(1066,NULL,1066,1066,NULL,0,NULL,'2023-02-24 16:16:43','2023-02-24 16:16:43',NULL),(1067,NULL,1067,1067,NULL,0,NULL,'2023-02-24 16:16:43','2023-02-24 16:16:43',NULL),(1068,NULL,1068,1068,NULL,0,NULL,'2023-02-24 16:16:43','2023-02-24 16:16:43',NULL),(1069,NULL,1069,1069,NULL,0,NULL,'2023-02-24 16:16:43','2023-02-24 16:16:43',NULL),(1070,NULL,1070,1070,NULL,0,NULL,'2023-02-24 16:16:43','2023-02-24 16:16:43',NULL),(1071,NULL,1071,1071,NULL,0,NULL,'2023-02-24 16:16:43','2023-02-24 16:16:43',NULL);
INSERT INTO `cta_cte_cliente_pivot_receipt` VALUES (1072,NULL,1072,1072,NULL,0,NULL,'2023-02-24 16:16:44','2023-02-24 16:16:44',NULL),(1073,NULL,1073,1073,NULL,0,NULL,'2023-02-24 16:16:44','2023-02-24 16:16:44',NULL),(1074,NULL,1074,1074,NULL,0,NULL,'2023-02-24 16:16:44','2023-02-24 16:16:44',NULL),(1075,NULL,1075,1075,NULL,0,NULL,'2023-02-24 16:16:44','2023-02-24 16:16:44',NULL),(1076,NULL,1076,1076,NULL,0,NULL,'2023-02-24 16:16:44','2023-02-24 16:16:44',NULL),(1077,NULL,1077,1077,NULL,0,NULL,'2023-02-24 16:16:44','2023-02-24 16:16:44',NULL),(1078,NULL,1078,1078,NULL,0,NULL,'2023-02-24 16:16:44','2023-02-24 16:16:44',NULL),(1079,NULL,1079,1079,NULL,0,NULL,'2023-02-24 16:16:44','2023-02-24 16:16:44',NULL),(1080,NULL,1080,1080,NULL,0,NULL,'2023-02-24 16:16:44','2023-02-24 16:16:44',NULL),(1081,NULL,1081,1081,NULL,0,NULL,'2023-02-24 16:16:44','2023-02-24 16:16:44',NULL),(1082,NULL,1082,1082,NULL,0,NULL,'2023-02-24 16:16:44','2023-02-24 16:16:44',NULL),(1083,NULL,1083,1083,NULL,0,NULL,'2023-02-24 16:16:44','2023-02-24 16:16:44',NULL),(1084,NULL,1084,1084,NULL,0,NULL,'2023-02-24 16:16:44','2023-02-24 16:16:44',NULL),(1085,NULL,1085,1085,NULL,0,NULL,'2023-02-24 16:16:44','2023-02-24 16:16:44',NULL),(1086,NULL,1086,1086,NULL,0,NULL,'2023-02-24 16:16:44','2023-02-24 16:16:44',NULL),(1087,NULL,1087,1087,NULL,0,NULL,'2023-02-24 16:16:44','2023-02-24 16:16:44',NULL),(1088,NULL,1088,1088,NULL,0,NULL,'2023-02-24 16:16:44','2023-02-24 16:16:44',NULL),(1089,NULL,1089,1089,NULL,0,NULL,'2023-02-24 16:16:44','2023-02-24 16:16:44',NULL),(1090,NULL,1090,1090,NULL,0,NULL,'2023-02-24 16:16:44','2023-02-24 16:16:44',NULL),(1091,NULL,1091,1091,NULL,0,NULL,'2023-02-24 16:16:44','2023-02-24 16:16:44',NULL),(1092,NULL,1092,1092,NULL,0,NULL,'2023-02-24 16:16:44','2023-02-24 16:16:44',NULL),(1093,NULL,1093,1093,NULL,0,NULL,'2023-02-24 16:16:44','2023-02-24 16:16:44',NULL),(1094,NULL,1094,1094,NULL,0,NULL,'2023-02-24 16:16:44','2023-02-24 16:16:44',NULL),(1095,NULL,1095,1095,NULL,0,NULL,'2023-02-24 16:16:44','2023-02-24 16:16:44',NULL),(1096,NULL,1096,1096,NULL,0,NULL,'2023-02-24 16:16:44','2023-02-24 16:16:44',NULL),(1097,NULL,1097,1097,NULL,0,NULL,'2023-02-24 16:16:44','2023-02-24 16:16:44',NULL),(1098,NULL,1098,1098,NULL,0,NULL,'2023-02-24 16:16:44','2023-02-24 16:16:44',NULL),(1099,NULL,1099,1099,NULL,0,NULL,'2023-02-24 16:16:45','2023-02-24 16:16:45',NULL),(1100,NULL,1100,1100,NULL,0,NULL,'2023-02-24 16:16:45','2023-02-24 16:16:45',NULL),(1101,NULL,1101,1101,NULL,0,NULL,'2023-02-24 16:16:45','2023-02-24 16:16:45',NULL),(1102,NULL,1102,1102,NULL,0,NULL,'2023-02-24 16:16:45','2023-02-24 16:16:45',NULL),(1103,NULL,1103,1103,NULL,0,NULL,'2023-02-24 16:16:45','2023-02-24 16:16:45',NULL),(1104,NULL,1104,1104,NULL,0,NULL,'2023-02-24 16:16:45','2023-02-24 16:16:45',NULL),(1105,NULL,1105,1105,NULL,0,NULL,'2023-02-24 16:16:45','2023-02-24 16:16:45',NULL),(1106,NULL,1106,1106,NULL,0,NULL,'2023-02-24 16:16:45','2023-02-24 16:16:45',NULL),(1107,NULL,1107,1107,NULL,0,NULL,'2023-02-24 16:16:45','2023-02-24 16:16:45',NULL),(1108,NULL,1108,1108,NULL,0,NULL,'2023-02-24 16:16:45','2023-02-24 16:16:45',NULL),(1109,NULL,1109,1109,NULL,0,NULL,'2023-02-24 16:16:45','2023-02-24 16:16:45',NULL),(1110,NULL,1110,1110,NULL,0,NULL,'2023-02-24 16:16:45','2023-02-24 16:16:45',NULL),(1111,NULL,1111,1111,NULL,0,NULL,'2023-02-24 16:16:45','2023-02-24 16:16:45',NULL),(1112,NULL,1112,1112,NULL,0,NULL,'2023-02-24 16:16:45','2023-02-24 16:16:45',NULL),(1113,NULL,1113,1113,NULL,0,NULL,'2023-02-24 16:16:45','2023-02-24 16:16:45',NULL),(1114,NULL,1114,1114,NULL,0,NULL,'2023-02-24 16:16:45','2023-02-24 16:16:45',NULL),(1115,NULL,1115,1115,NULL,0,NULL,'2023-02-24 16:16:45','2023-02-24 16:16:45',NULL),(1116,NULL,1116,1116,NULL,0,NULL,'2023-02-24 16:16:45','2023-02-24 16:16:45',NULL),(1117,NULL,1117,1117,NULL,0,NULL,'2023-02-24 16:16:45','2023-02-24 16:16:45',NULL),(1118,NULL,1118,1118,NULL,0,NULL,'2023-02-24 16:16:45','2023-02-24 16:16:45',NULL),(1119,NULL,1119,1119,NULL,0,NULL,'2023-02-24 16:16:45','2023-02-24 16:16:45',NULL);
INSERT INTO `cta_cte_cliente_pivot_receipt` VALUES (1120,NULL,1120,1120,NULL,0,NULL,'2023-02-24 16:16:45','2023-02-24 16:16:45',NULL),(1121,NULL,1121,1121,NULL,0,NULL,'2023-02-24 16:16:45','2023-02-24 16:16:45',NULL),(1122,NULL,1122,1122,NULL,0,NULL,'2023-02-24 16:16:45','2023-02-24 16:16:45',NULL),(1123,8522,1123,1129,NULL,0,NULL,'2023-02-27 11:33:10','2023-02-27 11:33:10',NULL),(1124,8522,1124,1130,NULL,0,NULL,'2023-02-27 11:33:10','2023-02-27 11:33:10',NULL),(1125,8522,1125,1131,NULL,0,NULL,'2023-02-27 11:33:10','2023-02-27 11:33:10',NULL),(1126,8522,1126,1132,NULL,0,NULL,'2023-02-27 11:33:10','2023-02-27 11:33:10',NULL),(1127,8522,1127,1133,NULL,0,NULL,'2023-02-27 11:33:11','2023-02-27 11:33:11',NULL),(1128,8522,1128,1134,NULL,0,NULL,'2023-02-27 11:33:11','2023-02-27 11:33:11',NULL),(1129,8522,1129,1135,NULL,0,NULL,'2023-02-27 11:33:11','2023-02-27 11:33:11',NULL),(1130,8522,1130,1136,NULL,0,NULL,'2023-02-27 11:33:11','2023-02-27 11:33:11',NULL),(1131,8522,1131,1137,NULL,0,NULL,'2023-02-27 11:33:11','2023-02-27 11:33:11',NULL),(1132,8522,1132,1138,NULL,0,NULL,'2023-02-27 11:33:11','2023-02-27 11:33:11',NULL),(1133,8522,1133,1139,NULL,0,NULL,'2023-02-27 11:33:11','2023-02-27 11:33:11',NULL),(1134,8522,1134,1140,NULL,0,NULL,'2023-02-27 11:33:11','2023-02-27 11:33:11',NULL),(1135,8522,1135,1141,NULL,0,NULL,'2023-02-27 11:33:11','2023-02-27 11:33:11',NULL),(1136,8522,1136,1142,NULL,0,NULL,'2023-02-27 11:33:11','2023-02-27 11:33:11',NULL),(1137,8522,1137,1143,NULL,0,NULL,'2023-02-27 11:33:11','2023-02-27 11:33:11',NULL),(1138,8522,1138,1144,NULL,0,NULL,'2023-02-27 11:33:11','2023-02-27 11:33:11',NULL),(1139,8522,1139,1145,NULL,0,NULL,'2023-02-27 11:33:11','2023-02-27 11:33:11',NULL),(1140,8522,1140,1146,NULL,0,NULL,'2023-02-27 11:33:11','2023-02-27 11:33:11',NULL),(1141,8522,1141,1147,NULL,0,NULL,'2023-02-27 11:33:11','2023-02-27 11:33:11',NULL),(1142,8522,1142,1148,NULL,0,NULL,'2023-02-27 11:33:11','2023-02-27 11:33:11',NULL),(1143,8522,1143,1149,NULL,0,NULL,'2023-02-27 11:33:11','2023-02-27 11:33:11',NULL),(1144,8522,1144,1150,NULL,0,NULL,'2023-02-27 11:33:11','2023-02-27 11:33:11',NULL),(1145,8522,1145,1151,NULL,0,NULL,'2023-02-27 11:33:11','2023-02-27 11:33:11',NULL),(1146,8522,1146,1152,NULL,0,NULL,'2023-02-27 11:33:12','2023-02-27 11:33:12',NULL),(1147,8522,1147,1153,NULL,0,NULL,'2023-02-27 11:33:12','2023-02-27 11:33:12',NULL),(1148,8522,1148,1154,NULL,0,NULL,'2023-02-27 11:33:12','2023-02-27 11:33:12',NULL),(1149,8522,1149,1155,NULL,0,NULL,'2023-02-27 11:33:12','2023-02-27 11:33:12',NULL),(1150,8522,1150,1156,NULL,0,NULL,'2023-02-27 11:33:12','2023-02-27 11:33:12',NULL),(1151,8522,1151,1157,NULL,0,NULL,'2023-02-27 11:33:12','2023-02-27 11:33:12',NULL),(1152,8522,1152,1158,NULL,0,NULL,'2023-02-27 11:33:12','2023-02-27 11:33:12',NULL),(1153,8522,1153,1159,NULL,0,NULL,'2023-02-27 11:33:12','2023-02-27 11:33:12',NULL),(1154,8522,1154,1160,NULL,0,NULL,'2023-02-27 11:33:12','2023-02-27 11:33:12',NULL),(1155,8522,1155,1161,NULL,0,NULL,'2023-02-27 11:33:12','2023-02-27 11:33:12',NULL),(1156,8522,1156,1162,NULL,0,NULL,'2023-02-27 11:33:12','2023-02-27 11:33:12',NULL),(1157,8522,1157,1163,NULL,0,NULL,'2023-02-27 11:33:12','2023-02-27 11:33:12',NULL),(1158,8522,1158,1164,NULL,0,NULL,'2023-02-27 11:33:12','2023-02-27 11:33:12',NULL),(1159,8522,1159,1165,NULL,0,NULL,'2023-02-27 11:33:12','2023-02-27 11:33:12',NULL),(1160,8522,1160,1166,NULL,0,NULL,'2023-02-27 11:33:12','2023-02-27 11:33:12',NULL),(1161,8522,1161,1167,NULL,0,NULL,'2023-02-27 11:33:12','2023-02-27 11:33:12',NULL),(1162,8522,1162,1168,NULL,0,NULL,'2023-02-27 11:33:12','2023-02-27 11:33:12',NULL),(1163,8522,1163,1169,NULL,0,NULL,'2023-02-27 11:33:12','2023-02-27 11:33:12',NULL),(1164,8522,1164,1170,NULL,0,NULL,'2023-02-27 11:33:13','2023-02-27 11:33:13',NULL),(1165,8522,1165,1171,NULL,0,NULL,'2023-02-27 11:33:13','2023-02-27 11:33:13',NULL),(1166,8522,1166,1172,NULL,0,NULL,'2023-02-27 11:33:13','2023-02-27 11:33:13',NULL),(1167,8522,1167,1173,NULL,0,NULL,'2023-02-27 11:33:13','2023-02-27 11:33:13',NULL);
INSERT INTO `cta_cte_cliente_pivot_receipt` VALUES (1168,8522,1168,1174,NULL,0,NULL,'2023-02-27 11:33:13','2023-02-27 11:33:13',NULL),(1169,8522,1169,1175,NULL,0,NULL,'2023-02-27 11:33:13','2023-02-27 11:33:13',NULL),(1170,8522,1170,1176,NULL,0,NULL,'2023-02-27 11:33:13','2023-02-27 11:33:13',NULL),(1171,8522,1171,1177,NULL,0,NULL,'2023-02-27 11:33:13','2023-02-27 11:33:13',NULL),(1172,8522,1172,1178,NULL,0,NULL,'2023-02-27 11:33:13','2023-02-27 11:33:13',NULL),(1173,8522,1173,1179,NULL,0,NULL,'2023-02-27 11:33:13','2023-02-27 11:33:13',NULL),(1174,8522,1174,1180,NULL,0,NULL,'2023-02-27 11:33:13','2023-02-27 11:33:13',NULL),(1175,8522,1175,1181,NULL,0,NULL,'2023-02-27 11:33:13','2023-02-27 11:33:13',NULL),(1176,8522,1176,1182,NULL,0,NULL,'2023-02-27 11:33:13','2023-02-27 11:33:13',NULL),(1177,8522,1177,1183,NULL,0,NULL,'2023-02-27 11:33:13','2023-02-27 11:33:13',NULL),(1178,8522,1178,1184,NULL,0,NULL,'2023-02-27 11:33:14','2023-02-27 11:33:14',NULL),(1179,8522,1179,1185,NULL,0,NULL,'2023-02-27 11:33:14','2023-02-27 11:33:14',NULL),(1180,8522,1180,1186,NULL,0,NULL,'2023-02-27 11:33:14','2023-02-27 11:33:14',NULL),(1181,8522,1181,1187,NULL,0,NULL,'2023-02-27 11:33:14','2023-02-27 11:33:14',NULL),(1182,8522,1182,1188,NULL,0,NULL,'2023-02-27 11:33:14','2023-02-27 11:33:14',NULL),(1183,8522,1183,1189,NULL,0,NULL,'2023-02-27 11:33:14','2023-02-27 11:33:14',NULL),(1184,8522,1184,1190,NULL,0,NULL,'2023-02-27 11:33:14','2023-02-27 11:33:14',NULL),(1185,8522,1185,1191,NULL,0,NULL,'2023-02-27 11:33:14','2023-02-27 11:33:14',NULL),(1186,8522,1186,1192,NULL,0,NULL,'2023-02-27 11:33:14','2023-02-27 11:33:14',NULL),(1187,8522,1187,1193,NULL,0,NULL,'2023-02-27 11:33:14','2023-02-27 11:33:14',NULL),(1188,8522,1188,1194,NULL,0,NULL,'2023-02-27 11:33:14','2023-02-27 11:33:14',NULL),(1189,8522,1189,1195,NULL,0,NULL,'2023-02-27 11:33:14','2023-02-27 11:33:14',NULL),(1190,8522,1190,1196,NULL,0,NULL,'2023-02-27 11:33:14','2023-02-27 11:33:14',NULL),(1191,8522,1191,1197,NULL,0,NULL,'2023-02-27 11:33:14','2023-02-27 11:33:14',NULL),(1192,8522,1192,1198,NULL,0,NULL,'2023-02-27 11:33:14','2023-02-27 11:33:14',NULL),(1193,8522,1193,1199,NULL,0,NULL,'2023-02-27 11:33:14','2023-02-27 11:33:14',NULL),(1194,8522,1194,1200,NULL,0,NULL,'2023-02-27 11:33:14','2023-02-27 11:33:14',NULL),(1195,8522,1195,1201,NULL,0,NULL,'2023-02-27 11:33:14','2023-02-27 11:33:14',NULL),(1196,8522,1196,1202,NULL,0,NULL,'2023-02-27 11:33:14','2023-02-27 11:33:14',NULL),(1197,8522,1197,1203,NULL,0,NULL,'2023-02-27 11:33:14','2023-02-27 11:33:14',NULL),(1198,8522,1198,1204,NULL,0,NULL,'2023-02-27 11:33:15','2023-02-27 11:33:15',NULL),(1199,8522,1199,1205,NULL,0,NULL,'2023-02-27 11:33:15','2023-02-27 11:33:15',NULL),(1200,8522,1200,1206,NULL,0,NULL,'2023-02-27 11:33:15','2023-02-27 11:33:15',NULL),(1201,8522,1201,1207,NULL,0,NULL,'2023-02-27 11:33:15','2023-02-27 11:33:15',NULL),(1202,8522,1202,1208,NULL,0,NULL,'2023-02-27 11:33:15','2023-02-27 11:33:15',NULL),(1203,8522,1203,1209,NULL,0,NULL,'2023-02-27 11:33:15','2023-02-27 11:33:15',NULL),(1204,8522,1204,1210,NULL,0,NULL,'2023-02-27 11:33:15','2023-02-27 11:33:15',NULL),(1205,8522,1205,1211,NULL,0,NULL,'2023-02-27 11:33:15','2023-02-27 11:33:15',NULL),(1206,8522,1206,1212,NULL,0,NULL,'2023-02-27 11:33:15','2023-02-27 11:33:15',NULL),(1207,8522,1207,1213,NULL,0,NULL,'2023-02-27 11:33:15','2023-02-27 11:33:15',NULL),(1208,8522,1208,1214,NULL,0,NULL,'2023-02-27 11:33:15','2023-02-27 11:33:15',NULL),(1209,8522,1209,1215,NULL,0,NULL,'2023-02-27 11:33:15','2023-02-27 11:33:15',NULL),(1210,8522,1210,1216,NULL,0,NULL,'2023-02-27 11:33:15','2023-02-27 11:33:15',NULL),(1211,8522,1211,1217,NULL,0,NULL,'2023-02-27 11:33:15','2023-02-27 11:33:15',NULL),(1212,8522,1212,1218,NULL,0,NULL,'2023-02-27 11:33:15','2023-02-27 11:33:15',NULL),(1213,8522,1213,1219,NULL,0,NULL,'2023-02-27 11:33:15','2023-02-27 11:33:15',NULL),(1214,8522,1214,1220,NULL,0,NULL,'2023-02-27 11:33:15','2023-02-27 11:33:15',NULL),(1215,8522,1215,1221,NULL,0,NULL,'2023-02-27 11:33:15','2023-02-27 11:33:15',NULL);
INSERT INTO `cta_cte_cliente_pivot_receipt` VALUES (1216,8522,1216,1222,NULL,0,NULL,'2023-02-27 11:33:15','2023-02-27 11:33:15',NULL),(1217,8522,1217,1223,NULL,0,NULL,'2023-02-27 11:33:15','2023-02-27 11:33:15',NULL),(1218,8522,1218,1224,NULL,0,NULL,'2023-02-27 11:33:15','2023-02-27 11:33:15',NULL),(1219,8522,1219,1225,NULL,0,NULL,'2023-02-27 11:33:15','2023-02-27 11:33:15',NULL),(1220,8522,1220,1226,NULL,0,NULL,'2023-02-27 11:33:15','2023-02-27 11:33:15',NULL),(1221,8522,1221,1227,NULL,0,NULL,'2023-02-27 11:33:15','2023-02-27 11:33:15',NULL),(1222,8522,1222,1228,NULL,0,NULL,'2023-02-27 11:33:15','2023-02-27 11:33:15',NULL),(1223,8522,1223,1229,NULL,0,NULL,'2023-02-27 11:33:16','2023-02-27 11:33:16',NULL),(1224,8522,1224,1230,NULL,0,NULL,'2023-02-27 11:33:16','2023-02-27 11:33:16',NULL),(1225,8522,1225,1231,NULL,0,NULL,'2023-02-27 11:33:16','2023-02-27 11:33:16',NULL),(1226,8522,1226,1232,NULL,0,NULL,'2023-02-27 11:33:16','2023-02-27 11:33:16',NULL),(1227,8522,1227,1233,NULL,0,NULL,'2023-02-27 11:33:16','2023-02-27 11:33:16',NULL),(1228,8522,1228,1234,NULL,0,NULL,'2023-02-27 11:33:16','2023-02-27 11:33:16',NULL),(1229,8522,1229,1235,NULL,0,NULL,'2023-02-27 11:33:16','2023-02-27 11:33:16',NULL),(1230,8522,1230,1236,NULL,0,NULL,'2023-02-27 11:33:16','2023-02-27 11:33:16',NULL),(1231,8522,1231,1237,NULL,0,NULL,'2023-02-27 11:33:16','2023-02-27 11:33:16',NULL),(1232,8522,1232,1238,NULL,0,NULL,'2023-02-27 11:33:16','2023-02-27 11:33:16',NULL),(1233,8522,1233,1239,NULL,0,NULL,'2023-02-27 11:33:16','2023-02-27 11:33:16',NULL),(1234,8522,1234,1240,NULL,0,NULL,'2023-02-27 11:33:16','2023-02-27 11:33:16',NULL),(1235,8522,1235,1241,NULL,0,NULL,'2023-02-27 11:33:16','2023-02-27 11:33:16',NULL),(1236,8522,1236,1242,NULL,0,NULL,'2023-02-27 11:33:16','2023-02-27 11:33:16',NULL),(1237,8522,1237,1243,NULL,0,NULL,'2023-02-27 11:33:16','2023-02-27 11:33:16',NULL),(1238,8522,1238,1244,NULL,0,NULL,'2023-02-27 11:33:17','2023-02-27 11:33:17',NULL),(1239,8522,1239,1245,NULL,0,NULL,'2023-02-27 11:33:17','2023-02-27 11:33:17',NULL),(1240,8522,1240,1246,NULL,0,NULL,'2023-02-27 11:33:17','2023-02-27 11:33:17',NULL),(1241,8522,1241,1247,NULL,0,NULL,'2023-02-27 11:33:17','2023-02-27 11:33:17',NULL),(1242,8522,1242,1248,NULL,0,NULL,'2023-02-27 11:33:17','2023-02-27 11:33:17',NULL),(1243,8522,1243,1249,NULL,0,NULL,'2023-02-27 11:33:17','2023-02-27 11:33:17',NULL),(1244,8522,1244,1250,NULL,0,NULL,'2023-02-27 11:33:17','2023-02-27 11:33:17',NULL),(1245,8522,1245,1251,NULL,0,NULL,'2023-02-27 11:33:17','2023-02-27 11:33:17',NULL),(1246,8522,1246,1252,NULL,0,NULL,'2023-02-27 11:33:17','2023-02-27 11:33:17',NULL),(1247,8522,1247,1253,NULL,0,NULL,'2023-02-27 11:33:17','2023-02-27 11:33:17',NULL),(1248,8522,1248,1254,NULL,0,NULL,'2023-02-27 11:33:17','2023-02-27 11:33:17',NULL),(1249,8522,1249,1255,NULL,0,NULL,'2023-02-27 11:33:17','2023-02-27 11:33:17',NULL),(1250,8522,1250,1256,NULL,0,NULL,'2023-02-27 11:33:17','2023-02-27 11:33:17',NULL),(1251,8522,1251,1257,NULL,0,NULL,'2023-02-27 11:33:17','2023-02-27 11:33:17',NULL),(1252,10778,1254,1258,NULL,0,NULL,'2024-08-03 07:58:16','2024-08-03 07:58:16',NULL),(1253,10778,1255,1259,NULL,0,NULL,'2024-08-03 07:59:08','2024-08-03 07:59:08',NULL),(1254,10778,1256,1260,NULL,0,NULL,'2024-08-03 07:59:08','2024-08-03 07:59:08',NULL),(1255,10778,1257,1261,NULL,0,NULL,'2024-08-03 07:59:09','2024-08-03 07:59:09',NULL),(1256,10778,1258,1262,NULL,0,NULL,'2024-08-03 07:59:09','2024-08-03 07:59:09',NULL),(1257,10778,1259,1263,NULL,0,NULL,'2024-08-03 07:59:23','2024-08-03 07:59:23',NULL),(1258,10778,1260,1264,NULL,0,NULL,'2024-08-03 07:59:23','2024-08-03 07:59:23',NULL),(1259,10778,1261,1265,NULL,0,NULL,'2024-08-03 07:59:23','2024-08-03 07:59:23',NULL),(1260,10778,1262,1266,NULL,0,NULL,'2024-08-03 07:59:40','2024-08-03 07:59:40',NULL),(1261,10778,1263,1267,NULL,0,NULL,'2024-08-03 07:59:40','2024-08-03 07:59:40',NULL),(1262,10778,1264,1268,NULL,0,NULL,'2024-08-03 07:59:40','2024-08-03 07:59:40',NULL);
INSERT INTO `cta_cte_cliente_pivot_receipt` VALUES (1263,10778,1265,1269,NULL,0,NULL,'2024-08-03 07:59:40','2024-08-03 07:59:40',NULL),(1264,10778,1266,1270,NULL,0,NULL,'2024-08-03 07:59:40','2024-08-03 07:59:40',NULL),(1265,10778,1267,1271,NULL,0,NULL,'2024-08-03 07:59:54','2024-08-03 07:59:54',NULL),(1266,10778,1268,1272,NULL,0,NULL,'2024-08-03 07:59:54','2024-08-03 07:59:54',NULL),(1267,10778,1269,1273,NULL,0,NULL,'2024-08-03 08:00:07','2024-08-03 08:00:07',NULL),(1268,10778,1270,1274,NULL,0,NULL,'2024-08-03 08:00:07','2024-08-03 08:00:07',NULL),(1269,10778,1271,1275,NULL,0,NULL,'2024-08-03 08:00:26','2024-08-03 08:00:26',NULL),(1270,10778,1272,1276,NULL,0,NULL,'2024-08-03 08:00:26','2024-08-03 08:00:26',NULL),(1271,10778,1273,1277,NULL,0,NULL,'2024-08-03 08:00:26','2024-08-03 08:00:26',NULL),(1272,10778,1274,1278,NULL,0,NULL,'2024-08-03 08:00:26','2024-08-03 08:00:26',NULL),(1273,10778,1275,1279,NULL,0,NULL,'2024-08-03 08:00:26','2024-08-03 08:00:26',NULL),(1274,10778,1276,1280,NULL,0,NULL,'2024-08-03 08:00:27','2024-08-03 08:00:27',NULL),(1279,10778,1281,1285,NULL,0,NULL,'2024-08-03 08:00:53','2024-08-03 08:00:53',NULL),(1280,10778,1282,1286,NULL,0,NULL,'2024-08-03 08:00:53','2024-08-03 08:00:53',NULL),(1281,10778,1283,1287,NULL,0,NULL,'2024-08-03 08:00:53','2024-08-03 08:00:53',NULL),(1282,10778,1284,1288,NULL,0,NULL,'2024-08-03 08:00:53','2024-08-04 13:06:15','2024-08-04 13:06:15'),(1283,10778,1285,1289,NULL,0,NULL,'2024-08-03 08:00:53','2024-08-03 08:00:53',NULL),(1284,10778,1286,1290,NULL,0,NULL,'2024-08-03 08:00:53','2024-08-03 08:00:53',NULL),(1285,10778,1287,1291,NULL,0,NULL,'2024-08-03 08:00:53','2024-08-03 08:00:53',NULL),(1286,10778,1288,1292,NULL,0,NULL,'2024-08-03 08:00:53','2024-08-03 08:00:53',NULL),(1287,10778,1289,1293,NULL,0,NULL,'2024-08-03 08:00:53','2024-08-03 08:00:53',NULL),(1288,10778,1290,1294,NULL,0,NULL,'2024-08-03 08:00:53','2024-08-03 08:00:53',NULL),(1289,10778,1291,1295,NULL,0,NULL,'2024-08-03 08:00:53','2024-08-03 08:30:18','2024-08-03 08:30:18'),(1290,10778,1292,1296,NULL,0,NULL,'2024-08-03 08:00:54','2024-08-03 08:00:54',NULL),(1291,10778,1293,1297,NULL,0,NULL,'2024-08-03 08:01:23','2024-08-04 11:21:22','2024-08-04 11:21:22'),(1292,10778,1294,1298,NULL,0,NULL,'2024-08-03 08:01:23','2024-08-03 08:01:23',NULL),(1293,10778,1295,1299,NULL,0,NULL,'2024-08-03 08:01:23','2024-08-03 08:01:23',NULL),(1294,10778,1296,1300,NULL,0,NULL,'2024-08-03 08:01:23','2024-08-04 11:20:55','2024-08-04 11:20:55'),(1295,10778,1297,1301,NULL,0,NULL,'2024-08-03 08:01:23','2024-08-03 08:01:23',NULL),(1296,10778,1298,1302,NULL,0,NULL,'2024-08-03 08:01:24','2024-08-03 08:01:24',NULL),(1297,10778,1299,1303,NULL,0,NULL,'2024-08-03 08:01:24','2024-08-03 08:01:24',NULL),(1298,10778,1300,1304,NULL,0,NULL,'2024-08-03 08:01:24','2024-12-11 20:42:35','2024-12-11 20:42:35'),(1299,10778,1301,1305,NULL,0,NULL,'2024-08-03 08:01:24','2024-08-03 08:01:24',NULL),(1300,10778,1302,1306,NULL,0,NULL,'2024-08-03 08:01:24','2024-08-04 11:18:03','2024-08-04 11:18:03'),(1301,10778,1303,1307,NULL,0,NULL,'2024-08-03 08:01:24','2024-08-03 08:01:24',NULL),(1302,10778,1304,1308,NULL,0,NULL,'2024-08-03 08:01:24','2024-08-03 08:01:24',NULL),(1303,10778,1305,1309,NULL,0,NULL,'2024-08-03 08:01:24','2024-08-03 08:01:24',NULL),(1304,10778,1306,1310,NULL,0,NULL,'2024-08-03 08:01:24','2024-08-04 11:16:26','2024-08-04 11:16:26'),(1305,10778,1307,1311,NULL,0,NULL,'2024-08-03 08:01:24','2024-08-03 08:01:24',NULL),(1306,10778,1308,1312,NULL,0,NULL,'2024-08-03 08:01:24','2024-08-03 08:01:24',NULL),(1307,10778,1309,1313,NULL,0,NULL,'2024-08-03 08:01:24','2024-08-03 08:01:24',NULL),(1308,10778,1310,1314,NULL,0,NULL,'2024-08-03 08:01:24','2024-08-03 08:01:24',NULL),(1309,10778,1311,1315,NULL,0,NULL,'2024-08-03 08:01:24','2024-08-03 08:01:24',NULL),(1310,10778,1312,1316,NULL,0,NULL,'2024-08-03 08:01:24','2024-08-03 08:01:24',NULL),(1311,10778,1313,1317,NULL,0,NULL,'2024-08-03 08:01:24','2024-08-03 08:01:24',NULL),(1312,10778,1314,1318,NULL,0,NULL,'2024-08-03 08:01:24','2024-08-03 08:01:24',NULL);
INSERT INTO `cta_cte_cliente_pivot_receipt` VALUES (1313,10778,1315,1319,NULL,0,NULL,'2024-08-03 08:01:25','2024-08-03 08:01:25',NULL),(1314,10778,1316,1320,NULL,0,NULL,'2024-08-03 08:01:25','2024-08-03 08:01:25',NULL),(1315,10778,1317,1321,NULL,0,NULL,'2024-08-03 08:01:25','2024-08-04 11:13:49','2024-08-04 11:13:49'),(1316,10778,1318,1322,NULL,0,NULL,'2024-08-03 08:01:25','2024-08-03 08:01:25',NULL),(1317,10778,1319,1323,NULL,0,NULL,'2024-08-03 08:01:25','2024-08-03 08:01:25',NULL),(1318,10778,1320,1324,NULL,0,NULL,'2024-08-03 08:01:25','2024-08-03 08:01:25',NULL),(1319,10778,1321,1325,NULL,0,NULL,'2024-08-03 08:01:25','2024-08-04 11:09:29','2024-08-04 11:09:29'),(1320,10778,1322,1326,NULL,0,NULL,'2024-08-03 08:01:51','2024-08-03 08:01:51',NULL),(1321,10778,1323,1327,NULL,0,NULL,'2024-08-03 08:01:51','2024-08-03 08:01:51',NULL),(1322,10778,1324,1328,NULL,0,NULL,'2024-08-03 08:01:51','2024-08-03 08:01:51',NULL),(1323,10778,1325,1329,NULL,0,NULL,'2024-08-03 08:01:51','2024-08-03 08:01:51',NULL),(1324,10778,1326,1330,NULL,0,NULL,'2024-08-03 08:01:51','2024-08-04 12:12:18','2024-08-04 12:12:18'),(1325,10778,1327,1331,NULL,0,NULL,'2024-08-03 08:01:51','2024-08-04 12:11:30','2024-08-04 12:11:30'),(1326,10778,1328,1332,NULL,0,NULL,'2024-08-03 08:01:51','2024-08-04 12:09:56','2024-08-04 12:09:56'),(1327,10778,1329,1333,NULL,0,NULL,'2024-08-03 08:01:51','2024-08-04 12:09:04','2024-08-04 12:09:04'),(1328,10778,1330,1334,NULL,0,NULL,'2024-08-03 08:01:52','2024-08-03 08:01:52',NULL),(1329,10778,1331,1335,NULL,0,NULL,'2024-08-03 08:01:52','2024-08-03 08:01:52',NULL),(1330,10778,1332,1336,NULL,0,NULL,'2024-08-03 08:01:52','2024-08-03 08:01:52',NULL),(1331,10778,1333,1337,NULL,0,NULL,'2024-08-03 08:01:52','2024-08-05 06:13:56','2024-08-05 06:13:56'),(1332,10778,1334,1338,NULL,0,NULL,'2024-08-03 08:01:52','2024-08-03 08:01:52',NULL),(1333,10778,1335,1339,NULL,0,NULL,'2024-08-03 08:01:52','2024-08-04 12:06:00','2024-08-04 12:06:00'),(1334,10778,1336,1340,NULL,0,NULL,'2024-08-03 08:01:52','2024-08-04 12:06:48','2024-08-04 12:06:48'),(1335,10778,1337,1341,NULL,0,NULL,'2024-08-03 08:01:52','2024-08-03 08:01:52',NULL),(1336,10778,1338,1342,NULL,0,NULL,'2024-08-03 08:01:52','2024-08-03 08:01:52',NULL),(1337,10778,1339,1343,NULL,0,NULL,'2024-08-03 08:01:52','2024-08-04 22:13:25','2024-08-04 22:13:25'),(1338,10778,1340,1344,NULL,0,NULL,'2024-08-03 08:01:52','2024-08-03 08:01:52',NULL),(1339,10778,1341,1345,NULL,0,NULL,'2024-08-03 08:01:52','2024-08-04 22:14:28','2024-08-04 22:14:28'),(1340,10778,1342,1346,NULL,0,NULL,'2024-08-03 08:01:52','2024-08-03 08:01:52',NULL),(1341,10778,1343,1347,NULL,0,NULL,'2024-08-03 08:01:52','2024-08-03 08:01:52',NULL),(1342,10778,1344,1348,NULL,0,NULL,'2024-08-03 08:01:52','2024-08-03 08:01:52',NULL),(1343,10778,1345,1349,NULL,0,NULL,'2024-08-03 08:01:52','2024-08-04 12:01:02','2024-08-04 12:01:02'),(1344,10778,1346,1350,NULL,0,NULL,'2024-08-03 08:01:52','2024-08-03 08:01:52',NULL),(1345,10778,1347,1351,NULL,0,NULL,'2024-08-03 08:01:53','2024-08-03 08:01:53',NULL),(1346,10778,1348,1352,NULL,0,NULL,'2024-08-03 08:01:53','2024-08-04 11:59:53','2024-08-04 11:59:53'),(1347,10778,1349,1353,NULL,0,NULL,'2024-08-03 08:01:53','2024-08-03 08:01:53',NULL),(1348,10778,1350,1354,NULL,0,NULL,'2024-08-03 08:01:53','2024-08-05 06:14:37','2024-08-05 06:14:37'),(1349,10778,1351,1355,NULL,0,NULL,'2024-08-03 08:01:53','2024-08-04 11:58:22','2024-08-04 11:58:22'),(1350,10778,1352,1356,NULL,0,NULL,'2024-08-03 08:01:53','2024-08-03 08:01:53',NULL),(1351,10778,1353,1357,NULL,0,NULL,'2024-08-03 08:02:05','2024-08-03 08:02:05',NULL),(1352,10778,1354,1358,NULL,0,NULL,'2024-08-03 08:02:05','2024-08-03 08:02:05',NULL),(1353,10778,1355,1359,NULL,0,NULL,'2024-08-03 08:02:05','2024-08-03 08:02:05',NULL),(1354,10778,1356,1360,NULL,0,NULL,'2024-08-03 08:02:06','2024-08-27 22:30:59','2024-08-27 22:30:59'),(1355,10778,1357,1361,NULL,0,NULL,'2024-08-03 08:02:06','2024-08-03 08:02:06',NULL),(1356,10778,1358,1362,NULL,0,NULL,'2024-08-03 08:02:06','2024-08-27 22:33:31','2024-08-27 22:33:31');
INSERT INTO `cta_cte_cliente_pivot_receipt` VALUES (1357,10778,1359,1363,NULL,0,NULL,'2024-08-03 08:02:06','2024-08-03 08:02:06',NULL),(1358,10778,1360,1364,NULL,0,NULL,'2024-08-03 08:02:06','2024-08-27 22:13:07','2024-08-27 22:13:07'),(1359,10778,1361,1365,NULL,0,NULL,'2024-08-03 08:02:06','2024-08-27 22:12:13','2024-08-27 22:12:13'),(1360,10778,1362,1366,NULL,0,NULL,'2024-08-03 08:02:06','2024-08-27 22:11:36','2024-08-27 22:11:36'),(1361,10778,1363,1367,NULL,0,NULL,'2024-08-03 08:02:06','2024-08-27 22:15:36','2024-08-27 22:15:36'),(1362,10778,1364,1368,NULL,0,NULL,'2024-08-03 08:02:06','2024-08-03 08:02:06',NULL),(1363,10778,1365,1369,NULL,0,NULL,'2024-08-03 08:02:06','2024-08-03 08:02:06',NULL),(1364,10778,1366,1370,NULL,0,NULL,'2024-08-03 08:02:06','2024-08-27 22:16:17','2024-08-27 22:16:17'),(1365,10778,1367,1371,NULL,0,NULL,'2024-08-03 08:02:06','2024-08-27 22:19:20','2024-08-27 22:19:20'),(1366,10778,1368,1372,NULL,0,NULL,'2024-08-03 08:02:06','2024-08-27 22:18:49','2024-08-27 22:18:49'),(1367,10778,1369,1373,NULL,0,NULL,'2024-08-03 08:02:06','2024-08-27 22:18:18','2024-08-27 22:18:18'),(1368,10778,1370,1374,NULL,0,NULL,'2024-08-03 08:02:06','2024-08-03 08:02:06',NULL),(1369,10778,1371,1375,NULL,0,NULL,'2024-08-03 08:02:07','2024-08-03 08:02:07',NULL),(1370,10778,1372,1376,NULL,0,NULL,'2024-08-03 08:02:07','2024-08-03 08:02:07',NULL),(1371,10778,1373,1377,NULL,0,NULL,'2024-08-03 08:02:07','2024-08-27 22:20:48','2024-08-27 22:20:48'),(1372,10778,1374,1378,NULL,0,NULL,'2024-08-03 08:02:07','2024-08-03 08:02:07',NULL),(1373,10778,1375,1379,NULL,0,NULL,'2024-08-03 08:02:07','2024-08-03 08:02:07',NULL),(1374,10778,1376,1380,NULL,0,NULL,'2024-08-03 08:02:07','2024-08-03 08:02:07',NULL),(1375,10778,1377,1381,NULL,0,NULL,'2024-08-03 08:02:07','2024-08-03 08:02:07',NULL),(1376,10778,1378,1382,NULL,0,NULL,'2024-08-03 08:02:07','2024-08-03 08:02:07',NULL),(1377,10778,1379,1383,NULL,0,NULL,'2024-08-03 08:02:07','2024-08-03 08:02:07',NULL),(1378,10778,1380,1384,NULL,0,NULL,'2024-08-03 08:02:07','2024-08-27 22:36:06','2024-08-27 22:36:06'),(1379,10778,1381,1385,NULL,0,NULL,'2024-08-03 08:02:07','2024-08-03 08:02:07',NULL),(1380,10778,1382,1386,NULL,0,NULL,'2024-08-03 08:02:07','2024-08-03 08:02:07',NULL),(1381,10778,1383,1387,NULL,0,NULL,'2024-08-03 08:02:07','2024-08-03 08:02:07',NULL),(1382,10778,1384,1388,NULL,0,NULL,'2024-08-03 08:02:07','2024-08-27 22:37:42','2024-08-27 22:37:42'),(1383,10778,1385,1389,NULL,0,NULL,'2024-08-03 08:02:07','2024-08-27 22:17:03','2024-08-27 22:17:03'),(1384,10778,1386,1390,NULL,0,NULL,'2024-08-03 08:02:07','2024-08-03 08:02:07',NULL),(1385,10778,1387,1391,NULL,0,NULL,'2024-08-03 08:02:08','2024-08-03 08:02:08',NULL),(1386,10778,1388,1392,NULL,0,NULL,'2024-08-03 08:02:08','2024-08-03 08:02:08',NULL),(1387,10778,1389,1393,NULL,0,NULL,'2024-08-03 08:02:08','2024-08-27 22:39:43','2024-08-27 22:39:43'),(1388,10778,1390,1394,NULL,0,NULL,'2024-08-03 08:02:08','2024-08-03 08:02:08',NULL),(1389,10778,1391,1395,NULL,0,NULL,'2024-08-03 08:02:08','2024-08-03 08:02:08',NULL),(1390,10778,1392,1396,NULL,0,NULL,'2024-08-03 08:02:08','2024-08-27 22:41:34','2024-08-27 22:41:34'),(1391,10778,1393,1397,NULL,0,NULL,'2024-08-03 08:02:08','2024-08-03 08:02:08',NULL),(1392,10778,1394,1398,NULL,0,NULL,'2024-08-03 08:02:08','2024-08-03 08:02:08',NULL),(1393,10778,1395,1399,NULL,0,NULL,'2024-08-03 08:02:08','2024-08-27 22:47:02','2024-08-27 22:47:02'),(1394,10778,1396,1400,NULL,0,NULL,'2024-08-03 08:02:08','2024-08-03 08:02:08',NULL),(1395,10778,1397,1401,NULL,0,NULL,'2024-08-03 08:02:08','2024-08-03 08:02:08',NULL),(1396,10778,1398,1402,NULL,0,NULL,'2024-08-03 08:02:08','2024-08-27 22:43:57','2024-08-27 22:43:57'),(1397,10778,1399,1403,NULL,0,NULL,'2024-08-03 08:02:08','2024-08-27 22:45:39','2024-08-27 22:45:39'),(1398,10778,1400,1404,NULL,0,NULL,'2024-08-03 08:02:08','2024-08-27 22:20:20','2024-08-27 22:20:20'),(1399,10778,1401,1405,NULL,0,NULL,'2024-08-03 08:02:08','2024-08-27 22:21:41','2024-08-27 22:21:41');
INSERT INTO `cta_cte_cliente_pivot_receipt` VALUES (1404,10778,1406,1410,NULL,0,NULL,'2024-08-03 08:14:19','2024-08-03 08:14:19',NULL),(1405,10778,1407,1411,NULL,0,NULL,'2024-08-03 08:18:25','2024-08-03 08:18:25',NULL),(1406,10778,1408,1412,NULL,0,NULL,'2024-08-03 08:20:56','2024-08-03 08:20:56',NULL),(1407,10778,1409,1413,NULL,0,NULL,'2024-08-03 08:22:09','2024-12-07 13:33:46','2024-12-07 13:33:46'),(1408,10778,1410,1414,NULL,0,NULL,'2024-08-03 08:23:05','2024-08-03 08:25:45','2024-08-03 08:25:45'),(1409,10778,1411,1415,NULL,0,NULL,'2024-08-03 08:24:31','2024-08-03 08:24:31',NULL),(1410,10778,1412,1414,NULL,0,NULL,'2024-08-03 08:25:45','2024-08-03 08:26:02','2024-08-03 08:26:02'),(1411,10778,1413,1414,NULL,0,NULL,'2024-08-03 08:26:02','2024-08-03 08:26:02',NULL),(1412,10778,1414,1416,NULL,0,NULL,'2024-08-03 08:28:47','2024-08-03 08:28:47',NULL),(1413,10778,1415,1295,NULL,0,NULL,'2024-08-03 08:30:18','2024-08-04 12:56:56','2024-08-04 12:56:56'),(1414,10778,1416,1417,NULL,0,NULL,'2024-08-04 10:37:04','2024-08-04 10:37:04',NULL),(1415,10778,1417,1418,NULL,0,NULL,'2024-08-04 10:40:24','2024-08-04 10:40:24',NULL),(1416,10778,1418,1419,NULL,0,NULL,'2024-08-04 10:43:18','2024-08-04 12:45:31','2024-08-04 12:45:31'),(1417,10778,1419,1420,NULL,0,NULL,'2024-08-04 10:44:42','2024-08-04 10:44:42',NULL),(1418,10778,1420,1421,NULL,0,NULL,'2024-08-04 10:45:40','2024-08-04 10:45:40',NULL),(1419,10778,1421,1422,NULL,0,NULL,'2024-08-04 10:47:12','2024-08-04 12:37:20','2024-08-04 12:37:20'),(1420,10778,1422,1423,NULL,0,NULL,'2024-08-04 10:49:46','2024-12-07 13:44:32','2024-12-07 13:44:32'),(1421,10778,1423,1424,NULL,0,NULL,'2024-08-04 10:50:25','2024-12-07 13:44:22','2024-12-07 13:44:22'),(1422,10778,1424,1425,NULL,0,NULL,'2024-08-04 10:51:10','2024-12-07 13:44:12','2024-12-07 13:44:12'),(1423,10778,1425,1426,NULL,0,NULL,'2024-08-04 10:57:59','2024-08-04 10:57:59',NULL),(1424,10778,1426,1427,NULL,0,NULL,'2024-08-04 10:57:59','2024-08-04 17:51:34','2024-08-04 17:51:34'),(1425,10778,1427,1428,NULL,0,NULL,'2024-08-04 10:57:59','2024-08-04 10:57:59',NULL),(1426,10778,1428,1429,NULL,0,NULL,'2024-08-04 10:57:59','2024-08-04 21:21:38','2024-08-04 21:21:38'),(1427,10778,1429,1430,NULL,0,NULL,'2024-08-04 10:57:59','2024-08-04 10:57:59',NULL),(1428,10778,1430,1431,NULL,0,NULL,'2024-08-04 10:57:59','2024-08-04 17:38:14','2024-08-04 17:38:14'),(1429,10778,1431,1432,NULL,0,NULL,'2024-08-04 10:57:59','2024-08-04 11:04:35','2024-08-04 11:04:35'),(1430,10778,1432,1433,NULL,0,NULL,'2024-08-04 10:57:59','2024-08-04 11:02:19','2024-08-04 11:02:19'),(1431,10778,1433,1434,NULL,0,NULL,'2024-08-04 10:57:59','2024-08-04 11:01:07','2024-08-04 11:01:07'),(1432,10778,1434,1435,NULL,0,NULL,'2024-08-04 10:57:59','2024-08-04 10:57:59',NULL),(1433,10778,1435,1436,NULL,0,NULL,'2024-08-04 10:57:59','2024-08-04 10:57:59',NULL),(1434,10778,1436,1437,NULL,0,NULL,'2024-08-04 10:57:59','2024-08-04 17:55:31','2024-08-04 17:55:31'),(1435,10778,1437,1438,NULL,0,NULL,'2024-08-04 10:57:59','2024-08-04 21:19:16','2024-08-04 21:19:16'),(1436,10778,1438,1439,NULL,0,NULL,'2024-08-04 10:58:00','2024-08-04 10:58:00',NULL),(1437,10778,1439,1440,NULL,0,NULL,'2024-08-04 10:58:00','2024-08-04 10:58:00',NULL),(1438,10778,1440,1434,NULL,0,NULL,'2024-08-04 11:01:07','2024-08-04 11:01:43','2024-08-04 11:01:43'),(1439,10778,1441,1434,NULL,0,NULL,'2024-08-04 11:01:43','2024-12-07 16:28:14','2024-12-07 16:28:14'),(1440,10778,1442,1433,NULL,0,NULL,'2024-08-04 11:02:19','2024-12-07 16:28:34','2024-12-07 16:28:34'),(1441,10778,1443,1432,NULL,0,NULL,'2024-08-04 11:04:35','2024-08-04 17:56:55','2024-08-04 17:56:55'),(1442,10778,1444,1441,NULL,0,NULL,'2024-08-04 11:08:02','2024-08-04 17:54:51','2024-08-04 17:54:51'),(1443,10778,1445,1325,NULL,0,NULL,'2024-08-04 11:09:29','2024-08-04 21:38:15','2024-08-04 21:38:15'),(1444,10778,1446,1321,NULL,0,NULL,'2024-08-04 11:13:49','2024-08-04 11:13:49',NULL),(1445,10778,1447,1310,NULL,0,NULL,'2024-08-04 11:16:26','2024-08-04 11:16:53','2024-08-04 11:16:53');
INSERT INTO `cta_cte_cliente_pivot_receipt` VALUES (1446,10778,1448,1310,NULL,0,NULL,'2024-08-04 11:16:53','2024-08-04 11:16:53',NULL),(1447,10778,1449,1306,NULL,0,NULL,'2024-08-04 11:18:03','2024-12-11 20:28:50','2024-12-11 20:28:50'),(1448,10778,1450,1300,NULL,0,NULL,'2024-08-04 11:20:55','2024-12-11 20:29:23','2024-12-11 20:29:23'),(1449,10778,1451,1297,NULL,0,NULL,'2024-08-04 11:21:22','2024-08-04 11:21:22',NULL),(1450,10778,1452,1442,NULL,0,NULL,'2024-08-04 11:49:20','2024-08-04 21:36:53','2024-08-04 21:36:53'),(1451,10778,1453,1443,NULL,0,NULL,'2024-08-04 11:50:03','2024-08-04 21:36:24','2024-08-04 21:36:24'),(1452,10778,1454,1444,NULL,0,NULL,'2024-08-04 11:51:58','2024-08-04 11:51:58',NULL),(1453,10778,1455,1445,NULL,0,NULL,'2024-08-04 11:53:16','2024-08-04 11:53:16',NULL),(1454,10778,1456,1446,NULL,0,NULL,'2024-08-04 11:54:21','2024-12-11 20:49:07','2024-12-11 20:49:07'),(1455,10778,1457,1447,NULL,0,NULL,'2024-08-04 11:55:33','2024-08-04 11:55:33',NULL),(1456,10778,1458,1355,NULL,0,NULL,'2024-08-04 11:58:22','2024-08-04 11:58:22',NULL),(1457,10778,1459,1352,NULL,0,NULL,'2024-08-04 11:59:53','2024-08-04 11:59:53',NULL),(1458,10778,1460,1349,NULL,0,NULL,'2024-08-04 12:01:02','2024-08-04 22:10:34','2024-08-04 22:10:34'),(1459,10778,1461,1339,NULL,0,NULL,'2024-08-04 12:06:00','2024-08-04 22:20:12','2024-08-04 22:20:12'),(1460,10778,1462,1340,NULL,0,NULL,'2024-08-04 12:06:48','2024-08-04 22:19:28','2024-08-04 22:19:28'),(1461,10778,1463,1333,NULL,0,NULL,'2024-08-04 12:09:04','2024-08-04 22:17:55','2024-08-04 22:17:55'),(1462,10778,1464,1332,NULL,0,NULL,'2024-08-04 12:09:56','2024-08-04 22:17:14','2024-08-04 22:17:14'),(1463,10778,1465,1331,NULL,0,NULL,'2024-08-04 12:11:30','2024-08-04 22:16:43','2024-08-04 22:16:43'),(1464,10778,1466,1330,NULL,0,NULL,'2024-08-04 12:12:18','2024-08-04 22:16:06','2024-08-04 22:16:06'),(1465,10778,1467,1448,NULL,0,NULL,'2024-08-04 12:14:34','2024-08-04 12:14:34',NULL),(1466,10778,1468,1449,NULL,0,NULL,'2024-08-04 12:15:15','2024-08-04 12:15:15',NULL),(1467,10778,1469,1450,NULL,0,NULL,'2024-08-04 12:16:28','2024-08-04 12:16:28',NULL),(1468,10778,1470,1451,NULL,0,NULL,'2024-08-04 12:17:29','2024-08-04 12:17:29',NULL),(1469,10778,1471,1452,NULL,0,NULL,'2024-08-04 12:18:36','2024-08-04 22:09:53','2024-08-04 22:09:53'),(1470,10778,1472,1453,NULL,0,NULL,'2024-08-04 12:19:26','2024-08-04 22:09:20','2024-08-04 22:09:20'),(1471,10778,1473,1454,NULL,0,NULL,'2024-08-04 12:20:11','2024-08-04 12:20:11',NULL),(1472,10778,1474,1455,NULL,0,NULL,'2024-08-04 12:28:45','2024-12-07 13:35:23','2024-12-07 13:35:23'),(1473,10778,1475,1456,NULL,0,NULL,'2024-08-04 12:29:21','2024-08-04 12:29:21',NULL),(1474,10778,1476,1422,NULL,0,NULL,'2024-08-04 12:37:20','2024-08-04 12:37:20',NULL),(1475,10778,1477,1419,NULL,0,NULL,'2024-08-04 12:45:31','2024-08-04 12:55:59','2024-08-04 12:55:59'),(1476,10778,1478,1419,NULL,0,NULL,'2024-08-04 12:55:59','2024-08-04 12:55:59',NULL),(1477,10778,1479,1295,NULL,0,NULL,'2024-08-04 12:56:56','2024-08-04 12:56:56',NULL),(1478,10778,1480,1288,NULL,0,NULL,'2024-08-04 13:06:15','2024-08-04 13:06:15',NULL),(1479,10778,1481,1431,NULL,0,NULL,'2024-08-04 17:38:14','2024-12-07 16:25:54','2024-12-07 16:25:54'),(1480,10778,1482,1427,NULL,0,NULL,'2024-08-04 17:51:34','2024-08-04 21:25:07','2024-08-04 21:25:07'),(1481,10778,1483,1441,NULL,0,NULL,'2024-08-04 17:54:51','2024-12-07 16:23:42','2024-12-07 16:23:42'),(1482,10778,1484,1437,NULL,0,NULL,'2024-08-04 17:55:31','2024-08-04 21:29:52','2024-08-04 21:29:52'),(1483,10778,1485,1432,NULL,0,NULL,'2024-08-04 17:56:55','2024-12-07 16:19:15','2024-12-07 16:19:15'),(1484,10778,1486,1438,NULL,0,NULL,'2024-08-04 21:19:16','2024-08-04 21:24:25','2024-08-04 21:24:25'),(1485,10778,1487,1429,NULL,0,NULL,'2024-08-04 21:21:38','2024-12-07 16:18:37','2024-12-07 16:18:37'),(1486,10778,1488,1438,NULL,0,NULL,'2024-08-04 21:24:25','2024-08-04 21:27:47','2024-08-04 21:27:47'),(1487,10778,1489,1427,NULL,0,NULL,'2024-08-04 21:25:07','2024-08-04 21:49:58','2024-08-04 21:49:58');
INSERT INTO `cta_cte_cliente_pivot_receipt` VALUES (1488,10778,1490,1438,NULL,0,NULL,'2024-08-04 21:27:47','2024-08-04 21:28:13','2024-08-04 21:28:13'),(1489,10778,1491,1438,NULL,0,NULL,'2024-08-04 21:28:13','2024-08-04 21:28:13',NULL),(1490,10778,1492,1437,NULL,0,NULL,'2024-08-04 21:29:52','2024-08-04 21:29:52',NULL),(1491,10778,1493,1443,NULL,0,NULL,'2024-08-04 21:36:24','2024-12-11 20:34:20','2024-12-11 20:34:20'),(1492,10778,1494,1442,NULL,0,NULL,'2024-08-04 21:36:53','2024-12-11 20:35:15','2024-12-11 20:35:15'),(1493,10778,1495,1325,NULL,0,NULL,'2024-08-04 21:38:15','2024-12-11 20:37:15','2024-12-11 20:37:15'),(1494,10778,1496,1457,NULL,0,NULL,'2024-08-04 21:45:59','2024-12-07 16:21:27','2024-12-07 16:21:27'),(1495,10778,1497,1427,NULL,0,NULL,'2024-08-04 21:49:58','2024-12-07 16:17:43','2024-12-07 16:17:43'),(1496,10778,1498,1458,NULL,0,NULL,'2024-08-04 21:54:34','2024-12-11 20:46:44','2024-12-11 20:46:44'),(1497,10778,1499,1459,NULL,0,NULL,'2024-08-04 21:55:12','2024-12-11 20:46:24','2024-12-11 20:46:24'),(1498,10778,1500,1460,NULL,0,NULL,'2024-08-04 21:56:05','2024-12-11 20:44:17','2024-12-11 20:44:17'),(1499,10778,1501,1461,NULL,0,NULL,'2024-08-04 21:56:36','2024-12-11 20:46:02','2024-12-11 20:46:02'),(1500,10778,1502,1462,NULL,0,NULL,'2024-08-04 21:57:20','2024-12-11 20:43:45','2024-12-11 20:43:45'),(1501,10778,1503,1463,NULL,0,NULL,'2024-08-04 21:58:00','2024-12-11 20:45:41','2024-12-11 20:45:41'),(1502,10778,1504,1464,NULL,0,NULL,'2024-08-04 22:00:06','2024-12-11 20:45:16','2024-12-11 20:45:16'),(1503,10778,1505,1465,NULL,0,NULL,'2024-08-04 22:00:40','2024-12-11 20:44:52','2024-12-11 20:44:52'),(1504,10778,1506,1453,NULL,0,NULL,'2024-08-04 22:09:20','2024-08-04 22:09:20',NULL),(1505,10778,1507,1452,NULL,0,NULL,'2024-08-04 22:09:53','2024-08-04 22:09:53',NULL),(1506,10778,1508,1349,NULL,0,NULL,'2024-08-04 22:10:34','2024-08-04 22:20:48','2024-08-04 22:20:48'),(1507,10778,1509,1343,NULL,0,NULL,'2024-08-04 22:13:25','2024-08-04 22:15:07','2024-08-04 22:15:07'),(1508,10778,1510,1345,NULL,0,NULL,'2024-08-04 22:14:28','2024-08-04 22:14:28',NULL),(1509,10778,1511,1343,NULL,0,NULL,'2024-08-04 22:15:07','2024-08-04 22:15:07',NULL),(1510,10778,1512,1330,NULL,0,NULL,'2024-08-04 22:16:06','2024-08-04 22:16:06',NULL),(1511,10778,1513,1331,NULL,0,NULL,'2024-08-04 22:16:43','2024-08-04 22:16:43',NULL),(1512,10778,1514,1332,NULL,0,NULL,'2024-08-04 22:17:14','2024-08-04 22:17:14',NULL),(1513,10778,1515,1333,NULL,0,NULL,'2024-08-04 22:17:55','2024-08-04 22:17:55',NULL),(1514,10778,1516,1340,NULL,0,NULL,'2024-08-04 22:19:28','2024-08-04 22:19:28',NULL),(1515,10778,1517,1339,NULL,0,NULL,'2024-08-04 22:20:12','2024-08-04 22:20:12',NULL),(1516,10778,1518,1349,NULL,0,NULL,'2024-08-04 22:20:48','2024-08-04 22:20:48',NULL),(1517,10778,1519,1466,NULL,0,NULL,'2024-08-05 06:07:51','2024-08-05 06:07:51',NULL),(1518,10778,1520,1467,NULL,0,NULL,'2024-08-05 06:08:44','2024-08-05 06:08:44',NULL),(1519,10778,1521,1468,NULL,0,NULL,'2024-08-05 06:09:31','2024-08-05 06:09:31',NULL),(1520,10778,1522,1469,NULL,0,NULL,'2024-08-05 06:09:54','2024-08-05 06:10:54','2024-08-05 06:10:54'),(1521,10778,1523,1469,NULL,0,NULL,'2024-08-05 06:10:54','2024-08-05 06:10:54',NULL),(1522,10778,1524,1337,NULL,0,NULL,'2024-08-05 06:13:56','2024-08-05 06:13:56',NULL),(1523,10778,1525,1354,NULL,0,NULL,'2024-08-05 06:14:37','2024-08-05 06:14:37',NULL),(1524,10778,1526,1470,NULL,0,NULL,'2024-08-05 06:25:03','2024-08-05 06:25:03',NULL),(1525,10778,1527,1471,NULL,0,NULL,'2024-08-14 19:43:03','2024-08-14 19:44:39','2024-08-14 19:44:39'),(1526,10778,1528,1471,NULL,0,NULL,'2024-08-14 19:44:39','2024-08-14 19:45:14','2024-08-14 19:45:14'),(1527,10778,1529,1471,NULL,0,NULL,'2024-08-14 19:45:14','2024-08-14 19:45:14',NULL),(1528,10778,1530,1472,NULL,0,NULL,'2024-08-14 19:47:05','2024-08-14 19:47:05',NULL),(1529,10778,1531,1473,NULL,0,NULL,'2024-08-14 19:48:03','2024-08-14 19:48:03',NULL),(1530,10778,1532,1474,NULL,0,NULL,'2024-08-14 19:49:42','2024-08-14 19:49:42',NULL);
INSERT INTO `cta_cte_cliente_pivot_receipt` VALUES (1531,10778,1533,1475,NULL,0,NULL,'2024-08-14 19:50:44','2024-08-14 19:50:44',NULL),(1532,10778,1534,1476,NULL,0,NULL,'2024-08-14 19:51:21','2024-08-14 19:51:21',NULL),(1533,10778,1535,1477,NULL,0,NULL,'2024-08-14 19:52:13','2024-08-14 19:54:23','2024-08-14 19:54:23'),(1534,10778,1536,1478,NULL,0,NULL,'2024-08-14 19:52:52','2024-08-14 19:52:52',NULL),(1535,10778,1537,1477,NULL,0,NULL,'2024-08-14 19:54:23','2024-08-14 19:54:23',NULL),(1536,10778,1538,1479,NULL,0,NULL,'2024-08-14 20:00:16','2024-08-14 20:03:08','2024-08-14 20:03:08'),(1537,10778,1539,1480,NULL,0,NULL,'2024-08-14 20:02:21','2024-08-27 22:47:47','2024-08-27 22:47:47'),(1538,10778,1540,1479,NULL,0,NULL,'2024-08-14 20:03:08','2024-08-27 22:48:25','2024-08-27 22:48:25'),(1539,10778,1541,1481,NULL,0,NULL,'2024-08-20 21:34:39','2024-08-20 21:36:00','2024-08-20 21:36:00'),(1540,10778,1542,1482,NULL,0,NULL,'2024-08-20 21:35:01','2024-08-20 21:35:38','2024-08-20 21:35:38'),(1541,10778,1543,1482,NULL,0,NULL,'2024-08-20 21:35:38','2024-08-20 21:35:38',NULL),(1542,10778,1544,1481,NULL,0,NULL,'2024-08-20 21:36:00','2024-08-20 21:36:00',NULL),(1543,10778,1545,1483,NULL,0,NULL,'2024-08-26 15:27:52','2024-08-26 15:27:52',NULL),(1544,10778,1546,1366,NULL,0,NULL,'2024-08-27 22:11:36','2024-08-27 22:13:46','2024-08-27 22:13:46'),(1545,10778,1547,1365,NULL,0,NULL,'2024-08-27 22:12:13','2024-08-27 22:14:23','2024-08-27 22:14:23'),(1546,10778,1548,1364,NULL,0,NULL,'2024-08-27 22:13:07','2024-08-27 22:13:07',NULL),(1547,10778,1549,1366,NULL,0,NULL,'2024-08-27 22:13:46','2024-08-27 22:13:46',NULL),(1548,10778,1550,1365,NULL,0,NULL,'2024-08-27 22:14:23','2024-08-27 22:14:23',NULL),(1549,10778,1551,1367,NULL,0,NULL,'2024-08-27 22:15:36','2024-08-27 22:15:36',NULL),(1550,10778,1552,1370,NULL,0,NULL,'2024-08-27 22:16:17','2024-08-27 22:55:02','2024-08-27 22:55:02'),(1551,10778,1553,1389,NULL,0,NULL,'2024-08-27 22:17:03','2024-08-27 22:17:03',NULL),(1552,10778,1554,1373,NULL,0,NULL,'2024-08-27 22:18:18','2024-08-27 22:18:18',NULL),(1553,10778,1555,1372,NULL,0,NULL,'2024-08-27 22:18:49','2024-08-27 22:18:49',NULL),(1554,10778,1556,1371,NULL,0,NULL,'2024-08-27 22:19:20','2024-08-27 22:19:20',NULL),(1555,10778,1557,1404,NULL,0,NULL,'2024-08-27 22:20:20','2024-08-27 22:20:20',NULL),(1556,10778,1558,1377,NULL,0,NULL,'2024-08-27 22:20:48','2024-08-27 22:20:48',NULL),(1557,10778,1559,1405,NULL,0,NULL,'2024-08-27 22:21:41','2024-08-27 22:21:41',NULL),(1558,10778,1560,1360,NULL,0,NULL,'2024-08-27 22:30:59','2024-08-27 22:31:33','2024-08-27 22:31:33'),(1559,10778,1561,1360,NULL,0,NULL,'2024-08-27 22:31:33','2024-08-27 22:31:33',NULL),(1560,10778,1562,1362,NULL,0,NULL,'2024-08-27 22:33:31','2024-08-27 22:33:31',NULL),(1561,10778,1563,1384,NULL,0,NULL,'2024-08-27 22:36:06','2024-08-27 22:36:06',NULL),(1562,10778,1564,1388,NULL,0,NULL,'2024-08-27 22:37:42','2024-08-27 22:37:42',NULL),(1563,10778,1565,1393,NULL,0,NULL,'2024-08-27 22:39:43','2024-08-27 22:39:43',NULL),(1564,10778,1566,1396,NULL,0,NULL,'2024-08-27 22:41:34','2024-08-27 22:41:34',NULL),(1565,10778,1567,1402,NULL,0,NULL,'2024-08-27 22:43:57','2024-08-27 22:43:57',NULL),(1566,10778,1568,1403,NULL,0,NULL,'2024-08-27 22:45:39','2024-08-27 22:45:39',NULL),(1567,10778,1569,1399,NULL,0,NULL,'2024-08-27 22:47:02','2024-08-27 22:47:02',NULL),(1568,10778,1570,1480,NULL,0,NULL,'2024-08-27 22:47:47','2024-08-27 22:47:47',NULL),(1569,10778,1571,1479,NULL,0,NULL,'2024-08-27 22:48:25','2024-08-27 22:48:25',NULL),(1570,10778,1572,1370,NULL,0,NULL,'2024-08-27 22:55:02','2024-08-28 15:20:00','2024-08-28 15:20:00'),(1571,10778,1573,1370,NULL,0,NULL,'2024-08-28 15:20:00','2024-08-28 15:20:00',NULL),(1572,10778,1574,1484,NULL,0,NULL,'2024-08-28 15:33:15','2024-08-28 15:33:15',NULL),(1573,10778,1575,1485,NULL,0,NULL,'2024-08-28 15:34:14','2024-08-28 15:34:14',NULL),(1574,10778,1576,1486,NULL,0,NULL,'2024-08-28 15:35:46','2024-08-28 15:35:46',NULL),(1575,10778,1577,1487,NULL,0,NULL,'2024-08-28 15:44:00','2024-08-28 15:44:00',NULL);
INSERT INTO `cta_cte_cliente_pivot_receipt` VALUES (1576,10778,1578,1488,NULL,0,NULL,'2024-08-28 18:58:10','2024-08-28 19:02:27','2024-08-28 19:02:27'),(1577,10778,1579,1489,NULL,0,NULL,'2024-08-28 18:58:10','2024-08-28 18:58:10',NULL),(1578,10778,1580,1490,NULL,0,NULL,'2024-08-28 18:58:10','2024-08-28 19:11:39','2024-08-28 19:11:39'),(1579,10778,1581,1491,NULL,0,NULL,'2024-08-28 18:58:10','2024-08-28 19:00:51','2024-08-28 19:00:51'),(1580,10778,1582,1492,NULL,0,NULL,'2024-08-28 18:58:10','2024-08-28 19:10:50','2024-08-28 19:10:50'),(1581,10778,1583,1493,NULL,0,NULL,'2024-08-28 18:58:10','2024-08-28 19:03:30','2024-08-28 19:03:30'),(1582,10778,1584,1494,NULL,0,NULL,'2024-08-28 18:58:10','2024-08-28 18:58:10',NULL),(1583,10778,1585,1495,NULL,0,NULL,'2024-08-28 18:58:10','2024-08-28 18:58:10',NULL),(1584,10778,1586,1496,NULL,0,NULL,'2024-08-28 18:58:10','2024-08-28 19:07:52','2024-08-28 19:07:52'),(1585,10778,1587,1497,NULL,0,NULL,'2024-08-28 18:58:10','2024-08-28 18:58:10',NULL),(1586,10778,1588,1498,NULL,0,NULL,'2024-08-28 18:58:11','2024-08-28 18:58:11',NULL),(1587,10778,1589,1499,NULL,0,NULL,'2024-08-28 18:58:11','2024-08-28 19:32:51','2024-08-28 19:32:51'),(1588,10778,1590,1500,NULL,0,NULL,'2024-08-28 18:58:11','2024-08-28 19:33:19','2024-08-28 19:33:19'),(1589,10778,1591,1501,NULL,0,NULL,'2024-08-28 18:58:11','2024-08-28 19:05:44','2024-08-28 19:05:44'),(1590,10778,1592,1502,NULL,0,NULL,'2024-08-28 18:58:11','2024-08-28 18:58:11',NULL),(1591,10778,1593,1503,NULL,0,NULL,'2024-08-28 18:58:11','2024-08-28 19:29:11','2024-08-28 19:29:11'),(1592,10778,1594,1504,NULL,0,NULL,'2024-08-28 18:58:11','2024-08-28 18:58:11',NULL),(1593,10778,1595,1505,NULL,0,NULL,'2024-08-28 18:58:11','2024-08-28 18:58:11',NULL),(1594,10778,1596,1506,NULL,0,NULL,'2024-08-28 18:58:11','2024-08-28 19:36:31','2024-08-28 19:36:31'),(1595,10778,1597,1507,NULL,0,NULL,'2024-08-28 18:58:11','2024-08-28 19:26:27','2024-08-28 19:26:27'),(1596,10778,1598,1508,NULL,0,NULL,'2024-08-28 18:58:11','2024-08-28 18:58:11',NULL),(1597,10778,1599,1509,NULL,0,NULL,'2024-08-28 18:58:11','2024-08-28 19:06:43','2024-08-28 19:06:43'),(1598,10778,1600,1510,NULL,0,NULL,'2024-08-28 18:58:11','2024-08-28 19:34:03','2024-08-28 19:34:03'),(1599,10778,1601,1511,NULL,0,NULL,'2024-08-28 18:58:11','2024-08-28 18:58:11',NULL),(1600,10778,1602,1512,NULL,0,NULL,'2024-08-28 18:58:11','2024-08-28 19:04:41','2024-08-28 19:04:41'),(1601,10778,1603,1513,NULL,0,NULL,'2024-08-28 18:58:12','2024-08-28 18:58:12',NULL),(1602,10778,1604,1514,NULL,0,NULL,'2024-08-28 18:58:12','2024-08-28 18:58:12',NULL),(1603,10778,1605,1515,NULL,0,NULL,'2024-08-28 18:58:12','2024-08-28 18:58:12',NULL),(1604,10778,1606,1516,NULL,0,NULL,'2024-08-28 18:58:12','2024-08-28 18:58:12',NULL),(1605,10778,1607,1491,NULL,0,NULL,'2024-08-28 19:00:51','2024-08-28 19:00:51',NULL),(1606,10778,1608,1488,NULL,0,NULL,'2024-08-28 19:02:27','2024-08-28 19:02:27',NULL),(1607,10778,1609,1493,NULL,0,NULL,'2024-08-28 19:03:30','2024-08-28 19:03:30',NULL),(1608,10778,1610,1512,NULL,0,NULL,'2024-08-28 19:04:41','2024-08-28 19:04:41',NULL),(1609,10778,1611,1501,NULL,0,NULL,'2024-08-28 19:05:44','2024-08-28 19:05:44',NULL),(1610,10778,1612,1509,NULL,0,NULL,'2024-08-28 19:06:43','2024-08-28 19:06:43',NULL),(1611,10778,1613,1496,NULL,0,NULL,'2024-08-28 19:07:52','2024-08-28 19:07:52',NULL),(1612,10778,1614,1492,NULL,0,NULL,'2024-08-28 19:10:50','2024-08-28 19:10:50',NULL),(1613,10778,1615,1490,NULL,0,NULL,'2024-08-28 19:11:39','2024-08-28 19:11:39',NULL),(1614,10778,1616,1517,NULL,0,NULL,'2024-08-28 19:14:18','2024-08-28 19:14:18',NULL),(1615,10778,1617,1507,NULL,0,NULL,'2024-08-28 19:26:27','2024-08-28 19:26:27',NULL),(1616,10778,1618,1503,NULL,0,NULL,'2024-08-28 19:29:11','2024-08-28 19:29:11',NULL),(1617,10778,1619,1499,NULL,0,NULL,'2024-08-28 19:32:51','2024-08-28 19:32:51',NULL),(1618,10778,1620,1500,NULL,0,NULL,'2024-08-28 19:33:19','2024-08-28 19:33:19',NULL),(1619,10778,1621,1510,NULL,0,NULL,'2024-08-28 19:34:03','2024-08-28 19:34:03',NULL);
INSERT INTO `cta_cte_cliente_pivot_receipt` VALUES (1620,10778,1622,1506,NULL,0,NULL,'2024-08-28 19:36:31','2024-08-28 19:36:31',NULL),(1621,10778,1623,1518,NULL,0,NULL,'2024-08-29 16:40:56','2024-08-29 16:40:56',NULL),(1622,10778,1624,1519,NULL,0,NULL,'2024-08-29 16:42:22','2024-08-29 16:42:22',NULL),(1623,10778,1625,1520,NULL,0,NULL,'2024-08-29 16:43:42','2024-08-29 16:43:42',NULL),(1624,10778,1626,1521,NULL,0,NULL,'2024-08-29 16:44:41','2024-08-29 16:44:41',NULL),(1625,10778,1627,1522,NULL,0,NULL,'2024-08-29 16:46:02','2024-08-29 16:46:02',NULL),(1626,10778,1628,1523,NULL,0,NULL,'2024-08-30 16:04:54','2024-08-30 16:04:54',NULL),(1627,10778,1629,1524,NULL,0,NULL,'2024-08-30 16:05:59','2024-08-30 16:05:59',NULL),(1628,10778,1630,1525,NULL,0,NULL,'2024-08-30 16:07:23','2024-08-30 16:07:23',NULL),(1629,10778,1631,1526,NULL,0,NULL,'2024-08-30 16:09:18','2024-08-30 16:09:18',NULL),(1630,10778,1632,1527,NULL,0,NULL,'2024-08-30 16:10:48','2024-08-30 16:10:48',NULL),(1631,10778,1633,1528,NULL,0,NULL,'2024-08-30 16:11:32','2024-08-30 16:11:32',NULL),(1632,10778,1634,1529,NULL,0,NULL,'2024-08-30 16:12:36','2024-08-30 16:12:36',NULL),(1633,10778,1635,1530,NULL,0,NULL,'2024-08-30 16:13:43','2024-08-30 16:13:43',NULL),(1634,10778,1636,1531,NULL,0,NULL,'2024-08-30 16:14:42','2024-08-30 16:14:42',NULL),(1635,10778,1637,1532,NULL,0,NULL,'2024-08-30 16:15:41','2024-08-30 16:15:41',NULL),(1636,10778,1638,1533,NULL,0,NULL,'2024-08-30 16:17:26','2024-08-30 16:17:26',NULL),(1637,10778,1639,1534,NULL,0,NULL,'2024-09-02 11:24:24','2024-09-02 11:24:24',NULL),(1638,10778,1640,1535,NULL,0,NULL,'2024-09-02 11:27:24','2024-09-02 11:27:24',NULL),(1639,10778,1641,1536,NULL,0,NULL,'2024-09-02 11:31:21','2024-09-02 11:31:21',NULL),(1640,10778,1642,1537,NULL,0,NULL,'2024-09-02 11:31:21','2024-09-02 11:31:21',NULL),(1641,10778,1643,1538,NULL,0,NULL,'2024-09-06 18:20:28','2024-09-06 18:20:28',NULL),(1642,10778,1644,1539,NULL,0,NULL,'2024-09-06 18:27:27','2024-09-06 18:27:27',NULL),(1643,10778,1645,1540,NULL,0,NULL,'2024-09-12 14:23:19','2024-09-12 14:23:19',NULL),(1644,10778,1646,1541,NULL,0,NULL,'2024-09-12 14:26:47','2024-09-12 14:29:35','2024-09-12 14:29:35'),(1645,10778,1647,1541,NULL,0,NULL,'2024-09-12 14:29:35','2024-09-12 14:29:35',NULL),(1646,10778,1648,1542,NULL,0,NULL,'2024-09-12 14:30:45','2024-09-12 14:30:45',NULL),(1647,10778,1649,1543,NULL,0,NULL,'2024-09-12 14:31:13','2024-09-12 14:31:13',NULL),(1648,10778,1650,1544,NULL,0,NULL,'2024-09-12 14:31:39','2024-09-12 14:31:39',NULL),(1649,10778,1651,1545,NULL,0,NULL,'2024-09-12 14:32:05','2024-09-12 14:32:05',NULL),(1650,10778,1652,1546,NULL,0,NULL,'2024-09-12 14:33:12','2024-09-12 14:33:12',NULL),(1651,10778,1653,1547,NULL,0,NULL,'2024-09-12 14:34:06','2024-09-12 14:34:06',NULL),(1652,10778,1654,1548,NULL,0,NULL,'2024-09-12 14:34:56','2024-09-12 15:41:41','2024-09-12 15:41:41'),(1653,10778,1655,1548,NULL,0,NULL,'2024-09-12 15:41:41','2024-09-12 15:41:41',NULL),(1654,NULL,1656,1266,1631304.29,0,NULL,NULL,NULL,NULL),(1655,10778,1657,1549,NULL,0,NULL,'2024-10-11 19:44:26','2024-10-11 19:44:26',NULL),(1656,10778,1658,1550,NULL,0,NULL,'2024-10-11 19:44:47','2024-10-11 19:44:47',NULL),(1657,10778,1659,1551,NULL,0,NULL,'2024-10-11 19:45:39','2024-10-11 19:45:39',NULL),(1658,NULL,1660,1267,1616771.51,0,NULL,NULL,NULL,NULL),(1659,NULL,1660,1268,1631304.29,0,NULL,NULL,NULL,NULL),(1660,NULL,1660,1270,6894075.77,0,NULL,NULL,NULL,NULL),(1661,NULL,1660,1271,3255342.19,0,NULL,NULL,NULL,NULL),(1662,NULL,1660,1273,7111533.00,0,NULL,NULL,NULL,NULL),(1663,NULL,1660,1272,8536631.70,0,NULL,NULL,NULL,NULL),(1664,NULL,1660,1274,5354613.00,0,NULL,NULL,NULL,NULL),(1665,NULL,1660,1269,1631304.29,0,NULL,NULL,NULL,NULL),(1666,NULL,1660,1481,5272030.50,0,NULL,NULL,NULL,NULL),(1667,NULL,1660,1483,3894264.00,0,NULL,NULL,NULL,NULL),(1668,NULL,1660,1482,10133387.00,0,NULL,NULL,NULL,NULL),(1669,10778,1661,1296,17825.45,0,NULL,NULL,'2024-12-11 20:36:16','2024-12-11 20:36:16'),(1670,10778,1661,1325,453641.00,0,NULL,NULL,'2024-12-11 20:36:17','2024-12-11 20:36:17');
INSERT INTO `cta_cte_cliente_pivot_receipt` VALUES (1671,10778,1661,1332,462133.92,0,NULL,NULL,'2024-12-11 20:36:17','2024-12-11 20:36:17'),(1672,10778,1661,1493,537171.00,0,NULL,NULL,'2024-12-11 20:36:17','2024-12-11 20:36:17'),(1673,10778,1661,1496,394362.93,0,NULL,NULL,'2024-12-11 20:36:17','2024-12-11 20:36:17'),(1674,10778,1661,1501,825690.85,0,NULL,NULL,'2024-12-11 20:36:17','2024-12-11 20:36:17'),(1675,10778,1661,1509,754197.61,0,NULL,NULL,'2024-12-11 20:36:17','2024-12-11 20:36:17'),(1676,10778,1661,1512,308091.89,0,NULL,NULL,'2024-12-11 20:36:17','2024-12-11 20:36:17'),(1677,10778,1661,1513,56146.84,0,NULL,NULL,'2024-12-11 20:36:17','2024-12-11 20:36:17'),(1678,10778,1661,1488,548235.03,0,NULL,NULL,'2024-12-11 20:36:17','2024-12-11 20:36:17'),(1679,10778,1661,1403,25345.96,0,NULL,NULL,'2024-12-11 20:36:17','2024-12-11 20:36:17'),(1680,10778,1661,1402,675420.88,0,NULL,NULL,'2024-12-11 20:36:17','2024-12-11 20:36:17'),(1681,10778,1661,1399,562083.57,0,NULL,NULL,'2024-12-11 20:36:17','2024-12-11 20:36:17'),(1682,10778,1661,1396,509233.00,0,NULL,NULL,'2024-12-11 20:36:17','2024-12-11 20:36:17'),(1683,10778,1661,1393,608078.03,0,NULL,NULL,'2024-12-11 20:36:17','2024-12-11 20:36:17'),(1684,10778,1661,1330,184893.26,0,NULL,NULL,'2024-12-11 20:36:17','2024-12-11 20:36:17'),(1685,10778,1661,1331,589250.22,0,NULL,NULL,'2024-12-11 20:36:17','2024-12-11 20:36:17'),(1686,10778,1661,1339,213396.21,0,NULL,NULL,'2024-12-11 20:36:17','2024-12-11 20:36:17'),(1687,10778,1661,1340,600771.98,0,NULL,NULL,'2024-12-11 20:36:17','2024-12-11 20:36:17'),(1688,10778,1661,1343,51178.48,0,NULL,NULL,'2024-12-11 20:36:17','2024-12-11 20:36:17'),(1689,10778,1661,1345,217288.82,0,NULL,NULL,'2024-12-11 20:36:17','2024-12-11 20:36:17'),(1690,10778,1661,1333,253377.23,0,NULL,NULL,'2024-12-11 20:36:17','2024-12-11 20:36:17'),(1691,10778,1661,1349,531447.98,0,NULL,NULL,'2024-12-11 20:36:17','2024-12-11 20:36:17'),(1692,10778,1661,1362,288470.16,0,NULL,NULL,'2024-12-11 20:36:17','2024-12-11 20:36:17'),(1693,10778,1661,1360,673080.31,0,NULL,NULL,'2024-12-11 20:36:17','2024-12-11 20:36:17'),(1694,10778,1661,1384,220881.68,0,NULL,NULL,'2024-12-11 20:36:17','2024-12-11 20:36:17'),(1695,10778,1661,1388,513962.48,0,NULL,NULL,'2024-12-11 20:36:17','2024-12-11 20:36:17'),(1696,10778,1662,1443,526389.70,0,NULL,NULL,'2024-12-11 20:32:44','2024-12-11 20:32:44'),(1697,10778,1662,1442,1569867.71,0,NULL,NULL,'2024-12-11 20:32:44','2024-12-11 20:32:44'),(1698,10778,1662,1452,1180045.43,0,NULL,NULL,'2024-12-11 20:32:44','2024-12-11 20:32:44'),(1699,10778,1662,1453,478303.97,0,NULL,NULL,'2024-12-11 20:32:44','2024-12-11 20:32:44'),(1700,10778,1662,1479,689347.81,0,NULL,NULL,'2024-12-11 20:32:44','2024-12-11 20:32:44'),(1701,10778,1662,1480,645247.81,0,NULL,NULL,'2024-12-11 20:32:44','2024-12-11 20:32:44'),(1702,10778,1662,1517,771116.34,0,NULL,NULL,'2024-12-11 20:32:44','2024-12-11 20:32:44'),(1703,10778,1662,1541,617486.59,0,NULL,NULL,'2024-12-11 20:32:44','2024-12-11 20:32:44'),(1704,10778,1663,1413,NULL,0,NULL,'2024-12-07 13:33:46','2024-12-07 13:33:46',NULL),(1705,10778,1664,1455,NULL,0,NULL,'2024-12-07 13:35:23','2024-12-07 13:35:23',NULL),(1706,10778,1665,1425,NULL,0,NULL,'2024-12-07 13:44:12','2024-12-07 13:44:12',NULL),(1707,10778,1666,1424,NULL,0,NULL,'2024-12-07 13:44:22','2024-12-07 13:44:22',NULL),(1708,10778,1667,1423,NULL,0,NULL,'2024-12-07 13:44:32','2024-12-07 13:44:32',NULL),(1709,10778,1668,1427,NULL,0,NULL,'2024-12-07 16:17:43','2024-12-07 16:17:43',NULL),(1710,10778,1669,1429,NULL,0,NULL,'2024-12-07 16:18:37','2024-12-07 16:18:37',NULL),(1711,10778,1670,1432,NULL,0,NULL,'2024-12-07 16:19:15','2024-12-07 16:28:56','2024-12-07 16:28:56'),(1712,10778,1671,1457,NULL,0,NULL,'2024-12-07 16:21:27','2024-12-07 16:21:27',NULL),(1713,10778,1672,1441,NULL,0,NULL,'2024-12-07 16:23:42','2024-12-07 16:23:42',NULL),(1714,10778,1673,1431,NULL,0,NULL,'2024-12-07 16:25:54','2024-12-07 16:30:27','2024-12-07 16:30:27'),(1715,10778,1674,1434,NULL,0,NULL,'2024-12-07 16:28:14','2024-12-07 16:28:14',NULL);
INSERT INTO `cta_cte_cliente_pivot_receipt` VALUES (1716,10778,1675,1433,NULL,0,NULL,'2024-12-07 16:28:34','2024-12-07 16:28:34',NULL),(1717,10778,1676,1432,NULL,0,NULL,'2024-12-07 16:28:56','2024-12-07 16:28:56',NULL),(1718,10778,1677,1431,NULL,0,NULL,'2024-12-07 16:30:27','2024-12-07 16:30:27',NULL),(1719,10778,1678,1306,NULL,0,NULL,'2024-12-11 20:28:50','2024-12-11 20:28:50',NULL),(1720,10778,1679,1300,NULL,0,NULL,'2024-12-11 20:29:23','2024-12-11 20:29:23',NULL),(1721,10778,1680,1443,NULL,0,NULL,'2024-12-11 20:34:20','2024-12-11 20:34:20',NULL),(1722,10778,1681,1442,NULL,0,NULL,'2024-12-11 20:35:15','2024-12-11 20:35:15',NULL),(1723,10778,1682,1325,NULL,0,NULL,'2024-12-11 20:37:15','2024-12-11 20:37:15',NULL),(1724,10778,1683,1304,NULL,0,NULL,'2024-12-11 20:42:35','2024-12-11 20:42:51','2024-12-11 20:42:51'),(1725,10778,1684,1304,NULL,0,NULL,'2024-12-11 20:42:51','2024-12-11 20:42:51',NULL),(1726,10778,1685,1462,NULL,0,NULL,'2024-12-11 20:43:45','2024-12-11 20:43:45',NULL),(1727,10778,1686,1460,NULL,0,NULL,'2024-12-11 20:44:17','2024-12-11 20:44:17',NULL),(1728,10778,1687,1465,NULL,0,NULL,'2024-12-11 20:44:52','2024-12-11 20:44:52',NULL),(1729,10778,1688,1464,NULL,0,NULL,'2024-12-11 20:45:16','2024-12-11 20:45:16',NULL),(1730,10778,1689,1463,NULL,0,NULL,'2024-12-11 20:45:41','2024-12-11 20:45:41',NULL),(1731,10778,1690,1461,NULL,0,NULL,'2024-12-11 20:46:02','2024-12-11 20:46:02',NULL),(1732,10778,1691,1459,NULL,0,NULL,'2024-12-11 20:46:24','2024-12-11 20:46:24',NULL),(1733,10778,1692,1458,NULL,0,NULL,'2024-12-11 20:46:44','2024-12-11 20:46:44',NULL),(1734,10778,1693,1446,NULL,0,NULL,'2024-12-11 20:49:07','2024-12-11 20:49:07',NULL),(1735,10778,1694,1552,NULL,0,NULL,'2024-12-11 21:49:40','2024-12-11 21:49:40',NULL),(1736,10778,1695,1553,NULL,0,NULL,'2024-12-11 21:49:40','2024-12-11 21:49:40',NULL),(1737,10778,1696,1554,NULL,0,NULL,'2024-12-11 21:49:40','2024-12-11 21:49:40',NULL),(1738,10778,1697,1555,NULL,0,NULL,'2024-12-11 21:49:40','2024-12-11 21:49:40',NULL),(1739,10778,1698,1556,NULL,0,NULL,'2024-12-11 21:49:40','2024-12-11 21:49:40',NULL),(1740,10778,1699,1557,NULL,0,NULL,'2024-12-11 21:49:40','2024-12-13 21:09:49','2024-12-13 21:09:49'),(1741,10778,1700,1558,NULL,0,NULL,'2024-12-11 21:49:40','2024-12-13 21:13:12','2024-12-13 21:13:12'),(1742,10778,1701,1559,NULL,0,NULL,'2024-12-11 21:49:40','2024-12-11 21:49:40',NULL),(1743,10778,1702,1560,NULL,0,NULL,'2024-12-11 21:49:40','2024-12-11 21:49:40',NULL),(1744,10778,1703,1561,NULL,0,NULL,'2024-12-11 21:49:40','2024-12-11 21:49:40',NULL),(1745,10778,1704,1562,NULL,0,NULL,'2024-12-11 21:49:40','2024-12-11 21:49:40',NULL),(1746,10778,1705,1563,NULL,0,NULL,'2024-12-11 21:49:40','2024-12-11 21:49:40',NULL),(1747,10778,1706,1564,NULL,0,NULL,'2024-12-11 21:49:40','2024-12-11 21:49:40',NULL),(1748,10778,1707,1565,NULL,0,NULL,'2024-12-11 21:49:40','2024-12-11 21:49:40',NULL),(1749,10778,1708,1566,NULL,0,NULL,'2024-12-11 21:49:40','2024-12-13 21:14:02','2024-12-13 21:14:02'),(1750,10778,1709,1567,NULL,0,NULL,'2024-12-11 21:49:40','2024-12-11 21:49:40',NULL),(1751,10778,1710,1568,NULL,0,NULL,'2024-12-11 21:49:40','2024-12-11 21:49:40',NULL),(1752,10778,1711,1569,NULL,0,NULL,'2024-12-11 21:49:40','2024-12-11 21:49:40',NULL),(1753,10778,1712,1570,NULL,0,NULL,'2024-12-11 21:49:40','2024-12-11 21:49:40',NULL),(1754,10778,1713,1571,NULL,0,NULL,'2024-12-11 21:49:40','2024-12-11 21:49:40',NULL),(1755,10778,1714,1572,NULL,0,NULL,'2024-12-11 21:54:31','2024-12-11 21:54:31',NULL),(1756,10778,1715,1573,NULL,0,NULL,'2024-12-11 21:55:37','2024-12-11 21:55:37',NULL),(1757,10778,1716,1574,NULL,0,NULL,'2024-12-11 21:56:19','2024-12-11 21:56:19',NULL),(1758,10778,1717,1575,NULL,0,NULL,'2024-12-11 21:57:02','2024-12-11 21:57:02',NULL),(1759,10778,1718,1576,NULL,0,NULL,'2024-12-13 20:46:55','2024-12-13 20:48:05','2024-12-13 20:48:05'),(1760,10778,1719,1576,NULL,0,NULL,'2024-12-13 20:48:05','2024-12-13 20:56:33','2024-12-13 20:56:33'),(1761,10778,1720,1577,NULL,0,NULL,'2024-12-13 20:51:15','2024-12-13 20:55:50','2024-12-13 20:55:50');
INSERT INTO `cta_cte_cliente_pivot_receipt` VALUES (1762,10778,1721,1578,NULL,0,NULL,'2024-12-13 20:54:04','2024-12-13 20:54:04',NULL),(1763,10778,1722,1577,NULL,0,NULL,'2024-12-13 20:55:50','2024-12-13 20:55:50',NULL),(1764,10778,1723,1576,NULL,0,NULL,'2024-12-13 20:56:33','2024-12-13 20:56:33',NULL),(1765,10778,1724,1579,NULL,0,NULL,'2024-12-13 20:58:14','2024-12-13 20:58:14',NULL),(1766,10778,1725,1580,NULL,0,NULL,'2024-12-13 20:59:43','2024-12-13 20:59:43',NULL),(1767,10778,1726,1581,NULL,0,NULL,'2024-12-13 21:00:46','2024-12-13 21:00:46',NULL),(1768,10778,1727,1582,NULL,0,NULL,'2024-12-13 21:01:35','2024-12-13 21:01:35',NULL),(1769,10778,1728,1583,NULL,0,NULL,'2024-12-13 21:02:34','2024-12-13 21:02:34',NULL),(1770,10778,1729,1584,NULL,0,NULL,'2024-12-13 21:04:19','2024-12-13 21:04:19',NULL),(1771,10778,1730,1585,NULL,0,NULL,'2024-12-13 21:05:56','2024-12-13 21:05:56',NULL),(1772,10778,1731,1586,NULL,0,NULL,'2024-12-13 21:07:10','2024-12-13 21:07:10',NULL),(1773,10778,1732,1587,NULL,0,NULL,'2024-12-13 21:08:15','2024-12-13 21:08:15',NULL),(1774,10778,1733,1557,NULL,0,NULL,'2024-12-13 21:09:49','2024-12-13 21:09:49',NULL),(1775,10778,1734,1588,NULL,0,NULL,'2024-12-13 21:10:59','2024-12-13 21:10:59',NULL),(1776,10778,1735,1558,NULL,0,NULL,'2024-12-13 21:13:12','2024-12-13 21:13:12',NULL),(1777,10778,1736,1566,NULL,0,NULL,'2024-12-13 21:14:02','2024-12-13 21:14:02',NULL),(1778,10778,1737,1589,NULL,0,NULL,'2024-12-13 21:17:12','2024-12-13 21:17:12',NULL),(1779,10778,1738,1590,NULL,0,NULL,'2024-12-13 21:18:00','2024-12-13 21:18:00',NULL),(1780,10778,1739,1591,NULL,0,NULL,'2024-12-13 21:18:39','2024-12-13 21:18:39',NULL),(1781,10778,1740,1592,NULL,0,NULL,'2024-12-13 21:22:12','2024-12-13 21:24:29','2024-12-13 21:24:29'),(1782,10778,1741,1592,NULL,0,NULL,'2024-12-13 21:24:29','2024-12-13 21:24:29',NULL),(1783,10778,1742,1593,NULL,0,NULL,'2024-12-13 21:29:25','2024-12-13 21:29:25',NULL),(1784,10778,1743,1594,NULL,0,NULL,'2024-12-13 21:34:31','2024-12-13 21:34:31',NULL),(1785,10778,1744,1595,NULL,0,NULL,'2024-12-13 21:34:31','2024-12-13 21:34:31',NULL),(1786,10778,1745,1596,NULL,0,NULL,'2024-12-13 21:34:47','2024-12-13 21:34:47',NULL),(1787,10778,1746,1597,NULL,0,NULL,'2024-12-13 21:34:47','2024-12-13 21:34:47',NULL),(1788,10778,1747,1598,NULL,0,NULL,'2024-12-13 21:34:47','2024-12-13 21:34:47',NULL),(1789,10778,1748,1599,NULL,0,NULL,'2024-12-13 21:34:47','2024-12-13 21:34:47',NULL),(1790,10778,1749,1600,NULL,0,NULL,'2024-12-13 21:34:47','2024-12-13 21:34:47',NULL),(1791,10778,1750,1601,NULL,0,NULL,'2024-12-13 21:34:47','2024-12-13 21:34:47',NULL),(1792,10778,1751,1602,NULL,0,NULL,'2024-12-13 21:34:47','2024-12-13 21:34:47',NULL),(1793,10778,1752,1603,NULL,0,NULL,'2024-12-13 21:34:47','2024-12-13 21:34:47',NULL),(1794,10778,1753,1604,NULL,0,NULL,'2024-12-13 21:34:48','2024-12-13 21:34:48',NULL),(1795,10778,1754,1605,NULL,0,NULL,'2024-12-13 21:34:48','2024-12-13 21:34:48',NULL),(1796,10778,1755,1606,NULL,0,NULL,'2024-12-13 21:34:48','2024-12-13 21:39:23','2024-12-13 21:39:23'),(1797,10778,1756,1607,NULL,0,NULL,'2024-12-13 21:34:48','2024-12-13 21:34:48',NULL),(1798,10778,1757,1608,NULL,0,NULL,'2024-12-13 21:34:48','2024-12-13 21:34:48',NULL),(1799,10778,1758,1609,NULL,0,NULL,'2024-12-13 21:34:48','2024-12-13 21:34:48',NULL),(1800,10778,1759,1610,NULL,0,NULL,'2024-12-13 21:34:48','2024-12-13 21:34:48',NULL),(1801,10778,1760,1611,NULL,0,NULL,'2024-12-13 21:34:48','2024-12-13 21:34:48',NULL),(1802,10778,1761,1612,NULL,0,NULL,'2024-12-13 21:34:48','2025-01-15 18:01:32','2025-01-15 18:01:32'),(1803,10778,1762,1613,NULL,0,NULL,'2024-12-13 21:34:48','2024-12-13 21:34:48',NULL),(1804,10778,1763,1606,NULL,0,NULL,'2024-12-13 21:39:23','2024-12-13 21:39:23',NULL),(1805,10778,1764,1614,NULL,0,NULL,'2024-12-13 21:42:19','2025-01-15 18:05:37','2025-01-15 18:05:37'),(1806,10778,1765,1615,NULL,0,NULL,'2024-12-13 21:44:24','2024-12-13 21:44:24',NULL),(1807,10778,1766,1616,NULL,0,NULL,'2024-12-13 21:45:43','2024-12-13 21:45:43',NULL);
INSERT INTO `cta_cte_cliente_pivot_receipt` VALUES (1808,10778,1767,1617,NULL,0,NULL,'2024-12-13 21:46:52','2024-12-13 21:46:52',NULL),(1809,10778,1768,1618,NULL,0,NULL,'2024-12-13 21:48:47','2024-12-13 21:48:47',NULL),(1810,10778,1769,1619,NULL,0,NULL,'2024-12-13 21:50:25','2025-01-15 18:18:28','2025-01-15 18:18:28'),(1811,10778,1770,1620,NULL,0,NULL,'2024-12-13 21:52:07','2024-12-13 21:52:07',NULL),(1812,10778,1771,1621,NULL,0,NULL,'2024-12-13 21:53:47','2025-01-15 18:17:52','2025-01-15 18:17:52'),(1813,10778,1772,1622,NULL,0,NULL,'2024-12-13 22:18:24','2024-12-13 22:18:24',NULL),(1814,10778,1773,1623,NULL,0,NULL,'2024-12-13 22:19:02','2024-12-13 22:19:02',NULL),(1815,10778,1774,1624,NULL,0,NULL,'2024-12-13 22:19:47','2024-12-13 22:19:47',NULL),(1816,10778,1775,1625,NULL,0,NULL,'2024-12-13 22:20:51','2024-12-13 22:20:51',NULL),(1817,10778,1776,1626,NULL,0,NULL,'2024-12-13 22:22:49','2024-12-13 22:22:49',NULL),(1818,10778,1777,1612,NULL,0,NULL,'2025-01-15 18:01:32','2025-01-15 18:01:32',NULL),(1819,10778,1778,1614,NULL,0,NULL,'2025-01-15 18:05:37','2025-01-15 18:05:37',NULL),(1820,10778,1779,1621,NULL,0,NULL,'2025-01-15 18:17:52','2025-01-15 18:17:52',NULL),(1821,10778,1780,1619,NULL,0,NULL,'2025-01-15 18:18:28','2025-01-15 18:18:28',NULL),(1822,10778,1781,1627,NULL,0,NULL,'2025-01-15 18:33:26','2025-01-15 18:33:26',NULL),(1823,10778,1782,1628,NULL,0,NULL,'2025-01-15 18:33:26','2025-01-15 18:33:26',NULL),(1824,10778,1783,1629,NULL,0,NULL,'2025-01-15 18:33:26','2025-01-15 18:33:26',NULL),(1825,10778,1784,1630,NULL,0,NULL,'2025-01-15 18:33:26','2025-01-15 18:33:26',NULL),(1826,10778,1785,1631,NULL,0,NULL,'2025-01-15 18:33:26','2025-01-15 18:33:26',NULL),(1827,10778,1786,1632,NULL,0,NULL,'2025-01-15 18:33:26','2025-01-15 18:33:26',NULL),(1828,10778,1787,1633,NULL,0,NULL,'2025-01-15 18:33:26','2025-01-15 18:56:10','2025-01-15 18:56:10'),(1829,10778,1788,1634,NULL,0,NULL,'2025-01-15 18:33:26','2025-01-15 18:55:38','2025-01-15 18:55:38'),(1830,10778,1789,1635,NULL,0,NULL,'2025-01-15 18:33:26','2025-01-15 18:33:26',NULL),(1831,10778,1790,1636,NULL,0,NULL,'2025-01-15 18:33:26','2025-01-15 18:53:58','2025-01-15 18:53:58'),(1832,10778,1791,1637,NULL,0,NULL,'2025-01-15 18:33:26','2025-01-15 18:53:18','2025-01-15 18:53:18'),(1833,10778,1792,1638,NULL,0,NULL,'2025-01-15 18:33:26','2025-01-15 18:33:26',NULL),(1834,10778,1793,1639,NULL,0,NULL,'2025-01-15 18:33:26','2025-01-15 18:33:26',NULL),(1835,10778,1794,1640,NULL,0,NULL,'2025-01-15 18:33:26','2025-01-15 18:33:26',NULL),(1836,10778,1795,1641,NULL,0,NULL,'2025-01-15 18:33:26','2025-01-15 18:33:26',NULL),(1837,10778,1796,1642,NULL,0,NULL,'2025-01-15 18:33:26','2025-01-15 18:33:26',NULL),(1838,10778,1797,1643,NULL,0,NULL,'2025-01-15 18:33:26','2025-01-15 18:33:26',NULL),(1839,10778,1798,1644,NULL,0,NULL,'2025-01-15 18:33:26','2025-01-15 18:33:26',NULL),(1840,10778,1799,1645,NULL,0,NULL,'2025-01-15 18:33:26','2025-01-15 18:33:26',NULL),(1841,10778,1800,1646,NULL,0,NULL,'2025-01-15 18:33:26','2025-01-15 18:33:26',NULL),(1842,10778,1801,1647,NULL,0,NULL,'2025-01-15 18:33:26','2025-01-15 18:33:26',NULL),(1843,10778,1802,1648,NULL,0,NULL,'2025-01-15 18:33:27','2025-01-15 18:33:27',NULL),(1844,10778,1803,1649,NULL,0,NULL,'2025-01-15 18:34:46','2025-01-15 18:34:46',NULL),(1845,10778,1804,1650,NULL,0,NULL,'2025-01-15 18:34:46','2025-01-15 18:34:46',NULL),(1846,10778,1805,1651,NULL,0,NULL,'2025-01-15 18:34:46','2025-01-15 18:34:46',NULL),(1847,10778,1806,1652,NULL,0,NULL,'2025-01-15 18:34:46','2025-01-15 18:34:46',NULL),(1848,10778,1807,1653,NULL,0,NULL,'2025-01-15 18:34:46','2025-01-15 18:34:46',NULL),(1849,10778,1808,1654,NULL,0,NULL,'2025-01-15 18:34:46','2025-01-15 18:34:46',NULL),(1850,10778,1809,1637,NULL,0,NULL,'2025-01-15 18:53:18','2025-01-15 18:53:18',NULL),(1851,10778,1810,1636,NULL,0,NULL,'2025-01-15 18:53:58','2025-01-15 18:53:58',NULL),(1852,10778,1811,1634,NULL,0,NULL,'2025-01-15 18:55:38','2025-01-15 18:55:38',NULL),(1853,10778,1812,1633,NULL,0,NULL,'2025-01-15 18:56:10','2025-01-15 18:56:10',NULL);
INSERT INTO `cta_cte_cliente_pivot_receipt` VALUES (1854,10778,1813,1655,NULL,0,NULL,'2025-01-15 19:05:40','2025-01-15 19:05:40',NULL),(1855,10778,1814,1656,NULL,0,NULL,'2025-01-15 19:06:54','2025-01-15 19:06:54',NULL),(1856,10778,1815,1657,NULL,0,NULL,'2025-01-15 19:07:40','2025-01-15 19:07:40',NULL),(1857,10778,1816,1658,NULL,0,NULL,'2025-01-15 19:08:31','2025-01-15 19:08:31',NULL),(1858,10778,1817,1659,NULL,0,NULL,'2025-01-15 19:09:34','2025-01-15 19:09:34',NULL),(1859,10778,1818,1660,NULL,0,NULL,'2025-01-15 19:10:12','2025-01-15 19:10:12',NULL),(1860,10778,1819,1661,NULL,0,NULL,'2025-01-15 19:11:00','2025-01-15 19:14:00','2025-01-15 19:14:00'),(1861,10778,1820,1662,NULL,0,NULL,'2025-01-15 19:11:35','2025-01-15 19:14:22','2025-01-15 19:14:22'),(1862,10778,1821,1661,NULL,0,NULL,'2025-01-15 19:14:00','2025-01-15 19:14:00',NULL),(1863,10778,1822,1662,NULL,0,NULL,'2025-01-15 19:14:22','2025-01-15 19:14:22',NULL),(1864,10778,1823,1663,NULL,0,NULL,'2025-01-15 19:15:37','2025-01-15 19:15:37',NULL),(1865,10778,1824,1664,NULL,0,NULL,'2025-01-15 19:16:08','2025-01-15 19:16:08',NULL),(1866,10778,1825,1665,NULL,0,NULL,'2025-01-15 19:16:53','2025-01-15 19:16:53',NULL),(1867,10778,1826,1666,NULL,0,NULL,'2025-01-15 19:17:22','2025-01-15 19:17:22',NULL),(1868,10778,1827,1667,NULL,0,NULL,'2025-01-15 19:18:09','2025-01-15 19:18:09',NULL),(1869,10778,1828,1668,NULL,0,NULL,'2025-01-15 19:18:58','2025-01-15 19:18:58',NULL),(1870,10778,1829,1669,NULL,0,NULL,'2025-01-15 19:19:39','2025-01-15 19:19:39',NULL),(1871,10778,1830,1670,NULL,0,NULL,'2025-01-15 19:20:12','2025-01-15 19:20:12',NULL),(1872,10778,1831,1671,NULL,0,NULL,'2025-01-15 19:21:50','2025-01-15 19:21:50',NULL),(1873,10778,1832,1672,NULL,0,NULL,'2025-01-15 19:23:12','2025-01-15 19:23:12',NULL),(1874,10778,1833,1673,NULL,0,NULL,'2025-01-15 19:24:08','2025-01-15 19:24:08',NULL),(1875,10778,1834,1674,NULL,0,NULL,'2025-01-15 19:26:35','2025-01-15 19:26:35',NULL),(1876,10778,1835,1675,NULL,0,NULL,'2025-01-15 19:28:16','2025-01-15 19:28:16',NULL),(1877,10778,1836,1676,NULL,0,NULL,'2025-01-15 19:29:49','2025-01-15 19:29:49',NULL),(1878,10778,1837,1677,NULL,0,NULL,'2025-01-15 19:30:34','2025-01-15 19:30:34',NULL),(1879,10778,1838,1678,NULL,0,NULL,'2025-01-16 21:38:59','2025-01-16 21:38:59',NULL),(1880,10778,1839,1679,NULL,0,NULL,'2025-01-16 21:41:21','2025-01-16 21:45:26','2025-01-16 21:45:26'),(1881,10778,1840,1680,NULL,0,NULL,'2025-01-16 21:42:07','2025-01-16 21:42:07',NULL),(1882,10778,1841,1679,NULL,0,NULL,'2025-01-16 21:45:26','2025-01-16 21:45:26',NULL),(1883,10778,1842,1681,NULL,0,NULL,'2025-01-17 07:29:09','2025-01-17 07:29:09',NULL),(1884,10778,1843,1682,NULL,0,NULL,'2025-01-17 07:29:09','2025-01-17 07:29:09',NULL),(1885,10778,1844,1683,NULL,0,NULL,'2025-01-17 07:29:10','2025-02-03 20:02:07','2025-02-03 20:02:07'),(1886,10778,1845,1684,NULL,0,NULL,'2025-01-17 07:29:10','2025-02-03 20:55:19','2025-02-03 20:55:19'),(1887,10778,1846,1685,NULL,0,NULL,'2025-01-17 07:29:10','2025-01-17 07:29:10',NULL),(1888,10778,1847,1686,NULL,0,NULL,'2025-01-17 07:29:10','2025-02-03 20:54:09','2025-02-03 20:54:09'),(1889,10778,1848,1687,NULL,0,NULL,'2025-01-17 07:29:10','2025-02-03 20:53:06','2025-02-03 20:53:06'),(1890,10778,1849,1688,NULL,0,NULL,'2025-01-17 07:29:10','2025-01-17 07:29:10',NULL),(1891,10778,1850,1689,NULL,0,NULL,'2025-01-17 07:29:10','2025-01-17 07:29:10',NULL),(1892,10778,1851,1690,NULL,0,NULL,'2025-01-17 07:29:10','2025-01-17 07:29:10',NULL),(1893,10778,1852,1691,NULL,0,NULL,'2025-01-17 07:29:10','2025-01-17 07:29:10',NULL),(1894,10778,1853,1692,NULL,0,NULL,'2025-01-17 07:29:10','2025-01-17 07:29:10',NULL),(1895,10778,1854,1693,NULL,0,NULL,'2025-01-17 07:29:10','2025-01-17 07:29:10',NULL),(1896,10778,1855,1694,NULL,0,NULL,'2025-01-17 07:29:10','2025-01-17 07:29:10',NULL),(1897,10778,1856,1695,NULL,0,NULL,'2025-01-17 07:29:10','2025-01-17 07:29:10',NULL),(1898,10778,1857,1696,NULL,0,NULL,'2025-01-17 07:29:10','2025-01-17 07:29:10',NULL),(1899,10778,1858,1697,NULL,0,NULL,'2025-01-17 07:29:10','2025-01-17 07:29:10',NULL);
INSERT INTO `cta_cte_cliente_pivot_receipt` VALUES (1900,10778,1859,1698,NULL,0,NULL,'2025-01-17 07:29:10','2025-01-20 15:07:15','2025-01-20 15:07:15'),(1901,10778,1860,1699,NULL,0,NULL,'2025-01-17 07:29:10','2025-01-17 07:29:10',NULL),(1902,10778,1861,1700,NULL,0,NULL,'2025-01-17 07:29:10','2025-01-17 07:29:10',NULL),(1903,10778,1862,1701,NULL,0,NULL,'2025-01-17 07:29:10','2025-01-17 07:29:10',NULL),(1904,10778,1863,1702,NULL,0,NULL,'2025-01-17 07:29:10','2025-01-17 07:29:10',NULL),(1905,10778,1864,1703,NULL,0,NULL,'2025-01-17 07:29:10','2025-01-17 07:29:10',NULL),(1906,10778,1865,1704,NULL,0,NULL,'2025-01-17 07:29:10','2025-01-17 07:29:10',NULL),(1907,10778,1866,1705,NULL,0,NULL,'2025-01-17 07:29:10','2025-01-17 07:29:10',NULL),(1908,10778,1867,1706,NULL,0,NULL,'2025-01-17 07:29:10','2025-01-17 07:29:10',NULL),(1909,10778,1868,1707,NULL,0,NULL,'2025-01-17 07:29:10','2025-01-20 15:08:16','2025-01-20 15:08:16'),(1910,10778,1869,1708,NULL,0,NULL,'2025-01-17 07:29:10','2025-01-20 15:11:24','2025-01-20 15:11:24'),(1911,10778,1870,1709,NULL,0,NULL,'2025-01-18 11:38:04','2025-01-18 11:38:04',NULL),(1912,10778,1871,1710,NULL,0,NULL,'2025-01-18 11:39:17','2025-01-18 11:39:17',NULL),(1913,10778,1872,1711,NULL,0,NULL,'2025-01-18 11:40:10','2025-01-18 11:40:10',NULL),(1914,10778,1873,1712,NULL,0,NULL,'2025-01-18 11:41:05','2025-01-18 11:41:05',NULL),(1915,10778,1874,1713,NULL,0,NULL,'2025-01-18 11:42:47','2025-02-03 20:58:12','2025-02-03 20:58:12'),(1916,10778,1875,1714,NULL,0,NULL,'2025-01-18 11:43:18','2025-01-18 11:43:18',NULL),(1917,10778,1876,1715,NULL,0,NULL,'2025-01-18 11:43:57','2025-01-18 11:43:57',NULL),(1918,10778,1877,1716,NULL,0,NULL,'2025-01-18 11:45:04','2025-01-18 11:45:04',NULL),(1919,10778,1878,1717,NULL,0,NULL,'2025-01-18 11:46:30','2025-01-18 11:46:30',NULL),(1920,10778,1879,1718,NULL,0,NULL,'2025-01-18 11:47:10','2025-01-18 11:47:10',NULL),(1921,10778,1880,1719,NULL,0,NULL,'2025-01-18 11:47:52','2025-01-18 11:47:52',NULL),(1922,10778,1881,1720,NULL,0,NULL,'2025-01-18 11:49:11','2025-01-18 11:49:11',NULL),(1923,10778,1882,1721,NULL,0,NULL,'2025-01-18 11:50:10','2025-01-18 11:50:10',NULL),(1924,10778,1883,1698,NULL,0,NULL,'2025-01-20 15:07:15','2025-01-20 15:07:15',NULL),(1925,10778,1884,1707,NULL,0,NULL,'2025-01-20 15:08:16','2025-01-20 15:09:07','2025-01-20 15:09:07'),(1926,10778,1885,1707,NULL,0,NULL,'2025-01-20 15:09:07','2025-02-03 20:05:06','2025-02-03 20:05:06'),(1927,10778,1886,1708,NULL,0,NULL,'2025-01-20 15:11:24','2025-02-03 20:55:52','2025-02-03 20:55:52'),(1928,10778,1887,1722,NULL,0,NULL,'2025-01-20 15:20:03','2025-02-03 20:56:09','2025-02-03 20:56:09'),(1929,10778,1888,1723,NULL,0,NULL,'2025-01-20 15:21:37','2025-01-20 15:21:37',NULL),(1930,10778,1889,1724,NULL,0,NULL,'2025-01-20 15:31:09','2025-01-20 15:31:09',NULL),(1931,10778,1890,1725,NULL,0,NULL,'2025-01-20 15:32:09','2025-01-20 15:32:09',NULL),(1932,10778,1891,1726,NULL,0,NULL,'2025-01-20 15:43:14','2025-02-03 21:02:23','2025-02-03 21:02:23'),(1933,10778,1892,1727,NULL,0,NULL,'2025-01-20 23:07:17','2025-01-20 23:07:17',NULL),(1934,10778,1893,1728,NULL,0,NULL,'2025-01-20 23:10:10','2025-01-20 23:14:11','2025-01-20 23:14:11'),(1935,10778,1894,1729,NULL,0,NULL,'2025-01-20 23:12:00','2025-01-20 23:12:00',NULL),(1936,10778,1895,1728,NULL,0,NULL,'2025-01-20 23:14:11','2025-01-20 23:14:11',NULL),(1937,10778,1896,1730,NULL,0,NULL,'2025-01-20 23:16:52','2025-01-20 23:16:52',NULL),(1938,10778,1897,1731,NULL,0,NULL,'2025-01-20 23:18:37','2025-01-20 23:18:37',NULL),(1939,10778,1898,1732,NULL,0,NULL,'2025-01-20 23:20:39','2025-01-20 23:20:39',NULL),(1940,10778,1899,1733,NULL,0,NULL,'2025-01-20 23:22:59','2025-01-20 23:22:59',NULL),(1941,10778,1900,1734,NULL,0,NULL,'2025-01-20 23:25:08','2025-01-20 23:25:08',NULL),(1942,10778,1901,1735,NULL,0,NULL,'2025-01-20 23:28:03','2025-01-20 23:28:03',NULL),(1943,10778,1902,1736,NULL,0,NULL,'2025-01-20 23:29:58','2025-01-20 23:33:05','2025-01-20 23:33:05'),(1944,10778,1903,1736,NULL,0,NULL,'2025-01-20 23:33:05','2025-01-20 23:33:05',NULL);
INSERT INTO `cta_cte_cliente_pivot_receipt` VALUES (1945,10778,1904,1737,NULL,0,NULL,'2025-01-20 23:37:14','2025-01-20 23:37:14',NULL),(1946,10778,1905,1738,NULL,0,NULL,'2025-01-20 23:38:58','2025-01-20 23:38:58',NULL),(1947,10778,1906,1739,NULL,0,NULL,'2025-01-20 23:43:22','2025-01-20 23:43:22',NULL),(1948,10778,1907,1740,NULL,0,NULL,'2025-01-20 23:45:33','2025-01-20 23:45:33',NULL),(1949,10778,1908,1741,NULL,0,NULL,'2025-02-03 19:55:19','2025-02-03 19:55:19',NULL),(1950,10778,1909,1742,NULL,0,NULL,'2025-02-03 19:55:19','2025-02-03 19:55:19',NULL),(1951,10778,1910,1743,NULL,0,NULL,'2025-02-03 19:55:19','2025-02-03 19:55:19',NULL),(1952,10778,1911,1744,NULL,0,NULL,'2025-02-03 19:55:19','2025-02-03 19:55:19',NULL),(1953,10778,1912,1683,NULL,0,NULL,'2025-02-03 20:02:07','2025-02-03 20:02:07',NULL),(1954,10778,1913,1707,NULL,0,NULL,'2025-02-03 20:05:06','2025-02-03 20:05:06',NULL),(1955,10778,1914,1745,NULL,0,NULL,'2025-02-03 20:41:24','2025-02-03 20:41:24',NULL),(1956,10778,1915,1687,NULL,0,NULL,'2025-02-03 20:53:06','2025-02-03 20:53:06',NULL),(1957,10778,1916,1686,NULL,0,NULL,'2025-02-03 20:54:09','2025-02-03 20:54:09',NULL),(1958,10778,1917,1684,NULL,0,NULL,'2025-02-03 20:55:19','2025-02-03 20:55:19',NULL),(1959,10778,1918,1708,NULL,0,NULL,'2025-02-03 20:55:52','2025-02-03 20:55:52',NULL),(1960,10778,1919,1722,NULL,0,NULL,'2025-02-03 20:56:09','2025-02-03 20:56:09',NULL),(1961,10778,1920,1713,NULL,0,NULL,'2025-02-03 20:58:12','2025-02-03 20:58:12',NULL),(1962,10778,1921,1726,NULL,0,NULL,'2025-02-03 21:02:23','2025-02-03 21:02:23',NULL),(1963,10778,1922,1746,NULL,0,NULL,'2025-02-03 21:32:08','2025-02-03 21:32:08',NULL),(1964,10778,1923,1747,NULL,0,NULL,'2025-02-03 21:32:08','2025-02-03 21:32:08',NULL),(1965,10778,1924,1748,NULL,0,NULL,'2025-02-03 21:32:08','2025-02-03 21:32:08',NULL),(1966,10778,1925,1749,NULL,0,NULL,'2025-02-03 21:32:08','2025-02-03 21:32:08',NULL),(1967,10778,1926,1750,NULL,0,NULL,'2025-02-03 21:37:38','2025-02-03 21:37:38',NULL),(1968,10778,1927,1751,NULL,0,NULL,'2025-02-03 21:38:44','2025-02-03 21:38:44',NULL),(1969,10778,1928,1752,NULL,0,NULL,'2025-02-03 21:39:32','2025-02-03 21:39:32',NULL),(1970,10778,1929,1753,NULL,0,NULL,'2025-02-03 21:40:09','2025-02-03 21:40:09',NULL),(1971,10778,1930,1754,NULL,0,NULL,'2025-02-03 21:40:54','2025-02-03 21:40:54',NULL),(1972,10778,1931,1755,NULL,0,NULL,'2025-02-03 21:41:59','2025-02-03 21:41:59',NULL),(1973,10778,1932,1756,NULL,0,NULL,'2025-02-03 21:42:50','2025-02-03 21:42:50',NULL),(1974,10778,1933,1757,NULL,0,NULL,'2025-02-03 21:43:31','2025-02-03 21:43:31',NULL),(1975,10778,1934,1758,NULL,0,NULL,'2025-02-03 21:44:17','2025-02-03 21:44:17',NULL),(1976,10778,1935,1759,NULL,0,NULL,'2025-02-03 21:44:57','2025-02-03 21:44:57',NULL),(1977,10778,1936,1760,NULL,0,NULL,'2025-02-03 21:46:21','2025-02-03 21:46:21',NULL),(1978,10778,1937,1761,NULL,0,NULL,'2025-02-03 21:46:56','2025-02-03 21:46:56',NULL),(1979,10778,1938,1762,NULL,0,NULL,'2025-02-03 21:47:28','2025-02-03 21:47:28',NULL),(1980,10778,1939,1763,NULL,0,NULL,'2025-02-03 21:48:33','2025-02-03 21:48:33',NULL),(1981,10778,1940,1764,NULL,0,NULL,'2025-02-03 21:49:07','2025-02-03 21:49:07',NULL),(1982,10778,1941,1765,NULL,0,NULL,'2025-02-03 21:50:19','2025-02-03 21:50:19',NULL),(1983,10778,1942,1766,NULL,0,NULL,'2025-02-03 21:51:23','2025-02-03 21:51:23',NULL),(1984,10778,1943,1767,NULL,0,NULL,'2025-02-03 21:52:51','2025-02-03 21:52:51',NULL),(1985,10778,1944,1768,NULL,0,NULL,'2025-02-03 21:59:55','2025-02-03 21:59:55',NULL),(1986,10778,1945,1769,NULL,0,NULL,'2025-02-03 22:02:10','2025-02-03 22:02:10',NULL),(1987,10778,1946,1770,NULL,0,NULL,'2025-02-03 22:03:17','2025-02-03 22:03:17',NULL),(1988,10778,1947,1771,NULL,0,NULL,'2025-02-03 22:04:01','2025-02-03 22:04:01',NULL),(1989,10778,1948,1772,NULL,0,NULL,'2025-02-03 22:05:46','2025-02-03 22:05:46',NULL),(1990,10778,1949,1773,NULL,0,NULL,'2025-02-03 22:06:54','2025-02-03 22:06:54',NULL),(1991,10778,1950,1774,NULL,0,NULL,'2025-02-03 22:08:13','2025-02-03 22:08:13',NULL);
INSERT INTO `cta_cte_cliente_pivot_receipt` VALUES (1992,10778,1951,1775,NULL,0,NULL,'2025-02-03 22:09:34','2025-02-03 22:09:34',NULL),(1993,10778,1952,1776,NULL,0,NULL,'2025-02-03 22:11:10','2025-02-03 22:11:10',NULL),(1994,10778,1953,1777,NULL,0,NULL,'2025-02-03 22:11:43','2025-02-03 22:11:43',NULL),(1995,10778,1954,1778,NULL,0,NULL,'2025-02-03 22:12:46','2025-02-03 22:12:46',NULL),(1996,10778,1955,1779,NULL,0,NULL,'2025-02-03 22:14:10','2025-02-03 22:14:10',NULL),(1997,10778,1956,1780,NULL,0,NULL,'2025-02-03 22:14:45','2025-02-03 22:14:45',NULL),(1998,10778,1957,1781,NULL,0,NULL,'2025-02-03 22:15:18','2025-02-03 22:15:18',NULL),(1999,10778,1958,1782,NULL,0,NULL,'2025-02-03 22:16:06','2025-02-03 22:16:06',NULL),(2000,10778,1959,1783,NULL,0,NULL,'2025-02-03 22:16:46','2025-02-03 22:16:46',NULL),(2001,10778,1960,1784,NULL,0,NULL,'2025-02-03 22:17:43','2025-02-03 22:17:43',NULL),(2002,10778,1961,1785,NULL,0,NULL,'2025-02-03 22:18:24','2025-02-03 22:18:24',NULL),(2003,10778,1962,1786,NULL,0,NULL,'2025-02-03 22:19:29','2025-02-03 22:19:29',NULL),(2004,10778,1963,1787,NULL,0,NULL,'2025-02-03 22:20:02','2025-02-03 22:20:02',NULL),(2005,10778,1964,1788,NULL,0,NULL,'2025-02-03 22:20:31','2025-02-03 22:20:31',NULL),(2006,10778,1965,1789,NULL,0,NULL,'2025-02-17 20:37:36','2025-02-17 20:37:36',NULL),(2007,10778,1966,1790,NULL,0,NULL,'2025-02-17 20:41:16','2025-02-17 20:41:16',NULL),(2008,10778,1967,1791,NULL,0,NULL,'2025-02-17 20:42:56','2025-02-17 20:42:56',NULL),(2009,10778,1968,1792,NULL,0,NULL,'2025-02-17 20:44:33','2025-02-17 20:44:33',NULL),(2010,10778,1969,1793,NULL,0,NULL,'2025-02-17 20:47:07','2025-02-17 20:47:07',NULL),(2011,10778,1970,1794,NULL,0,NULL,'2025-02-17 20:48:08','2025-02-17 20:48:08',NULL),(2012,10778,1971,1795,NULL,0,NULL,'2025-02-17 20:50:04','2025-02-17 20:50:04',NULL),(2013,10778,1972,1796,NULL,0,NULL,'2025-02-17 20:55:03','2025-02-17 20:55:03',NULL),(2014,10778,1973,1797,NULL,0,NULL,'2025-02-17 20:56:06','2025-02-17 20:56:06',NULL),(2015,10778,1974,1798,NULL,0,NULL,'2025-02-17 21:02:54','2025-02-17 21:02:54',NULL),(2016,10778,1975,1799,NULL,0,NULL,'2025-02-17 21:03:55','2025-02-17 21:03:55',NULL),(2017,10778,1976,1800,NULL,0,NULL,'2025-02-17 21:04:36','2025-02-17 21:04:36',NULL),(2018,10778,1977,1801,NULL,0,NULL,'2025-02-17 21:05:14','2025-02-17 21:05:14',NULL),(2019,10778,1978,1802,NULL,0,NULL,'2025-02-17 21:11:09','2025-02-17 21:13:27','2025-02-17 21:13:27'),(2020,10778,1979,1803,NULL,0,NULL,'2025-02-17 21:11:44','2025-02-17 21:13:43','2025-02-17 21:13:43'),(2021,10778,1980,1804,NULL,0,NULL,'2025-02-17 21:12:21','2025-02-17 21:13:04','2025-02-17 21:13:04'),(2022,10778,1981,1804,NULL,0,NULL,'2025-02-17 21:13:04','2025-02-17 21:13:04',NULL),(2023,10778,1982,1802,NULL,0,NULL,'2025-02-17 21:13:27','2025-02-17 21:13:27',NULL),(2024,10778,1983,1803,NULL,0,NULL,'2025-02-17 21:13:43','2025-02-17 21:13:43',NULL),(2025,10778,1984,1805,NULL,0,NULL,'2025-02-17 21:14:54','2025-02-17 21:14:54',NULL),(2026,10778,1985,1806,NULL,0,NULL,'2025-02-17 21:15:53','2025-02-17 21:15:53',NULL),(2027,10778,1986,1807,NULL,0,NULL,'2025-02-17 21:23:55','2025-02-17 21:23:55',NULL),(2028,10778,1987,1808,NULL,0,NULL,'2025-02-17 21:24:29','2025-02-17 21:24:29',NULL),(2029,10778,1988,1809,NULL,0,NULL,'2025-02-17 21:25:16','2025-02-17 21:25:16',NULL),(2030,10778,1989,1810,NULL,0,NULL,'2025-02-17 21:26:01','2025-02-17 21:26:01',NULL),(2031,10778,1990,1811,NULL,0,NULL,'2025-02-17 21:26:30','2025-02-17 21:26:30',NULL),(2032,10778,1991,1812,NULL,0,NULL,'2025-02-17 21:27:28','2025-02-17 21:27:28',NULL),(2033,10778,1992,1813,NULL,0,NULL,'2025-02-17 21:28:07','2025-02-17 21:28:07',NULL),(2034,10778,1993,1814,NULL,0,NULL,'2025-02-17 21:46:58','2025-02-17 21:46:58',NULL),(2035,10778,1994,1815,NULL,0,NULL,'2025-02-17 21:47:40','2025-02-17 21:47:40',NULL),(2036,10778,1995,1816,NULL,0,NULL,'2025-02-17 21:49:06','2025-02-17 21:49:06',NULL),(2037,10778,1996,1817,NULL,0,NULL,'2025-02-17 21:49:59','2025-02-17 21:49:59',NULL);
INSERT INTO `cta_cte_cliente_pivot_receipt` VALUES (2038,10778,1997,1818,NULL,0,NULL,'2025-02-17 21:50:57','2025-02-17 21:50:57',NULL),(2039,10778,1998,1819,NULL,0,NULL,'2025-02-17 21:52:00','2025-02-17 21:52:00',NULL),(2040,10778,1999,1820,NULL,0,NULL,'2025-02-17 21:52:53','2025-02-17 21:52:53',NULL),(2041,10778,2000,1821,NULL,0,NULL,'2025-02-17 21:54:08','2025-02-17 21:54:08',NULL),(2042,10778,2001,1822,NULL,0,NULL,'2025-02-17 21:54:54','2025-02-17 21:54:54',NULL),(2043,10778,2002,1823,NULL,0,NULL,'2025-02-17 21:55:44','2025-02-17 21:55:44',NULL),(2044,10778,2003,1824,NULL,0,NULL,'2025-02-17 21:56:27','2025-02-17 21:56:27',NULL),(2045,10778,2004,1825,NULL,0,NULL,'2025-02-17 21:57:16','2025-02-17 21:57:16',NULL),(2046,10778,2005,1826,NULL,0,NULL,'2025-03-05 20:09:51','2025-03-05 20:09:51',NULL),(2047,10778,2006,1827,NULL,0,NULL,'2025-03-05 20:09:51','2025-03-05 20:09:51',NULL),(2048,10778,2007,1828,NULL,0,NULL,'2025-03-05 20:10:14','2025-03-05 20:10:14',NULL),(2049,10778,2008,1829,NULL,0,NULL,'2025-03-05 20:10:14','2025-03-05 20:10:14',NULL),(2050,10778,2009,1830,NULL,0,NULL,'2025-03-05 20:10:14','2025-03-05 20:10:14',NULL),(2051,10778,2010,1831,NULL,0,NULL,'2025-03-05 20:10:14','2025-03-05 20:10:14',NULL),(2052,10778,2011,1832,NULL,0,NULL,'2025-03-05 20:10:14','2025-03-05 20:10:14',NULL),(2053,10778,2012,1833,NULL,0,NULL,'2025-03-05 20:10:14','2025-03-05 20:10:14',NULL),(2054,10778,2013,1834,NULL,0,NULL,'2025-03-05 20:10:14','2025-03-05 20:10:14',NULL),(2055,10778,2014,1835,NULL,0,NULL,'2025-03-05 20:10:14','2025-03-05 20:10:14',NULL),(2056,10778,2015,1836,NULL,0,NULL,'2025-03-05 20:10:14','2025-03-05 20:10:14',NULL),(2057,10778,2016,1837,NULL,0,NULL,'2025-03-05 20:10:14','2025-03-05 20:10:14',NULL),(2058,10778,2017,1838,NULL,0,NULL,'2025-03-05 20:10:15','2025-03-05 20:10:15',NULL),(2059,10778,2018,1839,NULL,0,NULL,'2025-03-05 20:10:15','2025-03-05 20:10:15',NULL),(2060,10778,2019,1840,NULL,0,NULL,'2025-03-05 20:10:15','2025-03-05 20:10:15',NULL),(2061,10778,2020,1841,NULL,0,NULL,'2025-03-05 20:10:15','2025-03-05 20:10:15',NULL),(2062,10778,2021,1842,NULL,0,NULL,'2025-03-05 20:10:15','2025-03-05 20:10:15',NULL),(2063,10778,2022,1843,NULL,0,NULL,'2025-03-05 20:10:15','2025-03-05 20:10:15',NULL),(2064,10778,2023,1844,NULL,0,NULL,'2025-03-05 20:10:15','2025-03-05 20:10:15',NULL),(2065,10778,2024,1845,NULL,0,NULL,'2025-03-05 20:10:15','2025-03-05 20:10:15',NULL),(2066,10778,2025,1846,NULL,0,NULL,'2025-03-05 20:10:15','2025-03-05 20:10:15',NULL),(2067,10778,2026,1847,NULL,0,NULL,'2025-03-05 20:10:15','2025-03-05 20:10:15',NULL),(2068,10778,2027,1848,NULL,0,NULL,'2025-03-05 20:10:15','2025-03-05 20:10:15',NULL),(2069,10778,2028,1849,NULL,0,NULL,'2025-03-05 20:10:15','2025-03-05 20:10:15',NULL),(2070,10778,2029,1850,NULL,0,NULL,'2025-03-13 17:22:56','2025-03-13 17:22:56',NULL),(2071,10778,2030,1851,NULL,0,NULL,'2025-03-13 17:24:18','2025-03-13 17:24:18',NULL),(2072,10778,2031,1852,NULL,0,NULL,'2025-03-13 17:30:54','2025-03-13 17:30:54',NULL),(2073,10778,2032,1853,NULL,0,NULL,'2025-03-13 17:31:58','2025-03-13 17:31:58',NULL),(2074,10778,2033,1854,NULL,0,NULL,'2025-03-13 17:42:48','2025-03-13 17:42:48',NULL),(2075,10778,2034,1855,NULL,0,NULL,'2025-03-13 17:48:25','2025-03-13 17:48:25',NULL),(2076,10778,2035,1856,NULL,0,NULL,'2025-03-13 17:49:25','2025-03-13 17:50:05','2025-03-13 17:50:05'),(2077,10778,2036,1856,NULL,0,NULL,'2025-03-13 17:50:05','2025-03-13 17:50:05',NULL),(2078,10778,2037,1857,NULL,0,NULL,'2025-03-25 22:04:50','2025-03-25 22:04:50',NULL),(2079,10778,2038,1858,NULL,0,NULL,'2025-03-25 22:05:28','2025-03-25 22:05:28',NULL),(2080,10778,2039,1859,NULL,0,NULL,'2025-03-25 22:06:02','2025-03-25 22:06:02',NULL),(2081,10778,2040,1860,NULL,0,NULL,'2025-03-25 22:09:07','2025-03-25 22:09:07',NULL),(2082,10778,2041,1861,NULL,0,NULL,'2025-03-25 22:10:03','2025-03-25 22:10:03',NULL),(2083,10778,2042,1862,NULL,0,NULL,'2025-03-25 22:10:59','2025-03-25 22:10:59',NULL),(2084,10778,2043,1863,NULL,0,NULL,'2025-03-25 22:11:51','2025-03-25 22:11:51',NULL);
INSERT INTO `cta_cte_cliente_pivot_receipt` VALUES (2085,10778,2044,1864,NULL,0,NULL,'2025-03-25 22:13:00','2025-03-25 22:13:00',NULL),(2086,10778,2045,1865,NULL,0,NULL,'2025-03-25 22:14:41','2025-03-25 22:14:41',NULL),(2087,10778,2046,1866,NULL,0,NULL,'2025-03-25 22:17:05','2025-03-25 22:17:05',NULL),(2088,10778,2047,1867,NULL,0,NULL,'2025-03-25 22:18:02','2025-03-25 22:18:02',NULL),(2089,10778,2048,1868,NULL,0,NULL,'2025-03-25 22:19:17','2025-03-25 22:19:17',NULL),(2090,10778,2049,1869,NULL,0,NULL,'2025-03-25 22:22:06','2025-03-25 22:22:06',NULL),(2091,10778,2050,1870,NULL,0,NULL,'2025-03-25 22:25:29','2025-03-25 22:25:29',NULL),(2092,10778,2051,1871,NULL,0,NULL,'2025-03-25 22:26:38','2025-03-25 22:26:38',NULL),(2093,10778,2052,1872,NULL,0,NULL,'2025-03-25 22:31:36','2025-03-25 22:31:36',NULL),(2094,10778,2053,1873,NULL,0,NULL,'2025-03-25 22:32:23','2025-03-25 22:32:23',NULL),(2095,10778,2054,1874,NULL,0,NULL,'2025-03-25 22:33:10','2025-03-25 22:33:10',NULL),(2096,10778,2055,1875,NULL,0,NULL,'2025-03-25 22:33:56','2025-03-25 22:33:56',NULL),(2097,10778,2056,1876,NULL,0,NULL,'2025-03-26 05:48:19','2025-03-26 05:48:19',NULL),(2098,10778,2057,1877,NULL,0,NULL,'2025-03-26 05:49:42','2025-03-26 05:49:42',NULL),(2099,10778,2058,1878,NULL,0,NULL,'2025-03-26 05:50:24','2025-03-26 05:50:24',NULL),(2100,10778,2059,1879,NULL,0,NULL,'2025-03-26 05:51:03','2025-03-26 05:51:03',NULL),(2101,10778,2060,1880,NULL,0,NULL,'2025-03-26 05:56:28','2025-03-26 05:56:28',NULL),(2102,10778,2061,1881,NULL,0,NULL,'2025-03-26 05:57:49','2025-03-26 05:57:49',NULL),(2103,10778,2062,1882,NULL,0,NULL,'2025-03-26 05:59:24','2025-03-26 05:59:24',NULL),(2104,10778,2063,1883,NULL,0,NULL,'2025-03-26 06:00:35','2025-03-26 06:00:35',NULL),(2105,10778,2064,1884,NULL,0,NULL,'2025-03-26 06:01:18','2025-03-26 06:01:18',NULL),(2106,10778,2065,1885,NULL,0,NULL,'2025-03-26 06:01:56','2025-03-26 06:01:56',NULL),(2107,10778,2066,1886,NULL,0,NULL,'2025-03-26 06:02:50','2025-03-26 06:02:50',NULL),(2108,10778,2067,1887,NULL,0,NULL,'2025-03-26 06:03:31','2025-03-26 06:03:31',NULL),(2109,10778,2068,1888,NULL,0,NULL,'2025-03-26 06:04:15','2025-03-26 06:04:15',NULL),(2110,10778,2069,1889,NULL,0,NULL,'2025-03-26 06:05:04','2025-03-26 06:05:04',NULL),(2111,10778,2070,1890,NULL,0,NULL,'2025-04-08 19:49:24','2025-04-08 19:49:24',NULL),(2112,10778,2071,1891,NULL,0,NULL,'2025-04-08 19:49:24','2025-04-08 19:49:24',NULL),(2113,10778,2072,1892,NULL,0,NULL,'2025-04-08 19:49:39','2025-04-08 19:49:39',NULL),(2114,10778,2073,1893,NULL,0,NULL,'2025-04-08 19:49:39','2025-04-08 19:49:39',NULL),(2115,10778,2074,1894,NULL,0,NULL,'2025-04-08 19:49:39','2025-04-08 19:49:39',NULL),(2116,10778,2075,1895,NULL,0,NULL,'2025-04-08 19:49:39','2025-04-08 19:56:54','2025-04-08 19:56:54'),(2117,10778,2076,1896,NULL,0,NULL,'2025-04-08 19:49:39','2025-04-08 19:49:39',NULL),(2118,10778,2077,1897,NULL,0,NULL,'2025-04-08 19:49:40','2025-04-08 19:49:40',NULL),(2119,10778,2078,1898,NULL,0,NULL,'2025-04-08 19:49:40','2025-04-08 19:49:40',NULL),(2120,10778,2079,1899,NULL,0,NULL,'2025-04-08 19:49:40','2025-04-08 19:49:40',NULL),(2121,10778,2080,1900,NULL,0,NULL,'2025-04-08 19:49:40','2025-04-08 19:49:40',NULL),(2122,10778,2081,1901,NULL,0,NULL,'2025-04-08 19:49:40','2025-04-08 19:49:40',NULL),(2123,10778,2082,1902,NULL,0,NULL,'2025-04-08 19:49:40','2025-04-08 19:49:40',NULL),(2124,10778,2083,1903,NULL,0,NULL,'2025-04-08 19:49:40','2025-04-08 19:49:40',NULL),(2125,10778,2084,1904,NULL,0,NULL,'2025-04-08 19:49:40','2025-04-08 19:49:40',NULL),(2126,10778,2085,1905,NULL,0,NULL,'2025-04-08 19:49:40','2025-04-08 19:49:40',NULL),(2127,10778,2086,1906,NULL,0,NULL,'2025-04-08 19:49:40','2025-04-08 19:49:40',NULL),(2128,10778,2087,1907,NULL,0,NULL,'2025-04-08 19:49:40','2025-04-08 19:49:40',NULL),(2129,10778,2088,1908,NULL,0,NULL,'2025-04-08 19:49:40','2025-04-08 19:49:40',NULL),(2130,10778,2089,1909,NULL,0,NULL,'2025-04-08 19:49:40','2025-04-08 19:49:40',NULL),(2131,10778,2090,1910,NULL,0,NULL,'2025-04-08 19:49:40','2025-04-08 19:49:40',NULL);
INSERT INTO `cta_cte_cliente_pivot_receipt` VALUES (2132,10778,2091,1911,NULL,0,NULL,'2025-04-08 19:49:40','2025-04-08 19:49:40',NULL),(2133,10778,2092,1912,NULL,0,NULL,'2025-04-08 19:49:41','2025-04-08 19:49:41',NULL),(2134,10778,2093,1913,NULL,0,NULL,'2025-04-08 19:49:41','2025-04-08 19:49:41',NULL),(2135,10778,2094,1914,NULL,0,NULL,'2025-04-08 19:49:41','2025-04-08 19:49:41',NULL),(2136,10778,2095,1915,NULL,0,NULL,'2025-04-08 19:49:41','2025-04-08 19:49:41',NULL),(2137,10778,2096,1916,NULL,0,NULL,'2025-04-08 19:49:41','2025-04-08 19:51:26','2025-04-08 19:51:26'),(2138,10778,2097,1917,NULL,0,NULL,'2025-04-08 19:49:41','2025-04-08 19:49:41',NULL),(2139,10778,2098,1916,NULL,0,NULL,'2025-04-08 19:51:26','2025-04-08 19:51:26',NULL),(2140,10778,2099,1895,NULL,0,NULL,'2025-04-08 19:56:54','2025-04-08 19:56:54',NULL),(2141,10778,2100,1918,NULL,0,NULL,'2025-04-08 20:02:51','2025-04-08 20:02:51',NULL),(2142,10778,2101,1919,NULL,0,NULL,'2025-04-08 20:03:48','2025-04-08 20:03:48',NULL),(2143,10778,2102,1920,NULL,0,NULL,'2025-04-08 20:04:56','2025-04-08 20:04:56',NULL),(2144,10778,2103,1921,NULL,0,NULL,'2025-04-08 20:06:14','2025-04-08 20:06:14',NULL),(2145,10778,2104,1922,NULL,0,NULL,'2025-04-08 20:08:28','2025-04-08 20:08:28',NULL),(2146,10778,2105,1923,NULL,0,NULL,'2025-04-08 20:13:34','2025-04-08 20:13:34',NULL),(2147,10778,2106,1924,NULL,0,NULL,'2025-04-08 20:16:45','2025-04-08 20:16:45',NULL),(2148,10778,2107,1925,NULL,0,NULL,'2025-04-08 20:21:11','2025-04-08 20:21:11',NULL),(2149,10778,2108,1926,NULL,0,NULL,'2025-04-08 20:23:36','2025-04-08 20:23:36',NULL),(2150,10778,2109,1927,NULL,0,NULL,'2025-04-08 20:25:08','2025-04-08 20:25:08',NULL),(2151,10778,2110,1928,NULL,0,NULL,'2025-04-08 20:27:16','2025-04-08 20:27:16',NULL),(2152,10778,2111,1929,NULL,0,NULL,'2025-04-08 20:29:36','2025-04-08 20:29:36',NULL),(2153,10778,2112,1930,NULL,0,NULL,'2025-04-08 20:30:48','2025-04-08 20:30:48',NULL),(2154,10778,2113,1931,NULL,0,NULL,'2025-04-08 20:32:21','2025-04-08 20:32:21',NULL),(2155,10778,2114,1932,NULL,0,NULL,'2025-04-08 20:34:18','2025-04-08 20:34:18',NULL),(2156,10778,2115,1933,NULL,0,NULL,'2025-04-08 20:35:33','2025-04-08 20:35:33',NULL),(2157,10778,2116,1934,NULL,0,NULL,'2025-04-08 20:36:48','2025-04-08 20:36:48',NULL),(2158,10778,2117,1935,NULL,0,NULL,'2025-04-08 20:38:04','2025-04-08 20:38:04',NULL),(2159,10778,2118,1936,NULL,0,NULL,'2025-04-08 20:38:45','2025-04-08 20:38:45',NULL),(2160,10778,2119,1937,NULL,0,NULL,'2025-04-08 20:39:17','2025-04-08 20:39:17',NULL),(2161,10778,2120,1938,NULL,0,NULL,'2025-04-08 20:40:07','2025-04-08 20:40:07',NULL),(2162,10778,2121,1939,NULL,0,NULL,'2025-04-08 20:40:40','2025-04-08 20:40:40',NULL),(2163,10778,2122,1940,NULL,0,NULL,'2025-04-08 20:42:20','2025-04-08 20:42:20',NULL),(2164,10778,2123,1941,NULL,0,NULL,'2025-04-08 20:43:13','2025-04-08 20:43:13',NULL),(2165,10778,2124,1942,NULL,0,NULL,'2025-04-08 20:43:55','2025-04-08 20:43:55',NULL),(2166,10778,2125,1943,NULL,0,NULL,'2025-04-08 20:45:07','2025-04-08 20:45:07',NULL),(2167,10778,2126,1944,NULL,0,NULL,'2025-04-08 20:46:21','2025-04-08 20:46:21',NULL),(2168,10778,2127,1945,NULL,0,NULL,'2025-04-08 20:47:19','2025-04-08 20:47:19',NULL),(2169,10778,2128,1946,NULL,0,NULL,'2025-04-08 20:48:51','2025-04-08 20:48:51',NULL),(2170,10778,2129,1947,NULL,0,NULL,'2025-04-08 20:50:35','2025-04-08 20:50:35',NULL),(2171,10778,2130,1948,NULL,0,NULL,'2025-04-08 20:52:30','2025-04-08 20:52:30',NULL),(2172,10778,2131,1949,NULL,0,NULL,'2025-04-09 18:59:34','2025-04-09 18:59:34',NULL),(2173,NULL,2131,1743,6792093.00,0,NULL,NULL,NULL,NULL),(2174,10778,2132,1950,NULL,0,NULL,'2025-04-09 19:04:33','2025-04-09 19:04:33',NULL),(2175,NULL,2132,1649,7379361.90,0,NULL,NULL,NULL,NULL),(2176,10778,2133,1951,NULL,0,NULL,'2025-04-09 19:15:44','2025-04-09 19:15:44',NULL),(2177,10778,2133,1952,NULL,0,NULL,'2025-04-09 19:15:44','2025-04-09 19:15:44',NULL),(2178,NULL,2133,1653,5322042.22,0,NULL,NULL,NULL,NULL),(2179,NULL,2133,1746,12585448.13,0,NULL,NULL,NULL,NULL);

--
-- Table structure for table `cta_cte_tesoreria`
--

CREATE TABLE `cta_cte_tesoreria` (
  `id` int(10) unsigned NOT NULL AUTO_INCREMENT,
  `bind_apibank_movement_id` bigint(20) unsigned DEFAULT NULL COMMENT 'FK soft a bind_apibank_movements (movimiento que originó este registro)',
  `bind_apibank_transfer_id` bigint(20) unsigned DEFAULT NULL COMMENT 'FK soft a bind_apibank_transfers (transferencia que originó este registro)',
  `bind_sync_status` enum('pending','synced','error') COLLATE utf8mb4_unicode_ci DEFAULT NULL COMMENT 'Estado de sincronización: pending=pendiente, synced=sincronizado, error=error al sincronizar',
  `user_id` int(10) unsigned DEFAULT NULL,
  `person_id` int(10) unsigned NOT NULL,
  `cta_cte_cliente_id` int(10) unsigned DEFAULT NULL,
  `nf_cta_cte_id` int(10) unsigned DEFAULT NULL,
  `cta_cte_tesoreria_cuenta_id` int(10) unsigned NOT NULL,
  `period_id` int(10) unsigned NOT NULL,
  `fecha` date DEFAULT NULL,
  `total` decimal(16,2) NOT NULL,
  `moneda_id` int(10) unsigned NOT NULL DEFAULT '1',
  `cotizacion` decimal(9,2) NOT NULL DEFAULT '1.00',
  `comentario` varchar(191) COLLATE utf8mb4_unicode_ci DEFAULT NULL,
  `file` varchar(191) COLLATE utf8mb4_unicode_ci DEFAULT NULL,
  `created_at` timestamp NULL DEFAULT NULL,
  `updated_at` timestamp NULL DEFAULT NULL,
  `deleted_at` timestamp NULL DEFAULT NULL,
  `ticket_id` bigint(20) unsigned DEFAULT NULL,
  PRIMARY KEY (`id`),
  KEY `cta_cte_tesoreria_person_id_foreign` (`person_id`),
  KEY `cta_cte_tesoreria_cta_cte_cliente_id_foreign` (`cta_cte_cliente_id`),
  KEY `cta_cte_tesoreria_cta_cte_tesoreria_cuenta_id_foreign` (`cta_cte_tesoreria_cuenta_id`),
  KEY `cta_cte_tesoreria_period_id_foreign` (`period_id`),
  KEY `cta_cte_tesoreria_nf_cta_cte_id_foreign` (`nf_cta_cte_id`),
  KEY `cta_cte_tesoreria_moneda_id_foreign` (`moneda_id`),
  KEY `cta_cte_tesoreria_ticket_id_foreign` (`ticket_id`),
  KEY `idx_cct_bind_apibank_mov` (`bind_apibank_movement_id`),
  KEY `idx_cct_bind_apibank_trf` (`bind_apibank_transfer_id`),
  KEY `idx_cct_bind_sync_status` (`bind_sync_status`),
  CONSTRAINT `cta_cte_tesoreria_cta_cte_cliente_id_foreign` FOREIGN KEY (`cta_cte_cliente_id`) REFERENCES `cta_cte_cliente` (`id`),
  CONSTRAINT `cta_cte_tesoreria_cta_cte_tesoreria_cuenta_id_foreign` FOREIGN KEY (`cta_cte_tesoreria_cuenta_id`) REFERENCES `cta_cte_tesoreria_cuentas` (`id`),
  CONSTRAINT `cta_cte_tesoreria_moneda_id_foreign` FOREIGN KEY (`moneda_id`) REFERENCES `monedas` (`id`),
  CONSTRAINT `cta_cte_tesoreria_nf_cta_cte_id_foreign` FOREIGN KEY (`nf_cta_cte_id`) REFERENCES `nf_cta_cte` (`id`),
  CONSTRAINT `cta_cte_tesoreria_period_id_foreign` FOREIGN KEY (`period_id`) REFERENCES `periods` (`id`),
  CONSTRAINT `cta_cte_tesoreria_person_id_foreign` FOREIGN KEY (`person_id`) REFERENCES `persons` (`id`),
  CONSTRAINT `cta_cte_tesoreria_ticket_id_foreign` FOREIGN KEY (`ticket_id`) REFERENCES `tickets` (`id`)
) ENGINE=InnoDB AUTO_INCREMENT=18 DEFAULT CHARSET=utf8mb4 COLLATE=utf8mb4_unicode_ci;

--
-- Dumping data for table `cta_cte_tesoreria`
--

INSERT INTO `cta_cte_tesoreria` VALUES (1,NULL,NULL,NULL,8522,40718,NULL,NULL,757,1520,'2023-02-28',155000.00,1,1.00,'Saldo Inicial',NULL,'2023-02-28 14:21:22','2023-02-28 14:21:22',NULL,NULL),(2,NULL,NULL,NULL,8522,40718,1252,NULL,13,1521,'2023-03-01',10000.00,1,1.00,NULL,NULL,'2023-03-01 11:25:20','2023-03-01 11:25:20',NULL,NULL),(3,NULL,NULL,NULL,8522,40718,NULL,4,13,1521,'2023-03-03',150.00,1,1.00,NULL,NULL,'2023-03-02 22:15:32','2023-03-02 22:15:54','2023-03-02 22:15:54',NULL),(4,NULL,NULL,NULL,10778,40817,NULL,NULL,759,6072,'2024-09-30',0.00,1,1.00,'Saldo Inicial',NULL,'2024-09-30 15:54:43','2024-09-30 15:54:43',NULL,NULL),(5,NULL,NULL,NULL,10778,40817,NULL,NULL,760,6072,'2024-09-30',0.00,1,1.00,'Saldo Inicial',NULL,'2024-09-30 15:55:11','2024-09-30 15:55:11',NULL,NULL),(6,NULL,NULL,NULL,10778,40817,NULL,NULL,761,6072,'2024-09-30',0.00,1,1.00,'Saldo Inicial',NULL,'2024-09-30 15:55:42','2024-09-30 15:55:42',NULL,NULL),(7,NULL,NULL,NULL,10778,40817,1656,NULL,13,6072,'2024-09-30',1631304.29,1,946.00,NULL,NULL,'2024-09-30 15:56:20','2024-09-30 15:56:20',NULL,NULL),(8,NULL,NULL,NULL,10778,40817,NULL,NULL,762,6073,'2024-10-11',0.00,1,1.00,'Saldo Inicial',NULL,'2024-10-11 19:53:36','2024-10-11 19:54:32',NULL,NULL),(9,NULL,NULL,NULL,10778,40817,NULL,NULL,763,6073,'2024-10-11',0.00,1,1.00,'Saldo Inicial',NULL,'2024-10-11 19:54:12','2024-10-11 19:54:12',NULL,NULL),(10,NULL,NULL,NULL,10778,40817,1660,NULL,13,6073,'2024-10-11',55331257.25,1,953.00,NULL,NULL,'2024-10-11 20:26:30','2024-10-11 20:26:30',NULL,NULL),(11,NULL,NULL,NULL,10778,40817,1661,NULL,57,6073,'2024-10-11',11075656.77,1,953.00,NULL,NULL,'2024-10-11 20:28:09','2024-12-11 20:36:17','2024-12-11 20:36:17',NULL),(12,NULL,NULL,NULL,10778,40817,1662,NULL,57,6073,'2024-10-11',6477805.36,1,953.00,NULL,NULL,'2024-10-11 20:29:05','2024-12-11 20:32:44','2024-12-11 20:32:44',NULL),(13,NULL,NULL,NULL,10778,40817,NULL,NULL,764,6079,'2025-01-24',0.00,1,1.00,'Saldo Inicial',NULL,'2025-01-24 12:49:43','2025-01-24 12:53:04',NULL,NULL),(14,NULL,NULL,NULL,10778,40817,NULL,NULL,765,6079,'2025-01-24',0.00,1,1.00,'Saldo Inicial',NULL,'2025-01-24 12:50:27','2025-01-24 12:53:56',NULL,NULL),(15,NULL,NULL,NULL,10778,40817,2131,NULL,13,6082,'2025-04-09',6792093.00,1,1047.00,NULL,NULL,'2025-04-09 18:59:34','2025-04-09 18:59:34',NULL,NULL),(16,NULL,NULL,NULL,10778,40817,2132,NULL,13,6082,'2025-04-09',7379361.90,1,1047.00,NULL,NULL,'2025-04-09 19:04:33','2025-04-09 19:04:33',NULL,NULL),(17,NULL,NULL,NULL,10778,40817,2133,NULL,13,6082,'2025-04-09',17907490.35,1,1047.00,NULL,NULL,'2025-04-09 19:15:44','2025-04-09 19:15:44',NULL,NULL);

--
-- Table structure for table `cta_cte_tesoreria_banco_cheq`
--

CREATE TABLE `cta_cte_tesoreria_banco_cheq` (
  `id` int(10) unsigned NOT NULL AUTO_INCREMENT,
  `user_id` int(10) unsigned DEFAULT NULL,
  `person_id` int(10) unsigned NOT NULL,
  `cta_cte_tesoreria_cuenta_id` int(10) unsigned NOT NULL,
  `cta_cte_tesoreria_banco_id` int(10) unsigned NOT NULL,
  `chequera_tipo_id` int(10) unsigned NOT NULL,
  `serie` text COLLATE utf8mb4_unicode_ci,
  `numero_cheque` int(11) DEFAULT NULL,
  `habilitado` tinyint(1) NOT NULL DEFAULT '1',
  `created_at` timestamp NULL DEFAULT NULL,
  `updated_at` timestamp NULL DEFAULT NULL,
  `deleted_at` timestamp NULL DEFAULT NULL,
  PRIMARY KEY (`id`),
  KEY `cta_cte_tesoreria_banco_cheq_person_id_foreign` (`person_id`),
  KEY `cta_cte_tesoreria_banco_cheq_cta_cte_tesoreria_cuenta_id_foreign` (`cta_cte_tesoreria_cuenta_id`),
  KEY `cta_cte_tesoreria_banco_cheq_cta_cte_tesoreria_banco_id_foreign` (`cta_cte_tesoreria_banco_id`),
  KEY `cta_cte_tesoreria_banco_cheq_chequera_tipo_id_foreign` (`chequera_tipo_id`),
  CONSTRAINT `cta_cte_tesoreria_banco_cheq_chequera_tipo_id_foreign` FOREIGN KEY (`chequera_tipo_id`) REFERENCES `chequeras_tipos` (`id`),
  CONSTRAINT `cta_cte_tesoreria_banco_cheq_cta_cte_tesoreria_banco_id_foreign` FOREIGN KEY (`cta_cte_tesoreria_banco_id`) REFERENCES `cta_cte_tesoreria_bancos` (`id`),
  CONSTRAINT `cta_cte_tesoreria_banco_cheq_cta_cte_tesoreria_cuenta_id_foreign` FOREIGN KEY (`cta_cte_tesoreria_cuenta_id`) REFERENCES `cta_cte_tesoreria_cuentas` (`id`),
  CONSTRAINT `cta_cte_tesoreria_banco_cheq_person_id_foreign` FOREIGN KEY (`person_id`) REFERENCES `persons` (`id`)
) ENGINE=InnoDB AUTO_INCREMENT=2 DEFAULT CHARSET=utf8mb4 COLLATE=utf8mb4_unicode_ci;

--
-- Dumping data for table `cta_cte_tesoreria_banco_cheq`
--

INSERT INTO `cta_cte_tesoreria_banco_cheq` VALUES (1,10778,40817,762,1,3,NULL,1,1,'2024-10-11 19:53:36','2024-10-11 19:53:36',NULL);

--
-- Table structure for table `cta_cte_tesoreria_banco_claves`
--

CREATE TABLE `cta_cte_tesoreria_banco_claves` (
  `id` int(10) unsigned NOT NULL AUTO_INCREMENT,
  `user_id` int(10) unsigned DEFAULT NULL,
  `person_id` int(10) unsigned NOT NULL,
  `cta_cte_tesoreria_cuenta_id` int(10) unsigned NOT NULL,
  `cta_cte_tesoreria_banco_id` int(10) unsigned NOT NULL,
  `descripcion_name` text COLLATE utf8mb4_unicode_ci,
  `descripcion` longtext COLLATE utf8mb4_unicode_ci,
  `created_at` timestamp NULL DEFAULT NULL,
  `updated_at` timestamp NULL DEFAULT NULL,
  `deleted_at` timestamp NULL DEFAULT NULL,
  PRIMARY KEY (`id`),
  KEY `cta_cte_tesoreria_banco_claves_person_id_foreign` (`person_id`),
  KEY `ct_cuenta_id` (`cta_cte_tesoreria_cuenta_id`),
  KEY `ct_banco_id` (`cta_cte_tesoreria_banco_id`),
  CONSTRAINT `ct_banco_id` FOREIGN KEY (`cta_cte_tesoreria_banco_id`) REFERENCES `cta_cte_tesoreria_bancos` (`id`),
  CONSTRAINT `ct_cuenta_id` FOREIGN KEY (`cta_cte_tesoreria_cuenta_id`) REFERENCES `cta_cte_tesoreria_cuentas` (`id`),
  CONSTRAINT `cta_cte_tesoreria_banco_claves_person_id_foreign` FOREIGN KEY (`person_id`) REFERENCES `persons` (`id`)
) ENGINE=InnoDB DEFAULT CHARSET=utf8mb4 COLLATE=utf8mb4_unicode_ci;

--
-- Dumping data for table `cta_cte_tesoreria_banco_claves`
--


--
-- Table structure for table `cta_cte_tesoreria_banco_comentarios`
--

CREATE TABLE `cta_cte_tesoreria_banco_comentarios` (
  `id` int(10) unsigned NOT NULL AUTO_INCREMENT,
  `user_id` int(10) unsigned DEFAULT NULL,
  `person_id` int(10) unsigned NOT NULL,
  `cta_cte_tesoreria_cuenta_id` int(10) unsigned NOT NULL,
  `cta_cte_tesoreria_banco_id` int(10) unsigned NOT NULL,
  `fecha` datetime NOT NULL,
  `descripcion` longtext COLLATE utf8mb4_unicode_ci NOT NULL,
  `created_at` timestamp NULL DEFAULT NULL,
  `updated_at` timestamp NULL DEFAULT NULL,
  `deleted_at` timestamp NULL DEFAULT NULL,
  PRIMARY KEY (`id`),
  KEY `cta_cte_tesoreria_banco_comentarios_person_id_foreign` (`person_id`),
  KEY `ct_cuentas_id` (`cta_cte_tesoreria_cuenta_id`),
  KEY `ct_bancos_id` (`cta_cte_tesoreria_banco_id`),
  CONSTRAINT `ct_bancos_id` FOREIGN KEY (`cta_cte_tesoreria_banco_id`) REFERENCES `cta_cte_tesoreria_bancos` (`id`),
  CONSTRAINT `ct_cuentas_id` FOREIGN KEY (`cta_cte_tesoreria_cuenta_id`) REFERENCES `cta_cte_tesoreria_cuentas` (`id`),
  CONSTRAINT `cta_cte_tesoreria_banco_comentarios_person_id_foreign` FOREIGN KEY (`person_id`) REFERENCES `persons` (`id`)
) ENGINE=InnoDB DEFAULT CHARSET=utf8mb4 COLLATE=utf8mb4_unicode_ci;

--
-- Dumping data for table `cta_cte_tesoreria_banco_comentarios`
--


--
-- Table structure for table `cta_cte_tesoreria_banco_estados`
--

CREATE TABLE `cta_cte_tesoreria_banco_estados` (
  `id` int(10) unsigned NOT NULL AUTO_INCREMENT,
  `user_id` int(10) unsigned DEFAULT NULL,
  `descripcion` text COLLATE utf8mb4_unicode_ci NOT NULL,
  `habilitado` tinyint(1) NOT NULL,
  `created_at` timestamp NULL DEFAULT NULL,
  `updated_at` timestamp NULL DEFAULT NULL,
  `deleted_at` timestamp NULL DEFAULT NULL,
  PRIMARY KEY (`id`)
) ENGINE=InnoDB AUTO_INCREMENT=6 DEFAULT CHARSET=utf8mb4 COLLATE=utf8mb4_unicode_ci;

--
-- Dumping data for table `cta_cte_tesoreria_banco_estados`
--

INSERT INTO `cta_cte_tesoreria_banco_estados` VALUES (1,NULL,'Habilitado',0,NULL,NULL,NULL),(2,NULL,'En Proceso',0,NULL,NULL,NULL),(3,NULL,'Bloqueado',0,NULL,NULL,NULL),(4,NULL,'Reconocimiento',0,NULL,NULL,NULL),(5,NULL,'Inhabilitado',0,NULL,NULL,NULL);

--
-- Table structure for table `cta_cte_tesoreria_bancos`
--

CREATE TABLE `cta_cte_tesoreria_bancos` (
  `id` int(10) unsigned NOT NULL AUTO_INCREMENT,
  `user_id` int(10) unsigned DEFAULT NULL,
  `person_id` int(10) unsigned NOT NULL,
  `cta_cte_tesoreria_cuenta_id` int(10) unsigned NOT NULL,
  `ctacte_banco_id` int(10) unsigned NOT NULL,
  `persona_empresa` int(11) NOT NULL DEFAULT '1',
  `zone_id` int(10) unsigned NOT NULL,
  `cuenta_contable_id` int(10) unsigned NOT NULL,
  `cuenta_contable_id_diferido` int(10) unsigned DEFAULT NULL,
  `cuenta_contable_id_pend_acred` int(10) unsigned DEFAULT NULL,
  `numero_cuenta` text COLLATE utf8mb4_unicode_ci,
  `cbu` text COLLATE utf8mb4_unicode_ci,
  `alias` text COLLATE utf8mb4_unicode_ci,
  `cta_cte_tesoreria_banco_estado_id` int(10) unsigned DEFAULT NULL,
  `person_id_relationed` int(10) unsigned DEFAULT NULL,
  `habilitado` tinyint(1) NOT NULL DEFAULT '1',
  `created_at` timestamp NULL DEFAULT NULL,
  `updated_at` timestamp NULL DEFAULT NULL,
  `deleted_at` timestamp NULL DEFAULT NULL,
  PRIMARY KEY (`id`),
  KEY `cta_cte_tesoreria_bancos_person_id_foreign` (`person_id`),
  KEY `cta_cte_tesoreria_bancos_cta_cte_tesoreria_cuenta_id_foreign` (`cta_cte_tesoreria_cuenta_id`),
  KEY `cta_cte_tesoreria_bancos_ctacte_banco_id_foreign` (`ctacte_banco_id`),
  KEY `cta_cte_tesoreria_bancos_zone_id_foreign` (`zone_id`),
  KEY `cta_cte_tesoreria_bancos_cuenta_contable_id_foreign` (`cuenta_contable_id`),
  KEY `cta_cte_tesoreria_bancos_cuenta_contable_id_diferido_foreign` (`cuenta_contable_id_diferido`),
  KEY `cta_cte_tesoreria_bancos_cuenta_contable_id_pend_acred_foreign` (`cuenta_contable_id_pend_acred`),
  KEY `cta_cte_tesoreria_bancos_person_id_relationed_foreign` (`person_id_relationed`),
  KEY `ct_banco_estado_id` (`cta_cte_tesoreria_banco_estado_id`),
  CONSTRAINT `ct_banco_estado_id` FOREIGN KEY (`cta_cte_tesoreria_banco_estado_id`) REFERENCES `cta_cte_tesoreria_banco_estados` (`id`),
  CONSTRAINT `cta_cte_tesoreria_bancos_cta_cte_tesoreria_cuenta_id_foreign` FOREIGN KEY (`cta_cte_tesoreria_cuenta_id`) REFERENCES `cta_cte_tesoreria_cuentas` (`id`),
  CONSTRAINT `cta_cte_tesoreria_bancos_ctacte_banco_id_foreign` FOREIGN KEY (`ctacte_banco_id`) REFERENCES `ctacte_bancos` (`id`),
  CONSTRAINT `cta_cte_tesoreria_bancos_cuenta_contable_id_diferido_foreign` FOREIGN KEY (`cuenta_contable_id_diferido`) REFERENCES `conta_plan_cuenta` (`id`),
  CONSTRAINT `cta_cte_tesoreria_bancos_cuenta_contable_id_foreign` FOREIGN KEY (`cuenta_contable_id`) REFERENCES `conta_plan_cuenta` (`id`),
  CONSTRAINT `cta_cte_tesoreria_bancos_cuenta_contable_id_pend_acred_foreign` FOREIGN KEY (`cuenta_contable_id_pend_acred`) REFERENCES `conta_plan_cuenta` (`id`),
  CONSTRAINT `cta_cte_tesoreria_bancos_person_id_foreign` FOREIGN KEY (`person_id`) REFERENCES `persons` (`id`),
  CONSTRAINT `cta_cte_tesoreria_bancos_person_id_relationed_foreign` FOREIGN KEY (`person_id_relationed`) REFERENCES `persons` (`id`),
  CONSTRAINT `cta_cte_tesoreria_bancos_zone_id_foreign` FOREIGN KEY (`zone_id`) REFERENCES `zones` (`id`)
) ENGINE=InnoDB AUTO_INCREMENT=2 DEFAULT CHARSET=utf8mb4 COLLATE=utf8mb4_unicode_ci;

--
-- Dumping data for table `cta_cte_tesoreria_bancos`
--

INSERT INTO `cta_cte_tesoreria_bancos` VALUES (1,10778,40817,762,1,1,23,425,425,425,'400187592614','0070261630004001875945','CANAL.FONDO.AURORA',NULL,NULL,1,'2024-10-11 19:53:36','2024-10-11 19:53:36',NULL);

--
-- Table structure for table `cta_cte_tesoreria_cuenta_tipos`
--

CREATE TABLE `cta_cte_tesoreria_cuenta_tipos` (
  `id` int(10) unsigned NOT NULL AUTO_INCREMENT,
  `user_id` int(10) unsigned DEFAULT NULL,
  `descripcion` text COLLATE utf8mb4_unicode_ci NOT NULL,
  `habilitado` tinyint(1) NOT NULL DEFAULT '1',
  `created_at` timestamp NULL DEFAULT NULL,
  `updated_at` timestamp NULL DEFAULT NULL,
  `deleted_at` timestamp NULL DEFAULT NULL,
  PRIMARY KEY (`id`)
) ENGINE=InnoDB AUTO_INCREMENT=11 DEFAULT CHARSET=utf8mb4 COLLATE=utf8mb4_unicode_ci;

--
-- Dumping data for table `cta_cte_tesoreria_cuenta_tipos`
--

INSERT INTO `cta_cte_tesoreria_cuenta_tipos` VALUES (1,NULL,'CAJA',1,NULL,NULL,NULL),(2,NULL,'BANCOS',1,NULL,NULL,NULL),(3,NULL,'CHEQUES',1,NULL,NULL,NULL),(4,NULL,'RETENCIONES EFECTUADAS',1,NULL,'2024-08-02 15:35:19',NULL),(5,NULL,'PERCEPCIONES EFECTUADAS',1,NULL,'2024-08-02 15:35:19',NULL),(6,NULL,'RESULTADO NEGATIVO',1,NULL,NULL,NULL),(7,NULL,'RESULTADO POSITIVO',1,NULL,NULL,NULL),(8,NULL,'MOVIMIENTO',1,NULL,NULL,NULL),(9,NULL,'RETENCIONES SUFRIDAS',1,NULL,NULL,NULL),(10,NULL,'PERCEPCIONES SUFRIDAS',1,NULL,NULL,NULL);

--
-- Table structure for table `cta_cte_tesoreria_cuentas`
--

CREATE TABLE `cta_cte_tesoreria_cuentas` (
  `id` int(10) unsigned NOT NULL AUTO_INCREMENT,
  `bind_apibank_enabled` tinyint(1) NOT NULL DEFAULT '0' COMMENT 'Tiene Bind APIBank habilitado?',
  `bind_account_id` varchar(50) COLLATE utf8mb4_unicode_ci DEFAULT NULL COMMENT 'ID de cuenta en Bind APIBank (obtenido al configurar)',
  `user_id` int(10) unsigned DEFAULT NULL,
  `is_no_fiscal` tinyint(1) DEFAULT '0',
  `moneda_id` int(10) unsigned NOT NULL DEFAULT '1',
  `plan_cuenta_id` int(10) unsigned NOT NULL,
  `person_id` int(10) unsigned DEFAULT NULL,
  `cta_cte_tesoreria_cuenta_tipo_id` int(10) unsigned NOT NULL DEFAULT '8',
  `retention_type_id` int(10) unsigned DEFAULT NULL,
  `nombre` varchar(191) COLLATE utf8mb4_unicode_ci NOT NULL,
  `cuit` text COLLATE utf8mb4_unicode_ci,
  `cheque3ros` tinyint(1) NOT NULL DEFAULT '0',
  `cheque_emitidos` tinyint(1) NOT NULL DEFAULT '0',
  `tes_cta_cte` tinyint(1) NOT NULL DEFAULT '0',
  `tes_cuenta_origen` tinyint(1) NOT NULL DEFAULT '0',
  `tes_cuenta_destino` tinyint(1) NOT NULL DEFAULT '0',
  `conta_asientos` tinyint(1) NOT NULL DEFAULT '0',
  `habilitado` tinyint(1) NOT NULL DEFAULT '1',
  `created_at` timestamp NULL DEFAULT NULL,
  `updated_at` timestamp NULL DEFAULT NULL,
  `deleted_at` timestamp NULL DEFAULT NULL,
  PRIMARY KEY (`id`),
  KEY `cta_cte_tesoreria_cuentas_person_id_foreign` (`person_id`),
  KEY `cta_cte_tesoreria_cuentas_plan_cuenta_id_foreign` (`plan_cuenta_id`),
  KEY `cta_tes_tipo_id_foreign` (`cta_cte_tesoreria_cuenta_tipo_id`),
  KEY `cta_cte_tesoreria_cuentas_moneda_id_foreign` (`moneda_id`),
  KEY `cta_cte_tesoreria_cuentas_retention_type_id_foreign` (`retention_type_id`),
  KEY `idx_cctc_bind_apibank_enabled` (`bind_apibank_enabled`),
  KEY `idx_cctc_bind_account_id` (`bind_account_id`),
  CONSTRAINT `cta_cte_tesoreria_cuentas_moneda_id_foreign` FOREIGN KEY (`moneda_id`) REFERENCES `monedas` (`id`),
  CONSTRAINT `cta_cte_tesoreria_cuentas_person_id_foreign` FOREIGN KEY (`person_id`) REFERENCES `persons` (`id`),
  CONSTRAINT `cta_cte_tesoreria_cuentas_plan_cuenta_id_foreign` FOREIGN KEY (`plan_cuenta_id`) REFERENCES `conta_plan_cuenta` (`id`),
  CONSTRAINT `cta_cte_tesoreria_cuentas_retention_type_id_foreign` FOREIGN KEY (`retention_type_id`) REFERENCES `retention_types` (`id`),
  CONSTRAINT `cta_tes_tipo_id_foreign` FOREIGN KEY (`cta_cte_tesoreria_cuenta_tipo_id`) REFERENCES `cta_cte_tesoreria_cuenta_tipos` (`id`)
) ENGINE=InnoDB AUTO_INCREMENT=766 DEFAULT CHARSET=utf8mb4 COLLATE=utf8mb4_unicode_ci;

--
-- Dumping data for table `cta_cte_tesoreria_cuentas`
--

INSERT INTO `cta_cte_tesoreria_cuentas` VALUES (13,0,NULL,NULL,0,1,13,NULL,8,NULL,'Clientes - Deudores',NULL,0,0,0,0,0,0,1,'2019-10-19 02:10:24','2019-10-19 02:10:24',NULL),(20,0,NULL,NULL,0,1,20,NULL,8,NULL,'Anticipos Impuesto a las Ganancias',NULL,0,0,0,0,1,0,1,'2019-10-19 02:10:24','2019-10-19 02:10:24',NULL),(23,0,NULL,NULL,0,1,23,NULL,4,NULL,'Retenciones Impuesto a las Ganancias',NULL,0,0,1,0,0,0,1,'2019-10-19 02:10:24','2024-02-09 06:46:15',NULL),(25,0,NULL,NULL,0,1,25,NULL,4,NULL,'Retenciones de IVA',NULL,0,0,1,0,0,0,1,'2019-10-19 02:10:24','2024-02-09 06:46:15',NULL),(57,0,NULL,NULL,0,1,57,NULL,8,NULL,'Proveedores en Cta. Cte. locales',NULL,0,0,0,0,0,0,1,'2019-10-19 02:10:24','2019-10-19 02:10:24',NULL),(60,0,NULL,NULL,0,1,60,NULL,3,NULL,'Cheques emitidos ',NULL,0,1,1,1,1,0,1,'2019-10-19 02:10:24','2024-02-09 06:46:15',NULL),(62,0,NULL,NULL,0,1,62,NULL,8,NULL,'Sueldos y Jornales a pagar',NULL,0,0,0,0,1,0,1,'2019-10-19 02:10:24','2019-10-19 02:10:24',NULL),(140,0,NULL,NULL,0,1,140,NULL,6,NULL,'Intereses y Gastos bancarios',NULL,0,0,0,0,1,0,1,'2019-10-19 02:10:24','2024-02-09 06:46:15',NULL),(162,0,NULL,NULL,0,1,162,NULL,4,NULL,'Retenciones SUSS',NULL,0,0,1,0,0,0,1,'2019-10-19 02:10:24','2024-02-09 06:46:15',NULL),(176,0,NULL,NULL,0,1,176,NULL,3,NULL,'Cheques en Cartera',NULL,1,0,1,1,1,0,1,'2019-10-19 02:10:24','2024-02-09 06:46:15',NULL),(201,0,NULL,NULL,0,1,201,NULL,6,NULL,'Monotributo',NULL,0,0,0,0,1,0,1,'2019-10-19 02:10:24','2024-02-09 06:46:15',NULL),(203,0,NULL,NULL,0,1,203,NULL,6,NULL,'Autonomos',NULL,0,0,0,0,1,0,1,'2019-10-19 02:10:24','2024-02-09 06:46:15',NULL),(219,0,NULL,NULL,0,1,219,NULL,8,NULL,'Pagos AFIP',NULL,0,0,0,0,1,0,1,'2019-10-19 02:10:24','2019-10-19 02:10:24',NULL),(251,0,NULL,NULL,0,1,251,NULL,4,NULL,'Retenciones de IIBB Buenos Aires',NULL,0,0,1,0,0,0,1,'2019-10-19 02:10:24','2024-02-09 06:46:15',NULL),(252,0,NULL,NULL,0,1,252,NULL,4,NULL,'Retenciones de IIBB Capital Federal',NULL,0,0,1,0,0,0,1,'2019-10-19 02:10:24','2024-02-09 06:46:15',NULL),(253,0,NULL,NULL,0,1,253,NULL,4,NULL,'Retenciones de IIBB Catamarca',NULL,0,0,1,0,0,0,1,'2019-10-19 02:10:24','2024-02-09 06:46:15',NULL),(254,0,NULL,NULL,0,1,254,NULL,4,NULL,'Retenciones de IIBB Chaco',NULL,0,0,1,0,0,0,1,'2019-10-19 02:10:24','2024-02-09 06:46:15',NULL),(255,0,NULL,NULL,0,1,255,NULL,4,NULL,'Retenciones de IIBB Chubut',NULL,0,0,1,0,0,0,1,'2019-10-19 02:10:24','2024-02-09 06:46:15',NULL),(256,0,NULL,NULL,0,1,256,NULL,4,NULL,'Retenciones de IIBB Córdoba',NULL,0,0,1,0,0,0,1,'2019-10-19 02:10:24','2024-02-09 06:46:15',NULL),(257,0,NULL,NULL,0,1,257,NULL,4,NULL,'Retenciones de IIBB Corrientes',NULL,0,0,1,0,0,0,1,'2019-10-19 02:10:24','2024-02-09 06:46:15',NULL),(258,0,NULL,NULL,0,1,258,NULL,4,NULL,'Retenciones de IIBB Entre Ríos',NULL,0,0,1,0,0,0,1,'2019-10-19 02:10:24','2024-02-09 06:46:15',NULL),(259,0,NULL,NULL,0,1,259,NULL,4,NULL,'Retenciones de IIBB Formosa',NULL,0,0,1,0,0,0,1,'2019-10-19 02:10:24','2024-02-09 06:46:15',NULL),(260,0,NULL,NULL,0,1,260,NULL,4,NULL,'Retenciones de IIBB Jujuy',NULL,0,0,1,0,0,0,1,'2019-10-19 02:10:24','2024-02-09 06:46:15',NULL),(261,0,NULL,NULL,0,1,261,NULL,4,NULL,'Retenciones de IIBB La Pampa',NULL,0,0,1,0,0,0,1,'2019-10-19 02:10:24','2024-02-09 06:46:15',NULL),(262,0,NULL,NULL,0,1,262,NULL,4,NULL,'Retenciones de IIBB La Rioja',NULL,0,0,1,0,0,0,1,'2019-10-19 02:10:24','2024-02-09 06:46:15',NULL),(263,0,NULL,NULL,0,1,263,NULL,4,NULL,'Retenciones de IIBB Mendoza',NULL,0,0,1,0,0,0,1,'2019-10-19 02:10:24','2024-02-09 06:46:15',NULL),(264,0,NULL,NULL,0,1,264,NULL,4,NULL,'Retenciones de IIBB Misiones',NULL,0,0,1,0,0,0,1,'2019-10-19 02:10:24','2024-02-09 06:46:15',NULL),(265,0,NULL,NULL,0,1,265,NULL,4,NULL,'Retenciones de IIBB Neuquén',NULL,0,0,1,0,0,0,1,'2019-10-19 02:10:24','2024-02-09 06:46:15',NULL),(266,0,NULL,NULL,0,1,266,NULL,4,NULL,'Retenciones de IIBB Pascua Lama',NULL,0,0,1,0,0,0,1,'2019-10-19 02:10:24','2024-02-09 06:46:15',NULL);
INSERT INTO `cta_cte_tesoreria_cuentas` VALUES (267,0,NULL,NULL,0,1,267,NULL,4,NULL,'Retenciones de IIBB Río Negro',NULL,0,0,1,0,0,0,1,'2019-10-19 02:10:24','2024-02-09 06:46:15',NULL),(268,0,NULL,NULL,0,1,268,NULL,4,NULL,'Retenciones de IIBB Salta',NULL,0,0,1,0,0,0,1,'2019-10-19 02:10:24','2024-02-09 06:46:15',NULL),(269,0,NULL,NULL,0,1,269,NULL,4,NULL,'Retenciones de IIBB San Juan',NULL,0,0,1,0,0,0,1,'2019-10-19 02:10:24','2024-02-09 06:46:15',NULL),(270,0,NULL,NULL,0,1,270,NULL,4,NULL,'Retenciones de IIBB San Luis',NULL,0,0,1,0,0,0,1,'2019-10-19 02:10:24','2024-02-09 06:46:15',NULL),(271,0,NULL,NULL,0,1,271,NULL,4,NULL,'Retenciones de IIBB Santa Cruz',NULL,0,0,1,0,0,0,1,'2019-10-19 02:10:24','2024-02-09 06:46:15',NULL),(272,0,NULL,NULL,0,1,272,NULL,4,NULL,'Retenciones de IIBB Santa Fe',NULL,0,0,1,0,0,0,1,'2019-10-19 02:10:24','2024-02-09 06:46:15',NULL),(273,0,NULL,NULL,0,1,273,NULL,4,NULL,'Retenciones de IIBB Santiago del Estero',NULL,0,0,1,0,0,0,1,'2019-10-19 02:10:24','2024-02-09 06:46:15',NULL),(274,0,NULL,NULL,0,1,274,NULL,4,NULL,'Retenciones de IIBB Tierra del Fuego',NULL,0,0,1,0,0,0,1,'2019-10-19 02:10:24','2024-02-09 06:46:15',NULL),(275,0,NULL,NULL,0,1,275,NULL,4,NULL,'Retenciones de IIBB Tucuman',NULL,0,0,1,0,0,0,1,'2019-10-19 02:10:24','2024-02-09 06:46:15',NULL),(351,0,NULL,NULL,0,1,351,NULL,8,NULL,'BANCO SIRCREB',NULL,0,0,0,0,1,0,1,'2019-10-19 02:10:24','2019-10-19 02:10:24',NULL),(359,0,NULL,NULL,0,1,359,NULL,8,NULL,'Caja en Pesos',NULL,0,0,1,1,1,0,1,'2019-10-19 02:10:24','2024-02-09 06:46:13','2024-02-09 06:46:13'),(360,0,NULL,NULL,0,1,360,NULL,8,NULL,'Retenciones Bancarias de Ganancias a Favor',NULL,0,0,0,0,1,0,1,'2019-10-19 02:10:24','2019-10-19 02:10:24',NULL),(364,0,NULL,NULL,0,1,364,NULL,8,NULL,'Anticipo de Clientes',NULL,0,0,0,0,1,0,1,'2019-10-19 02:10:24','2019-10-19 02:10:24',NULL),(384,0,NULL,NULL,0,1,384,NULL,8,NULL,'Caja en Dolares',NULL,0,0,1,1,1,0,1,'2019-10-19 02:10:24','2024-02-09 06:46:13','2024-02-09 06:46:13'),(409,0,NULL,NULL,0,1,409,NULL,6,NULL,'IVA Crédito Fiscal No computable',NULL,0,0,0,0,1,0,1,'2019-10-19 02:10:24','2024-02-09 06:46:15',NULL),(418,0,NULL,NULL,0,1,418,NULL,8,NULL,'Deudas Bancarias',NULL,0,0,0,1,1,0,1,'2019-10-19 02:10:24','2019-10-19 02:10:24',NULL),(433,0,NULL,NULL,0,1,433,NULL,8,NULL,'Préstamo',NULL,0,0,0,1,1,0,1,'2019-10-19 02:10:24','2019-10-19 02:10:24',NULL),(441,0,NULL,NULL,0,1,441,NULL,8,NULL,'Leasing',NULL,0,0,0,1,1,0,1,'2019-10-19 02:10:24','2019-10-19 02:10:24',NULL),(448,0,NULL,NULL,0,1,448,NULL,8,NULL,'Planes de Pagos AFIP',NULL,0,0,0,1,1,0,1,'2019-10-19 02:10:24','2019-10-19 02:10:24',NULL),(450,0,NULL,NULL,0,1,450,NULL,3,NULL,'Cheques Rechazados',NULL,0,0,0,0,1,0,1,'2019-10-19 02:10:24','2024-02-09 06:46:15',NULL),(467,0,NULL,NULL,0,1,467,NULL,6,NULL,'Interés',NULL,0,0,0,0,1,0,1,'2019-10-19 02:10:24','2024-02-09 06:46:15',NULL),(468,0,NULL,NULL,0,1,14,NULL,8,NULL,'Deudores por ventas comunes',NULL,0,0,0,0,0,1,1,'2020-02-06 17:23:07','2024-02-09 06:46:15',NULL),(469,0,NULL,NULL,0,1,15,NULL,8,NULL,'Deudores por ventas morosos',NULL,0,0,0,0,0,1,1,'2020-02-06 17:23:07','2024-02-09 06:46:15',NULL),(470,0,NULL,NULL,0,1,16,NULL,8,NULL,'Deudores en gestión judicial',NULL,0,0,0,0,0,1,1,'2020-02-06 17:23:07','2024-02-09 06:46:15',NULL),(471,0,NULL,NULL,0,1,17,NULL,8,NULL,'Previsión deudores incobrables',NULL,0,0,0,0,0,1,1,'2020-02-06 17:23:07','2024-02-09 06:46:15',NULL),(472,0,NULL,NULL,0,1,22,NULL,8,NULL,'Anticipo Impto.Ganancia Mínima Presunta',NULL,0,0,0,0,0,1,1,'2020-02-06 17:23:07','2024-02-09 06:46:15',NULL),(473,0,NULL,NULL,0,1,24,NULL,4,NULL,'Impuesto a las Ganancias (Saldo a favor)',NULL,0,0,0,0,0,1,0,'2020-02-06 17:23:07','2024-02-09 06:46:23',NULL),(474,0,NULL,NULL,0,1,27,NULL,8,NULL,'Anticipos de proveedores',NULL,0,0,0,0,0,1,1,'2020-02-06 17:23:07','2024-02-09 06:46:15',NULL),(475,0,NULL,NULL,0,1,28,NULL,8,NULL,'Depósito en garantía alquileres',NULL,0,0,0,0,0,1,1,'2020-02-06 17:23:07','2024-02-09 06:46:15',NULL);
INSERT INTO `cta_cte_tesoreria_cuentas` VALUES (476,0,NULL,NULL,0,1,29,NULL,8,NULL,'Derechos adquiridos a devengar',NULL,0,0,0,0,0,1,1,'2020-02-06 17:23:07','2024-02-09 06:46:15',NULL),(477,0,NULL,NULL,0,1,30,NULL,8,NULL,'Intereses a devengar',NULL,0,0,0,0,0,1,1,'2020-02-06 17:23:07','2024-02-09 06:46:15',NULL),(478,0,NULL,NULL,0,1,31,NULL,8,NULL,'Cuentas a rendir - Directores',NULL,0,0,0,0,0,1,1,'2020-02-06 17:23:07','2024-02-09 06:46:15',NULL),(479,0,NULL,NULL,0,1,32,NULL,8,NULL,'Alquileres no devengados',NULL,0,0,0,0,0,1,1,'2020-02-06 17:23:07','2024-02-09 06:46:15',NULL),(480,0,NULL,NULL,0,1,38,NULL,8,NULL,'Equipos de computación valores históricos',NULL,0,0,0,0,0,1,1,'2020-02-06 17:23:07','2024-02-09 06:46:15',NULL),(481,0,NULL,NULL,0,1,39,NULL,8,NULL,'Equipos de computación ajuste',NULL,0,0,0,0,0,1,1,'2020-02-06 17:23:07','2024-02-09 06:46:15',NULL),(482,0,NULL,NULL,0,1,40,NULL,8,NULL,'Amortización Acumulada Equipos de comput.',NULL,0,0,0,0,0,1,1,'2020-02-06 17:23:07','2024-02-09 06:46:15',NULL),(483,0,NULL,NULL,0,1,42,NULL,8,NULL,'Instalaciones valores históricos',NULL,0,0,0,0,0,1,1,'2020-02-06 17:23:07','2024-02-09 06:46:15',NULL),(484,0,NULL,NULL,0,1,43,NULL,8,NULL,'Instalaciones ajuste',NULL,0,0,0,0,0,1,1,'2020-02-06 17:23:07','2024-02-09 06:46:15',NULL),(485,0,NULL,NULL,0,1,44,NULL,8,NULL,'Amortización Acumulada Instalaciones',NULL,0,0,0,0,0,1,1,'2020-02-06 17:23:07','2024-02-09 06:46:15',NULL),(486,0,NULL,NULL,0,1,46,NULL,8,NULL,'Muebles y utiles valores históricos',NULL,0,0,0,0,0,1,1,'2020-02-06 17:23:07','2024-02-09 06:46:15',NULL),(487,0,NULL,NULL,0,1,47,NULL,8,NULL,'Muebles y utiles ajuste',NULL,0,0,0,0,0,1,1,'2020-02-06 17:23:07','2024-02-09 06:46:15',NULL),(488,0,NULL,NULL,0,1,48,NULL,8,NULL,'Amortización Acumulada Muebles y Útiles',NULL,0,0,0,0,0,1,1,'2020-02-06 17:23:07','2024-02-09 06:46:15',NULL),(489,0,NULL,NULL,0,1,50,NULL,8,NULL,'Gastos de organización valores historicos',NULL,0,0,0,0,0,1,1,'2020-02-06 17:23:07','2024-02-09 06:46:15',NULL),(490,0,NULL,NULL,0,1,51,NULL,8,NULL,'Gastos de organización ajuste',NULL,0,0,0,0,0,1,1,'2020-02-06 17:23:07','2024-02-09 06:46:15',NULL),(491,0,NULL,NULL,0,1,52,NULL,8,NULL,'Amortización acumulada gs. de organización',NULL,0,0,0,0,0,1,1,'2020-02-06 17:23:07','2024-02-09 06:46:15',NULL),(492,0,NULL,NULL,0,1,58,NULL,8,NULL,'Proveedores en cta. cte. exterior',NULL,0,0,0,0,0,1,1,'2020-02-06 17:23:07','2024-02-09 06:46:15',NULL),(493,0,NULL,NULL,0,1,59,NULL,8,NULL,'Derechos de exhibición a devengar',NULL,0,0,0,0,0,1,1,'2020-02-06 17:23:07','2024-02-09 06:46:15',NULL),(494,0,NULL,NULL,0,1,63,NULL,8,NULL,'Cargas sociales a pagar',NULL,0,0,0,0,0,1,1,'2020-02-06 17:23:07','2024-02-09 06:46:15',NULL),(495,0,NULL,NULL,0,1,64,NULL,8,NULL,'Sindicatos a Pagar',NULL,0,0,0,0,0,1,1,'2020-02-06 17:23:07','2024-02-09 06:46:15',NULL),(496,0,NULL,NULL,0,1,67,NULL,8,NULL,'IVA Debito Fiscal',NULL,0,0,0,0,0,1,1,'2020-02-06 17:23:07','2024-02-09 06:46:15',NULL),(497,0,NULL,NULL,0,1,68,NULL,8,NULL,'IVA Credito Fiscal',NULL,0,0,0,0,0,1,1,'2020-02-06 17:23:07','2024-02-09 06:46:15',NULL),(498,0,NULL,NULL,0,1,69,NULL,8,NULL,'Impuestos Internos',NULL,0,0,0,0,0,1,1,'2020-02-06 17:23:07','2024-02-09 06:46:15',NULL),(499,0,NULL,NULL,0,1,70,NULL,8,NULL,'Impuestos al Combustible',NULL,0,0,0,0,0,1,1,'2020-02-06 17:23:07','2024-02-09 06:46:15',NULL),(500,0,NULL,NULL,0,1,71,NULL,8,NULL,'IVA Retenciones de terceros',NULL,0,0,0,0,0,1,1,'2020-02-06 17:23:07','2024-02-09 06:46:15',NULL),(501,0,NULL,NULL,0,1,72,NULL,5,NULL,'IVA Percepciones realiz.por terceros',NULL,0,0,0,0,0,1,1,'2020-02-06 17:23:07','2024-02-09 06:46:15',NULL),(502,0,NULL,NULL,0,1,73,NULL,8,NULL,'IVA Saldo a favor',NULL,0,0,0,0,0,1,1,'2020-02-06 17:23:07','2024-02-09 06:46:15',NULL),(503,0,NULL,NULL,0,1,74,NULL,8,NULL,'IVA a pagar',NULL,0,0,0,0,0,1,1,'2020-02-06 17:23:07','2024-02-09 06:46:15',NULL),(504,0,NULL,NULL,0,1,75,NULL,5,NULL,'Percepciones Ingresos Brutos',NULL,0,0,0,0,0,1,1,'2020-02-06 17:23:07','2024-02-09 06:46:15',NULL);
INSERT INTO `cta_cte_tesoreria_cuentas` VALUES (505,0,NULL,NULL,0,1,76,NULL,8,NULL,'Otros Pagos AFIP',NULL,0,0,0,0,0,1,1,'2020-02-06 17:23:07','2024-02-09 06:46:15',NULL),(506,0,NULL,NULL,0,1,78,NULL,8,NULL,'Impuesto a los Ingresos Brutos Pasivo',NULL,0,0,0,0,0,1,1,'2020-02-06 17:23:07','2024-02-09 06:46:15',NULL),(507,0,NULL,NULL,0,1,79,NULL,8,NULL,'Impuesto a las Ganancias',NULL,0,0,0,0,0,1,1,'2020-02-06 17:23:07','2024-02-09 06:46:15',NULL),(508,0,NULL,NULL,0,1,80,NULL,8,NULL,'Impuesto a la Ganancia Mínima Presunta',NULL,0,0,0,0,0,1,1,'2020-02-06 17:23:07','2024-02-09 06:46:15',NULL),(509,0,NULL,NULL,0,1,81,NULL,8,NULL,'AFIP - Retenciones Impuesto a las Ganancias',NULL,0,0,0,0,0,1,1,'2020-02-06 17:23:07','2024-02-09 06:46:15',NULL),(510,0,NULL,NULL,0,1,82,NULL,8,NULL,'AFIP - Plan de Facilidades Decreto 338/02',NULL,0,0,0,0,0,1,1,'2020-02-06 17:23:07','2024-02-09 06:46:15',NULL),(511,0,NULL,NULL,0,1,87,NULL,8,NULL,'Acciones en circulación',NULL,0,0,0,0,0,1,1,'2020-02-06 17:23:07','2024-02-09 06:46:15',NULL),(512,0,NULL,NULL,0,1,88,NULL,8,NULL,'Ajuste del Capital',NULL,0,0,0,0,0,1,1,'2020-02-06 17:23:07','2024-02-09 06:46:15',NULL),(513,0,NULL,NULL,0,1,89,NULL,8,NULL,'Aportes Irrevocables Futuras Suscripciones',NULL,0,0,0,0,0,1,1,'2020-02-06 17:23:07','2024-02-09 06:46:15',NULL),(514,0,NULL,NULL,0,1,91,NULL,8,NULL,'Resultado del ejercicio',NULL,0,0,0,0,0,1,1,'2020-02-06 17:23:07','2024-02-09 06:46:16',NULL),(515,0,NULL,NULL,0,1,92,NULL,8,NULL,'Resultado ejercicios anteriores',NULL,0,0,0,0,0,1,1,'2020-02-06 17:23:07','2024-02-09 06:46:16',NULL),(516,0,NULL,NULL,0,1,93,NULL,8,NULL,'A.R.E.A.',NULL,0,0,0,0,0,1,1,'2020-02-06 17:23:07','2024-02-09 06:46:16',NULL),(517,0,NULL,NULL,0,1,96,NULL,7,NULL,'VENTAS',NULL,0,0,0,0,1,1,1,'2020-02-06 17:23:07','2024-02-09 06:46:16',NULL),(518,0,NULL,NULL,0,1,97,NULL,7,NULL,'Honorarios',NULL,0,0,0,0,1,1,1,'2020-02-06 17:23:07','2024-02-09 06:46:16',NULL),(519,0,NULL,NULL,0,1,99,NULL,7,NULL,'Descuentos obtenidos',NULL,0,0,0,0,1,1,1,'2020-02-06 17:23:07','2024-02-09 06:46:16',NULL),(520,0,NULL,NULL,0,1,100,NULL,7,NULL,'Reintegros por exportaciones',NULL,0,0,0,0,1,1,1,'2020-02-06 17:23:07','2024-02-09 06:46:16',NULL),(521,0,NULL,NULL,0,1,102,NULL,7,NULL,'Intereses Cobrados',NULL,0,0,0,0,1,1,1,'2020-02-06 17:23:07','2024-02-09 06:46:16',NULL),(522,0,NULL,NULL,0,1,103,NULL,7,NULL,'Diferencias de cambio',NULL,0,0,0,0,1,1,1,'2020-02-06 17:23:07','2024-02-09 06:46:16',NULL),(523,0,NULL,NULL,0,1,104,NULL,7,NULL,'Descuentos obtenidos',NULL,0,0,0,0,1,1,1,'2020-02-06 17:23:07','2024-02-09 06:46:16',NULL),(524,0,NULL,NULL,0,1,110,NULL,6,NULL,'Sueldos',NULL,0,0,0,0,0,1,1,'2020-02-06 17:23:07','2024-02-09 06:46:16',NULL),(525,0,NULL,NULL,0,1,111,NULL,6,NULL,'Contribuciones',NULL,0,0,0,0,0,1,1,'2020-02-06 17:23:07','2024-02-09 06:46:16',NULL),(526,0,NULL,NULL,0,1,112,NULL,6,NULL,'Sindicato',NULL,0,0,0,0,0,1,1,'2020-02-06 17:23:07','2024-02-09 06:46:16',NULL),(527,0,NULL,NULL,0,1,114,NULL,8,NULL,'ACA',NULL,0,0,0,0,0,1,1,'2020-02-06 17:23:07','2024-02-09 06:46:16',NULL),(528,0,NULL,NULL,0,1,115,NULL,6,NULL,'Aereos',NULL,0,0,0,0,0,1,1,'2020-02-06 17:23:07','2024-02-09 06:46:16',NULL),(529,0,NULL,NULL,0,1,116,NULL,6,NULL,'Alquiler',NULL,0,0,0,0,0,1,1,'2020-02-06 17:23:07','2024-02-09 06:46:16',NULL),(530,0,NULL,NULL,0,1,117,NULL,8,NULL,'AGUA AYSA',NULL,0,0,0,0,0,1,1,'2020-02-06 17:23:07','2024-02-09 06:46:16',NULL),(531,0,NULL,NULL,0,1,118,NULL,8,NULL,'TV Cablevision',NULL,0,0,0,0,0,1,1,'2020-02-06 17:23:07','2024-02-09 06:46:16',NULL),(532,0,NULL,NULL,0,1,119,NULL,1,NULL,'Caja Jubilacion Consejo',NULL,0,0,0,0,0,1,1,'2020-02-06 17:23:07','2024-02-09 06:46:16',NULL),(533,0,NULL,NULL,0,1,120,NULL,6,NULL,'Celulares',NULL,0,0,0,0,0,1,1,'2020-02-06 17:23:07','2024-02-09 06:46:16',NULL),(534,0,NULL,NULL,0,1,121,NULL,3,NULL,'Cheques',NULL,0,0,0,0,0,1,1,'2020-02-06 17:23:07','2024-02-09 06:46:16',NULL),(535,0,NULL,NULL,0,1,123,NULL,8,NULL,'Comida',NULL,0,0,0,0,0,1,1,'2020-02-06 17:23:07','2024-02-09 06:46:16',NULL);
INSERT INTO `cta_cte_tesoreria_cuentas` VALUES (536,0,NULL,NULL,0,1,126,NULL,6,NULL,'Fletes y acarreos',NULL,0,0,0,0,0,1,1,'2020-02-06 17:23:07','2024-02-09 06:46:16',NULL),(537,0,NULL,NULL,0,1,127,NULL,8,NULL,'Luz Edesur',NULL,0,0,0,0,0,1,1,'2020-02-06 17:23:07','2024-02-09 06:46:16',NULL),(538,0,NULL,NULL,0,1,128,NULL,6,NULL,'Movilidad y Viáticos',NULL,0,0,0,0,0,1,1,'2020-02-06 17:23:07','2024-02-09 06:46:16',NULL),(539,0,NULL,NULL,0,1,129,NULL,8,NULL,'Mantenimiento',NULL,0,0,0,0,0,1,1,'2020-02-06 17:23:07','2024-02-09 06:46:16',NULL),(540,0,NULL,NULL,0,1,130,NULL,8,NULL,'IVA No Computable',NULL,0,0,0,0,0,1,1,'2020-02-06 17:23:07','2024-02-09 06:46:16',NULL),(541,0,NULL,NULL,0,1,131,NULL,8,NULL,'Entretenimiento',NULL,0,0,0,0,0,1,1,'2020-02-06 17:23:07','2024-02-09 06:46:16',NULL),(542,0,NULL,NULL,0,1,132,NULL,6,NULL,'Amortización Bienes de Uso',NULL,0,0,0,0,0,1,1,'2020-02-06 17:23:07','2024-02-09 06:46:16',NULL),(543,0,NULL,NULL,0,1,135,NULL,6,NULL,'Gastos varios',NULL,0,0,0,0,0,1,1,'2020-02-06 17:23:07','2024-02-09 06:46:16',NULL),(544,0,NULL,NULL,0,1,136,NULL,6,NULL,'Ajuste por redondeo',NULL,0,0,0,0,0,1,1,'2020-02-06 17:23:07','2024-02-09 06:46:16',NULL),(545,0,NULL,NULL,0,1,137,NULL,6,NULL,'Deudores Incobrables',NULL,0,0,0,0,0,1,1,'2020-02-06 17:23:07','2024-02-09 06:46:16',NULL),(546,0,NULL,NULL,0,1,141,NULL,6,NULL,'Intereses Proveedores',NULL,0,0,0,0,0,1,1,'2020-02-06 17:23:07','2024-02-09 06:46:16',NULL),(547,0,NULL,NULL,0,1,143,NULL,6,NULL,'Diferencias de cambio',NULL,0,0,0,0,0,1,1,'2020-02-06 17:23:07','2024-02-09 06:46:16',NULL),(548,0,NULL,NULL,0,1,144,NULL,8,NULL,'Diferencia de Cambio Bces. en M.Extranjera',NULL,0,0,0,0,0,1,1,'2020-02-06 17:23:07','2024-02-09 06:46:16',NULL),(549,0,NULL,NULL,0,1,145,NULL,6,NULL,'Diferencia tipo cambio Vendedor/Comprador',NULL,0,0,0,0,0,1,1,'2020-02-06 17:23:07','2024-02-09 06:46:16',NULL),(550,0,NULL,NULL,0,1,146,NULL,8,NULL,'Diferencia por conversion en Bce. en Mon. Extranj.',NULL,0,0,0,0,0,1,1,'2020-02-06 17:23:07','2024-02-09 06:46:16',NULL),(551,0,NULL,NULL,0,1,147,NULL,8,NULL,'Diferencia de cambio CMV',NULL,0,0,0,0,0,1,1,'2020-02-06 17:23:07','2024-02-09 06:46:16',NULL),(552,0,NULL,NULL,0,1,148,NULL,8,NULL,'Diferencia de cambio PT',NULL,0,0,0,0,0,1,1,'2020-02-06 17:23:07','2024-02-09 06:46:16',NULL),(553,0,NULL,NULL,0,1,149,NULL,8,NULL,'Resultado por Exposición a la Inflación',NULL,0,0,0,0,0,1,1,'2020-02-06 17:23:07','2024-02-09 06:46:16',NULL),(554,0,NULL,NULL,0,1,150,NULL,8,NULL,'Diferencia de cambio PE',NULL,0,0,0,0,0,1,1,'2020-02-06 17:23:07','2024-02-09 06:46:16',NULL),(555,0,NULL,NULL,0,1,151,NULL,8,NULL,'Diferencia de cambio Ds.Vtas.',NULL,0,0,0,0,0,1,1,'2020-02-06 17:23:07','2024-02-09 06:46:16',NULL),(556,0,NULL,NULL,0,1,152,NULL,6,NULL,'Diferencia de cambio ME',NULL,0,0,0,0,0,1,1,'2020-02-06 17:23:07','2024-02-09 06:46:16',NULL),(557,0,NULL,NULL,0,1,153,NULL,6,NULL,'Descuentos otorgados',NULL,0,0,0,0,0,1,1,'2020-02-06 17:23:07','2024-02-09 06:46:16',NULL),(558,0,NULL,NULL,0,1,155,NULL,6,NULL,'Impuesto a las Ganancias',NULL,0,0,0,0,0,1,1,'2020-02-06 17:23:07','2024-02-09 06:46:16',NULL),(559,0,NULL,NULL,0,1,156,NULL,6,NULL,'Impuesto a los Ingresos Brutos',NULL,0,0,0,0,0,1,1,'2020-02-06 17:23:07','2024-02-09 06:46:16',NULL),(560,0,NULL,NULL,0,1,157,NULL,6,NULL,'Impuesto al Debito y Credito Bancario',NULL,0,0,0,0,0,1,1,'2020-02-06 17:23:07','2024-02-09 06:46:16',NULL),(561,0,NULL,NULL,0,1,159,NULL,6,NULL,'Pérdida por venta bienes de uso',NULL,0,0,0,0,0,1,1,'2020-02-06 17:23:07','2024-02-09 06:46:16',NULL),(562,0,NULL,NULL,0,1,160,NULL,6,NULL,'Inversiones',NULL,0,0,0,0,0,1,1,'2020-02-06 17:23:07','2024-02-09 06:46:16',NULL),(563,0,NULL,NULL,0,1,161,NULL,6,NULL,'Amortizaciones extraordinarias',NULL,0,0,0,0,0,1,1,'2020-02-06 17:23:07','2024-02-09 06:46:16',NULL),(564,0,NULL,NULL,0,1,178,NULL,8,NULL,'Google',NULL,0,0,0,0,0,1,1,'2020-02-06 17:23:07','2024-02-09 06:46:16',NULL),(565,0,NULL,NULL,0,1,188,NULL,6,NULL,'Publicidad',NULL,0,0,0,0,0,1,1,'2020-02-06 17:23:07','2024-02-09 06:46:16',NULL);
INSERT INTO `cta_cte_tesoreria_cuentas` VALUES (566,0,NULL,NULL,0,1,191,NULL,6,NULL,'Cargas Sociales',NULL,0,0,0,0,0,1,1,'2020-02-06 17:23:07','2024-02-09 06:46:16',NULL),(567,0,NULL,NULL,0,1,192,NULL,6,NULL,'Honorarios',NULL,0,0,0,0,0,1,1,'2020-02-06 17:23:07','2024-02-09 06:46:16',NULL),(568,0,NULL,NULL,0,1,193,NULL,6,NULL,'Telefono Fijo',NULL,0,0,0,0,0,1,1,'2020-02-06 17:23:07','2024-02-09 06:46:16',NULL),(569,0,NULL,NULL,0,1,198,NULL,6,NULL,'Seguros',NULL,0,0,0,0,0,1,1,'2020-02-06 17:23:07','2024-02-09 06:46:16',NULL),(570,0,NULL,NULL,0,1,199,NULL,6,NULL,'Internet',NULL,0,0,0,0,0,1,1,'2020-02-06 17:23:07','2024-02-09 06:46:16',NULL),(571,0,NULL,NULL,0,1,204,NULL,6,NULL,'Multas Impositivas',NULL,0,0,0,0,0,1,1,'2020-02-06 17:23:07','2024-02-09 06:46:16',NULL),(572,0,NULL,NULL,0,1,208,NULL,6,NULL,'Impuesto a los Ingresos Brutos - BS AS',NULL,0,0,0,0,0,1,1,'2020-02-06 17:23:07','2024-02-09 06:46:16',NULL),(573,0,NULL,NULL,0,1,209,NULL,6,NULL,'SIRCREB',NULL,0,0,0,0,0,1,1,'2020-02-06 17:23:07','2024-02-09 06:46:16',NULL),(574,0,NULL,NULL,0,1,212,NULL,6,NULL,'Tarjeta Visa',NULL,0,0,0,0,0,1,1,'2020-02-06 17:23:07','2024-02-09 06:46:16',NULL),(575,0,NULL,NULL,0,1,213,NULL,6,NULL,'Tarjeta American Express',NULL,0,0,0,0,0,1,1,'2020-02-06 17:23:07','2024-02-09 06:46:16',NULL),(576,0,NULL,NULL,0,1,214,NULL,6,NULL,'Tarjeta Mastercard',NULL,0,0,0,0,0,1,1,'2020-02-06 17:23:07','2024-02-09 06:46:16',NULL),(577,0,NULL,NULL,0,1,215,NULL,8,NULL,'Tarjeta Shopping',NULL,0,0,0,0,0,1,1,'2020-02-06 17:23:07','2024-02-09 06:46:16',NULL),(578,0,NULL,NULL,0,1,216,NULL,6,NULL,'Tarjeta Cencosud',NULL,0,0,0,0,0,1,1,'2020-02-06 17:23:07','2024-02-09 06:46:16',NULL),(579,0,NULL,NULL,0,1,217,NULL,6,NULL,'Compras',NULL,0,0,0,0,0,1,1,'2020-02-06 17:23:07','2024-02-09 06:46:16',NULL),(580,0,NULL,NULL,0,1,218,NULL,7,NULL,'Ventas No Gravadas',NULL,0,0,0,0,1,1,1,'2020-02-06 17:23:07','2024-02-09 06:46:16',NULL),(581,0,NULL,NULL,0,1,220,NULL,5,NULL,'Perc IVA -RG3337',NULL,0,0,0,0,0,1,0,'2020-02-06 17:23:07','2024-02-09 06:46:23',NULL),(582,0,NULL,NULL,0,1,221,NULL,6,NULL,'Imps. Internos',NULL,0,0,0,0,0,1,1,'2020-02-06 17:23:07','2024-02-09 06:46:16',NULL),(583,0,NULL,NULL,0,1,222,NULL,6,NULL,'Imp. Gasoil',NULL,0,0,0,0,0,1,1,'2020-02-06 17:23:07','2024-02-09 06:46:16',NULL),(584,0,NULL,NULL,0,1,223,NULL,6,NULL,'Imp. Hídricos',NULL,0,0,0,0,0,1,1,'2020-02-06 17:23:07','2024-02-09 06:46:16',NULL),(585,0,NULL,NULL,0,1,224,NULL,6,NULL,'ITC',NULL,0,0,0,0,0,1,1,'2020-02-06 17:23:07','2024-02-09 06:46:16',NULL),(586,0,NULL,NULL,0,1,225,NULL,5,NULL,'Perc IIBB  Buenos Aires',NULL,0,0,0,0,0,1,1,'2020-02-06 17:23:07','2024-02-09 06:46:16',NULL),(587,0,NULL,NULL,0,1,226,NULL,5,NULL,'Perc IIBB  Capital Federal',NULL,0,0,0,0,0,1,1,'2020-02-06 17:23:07','2024-02-09 06:46:16',NULL),(588,0,NULL,NULL,0,1,227,NULL,5,NULL,'Perc IIBB  Catamarca',NULL,0,0,0,0,0,1,1,'2020-02-06 17:23:07','2024-02-09 06:46:16',NULL),(589,0,NULL,NULL,0,1,228,NULL,5,NULL,'Perc IIBB  Chaco',NULL,0,0,0,0,0,1,1,'2020-02-06 17:23:07','2024-02-09 06:46:16',NULL),(590,0,NULL,NULL,0,1,229,NULL,5,NULL,'Perc IIBB  Chubut',NULL,0,0,0,0,0,1,1,'2020-02-06 17:23:07','2024-02-09 06:46:16',NULL),(591,0,NULL,NULL,0,1,230,NULL,5,NULL,'Perc IIBB  Córdoba',NULL,0,0,0,0,0,1,1,'2020-02-06 17:23:07','2024-02-09 06:46:16',NULL),(592,0,NULL,NULL,0,1,231,NULL,5,NULL,'Perc IIBB  Corrientes',NULL,0,0,0,0,0,1,1,'2020-02-06 17:23:07','2024-02-09 06:46:16',NULL),(593,0,NULL,NULL,0,1,232,NULL,5,NULL,'Perc IIBB  Entre Ríos',NULL,0,0,0,0,0,1,1,'2020-02-06 17:23:07','2024-02-09 06:46:16',NULL),(594,0,NULL,NULL,0,1,233,NULL,5,NULL,'Perc IIBB  Formosa',NULL,0,0,0,0,0,1,1,'2020-02-06 17:23:07','2024-02-09 06:46:16',NULL),(595,0,NULL,NULL,0,1,234,NULL,5,NULL,'Perc IIBB  Jujuy',NULL,0,0,0,0,0,1,1,'2020-02-06 17:23:07','2024-02-09 06:46:16',NULL),(596,0,NULL,NULL,0,1,235,NULL,5,NULL,'Perc IIBB  La Pampa',NULL,0,0,0,0,0,1,1,'2020-02-06 17:23:07','2024-02-09 06:46:16',NULL),(597,0,NULL,NULL,0,1,236,NULL,5,NULL,'Perc IIBB  La Rioja',NULL,0,0,0,0,0,1,1,'2020-02-06 17:23:07','2024-02-09 06:46:16',NULL);
INSERT INTO `cta_cte_tesoreria_cuentas` VALUES (598,0,NULL,NULL,0,1,237,NULL,5,NULL,'Perc IIBB  Mendoza',NULL,0,0,0,0,0,1,1,'2020-02-06 17:23:07','2024-02-09 06:46:16',NULL),(599,0,NULL,NULL,0,1,238,NULL,5,NULL,'Perc IIBB  Misiones',NULL,0,0,0,0,0,1,1,'2020-02-06 17:23:07','2024-02-09 06:46:16',NULL),(600,0,NULL,NULL,0,1,239,NULL,5,NULL,'Perc IIBB  Neuquén',NULL,0,0,0,0,0,1,1,'2020-02-06 17:23:07','2024-02-09 06:46:16',NULL),(601,0,NULL,NULL,0,1,240,NULL,5,NULL,'Perc IIBB  Pascua Lama',NULL,0,0,0,0,0,1,1,'2020-02-06 17:23:07','2024-02-09 06:46:16',NULL),(602,0,NULL,NULL,0,1,241,NULL,5,NULL,'Perc IIBB  Río Negro',NULL,0,0,0,0,0,1,1,'2020-02-06 17:23:07','2024-02-09 06:46:16',NULL),(603,0,NULL,NULL,0,1,242,NULL,5,NULL,'Perc IIBB  Salta',NULL,0,0,0,0,0,1,1,'2020-02-06 17:23:07','2024-02-09 06:46:16',NULL),(604,0,NULL,NULL,0,1,243,NULL,5,NULL,'Perc IIBB  San Juan',NULL,0,0,0,0,0,1,1,'2020-02-06 17:23:07','2024-02-09 06:46:16',NULL),(605,0,NULL,NULL,0,1,244,NULL,5,NULL,'Perc IIBB  San Luis',NULL,0,0,0,0,0,1,1,'2020-02-06 17:23:07','2024-02-09 06:46:16',NULL),(606,0,NULL,NULL,0,1,245,NULL,5,NULL,'Perc IIBB  Santa Cruz',NULL,0,0,0,0,0,1,1,'2020-02-06 17:23:07','2024-02-09 06:46:16',NULL),(607,0,NULL,NULL,0,1,246,NULL,5,NULL,'Perc IIBB  Santa Fe',NULL,0,0,0,0,0,1,1,'2020-02-06 17:23:07','2024-02-09 06:46:16',NULL),(608,0,NULL,NULL,0,1,247,NULL,5,NULL,'Perc IIBB  Santiago del Estero',NULL,0,0,0,0,0,1,1,'2020-02-06 17:23:07','2024-02-09 06:46:16',NULL),(609,0,NULL,NULL,0,1,248,NULL,5,NULL,'Perc IIBB  Tierra del Fuego',NULL,0,0,0,0,0,1,1,'2020-02-06 17:23:07','2024-02-09 06:46:16',NULL),(610,0,NULL,NULL,0,1,249,NULL,5,NULL,'Perc IIBB  Tucuman',NULL,0,0,0,0,0,1,1,'2020-02-06 17:23:07','2024-02-09 06:46:16',NULL),(611,0,NULL,NULL,0,1,250,NULL,6,NULL,'Compras No Gravadas',NULL,0,0,0,0,0,1,1,'2020-02-06 17:23:07','2024-02-09 06:46:16',NULL),(612,0,NULL,NULL,0,1,276,NULL,6,NULL,'SIRCREB Buenos Aires',NULL,0,0,0,0,0,1,1,'2020-02-06 17:23:07','2024-02-09 06:46:16',NULL),(613,0,NULL,NULL,0,1,277,NULL,6,NULL,'SIRCREB Capital Federal',NULL,0,0,0,0,0,1,1,'2020-02-06 17:23:07','2024-02-09 06:46:16',NULL),(614,0,NULL,NULL,0,1,278,NULL,6,NULL,'SIRCREB Catamarca',NULL,0,0,0,0,0,1,1,'2020-02-06 17:23:07','2024-02-09 06:46:16',NULL),(615,0,NULL,NULL,0,1,279,NULL,6,NULL,'SIRCREB Chaco',NULL,0,0,0,0,0,1,1,'2020-02-06 17:23:07','2024-02-09 06:46:16',NULL),(616,0,NULL,NULL,0,1,280,NULL,6,NULL,'SIRCREB Chubut',NULL,0,0,0,0,0,1,1,'2020-02-06 17:23:07','2024-02-09 06:46:16',NULL),(617,0,NULL,NULL,0,1,281,NULL,6,NULL,'SIRCREB Córdoba',NULL,0,0,0,0,0,1,1,'2020-02-06 17:23:07','2024-02-09 06:46:16',NULL),(618,0,NULL,NULL,0,1,282,NULL,6,NULL,'SIRCREB Corrientes',NULL,0,0,0,0,0,1,1,'2020-02-06 17:23:07','2024-02-09 06:46:16',NULL),(619,0,NULL,NULL,0,1,283,NULL,6,NULL,'SIRCREB Entre Ríos',NULL,0,0,0,0,0,1,1,'2020-02-06 17:23:07','2024-02-09 06:46:16',NULL),(620,0,NULL,NULL,0,1,284,NULL,6,NULL,'SIRCREB Formosa',NULL,0,0,0,0,0,1,1,'2020-02-06 17:23:07','2024-02-09 06:46:16',NULL),(621,0,NULL,NULL,0,1,285,NULL,6,NULL,'SIRCREB Jujuy',NULL,0,0,0,0,0,1,1,'2020-02-06 17:23:07','2024-02-09 06:46:16',NULL),(622,0,NULL,NULL,0,1,286,NULL,6,NULL,'SIRCREB La Pampa',NULL,0,0,0,0,0,1,1,'2020-02-06 17:23:07','2024-02-09 06:46:16',NULL),(623,0,NULL,NULL,0,1,287,NULL,6,NULL,'SIRCREB La Rioja',NULL,0,0,0,0,0,1,1,'2020-02-06 17:23:07','2024-02-09 06:46:16',NULL),(624,0,NULL,NULL,0,1,288,NULL,6,NULL,'SIRCREB Mendoza',NULL,0,0,0,0,0,1,1,'2020-02-06 17:23:07','2024-02-09 06:46:16',NULL),(625,0,NULL,NULL,0,1,289,NULL,6,NULL,'SIRCREB Misiones',NULL,0,0,0,0,0,1,1,'2020-02-06 17:23:07','2024-02-09 06:46:16',NULL),(626,0,NULL,NULL,0,1,290,NULL,6,NULL,'SIRCREB Neuquén',NULL,0,0,0,0,0,1,1,'2020-02-06 17:23:07','2024-02-09 06:46:16',NULL),(627,0,NULL,NULL,0,1,291,NULL,6,NULL,'SIRCREB Pascua Lama',NULL,0,0,0,0,0,1,1,'2020-02-06 17:23:07','2024-02-09 06:46:16',NULL),(628,0,NULL,NULL,0,1,292,NULL,6,NULL,'SIRCREB Río Negro',NULL,0,0,0,0,0,1,1,'2020-02-06 17:23:07','2024-02-09 06:46:16',NULL);
INSERT INTO `cta_cte_tesoreria_cuentas` VALUES (629,0,NULL,NULL,0,1,293,NULL,6,NULL,'SIRCREB Salta',NULL,0,0,0,0,0,1,1,'2020-02-06 17:23:07','2024-02-09 06:46:16',NULL),(630,0,NULL,NULL,0,1,294,NULL,6,NULL,'SIRCREB San Juan',NULL,0,0,0,0,0,1,1,'2020-02-06 17:23:07','2024-02-09 06:46:16',NULL),(631,0,NULL,NULL,0,1,295,NULL,6,NULL,'SIRCREB San Luis',NULL,0,0,0,0,0,1,1,'2020-02-06 17:23:07','2024-02-09 06:46:16',NULL),(632,0,NULL,NULL,0,1,296,NULL,6,NULL,'SIRCREB Santa Cruz',NULL,0,0,0,0,0,1,1,'2020-02-06 17:23:07','2024-02-09 06:46:16',NULL),(633,0,NULL,NULL,0,1,297,NULL,6,NULL,'SIRCREB Santa Fe',NULL,0,0,0,0,0,1,1,'2020-02-06 17:23:07','2024-02-09 06:46:16',NULL),(634,0,NULL,NULL,0,1,298,NULL,6,NULL,'SIRCREB Santiago del Estero',NULL,0,0,0,0,0,1,1,'2020-02-06 17:23:07','2024-02-09 06:46:16',NULL),(635,0,NULL,NULL,0,1,299,NULL,6,NULL,'SIRCREB Tierra del Fuego',NULL,0,0,0,0,0,1,1,'2020-02-06 17:23:07','2024-02-09 06:46:16',NULL),(636,0,NULL,NULL,0,1,300,NULL,6,NULL,'SIRCREB Tucuman',NULL,0,0,0,0,0,1,1,'2020-02-06 17:23:07','2024-02-09 06:46:16',NULL),(637,0,NULL,NULL,0,1,301,NULL,8,NULL,'IIBB a Favor Buenos Aires',NULL,0,0,0,0,0,1,1,'2020-02-06 17:23:07','2024-02-09 06:46:17',NULL),(638,0,NULL,NULL,0,1,302,NULL,8,NULL,'IIBB a Favor Capital Federal',NULL,0,0,0,0,0,1,1,'2020-02-06 17:23:07','2024-02-09 06:46:17',NULL),(639,0,NULL,NULL,0,1,303,NULL,8,NULL,'IIBB a Favor Catamarca',NULL,0,0,0,0,0,1,1,'2020-02-06 17:23:07','2024-02-09 06:46:17',NULL),(640,0,NULL,NULL,0,1,304,NULL,8,NULL,'IIBB a Favor Chaco',NULL,0,0,0,0,0,1,1,'2020-02-06 17:23:07','2024-02-09 06:46:17',NULL),(641,0,NULL,NULL,0,1,305,NULL,8,NULL,'IIBB a Favor Chubut',NULL,0,0,0,0,0,1,1,'2020-02-06 17:23:07','2024-02-09 06:46:17',NULL),(642,0,NULL,NULL,0,1,306,NULL,8,NULL,'IIBB a Favor Córdoba',NULL,0,0,0,0,0,1,1,'2020-02-06 17:23:07','2024-02-09 06:46:17',NULL),(643,0,NULL,NULL,0,1,307,NULL,8,NULL,'IIBB a Favor Corrientes',NULL,0,0,0,0,0,1,1,'2020-02-06 17:23:07','2024-02-09 06:46:17',NULL),(644,0,NULL,NULL,0,1,308,NULL,8,NULL,'IIBB a Favor Entre Ríos',NULL,0,0,0,0,0,1,1,'2020-02-06 17:23:07','2024-02-09 06:46:17',NULL),(645,0,NULL,NULL,0,1,309,NULL,8,NULL,'IIBB a Favor Formosa',NULL,0,0,0,0,0,1,1,'2020-02-06 17:23:07','2024-02-09 06:46:17',NULL),(646,0,NULL,NULL,0,1,310,NULL,8,NULL,'IIBB a Favor Jujuy',NULL,0,0,0,0,0,1,1,'2020-02-06 17:23:07','2024-02-09 06:46:17',NULL),(647,0,NULL,NULL,0,1,311,NULL,8,NULL,'IIBB a Favor La Pampa',NULL,0,0,0,0,0,1,1,'2020-02-06 17:23:07','2024-02-09 06:46:17',NULL),(648,0,NULL,NULL,0,1,312,NULL,8,NULL,'IIBB a Favor La Rioja',NULL,0,0,0,0,0,1,1,'2020-02-06 17:23:07','2024-02-09 06:46:17',NULL),(649,0,NULL,NULL,0,1,313,NULL,8,NULL,'IIBB a Favor Mendoza',NULL,0,0,0,0,0,1,1,'2020-02-06 17:23:07','2024-02-09 06:46:17',NULL),(650,0,NULL,NULL,0,1,314,NULL,8,NULL,'IIBB a Favor Misiones',NULL,0,0,0,0,0,1,1,'2020-02-06 17:23:08','2024-02-09 06:46:17',NULL),(651,0,NULL,NULL,0,1,315,NULL,8,NULL,'IIBB a Favor Neuquén',NULL,0,0,0,0,0,1,1,'2020-02-06 17:23:08','2024-02-09 06:46:17',NULL),(652,0,NULL,NULL,0,1,316,NULL,8,NULL,'IIBB a Favor Pascua Lama',NULL,0,0,0,0,0,1,1,'2020-02-06 17:23:08','2024-02-09 06:46:17',NULL),(653,0,NULL,NULL,0,1,317,NULL,8,NULL,'IIBB a Favor Río Negro',NULL,0,0,0,0,0,1,1,'2020-02-06 17:23:08','2024-02-09 06:46:17',NULL),(654,0,NULL,NULL,0,1,318,NULL,8,NULL,'IIBB a Favor Salta',NULL,0,0,0,0,0,1,1,'2020-02-06 17:23:08','2024-02-09 06:46:17',NULL),(655,0,NULL,NULL,0,1,319,NULL,8,NULL,'IIBB a Favor San Juan',NULL,0,0,0,0,0,1,1,'2020-02-06 17:23:08','2024-02-09 06:46:17',NULL),(656,0,NULL,NULL,0,1,320,NULL,8,NULL,'IIBB a Favor San Luis',NULL,0,0,0,0,0,1,1,'2020-02-06 17:23:08','2024-02-09 06:46:17',NULL),(657,0,NULL,NULL,0,1,321,NULL,8,NULL,'IIBB a Favor Santa Cruz',NULL,0,0,0,0,0,1,1,'2020-02-06 17:23:08','2024-02-09 06:46:17',NULL),(658,0,NULL,NULL,0,1,322,NULL,8,NULL,'IIBB a Favor Santa Fe',NULL,0,0,0,0,0,1,1,'2020-02-06 17:23:08','2024-02-09 06:46:17',NULL);
INSERT INTO `cta_cte_tesoreria_cuentas` VALUES (659,0,NULL,NULL,0,1,323,NULL,8,NULL,'IIBB a Favor Santiago del Estero',NULL,0,0,0,0,0,1,1,'2020-02-06 17:23:08','2024-02-09 06:46:17',NULL),(660,0,NULL,NULL,0,1,324,NULL,8,NULL,'IIBB a Favor Tierra del Fuego',NULL,0,0,0,0,0,1,1,'2020-02-06 17:23:08','2024-02-09 06:46:17',NULL),(661,0,NULL,NULL,0,1,325,NULL,8,NULL,'IIBB a Favor Tucuman',NULL,0,0,0,0,0,1,1,'2020-02-06 17:23:08','2024-02-09 06:46:17',NULL),(662,0,NULL,NULL,0,1,326,NULL,8,NULL,'IIBB a Pagar Buenos Aires',NULL,0,0,0,0,0,1,1,'2020-02-06 17:23:08','2024-02-09 06:46:17',NULL),(663,0,NULL,NULL,0,1,327,NULL,8,NULL,'IIBB a Pagar Capital Federal',NULL,0,0,0,0,0,1,1,'2020-02-06 17:23:08','2024-02-09 06:46:17',NULL),(664,0,NULL,NULL,0,1,328,NULL,8,NULL,'IIBB a Pagar Catamarca',NULL,0,0,0,0,0,1,1,'2020-02-06 17:23:08','2024-02-09 06:46:17',NULL),(665,0,NULL,NULL,0,1,329,NULL,8,NULL,'IIBB a Pagar Chaco',NULL,0,0,0,0,0,1,1,'2020-02-06 17:23:08','2024-02-09 06:46:17',NULL),(666,0,NULL,NULL,0,1,330,NULL,8,NULL,'IIBB a Pagar Chubut',NULL,0,0,0,0,0,1,1,'2020-02-06 17:23:08','2024-02-09 06:46:17',NULL),(667,0,NULL,NULL,0,1,331,NULL,8,NULL,'IIBB a Pagar Córdoba',NULL,0,0,0,0,0,1,1,'2020-02-06 17:23:08','2024-02-09 06:46:17',NULL),(668,0,NULL,NULL,0,1,332,NULL,8,NULL,'IIBB a Pagar Corrientes',NULL,0,0,0,0,0,1,1,'2020-02-06 17:23:08','2024-02-09 06:46:17',NULL),(669,0,NULL,NULL,0,1,333,NULL,8,NULL,'IIBB a Pagar Entre Ríos',NULL,0,0,0,0,0,1,1,'2020-02-06 17:23:08','2024-02-09 06:46:17',NULL),(670,0,NULL,NULL,0,1,334,NULL,8,NULL,'IIBB a Pagar Formosa',NULL,0,0,0,0,0,1,1,'2020-02-06 17:23:08','2024-02-09 06:46:17',NULL),(671,0,NULL,NULL,0,1,335,NULL,8,NULL,'IIBB a Pagar Jujuy',NULL,0,0,0,0,0,1,1,'2020-02-06 17:23:08','2024-02-09 06:46:17',NULL),(672,0,NULL,NULL,0,1,336,NULL,8,NULL,'IIBB a Pagar La Pampa',NULL,0,0,0,0,0,1,1,'2020-02-06 17:23:08','2024-02-09 06:46:17',NULL),(673,0,NULL,NULL,0,1,337,NULL,8,NULL,'IIBB a Pagar La Rioja',NULL,0,0,0,0,0,1,1,'2020-02-06 17:23:08','2024-02-09 06:46:17',NULL),(674,0,NULL,NULL,0,1,338,NULL,8,NULL,'IIBB a Pagar Mendoza',NULL,0,0,0,0,0,1,1,'2020-02-06 17:23:08','2024-02-09 06:46:17',NULL),(675,0,NULL,NULL,0,1,339,NULL,8,NULL,'IIBB a Pagar Misiones',NULL,0,0,0,0,0,1,1,'2020-02-06 17:23:08','2024-02-09 06:46:17',NULL),(676,0,NULL,NULL,0,1,340,NULL,8,NULL,'IIBB a Pagar Neuquén',NULL,0,0,0,0,0,1,1,'2020-02-06 17:23:08','2024-02-09 06:46:17',NULL),(677,0,NULL,NULL,0,1,341,NULL,8,NULL,'IIBB a Pagar Pascua Lama',NULL,0,0,0,0,0,1,1,'2020-02-06 17:23:08','2024-02-09 06:46:17',NULL),(678,0,NULL,NULL,0,1,342,NULL,8,NULL,'IIBB a Pagar Río Negro',NULL,0,0,0,0,0,1,1,'2020-02-06 17:23:08','2024-02-09 06:46:17',NULL),(679,0,NULL,NULL,0,1,343,NULL,8,NULL,'IIBB a Pagar Salta',NULL,0,0,0,0,0,1,1,'2020-02-06 17:23:08','2024-02-09 06:46:17',NULL),(680,0,NULL,NULL,0,1,344,NULL,8,NULL,'IIBB a Pagar San Juan',NULL,0,0,0,0,0,1,1,'2020-02-06 17:23:08','2024-02-09 06:46:17',NULL),(681,0,NULL,NULL,0,1,345,NULL,8,NULL,'IIBB a Pagar San Luis',NULL,0,0,0,0,0,1,1,'2020-02-06 17:23:08','2024-02-09 06:46:17',NULL),(682,0,NULL,NULL,0,1,346,NULL,8,NULL,'IIBB a Pagar Santa Cruz',NULL,0,0,0,0,0,1,1,'2020-02-06 17:23:08','2024-02-09 06:46:17',NULL),(683,0,NULL,NULL,0,1,347,NULL,8,NULL,'IIBB a Pagar Santa Fe',NULL,0,0,0,0,0,1,1,'2020-02-06 17:23:08','2024-02-09 06:46:17',NULL),(684,0,NULL,NULL,0,1,348,NULL,8,NULL,'IIBB a Pagar Santiago del Estero',NULL,0,0,0,0,0,1,1,'2020-02-06 17:23:08','2024-02-09 06:46:17',NULL),(685,0,NULL,NULL,0,1,349,NULL,8,NULL,'IIBB a Pagar Tierra del Fuego',NULL,0,0,0,0,0,1,1,'2020-02-06 17:23:08','2024-02-09 06:46:17',NULL),(686,0,NULL,NULL,0,1,350,NULL,8,NULL,'IIBB a Pagar Tucuman',NULL,0,0,0,0,0,1,1,'2020-02-06 17:23:08','2024-02-09 06:46:17',NULL),(687,0,NULL,NULL,0,1,352,NULL,8,NULL,'Compensacion',NULL,0,0,0,0,0,1,1,'2020-02-06 17:23:08','2024-02-09 06:46:17',NULL),(688,0,NULL,NULL,0,1,353,NULL,8,NULL,'IVA Saldo Tecnico',NULL,0,0,0,0,0,1,1,'2020-02-06 17:23:08','2024-02-09 06:46:17',NULL);
INSERT INTO `cta_cte_tesoreria_cuentas` VALUES (689,0,NULL,NULL,0,1,354,NULL,8,NULL,'IVA Saldo Libre Disponibilidad',NULL,0,0,0,0,0,1,1,'2020-02-06 17:23:08','2024-02-09 06:46:17',NULL),(690,0,NULL,NULL,0,1,361,NULL,8,NULL,'Equipos de Computación',NULL,0,0,0,0,0,1,1,'2020-02-06 17:23:08','2024-02-09 06:46:17',NULL),(691,0,NULL,NULL,0,1,362,NULL,8,NULL,'Computadoras',NULL,0,0,0,0,0,1,1,'2020-02-06 17:23:08','2024-02-09 06:46:17',NULL),(692,0,NULL,NULL,0,1,363,NULL,8,NULL,'Muebles y Utiles',NULL,0,0,0,0,0,1,1,'2020-02-06 17:23:08','2024-02-09 06:46:17',NULL),(693,0,NULL,NULL,0,1,365,NULL,8,NULL,'Provision Honorarios',NULL,0,0,0,0,0,1,1,'2020-02-06 17:23:08','2024-02-09 06:46:17',NULL),(694,0,NULL,NULL,0,1,366,NULL,8,NULL,'Cta. Cte Directores',NULL,0,0,0,0,0,1,1,'2020-02-06 17:23:08','2024-02-09 06:46:17',NULL),(695,0,NULL,NULL,0,1,367,NULL,8,NULL,'Provisión Honorarios Directores',NULL,0,0,0,0,0,1,1,'2020-02-06 17:23:08','2024-02-09 06:46:17',NULL),(696,0,NULL,NULL,0,1,368,NULL,8,NULL,'Cuenta Particular Socio 1',NULL,0,0,0,0,0,1,1,'2020-02-06 17:23:08','2024-02-09 06:46:17',NULL),(697,0,NULL,NULL,0,1,369,NULL,8,NULL,'Capital',NULL,0,0,0,0,0,1,1,'2020-02-06 17:23:08','2024-02-09 06:46:17',NULL),(698,0,NULL,NULL,0,1,380,NULL,8,NULL,'Instalaciones',NULL,0,0,0,0,0,1,1,'2020-02-06 17:23:08','2024-02-09 06:46:17',NULL),(699,0,NULL,NULL,0,1,381,NULL,8,NULL,'Reserva Legal',NULL,0,0,0,0,0,1,1,'2020-02-06 17:23:08','2024-02-09 06:46:17',NULL),(700,0,NULL,NULL,0,1,382,NULL,8,NULL,'Reserva Legal',NULL,0,0,0,0,0,1,1,'2020-02-06 17:23:08','2024-02-09 06:46:17',NULL),(701,0,NULL,NULL,0,1,383,NULL,8,NULL,'Resultado no asignado',NULL,0,0,0,0,0,1,1,'2020-02-06 17:23:08','2024-02-09 06:46:17',NULL),(702,0,NULL,NULL,0,1,386,NULL,8,NULL,'PLAZO FIJO',NULL,0,0,0,0,0,1,1,'2020-02-06 17:23:08','2024-02-09 06:46:17',NULL),(703,0,NULL,NULL,0,1,388,NULL,8,NULL,'ACCIONES',NULL,0,0,0,0,0,1,1,'2020-02-06 17:23:08','2024-02-09 06:46:17',NULL),(704,0,NULL,NULL,0,1,389,NULL,8,NULL,'Inmuebles',NULL,0,0,0,0,0,1,1,'2020-02-06 17:23:08','2024-02-09 06:46:17',NULL),(705,0,NULL,NULL,0,1,390,NULL,8,NULL,'Vehiculos',NULL,0,0,0,0,0,1,1,'2020-02-06 17:23:08','2024-02-09 06:46:17',NULL),(706,0,NULL,NULL,0,1,391,NULL,8,NULL,'Maquinarias',NULL,0,0,0,0,0,1,1,'2020-02-06 17:23:08','2024-02-09 06:46:17',NULL),(707,0,NULL,NULL,0,1,392,NULL,8,NULL,'MERCADERIAS',NULL,0,0,0,0,0,1,1,'2020-02-06 17:23:08','2024-02-09 06:46:17',NULL),(708,0,NULL,NULL,0,1,393,NULL,8,NULL,'OTROS',NULL,0,0,0,0,0,1,1,'2020-02-06 17:23:08','2024-02-09 06:46:17',NULL),(709,0,NULL,NULL,0,1,395,NULL,8,NULL,'Cuenta Particular Socio 2',NULL,0,0,0,0,0,1,1,'2020-02-06 17:23:08','2024-02-09 06:46:17',NULL),(710,0,NULL,NULL,0,1,396,NULL,6,NULL,'Comisiones Y gastos Bancarios',NULL,0,0,0,0,0,1,1,'2020-02-06 17:23:08','2024-02-09 06:46:17',NULL),(711,0,NULL,NULL,0,1,411,NULL,8,NULL,'Provisión Impuesto a las Ganancias',NULL,0,0,0,0,0,1,1,'2020-02-06 17:23:08','2024-02-09 06:46:17',NULL),(712,0,NULL,NULL,0,1,412,NULL,6,NULL,'Amortización Muebles y Útiles',NULL,0,0,0,0,0,1,1,'2020-02-06 17:23:08','2024-02-09 06:46:17',NULL),(713,0,NULL,NULL,0,1,413,NULL,6,NULL,'Amortización Equipos',NULL,0,0,0,0,0,1,1,'2020-02-06 17:23:08','2024-02-09 06:46:17',NULL),(714,0,NULL,NULL,0,1,414,NULL,8,NULL,'Amortizacion Acumulada Equipos',NULL,0,0,0,0,0,1,1,'2020-02-06 17:23:08','2024-02-09 06:46:17',NULL),(715,0,NULL,NULL,0,1,415,NULL,8,NULL,'Amortización Acumulada Maquinarias',NULL,0,0,0,0,0,1,1,'2020-02-06 17:23:08','2024-02-09 06:46:17',NULL),(716,0,NULL,NULL,0,1,416,NULL,8,NULL,'Materias Primas',NULL,0,0,0,0,0,1,1,'2020-02-06 17:23:08','2024-02-09 06:46:17',NULL),(717,0,NULL,NULL,0,1,419,NULL,8,NULL,'Rodados',NULL,0,0,0,0,0,1,1,'2020-02-06 17:23:08','2024-02-09 06:46:17',NULL),(718,0,NULL,NULL,0,1,420,NULL,8,NULL,'Amortización Acumulada Rodados',NULL,0,0,0,0,0,1,1,'2020-02-06 17:23:08','2024-02-09 06:46:17',NULL),(719,0,NULL,NULL,0,1,421,NULL,8,NULL,'Amortización Rodados',NULL,0,0,0,0,0,1,1,'2020-02-06 17:23:08','2024-02-09 06:46:17',NULL);
INSERT INTO `cta_cte_tesoreria_cuentas` VALUES (720,0,NULL,NULL,0,1,422,NULL,8,NULL,'Amortización Maquinarias',NULL,0,0,0,0,0,1,1,'2020-02-06 17:23:08','2024-02-09 06:46:17',NULL),(721,0,NULL,NULL,0,1,423,NULL,8,NULL,'Accesorios',NULL,0,0,0,0,0,1,1,'2020-02-06 17:23:08','2024-02-09 06:46:17',NULL),(722,0,NULL,NULL,0,1,424,NULL,8,NULL,'Amortización Acumulada Accesorios',NULL,0,0,0,0,0,1,1,'2020-02-06 17:23:08','2024-02-09 06:46:17',NULL),(723,0,NULL,NULL,0,1,426,NULL,8,NULL,'Reserva Facultativa',NULL,0,0,0,0,0,1,1,'2020-02-06 17:23:08','2024-02-09 06:46:17',NULL),(724,0,NULL,NULL,0,1,427,NULL,8,NULL,'Créditos por Impuestos Diferidos',NULL,0,0,0,0,0,1,1,'2020-02-06 17:23:08','2024-02-09 06:46:17',NULL),(725,0,NULL,NULL,0,1,428,NULL,8,NULL,'Fondo de Comercio',NULL,0,0,0,0,0,1,1,'2020-02-06 17:23:08','2024-02-09 06:46:17',NULL),(726,0,NULL,NULL,0,1,429,NULL,8,NULL,'Amortizacion Acumulada Fondo de Comercio',NULL,0,0,0,0,0,1,1,'2020-02-06 17:23:08','2024-02-09 06:46:17',NULL),(727,0,NULL,NULL,0,1,430,NULL,8,NULL,'Intereses a devengar AGIP',NULL,0,0,0,0,0,1,1,'2020-02-06 17:23:08','2024-02-09 06:46:17',NULL),(728,0,NULL,NULL,0,1,431,NULL,8,NULL,'PFP IIBB',NULL,0,0,0,0,0,1,1,'2020-02-06 17:23:08','2024-02-09 06:46:17',NULL),(729,0,NULL,NULL,0,1,434,NULL,8,NULL,'Productos',NULL,0,0,0,0,0,1,1,'2020-02-06 17:23:08','2024-02-09 06:46:17',NULL),(730,0,NULL,NULL,0,1,435,NULL,8,NULL,'Intereses a devengar PFP',NULL,0,0,0,0,0,1,1,'2020-02-06 17:23:08','2024-02-09 06:46:17',NULL),(731,0,NULL,NULL,0,1,437,NULL,8,NULL,'Imp. Ley 25413 Cred 0.6%',NULL,0,0,0,0,0,1,1,'2020-02-06 17:23:08','2024-02-09 06:46:17',NULL),(732,0,NULL,NULL,0,1,438,NULL,8,NULL,'Honorarios Directorio a Pagar',NULL,0,0,0,0,0,1,1,'2020-02-06 17:23:08','2024-02-09 06:46:17',NULL),(733,0,NULL,NULL,0,1,439,NULL,8,NULL,'Reserva para Futuras Inversiones',NULL,0,0,0,0,0,1,1,'2020-02-06 17:23:08','2024-02-09 06:46:17',NULL),(734,0,NULL,NULL,0,1,440,NULL,8,NULL,'TEAC - Trabajos Ejecutados a Certificar',NULL,0,0,0,0,0,1,1,'2020-02-06 17:23:08','2024-02-09 06:46:17',NULL),(735,0,NULL,NULL,0,1,444,NULL,8,NULL,'Banco Santander Rio Cta Cte',NULL,0,0,0,0,0,1,1,'2020-02-06 17:23:08','2024-02-09 06:46:18',NULL),(736,0,NULL,NULL,0,1,449,NULL,8,NULL,'Leasing',NULL,0,0,0,0,0,1,1,'2020-02-06 17:23:08','2024-02-09 06:46:18',NULL),(737,0,NULL,NULL,0,1,453,NULL,8,NULL,'Inversión Central Caribe',NULL,0,0,0,0,0,1,1,'2020-02-06 17:23:08','2024-02-09 06:46:18',NULL),(738,0,NULL,NULL,0,1,454,NULL,8,NULL,'Otras Inversiones',NULL,0,0,0,0,0,1,1,'2020-02-06 17:23:08','2024-02-09 06:46:18',NULL),(739,0,NULL,NULL,0,1,455,NULL,8,NULL,'Otros Créditos',NULL,0,0,0,0,0,1,1,'2020-02-06 17:23:08','2024-02-09 06:46:18',NULL),(740,0,NULL,NULL,0,1,456,NULL,8,NULL,'Provisión Honorarios Socio Gerente',NULL,0,0,0,0,0,1,1,'2020-02-06 17:23:08','2024-02-09 06:46:18',NULL),(741,0,NULL,NULL,0,1,459,NULL,8,NULL,'Moratoria SUSS a pagar',NULL,0,0,0,0,0,1,1,'2020-02-06 17:23:08','2024-02-09 06:46:18',NULL),(742,0,NULL,NULL,0,1,460,NULL,8,NULL,'Impuestos Municipales a Pagar',NULL,0,0,0,0,0,1,1,'2020-02-06 17:23:08','2024-02-09 06:46:18',NULL),(743,0,NULL,NULL,0,1,461,NULL,6,NULL,'Amortización Instalaciones',NULL,0,0,0,0,0,1,1,'2020-02-06 17:23:08','2024-02-09 06:46:18',NULL),(744,0,NULL,NULL,0,1,462,NULL,8,NULL,'Amortización Equipos de comput.',NULL,0,0,0,0,0,1,1,'2020-02-06 17:23:08','2024-02-09 06:46:18',NULL),(745,0,NULL,NULL,0,1,463,NULL,8,NULL,'Cuenta Particular Socio 3',NULL,0,0,0,0,0,1,1,'2020-02-06 17:23:08','2024-02-09 06:46:18',NULL),(746,0,NULL,NULL,0,1,464,NULL,8,NULL,'Cuenta Particular Socio 4',NULL,0,0,0,0,0,1,1,'2020-02-06 17:23:08','2024-02-09 06:46:18',NULL),(747,0,NULL,NULL,0,1,465,NULL,8,NULL,'Otras Reservas',NULL,0,0,0,0,0,1,1,'2020-02-06 17:23:08','2024-02-09 06:46:18',NULL),(748,0,NULL,NULL,0,1,466,NULL,8,NULL,'IGMP (Saldo a Favor)',NULL,0,0,0,0,0,1,1,'2020-02-06 17:23:08','2024-02-09 06:46:18',NULL),(749,0,NULL,NULL,0,1,468,NULL,8,NULL,'Productos en Proceso',NULL,0,0,0,0,0,1,1,'2020-02-06 17:23:08','2024-02-09 06:46:18',NULL);
INSERT INTO `cta_cte_tesoreria_cuentas` VALUES (750,0,NULL,NULL,0,1,469,NULL,8,NULL,'Depósitos en Garantía Socio Gerente',NULL,0,0,0,0,0,1,1,'2020-02-06 17:23:08','2024-02-09 06:46:18',NULL),(751,0,NULL,NULL,0,1,470,NULL,8,NULL,'Fondos Embargados',NULL,0,0,0,0,0,1,1,'2020-02-06 17:23:08','2024-02-09 06:46:18',NULL),(752,0,NULL,NULL,0,1,471,NULL,8,NULL,'Cuota Solid.',NULL,0,0,0,0,0,1,1,'2020-02-06 17:23:08','2024-02-09 06:46:18',NULL),(753,0,NULL,NULL,0,1,472,NULL,8,NULL,'Anticipo Honorarios Directores',NULL,0,0,0,0,0,1,1,'2020-02-06 17:23:08','2024-02-09 06:46:18',NULL),(754,0,NULL,NULL,0,1,473,NULL,8,NULL,'SICORE a Pagar',NULL,0,0,0,0,0,1,1,'2020-02-06 17:23:08','2024-02-09 06:46:18',NULL),(755,0,NULL,NULL,0,1,476,NULL,6,NULL,'RECPAM',NULL,0,0,0,0,0,1,1,'2020-02-06 17:23:08','2024-02-09 06:46:18',NULL),(756,0,NULL,NULL,0,1,478,NULL,6,NULL,'CO2 - Imp. Al Carbono',NULL,0,0,0,0,0,1,1,'2020-02-06 17:23:08','2024-02-09 06:46:18',NULL),(757,0,NULL,NULL,0,1,359,40718,1,NULL,'Caja',NULL,0,0,1,1,1,0,1,'2023-02-28 14:21:22','2024-02-09 06:46:18',NULL),(758,0,NULL,NULL,0,1,176,40718,3,NULL,'Cheques',NULL,1,1,1,1,1,0,1,'2023-03-01 11:23:19','2024-02-09 06:46:18',NULL),(759,0,NULL,10778,0,1,5,40817,1,NULL,'CAJA',NULL,0,0,1,1,1,0,1,'2024-09-30 15:54:43','2024-09-30 15:54:43',NULL),(760,0,NULL,10778,0,1,425,40817,1,NULL,'BANCO GALICIA - TRANSFERENCIAS',NULL,0,0,1,1,1,0,1,'2024-09-30 15:55:11','2024-09-30 15:55:11',NULL),(761,0,NULL,10778,0,1,176,40817,1,NULL,'CHEQUES TERCEROS',NULL,0,0,1,1,1,0,1,'2024-09-30 15:55:42','2024-09-30 15:55:42',NULL),(762,0,NULL,10778,0,1,425,40817,2,NULL,'BANCO GALICIA',NULL,0,0,1,1,1,0,1,'2024-10-11 19:53:36','2024-10-11 19:53:36',NULL),(763,0,NULL,10778,0,1,176,40817,3,NULL,'CHEQUES EN CARTERA',NULL,1,0,1,1,1,0,1,'2024-10-11 19:54:12','2024-10-11 19:54:12',NULL),(764,0,NULL,10778,0,1,25,40817,9,3,'RETENCIONES IVA  SUFRIDAS',NULL,0,0,1,1,1,0,1,'2025-01-24 12:49:43','2025-01-24 12:53:04',NULL),(765,0,NULL,10778,0,1,23,40817,9,1,'RETENCIONES GCIAS SUFRIDA',NULL,0,0,1,1,1,0,1,'2025-01-24 12:50:27','2025-01-24 12:53:56',NULL);

--
-- Table structure for table `cta_cte_tesoreria_detail`
--

CREATE TABLE `cta_cte_tesoreria_detail` (
  `id` int(10) unsigned NOT NULL AUTO_INCREMENT,
  `user_id` int(10) unsigned DEFAULT NULL,
  `cta_cte_tesoreria_id` int(10) unsigned NOT NULL,
  `cta_cte_tesoreria_cuenta_id` int(10) unsigned NOT NULL,
  `person_id` int(10) unsigned DEFAULT NULL,
  `period_id` int(10) unsigned DEFAULT NULL,
  `saldo_id` int(10) unsigned NOT NULL,
  `monto` decimal(16,2) NOT NULL,
  `is_conciliado` tinyint(1) NOT NULL DEFAULT '0',
  `fecha` date DEFAULT NULL,
  `created_at` timestamp NULL DEFAULT NULL,
  `updated_at` timestamp NULL DEFAULT NULL,
  `deleted_at` timestamp NULL DEFAULT NULL,
  PRIMARY KEY (`id`),
  KEY `cta_cte_tesoreria_detail_cta_cte_tesoreria_id_foreign` (`cta_cte_tesoreria_id`),
  KEY `cta_cte_tesoreria_detail_cta_cte_tesoreria_cuenta_id_foreign` (`cta_cte_tesoreria_cuenta_id`),
  KEY `cta_cte_tesoreria_detail_person_id_foreign` (`person_id`),
  KEY `cta_cte_tesoreria_detail_period_id_foreign` (`period_id`),
  KEY `cta_cte_tesoreria_detail_saldo_id_foreign` (`saldo_id`),
  CONSTRAINT `cta_cte_tesoreria_detail_cta_cte_tesoreria_cuenta_id_foreign` FOREIGN KEY (`cta_cte_tesoreria_cuenta_id`) REFERENCES `cta_cte_tesoreria_cuentas` (`id`),
  CONSTRAINT `cta_cte_tesoreria_detail_cta_cte_tesoreria_id_foreign` FOREIGN KEY (`cta_cte_tesoreria_id`) REFERENCES `cta_cte_tesoreria` (`id`),
  CONSTRAINT `cta_cte_tesoreria_detail_period_id_foreign` FOREIGN KEY (`period_id`) REFERENCES `periods` (`id`),
  CONSTRAINT `cta_cte_tesoreria_detail_person_id_foreign` FOREIGN KEY (`person_id`) REFERENCES `persons` (`id`),
  CONSTRAINT `cta_cte_tesoreria_detail_saldo_id_foreign` FOREIGN KEY (`saldo_id`) REFERENCES `conta_tipo_saldos` (`id`)
) ENGINE=InnoDB AUTO_INCREMENT=73 DEFAULT CHARSET=utf8mb4 COLLATE=utf8mb4_unicode_ci;

--
-- Dumping data for table `cta_cte_tesoreria_detail`
--

INSERT INTO `cta_cte_tesoreria_detail` VALUES (1,8522,1,757,40718,1520,1,155000.00,0,'2023-02-28','2023-02-28 14:21:22','2023-02-28 14:21:22',NULL),(2,8522,2,13,40718,1521,2,10000.00,0,'2023-03-01','2023-03-01 11:25:20','2023-03-01 11:25:20',NULL),(3,8522,2,758,40718,1521,1,10000.00,0,'2023-03-01','2023-03-01 11:25:20','2023-03-01 11:25:20',NULL),(6,10778,4,759,40817,6072,1,0.00,0,'2024-09-30','2024-09-30 15:54:43','2024-09-30 15:54:43',NULL),(7,10778,5,760,40817,6072,1,0.00,0,'2024-09-30','2024-09-30 15:55:11','2024-09-30 15:55:11',NULL),(8,10778,6,761,40817,6072,1,0.00,0,'2024-09-30','2024-09-30 15:55:42','2024-09-30 15:55:42',NULL),(9,10778,7,13,40817,6072,2,1631304.29,0,'2024-09-30','2024-09-30 15:56:20','2024-09-30 15:56:20',NULL),(10,10778,7,759,40817,6072,1,1631304.29,0,'2024-09-30','2024-09-30 15:56:20','2024-09-30 15:56:20',NULL),(11,10778,8,762,40817,6073,1,0.00,0,'2024-10-11','2024-10-11 19:53:36','2024-10-11 19:54:32',NULL),(12,10778,9,763,40817,6073,1,0.00,0,'2024-10-11','2024-10-11 19:54:12','2024-10-11 19:54:12',NULL),(13,10778,10,13,40817,6073,2,55331257.25,0,'2024-10-11','2024-10-11 20:26:30','2024-10-11 20:26:30',NULL),(14,10778,10,763,40817,6073,1,1300000.00,0,'2024-10-11','2024-10-11 20:26:30','2024-10-11 20:26:30',NULL),(15,10778,10,763,40817,6073,1,500000.00,0,'2024-10-11','2024-10-11 20:26:30','2024-10-11 20:26:30',NULL),(16,10778,10,763,40817,6073,1,750000.00,0,'2024-10-11','2024-10-11 20:26:30','2024-10-11 20:26:30',NULL),(17,10778,10,763,40817,6073,1,750000.00,0,'2024-10-11','2024-10-11 20:26:30','2024-10-11 20:26:30',NULL),(18,10778,10,763,40817,6073,1,630000.00,0,'2024-10-11','2024-10-11 20:26:30','2024-10-11 20:26:30',NULL),(19,10778,10,763,40817,6073,1,1206141.00,0,'2024-10-11','2024-10-11 20:26:30','2024-10-11 20:26:30',NULL),(20,10778,10,763,40817,6073,1,300000.00,0,'2024-10-11','2024-10-11 20:26:30','2024-10-11 20:26:30',NULL),(21,10778,10,762,40817,6073,1,2000000.00,0,'2024-10-11','2024-10-11 20:26:30','2024-10-11 20:26:30',NULL),(22,10778,10,762,40817,6073,1,500000.00,0,'2024-10-11','2024-10-11 20:26:30','2024-10-11 20:26:30',NULL),(23,10778,10,763,40817,6073,1,446500.00,0,'2024-10-11','2024-10-11 20:26:30','2024-10-11 20:26:30',NULL),(24,10778,10,763,40817,6073,1,720000.00,0,'2024-10-11','2024-10-11 20:26:30','2024-10-11 20:26:30',NULL),(25,10778,10,759,40817,6073,1,100000.00,0,'2024-10-11','2024-10-11 20:26:30','2024-10-11 20:26:30',NULL),(26,10778,10,759,40817,6073,1,2000000.00,0,'2024-10-11','2024-10-11 20:26:30','2024-10-11 20:26:30',NULL),(27,10778,10,763,40817,6073,1,2346490.00,0,'2024-10-11','2024-10-11 20:26:30','2024-10-11 20:26:30',NULL),(28,10778,10,763,40817,6073,1,1000000.00,0,'2024-10-11','2024-10-11 20:26:30','2024-10-11 20:26:30',NULL),(29,10778,10,763,40817,6073,1,1471984.56,0,'2024-10-11','2024-10-11 20:26:30','2024-10-11 20:26:30',NULL),(30,10778,10,763,40817,6073,1,447030.00,0,'2024-10-11','2024-10-11 20:26:30','2024-10-11 20:26:30',NULL),(31,10778,10,763,40817,6073,1,322000.00,0,'2024-10-11','2024-10-11 20:26:30','2024-10-11 20:26:30',NULL),(32,10778,10,763,40817,6073,1,393500.00,0,'2024-10-11','2024-10-11 20:26:30','2024-10-11 20:26:30',NULL),(33,10778,10,763,40817,6073,1,963167.60,0,'2024-10-11','2024-10-11 20:26:30','2024-10-11 20:26:30',NULL),(34,10778,10,763,40817,6073,1,529938.45,0,'2024-10-11','2024-10-11 20:26:30','2024-10-11 20:26:30',NULL),(35,10778,10,762,40817,6073,1,1500000.00,0,'2024-10-11','2024-10-11 20:26:30','2024-10-11 20:26:30',NULL),(36,10778,10,763,40817,6073,1,750000.00,0,'2024-10-11','2024-10-11 20:26:30','2024-10-11 20:26:30',NULL),(37,10778,10,763,40817,6073,1,600000.00,0,'2024-10-11','2024-10-11 20:26:30','2024-10-11 20:26:30',NULL),(38,10778,10,763,40817,6073,1,450000.00,0,'2024-10-11','2024-10-11 20:26:30','2024-10-11 20:26:30',NULL),(39,10778,10,762,40817,6073,1,2650233.30,0,'2024-10-11','2024-10-11 20:26:30','2024-10-11 20:26:30',NULL),(40,10778,10,762,40817,6073,1,4500000.00,0,'2024-10-11','2024-10-11 20:26:30','2024-10-11 20:26:30',NULL);
INSERT INTO `cta_cte_tesoreria_detail` VALUES (41,10778,10,759,40817,6073,1,5089202.43,0,'2024-10-11','2024-10-11 20:26:30','2024-10-11 20:26:30',NULL),(42,10778,10,759,40817,6073,1,7651760.59,0,'2024-10-11','2024-10-11 20:26:30','2024-10-11 20:26:30',NULL),(43,10778,10,759,40817,6073,1,13463309.32,0,'2024-10-11','2024-10-11 20:26:30','2024-10-11 20:26:30',NULL),(44,10778,11,57,40817,6073,1,11075656.77,0,'2024-10-11','2024-10-11 20:28:09','2024-12-11 20:36:17','2024-12-11 20:36:17'),(45,10778,11,759,40817,6073,2,11075656.77,0,'2024-10-11','2024-10-11 20:28:09','2024-12-11 20:36:17','2024-12-11 20:36:17'),(46,10778,12,57,40817,6073,1,6477805.36,0,'2024-10-11','2024-10-11 20:29:05','2024-12-11 20:32:44','2024-12-11 20:32:44'),(47,10778,12,759,40817,6073,2,6477805.36,0,'2024-10-11','2024-10-11 20:29:05','2024-12-11 20:32:44','2024-12-11 20:32:44'),(48,10778,13,764,40817,6079,1,0.00,0,'2025-01-24','2025-01-24 12:49:43','2025-01-24 12:53:04',NULL),(49,10778,14,765,40817,6079,1,0.00,0,'2025-01-24','2025-01-24 12:50:27','2025-01-24 12:53:56',NULL),(50,10778,15,13,40817,6082,2,6792093.00,0,'2025-04-09','2025-04-09 18:59:34','2025-04-09 18:59:34',NULL),(51,10778,15,763,40817,6082,1,650000.00,0,'2025-04-09','2025-04-09 18:59:34','2025-04-09 18:59:34',NULL),(52,10778,15,763,40817,6082,1,676609.02,0,'2025-04-09','2025-04-09 18:59:34','2025-04-09 18:59:34',NULL),(53,10778,15,763,40817,6082,1,1378943.95,0,'2025-04-09','2025-04-09 18:59:34','2025-04-09 18:59:34',NULL),(54,10778,15,763,40817,6082,1,2709186.67,0,'2025-04-09','2025-04-09 18:59:34','2025-04-09 18:59:34',NULL),(55,10778,15,759,40817,6082,1,1366310.99,0,'2025-04-09','2025-04-09 18:59:34','2025-04-09 18:59:34',NULL),(56,10778,15,765,40817,6082,1,11042.37,0,'2025-04-09','2025-04-09 18:59:34','2025-04-09 18:59:34',NULL),(57,10778,16,13,40817,6082,2,7379361.90,0,'2025-04-09','2025-04-09 19:04:33','2025-04-09 19:04:33',NULL),(58,10778,16,765,40817,6082,1,15078.69,0,'2025-04-09','2025-04-09 19:04:33','2025-04-09 19:04:33',NULL),(59,10778,16,763,40817,6082,1,1000000.00,0,'2025-04-09','2025-04-09 19:04:33','2025-04-09 19:04:33',NULL),(60,10778,16,763,40817,6082,1,1064283.21,0,'2025-04-09','2025-04-09 19:04:33','2025-04-09 19:04:33',NULL),(61,10778,16,763,40817,6082,1,5300000.00,0,'2025-04-09','2025-04-09 19:04:33','2025-04-09 19:04:33',NULL),(62,10778,17,13,40817,6082,2,17907490.35,0,'2025-04-09','2025-04-09 19:15:44','2025-04-09 19:15:44',NULL),(63,10778,17,765,40817,6082,1,6862.28,0,'2025-04-09','2025-04-09 19:15:44','2025-04-09 19:15:44',NULL),(64,10778,17,765,40817,6082,1,21915.93,0,'2025-04-09','2025-04-09 19:15:44','2025-04-09 19:15:44',NULL),(65,10778,17,759,40817,6082,1,3816286.10,0,'2025-04-09','2025-04-09 19:15:44','2025-04-09 19:15:44',NULL),(66,10778,17,763,40817,6082,1,638077.94,0,'2025-04-09','2025-04-09 19:15:44','2025-04-09 19:15:44',NULL),(67,10778,17,763,40817,6082,1,1378839.00,0,'2025-04-09','2025-04-09 19:15:44','2025-04-09 19:15:44',NULL),(68,10778,17,763,40817,6082,1,1378839.00,0,'2025-04-09','2025-04-09 19:15:44','2025-04-09 19:15:44',NULL),(69,10778,17,763,40817,6082,1,252627.74,0,'2025-04-09','2025-04-09 19:15:44','2025-04-09 19:15:44',NULL),(70,10778,17,763,40817,6082,1,5505016.00,0,'2025-04-09','2025-04-09 19:15:44','2025-04-09 19:15:44',NULL),(71,10778,17,763,40817,6082,1,3509026.36,0,'2025-04-09','2025-04-09 19:15:44','2025-04-09 19:15:44',NULL),(72,10778,17,763,40817,6082,1,1400000.00,0,'2025-04-09','2025-04-09 19:15:44','2025-04-09 19:15:44',NULL);

--
-- Table structure for table `ctacte_bancos`
--

CREATE TABLE `ctacte_bancos` (
  `id` int(10) unsigned NOT NULL AUTO_INCREMENT,
  `user_id` int(10) unsigned DEFAULT NULL,
  `nombre` varchar(255) COLLATE utf8mb4_unicode_ci DEFAULT NULL,
  `codigoBCRA` int(11) DEFAULT NULL,
  `cuit` varchar(191) COLLATE utf8mb4_unicode_ci DEFAULT NULL,
  `created_at` timestamp NULL DEFAULT NULL,
  `updated_at` timestamp NULL DEFAULT NULL,
  `deleted_at` timestamp NULL DEFAULT NULL,
  PRIMARY KEY (`id`)
) ENGINE=InnoDB AUTO_INCREMENT=82 DEFAULT CHARSET=utf8mb4 COLLATE=utf8mb4_unicode_ci;

--
-- Dumping data for table `ctacte_bancos`
--

INSERT INTO `ctacte_bancos` VALUES (1,NULL,'BANCO DE GALICIA Y BUENOS AIRES S.A.',7,'30-50000173-5',NULL,NULL,NULL),(2,NULL,'BANCO DE LA NACION ARGENTINA',11,'30-50001091-2',NULL,NULL,NULL),(3,NULL,'BANCO DE LA PROVINCIA DE BUENOS AIRES',14,'33-99924210-9',NULL,NULL,NULL),(4,NULL,'INDUSTRIAL AND COMMERCIAL BANK OF CHINA',15,'30-70944784-6',NULL,NULL,NULL),(5,NULL,'CITIBANK N.A.',16,'30-50000562-5',NULL,NULL,NULL),(6,NULL,'BBVA BANCO FRANCES S.A.',17,'30-50000319-3',NULL,NULL,NULL),(7,NULL,'THE BANK OF TOKYO-MITSUBISHI UFJ, LTD.',18,'30-50001183-8',NULL,NULL,NULL),(8,NULL,'BANCO DE LA PROVINCIA DE CORDOBA S.A.',20,'30-99922856-5',NULL,NULL,NULL),(9,NULL,'BANCO SUPERVIELLE S.A.',27,'33-50000517-9',NULL,NULL,NULL),(10,NULL,'BANCO DE LA CIUDAD DE BUENOS AIRES',29,'30-99903208-3',NULL,NULL,NULL),(11,NULL,'BANCO PATAGONIA S.A.',34,'30-50000661-3',NULL,NULL,NULL),(12,NULL,'BANCO HIPOTECARIO S.A.',44,'30-50001107-2',NULL,NULL,NULL),(13,NULL,'BANCO DE SAN JUAN S.A.',45,'30-50000944-2',NULL,NULL,NULL),(14,NULL,'BANCO DEL TUCUMAN S.A.',60,'30-51794820-5',NULL,NULL,NULL),(15,NULL,'BANCO MUNICIPAL DE ROSARIO',65,'33-99918181-9',NULL,NULL,NULL),(16,NULL,'BANCO SANTANDER RIO S.A.',72,'30-50000845-4',NULL,NULL,NULL),(17,NULL,'BANCO DEL CHUBUT S.A.',83,'30-50001299-0',NULL,NULL,NULL),(18,NULL,'BANCO DE SANTA CRUZ S.A.',86,'30-50009880-1',NULL,NULL,NULL),(19,NULL,'BANCO DE LA PAMPA SOCIEDAD DE ECONOMÍA M',93,'30-50001251-6',NULL,NULL,NULL),(20,NULL,'BANCO DE CORRIENTES S.A.',94,'30-50001060-2',NULL,NULL,NULL),(21,NULL,'BANCO PROVINCIA DEL NEUQUÉN SOCIEDAD ANÓ',97,'30-50001404-7',NULL,NULL,NULL),(22,NULL,'BANCO INTERFINANZAS S.A.',147,'30-52271441-7',NULL,NULL,NULL),(23,NULL,'HSBC BANK ARGENTINA S.A.',150,'33-53718600-9',NULL,NULL,NULL),(24,NULL,'JPMORGAN CHASE BANK, NATIONAL ASSOCIATIO',165,'30-58313794-3',NULL,NULL,NULL),(25,NULL,'BANCO CREDICOOP COOPERATIVO LIMITADO',191,'30-57142135-2',NULL,NULL,NULL),(26,NULL,'BANCO DE VALORES S.A.',198,'30-57612427-5',NULL,NULL,NULL),(27,NULL,'BANCO ROELA S.A.',247,'30-53561044-0',NULL,NULL,NULL),(28,NULL,'BANCO MARIVA S.A.',254,'30-51642044-4',NULL,NULL,NULL),(29,NULL,'BANCO ITAU ARGENTINA S.A.',259,'30-58018941-1',NULL,NULL,NULL),(30,NULL,'BANK OF AMERICA, NATIONAL ASSOCIATION',262,'30-50005055-8',NULL,NULL,NULL),(31,NULL,'BNP PARIBAS',266,'30-58472756-6',NULL,NULL,NULL),(32,NULL,'BANCO PROVINCIA DE TIERRA DEL FUEGO',268,'30-57565578-1',NULL,NULL,NULL),(33,NULL,'BANCO DE LA REPUBLICA ORIENTAL DEL URUGU',269,'30-58833784-3',NULL,NULL,NULL),(34,NULL,'BANCO SAENZ S.A.',277,'30-53467243-4',NULL,NULL,NULL),(35,NULL,'BANCO MERIDIAN S.A.',281,'30-53448749-1',NULL,NULL,NULL),(36,NULL,'BANCO MACRO S.A.',285,'30-50001008-4',NULL,NULL,NULL),(37,NULL,'BANCO COMAFI SOCIEDAD ANONIMA',299,'30-60473101-8',NULL,NULL,NULL),(38,NULL,'BANCO DE INVERSION Y COMERCIO EXTERIOR S',300,'30-65112908-3',NULL,NULL,NULL),(39,NULL,'BANCO PIANO S.A.',301,'30-56915176-3',NULL,NULL,NULL),(40,NULL,'BANCO JULIO SOCIEDAD ANONIMA',305,'30-65744121-6',NULL,NULL,NULL),(41,NULL,'BANCO RIOJA SOCIEDAD ANONIMA UNIPERSONAL',309,'30-67185933-9',NULL,NULL,NULL),(42,NULL,'BANCO DEL SOL S.A.',310,'30-67793756-0',NULL,NULL,NULL),(43,NULL,'NUEVO BANCO DEL CHACO S. A.',311,'30-67015779-9',NULL,NULL,NULL),(44,NULL,'BANCO VOII S.A.',312,'30-54674163-6',NULL,NULL,NULL),(45,NULL,'BANCO DE FORMOSA S.A.',315,'30-67137590-0',NULL,NULL,NULL),(46,NULL,'BANCO CMF S.A.',319,'30-57661429-9',NULL,NULL,NULL),(47,NULL,'BANCO DE SANTIAGO DEL ESTERO S.A.',321,'33-68666464-9',NULL,NULL,NULL),(48,NULL,'BANCO INDUSTRIAL S.A.',322,'30-68502995-9',NULL,NULL,NULL),(49,NULL,'NUEVO BANCO DE SANTA FE SOCIEDAD ANONIMA',330,'30-69243266-1',NULL,NULL,NULL),(50,NULL,'BANCO CETELEM ARGENTINA S.A.',331,'30-69730636-2',NULL,NULL,NULL),(51,NULL,'BANCO DE SERVICIOS FINANCIEROS S.A.',332,'30-69726589-5',NULL,NULL,NULL),(52,NULL,'BANCO BRADESCO ARGENTINA S.A.U.',336,'30-70125555-7',NULL,NULL,NULL),(53,NULL,'BANCO DE SERVICIOS Y TRANSACCIONES S.A.',338,'30-70496099-5',NULL,NULL,NULL);
INSERT INTO `ctacte_bancos` VALUES (54,NULL,'RCI BANQUE S.A.',339,'30-70710834-3',NULL,NULL,NULL),(55,NULL,'BACS BANCO DE CREDITO Y SECURITIZACION S',340,'30-70722741-5',NULL,NULL,NULL),(56,NULL,'BANCO MASVENTAS S.A.',341,'30-54061826-3',NULL,NULL,NULL),(57,NULL,'BANCO WANAP S.A.',384,'30-71565463-2',NULL,NULL,NULL),(58,NULL,'NUEVO BANCO DE ENTRE RÍOS S.A.',386,'33-70799551-9',NULL,NULL,NULL),(59,NULL,'BANCO COLUMBIA S.A.',389,'30-51763749-8',NULL,NULL,NULL),(60,NULL,'BANCO BICA S.A.',426,'30-71233123-9',NULL,NULL,NULL),(61,NULL,'BANCO COINAG S.A.',431,'30-71419596-0',NULL,NULL,NULL),(62,NULL,'BANCO DE COMERCIO S.A.',432,'30-54203363-7',NULL,NULL,NULL),(63,NULL,'FORD CREDIT COMPAÑIA FINANCIERA S.A.',44059,'30-51654454-2',NULL,NULL,NULL),(64,NULL,'COMPAÑIA FINANCIERA ARGENTINA S.A.',44077,'30-53800640-4',NULL,NULL,NULL),(65,NULL,'VOLKWAGEN FINANCIAL SERVICES CIA.FIN.S.A',44088,'30-68241957-8',NULL,NULL,NULL),(66,NULL,'CORDIAL COMPAÑÍA FINANCIERA S.A.',44090,'30-70181085-2',NULL,NULL,NULL),(67,NULL,'FCA COMPAÑIA FINANCIERA S.A.',44092,'30-69230488-4',NULL,NULL,NULL),(68,NULL,'GPAT COMPAÑIA FINANCIERA S.A.',44093,'30-67856482-2',NULL,NULL,NULL),(69,NULL,'MERCEDES-BENZ COMPAÑÍA FINANCIERA ARGENT',44094,'30-70700229-4',NULL,NULL,NULL),(70,NULL,'ROMBO COMPAÑÍA FINANCIERA S.A.',44095,'33-70712490-9',NULL,NULL,NULL),(71,NULL,'JOHN DEERE CREDIT COMPAÑÍA FINANCIERA S.',44096,'30-70702485-9',NULL,NULL,NULL),(72,NULL,'PSA FINANCE ARGENTINA COMPAÑÍA FINANCIER',44098,'30-70784736-7',NULL,NULL,NULL),(73,NULL,'TOYOTA COMPAÑÍA FINANCIERA DE ARGENTINA',44099,'30-70900042-6',NULL,NULL,NULL),(74,NULL,'FINANDINO COMPAÑIA FINANCIERA S.A.',44100,'30-71259240-7',NULL,NULL,NULL),(75,NULL,'MONTEMAR COMPAÑIA FINANCIERA S.A.',45056,'30-58138551-6',NULL,NULL,NULL),(76,NULL,'MULTIFINANZAS COMPAÑIA FINANCIERA S.A.',45072,'30-62828435-7',NULL,NULL,NULL),(77,NULL,'CAJA DE CREDITO \"CUENCA\" COOPERATIVA LIM',65203,'30-71622694-4',NULL,NULL,NULL),(78,NULL,'MERCADO PAGO',NULL,NULL,NULL,NULL,NULL),(79,NULL,'UALA',NULL,NULL,NULL,NULL,NULL),(80,NULL,'ICBC',NULL,NULL,NULL,NULL,NULL),(81,NULL,'BMA SAU',NULL,NULL,NULL,NULL,NULL);

--
-- Table structure for table `ctacte_bancos_datos`
--

CREATE TABLE `ctacte_bancos_datos` (
  `id` int(10) unsigned NOT NULL AUTO_INCREMENT,
  `cuenta_conta_id` int(10) unsigned DEFAULT NULL,
  `nombre` varchar(255) COLLATE utf8mb4_unicode_ci DEFAULT NULL,
  `cuit` varchar(255) COLLATE utf8mb4_unicode_ci DEFAULT NULL,
  `titular` varchar(255) COLLATE utf8mb4_unicode_ci DEFAULT NULL,
  `cuenta` varchar(255) COLLATE utf8mb4_unicode_ci DEFAULT NULL,
  `num_cuenta` varchar(255) COLLATE utf8mb4_unicode_ci DEFAULT NULL,
  `cbu` varchar(255) COLLATE utf8mb4_unicode_ci DEFAULT NULL,
  `alias` varchar(255) COLLATE utf8mb4_unicode_ci DEFAULT NULL,
  `status` int(11) NOT NULL DEFAULT '1',
  `created_at` timestamp NULL DEFAULT NULL,
  `updated_at` timestamp NULL DEFAULT NULL,
  PRIMARY KEY (`id`),
  KEY `ctacte_bancos_datos_cuenta_conta_id_foreign` (`cuenta_conta_id`),
  CONSTRAINT `ctacte_bancos_datos_cuenta_conta_id_foreign` FOREIGN KEY (`cuenta_conta_id`) REFERENCES `conta_plan_cuenta` (`id`)
) ENGINE=InnoDB DEFAULT CHARSET=utf8mb4 COLLATE=utf8mb4_unicode_ci;

--
-- Dumping data for table `ctacte_bancos_datos`
--


--
-- Table structure for table `ctacte_cheques`
--

CREATE TABLE `ctacte_cheques` (
  `id` int(10) unsigned NOT NULL AUTO_INCREMENT,
  `user_id` int(10) unsigned DEFAULT NULL,
  `asiento_id` varchar(191) COLLATE utf8mb4_unicode_ci DEFAULT NULL,
  `cuenta_conta_id` int(10) unsigned DEFAULT NULL,
  `cta_cte_tesoreria_cuenta_id` int(10) unsigned DEFAULT NULL,
  `cta_cte_tesoreria_id` int(10) unsigned DEFAULT NULL,
  `cta_cte_tesoreria_detail_id` int(10) unsigned DEFAULT NULL,
  `cta_cte_cliente_id` int(10) unsigned DEFAULT NULL,
  `cta_cte_cliente_id2` int(10) unsigned DEFAULT NULL,
  `cta_cte_cliente_detail_id` int(10) unsigned DEFAULT NULL,
  `nf_cta_cte_id2` int(10) unsigned DEFAULT NULL,
  `nf_cta_cte_id` int(10) unsigned DEFAULT NULL,
  `monto` decimal(16,2) DEFAULT NULL,
  `cheque3ros` tinyint(1) NOT NULL DEFAULT '0',
  `cheque_emitidos` tinyint(1) NOT NULL DEFAULT '0',
  `fecha` date DEFAULT NULL,
  `fecha_cobro` date DEFAULT NULL,
  `banco_id` int(10) unsigned NOT NULL,
  `person_id` int(10) unsigned DEFAULT NULL,
  `cuit` text COLLATE utf8mb4_unicode_ci,
  `titular` varchar(255) COLLATE utf8mb4_unicode_ci DEFAULT NULL,
  `abierto_cruzado` int(11) NOT NULL DEFAULT '1',
  `is_no_a_la_orden` tinyint(1) NOT NULL DEFAULT '0',
  `numero` int(10) unsigned DEFAULT NULL,
  `foto` varchar(255) COLLATE utf8mb4_unicode_ci DEFAULT NULL,
  `comentario` varchar(255) COLLATE utf8mb4_unicode_ci DEFAULT NULL,
  `status` int(11) NOT NULL DEFAULT '1',
  `created_at` timestamp NULL DEFAULT NULL,
  `updated_at` timestamp NULL DEFAULT NULL,
  `deleted_at` timestamp NULL DEFAULT NULL,
  PRIMARY KEY (`id`),
  KEY `ctacte_cheques_asiento_id_foreign` (`asiento_id`),
  KEY `ctacte_cheques_cuenta_conta_id_foreign` (`cuenta_conta_id`),
  KEY `ctacte_cheques_banco_id_foreign` (`banco_id`),
  KEY `ctacte_cheques_person_id_foreign` (`person_id`),
  KEY `ctacte_cheques_cta_cte_cliente_id2_foreign` (`cta_cte_cliente_id2`),
  KEY `ctacte_cheques_cta_cte_cliente_id_foreign` (`cta_cte_cliente_id`),
  KEY `cta_cte_tesorer_id` (`cta_cte_tesoreria_id`),
  KEY `ctacte_cheques_nf_cta_cte_id_foreign` (`nf_cta_cte_id`),
  KEY `ctacte_cheques_nf_cta_cte_id2_foreign` (`nf_cta_cte_id2`),
  KEY `ctacte_cheques_cta_cte_tesoreria_cuenta_id_foreign` (`cta_cte_tesoreria_cuenta_id`),
  KEY `ctacte_cheques_cta_cte_cliente_detail_id_foreign` (`cta_cte_cliente_detail_id`),
  KEY `ctacte_cheques_cta_cte_tesoreria_detail_id_foreign` (`cta_cte_tesoreria_detail_id`),
  CONSTRAINT `cta_cte_tesorer_id` FOREIGN KEY (`cta_cte_tesoreria_id`) REFERENCES `cta_cte_tesoreria` (`id`),
  CONSTRAINT `ctacte_cheques_banco_id_foreign` FOREIGN KEY (`banco_id`) REFERENCES `ctacte_bancos` (`id`),
  CONSTRAINT `ctacte_cheques_cta_cte_cliente_detail_id_foreign` FOREIGN KEY (`cta_cte_cliente_detail_id`) REFERENCES `cta_cte_cliente_details` (`id`),
  CONSTRAINT `ctacte_cheques_cta_cte_cliente_id2_foreign` FOREIGN KEY (`cta_cte_cliente_id2`) REFERENCES `cta_cte_cliente` (`id`),
  CONSTRAINT `ctacte_cheques_cta_cte_cliente_id_foreign` FOREIGN KEY (`cta_cte_cliente_id`) REFERENCES `cta_cte_cliente` (`id`),
  CONSTRAINT `ctacte_cheques_cta_cte_tesoreria_cuenta_id_foreign` FOREIGN KEY (`cta_cte_tesoreria_cuenta_id`) REFERENCES `cta_cte_tesoreria_cuentas` (`id`),
  CONSTRAINT `ctacte_cheques_cta_cte_tesoreria_detail_id_foreign` FOREIGN KEY (`cta_cte_tesoreria_detail_id`) REFERENCES `cta_cte_tesoreria_detail` (`id`),
  CONSTRAINT `ctacte_cheques_cuenta_conta_id_foreign` FOREIGN KEY (`cuenta_conta_id`) REFERENCES `conta_plan_cuenta` (`id`),
  CONSTRAINT `ctacte_cheques_nf_cta_cte_id2_foreign` FOREIGN KEY (`nf_cta_cte_id2`) REFERENCES `nf_cta_cte` (`id`),
  CONSTRAINT `ctacte_cheques_nf_cta_cte_id_foreign` FOREIGN KEY (`nf_cta_cte_id`) REFERENCES `nf_cta_cte` (`id`),
  CONSTRAINT `ctacte_cheques_person_id_foreign` FOREIGN KEY (`person_id`) REFERENCES `persons` (`id`)
) ENGINE=InnoDB AUTO_INCREMENT=36 DEFAULT CHARSET=utf8mb4 COLLATE=utf8mb4_unicode_ci;

--
-- Dumping data for table `ctacte_cheques`
--

INSERT INTO `ctacte_cheques` VALUES (1,8522,NULL,NULL,NULL,NULL,NULL,1252,NULL,NULL,NULL,NULL,10000.00,1,1,'2023-03-01','2023-03-01',1,40718,NULL,'Prueba #',1,0,11111,NULL,'',1,'2023-03-01 11:25:20','2023-03-01 11:25:20',NULL),(2,10778,NULL,NULL,NULL,NULL,NULL,1660,NULL,6,NULL,NULL,1300000.00,1,0,'2024-07-17','2024-08-17',3,40817,'30-99900094-7','MUNICIPALIDAD DE LUJAN',1,0,4383893,NULL,'',1,'2024-10-11 20:26:30','2024-10-11 20:26:30',NULL),(3,10778,NULL,NULL,NULL,NULL,NULL,1660,NULL,7,NULL,NULL,500000.00,1,0,'2024-07-29','2024-07-30',6,40817,'33-71774213-9','DEBED SA',2,0,1068578,NULL,'',1,'2024-10-11 20:26:30','2024-10-11 20:26:30',NULL),(4,10778,NULL,NULL,NULL,NULL,NULL,1660,NULL,8,NULL,NULL,750000.00,1,0,'2024-07-10','2024-08-01',6,40817,'30-50240119-6','MOLINOS TARQUINI SA',2,0,30118448,NULL,'',1,'2024-10-11 20:26:30','2024-10-11 20:26:30',NULL),(5,10778,NULL,NULL,NULL,NULL,NULL,1660,NULL,9,NULL,NULL,750000.00,1,0,'2024-07-25','2024-08-03',16,40817,'27-21717770-2','LABORDE MIRIAM NOEMI',2,0,527000048,NULL,'',1,'2024-10-11 20:26:30','2024-10-11 20:26:30',NULL),(6,10778,NULL,NULL,NULL,NULL,NULL,1660,NULL,10,NULL,NULL,630000.00,1,0,'2024-08-01','2024-09-10',1,40817,'30-71708575-9','ASFALTO FLUMAT ',2,0,68039439,NULL,'',1,'2024-10-11 20:26:30','2024-10-11 20:26:30',NULL),(7,10778,NULL,NULL,NULL,NULL,NULL,1660,NULL,11,NULL,NULL,1206141.00,1,0,'2024-08-01','2024-09-10',1,40817,'30-71708575-9','ASFALTO FLUMAT',2,0,62313418,NULL,'',1,'2024-10-11 20:26:30','2024-10-11 20:26:30',NULL),(8,10778,NULL,NULL,NULL,NULL,NULL,1660,NULL,12,NULL,NULL,300000.00,1,0,'2024-08-01','2024-09-10',1,40817,'30-71708575-9','ASFALTO FLUMAT',2,0,884983,NULL,'',1,'2024-10-11 20:26:30','2024-10-11 20:26:30',NULL),(9,10778,NULL,NULL,NULL,NULL,NULL,1660,NULL,15,NULL,NULL,446500.00,1,0,'2024-06-10','2024-06-20',1,40817,'30-71708575-9','ASFALTO FLUMAT',2,0,47282,NULL,'',1,'2024-10-11 20:26:30','2024-10-11 20:26:30',NULL),(10,10778,NULL,NULL,NULL,NULL,NULL,1660,NULL,16,NULL,NULL,720000.00,1,0,'2024-06-10','2024-06-19',3,40817,'30-71708575-9','ASFALTO FLUMAT',2,0,2861729,NULL,'',1,'2024-10-11 20:26:30','2024-10-11 20:26:30',NULL),(11,10778,NULL,NULL,NULL,NULL,NULL,1660,NULL,19,NULL,NULL,2346490.00,1,0,'2024-06-07','2024-07-13',3,40817,'30-71708575-9','ASFALTO FLUMAT',2,0,175,NULL,'',1,'2024-10-11 20:26:30','2024-10-11 20:26:30',NULL),(12,10778,NULL,NULL,NULL,NULL,NULL,1660,NULL,20,NULL,NULL,1000000.00,1,0,'2024-07-17','2024-07-27',1,40817,'30-71708575-9','ASFALTO FLUMAT',2,0,7047,NULL,'',1,'2024-10-11 20:26:30','2024-10-11 20:26:30',NULL),(13,10778,NULL,NULL,NULL,NULL,NULL,1660,NULL,21,NULL,NULL,1471984.56,1,0,'2024-07-17','2024-08-06',1,40817,'30-71708575-9','ASFALTO FLUMAT',2,0,5420,NULL,'',1,'2024-10-11 20:26:30','2024-10-11 20:26:30',NULL),(14,10778,NULL,NULL,NULL,NULL,NULL,1660,NULL,22,NULL,NULL,447030.00,1,0,'2024-07-17','2024-08-02',1,40817,'30-71708575-9','ASFALTO FLUMAT',2,0,8758,NULL,'',1,'2024-10-11 20:26:30','2024-10-11 20:26:30',NULL),(15,10778,NULL,NULL,NULL,NULL,NULL,1660,NULL,23,NULL,NULL,322000.00,1,0,'2024-07-17','2024-08-05',1,40817,'30-71708575-9','ASFALTO FLUMAT',2,0,3824,NULL,'',1,'2024-10-11 20:26:30','2024-10-11 20:26:30',NULL),(16,10778,NULL,NULL,NULL,NULL,NULL,1660,NULL,24,NULL,NULL,393500.00,1,0,'2024-07-17','2024-07-12',1,40817,'30-71708575-9','ASFALTO FLUMAT',2,0,1785,NULL,'',1,'2024-10-11 20:26:30','2024-10-11 20:26:30',NULL),(17,10778,NULL,NULL,NULL,NULL,NULL,1660,NULL,25,NULL,NULL,963167.60,1,0,'2024-08-26','2024-08-30',1,40817,'30-71708575-9','FLUMAT',2,0,219986,NULL,'',1,'2024-10-11 20:26:30','2024-10-11 20:26:30',NULL),(18,10778,NULL,NULL,NULL,NULL,NULL,1660,NULL,26,NULL,NULL,529938.45,1,0,'2024-08-26','2024-08-26',1,40817,'30-71708575-9','FLUMAT',2,0,2054437,NULL,'',1,'2024-10-11 20:26:30','2024-10-11 20:26:30',NULL),(19,10778,NULL,NULL,NULL,NULL,NULL,1660,NULL,28,NULL,NULL,750000.00,1,0,'2024-09-18','2024-09-30',1,40817,'30-71708575-9','FLUMAT',2,0,10037,NULL,'',1,'2024-10-11 20:26:30','2024-10-11 20:26:30',NULL);
INSERT INTO `ctacte_cheques` VALUES (20,10778,NULL,NULL,NULL,NULL,NULL,1660,NULL,29,NULL,NULL,600000.00,1,0,'2024-09-19','2024-09-30',1,40817,'30-71708575-9','FLUMAT',2,0,10034,NULL,'',1,'2024-10-11 20:26:30','2024-10-11 20:26:30',NULL),(21,10778,NULL,NULL,NULL,NULL,NULL,1660,NULL,30,NULL,NULL,450000.00,1,0,'2024-09-10','2024-09-30',1,40817,'30-71708575-9','FLUMAT',2,0,10027,NULL,'',1,'2024-10-11 20:26:30','2024-10-11 20:26:30',NULL),(22,10778,NULL,NULL,NULL,NULL,NULL,2131,NULL,41,NULL,NULL,650000.00,1,0,'2025-01-15','2025-02-05',60,40817,'33-70818227-9','ASFALTO TRINIDAD',1,0,1526,NULL,'',1,'2025-04-09 18:59:34','2025-04-09 18:59:34',NULL),(23,10778,NULL,NULL,NULL,NULL,NULL,2131,NULL,42,NULL,NULL,676609.02,1,0,'2025-01-15','2025-02-12',60,40817,'33-70818227-9','ASFALTO TRINIDAD',1,0,1527,NULL,'',1,'2025-04-09 18:59:34','2025-04-09 18:59:34',NULL),(24,10778,NULL,NULL,NULL,NULL,NULL,2131,NULL,43,NULL,NULL,1378943.95,1,0,'2025-01-15','2025-02-15',60,40817,'33-70818227-9','ASFALTO TRINIDAD',1,0,112,NULL,'',1,'2025-04-09 18:59:34','2025-04-09 18:59:34',NULL),(25,10778,NULL,NULL,NULL,NULL,NULL,2131,NULL,44,NULL,NULL,2709186.67,1,0,'2025-01-15','2025-01-30',60,40817,'33-70818227-9','ASFALTO TRINIDAD',1,0,55100633,NULL,'',1,'2025-04-09 18:59:34','2025-04-09 18:59:34',NULL),(26,10778,NULL,NULL,NULL,NULL,NULL,2132,NULL,49,NULL,NULL,1000000.00,1,0,'2024-12-12','2025-01-03',60,40817,'33-70818227-9','TRINIDAD',1,0,1467,NULL,'',1,'2025-04-09 19:04:33','2025-04-09 19:04:33',NULL),(27,10778,NULL,NULL,NULL,NULL,NULL,2132,NULL,50,NULL,NULL,1064283.21,1,0,'2024-12-12','2025-01-11',60,40817,'33-70818227-9','TRINIDAD',1,0,1468,NULL,'',1,'2025-04-09 19:04:33','2025-04-09 19:04:33',NULL),(28,10778,NULL,NULL,NULL,NULL,NULL,2132,NULL,51,NULL,NULL,5300000.00,1,0,'2024-11-29','2024-12-24',25,40817,'33-70818227-9','TRINIDAD',1,0,26234980,NULL,'',1,'2025-04-09 19:04:33','2025-04-09 19:04:33',NULL),(29,10778,NULL,NULL,NULL,NULL,NULL,2133,NULL,56,NULL,NULL,638077.94,1,0,'2024-12-12','2025-01-04',60,40817,'33-70818227-9','TRINIDAD',1,0,152869,NULL,'',1,'2025-04-09 19:15:44','2025-04-09 19:15:44',NULL),(30,10778,NULL,NULL,NULL,NULL,NULL,2133,NULL,57,NULL,NULL,1378839.00,1,0,'2024-12-10','2024-12-30',36,40817,'33-70818227-9','TRINIDAD',1,0,54351826,NULL,'',1,'2025-04-09 19:15:44','2025-04-09 19:15:44',NULL),(31,10778,NULL,NULL,NULL,NULL,NULL,2133,NULL,58,NULL,NULL,1378839.00,1,0,'2024-12-10','2024-12-27',36,40817,'33-70818227-9','TRINIDAD',1,0,54351793,NULL,'',1,'2025-04-09 19:15:44','2025-04-09 19:15:44',NULL),(32,10778,NULL,NULL,NULL,NULL,NULL,2133,NULL,59,NULL,NULL,252627.74,1,0,'2025-02-03','2025-02-17',36,40817,'33-70818227-9','TRINIDAD',1,0,75829,NULL,'',1,'2025-04-09 19:15:44','2025-04-09 19:15:44',NULL),(33,10778,NULL,NULL,NULL,NULL,NULL,2133,NULL,60,NULL,NULL,5505016.00,1,0,'2025-02-03','2025-02-26',36,40817,'33-70818227-9','TRINIDAD',1,0,97113262,NULL,'',1,'2025-04-09 19:15:44','2025-04-09 19:15:44',NULL),(34,10778,NULL,NULL,NULL,NULL,NULL,2133,NULL,61,NULL,NULL,3509026.36,1,0,'2025-02-03','2025-02-21',36,40817,'33-70818227-9','TRINIDAD',1,0,97113267,NULL,'',1,'2025-04-09 19:15:44','2025-04-09 19:15:44',NULL),(35,10778,NULL,NULL,NULL,NULL,NULL,2133,NULL,62,NULL,NULL,1400000.00,1,0,'2025-02-03','2025-02-28',36,40817,'33-70818227-9','TRINIDAD',1,0,10272039,NULL,'',1,'2025-04-09 19:15:44','2025-04-09 19:15:44',NULL);

--
-- Table structure for table `ctactegastos_centrocosto`
--

CREATE TABLE `ctactegastos_centrocosto` (
  `id` int(10) unsigned NOT NULL AUTO_INCREMENT,
  `user_id` int(10) unsigned DEFAULT NULL,
  `nombre` varchar(255) COLLATE utf8mb4_unicode_ci NOT NULL,
  `created_at` timestamp NULL DEFAULT NULL,
  `updated_at` timestamp NULL DEFAULT NULL,
  `deleted_at` timestamp NULL DEFAULT NULL,
  PRIMARY KEY (`id`)
) ENGINE=InnoDB AUTO_INCREMENT=9 DEFAULT CHARSET=utf8mb4 COLLATE=utf8mb4_unicode_ci;

--
-- Dumping data for table `ctactegastos_centrocosto`
--

INSERT INTO `ctactegastos_centrocosto` VALUES (1,NULL,'OFICINA',NULL,NULL,NULL),(2,NULL,'FIJO',NULL,NULL,NULL),(3,NULL,'VARIABLE',NULL,NULL,NULL),(4,NULL,'GISELA',NULL,NULL,NULL),(5,NULL,'LIA',NULL,NULL,NULL),(6,NULL,'PADRES',NULL,NULL,NULL),(7,NULL,'CASA',NULL,NULL,NULL),(8,NULL,'VANESA',NULL,NULL,NULL);

--
-- Table structure for table `ctactegastos_cuenta_tipo`
--

CREATE TABLE `ctactegastos_cuenta_tipo` (
  `idCuentaTipo` int(10) unsigned NOT NULL AUTO_INCREMENT,
  `user_id` int(10) unsigned DEFAULT NULL,
  `cta_cte_tesoreria_cuenta_id` int(10) unsigned DEFAULT NULL,
  `idTipo` int(10) unsigned NOT NULL,
  `created_at` timestamp NULL DEFAULT NULL,
  `updated_at` timestamp NULL DEFAULT NULL,
  `deleted_at` timestamp NULL DEFAULT NULL,
  PRIMARY KEY (`idCuentaTipo`),
  KEY `ctactegastos_cuenta_tipo_idtipo_foreign` (`idTipo`),
  KEY `ctactegastos_cuenta_tipo_cta_cte_tesoreria_cuenta_id_foreign` (`cta_cte_tesoreria_cuenta_id`),
  CONSTRAINT `ctactegastos_cuenta_tipo_cta_cte_tesoreria_cuenta_id_foreign` FOREIGN KEY (`cta_cte_tesoreria_cuenta_id`) REFERENCES `cta_cte_tesoreria_cuentas` (`id`),
  CONSTRAINT `ctactegastos_cuenta_tipo_idtipo_foreign` FOREIGN KEY (`idTipo`) REFERENCES `ctactegastos_tiposdegastos` (`id`)
) ENGINE=InnoDB AUTO_INCREMENT=18 DEFAULT CHARSET=utf8mb4 COLLATE=utf8mb4_unicode_ci;

--
-- Dumping data for table `ctactegastos_cuenta_tipo`
--

INSERT INTO `ctactegastos_cuenta_tipo` VALUES (1,NULL,NULL,3,NULL,NULL,NULL),(2,NULL,NULL,6,NULL,NULL,NULL),(3,NULL,NULL,3,NULL,NULL,NULL),(4,NULL,NULL,4,NULL,NULL,NULL),(5,NULL,NULL,5,NULL,NULL,NULL),(6,NULL,NULL,3,NULL,NULL,NULL),(7,NULL,NULL,4,NULL,NULL,NULL),(8,NULL,NULL,3,NULL,NULL,NULL),(9,NULL,NULL,4,NULL,NULL,NULL),(10,NULL,NULL,7,NULL,NULL,NULL),(11,NULL,NULL,8,NULL,NULL,NULL),(12,NULL,NULL,3,NULL,NULL,NULL),(13,NULL,NULL,3,NULL,NULL,NULL),(14,NULL,NULL,4,NULL,NULL,NULL),(15,NULL,NULL,1,NULL,NULL,NULL),(16,NULL,NULL,2,NULL,NULL,NULL),(17,NULL,NULL,5,NULL,NULL,NULL);

--
-- Table structure for table `ctactegastos_mensuales`
--

CREATE TABLE `ctactegastos_mensuales` (
  `id` int(10) unsigned NOT NULL AUTO_INCREMENT,
  `user_id` int(10) unsigned DEFAULT NULL,
  `CuentaTipo_id` int(10) unsigned NOT NULL,
  `cta_cte_tesoreria_cuenta_id` int(10) unsigned NOT NULL DEFAULT '13',
  `TipoDeGasto_id` int(10) unsigned NOT NULL,
  `CentroCosto_id` int(10) unsigned NOT NULL,
  `gasto_cta_cte_tesoreria_cuenta_id` int(10) unsigned NOT NULL DEFAULT '13',
  `monto` decimal(16,2) DEFAULT NULL,
  `comentario` varchar(255) COLLATE utf8mb4_unicode_ci DEFAULT NULL,
  `status` int(11) NOT NULL DEFAULT '1',
  `created_at` timestamp NULL DEFAULT NULL,
  `updated_at` timestamp NULL DEFAULT NULL,
  `deleted_at` timestamp NULL DEFAULT NULL,
  PRIMARY KEY (`id`),
  KEY `ctactegastos_mensuales_cuentatipo_id_foreign` (`CuentaTipo_id`),
  KEY `ctactegastos_mensuales_tipodegasto_id_foreign` (`TipoDeGasto_id`),
  KEY `ctactegastos_mensuales_centrocosto_id_foreign` (`CentroCosto_id`),
  KEY `ctactegastos_mensuales_cta_cte_tesoreria_cuenta_id_foreign` (`cta_cte_tesoreria_cuenta_id`),
  KEY `ctactegastos_mensuales_gasto_cta_cte_tesoreria_cuenta_id_foreign` (`gasto_cta_cte_tesoreria_cuenta_id`),
  CONSTRAINT `ctactegastos_mensuales_centrocosto_id_foreign` FOREIGN KEY (`CentroCosto_id`) REFERENCES `ctactegastos_centrocosto` (`id`),
  CONSTRAINT `ctactegastos_mensuales_cta_cte_tesoreria_cuenta_id_foreign` FOREIGN KEY (`cta_cte_tesoreria_cuenta_id`) REFERENCES `cta_cte_tesoreria_cuentas` (`id`),
  CONSTRAINT `ctactegastos_mensuales_cuentatipo_id_foreign` FOREIGN KEY (`CuentaTipo_id`) REFERENCES `ctactegastos_cuenta_tipo` (`idCuentaTipo`),
  CONSTRAINT `ctactegastos_mensuales_gasto_cta_cte_tesoreria_cuenta_id_foreign` FOREIGN KEY (`gasto_cta_cte_tesoreria_cuenta_id`) REFERENCES `cta_cte_tesoreria_cuentas` (`id`),
  CONSTRAINT `ctactegastos_mensuales_tipodegasto_id_foreign` FOREIGN KEY (`TipoDeGasto_id`) REFERENCES `ctactegastos_tiposdegastos` (`id`)
) ENGINE=InnoDB DEFAULT CHARSET=utf8mb4 COLLATE=utf8mb4_unicode_ci;

--
-- Dumping data for table `ctactegastos_mensuales`
--


--
-- Table structure for table `ctactegastos_tiposdegastos`
--

CREATE TABLE `ctactegastos_tiposdegastos` (
  `id` int(10) unsigned NOT NULL AUTO_INCREMENT,
  `user_id` int(10) unsigned DEFAULT NULL,
  `nombre` varchar(255) COLLATE utf8mb4_unicode_ci DEFAULT NULL,
  `created_at` timestamp NULL DEFAULT NULL,
  `updated_at` timestamp NULL DEFAULT NULL,
  `deleted_at` timestamp NULL DEFAULT NULL,
  PRIMARY KEY (`id`)
) ENGINE=InnoDB AUTO_INCREMENT=11 DEFAULT CHARSET=utf8mb4 COLLATE=utf8mb4_unicode_ci;

--
-- Dumping data for table `ctactegastos_tiposdegastos`
--

INSERT INTO `ctactegastos_tiposdegastos` VALUES (1,NULL,'Oficina',NULL,NULL,NULL),(2,NULL,'Personales',NULL,NULL,NULL),(3,NULL,'Tarjeta VISA',NULL,NULL,NULL),(4,NULL,'Tarjeta Mastercard',NULL,NULL,NULL),(5,NULL,'Debito Automatico',NULL,NULL,NULL),(6,NULL,'American Express',NULL,NULL,NULL),(7,NULL,'Tarjeta Shopping',NULL,NULL,NULL),(8,NULL,'Tarjeta Cencosud',NULL,NULL,NULL),(9,NULL,'Tarjeta Coto',NULL,NULL,NULL),(10,NULL,'Tarjeta Nativa',NULL,NULL,NULL);

--
-- Table structure for table `cursos`
--

CREATE TABLE `cursos` (
  `id` int(10) unsigned NOT NULL AUTO_INCREMENT,
  `nombre` varchar(191) COLLATE utf8mb4_unicode_ci NOT NULL,
  `descripcion` longtext COLLATE utf8mb4_unicode_ci NOT NULL,
  `fecha` date DEFAULT NULL,
  `hora` varchar(191) COLLATE utf8mb4_unicode_ci DEFAULT NULL,
  `profesor` varchar(191) COLLATE utf8mb4_unicode_ci DEFAULT NULL,
  `cant_clases` varchar(191) COLLATE utf8mb4_unicode_ci DEFAULT NULL,
  `duracion` varchar(191) COLLATE utf8mb4_unicode_ci DEFAULT NULL,
  `adjuntos` varchar(191) COLLATE utf8mb4_unicode_ci DEFAULT NULL,
  `link_zoom` longtext COLLATE utf8mb4_unicode_ci,
  `cod_zoom` varchar(191) COLLATE utf8mb4_unicode_ci DEFAULT NULL,
  `contraseña_zoom` varchar(191) COLLATE utf8mb4_unicode_ci DEFAULT NULL,
  `link_youtube` varchar(191) COLLATE utf8mb4_unicode_ci DEFAULT NULL,
  `materiales` varchar(191) COLLATE utf8mb4_unicode_ci DEFAULT NULL,
  `habilitado` tinyint(1) NOT NULL DEFAULT '1',
  `created_at` timestamp NULL DEFAULT NULL,
  `updated_at` timestamp NULL DEFAULT NULL,
  `deleted_at` timestamp NULL DEFAULT NULL,
  PRIMARY KEY (`id`)
) ENGINE=InnoDB DEFAULT CHARSET=utf8mb4 COLLATE=utf8mb4_unicode_ci;

--
-- Dumping data for table `cursos`
--


--
-- Table structure for table `cursos_detail`
--

CREATE TABLE `cursos_detail` (
  `id` int(10) unsigned NOT NULL AUTO_INCREMENT,
  `curso_id` int(10) unsigned NOT NULL,
  `field_name1` varchar(191) COLLATE utf8mb4_unicode_ci NOT NULL,
  `email` varchar(191) COLLATE utf8mb4_unicode_ci NOT NULL,
  `celular` int(11) NOT NULL,
  `created_at` timestamp NULL DEFAULT NULL,
  `updated_at` timestamp NULL DEFAULT NULL,
  `deleted_at` timestamp NULL DEFAULT NULL,
  PRIMARY KEY (`id`),
  KEY `cursos_detail_curso_id_foreign` (`curso_id`),
  CONSTRAINT `cursos_detail_curso_id_foreign` FOREIGN KEY (`curso_id`) REFERENCES `cursos` (`id`)
) ENGINE=InnoDB DEFAULT CHARSET=utf8mb4 COLLATE=utf8mb4_unicode_ci;

--
-- Dumping data for table `cursos_detail`
--


--
-- Table structure for table `data_types`
--

CREATE TABLE `data_types` (
  `id` int(10) unsigned NOT NULL AUTO_INCREMENT,
  `description` varchar(180) COLLATE utf8mb4_unicode_ci NOT NULL,
  `class` int(10) unsigned NOT NULL,
  `class_description` varchar(180) COLLATE utf8mb4_unicode_ci NOT NULL,
  `data_type` varchar(100) COLLATE utf8mb4_unicode_ci NOT NULL,
  `path` varchar(255) COLLATE utf8mb4_unicode_ci DEFAULT NULL,
  `created_at` timestamp NULL DEFAULT NULL,
  `updated_at` timestamp NULL DEFAULT NULL,
  PRIMARY KEY (`id`),
  UNIQUE KEY `data_types_description_unique` (`description`)
) ENGINE=InnoDB AUTO_INCREMENT=9 DEFAULT CHARSET=utf8mb4 COLLATE=utf8mb4_unicode_ci;

--
-- Dumping data for table `data_types`
--

INSERT INTO `data_types` VALUES (1,'Comprobantes XLS',1,'Importación','XLS','data/imports/receipts/xls',NULL,NULL),(2,'CITI-Ventas',1,'Importación','TXT','data/imports/receipts/CitiVentas',NULL,NULL),(3,'CITI Compras',2,'Exportación','TXT','data/exports/receipts/citi',NULL,NULL),(4,'CITI Ventas',2,'Exportación','TXT','data/exports/receipts/CitiVentasExport',NULL,NULL),(5,'Convenio Multilateral',2,'Exportación','TXT','data/exports/receipts/convenio',NULL,NULL),(6,'Libro IVA Digital',2,'Exportación','TXT','data/exports/receipts/libro_iva_digital',NULL,'2019-11-20 21:43:44'),(7,'Mis Comprobantes',1,'Importacion','','data/imports/receipts/mis_comprobantes',NULL,NULL),(8,'Consulta AFIP',3,'AFIP','','data/afip/index','2019-12-06 14:49:55','2019-12-06 14:49:55');

--
-- Table structure for table `dc_estados`
--

CREATE TABLE `dc_estados` (
  `id` bigint(20) unsigned NOT NULL AUTO_INCREMENT,
  `user_id` int(10) unsigned DEFAULT NULL,
  `descripcion` text COLLATE utf8mb4_unicode_ci NOT NULL,
  `habilitado` tinyint(1) NOT NULL DEFAULT '1',
  `created_at` timestamp NULL DEFAULT NULL,
  `updated_at` timestamp NULL DEFAULT NULL,
  `deleted_at` timestamp NULL DEFAULT NULL,
  PRIMARY KEY (`id`)
) ENGINE=InnoDB AUTO_INCREMENT=6 DEFAULT CHARSET=utf8mb4 COLLATE=utf8mb4_unicode_ci;

--
-- Dumping data for table `dc_estados`
--

INSERT INTO `dc_estados` VALUES (1,NULL,'BORRADOR',1,NULL,'2024-02-09 06:46:26',NULL),(2,NULL,'TERMINADO',1,NULL,'2024-02-09 06:46:26',NULL),(3,NULL,'ELIMINADO',1,NULL,'2024-02-09 06:46:26',NULL),(4,NULL,'PAGADO',1,NULL,'2024-02-09 06:46:26','2024-02-09 06:46:26'),(5,NULL,'CONCILIADO',1,NULL,'2024-02-09 06:46:26','2024-02-09 06:46:26');

--
-- Table structure for table `dc_estados_decisiones`
--

CREATE TABLE `dc_estados_decisiones` (
  `id` bigint(20) unsigned NOT NULL AUTO_INCREMENT,
  `user_id` int(10) unsigned DEFAULT NULL,
  `dc_orden_tipo_id` bigint(20) unsigned NOT NULL,
  `descripcion` varchar(191) COLLATE utf8mb4_unicode_ci NOT NULL,
  `habilitado` tinyint(1) NOT NULL DEFAULT '1',
  `created_at` timestamp NULL DEFAULT NULL,
  `updated_at` timestamp NULL DEFAULT NULL,
  `deleted_at` timestamp NULL DEFAULT NULL,
  PRIMARY KEY (`id`),
  KEY `dc_estados_decisiones_dc_orden_tipo_id_foreign` (`dc_orden_tipo_id`),
  CONSTRAINT `dc_estados_decisiones_dc_orden_tipo_id_foreign` FOREIGN KEY (`dc_orden_tipo_id`) REFERENCES `dc_ordenes_tipos` (`id`)
) ENGINE=InnoDB AUTO_INCREMENT=5 DEFAULT CHARSET=utf8mb4 COLLATE=utf8mb4_unicode_ci;

--
-- Dumping data for table `dc_estados_decisiones`
--

INSERT INTO `dc_estados_decisiones` VALUES (1,NULL,3,'Pendiente',1,NULL,NULL,NULL),(2,NULL,3,'Aprobado',1,NULL,NULL,NULL),(3,NULL,3,'Rechazado',1,NULL,NULL,NULL),(4,NULL,3,'Cancelado',1,NULL,NULL,NULL);

--
-- Table structure for table `dc_firmas`
--

CREATE TABLE `dc_firmas` (
  `id` bigint(20) unsigned NOT NULL AUTO_INCREMENT,
  `user_id` int(10) unsigned DEFAULT NULL,
  `descripcion` text COLLATE utf8mb4_unicode_ci NOT NULL,
  `show_firmante_dc` tinyint(1) NOT NULL DEFAULT '0',
  `show_create_dc` tinyint(1) NOT NULL DEFAULT '0',
  `faltan_firmas` tinyint(1) NOT NULL DEFAULT '0',
  `habilitado` tinyint(1) NOT NULL DEFAULT '1',
  `created_at` timestamp NULL DEFAULT NULL,
  `updated_at` timestamp NULL DEFAULT NULL,
  `deleted_at` timestamp NULL DEFAULT NULL,
  PRIMARY KEY (`id`)
) ENGINE=InnoDB AUTO_INCREMENT=6 DEFAULT CHARSET=utf8mb4 COLLATE=utf8mb4_unicode_ci;

--
-- Dumping data for table `dc_firmas`
--

INSERT INTO `dc_firmas` VALUES (1,NULL,'NO',1,1,0,1,NULL,'2024-02-09 06:46:26',NULL),(2,NULL,'RECHAZADO',1,1,0,1,NULL,'2024-02-09 06:46:26',NULL),(3,NULL,'ACEPTADO',1,0,0,1,NULL,'2024-02-09 06:46:26',NULL),(4,NULL,'FALTAN FIRMAS',0,0,1,1,'2024-02-09 06:46:26','2024-02-09 06:46:26',NULL),(5,NULL,'EMITIDO',1,0,0,1,'2024-02-09 06:46:32','2024-02-09 06:46:32',NULL);

--
-- Table structure for table `dc_firmas_ordenes`
--

CREATE TABLE `dc_firmas_ordenes` (
  `id` bigint(20) unsigned NOT NULL AUTO_INCREMENT,
  `user_id` int(10) unsigned DEFAULT NULL,
  `person_id` int(10) unsigned NOT NULL,
  `dc_orden_id` bigint(20) unsigned NOT NULL,
  `user_id_que_firma` int(10) unsigned NOT NULL,
  `dc_firma_id` bigint(20) unsigned NOT NULL,
  `created_at` timestamp NULL DEFAULT NULL,
  `updated_at` timestamp NULL DEFAULT NULL,
  `deleted_at` timestamp NULL DEFAULT NULL,
  PRIMARY KEY (`id`),
  KEY `dc_firmas_ordenes_person_id_foreign` (`person_id`),
  KEY `dc_firmas_ordenes_dc_orden_id_foreign` (`dc_orden_id`),
  KEY `dc_firmas_ordenes_dc_firma_id_foreign` (`dc_firma_id`),
  CONSTRAINT `dc_firmas_ordenes_dc_firma_id_foreign` FOREIGN KEY (`dc_firma_id`) REFERENCES `dc_firmas` (`id`),
  CONSTRAINT `dc_firmas_ordenes_dc_orden_id_foreign` FOREIGN KEY (`dc_orden_id`) REFERENCES `dc_ordenes` (`id`),
  CONSTRAINT `dc_firmas_ordenes_person_id_foreign` FOREIGN KEY (`person_id`) REFERENCES `persons` (`id`)
) ENGINE=InnoDB DEFAULT CHARSET=utf8mb4 COLLATE=utf8mb4_unicode_ci;

--
-- Dumping data for table `dc_firmas_ordenes`
--


--
-- Table structure for table `dc_firmas_reglas`
--

CREATE TABLE `dc_firmas_reglas` (
  `id` bigint(20) unsigned NOT NULL AUTO_INCREMENT,
  `user_id` int(10) unsigned DEFAULT NULL,
  `person_id` int(10) unsigned NOT NULL,
  `dc_orden_id` bigint(20) unsigned NOT NULL,
  `importe` decimal(16,2) NOT NULL,
  `grupos_users_ids` longtext COLLATE utf8mb4_unicode_ci,
  `created_at` timestamp NULL DEFAULT NULL,
  `updated_at` timestamp NULL DEFAULT NULL,
  `deleted_at` timestamp NULL DEFAULT NULL,
  PRIMARY KEY (`id`),
  KEY `dc_firmas_reglas_person_id_foreign` (`person_id`),
  KEY `dc_firmas_reglas_dc_orden_id_foreign` (`dc_orden_id`),
  CONSTRAINT `dc_firmas_reglas_dc_orden_id_foreign` FOREIGN KEY (`dc_orden_id`) REFERENCES `dc_ordenes` (`id`),
  CONSTRAINT `dc_firmas_reglas_person_id_foreign` FOREIGN KEY (`person_id`) REFERENCES `persons` (`id`)
) ENGINE=InnoDB DEFAULT CHARSET=utf8mb4 COLLATE=utf8mb4_unicode_ci;

--
-- Dumping data for table `dc_firmas_reglas`
--


--
-- Table structure for table `dc_orden_de_pago`
--

CREATE TABLE `dc_orden_de_pago` (
  `id` bigint(20) unsigned NOT NULL AUTO_INCREMENT,
  `user_id` int(10) unsigned DEFAULT NULL,
  `fecha` datetime NOT NULL DEFAULT '2024-02-09 06:46:32',
  `dc_orden_id` bigint(20) unsigned NOT NULL DEFAULT '10',
  `person_id` int(10) unsigned NOT NULL,
  `person_id_relationed` int(10) unsigned NOT NULL,
  `request` longtext COLLATE utf8mb4_unicode_ci NOT NULL,
  `dc_estado_id` bigint(20) unsigned NOT NULL DEFAULT '1',
  `dc_firma_id` bigint(20) unsigned NOT NULL DEFAULT '1',
  `created_at` timestamp NULL DEFAULT NULL,
  `updated_at` timestamp NULL DEFAULT NULL,
  `deleted_at` timestamp NULL DEFAULT NULL,
  PRIMARY KEY (`id`),
  KEY `dc_orden_de_pago_person_id_foreign` (`person_id`),
  KEY `dc_orden_de_pago_person_id_relationed_foreign` (`person_id_relationed`),
  KEY `dc_orden_de_pago_dc_orden_id_foreign` (`dc_orden_id`),
  KEY `dc_orden_de_pago_dc_firma_id_foreign` (`dc_firma_id`),
  KEY `dc_orden_de_pago_dc_estado_id_foreign` (`dc_estado_id`),
  CONSTRAINT `dc_orden_de_pago_dc_estado_id_foreign` FOREIGN KEY (`dc_estado_id`) REFERENCES `dc_estados` (`id`),
  CONSTRAINT `dc_orden_de_pago_dc_firma_id_foreign` FOREIGN KEY (`dc_firma_id`) REFERENCES `dc_firmas` (`id`),
  CONSTRAINT `dc_orden_de_pago_dc_orden_id_foreign` FOREIGN KEY (`dc_orden_id`) REFERENCES `dc_ordenes` (`id`),
  CONSTRAINT `dc_orden_de_pago_person_id_foreign` FOREIGN KEY (`person_id`) REFERENCES `persons` (`id`),
  CONSTRAINT `dc_orden_de_pago_person_id_relationed_foreign` FOREIGN KEY (`person_id_relationed`) REFERENCES `persons` (`id`)
) ENGINE=InnoDB DEFAULT CHARSET=utf8mb4 COLLATE=utf8mb4_unicode_ci;

--
-- Dumping data for table `dc_orden_de_pago`
--


--
-- Table structure for table `dc_orden_de_pago_cheques`
--

CREATE TABLE `dc_orden_de_pago_cheques` (
  `id` bigint(20) unsigned NOT NULL AUTO_INCREMENT,
  `user_id` int(10) unsigned DEFAULT NULL,
  `dc_orden_de_pago_id` bigint(20) unsigned NOT NULL,
  `ctacte_cheque_id` int(10) unsigned NOT NULL,
  `created_at` timestamp NULL DEFAULT NULL,
  `updated_at` timestamp NULL DEFAULT NULL,
  `deleted_at` timestamp NULL DEFAULT NULL,
  PRIMARY KEY (`id`),
  KEY `dc_orden_de_pago_cheques_dc_orden_de_pago_id_foreign` (`dc_orden_de_pago_id`),
  KEY `dc_orden_de_pago_cheques_ctacte_cheque_id_foreign` (`ctacte_cheque_id`),
  CONSTRAINT `dc_orden_de_pago_cheques_ctacte_cheque_id_foreign` FOREIGN KEY (`ctacte_cheque_id`) REFERENCES `ctacte_cheques` (`id`),
  CONSTRAINT `dc_orden_de_pago_cheques_dc_orden_de_pago_id_foreign` FOREIGN KEY (`dc_orden_de_pago_id`) REFERENCES `dc_orden_de_pago` (`id`)
) ENGINE=InnoDB DEFAULT CHARSET=utf8mb4 COLLATE=utf8mb4_unicode_ci;

--
