INSERT INTO `log_debug` VALUES (15054,NULL,'assingPeriodsToBusiness','While de empresa, year->2029, initial_month->1, endMonth->12, contador->9','2021-01-08 09:42:00',NULL),(15055,NULL,'assingPeriodsToBusiness','While de empresa, year->2030, initial_month->1, endMonth->12, contador->10','2021-01-08 09:42:00',NULL),(15056,NULL,'assingPeriodsToBusiness','While de empresa, year->2031, initial_month->1, endMonth->12, contador->11','2021-01-08 09:42:00',NULL),(15057,NULL,'assingPeriodsToBusiness','While de empresa, year->2032, initial_month->1, endMonth->12, contador->12','2021-01-08 09:42:00',NULL),(15058,NULL,'assingPeriodsToBusiness','While de empresa, year->2033, initial_month->1, endMonth->12, contador->13','2021-01-08 09:42:00',NULL),(15059,NULL,'assingPeriodsToBusiness','While de empresa, year->2034, initial_month->1, endMonth->12, contador->14','2021-01-08 09:42:00',NULL),(15060,NULL,'assingPeriodsToBusiness','While de empresa, year->2035, initial_month->1, endMonth->12, contador->15','2021-01-08 09:42:00',NULL),(15061,NULL,'assingPeriodsToBusiness','ejecutando funcion','2021-01-08 09:42:00',NULL),(15062,NULL,'assingPeriodsToBusiness','While de empresa, year->2020, initial_month->1, endMonth->12, contador->0','2021-01-08 09:42:00',NULL),(15063,NULL,'assingPeriodsToBusiness','While de empresa, year->2021, initial_month->1, endMonth->12, contador->1','2021-01-08 09:42:00',NULL),(15064,NULL,'assingPeriodsToBusiness','While de empresa, year->2022, initial_month->1, endMonth->12, contador->2','2021-01-08 09:42:00',NULL),(15065,NULL,'assingPeriodsToBusiness','While de empresa, year->2023, initial_month->1, endMonth->12, contador->3','2021-01-08 09:42:00',NULL),(15066,NULL,'assingPeriodsToBusiness','While de empresa, year->2024, initial_month->1, endMonth->12, contador->4','2021-01-08 09:42:00',NULL),(15067,NULL,'assingPeriodsToBusiness','While de empresa, year->2025, initial_month->1, endMonth->12, contador->5','2021-01-08 09:42:00',NULL),(15068,NULL,'assingPeriodsToBusiness','While de empresa, year->2026, initial_month->1, endMonth->12, contador->6','2021-01-08 09:42:00',NULL),(15069,NULL,'assingPeriodsToBusiness','While de empresa, year->2027, initial_month->1, endMonth->12, contador->7','2021-01-08 09:42:00',NULL),(15070,NULL,'assingPeriodsToBusiness','While de empresa, year->2028, initial_month->1, endMonth->12, contador->8','2021-01-08 09:42:00',NULL),(15071,NULL,'assingPeriodsToBusiness','While de empresa, year->2029, initial_month->1, endMonth->12, contador->9','2021-01-08 09:42:00',NULL),(15072,NULL,'assingPeriodsToBusiness','While de empresa, year->2030, initial_month->1, endMonth->12, contador->10','2021-01-08 09:42:00',NULL),(15073,NULL,'assingPeriodsToBusiness','While de empresa, year->2031, initial_month->1, endMonth->12, contador->11','2021-01-08 09:42:00',NULL),(15074,NULL,'assingPeriodsToBusiness','While de empresa, year->2032, initial_month->1, endMonth->12, contador->12','2021-01-08 09:42:00',NULL),(15075,NULL,'assingPeriodsToBusiness','While de empresa, year->2033, initial_month->1, endMonth->12, contador->13','2021-01-08 09:42:00',NULL),(15076,NULL,'assingPeriodsToBusiness','While de empresa, year->2034, initial_month->1, endMonth->12, contador->14','2021-01-08 09:42:00',NULL),(15077,NULL,'assingPeriodsToBusiness','While de empresa, year->2035, initial_month->1, endMonth->12, contador->15','2021-01-08 09:42:00',NULL),(15078,NULL,'assingPeriodsToBusiness','ejecutando funcion','2021-01-08 09:42:00',NULL),(15079,NULL,'assingPeriodsToBusiness','While de empresa, year->2020, initial_month->1, endMonth->12, contador->0','2021-01-08 09:42:00',NULL),(15080,NULL,'assingPeriodsToBusiness','While de empresa, year->2021, initial_month->1, endMonth->12, contador->1','2021-01-08 09:42:00',NULL),(15081,NULL,'assingPeriodsToBusiness','While de empresa, year->2022, initial_month->1, endMonth->12, contador->2','2021-01-08 09:42:00',NULL),(15082,NULL,'assingPeriodsToBusiness','While de empresa, year->2023, initial_month->1, endMonth->12, contador->3','2021-01-08 09:42:00',NULL);
INSERT INTO `log_debug` VALUES (15083,NULL,'assingPeriodsToBusiness','While de empresa, year->2024, initial_month->1, endMonth->12, contador->4','2021-01-08 09:42:00',NULL),(15084,NULL,'assingPeriodsToBusiness','While de empresa, year->2025, initial_month->1, endMonth->12, contador->5','2021-01-08 09:42:00',NULL),(15085,NULL,'assingPeriodsToBusiness','While de empresa, year->2026, initial_month->1, endMonth->12, contador->6','2021-01-08 09:42:00',NULL),(15086,NULL,'assingPeriodsToBusiness','While de empresa, year->2027, initial_month->1, endMonth->12, contador->7','2021-01-08 09:42:00',NULL),(15087,NULL,'assingPeriodsToBusiness','While de empresa, year->2028, initial_month->1, endMonth->12, contador->8','2021-01-08 09:42:00',NULL),(15088,NULL,'assingPeriodsToBusiness','While de empresa, year->2029, initial_month->1, endMonth->12, contador->9','2021-01-08 09:42:00',NULL),(15089,NULL,'assingPeriodsToBusiness','While de empresa, year->2030, initial_month->1, endMonth->12, contador->10','2021-01-08 09:42:00',NULL),(15090,NULL,'assingPeriodsToBusiness','While de empresa, year->2031, initial_month->1, endMonth->12, contador->11','2021-01-08 09:42:00',NULL),(15091,NULL,'assingPeriodsToBusiness','While de empresa, year->2032, initial_month->1, endMonth->12, contador->12','2021-01-08 09:42:00',NULL),(15092,NULL,'assingPeriodsToBusiness','While de empresa, year->2033, initial_month->1, endMonth->12, contador->13','2021-01-08 09:42:00',NULL),(15093,NULL,'assingPeriodsToBusiness','While de empresa, year->2034, initial_month->1, endMonth->12, contador->14','2021-01-08 09:42:00',NULL),(15094,NULL,'assingPeriodsToBusiness','While de empresa, year->2035, initial_month->1, endMonth->12, contador->15','2021-01-08 09:42:00',NULL),(15095,NULL,'assingPeriodsToBusiness','ejecutando funcion','2021-01-08 09:42:00',NULL),(15096,NULL,'assingPeriodsToBusiness','While de empresa, year->2020, initial_month->1, endMonth->12, contador->0','2021-01-08 09:42:00',NULL),(15097,NULL,'assingPeriodsToBusiness','While de empresa, year->2021, initial_month->1, endMonth->12, contador->1','2021-01-08 09:42:00',NULL),(15098,NULL,'assingPeriodsToBusiness','While de empresa, year->2022, initial_month->1, endMonth->12, contador->2','2021-01-08 09:42:00',NULL),(15099,NULL,'assingPeriodsToBusiness','While de empresa, year->2023, initial_month->1, endMonth->12, contador->3','2021-01-08 09:42:00',NULL),(15100,NULL,'assingPeriodsToBusiness','While de empresa, year->2024, initial_month->1, endMonth->12, contador->4','2021-01-08 09:42:00',NULL),(15101,NULL,'assingPeriodsToBusiness','While de empresa, year->2025, initial_month->1, endMonth->12, contador->5','2021-01-08 09:42:00',NULL),(15102,NULL,'assingPeriodsToBusiness','While de empresa, year->2026, initial_month->1, endMonth->12, contador->6','2021-01-08 09:42:00',NULL),(15103,NULL,'assingPeriodsToBusiness','While de empresa, year->2027, initial_month->1, endMonth->12, contador->7','2021-01-08 09:42:00',NULL),(15104,NULL,'assingPeriodsToBusiness','While de empresa, year->2028, initial_month->1, endMonth->12, contador->8','2021-01-08 09:42:00',NULL),(15105,NULL,'assingPeriodsToBusiness','While de empresa, year->2029, initial_month->1, endMonth->12, contador->9','2021-01-08 09:42:00',NULL),(15106,NULL,'assingPeriodsToBusiness','While de empresa, year->2030, initial_month->1, endMonth->12, contador->10','2021-01-08 09:42:00',NULL),(15107,NULL,'assingPeriodsToBusiness','While de empresa, year->2031, initial_month->1, endMonth->12, contador->11','2021-01-08 09:42:00',NULL),(15108,NULL,'assingPeriodsToBusiness','While de empresa, year->2032, initial_month->1, endMonth->12, contador->12','2021-01-08 09:42:00',NULL),(15109,NULL,'assingPeriodsToBusiness','While de empresa, year->2033, initial_month->1, endMonth->12, contador->13','2021-01-08 09:42:00',NULL),(15110,NULL,'assingPeriodsToBusiness','While de empresa, year->2034, initial_month->1, endMonth->12, contador->14','2021-01-08 09:42:00',NULL);
INSERT INTO `log_debug` VALUES (15111,NULL,'assingPeriodsToBusiness','While de empresa, year->2035, initial_month->1, endMonth->12, contador->15','2021-01-08 09:42:00',NULL),(15112,NULL,'assingPeriodsToBusiness','ejecutando funcion','2021-01-08 09:42:00',NULL),(15113,NULL,'assingPeriodsToBusiness','While de empresa, year->2020, initial_month->1, endMonth->12, contador->0','2021-01-08 09:42:00',NULL),(15114,NULL,'assingPeriodsToBusiness','While de empresa, year->2021, initial_month->1, endMonth->12, contador->1','2021-01-08 09:42:00',NULL),(15115,NULL,'assingPeriodsToBusiness','While de empresa, year->2022, initial_month->1, endMonth->12, contador->2','2021-01-08 09:42:00',NULL),(15116,NULL,'assingPeriodsToBusiness','While de empresa, year->2023, initial_month->1, endMonth->12, contador->3','2021-01-08 09:42:00',NULL),(15117,NULL,'assingPeriodsToBusiness','While de empresa, year->2024, initial_month->1, endMonth->12, contador->4','2021-01-08 09:42:00',NULL),(15118,NULL,'assingPeriodsToBusiness','While de empresa, year->2025, initial_month->1, endMonth->12, contador->5','2021-01-08 09:42:00',NULL),(15119,NULL,'assingPeriodsToBusiness','While de empresa, year->2026, initial_month->1, endMonth->12, contador->6','2021-01-08 09:42:00',NULL),(15120,NULL,'assingPeriodsToBusiness','While de empresa, year->2027, initial_month->1, endMonth->12, contador->7','2021-01-08 09:42:00',NULL),(15121,NULL,'assingPeriodsToBusiness','While de empresa, year->2028, initial_month->1, endMonth->12, contador->8','2021-01-08 09:42:00',NULL),(15122,NULL,'assingPeriodsToBusiness','While de empresa, year->2029, initial_month->1, endMonth->12, contador->9','2021-01-08 09:42:00',NULL),(15123,NULL,'assingPeriodsToBusiness','While de empresa, year->2030, initial_month->1, endMonth->12, contador->10','2021-01-08 09:42:00',NULL),(15124,NULL,'assingPeriodsToBusiness','While de empresa, year->2031, initial_month->1, endMonth->12, contador->11','2021-01-08 09:42:00',NULL),(15125,NULL,'assingPeriodsToBusiness','While de empresa, year->2032, initial_month->1, endMonth->12, contador->12','2021-01-08 09:42:00',NULL),(15126,NULL,'assingPeriodsToBusiness','While de empresa, year->2033, initial_month->1, endMonth->12, contador->13','2021-01-08 09:42:00',NULL),(15127,NULL,'assingPeriodsToBusiness','While de empresa, year->2034, initial_month->1, endMonth->12, contador->14','2021-01-08 09:42:00',NULL),(15128,NULL,'assingPeriodsToBusiness','While de empresa, year->2035, initial_month->1, endMonth->12, contador->15','2021-01-08 09:42:00',NULL);

--
-- Table structure for table `lpg_granos`
--

CREATE TABLE `lpg_granos` (
  `id` int(10) unsigned NOT NULL AUTO_INCREMENT,
  `user_id` int(10) unsigned NOT NULL,
  `descripcion` varchar(191) COLLATE utf8mb4_unicode_ci DEFAULT NULL,
  `codigo_afip` int(10) unsigned NOT NULL,
  `habilitado` tinyint(1) NOT NULL DEFAULT '1',
  `created_at` timestamp NULL DEFAULT NULL,
  `updated_at` timestamp NULL DEFAULT NULL,
  `deleted_at` timestamp NULL DEFAULT NULL,
  PRIMARY KEY (`id`)
) ENGINE=InnoDB AUTO_INCREMENT=40 DEFAULT CHARSET=utf8mb4 COLLATE=utf8mb4_unicode_ci;

--
-- Dumping data for table `lpg_granos`
--

INSERT INTO `lpg_granos` VALUES (1,0,'Lino',1,1,NULL,NULL,NULL),(2,0,'Girasol',2,1,NULL,NULL,NULL),(3,0,'Maní en caja',3,1,NULL,NULL,NULL),(4,0,'Girasol Descascarado',4,1,NULL,NULL,NULL),(5,0,'Maní para industria de selección',5,1,NULL,NULL,NULL),(6,0,'Maní para industria aceitera',6,1,NULL,NULL,NULL),(7,0,'Maní tipo confitería',7,1,NULL,NULL,NULL),(8,0,'Colza',8,1,NULL,NULL,NULL),(9,0,'Colza “00”/Canola',9,1,NULL,NULL,NULL),(10,0,'Trigo forrajero',10,1,NULL,NULL,NULL),(11,0,'Cebada forrajera',11,1,NULL,NULL,NULL),(12,0,'Cebada apta para maltería',12,1,NULL,NULL,NULL),(13,0,'Trigo candeal',14,1,NULL,NULL,NULL),(14,0,'Trigo pan',15,1,NULL,NULL,NULL),(15,0,'Avena',16,1,NULL,NULL,NULL),(16,0,'Cebada cervecera',17,1,NULL,NULL,NULL),(17,0,'Centeno',18,1,NULL,NULL,NULL),(18,0,'Maíz',19,1,NULL,NULL,NULL),(19,0,'Mijo',20,1,NULL,NULL,NULL),(20,0,'Arroz cáscara',21,1,NULL,NULL,NULL),(21,0,'Sorgo granífero',22,1,NULL,NULL,NULL),(22,0,'Soja',23,1,NULL,NULL,NULL),(23,0,'Trigo blando',24,1,NULL,NULL,NULL),(24,0,'Trigo plata',25,1,NULL,NULL,NULL),(25,0,'Maíz flynt o plata',26,1,NULL,NULL,NULL),(26,0,'Maíz pisingallo',27,1,NULL,NULL,NULL),(27,0,'Triticale',28,1,NULL,NULL,NULL),(28,0,'Alpiste',30,1,NULL,NULL,NULL),(29,0,'Algodón',31,1,NULL,NULL,NULL),(30,0,'Cártamo',32,1,NULL,NULL,NULL),(31,0,'Poroto blanco natural oval y alubia',33,1,NULL,NULL,NULL),(32,0,'Poroto distinto del blanco oval y alubia',34,1,NULL,NULL,NULL),(33,0,'Arroz',35,1,NULL,NULL,NULL),(34,0,'Lenteja',46,1,NULL,NULL,NULL),(35,0,'Arveja',47,1,NULL,NULL,NULL),(36,0,'Poroto blanco seleccionado oval y alubia',48,1,NULL,NULL,NULL),(37,0,'Otras legumbres',49,1,NULL,NULL,NULL),(38,0,'Otros granos',50,1,NULL,NULL,NULL),(39,0,'Garbanzo',59,1,NULL,NULL,NULL);

--
-- Table structure for table `lpg_receipt_detail`
--

CREATE TABLE `lpg_receipt_detail` (
  `id` int(10) unsigned NOT NULL AUTO_INCREMENT,
  `user_id` int(10) unsigned NOT NULL,
  `lpg_receipt_id` int(10) unsigned NOT NULL,
  `saldo_id` int(10) unsigned NOT NULL,
  `concepto` varchar(191) COLLATE utf8mb4_unicode_ci DEFAULT NULL,
  `lpg_grano_id` int(10) unsigned NOT NULL,
  `cantidad` decimal(16,2) NOT NULL DEFAULT '0.00',
  `fac_elec_unidad_medida_id` int(10) unsigned NOT NULL,
  `precio` decimal(16,2) NOT NULL DEFAULT '0.00',
  `subtotal` decimal(16,2) NOT NULL DEFAULT '0.00',
  `created_at` timestamp NULL DEFAULT NULL,
  `updated_at` timestamp NULL DEFAULT NULL,
  `deleted_at` timestamp NULL DEFAULT NULL,
  PRIMARY KEY (`id`),
  KEY `lpg_receipt_detail_lpg_receipt_id_foreign` (`lpg_receipt_id`),
  KEY `lpg_receipt_detail_saldo_id_foreign` (`saldo_id`),
  KEY `lpg_receipt_detail_lpg_grano_id_foreign` (`lpg_grano_id`),
  KEY `lpg_receipt_detail_fac_elec_unidad_medida_id_foreign` (`fac_elec_unidad_medida_id`),
  CONSTRAINT `lpg_receipt_detail_fac_elec_unidad_medida_id_foreign` FOREIGN KEY (`fac_elec_unidad_medida_id`) REFERENCES `fac_elec_unidad_medidas` (`id`),
  CONSTRAINT `lpg_receipt_detail_lpg_grano_id_foreign` FOREIGN KEY (`lpg_grano_id`) REFERENCES `lpg_granos` (`id`),
  CONSTRAINT `lpg_receipt_detail_lpg_receipt_id_foreign` FOREIGN KEY (`lpg_receipt_id`) REFERENCES `lpg_receipts` (`id`),
  CONSTRAINT `lpg_receipt_detail_saldo_id_foreign` FOREIGN KEY (`saldo_id`) REFERENCES `conta_tipo_saldos` (`id`)
) ENGINE=InnoDB DEFAULT CHARSET=utf8mb4 COLLATE=utf8mb4_unicode_ci;

--
-- Dumping data for table `lpg_receipt_detail`
--


--
-- Table structure for table `lpg_receipts`
--

CREATE TABLE `lpg_receipts` (
  `id` int(10) unsigned NOT NULL AUTO_INCREMENT,
  `user_id` int(10) unsigned NOT NULL,
  `person_id` int(10) unsigned NOT NULL,
  `receipt_id` int(10) unsigned DEFAULT NULL,
  `fecha` date DEFAULT NULL,
  `num_comprobante` varchar(191) COLLATE utf8mb4_unicode_ci DEFAULT NULL,
  `created_at` timestamp NULL DEFAULT NULL,
  `updated_at` timestamp NULL DEFAULT NULL,
  `deleted_at` timestamp NULL DEFAULT NULL,
  PRIMARY KEY (`id`),
  KEY `lpg_receipts_person_id_foreign` (`person_id`),
  KEY `lpg_receipts_receipt_id_foreign` (`receipt_id`),
  CONSTRAINT `lpg_receipts_person_id_foreign` FOREIGN KEY (`person_id`) REFERENCES `persons` (`id`),
  CONSTRAINT `lpg_receipts_receipt_id_foreign` FOREIGN KEY (`receipt_id`) REFERENCES `receipts` (`id`)
) ENGINE=InnoDB DEFAULT CHARSET=utf8mb4 COLLATE=utf8mb4_unicode_ci;

--
-- Dumping data for table `lpg_receipts`
--


--
-- Table structure for table `mails`
--

CREATE TABLE `mails` (
  `id` int(10) unsigned NOT NULL AUTO_INCREMENT,
  `user_id` int(10) unsigned DEFAULT NULL,
  `name` varchar(255) COLLATE utf8mb4_unicode_ci NOT NULL,
  `created_at` timestamp NULL DEFAULT NULL,
  `updated_at` timestamp NULL DEFAULT NULL,
  `deleted_at` timestamp NULL DEFAULT NULL,
  PRIMARY KEY (`id`)
) ENGINE=InnoDB AUTO_INCREMENT=12 DEFAULT CHARSET=utf8mb4 COLLATE=utf8mb4_unicode_ci;

--
-- Dumping data for table `mails`
--

INSERT INTO `mails` VALUES (1,NULL,'Principal',NULL,NULL,NULL),(2,NULL,'Segundo',NULL,NULL,NULL),(3,NULL,'Tercero',NULL,NULL,NULL),(4,NULL,'Cuarto',NULL,NULL,NULL),(5,NULL,'Quinto',NULL,NULL,NULL),(6,NULL,'Sexto',NULL,NULL,NULL),(7,NULL,'Septimo',NULL,NULL,NULL),(8,NULL,'Octavo',NULL,NULL,NULL),(9,NULL,'Noveno',NULL,NULL,NULL),(10,NULL,'Decimo',NULL,NULL,NULL),(11,NULL,'Otro',NULL,NULL,NULL);

--
-- Table structure for table `mails_details`
--

CREATE TABLE `mails_details` (
  `id` int(10) unsigned NOT NULL AUTO_INCREMENT,
  `user_id` int(10) unsigned DEFAULT NULL,
  `mail` varchar(255) COLLATE utf8mb4_unicode_ci DEFAULT NULL,
  `telefono` varchar(255) COLLATE utf8mb4_unicode_ci DEFAULT NULL,
  `comentario` varchar(255) COLLATE utf8mb4_unicode_ci DEFAULT NULL,
  `mail_id` int(10) unsigned NOT NULL,
  `person_id` int(10) unsigned NOT NULL,
  `status` int(10) unsigned NOT NULL DEFAULT '1',
  `created_at` timestamp NULL DEFAULT NULL,
  `updated_at` timestamp NULL DEFAULT NULL,
  `deleted_at` timestamp NULL DEFAULT NULL,
  PRIMARY KEY (`id`),
  KEY `mails_details_mail_id_foreign` (`mail_id`),
  KEY `mails_details_person_id_foreign` (`person_id`),
  CONSTRAINT `mails_details_mail_id_foreign` FOREIGN KEY (`mail_id`) REFERENCES `mails` (`id`),
  CONSTRAINT `mails_details_person_id_foreign` FOREIGN KEY (`person_id`) REFERENCES `persons` (`id`)
) ENGINE=InnoDB AUTO_INCREMENT=31 DEFAULT CHARSET=utf8mb4 COLLATE=utf8mb4_unicode_ci;

--
-- Dumping data for table `mails_details`
--

INSERT INTO `mails_details` VALUES (8,1234,'micoccib@gmail.com','3424662791','',1,40719,1,'2020-10-29 21:13:37','2020-10-29 21:13:37',NULL),(9,1234,'gabrielleoveron@yahoo.com.ar','3425151500','',1,40760,1,'2020-11-01 23:15:12','2020-11-01 23:15:12',NULL),(10,1234,'LVeron@casinosantafe.com.ar','3425151500','',2,40760,1,'2020-11-01 23:15:12','2020-11-01 23:15:12',NULL),(18,1279,'fernandogarcia@serviciosviales.com.ar',NULL,NULL,1,40761,1,'2020-11-11 10:23:58','2020-11-11 10:23:58',NULL),(19,1279,'pagos@serviciosviales.com.ar',NULL,NULL,1,40761,1,'2020-11-11 10:23:58','2020-11-11 10:23:58',NULL),(20,1279,'ftrotbil@dolinsky.com.ar','3425161210',NULL,1,40779,1,'2020-11-12 17:35:51','2020-11-12 17:35:51',NULL),(23,1234,'fedejbruna@hotmail.com','3425241234','',1,40768,1,'2020-11-16 13:37:24','2020-11-16 13:37:24',NULL),(25,1279,'ALBERTO@IAF.CC',NULL,NULL,1,40798,1,'2021-01-25 14:03:03','2021-01-25 14:03:03',NULL),(29,1234,'retexsantafe@gmail.com','3424462121','',1,40800,1,'2021-02-07 19:49:18','2021-02-07 19:49:18',NULL),(30,1234,'juantorresi@live.com.ar','3425901599','',1,40720,1,'2021-02-07 20:56:20','2021-02-07 20:56:20',NULL);
DELIMITER ;;
/*!50003 CREATE*/ /*!50017 DEFINER=`forge`@`%`*/ /*!50003 TRIGGER `MailsDetail_BD` BEFORE DELETE ON `mails_details` FOR EACH ROW insert into back_up_mails_details (mail,telefono,comentario,mail_id,person_id,modificado)
values(old.mail,old.telefono,old.comentario,old.mail_id,old.person_id,now()) */;;
DELIMITER ;

--
-- Table structure for table `migrations`
--

CREATE TABLE `migrations` (
  `id` int(10) unsigned NOT NULL AUTO_INCREMENT,
  `migration` varchar(255) COLLATE utf8mb4_unicode_ci NOT NULL,
  `batch` int(11) NOT NULL,
  PRIMARY KEY (`id`)
) ENGINE=InnoDB AUTO_INCREMENT=835 DEFAULT CHARSET=utf8mb4 COLLATE=utf8mb4_unicode_ci;

--
-- Dumping data for table `migrations`
--

INSERT INTO `migrations` VALUES (1,'2014_10_12_000000_create_users_table',1),(2,'2014_10_12_100000_create_password_resets_table',1),(3,'2017_09_15_000000_CreateCountrysTable',1),(4,'2017_09_15_100000_CreateStatesTable',1),(5,'2017_09_15_221521_create_modules_table',1),(6,'2017_09_15_224048_create_usermodules_table',1),(7,'2017_12_04_172644_CreateTableActivitites',1),(8,'2017_12_04_181801_CreateTableReceiptTypes',1),(9,'2017_12_04_182416_CreateTableRetentionType',1),(10,'2017_12_04_190828_CreateTableTypes',1),(11,'2017_12_04_191413_CreateTableRetentions',1),(12,'2017_12_04_191537_CreateTableIIBBRetentions',1),(13,'2017_12_04_192126_CreateTableSystemTaxes',1),(14,'2017_12_04_202132_CreateTableZones',1),(15,'2017_12_04_210000_CreateTableOtherTaxes',1),(16,'2017_12_07_200000_CreateTableTaxAccounts',1),(17,'2017_12_07_202200_CreateTableStatus',1),(18,'2017_12_07_204438_CreateTablePersons',1),(19,'2017_12_07_204500_CreateTablePersonZones',1),(20,'2017_12_07_205029_CreateTablePeriods',1),(21,'2017_12_07_205700_CreateTableReceipts',1),(22,'2017_12_07_205819_CreateTableReceiptTaxes',1),(23,'2017_12_16_025744_CreateTableUserPersons',1),(24,'2018_02_01_205100_CreateTablePeriodLiquidation',1),(25,'2018_02_02_150420_ModPeriodLiq_CreateDetail',1),(26,'2018_02_06_162435_CreateTablePersonConfigurations',1),(27,'2018_03_07_162435_CreateTablesLiqIVA',1),(28,'2018_03_18_000010_IVAGroups',1),(29,'2018_03_20_000010_InsertsRT',1),(30,'2018_03_21_000010_UpdateRT',1),(31,'2018_03_26_232558_InsertsModules',1),(32,'2018_03_28_151014_CreateTablesBusinessModule',1),(33,'2018_04_11_124200_ModBusinessModule',1),(34,'2018_04_17_153900_ModBusinessModule2',1),(35,'2018_04_20_115000_TableBaseMonthsForPeriods',1),(36,'2018_04_24_155000_ModAddUsersBusiness',1),(37,'2018_04_27_162700_BusinessFieldsEmpresaMadre',1),(38,'2018_05_04_144100_BusinessViewValidateSave',1),(39,'2018_05_18_110400_FileUplodsBase_XLS',2),(40,'2018_05_30_183700_alter__system_taxes_to_system_taxese',3),(41,'2018_05_30_220512_alter__system_taxes__add__status',3),(42,'2018_05_31_221821_update_data_types',4),(43,'2018_06_03_1341_ProcedureAssingPeriodsTo',5),(44,'2018_06_04_001420_create_reportes_table',5),(45,'2018_06_04_2159_ProcedureReportesComprobantes',5),(46,'2018_06_05_104818_update_receipt_types__column__code',5),(47,'2018_06_05_171044_update__system__taxes__gravado0',5),(48,'2018_06_06_010459_create_procedure_creacion_empresa_usuario',5),(49,'2018_06_06_110700_UpdateReportesRutas',6),(50,'2018_06_07_011985_create_procedure_eliminasion_masiva_comprobantes',7),(51,'2018_06_09_141500_UpdateReportesRutasTableroAndModules',8),(52,'2018_06_10_203200_CreateViewReceiptsReports',9),(53,'2018_06_11_114580_UpdateTypesEliminacionMasiva',9),(54,'2018_06_19_110400_TableControlGeneral',10),(57,'2018_06_19_158985_InsertsModules_Control_General',11),(58,'2018_06_22_203200_CreateViewLiquidacionesIVA',12),(61,'2018_06_27_204440_alter_Table_Person_Configuration',13),(70,'2018_07_01_110401_InsertsModules_ClavesYMails',17),(71,'2018_07_01_110400_TableClavesYMails',18),(72,'2018_06_27_204436_CreateTableMails',19),(73,'2018_06_27_204437_CreateTableMailsDetails',19),(74,'2018_06_27_204438_CreateTableClaves',19),(75,'2018_06_27_204439_CreateTableClavesDetails',19),(76,'2018_07_07_011985_alter_procedure_eliminasion_masiva_comprobantes',20),(77,'2018_07_08_110400_UpdateTableClavesYMails',21),(78,'2018_07_11_011985_alter_procedure_eliminasion_masiva_comprobantes',22),(79,'2018_07_11_010459_alter_procedure_creacion_empresa_usuario',23),(80,'2018_07_15_110401_InsertsModules_Informacion',24),(81,'2018_07_17_110400_AddRegistroClavesYMails',25),(82,'2018_07_17_204439_CreateTableCharlasDetails',25),(83,'2018_07_11_011985_alter_procedure_eliminasion_masiva_comprobantes2',26),(90,'2018_07_18_110410_AddRegistroControlGeneral',26),(92,'2018_07_19_110404_SP_LiquidacionesHijas',26),(95,'2018_07_18_110400_TableVtoImpuestos',27),(96,'2018_07_18_110401_TableVtoFinCuit',27),(97,'2018_07_18_110402_TableImpuestoFinCuit',27);
INSERT INTO `migrations` VALUES (98,'2018_07_18_110403_TableVtoVencimiento',27),(99,'2018_07_18_110405_TableCategoriaImpuesto',27),(100,'2018_07_18_110409_TablePerson_Impuesto',27),(102,'2018_07_18_110412_CreateView_VencimientosAnuales',27),(103,'2018_07_18_110412_CreateView_liquidaciones_iibb',28),(104,'2018_07_18_110413_AddRegistroControlGeneral2',28),(105,'2018_07_18_110414_AddColumnTablePerson_Impuesto',28),(107,'2018_07_27_110400_InsertsModules_Impuestos',30),(115,'2018_07_29_110405_AddTypesAsientoSueldos',32),(116,'2018_07_29_110398_TableContaTipoCuentas',33),(117,'2018_07_29_110399_TableContaTipoSaldos',33),(118,'2018_07_29_110400_TableContaPlanCuenta',33),(119,'2018_07_29_110401_TableContaTipoDeAsientos',33),(126,'2018_08_06_110400_CreateTableEjerciciosAnteriores',36),(127,'2018_08_06_110400_AddTypesExportar',37),(128,'2018_08_12_110404_SP_LiquidacionesHijasActualizadas',38),(129,'2018_08_16_110400_AddReporteIVA',39),(130,'2018_08_16_110401_EditReporteLiquidacionesIIBB',39),(135,'2018_08_26_110400_InsertsModules_MonotributoIIBB',41),(136,'2018_08_66_110401_CreateTableCategoriasMonotributo',41),(139,'2018_08_22_093000_SP_LiquidacionesHijasFiltrosCorregidos',42),(140,'2018_08_30_110400_SP_DeleteLiquidationStatus1',43),(141,'2018_09_02_110400_SP_AsientoSueldo',44),(142,'2018_09_02_110401_SP_IIBBGasto',44),(143,'2018_09_02_110402_SP_ProyecGanancias',44),(144,'2018_09_02_110403_SP_RetencionesGanancias',44),(145,'2018_09_02_110404_SP_AnticiposGanancias',44),(146,'2018_09_03_110400_CreateViewLiquidacionesIVACorregida',45),(147,'2018_09_03_110401_CreateView_liquidaciones_iibbCorregida',45),(148,'2018_06_29_114600_CreateView_Proyeccion_Ganancias',46),(149,'2018_08_01_110401_CreateView_IIBB_Gasto',46),(150,'2018_08_05_110401_CreateView_AntGanan_SIRCREB_Compen',46),(151,'2018_08_01_110400_CreateView_Asientos',47),(152,'2018_08_05_110400_CreateView_RetencionesGanancias',47),(153,'2018_08_27_110400_CreateView_ProyecGananciasAll',48),(154,'2018_08_31_161300_TablesFacturaElectronica',49),(155,'2018_09_06_110400_InsertsModules_CtasCtes',50),(160,'2018_09_15_110400_AddColumnTablePersonConfiguration',50),(161,'2018_09_18_110400_InsertsModules_Bancos',50),(162,'2018_09_19_110400_SP_assingFromPeriodsPerson',51),(169,'2018_07_29_110402_TableContaAsientos',53),(170,'2018_07_29_110404_TableContaAsientosDetails',53),(171,'2018_09_10_110402_CreateView_CtaCteAsientos',53),(172,'2018_09_13_110400_AddColumnTableContaAsientos',53),(173,'2018_09_10_110400_CreateView_CtaCteSaldosCajas',54),(174,'2018_09_21_110400_AddColumnTableContaAsientosDebeHaber',54),(175,'2018_09_23_110400_InsertsModules_Gastos',54),(176,'2018_09_23_110401_TableCtaCteTiposDeGastos',54),(177,'2018_09_23_110402_TableCtaCteCuentaTipo',54),(178,'2018_09_23_110403_TableCtaCteCentrosCostos',54),(179,'2018_09_24_110400_TableCtaCteGastosMensuales',54),(180,'2018_09_27_110400_AddColumnTableContaAsientosPagado',54),(181,'2018_10_05_110400_InsertsModules_TableroControl',54),(183,'2018_10_09_110400_AddColumnTablePersonConfigurationBanco',56),(184,'2018_09_10_110401_CreateView_CtaCteClientes',57),(185,'2018_10_15_110400_TableCtaCteBancos',58),(186,'2018_10_15_110401_TableCtaCteCheques',58),(187,'2018_10_16_110400_CreateView_CtaCteCheques',58),(188,'2018_10_18_110400_CreateView_ConsultaComprobantes',59),(189,'2018_07_18_110411_CreateView_VencimientoImpuestos',60),(190,'2018_10_22_110400_TableCtaCteBancosDatos',61),(191,'2018_11_02_110400_AddColumnTableReceiptComprobanteAFIP',62),(192,'2018_11_04_110400_CreateTableClavesDetailsBackUp',62),(193,'2018_11_04_110401_CreateTableMailsDetailsBackUp',62),(194,'2018_11_04_110402_CreateTableCharlasDetailsBackUp',62),(195,'2018_11_04_110403_TriggerClaves',62),(196,'2018_11_04_110404_TriggerMails',62),(197,'2018_11_04_110405_TriggerCharla',62),(198,'2018_11_08_010400_modify_procedure_creacion_empresa_usuario',62),(199,'2018_11_10_110400_AddColumnTableChequesFoto',62),(200,'2018_11_19_110400_ModifyView_VencimientoImpuestos',62);
INSERT INTO `migrations` VALUES (201,'2018_11_23_110400_DeleteForeignKeyCtaCteCheques',62),(202,'2018_11_26_110400_AddColumnTableVto_categoria_imp',62),(203,'2018_11_26_110401_CreateSPMonotributistas',62),(204,'2018_11_28_110400_CreateTableCategoriasIIBB',62),(205,'2018_11_28_110401_UpdateTableVto_categoria_imp',62),(206,'2018_11_28_110402_CreateView_IIBBRegSimpl',62),(207,'2018_12_05_110400_CreateView_PDF_ConsultaComprobantes',62),(208,'2018_12_06_110400_Add_data_types_libros',62),(209,'2018_12_07_110400_ViewLiquidacionesIVALiquidador',62),(210,'2018_12_07_110401_View_liquidaciones_iibbLiquidador',62),(211,'2018_12_09_110400_AddColumnFileReceipts',62),(212,'2018_12_11_110400_InsertsModules_Contabilidad',62),(213,'2018_12_12_110400_TableBalanceLibro',62),(214,'2018_12_12_110401_TableBalanceLibroDetails',62),(215,'2018_12_12_110402_AddContaTipoDeAsientos',62),(216,'2018_12_13_110400_UpdateTableContaPlanCuenta',62),(217,'2018_12_26_110400_CreateSPAsientosContables',62),(218,'2019_01_01_110400_AddColumnContaPlanCuenta',62),(219,'2019_01_02_110400_InsertsModules_ContabilidadPlanCuenta',62),(220,'2019_01_02_110401_AddCuentasTableContaPlanCuenta',62),(221,'2019_01_02_110402_ModifyRubroContaPlanCuenta',62),(222,'2019_01_03_11040_ModifyVentasPlanCuenta',62),(223,'2019_01_03_11041_ModifyPlanCuentasNiveles',62),(224,'2019_01_04_110400_AddColumnContaPlanCuentaNoEditable',62),(225,'2019_01_04_110401_ModifyColumnBalanceLibro',62),(226,'2019_01_04_110402_ModifySPAsientosContables',62),(227,'2019_01_04_110403_ModifyPlanCuentasNiveles5',62),(228,'2019_01_04_110404_InsertsModules_ContabilidadReportes',62),(229,'2019_01_06_110400_ModifyTableCategoriasMonotributo',62),(230,'2019_01_06_110401_ModiyfyContaPlanCuentaNivel5',62),(231,'2019_01_06_110402_SPSumasYSaldos',62),(232,'2019_01_07_110400_ModifyView_CtaCteClientes',62),(233,'2019_01_08_110400_ModiyfyOtraVezContaPlanCuentaNivel5',62),(234,'2019_01_08_110401_ModifySPAsientosContablesV1',62),(235,'2019_01_08_110402_UpdateTableVtoVencimiento2019',62),(236,'2019_01_08_110403_UpdateTableCategoriasMonotributo',62),(237,'2019_01_08_1104043_UpdateTableCategoriasIIBB',62),(238,'2019_01_09_110400_AddColumnconta_tipo_asientosOrderBy',62),(239,'2019_01_09_110401_ModifySPAsientosContablesOrderBy',62),(240,'2019_01_09_110402_UpdateValores2019vto_categoria_imp',62),(241,'2019_01_09_135600_SPAsignacionPeriodosEntreFechas',62),(242,'2019_01_16_110400_ModifySPAsientosContablesV2',62),(243,'2019_01_17_110400_InsertsModules_ContabilidadLibros',62),(244,'2019_01_17_110401_Delete_data_types_libros',62),(245,'2019_01_18_110400_ModifySPAsientosContablesV3',62),(246,'2019_01_19_110400_ModifySPAsientosContablesMensuales',62),(247,'2019_01_20_110400_InsertsModules_Administracion',62),(248,'2019_01_21_110400_CreateTableDbAbuelas',62),(249,'2019_01_21_110400_SP_AsientoSueldoV1',62),(250,'2019_01_24_110400_ModifySPAsientosContablesMensualesV1',62),(251,'2019_01_24_110401_ModiyfyContaPlanCuentaNivelV1',62),(252,'2019_01_24_110402_Modify_CtaCteSaldosCajasV1',62),(253,'2019_02_08_110400_InsertsModules_Mails',62),(254,'2019_02_10_183012_create_jobs_table',62),(255,'2019_02_11_110400_AddColumnTdbAbuelasLocalidad',62),(256,'2019_02_11_110401_ModifyPlanCuentasNiveles6',62),(257,'2019_02_11_110401_SP_VtoImpuestosMail',62),(258,'2019_02_12_110400_UpdateValores2019vto_categoria_impV1',62),(259,'2019_02_12_110401_SP_VtoImpuestosMailV1',63),(260,'2019_02_12_110402_AddColumnTablePersonConfigurationEnviarMail',63),(261,'2019_02_15_011342_create_failed_jobs_table',63),(262,'2019_02_15_110400_AddHonorarioToTableVtoVencimiento',63),(263,'2019_02_17_110400_AddTypeUserOperador',63),(264,'2019_02_22_110400_CreateTableVto_person_impuestos_creados',63),(265,'2019_03_06_110400_UpdateTableCategoriasMonotributoV1',64),(266,'2018_09_17_115300_UpdateConDatosTablesFacturaElectronica',65),(267,'2018_09_21_110401_CreateView_CtaCteClientes',65),(268,'2018_09_27_154000_ModifyTablesFacturaElectronica',65),(269,'2019_01_12_090909_ModifyTablesFacturaElectronicaPuntoVenta',65);
INSERT INTO `migrations` VALUES (270,'2019_03_13_110400_CreateView_CtaCteClientesV2',66),(271,'2019_03_13_110401_AddColumnContaAsiento',67),(272,'2019_03_20_110400_UpdateValores2019vto_categoria_impAutonomosMarzo',68),(273,'2019_03_20_110400_UpdateValores2019vto_categoria_impAutonomosMarzoV1',69),(274,'2019_03_20_110401_CreateTablePruebaGratis',70),(275,'2019_03_27_110400_AddColumnTableBalanceLibro',71),(276,'2019_03_29_110400_SP_VtoImpuestosMailV2',72),(277,'2019_04_04_110400_ModifyPlanCuentasNiveles7',73),(278,'2019_04_09_110400_AddColumnPersonPlanCuentaId',74),(279,'2019_04_09_110401_AddColumnReceiptPlanCuentaId',74),(280,'2019_04_05_110400_AddColumnTableReceiptTypes',75),(281,'2019_04_14_110400_Insert_data_typesMisComprobantes',75),(282,'2019_04_28_110400_DeleteRegisterReportes',76),(283,'2019_04_30_110400_CorreccionTableVtoVencimiento2019',77),(284,'2019_04_22_110400_AddColumnAndUpdateCuenta_idInTablesImpuestos',78),(285,'2019_04_23_110400_AddRegisterTableSystemTaxes',78),(286,'2019_04_25_110400_AddColumnTableOtherTaxes',78),(287,'2019_05_02_110400_SPExportarComprobantes',78),(288,'2019_05_14_110400_AddRegisterReceiptTypes',79),(289,'2019_05_24_110400_UpdatePersons',80),(292,'2019_06_07_110400_AddColumnUser',81),(294,'2019_06_21_110400_TableActas',82),(295,'2019_06_27_110400_SPExportarComprobantes',83),(296,'2019_06_28_110400_AddRegisterTActas',84),(297,'2019_03_04_110400_UpdateSystemTaxesAfipAlicuota',85),(298,'2019_04_01_100000_ModificacionesFADetallesCondicionesVenta',85),(299,'2019_04_19_100000_TablasFacturaElectronicaMasiva',85),(300,'2019_06_27_110400_SPUpdateHonorario',86),(301,'2019_07_09_110400_AddColumnFacEleRecDetail',86),(302,'2019_07_10_110400_AddColumnPersonConfig',87),(303,'2019_07_11_110400_ModifySPproyecGanancias',87),(304,'2019_07_11_110401_ModifySPAsientoSueldo',87),(305,'2019_07_11_110402_ModifySPiibb_gasto',87),(306,'2019_07_11_110403_ModifySPRetenciones',87),(307,'2019_07_11_110404_ModifySPAnticipoGanancias',87),(308,'2019_07_11_110405_ModifySPIIBB_Gasto',88),(309,'2019_07_11_110406_SPLiquidacionesIVA',88),(310,'2019_07_11_110407_SPLiquidacionesIIBB',88),(311,'2019_07_11_110408_ModifySPMonotributistas',89),(312,'2019_07_11_110409_ModifySPIIBB_GastoV1',90),(313,'2019_07_11_110410_SPReceipts',91),(314,'2019_07_11_110411_SPReceiptsForExporTXT',92),(315,'2019_07_14_110400_TableFEUnidadMedida',93),(316,'2019_07_14_110401_TableCondicionFrenteIVA',93),(317,'2019_07_14_110402_AddColumnCondFrenteIVAFE',93),(318,'2019_07_15_110401_ModifySPMonotributistasV1',93),(319,'2019_07_215_110400_DeleteRegisterSystemTaxes',93),(320,'2019_07_18_110400_ModifySPIIBB_GastoV2',94),(321,'2019_07_18_110401_ModifySPLiquidacionesIIBB',94),(322,'2019_07_18_110403_ModifySPLiquidacionesIVA',94),(323,'2019_07_23_110400_AddColumnFEMasivaDetalle',95),(324,'2019_07_29_110400_AddColumnReceiptType_FE',96),(325,'2019_08_05_110400_DeleteForeingKeyTableReceiptFactElec',97),(327,'2019_08_07_110400_UpdateValores2019vto_categoria_impAutonomosJunio',98),(328,'2019_08_07_110401_InsertsModules_Configuracion',99),(329,'2019_08_11_110401_InsertsModules_CerrarPeriodosContabilidad',100),(330,'2019_08_20_110400_AddColumnFEPuntoVenta',101),(331,'2019_08_20_110401_AddModuleFEConfiguracion',101),(332,'2019_08_23_110400_DeleteCuentaPlanCuenta',102),(333,'2019_08_28_110400_ModifyActasModelos',103),(334,'2019_09_26_110400_ModifyView_IIBBRegSimpl',104),(335,'2019_10_01_110400_UpdateTableCategoriasIIBBV2',105),(336,'2019_10_01_110401_UpdateValores2019vto_categoria_impAutonomosSeptiembre',106),(337,'2019_09_17_110400_TableCtaCteClientes',107),(338,'2019_09_17_110401_AddModuleCtaCteCliente',107),(339,'2019_09_19_110400_SPCtaCteCliente',107),(340,'2019_09_22_110400_AddColumnBalanceLibroCtaCteCliente',107),(341,'2019_09_23_110400_ModifySPAsientosContablesV2',107),(342,'2019_09_24_110400_TableCtaCtePivotReceipt',107),(343,'2019_09_25_110400_ModifyCuentasContablesRetenciones',107),(344,'2019_09_2_110401_AddRegisterContaTipoAsientos',107);
INSERT INTO `migrations` VALUES (345,'2019_10_04_110398_AddColumnPlanCuenta',108),(346,'2019_10_04_110399_DeleteColumnBalanceLibro',108),(347,'2019_10_04_110400_TableCtaCteTesoreriaCuentas',108),(348,'2019_10_04_110401_TableCtaCteTesoreriaCtaCte',108),(349,'2019_10_04_110402_AddColumnBalanceLibroCtaCteTesoreria',108),(350,'2019_10_04_110404_ModifyTableCtaCteCheques',108),(351,'2019_10_05_110404_ModifyTableCtaCteCcliente',108),(352,'2019_10_06_110400_AddModuleTesoreria',108),(353,'2019_10_09_110400_SPCtaCteClienteUpdate',108),(354,'2019_10_16_11040_AddRegisterContaTipoAsientos22',108),(355,'2019_10_24_110400_AddModuleNoFiscal',109),(356,'2019_10_24_110401_TablesNoFiscal',109),(357,'2019_10_30_110400_ModifySPAsientosContablesV3',109),(358,'2019_29_10_110400_ModifyTablesNFRelashionship',109),(359,'2019_11_03_110400_AddFacturaElectronicaPyme',110),(360,'2019_11_08_110400_TablesGanancias',111),(361,'2019_11_08_110401_AddModuleGanancias',111),(362,'2019_11_18_110400_AddModuleBienesPersonales',112),(363,'2019_11_18_110400_TablesBienesPersonales',112),(364,'2019_11_20_110400_UpdateDataTypeLibroIvaDigital',113),(365,'2019_11_21_110400_AddColumnPersonConfFELeyenda',114),(366,'2019_11_24_110400_TablesAsientosModelos',115),(367,'2019_11_27_110400_TablesObligacionesAnuales',116),(368,'2019_11_27_110401_AddModuleObligacionesAnuales',116),(369,'2019_12_06_110400_UpdateDataTypeAFIP',117),(370,'2019_12_06_110401_AddModuleControlAfip',118),(371,'2019_12_06_110402_TableControlCuitsAfip',118),(372,'2019_12_08_110400_AddColumnJobs',118),(373,'2019_12_09_110401_TablesRecibos',119),(374,'2019_12_09_11040_AddModuleRecibo_Presupuesto',119),(375,'2019_12_14_110400_DeleteTableFE',120),(376,'2019_12_16_110400_TablesDeudasImpositivas',121),(377,'2019_12_16_110401_AddModuleDeudasImpositivas',121),(378,'2019_12_18_110400_AddUserFirma',121),(379,'2019_12_23_110400_TablesPresupuestos',122),(380,'2019_12_24_110400_UpdateTableBalanceAddUser',123),(381,'2020_01_07_110400_ModifyForeingConstrainBalanceLibro',124),(382,'2020_01_08_110400_AddIIBBCordoba',125),(383,'2020_01_09_110399_AddIIBBCordobaRegSimp',126),(384,'2020_01_09_110400_UpdateTableVtoVencimiento2020',126),(385,'2020_01_09_110401_UpdateTableCategoriasMonotributo2020',126),(386,'2020_01_09_110402_UpdateTableCategoriasIIBB2020',126),(387,'2020_01_09_110403_UpdateValores2020vto_categoria_imp',126),(388,'2020_01_09_110404_UpdateVencimientosPerson2020',126),(389,'2020_01_12_110400_ModifySPMonotributistasV2',127),(390,'2020_01_13_110400_AddSoftDeletePeriodLiquidations',128),(391,'2020_01_14_110400_SPExportarComprobantesV2',129),(392,'2020_01_14_110401_ModifySPRetencionesV1',129),(393,'2020_01_14_110402_ModifySPAnticipoGananciasV1',129),(394,'2020_01_16_110400_ModifySPMonotributistasV3',130),(395,'2020_01_16_110401_UpdateValores2020vto_categoria_impV1',131),(396,'2020_01_16_110402_UpdateVencimientosPerson2020V1',131),(397,'2020_01_15_110400_TableTUser_Persons',132),(398,'2020_01_15_110401_TablesNotificaciones',132),(399,'2020_01_27_110400_AddReceiptTypeCierreZ',133),(400,'2020_01_28_110400_TablesGananciasV1',134),(401,'2020_01_28_110401_TablesGanancias2020',135),(402,'2020_01_30_110400_DeleteRegisterNoFicalContabilidad',136),(403,'2020_01_30_110400_ModifySPAsientosContablesMensualesV2',137),(404,'2020_01_30_110401_ModifySPAsientosContablesV4',138),(405,'2020_01_30_110402_DeleteSPAsientosContablesMensuales',139),(406,'2020_01_31_110400_AddUserIdVariasTables',140),(407,'2020_01_29_110400_AddColumnCtasTesoreriaContaAsientos',141),(408,'2020_02_06_110400_View_CtaCteClientesV3',141),(409,'2020_02_06_110401_AddCuentasMiasTesoreria',141),(410,'2020_02_07_110400_AddColumnPersonConfigLiqEsp',142),(411,'2020_02_08_110400_AddColumnPersonConfigLiqEspV1',143),(412,'2020_02_08_110401_AddColumnCtaCteCuentasTesoreriaCtaCteGastos',144),(413,'2020_02_09_110400_DeleteColumnPlanCuenta',145),(414,'2020_02_10_110400_ModifySPAsientoSueldo2020',146),(415,'2020_02_11_110400_ModifyView_CtaCteChequesV1',147),(416,'2020_02_13_110400_SPSumasYSaldosV1',148);
INSERT INTO `migrations` VALUES (417,'2020_02_13_110401_AddSoftDeleteCtaCteCheques',149),(418,'2020_02_19_110400_AddReceiptTypeCompraBsUsados',150),(419,'2020_02_19_110401_AddColumnTusersTypesUsers',151),(420,'2020_02_19_110402_DeleteSPNoUsoMas',152),(421,'2020_02_20_110400_AddColumnReceiptToFacEleReceitp',153),(422,'2020_02_25_110400_DeleteSPNoUsoMasV2',154),(423,'2020_02_26_110400_AddMonotributoSocial',155),(424,'2020_02_26_110401_UpdateReceiptTypeLetra',155),(425,'2020_02_27_110400_UpdateGananciasArt90',156),(426,'2020_02_28_110400_TableAjPorInflacionIndices',157),(427,'2020_03_02_110400_AddColumnPersonConfigCtaCteTesCuenta',158),(428,'2020_03_08_110400_AddModuleVentanillaElect',159),(429,'2020_03_08_110400_TablesVentanillaElec',160),(430,'2020_03_20_110400_UpdateReceiptTiquetZ',161),(431,'2020_04_16_110400_UpdateSystemTaxes',162),(432,'2020_05_18_110400_View_PdfConsultaComprobantes',163),(433,'2020_05_24_110400_TablesRemitos',164),(434,'2020_05_27_110400_AddImpuestoSegHigiene',165),(435,'2019_08_12_110400_AddColumnsTModules',166),(436,'2019_08_13_110399_InsertsModulesSueldo',167),(437,'2019_08_13_110400_TableSueldosSyJTipoEmpleador',167),(438,'2019_08_13_110401_TableSueldosSyJAlicuotaAporteContribucion',167),(439,'2019_08_13_110402_TableSueldosSyJActividad',167),(440,'2019_08_13_110403_TableSueldosSyJObraSocial',167),(441,'2019_08_13_110404_TableSueldosSyJZonaGeografica',167),(442,'2019_08_13_110405_TableSueldosSyJTituloLey20744',167),(443,'2019_08_13_110406_TablePais',167),(444,'2019_08_13_110407_TableLocalidad',167),(445,'2019_08_13_110408_TableCalle',167),(446,'2019_08_13_110408_TableSueldosSyJEmpAfecta',167),(447,'2019_08_13_110409_TableSueldosSyJTipoLiquidacion',167),(448,'2019_08_13_110412_TableSueldosSyJEmpAlcance',167),(449,'2019_08_13_110413_TableSexo',167),(450,'2019_08_13_110414_TableNacionalidad',167),(451,'2019_08_13_110415_TableEstadoCivil',167),(452,'2019_08_13_110416_TableTipoDocumento',167),(453,'2019_08_13_110417_TableSyJEmpEstado',167),(454,'2019_08_13_110418_TableSyJObraSocPlanes',167),(455,'2019_08_13_110419_TableSyJFormaPago',167),(456,'2019_08_13_110421_TableSyJEmpSituacionRevista',167),(457,'2019_08_13_110422_TableSyJEmpCondicion',167),(458,'2019_08_13_110423_TableSyJEmpModalidadContratacion',167),(459,'2019_08_13_110424_TableSyJEmpCodSiniestro',167),(460,'2019_08_13_110425_TableSyJRegimen',167),(461,'2019_08_13_110426_TableSyJEmpParentesco',167),(462,'2019_08_13_110427_TableSyJConfig',167),(463,'2019_08_13_110428_TableSyJDomiclioExplotacion',167),(464,'2020_03_17_110399_TableSeccionesCargoCCosto',167),(465,'2020_03_17_110400_TableConvenios',167),(466,'2020_03_17_110401_TableReferencias',167),(467,'2020_03_17_110402_SYJFunciones',167),(468,'2020_03_17_110402_TableAntesConceptos',167),(469,'2020_03_17_110402_TableConceptos',167),(470,'2020_03_17_110402_TablePivotConceptoCategoria',167),(471,'2020_03_17_110402_TablePivotConceptoTipoLiquidaciones',167),(472,'2020_03_17_110410_TableEmpleados',167),(473,'2020_03_17_110411_TablePivotEmpleadoConcepto',167),(474,'2020_03_19_110400_SYJPeriods',167),(475,'2020_03_19_110401_SYJLiquidaciones',167),(476,'2020_03_29_110400_SYJLiquidacionEmpleado',167),(477,'2020_04_03_110400_TablePivotConceptoCantidadValor',167),(478,'2020_04_07_110400_TablePivotConceptoEscala',167),(479,'2020_04_19_110400_AddColumnConceptosFiltrosAsoc',167),(480,'2020_04_19_110401_TableSyJEmpleadoFamiliar',167),(481,'2020_04_19_110402_TableSyJEmpleadoVacaciones',167),(482,'2020_04_26_110400_TableSyJReportes',167),(483,'2020_04_26_110401_TableSyJTablasdelSistema',167),(484,'2020_04_27_110400_AddColumnEmpleados',167),(485,'2020_04_27_110401_AddColumnCodigosAfip',167),(486,'2020_04_28_110399_TableSICOSSFormatValor',167),(487,'2020_04_28_110400_TableSICOSS',167),(488,'2020_04_28_110401_TablePivotConvenioFormatoSicoss',167),(489,'2020_04_28_110402_AddColumnPivotFormatoSicossConv',167),(490,'2020_04_29_110400_AddColumnFormatoSicossDetalleV1',167),(491,'2020_04_29_110401_AddColumnFormatoSicossDetalle',167);
INSERT INTO `migrations` VALUES (492,'2020_04_30_110400_AddColumnDomicilios',167),(493,'2020_05_02_110400_AddColumnControlaTopes',167),(494,'2020_05_05_110400_TableSindicatos',167),(495,'2020_05_07_110400_SYJPeriodsAddColumn',167),(496,'2020_05_07_110401_AddColumnBalanceLibroSueldos',167),(497,'2020_05_10_110400_AddColumnTablasFunciones',167),(498,'2020_05_11_110400_AddColumnTablaMasterEmpDomestica',167),(499,'2020_05_19_110400_TablePivotEmpleadoExcluirConcepto',167),(500,'2020_05_22_110400_InsertsModulesBlog',167),(501,'2020_05_22_110400_SYJPeriodsEmpDomestica',167),(502,'2020_05_25_110399_AddImpuestoSegHigiene',167),(503,'2020_05_25_110400_AddColumnVtoImpuestos',167),(504,'2020_05_26_110400_AddColumnSyJLiquidaciones',167),(505,'2020_05_26_110402_AddColumnSyJFormatoSicossDetalle',167),(506,'2020_12_31_110400_CopyDatoFromDBTaxes',167),(507,'2020_05_31_110400_InsertsModulesConfigUser',168),(508,'2020_06_03_110400_UpdateVtoImpuestos',169),(509,'2020_06_07_110400_InsertsModulesConfigAltaAbuela',170),(510,'2020_06_09_110400_AlterTableSyJConfig',170),(511,'2020_06_09_110400_InsertTablaReferencia',170),(512,'2020_06_11_000000_create_blogs_table',170),(513,'2020_06_14_110400_TableContactos',170),(514,'2020_06_14_110400_TablePlanesSuscripcion',170),(515,'2020_06_14_110401_TablePlanesSuscripcionV1',170),(516,'2020_06_19_110400_TableAjPorInflacionIndicesV1',170),(517,'2020_06_22_110400_AddColumnUsers',170),(518,'2020_06_22_110401_TableUserCtaCte',170),(519,'2020_06_25_110400_TableSyJG4OtrosEmpleos',170),(520,'2020_06_25_110401_TableSyJG4Deducciones',170),(521,'2020_06_25_110402_TableSyJG4DeducPersonales',170),(522,'2020_06_25_110403_TableSyJG4Art90',170),(523,'2020_07_02_110400_InsertsGravImpGcias',170),(524,'2020_07_02_110401_TableSyJG4Detail',170),(525,'2020_07_04_110402_AddColumnSyJG4TipoDeducPers',170),(526,'2020_07_05_110401_TableSyJG4F1357',170),(527,'2020_07_06_110400_AddReceiptTypeCuentaVenta',170),(528,'2020_07_07_110400_AddImpuestoIIBBCorrientes',170),(529,'2020_07_07_110400_InsertConceptoReferencia',170),(530,'2020_07_09_110400_AddColumnDeducGenerales',170),(531,'2020_07_10_110400_AddColumnDBAbuela',170),(532,'2020_07_12_110400_UpdateTableTesoreriaCtas',170),(533,'2020_07_13_110400_AddImpuestoIIBBSantaFe',170),(534,'2020_07_14_110400_TablesLPG',170),(535,'2020_07_17_110400_AddColumnReceiptTypeLPG',170),(536,'2020_07_17_110401_AddColumnReceiptLPG',170),(537,'2020_07_19_110400_AddRegisterUserPersonDbAbuela',170),(538,'2020_07_20_110400_UpdateBsPersonales',170),(539,'2020_07_25_110400_AddReceiptTypeTiquet',170),(540,'2020_07_25_1104041_AddReceiptTypeColumnShowFromTotal',170),(541,'2020_07_31_110400_TablesAfipServicios',170),(542,'2020_08_06_1104001_UpdateImpuestosSegunTablas',170),(543,'2020_08_06_110400_UpdateAutonomos',170),(544,'2020_08_08_110400_UpdateConveniosEmpAfecta',170),(545,'2020_08_12_110400_TablesDebitosAutomaticos',170),(546,'2020_08_18_110400_AddReceiptTypeSectorPecuario',170),(547,'2020_08_19_110400_UpdateSectorPecuario',170),(548,'2020_08_23_110400_AddColumnReceiptIVAApertura',170),(549,'2020_08_24_110400_AddColumnLiqIvaDetail',170),(550,'2020_08_24_110401_TablesIVAAgrupacion',170),(551,'2020_08_24_110401_UpdateReceiptsCredit',170),(552,'2020_08_25_110400_AddColumnIVACreditosTipos',170),(553,'2020_08_26_110400_AddOperaciones',170),(554,'2020_08_27_110400_TableFaq',170),(555,'2020_08_27_110400_UpdateFuncionesCantidad',170),(556,'2020_08_29_110400_TableSyJRecibosModelo',170),(557,'2020_08_30_110400_UpdateReciboModelo',170),(558,'2020_08_30_110401_UpdatePeriodLiquidationDetail',170),(559,'2020_08_31_110400_UpdateOperacionesImporte',170),(560,'2020_09_01_110400_AddActivities',170),(561,'2020_09_01_110401_TableZoneActivities',170),(562,'2020_09_01_110402_AddColumnPeriodLiqDetail',170),(563,'2020_09_01_110403_TablePeriodLiquidationIIBB',170),(564,'2020_09_05_110400_AddRecibosModelo',170),(565,'2020_09_06_110400_AddColumnPersonActivities',170),(566,'2020_09_06_110401_AddColumnFAMasivaActivity',170);
INSERT INTO `migrations` VALUES (567,'2020_09_09_110400_UpdateRetenciones',170),(568,'2020_09_18_110402_AddSyJReciboModelo',170),(569,'2020_09_23_110400_AddColumnUserCtaCte',170),(570,'2020_09_24_110400_AddImpuestoIIBBEntreRios',170),(571,'2020_09_25_110400_AddColumnUserCtaCteIngEgr',170),(572,'2020_09_25_110400_AddImpuestoProfesionalesLiberalesEntreRios',170),(573,'2020_09_26_110400_AlterColumnFactElecReceipt',170),(574,'2020_09_27_110400_AddColumnMonth',170),(575,'2020_09_28_110400_AddColumnSyJConfig',170),(576,'2020_10_04_110400_CorrecionPersons',170),(577,'2020_10_05_110403_TableCursos',170),(578,'2020_10_05_110403_TableCursosDetail',170),(579,'2020_10_14_110400_AddReceiptTypeSectorPecuario2',170),(580,'2020_10_15_110400_AddFuncionesDeValor',170),(581,'2020_10_15_110401_UpdateReceiptsCredit2',170),(582,'2020_10_27_110400_AddColumnConceptos',171),(583,'2020_10_27_110401_AddFuncionesDeCantidad1',171),(584,'2020_10_27_110401_AddFuncionesDeImporte1',171),(585,'2020_10_27_110401_AddFuncionesDeValor1',171),(586,'2020_10_23_110400_InsertsModulesContConfig',172),(587,'2020_11_02_110400_InsertTablaReferencia1',173),(588,'2020_11_03_110400_TableUsersPersonsBlock',174),(589,'2020_11_04_110400_ViewLiquidacionesIVA',175),(590,'2020_11_05_110400_AddReceiptType1',176),(591,'2020_11_11_110400_AddImpuestoIIBBRioNegro',177),(592,'2020_11_13_110400_AddColumnPersonConfigProIVA',177),(593,'2020_11_13_110400_AddImpuestoIIBBNeuquen',177),(594,'2020_11_19_110400_UpdateReceiptsType',178),(595,'2020_11_20_110400_AddIndicesAxI',179),(596,'2020_10_19_110400_TableSyJConceptosAfip',180),(597,'2020_10_19_110401_AddColumnSyJConceptos',180),(598,'2020_10_20_110400_TableSyJLsdImpConc',180),(599,'2020_10_20_110401_AddFuncionesFormatoSicoss',180),(600,'2020_10_20_110401_TableSyjLsdReg',180),(601,'2020_10_20_110402_AddFormatoSicoss',180),(602,'2020_11_24_110400_AddColumnSyJFromatoSICOSS',180),(603,'2020_11_26_110400_ModifyConceptosAFIP',181),(604,'2020_11_28_110400_AddColumnCtaCteCliente',182),(605,'2020_12_02_110400_TableUsersLogged',183),(606,'2020_12_04_110400_AddImpuestoIIBBCorrientes2',184),(607,'2020_12_04_110400_AddImpuestoManifestacionDeGanado',184),(608,'2020_12_03_110399_UpdateTarjetaTaxes',185),(609,'2020_12_03_110400_TableTarjetaTXT',185),(610,'2020_12_07_110400_AddColumnSyjLiqEmpleado',186),(611,'2020_12_22_110400_UpdateArt90',187),(612,'2020_01_04_110401_UpdateTableCategoriasIIBB2021',188),(613,'2021_01_03_110400_UpdateTableVtoVencimiento2021',188),(614,'2021_01_04_110400_UpdateAutonomos2021',188),(615,'2021_01_04_110402_UpdateVencimientosPerson2021',188),(616,'2021_01_06_110400_ModifyIvaCredFiscal',189),(617,'2021_01_08_110400_CheckPeriods2021',190),(618,'2021_01_14_110400_TableSyJG4Art902021',191),(619,'2021_01_14_110401_TableSyJG4Deducciones2021',191),(620,'2021_01_14_110402_TableSyJG4DeducPersonales2021',191),(621,'2021_01_14_110403_TablesGanancias2021',191),(622,'2020_07_13_110401_AddImpuestoDREISantaFe',192),(623,'2021_01_28_110400_AddImpuestoUTEDYC',193),(624,'2021_02_01_110400_ModifyNameTableReferencia',194),(625,'2021_02_02_110400_AddColumnMaterialCurso',195),(626,'2021_02_03_110400_ChangeCampoAsientoModelo',195),(627,'2021_02_04_110400_UpdateTopesJubilatorios',196),(628,'2021_02_04_110401_AddTablaReferencia',197),(629,'2021_02_8_110400_AddImpuestoSIRADIG',198),(630,'2021_02_9_110400_AddImpuestoIIBBSantaFeRegSimplificado',199),(631,'2021_02_10_110400_AddColumnDelSistema',200),(632,'2021_02_11_110400_AddColumnLiqIVA',201),(633,'2021_02_11_110401_AddColumnLiqITCPersonConfig',201),(634,'2021_02_16_110400_AddColumnIsZonaPatagonica',202),(635,'2021_02_16_110401_AddColumnFactElecTotal',203),(636,'2021_02_17_110400_SPSumasYSaldosV2',204),(637,'2021_02_17_110401_AddContaPlanCuentaITC',204),(638,'2021_02_21_110400_ModuloConvenioMultilateral',205),(639,'2021_02_21_110401_AddColumnZoneCodCM',205),(640,'2021_02_23_110400_TableSolicitantesCertificado',205),(641,'2021_02_23_110401_AddColumnsCursos',205),(642,'2021_02_25_110400_UpdateTableVtoVencimiento2021',206);
INSERT INTO `migrations` VALUES (643,'2021_03_03_110400_AddReceiptType2',207),(644,'2021_03_02_110400_TablePathOfFile',208),(645,'2021_03_04_110400_AddColumnPeriodLiquidationIIBB',209),(646,'2021_03_05_110400_AddPathOfFileName',210),(647,'2021_03_15_110400_AddColumnPeriodLiquidationIVA',211),(648,'2021_03_15_110401_AddColumnFEReceiptCompAsoc',212),(649,'2021_03_17_110400_ChangeFEReceiptCAENull',213),(650,'2021_03_23_110400_ModifyReceiptTypeOtrosCompr',214),(651,'2021_03_26_110400_UpdateAutonomos2021Abril',215),(652,'2021_03_30_110400_UpdateTopesJubilatorios',215),(653,'2021_03_24_110400_TDAbuelaHost',216),(654,'2021_03_30_110400_UpdateTopesJubilatoriosMar2021',216),(655,'2021_04_06_110400_AddContaPlanCuenta',217),(656,'2021_03_19_110400_TableTdbAbuelasEstados',218),(657,'2021_03_19_110401_AddColumnTdbAbuelasEstado',218),(658,'2021_03_19_110402_TableTdbAbuelasCharlas',218),(659,'2021_04_09_110400_UpdateEstadosAbuelas',218),(660,'2021_04_14_110400_AddColumnFEReceiptOp',218),(661,'2021_04_14_110400_AddColumnEstadoId',219),(662,'2021_04_15_110400_UpdateEstadosAbuelasRollBack',219),(663,'2021_04_16_110400_UpdateEstadosAbuelasV1',219),(664,'2021_04_16_110401_UpdateEstadosAbuelasRollBackV1',219),(665,'2021_04_16_110402_UpdateEstadosAbuelasV2',219),(666,'2021_04_21_110400_TableQueueProcesos',219),(667,'2021_04_23_110400_TableReporteSUSS',220),(668,'2021_04_23_110400_UpdateEstadosAbuelasV3',220),(669,'2021_04_27_110400_AddFieldEscracharTdbabuela',221),(670,'2021_04_27_110400_UpdateArba2021',221),(671,'2021_04_30_110400_ModifyIvaCredFiscalV1',222),(672,'2021_05_14_110400_AddSyJReciboModeloV2',223),(673,'2021_05_27_110400_UpdateEstadosAbuelasV4',224),(674,'2021_06_03_110400_UpdateEstadosAbuelasV5',224),(675,'2021_06_04_110401_UpdateMonotributos2021',224),(676,'2021_02_25_110400_UpdateTableVtoVencimiento2021V1',225),(677,'2021_05_17_110400_TableUsersEmpleados',225),(678,'2021_05_25_110400_TablesPortalEmpleados',225),(679,'2021_05_25_110401_TablesTaxesServicios',225),(680,'2021_05_25_110402_TablesEmpleadosFiles',225),(681,'2021_05_27_110400_AddColumnImagenUser',225),(682,'2021_05_29_110400_AddColumnTablesPortalEmpleados',225),(683,'2021_06_02_110400_AddColumnLiqEmpFirmado',225),(684,'2021_06_02_110401_AddColumnLiqEmpFirmadoFecha',225),(685,'2021_06_06_110401_TablesEmpleadosFilesMasivos',225),(686,'2021_06_06_11040_AddColumnEmpFile',225),(687,'2021_06_10_110401_UpdateConceptosAFIP',226),(688,'2021_06_15_110400_TablesBienesPersonalesV2021',227),(689,'2021_06_14_110400_TablePLSubdomain',228),(690,'2021_06_16_11040_AddRegistroPathOfFileName',228),(691,'2021_06_28_110400_UpdateTopesJubilatoriosJun2021',229),(692,'2021_06_30_110400_UpdatePerAlicuotas',230),(693,'2021_07_06_11040_AddColumnMetodoPago',231),(694,'2021_07_7_11040_AddRegistroPathOfFileNameV1',231),(695,'2021_07_08_110400_UpdateAutonomos2021Julio',232),(696,'2021_07_09_110400_AddColumnPathFileName',233),(697,'2021_07_11_110400_TablesAuxiliar',234),(698,'2021_07_18_110400_AddColumnPeriodLiquidation',235),(699,'2021_07_22_110400_AddColumnPeriodLiquidationAuxiliarId',236),(700,'2021_07_22_110401_AddColumnActividadCodigoCM',237),(701,'2021_07_22_110402_TablesCMArticulosRegimenes',237),(702,'2021_07_26_110400_AddImpuestoIIBBLaRioja',238),(703,'2021_07_22_110403_AddColumnPersonActivitiesCMID',239),(704,'2021_07_27_110400_AddColumnLiquidacionIIBB',239),(705,'2021_07_29_110400_AddColumnCMArticuloRegimen',240),(706,'2021_07_29_110401_UpdateMonotributos2021V2',241),(707,'2021_07_17_110400_ModuloPermisos',242),(708,'2021_08_08_11040_AddColumnReceiptHasta',242),(709,'2021_08_10_110400_FechasEnContabilidad',243),(710,'2021_08_14_11040_AddColumnFormatoSicoss',244),(711,'2021_08_18_110400_AddRegistroSyjActividad',245),(712,'2021_08_20_11040_AddColumnDeletedAtConceptoPivot',246),(713,'2020_07_01_110400_AddColumnDeletedAtConceptoPivot',247),(714,'2021_08_23_11040_AddColumnPersonsIVACreditoTipo',247),(715,'2021_09_08_11040_UpdateSituacionRevista',248),(716,'2021_09_09_11040_UpdateEmpleadoCondicion',248);
INSERT INTO `migrations` VALUES (717,'2021_09_09_11040_UpdateModalidadContratacion',248),(718,'2021_09_14_11040_UpdateEstadoCompsM',248),(719,'2021_09_16_110400_UpdateTopesJubilatoriosSept2021',248),(720,'2021_09_16_110400_TablesTaxesAdminNotif',249),(721,'2021_09_21_110400_UpdateModContratacion',249),(722,'2021_09_24_110400_AddColumnEmpleadoCBU',250),(723,'2021_09_24_110401_AddColumnEmpleadoDiasPropTope',250),(724,'2021_09_24_110402_AddRegistroFuncionesSicoss20210924',251),(725,'2021_09_26_110400_TablesConsultasAux',252),(726,'2021_10_18_110400_TablesEmpleadosEventuales',253),(727,'2021_10_18_110401_AddRegistrosLSDReg5',253),(728,'2021_10_18_110402_AddRegistroFuncionesSicoss',253),(729,'2021_10_18_110403_AddConvenioEventual',253),(730,'2021_10_18_110404_ModifyConvenioEventual',254),(731,'2021_10_31_110400_TablesPeriodLiquidationFiles',255),(732,'2021_09_24_110400_TableTaxesAdmTours',256),(733,'2021_12_03_110400_UpdateModContratacionV1',256),(734,'2021_12_09_110400_UpdateTopesJubilatoriosDic2021',256),(735,'2021_12_13_110400_UpdateAutonomosSept2021',257),(736,'2021_12_14_110400_AddColumnSyJReportes',258),(737,'2021_12_21_110400_AddFuncionesDeValorV2',259),(738,'2021_12_21_110400_AddTablaReferenciaV1',259),(739,'2021_12_29_110401_UpdateMonotributos2022',260),(740,'2022_01_05_110400_UpdateAutonomosDic2021',260),(741,'2022_01_05_110400_UpdateTableVtoVencimientoMonyAut2022',260),(742,'2021_01_11_110404_UpdateTableVtoVencimiento2022V1',261),(743,'2022_01_11_110400_TableSyJG4Art902022',261),(744,'2022_01_11_110401_TableSyJG4DeduccionesGrales2022',261),(745,'2022_01_11_110402_TableSyJG4DeducPersonales2022',261),(746,'2022_01_11_110403_TablesGanancias2022',261),(747,'2022_02_01_110400_UpdateVencimientosPerson2022',262),(748,'2022_01_17_110400_TablesInventarios',263),(749,'2022_01_24_110400_TableInvProductReceipt',263),(750,'2022_01_26_110400_AddTaxesServicios',263),(751,'2022_01_26_110401_TablesGestionDeEmpresa',263),(752,'2022_02_01_110400_TablesQuerys',263),(753,'2022_02_06_110400_UpdateGananciasArt902022V1',264),(754,'2022_02_10_110400_AddColumnZoneCodigoAfip',265),(755,'2022_02_10_110400_UpdateTableVtoVencimiento2022V2',266),(756,'2022_02_11_110400_AddImpuestoIIBBSantaCruz',267),(757,'2022_02_12_110400_AddSyJOperacionesImporte',268),(758,'2022_02_15_110400_AddFieldEstadoOrden',268),(759,'2022_02_15_110400_AddReceiptTypeT',268),(760,'2022_02_15_110401_AddColumnQueryPersonID',269),(761,'2022_02_15_110402_TablesFEMasivaStock',269),(762,'2022_03_04_110400_AddFieldProximoContactoAbuela',270),(763,'2022_03_06_110400_AddFieldProductoCombo',270),(764,'2022_03_15_110400_AddRegisterQueePortalIVA',271),(765,'2022_03_17_110400_TablesCondicionFrenteIVA',272),(766,'2022_03_17_110401_AddRegisterIVAAgrupacionMonos',272),(767,'2022_03_21_110400_AddModuleMercadoLibre',273),(768,'2022_03_21_110401_TableMercadoLibre',273),(769,'2022_03_30_110400_AddFuncionesDeValorV3',273),(770,'2022_03_31_110400_UpdateTopesJubilatoriosMarzo2022',274),(771,'2022_02_09_110400_TablesSicore',275),(772,'2022_02_09_110401_AddModuleSicore',275),(773,'2022_04_07_110400_AddImpuestoIIBBMendoza',275),(774,'2022_04_07_110401_UpdateImpuestoIIBBCorrientes',275),(775,'2022_04_12_110400_AddFieldPruebaGratisCursoId',275),(776,'2022_04_22_110400_AddFAMasivaDetalleGravaIIBB',276),(777,'2022_04_25_110400_UpdateTableAjPorInflacionIndices',277),(778,'2022_04_02_110400_AddModuleOrdenDeTrabajo',278),(779,'2022_04_02_110401_TablesOrdenesDeTrabajo',278),(780,'2022_04_13_110400_AddFieldInvProductReceipt',278),(781,'2022_04_18_110400_TablesOrdenesDeTrabajoFacturadas',278),(782,'2022_04_22_110400_TablesContaCentroDeCostos',278),(783,'2022_04_22_110401_AddFieldReceiptCentroCosto',278),(784,'2022_04_26_110400_AddFieldBalanceLibroInvOrdenId',278),(785,'2022_04_26_110400_TablesOrdenesTrabajoCC',278),(786,'2022_04_29_110400_AddFieldPuntoVentaFEHabilitado',279),(787,'2022_05_02_110400_AddModuleTicket',280),(788,'2022_05_02_110400_TablesTickets',280),(789,'2022_05_06_110400_AddFieldTicketsCaeVencimiento',281);
INSERT INTO `migrations` VALUES (790,'2022_05_07_110400_UpdateAutonomosMarzo2022',281),(791,'2022_04_24_110400_AddFieldSKU',282),(792,'2022_05_06_110401_AddFieldGestionDeEmpresa',282),(793,'2022_05_07_110400_TablesTaxesServiciosDetails',282),(794,'2022_05_08_110400_RemoveTablesGestionEmpresa',283),(795,'2022_05_09_110400_AddFieldInvOrdenTrabajoConfigCc',283),(796,'2022_05_09_110401_AddFieldOrdenDeTrabajoStatus',283),(797,'2022_05_09_110402_MLSetFacturacion',284),(798,'2022_05_11_110400_TableMLOrdersFacturada',284),(799,'2022_05_11_110401_CorreccionCondicionFrenteAlIva',285),(800,'2022_05_12_110400_AddFieldInvRegistradoraUsaProductos',286),(801,'2022_05_13_110400_AddFieldTicketDetailPolimorfica',286),(802,'2022_05_15_110400_AddFieldInvProductReceiptPolimorfica',286),(803,'2022_05_17_110400_TablesBienesPersonalesV2022',287),(804,'2022_05_16_110400_TableInvIndicadores',288),(805,'2022_05_18_110400_AddIdFacturaEnviada',288),(806,'2022_05_19_110400_AddFieldInvIndicadoresOrder',289),(807,'2022_05_22_110400_TablesTaxesSubDomain',290),(808,'2022_05_24_110400_UpdateTopesJubilatoriosJunio2022',290),(809,'2022_05_30_110400_AddFieldSyJEmpleadosLiqEnCero',291),(810,'2022_05_28_110400_TableMLItemProducto',292),(811,'2022_06_06_110400_TableSyJUsarloComo',292),(812,'2022_06_06_110400_UpdateGananciasArt902022V2',293),(813,'2022_06_08_110400_AddTablaReferenciaV2',294),(814,'2022_06_08_110401_AddFieldTaxesServiciosDiasDePrueba',294),(815,'2022_06_08_110402_AddFieldContactanos',294),(816,'2022_06_12_110400_TableMonedas',294),(817,'2022_06_12_110401_TablesTaxesCotizaciones',294),(818,'2022_06_16_110401_UpdateTablesGanancias2021',295),(819,'2022_06_15_110400_AddModuleDocumentosComerciales',296),(820,'2022_06_15_110401_TablesDocumentosComerciales',296),(821,'2022_06_21_110400_AddFieldReceiptsDcOrdenId',296),(822,'2022_06_24_110400_UpdateOS3900',296),(823,'2022_06_24_110401_TablesNoFiscalInvoice',296),(824,'2022_07_01_110400_AddFieldCtaCteClientePivotReceiptImporte',297),(825,'2022_07_06_110401_UpdateFacturacionMonotributos072022',298),(826,'2022_07_07_110400_AddEmpresasToTaxesServiciosDetails',299),(827,'2022_07_07_110400_UpdateAutonomosJunio2022',299),(828,'2022_07_07_110401_AddModuleTaxesEmpresas',299),(829,'2022_07_07_110402_AddFieldTaxesServiciosDetails',299),(830,'2022_07_07_110403_AddFieldTUserCtasCtesPersonId',299),(831,'2022_07_08_110400_AddReceiptTypeVacunos',299),(832,'2022_07_10_110400_AddRegisterQueeArchivosPem',300),(833,'2022_07_11_110400_AddColumnBlog',301),(834,'2022_07_17_110400_AddReceiptTypeTiqueC',301);

--
-- Table structure for table `ml`
--

CREATE TABLE `ml` (
  `id` int(10) unsigned NOT NULL AUTO_INCREMENT,
  `user_id` int(10) unsigned DEFAULT NULL,
  `taxes_servicio_id` int(10) unsigned NOT NULL DEFAULT '5',
  `person_id` int(10) unsigned NOT NULL,
  `person_id_relationed` int(10) unsigned NOT NULL,
  `ml_user_id` varchar(191) COLLATE utf8mb4_unicode_ci DEFAULT NULL,
  `nick_name` varchar(191) COLLATE utf8mb4_unicode_ci DEFAULT NULL,
  `access_token` varchar(191) COLLATE utf8mb4_unicode_ci DEFAULT NULL,
  `code` varchar(191) COLLATE utf8mb4_unicode_ci DEFAULT NULL,
  `refresh_token` varchar(191) COLLATE utf8mb4_unicode_ci DEFAULT NULL,
  `comentario` varchar(191) COLLATE utf8mb4_unicode_ci DEFAULT NULL,
  `habilitado` tinyint(1) NOT NULL DEFAULT '1',
  `created_at` timestamp NULL DEFAULT NULL,
  `updated_at` timestamp NULL DEFAULT NULL,
  `deleted_at` timestamp NULL DEFAULT NULL,
  PRIMARY KEY (`id`),
  KEY `ml_person_id_foreign` (`person_id`),
  KEY `ml_person_id_relationed_foreign` (`person_id_relationed`),
  CONSTRAINT `ml_person_id_foreign` FOREIGN KEY (`person_id`) REFERENCES `persons` (`id`),
  CONSTRAINT `ml_person_id_relationed_foreign` FOREIGN KEY (`person_id_relationed`) REFERENCES `persons` (`id`)
) ENGINE=InnoDB DEFAULT CHARSET=utf8mb4 COLLATE=utf8mb4_unicode_ci;

--
-- Dumping data for table `ml`
--


--
-- Table structure for table `ml_item_producto`
--

CREATE TABLE `ml_item_producto` (
  `id` bigint(20) unsigned NOT NULL AUTO_INCREMENT,
  `person_id` int(10) unsigned NOT NULL,
  `ml_item_id` varchar(191) COLLATE utf8mb4_unicode_ci NOT NULL,
  `inv_producto_id` bigint(20) unsigned DEFAULT NULL,
  `created_at` timestamp NULL DEFAULT NULL,
  `updated_at` timestamp NULL DEFAULT NULL,
  `deleted_at` timestamp NULL DEFAULT NULL,
  PRIMARY KEY (`id`),
  KEY `ml_item_producto_person_id_foreign` (`person_id`),
  KEY `ml_item_producto_inv_producto_id_foreign` (`inv_producto_id`),
  CONSTRAINT `ml_item_producto_inv_producto_id_foreign` FOREIGN KEY (`inv_producto_id`) REFERENCES `inv_productos` (`id`),
  CONSTRAINT `ml_item_producto_person_id_foreign` FOREIGN KEY (`person_id`) REFERENCES `persons` (`id`)
) ENGINE=InnoDB DEFAULT CHARSET=utf8mb4 COLLATE=utf8mb4_unicode_ci;

--
-- Dumping data for table `ml_item_producto`
--


--
-- Table structure for table `ml_orders_facturadas`
--

CREATE TABLE `ml_orders_facturadas` (
  `id` bigint(20) unsigned NOT NULL AUTO_INCREMENT,
  `user_id` int(10) unsigned DEFAULT NULL,
  `person_id` int(10) unsigned NOT NULL,
  `order_id` varchar(191) COLLATE utf8mb4_unicode_ci NOT NULL,
  `fact_elec_receipt_id` int(10) unsigned DEFAULT NULL,
  `id_factura_ml` varchar(191) COLLATE utf8mb4_unicode_ci DEFAULT NULL,
  `created_at` timestamp NULL DEFAULT NULL,
  `updated_at` timestamp NULL DEFAULT NULL,
  `deleted_at` timestamp NULL DEFAULT NULL,
  PRIMARY KEY (`id`),
  KEY `ml_orders_facturadas_person_id_foreign` (`person_id`),
  KEY `ml_orders_facturadas_fact_elec_receipt_id_foreign` (`fact_elec_receipt_id`),
  CONSTRAINT `ml_orders_facturadas_fact_elec_receipt_id_foreign` FOREIGN KEY (`fact_elec_receipt_id`) REFERENCES `fact_elec_receipts` (`id`),
  CONSTRAINT `ml_orders_facturadas_person_id_foreign` FOREIGN KEY (`person_id`) REFERENCES `persons` (`id`)
) ENGINE=InnoDB DEFAULT CHARSET=utf8mb4 COLLATE=utf8mb4_unicode_ci;

--
-- Dumping data for table `ml_orders_facturadas`
--


--
-- Table structure for table `ml_set_facturacion`
--

CREATE TABLE `ml_set_facturacion` (
  `id` bigint(20) unsigned NOT NULL AUTO_INCREMENT,
  `user_id` int(10) unsigned DEFAULT NULL,
  `person_id` int(10) unsigned NOT NULL,
  `cliente_id` int(10) unsigned DEFAULT NULL,
  `taxable_iibb` int(11) NOT NULL DEFAULT '2',
  `type_receipt_id` int(10) unsigned DEFAULT NULL,
  `cond_frente_iva` int(10) unsigned DEFAULT NULL,
  `cond_venta` int(10) unsigned DEFAULT NULL,
  `zone_id` int(10) unsigned DEFAULT NULL,
  `activity_id` int(10) unsigned DEFAULT NULL,
  `punto_venta_id` int(10) unsigned DEFAULT NULL,
  `concepto_id` int(10) unsigned DEFAULT NULL,
  `system_tax_id` int(10) unsigned DEFAULT NULL,
  `habilitado` tinyint(1) NOT NULL DEFAULT '1',
  `created_at` timestamp NULL DEFAULT NULL,
  `updated_at` timestamp NULL DEFAULT NULL,
  `deleted_at` timestamp NULL DEFAULT NULL,
  PRIMARY KEY (`id`),
  KEY `ml_set_facturacion_person_id_foreign` (`person_id`),
  KEY `ml_set_facturacion_cliente_id_foreign` (`cliente_id`),
  KEY `ml_set_facturacion_type_receipt_id_foreign` (`type_receipt_id`),
  KEY `ml_set_facturacion_cond_frente_iva_foreign` (`cond_frente_iva`),
  KEY `ml_set_facturacion_cond_venta_foreign` (`cond_venta`),
  KEY `ml_set_facturacion_zone_id_foreign` (`zone_id`),
  KEY `ml_set_facturacion_activity_id_foreign` (`activity_id`),
  KEY `ml_set_facturacion_punto_venta_id_foreign` (`punto_venta_id`),
  KEY `ml_set_facturacion_concepto_id_foreign` (`concepto_id`),
  KEY `ml_set_facturacion_system_tax_id_foreign` (`system_tax_id`),
  CONSTRAINT `ml_set_facturacion_activity_id_foreign` FOREIGN KEY (`activity_id`) REFERENCES `activities` (`id`),
  CONSTRAINT `ml_set_facturacion_cliente_id_foreign` FOREIGN KEY (`cliente_id`) REFERENCES `persons` (`id`),
  CONSTRAINT `ml_set_facturacion_concepto_id_foreign` FOREIGN KEY (`concepto_id`) REFERENCES `fact_elec_conceptos_afip` (`id`),
  CONSTRAINT `ml_set_facturacion_cond_frente_iva_foreign` FOREIGN KEY (`cond_frente_iva`) REFERENCES `condicion_frente_al_iva` (`id`),
  CONSTRAINT `ml_set_facturacion_cond_venta_foreign` FOREIGN KEY (`cond_venta`) REFERENCES `condiciones_venta` (`id`),
  CONSTRAINT `ml_set_facturacion_person_id_foreign` FOREIGN KEY (`person_id`) REFERENCES `persons` (`id`),
  CONSTRAINT `ml_set_facturacion_punto_venta_id_foreign` FOREIGN KEY (`punto_venta_id`) REFERENCES `fact_elec_puntos_venta` (`id`),
  CONSTRAINT `ml_set_facturacion_system_tax_id_foreign` FOREIGN KEY (`system_tax_id`) REFERENCES `system_taxes` (`id`),
  CONSTRAINT `ml_set_facturacion_type_receipt_id_foreign` FOREIGN KEY (`type_receipt_id`) REFERENCES `receipt_types` (`id`),
  CONSTRAINT `ml_set_facturacion_zone_id_foreign` FOREIGN KEY (`zone_id`) REFERENCES `zones` (`id`)
) ENGINE=InnoDB DEFAULT CHARSET=utf8mb4 COLLATE=utf8mb4_unicode_ci;

--
-- Dumping data for table `ml_set_facturacion`
--


--
-- Table structure for table `monedas`
--

CREATE TABLE `monedas` (
  `id` int(10) unsigned NOT NULL AUTO_INCREMENT,
  `user_id` int(10) unsigned DEFAULT NULL,
  `descripcion` varchar(191) COLLATE utf8mb4_unicode_ci NOT NULL,
  `simbolo` varchar(191) COLLATE utf8mb4_unicode_ci NOT NULL,
  `habilitado` tinyint(1) NOT NULL DEFAULT '1',
  `created_at` timestamp NULL DEFAULT NULL,
  `updated_at` timestamp NULL DEFAULT NULL,
  `deleted_at` timestamp NULL DEFAULT NULL,
  PRIMARY KEY (`id`)
) ENGINE=InnoDB AUTO_INCREMENT=4 DEFAULT CHARSET=utf8mb4 COLLATE=utf8mb4_unicode_ci;

--
-- Dumping data for table `monedas`
--

INSERT INTO `monedas` VALUES (1,NULL,'$ Pesos','$',1,'2022-06-12 22:39:42','2022-06-12 22:39:42',NULL),(2,NULL,'U$S Oficial Venta','U$S',1,'2022-06-12 22:39:42','2022-06-12 22:39:42',NULL),(3,NULL,'U$S Blue Venta','U$S',1,'2022-06-12 22:39:42','2022-06-12 22:39:42',NULL);

--
-- Table structure for table `months`
--

CREATE TABLE `months` (
  `id` int(11) NOT NULL AUTO_INCREMENT,
  `month` int(11) DEFAULT NULL,
  `date_to` varchar(6) DEFAULT NULL,
  `descripcion` varchar(191) NOT NULL,
  PRIMARY KEY (`id`)
) ENGINE=InnoDB AUTO_INCREMENT=13 DEFAULT CHARSET=latin1;

--
-- Dumping data for table `months`
--

INSERT INTO `months` VALUES (1,1,'-01-31','enero'),(2,2,'-02-28','febrero'),(3,3,'-03-31','marzo'),(4,4,'-04-30','abril'),(5,5,'-05-31','mayo'),(6,6,'-06-30','junio'),(7,7,'-07-31','julio'),(8,8,'-08-31','agosto'),(9,9,'-09-30','septiembre'),(10,10,'-10-31','octubre'),(11,11,'-11-30','noviembre'),(12,12,'-12-31','diciembre');

--
-- Table structure for table `nacionalidad`
--

CREATE TABLE `nacionalidad` (
  `id` int(10) unsigned NOT NULL AUTO_INCREMENT,
  `user_id` int(10) unsigned DEFAULT NULL,
  `descripcion` varchar(191) COLLATE utf8mb4_unicode_ci NOT NULL,
  `habilitado` tinyint(1) NOT NULL DEFAULT '1',
  `created_at` timestamp NULL DEFAULT NULL,
  `updated_at` timestamp NULL DEFAULT NULL,
  `deleted_at` timestamp NULL DEFAULT NULL,
  PRIMARY KEY (`id`),
  UNIQUE KEY `nacionalidad_descripcion_unique` (`descripcion`)
) ENGINE=InnoDB AUTO_INCREMENT=3 DEFAULT CHARSET=utf8mb4 COLLATE=utf8mb4_unicode_ci;

--
-- Dumping data for table `nacionalidad`
--

INSERT INTO `nacionalidad` VALUES (1,NULL,'Argentina',1,'2020-05-28 20:55:23','2020-05-28 20:55:23',NULL),(2,NULL,'Extranjero',1,'2020-05-28 20:55:23','2020-05-28 20:55:23',NULL);

--
-- Table structure for table `nf_cta_cte`
--

CREATE TABLE `nf_cta_cte` (
  `id` int(10) unsigned NOT NULL AUTO_INCREMENT,
  `user_id` int(10) unsigned DEFAULT NULL,
  `nf_receipt_id` int(10) unsigned DEFAULT NULL,
  `tipo_asiento_id` int(10) unsigned NOT NULL,
  `person_id` int(10) unsigned NOT NULL,
  `person_id_relationed` int(10) unsigned NOT NULL,
  `period_id` int(10) unsigned NOT NULL,
  `cta_cte_tesoreria_cuenta_id` int(10) unsigned NOT NULL,
  `saldo_id` int(10) unsigned NOT NULL,
  `fecha` date DEFAULT NULL,
  `total` decimal(16,2) NOT NULL,
  `comentario` varchar(191) COLLATE utf8mb4_unicode_ci DEFAULT NULL,
  `file` varchar(191) COLLATE utf8mb4_unicode_ci DEFAULT NULL,
  `created_at` timestamp NULL DEFAULT NULL,
  `updated_at` timestamp NULL DEFAULT NULL,
  `deleted_at` timestamp NULL DEFAULT NULL,
  PRIMARY KEY (`id`),
  KEY `nf_cta_cte_nf_receipt_id_foreign` (`nf_receipt_id`),
  KEY `nf_cta_cte_person_id_foreign` (`person_id`),
  KEY `nf_cta_cte_person_id_relationed_foreign` (`person_id_relationed`),
  KEY `nf_cta_cte_period_id_foreign` (`period_id`),
  KEY `nf_cta_cte_cta_cte_tesoreria_cuenta_id_foreign` (`cta_cte_tesoreria_cuenta_id`),
  KEY `nf_cta_cte_saldo_id_foreign` (`saldo_id`),
  KEY `nf_cta_cte_tipo_asiento_id_foreign` (`tipo_asiento_id`),
  CONSTRAINT `nf_cta_cte_cta_cte_tesoreria_cuenta_id_foreign` FOREIGN KEY (`cta_cte_tesoreria_cuenta_id`) REFERENCES `cta_cte_tesoreria_cuentas` (`id`),
  CONSTRAINT `nf_cta_cte_nf_receipt_id_foreign` FOREIGN KEY (`nf_receipt_id`) REFERENCES `nf_receipts` (`id`),
  CONSTRAINT `nf_cta_cte_period_id_foreign` FOREIGN KEY (`period_id`) REFERENCES `periods` (`id`),
  CONSTRAINT `nf_cta_cte_person_id_foreign` FOREIGN KEY (`person_id`) REFERENCES `persons` (`id`),
  CONSTRAINT `nf_cta_cte_person_id_relationed_foreign` FOREIGN KEY (`person_id_relationed`) REFERENCES `persons` (`id`),
  CONSTRAINT `nf_cta_cte_saldo_id_foreign` FOREIGN KEY (`saldo_id`) REFERENCES `conta_tipo_saldos` (`id`),
  CONSTRAINT `nf_cta_cte_tipo_asiento_id_foreign` FOREIGN KEY (`tipo_asiento_id`) REFERENCES `conta_tipo_asientos` (`id`)
) ENGINE=InnoDB DEFAULT CHARSET=utf8mb4 COLLATE=utf8mb4_unicode_ci;

--
-- Dumping data for table `nf_cta_cte`
--


--
-- Table structure for table `nf_cta_cte_details`
--

CREATE TABLE `nf_cta_cte_details` (
  `id` int(10) unsigned NOT NULL AUTO_INCREMENT,
  `user_id` int(10) unsigned DEFAULT NULL,
  `nf_cta_cte_id` int(10) unsigned NOT NULL,
  `person_id` int(10) unsigned DEFAULT NULL,
  `person_id_relationed` int(10) unsigned DEFAULT NULL,
  `period_id` int(10) unsigned DEFAULT NULL,
  `tipo_asiento_id` int(10) unsigned NOT NULL,
  `cta_cte_tesoreria_cuenta_id` int(10) unsigned NOT NULL,
  `saldo_id` int(10) unsigned NOT NULL,
  `monto` decimal(16,2) NOT NULL,
  `created_at` timestamp NULL DEFAULT NULL,
  `updated_at` timestamp NULL DEFAULT NULL,
  `deleted_at` timestamp NULL DEFAULT NULL,
  PRIMARY KEY (`id`),
  KEY `nf_cta_cte_details_nf_cta_cte_id_foreign` (`nf_cta_cte_id`),
  KEY `nf_cta_cte_details_person_id_foreign` (`person_id`),
  KEY `nf_cta_cte_details_person_id_relationed_foreign` (`person_id_relationed`),
  KEY `nf_cta_cte_details_period_id_foreign` (`period_id`),
  KEY `nf_cta_cte_details_tipo_asiento_id_foreign` (`tipo_asiento_id`),
  KEY `nf_cta_cte_details_cta_cte_tesoreria_cuenta_id_foreign` (`cta_cte_tesoreria_cuenta_id`),
  KEY `nf_cta_cte_details_saldo_id_foreign` (`saldo_id`),
  CONSTRAINT `nf_cta_cte_details_cta_cte_tesoreria_cuenta_id_foreign` FOREIGN KEY (`cta_cte_tesoreria_cuenta_id`) REFERENCES `cta_cte_tesoreria_cuentas` (`id`),
  CONSTRAINT `nf_cta_cte_details_nf_cta_cte_id_foreign` FOREIGN KEY (`nf_cta_cte_id`) REFERENCES `nf_cta_cte` (`id`),
  CONSTRAINT `nf_cta_cte_details_period_id_foreign` FOREIGN KEY (`period_id`) REFERENCES `periods` (`id`),
  CONSTRAINT `nf_cta_cte_details_person_id_foreign` FOREIGN KEY (`person_id`) REFERENCES `persons` (`id`),
  CONSTRAINT `nf_cta_cte_details_person_id_relationed_foreign` FOREIGN KEY (`person_id_relationed`) REFERENCES `persons` (`id`),
  CONSTRAINT `nf_cta_cte_details_saldo_id_foreign` FOREIGN KEY (`saldo_id`) REFERENCES `conta_tipo_saldos` (`id`),
  CONSTRAINT `nf_cta_cte_details_tipo_asiento_id_foreign` FOREIGN KEY (`tipo_asiento_id`) REFERENCES `conta_tipo_asientos` (`id`)
) ENGINE=InnoDB DEFAULT CHARSET=utf8mb4 COLLATE=utf8mb4_unicode_ci;

--
-- Dumping data for table `nf_cta_cte_details`
--


--
-- Table structure for table `nf_invoices`
--

CREATE TABLE `nf_invoices` (
  `id` bigint(20) unsigned NOT NULL AUTO_INCREMENT,
  `user_id` int(10) unsigned DEFAULT NULL,
  `person_id` int(10) unsigned NOT NULL,
  `person_id_relationed` int(10) unsigned NOT NULL,
  `punto_vta_id` int(10) unsigned NOT NULL,
  `period_id` int(10) unsigned NOT NULL,
  `numero` int(11) NOT NULL,
  `fecha` date NOT NULL,
  `total` decimal(16,2) NOT NULL,
  `comentario` longtext COLLATE utf8mb4_unicode_ci NOT NULL,
  `created_at` timestamp NULL DEFAULT NULL,
  `updated_at` timestamp NULL DEFAULT NULL,
  `deleted_at` timestamp NULL DEFAULT NULL,
  PRIMARY KEY (`id`),
  KEY `nf_invoices_person_id_foreign` (`person_id`),
  KEY `nf_invoices_person_id_relationed_foreign` (`person_id_relationed`),
  KEY `nf_invoices_punto_vta_id_foreign` (`punto_vta_id`),
  KEY `nf_invoices_period_id_foreign` (`period_id`),
  CONSTRAINT `nf_invoices_period_id_foreign` FOREIGN KEY (`period_id`) REFERENCES `periods` (`id`),
  CONSTRAINT `nf_invoices_person_id_foreign` FOREIGN KEY (`person_id`) REFERENCES `persons` (`id`),
  CONSTRAINT `nf_invoices_person_id_relationed_foreign` FOREIGN KEY (`person_id_relationed`) REFERENCES `persons` (`id`),
  CONSTRAINT `nf_invoices_punto_vta_id_foreign` FOREIGN KEY (`punto_vta_id`) REFERENCES `fact_elec_puntos_venta` (`id`)
) ENGINE=InnoDB DEFAULT CHARSET=utf8mb4 COLLATE=utf8mb4_unicode_ci;

--
-- Dumping data for table `nf_invoices`
--


--
-- Table structure for table `nf_invoices_details`
--

CREATE TABLE `nf_invoices_details` (
  `id` bigint(20) unsigned NOT NULL AUTO_INCREMENT,
  `user_id` int(10) unsigned DEFAULT NULL,
  `nf_invoice_id` bigint(20) unsigned NOT NULL,
  `cantidades` decimal(16,2) NOT NULL,
  `inv_producto_id` bigint(20) unsigned DEFAULT NULL,
  `descripcion` varchar(191) COLLATE utf8mb4_unicode_ci DEFAULT NULL,
  `neto` decimal(16,2) NOT NULL,
  `desc_porc` decimal(16,2) DEFAULT NULL,
  `descuento` decimal(16,2) DEFAULT NULL,
  `subtotal` decimal(16,2) NOT NULL,
  `created_at` timestamp NULL DEFAULT NULL,
  `updated_at` timestamp NULL DEFAULT NULL,
  `deleted_at` timestamp NULL DEFAULT NULL,
  PRIMARY KEY (`id`),
  KEY `nf_invoices_details_nf_invoice_id_foreign` (`nf_invoice_id`),
  KEY `nf_invoices_details_inv_producto_id_foreign` (`inv_producto_id`),
  CONSTRAINT `nf_invoices_details_inv_producto_id_foreign` FOREIGN KEY (`inv_producto_id`) REFERENCES `inv_productos` (`id`),
  CONSTRAINT `nf_invoices_details_nf_invoice_id_foreign` FOREIGN KEY (`nf_invoice_id`) REFERENCES `nf_invoices` (`id`)
) ENGINE=InnoDB DEFAULT CHARSET=utf8mb4 COLLATE=utf8mb4_unicode_ci;

--
-- Dumping data for table `nf_invoices_details`
--


--
-- Table structure for table `nf_receipts`
--

CREATE TABLE `nf_receipts` (
  `id` int(10) unsigned NOT NULL AUTO_INCREMENT,
  `user_id` int(10) unsigned NOT NULL,
  `person_id` int(10) unsigned NOT NULL,
  `person_id_relationed` int(10) unsigned NOT NULL,
  `period_id` int(10) unsigned NOT NULL,
  `type_id` int(10) unsigned NOT NULL,
  `receipt_type_id` int(10) unsigned NOT NULL,
  `fecha` date DEFAULT NULL,
  `total` decimal(16,2) NOT NULL,
  `descripcion` varchar(191) COLLATE utf8mb4_unicode_ci DEFAULT NULL,
  `comentario` varchar(191) COLLATE utf8mb4_unicode_ci DEFAULT NULL,
  `file` varchar(191) COLLATE utf8mb4_unicode_ci DEFAULT NULL,
  `created_at` timestamp NULL DEFAULT NULL,
  `updated_at` timestamp NULL DEFAULT NULL,
  `deleted_at` timestamp NULL DEFAULT NULL,
  PRIMARY KEY (`id`),
  KEY `nf_receipts_person_id_foreign` (`person_id`),
  KEY `nf_receipts_person_id_relationed_foreign` (`person_id_relationed`),
  KEY `nf_receipts_period_id_foreign` (`period_id`),
  KEY `nf_receipts_type_id_foreign` (`type_id`),
  KEY `nf_receipts_receipt_type_id_foreign` (`receipt_type_id`),
  CONSTRAINT `nf_receipts_period_id_foreign` FOREIGN KEY (`period_id`) REFERENCES `periods` (`id`),
  CONSTRAINT `nf_receipts_person_id_foreign` FOREIGN KEY (`person_id`) REFERENCES `persons` (`id`),
  CONSTRAINT `nf_receipts_person_id_relationed_foreign` FOREIGN KEY (`person_id_relationed`) REFERENCES `persons` (`id`),
  CONSTRAINT `nf_receipts_receipt_type_id_foreign` FOREIGN KEY (`receipt_type_id`) REFERENCES `receipt_types` (`id`),
  CONSTRAINT `nf_receipts_type_id_foreign` FOREIGN KEY (`type_id`) REFERENCES `types` (`id`)
) ENGINE=InnoDB DEFAULT CHARSET=utf8mb4 COLLATE=utf8mb4_unicode_ci;

--
-- Dumping data for table `nf_receipts`
--


--
-- Table structure for table `notif`
--

CREATE TABLE `notif` (
  `id` int(10) unsigned NOT NULL AUTO_INCREMENT,
  `user_id` int(10) unsigned DEFAULT NULL,
  `send_notif_user_person_id` int(10) unsigned NOT NULL,
  `recept_notif_user_person_id` int(10) unsigned NOT NULL,
  `fecha` datetime NOT NULL DEFAULT '2020-01-23 18:56:25',
  `fecha_vto` datetime DEFAULT NULL,
  `leido` tinyint(1) NOT NULL DEFAULT '0',
  `pendiente` tinyint(1) NOT NULL DEFAULT '0',
  `asunto` varchar(191) COLLATE utf8mb4_unicode_ci DEFAULT NULL,
  `created_at` timestamp NULL DEFAULT NULL,
  `updated_at` timestamp NULL DEFAULT NULL,
  `deleted_at` timestamp NULL DEFAULT NULL,
  PRIMARY KEY (`id`),
  KEY `notif_send_notif_user_person_id_foreign` (`send_notif_user_person_id`),
  KEY `notif_recept_notif_user_person_id_foreign` (`recept_notif_user_person_id`),
  CONSTRAINT `notif_recept_notif_user_person_id_foreign` FOREIGN KEY (`recept_notif_user_person_id`) REFERENCES `notif_users_persons` (`id`),
  CONSTRAINT `notif_send_notif_user_person_id_foreign` FOREIGN KEY (`send_notif_user_person_id`) REFERENCES `notif_users_persons` (`id`)
) ENGINE=InnoDB DEFAULT CHARSET=utf8mb4 COLLATE=utf8mb4_unicode_ci;

--
-- Dumping data for table `notif`
--


--
-- Table structure for table `notif_detail`
--

CREATE TABLE `notif_detail` (
  `id` int(10) unsigned NOT NULL AUTO_INCREMENT,
  `user_id` int(10) unsigned DEFAULT NULL,
  `notificacion_id` int(10) unsigned NOT NULL,
  `notif_respuesta_id` int(10) unsigned DEFAULT NULL,
  `send_notif_user_person_id` int(10) unsigned NOT NULL,
  `recept_notif_user_person_id` int(10) unsigned NOT NULL,
  `fecha` datetime NOT NULL DEFAULT '2020-01-23 18:56:25',
  `body` text COLLATE utf8mb4_unicode_ci,
  `adjunto` text COLLATE utf8mb4_unicode_ci,
  `send_email` tinyint(1) NOT NULL DEFAULT '0',
  `is_respuesta` tinyint(1) NOT NULL DEFAULT '0',
  `created_at` timestamp NULL DEFAULT NULL,
  `updated_at` timestamp NULL DEFAULT NULL,
  `deleted_at` timestamp NULL DEFAULT NULL,
  PRIMARY KEY (`id`),
  KEY `notif_detail_send_notif_user_person_id_foreign` (`send_notif_user_person_id`),
  KEY `notif_detail_recept_notif_user_person_id_foreign` (`recept_notif_user_person_id`),
  KEY `notif_detail_notificacion_id_foreign` (`notificacion_id`),
  KEY `notif_detail_notif_respuesta_id_foreign` (`notif_respuesta_id`),
  CONSTRAINT `notif_detail_notif_respuesta_id_foreign` FOREIGN KEY (`notif_respuesta_id`) REFERENCES `notif_respuestas` (`id`),
  CONSTRAINT `notif_detail_notificacion_id_foreign` FOREIGN KEY (`notificacion_id`) REFERENCES `notif` (`id`),
  CONSTRAINT `notif_detail_recept_notif_user_person_id_foreign` FOREIGN KEY (`recept_notif_user_person_id`) REFERENCES `notif_users_persons` (`id`),
  CONSTRAINT `notif_detail_send_notif_user_person_id_foreign` FOREIGN KEY (`send_notif_user_person_id`) REFERENCES `notif_users_persons` (`id`)
) ENGINE=InnoDB DEFAULT CHARSET=utf8mb4 COLLATE=utf8mb4_unicode_ci;

--
-- Dumping data for table `notif_detail`
--


--
-- Table structure for table `notif_respuestas`
--

CREATE TABLE `notif_respuestas` (
  `id` int(10) unsigned NOT NULL AUTO_INCREMENT,
  `user_id` int(10) unsigned DEFAULT NULL,
  `send_notif_user_person_id` int(10) unsigned NOT NULL,
  `recept_notif_user_person_id` int(10) unsigned NOT NULL,
  `notif_id` int(10) unsigned DEFAULT NULL,
  `fecha` datetime NOT NULL DEFAULT '2020-01-23 18:56:25',
  `fecha_vto` datetime DEFAULT NULL,
  `leido` tinyint(1) NOT NULL DEFAULT '0',
  `asunto` varchar(191) COLLATE utf8mb4_unicode_ci DEFAULT NULL,
  `created_at` timestamp NULL DEFAULT NULL,
  `updated_at` timestamp NULL DEFAULT NULL,
  `deleted_at` timestamp NULL DEFAULT NULL,
  PRIMARY KEY (`id`),
  KEY `notif_respuestas_send_notif_user_person_id_foreign` (`send_notif_user_person_id`),
  KEY `notif_respuestas_recept_notif_user_person_id_foreign` (`recept_notif_user_person_id`),
  KEY `notif_respuestas_notif_id_foreign` (`notif_id`),
  CONSTRAINT `notif_respuestas_notif_id_foreign` FOREIGN KEY (`notif_id`) REFERENCES `notif` (`id`),
  CONSTRAINT `notif_respuestas_recept_notif_user_person_id_foreign` FOREIGN KEY (`recept_notif_user_person_id`) REFERENCES `notif_users_persons` (`id`),
  CONSTRAINT `notif_respuestas_send_notif_user_person_id_foreign` FOREIGN KEY (`send_notif_user_person_id`) REFERENCES `notif_users_persons` (`id`)
) ENGINE=InnoDB DEFAULT CHARSET=utf8mb4 COLLATE=utf8mb4_unicode_ci;

--
-- Dumping data for table `notif_respuestas`
--


--
-- Table structure for table `notif_users_persons`
--

CREATE TABLE `notif_users_persons` (
  `id` int(10) unsigned NOT NULL AUTO_INCREMENT,
  `user_id` int(10) unsigned NOT NULL,
  `person_id` int(10) unsigned NOT NULL,
  `parent_person_id` int(10) unsigned NOT NULL,
  `created_at` timestamp NULL DEFAULT NULL,
  `updated_at` timestamp NULL DEFAULT NULL,
  `deleted_at` timestamp NULL DEFAULT NULL,
  PRIMARY KEY (`id`),
  KEY `notif_users_persons_user_id_foreign` (`user_id`),
  KEY `notif_users_persons_person_id_foreign` (`person_id`),
  KEY `notif_users_persons_parent_person_id_foreign` (`parent_person_id`),
  CONSTRAINT `notif_users_persons_parent_person_id_foreign` FOREIGN KEY (`parent_person_id`) REFERENCES `persons` (`id`),
  CONSTRAINT `notif_users_persons_person_id_foreign` FOREIGN KEY (`person_id`) REFERENCES `persons` (`id`),
  CONSTRAINT `notif_users_persons_user_id_foreign` FOREIGN KEY (`user_id`) REFERENCES `tusers` (`idUser`)
) ENGINE=InnoDB DEFAULT CHARSET=utf8mb4 COLLATE=utf8mb4_unicode_ci;

--
-- Dumping data for table `notif_users_persons`
--


--
-- Table structure for table `obl_anual_conceptos`
--

CREATE TABLE `obl_anual_conceptos` (
  `id` int(10) unsigned NOT NULL AUTO_INCREMENT,
  `user_id` int(10) unsigned DEFAULT NULL,
  `nombre` varchar(191) COLLATE utf8mb4_unicode_ci NOT NULL,
  `created_at` timestamp NULL DEFAULT NULL,
  `updated_at` timestamp NULL DEFAULT NULL,
  `deleted_at` timestamp NULL DEFAULT NULL,
  PRIMARY KEY (`id`)
) ENGINE=InnoDB AUTO_INCREMENT=10 DEFAULT CHARSET=utf8mb4 COLLATE=utf8mb4_unicode_ci;

--
-- Dumping data for table `obl_anual_conceptos`
--

INSERT INTO `obl_anual_conceptos` VALUES (1,NULL,'Balance','2019-11-29 18:37:49','2019-11-29 18:37:49',NULL),(2,NULL,'Ganancias','2019-11-29 18:37:49','2019-11-29 18:37:49',NULL),(3,NULL,'Acc y Part Soc','2019-11-29 18:37:49','2019-11-29 18:37:49',NULL),(4,NULL,'Part Soc Informativa','2019-11-29 18:37:49','2019-11-29 18:37:49',NULL),(5,NULL,'IGJ Balance','2019-11-29 18:37:49','2019-11-29 18:37:49',NULL),(6,NULL,'TASAS IGJ','2019-11-29 18:37:49','2019-11-29 18:37:49',NULL),(7,NULL,'Auditoria','2019-11-29 18:37:49','2019-11-29 18:37:49',NULL),(8,NULL,'Libros Societarios','2019-11-29 18:37:49','2019-11-29 18:37:49',NULL),(9,NULL,'CM 05','2019-11-29 18:37:49','2019-11-29 18:37:49',NULL);

--
-- Table structure for table `obl_anual_registros`
--

CREATE TABLE `obl_anual_registros` (
  `id` int(10) unsigned NOT NULL AUTO_INCREMENT,
  `user_id` int(10) unsigned DEFAULT NULL,
  `anio` int(10) unsigned NOT NULL,
  `person_id` int(10) unsigned NOT NULL,
  `obl_anual_concepto_id` int(10) unsigned NOT NULL,
  `cumplido` tinyint(1) NOT NULL DEFAULT '0',
  `created_at` timestamp NULL DEFAULT NULL,
  `updated_at` timestamp NULL DEFAULT NULL,
  `deleted_at` timestamp NULL DEFAULT NULL,
  PRIMARY KEY (`id`),
  KEY `obl_anual_registros_person_id_foreign` (`person_id`),
  KEY `obl_anual_registros_obl_anual_concepto_id_foreign` (`obl_anual_concepto_id`),
  CONSTRAINT `obl_anual_registros_obl_anual_concepto_id_foreign` FOREIGN KEY (`obl_anual_concepto_id`) REFERENCES `obl_anual_conceptos` (`id`) ON DELETE CASCADE,
  CONSTRAINT `obl_anual_registros_person_id_foreign` FOREIGN KEY (`person_id`) REFERENCES `persons` (`id`)
) ENGINE=InnoDB AUTO_INCREMENT=19 DEFAULT CHARSET=utf8mb4 COLLATE=utf8mb4_unicode_ci;

--
-- Dumping data for table `obl_anual_registros`
--

INSERT INTO `obl_anual_registros` VALUES (1,1234,2020,40758,1,0,'2020-11-10 11:14:36','2020-11-10 11:14:36',NULL),(2,1234,2020,40758,2,0,'2020-11-10 11:14:36','2020-11-10 11:14:36',NULL),(3,1234,2020,40758,3,0,'2020-11-10 11:14:36','2020-11-10 11:14:36',NULL),(4,1234,2020,40758,4,0,'2020-11-10 11:14:36','2020-11-10 11:14:36',NULL),(5,1234,2020,40758,5,0,'2020-11-10 11:14:36','2020-11-10 11:14:36',NULL),(6,1234,2020,40758,6,0,'2020-11-10 11:14:36','2020-11-10 11:14:36',NULL),(7,1234,2020,40758,7,0,'2020-11-10 11:14:36','2020-11-10 11:14:36',NULL),(8,1234,2020,40758,8,0,'2020-11-10 11:14:36','2020-11-10 11:14:36',NULL),(9,1234,2020,40758,9,0,'2020-11-10 11:14:36','2020-11-10 11:14:36',NULL),(10,1234,2020,40760,1,0,'2020-11-10 11:14:36','2020-11-10 11:14:36',NULL),(11,1234,2020,40760,2,0,'2020-11-10 11:14:36','2020-11-10 11:14:36',NULL),(12,1234,2020,40760,3,0,'2020-11-10 11:14:36','2020-11-10 11:14:36',NULL),(13,1234,2020,40760,4,0,'2020-11-10 11:14:36','2020-11-10 11:14:36',NULL),(14,1234,2020,40760,5,0,'2020-11-10 11:14:36','2020-11-10 11:14:36',NULL),(15,1234,2020,40760,6,0,'2020-11-10 11:14:36','2020-11-10 11:14:36',NULL),(16,1234,2020,40760,7,0,'2020-11-10 11:14:36','2020-11-10 11:14:36',NULL),(17,1234,2020,40760,8,0,'2020-11-10 11:14:36','2020-11-10 11:14:36',NULL),(18,1234,2020,40760,9,0,'2020-11-10 11:14:36','2020-11-10 11:14:36',NULL);

--
-- Table structure for table `other_taxes`
--

CREATE TABLE `other_taxes` (
  `id` int(10) unsigned NOT NULL AUTO_INCREMENT,
  `created_at` timestamp NULL DEFAULT NULL,
  `updated_at` timestamp NULL DEFAULT NULL,
  `name` varchar(255) COLLATE utf8mb4_unicode_ci NOT NULL,
  `section` varchar(255) COLLATE utf8mb4_unicode_ci NOT NULL,
  `percent_tax` decimal(16,2) NOT NULL DEFAULT '0.00',
  `zone_id` int(10) unsigned DEFAULT NULL,
  `aliases` varchar(255) COLLATE utf8mb4_unicode_ci DEFAULT NULL,
  `section_name` varchar(255) COLLATE utf8mb4_unicode_ci DEFAULT NULL,
  `plan_cuenta_id` int(10) unsigned NOT NULL DEFAULT '1',
  PRIMARY KEY (`id`),
  KEY `other_taxes_plan_cuenta_id_foreign` (`plan_cuenta_id`),
  CONSTRAINT `other_taxes_plan_cuenta_id_foreign` FOREIGN KEY (`plan_cuenta_id`) REFERENCES `conta_plan_cuenta` (`id`)
) ENGINE=InnoDB AUTO_INCREMENT=1031 DEFAULT CHARSET=utf8mb4 COLLATE=utf8mb4_unicode_ci;

--
-- Dumping data for table `other_taxes`
--

INSERT INTO `other_taxes` VALUES (1000,NULL,NULL,'Perc IVA -RG3337','iva',0.00,NULL,NULL,'IVA',220),(1001,NULL,NULL,'Imps. Internos','gas',0.00,NULL,NULL,'Imp. Combustibles',221),(1002,NULL,NULL,'Imp. Gasoil','gas',0.00,NULL,NULL,'Imp. Combustibles',222),(1003,NULL,NULL,'Imp. Hídricos','gas',0.00,NULL,NULL,'Imp. Combustibles',223),(1004,NULL,NULL,'ITC','gas',0.00,NULL,NULL,'Imp. Combustibles',224),(1005,NULL,NULL,'Perc IIBB  Buenos Aires','iibb',0.00,23,NULL,'IIBB',225),(1006,NULL,NULL,'Perc IIBB  Capital Federal','iibb',0.00,22,NULL,'IIBB',226),(1007,NULL,NULL,'Perc IIBB  Catamarca','iibb',0.00,24,NULL,'IIBB',227),(1008,NULL,NULL,'Perc IIBB  Chaco','iibb',0.00,3,NULL,'IIBB',228),(1009,NULL,NULL,'Perc IIBB  Chubut','iibb',0.00,4,NULL,'IIBB',229),(1010,NULL,NULL,'Perc IIBB  Córdoba','iibb',0.00,1,NULL,'IIBB',230),(1011,NULL,NULL,'Perc IIBB  Corrientes','iibb',0.00,2,NULL,'IIBB',231),(1012,NULL,NULL,'Perc IIBB  Entre Ríos','iibb',0.00,5,NULL,'IIBB',232),(1013,NULL,NULL,'Perc IIBB  Formosa','iibb',0.00,6,NULL,'IIBB',233),(1014,NULL,NULL,'Perc IIBB  Jujuy','iibb',0.00,7,NULL,'IIBB',234),(1015,NULL,NULL,'Perc IIBB  La Pampa','iibb',0.00,8,NULL,'IIBB',235),(1016,NULL,NULL,'Perc IIBB  La Rioja','iibb',0.00,9,NULL,'IIBB',236),(1017,NULL,NULL,'Perc IIBB  Mendoza','iibb',0.00,10,NULL,'IIBB',237),(1018,NULL,NULL,'Perc IIBB  Misiones','iibb',0.00,11,NULL,'IIBB',238),(1019,NULL,NULL,'Perc IIBB  Neuquén','iibb',0.00,12,NULL,'IIBB',239),(1020,NULL,NULL,'Perc IIBB  Pascua Lama','iibb',0.00,25,NULL,'IIBB',240),(1021,NULL,NULL,'Perc IIBB  Río Negro','iibb',0.00,13,NULL,'IIBB',241),(1022,NULL,NULL,'Perc IIBB  Salta','iibb',0.00,14,NULL,'IIBB',242),(1023,NULL,NULL,'Perc IIBB  San Juan','iibb',0.00,15,NULL,'IIBB',243),(1024,NULL,NULL,'Perc IIBB  San Luis','iibb',0.00,16,NULL,'IIBB',244),(1025,NULL,NULL,'Perc IIBB  Santa Cruz','iibb',0.00,17,NULL,'IIBB',245),(1026,NULL,NULL,'Perc IIBB  Santa Fe','iibb',0.00,18,NULL,'IIBB',246),(1027,NULL,NULL,'Perc IIBB  Santiago del Estero','iibb',0.00,19,NULL,'IIBB',247),(1028,NULL,NULL,'Perc IIBB  Tierra del Fuego','iibb',0.00,20,NULL,'IIBB',248),(1029,NULL,NULL,'Perc IIBB  Tucuman','iibb',0.00,21,NULL,'IIBB',249),(1030,'2019-05-03 03:33:05','2019-05-03 03:33:05','CO2 - Imp. Al Carbono','gas',0.00,NULL,NULL,'Imp. Combustibles',478);

--
-- Table structure for table `pais`
--

CREATE TABLE `pais` (
  `id` int(10) unsigned NOT NULL AUTO_INCREMENT,
  `user_id` int(10) unsigned DEFAULT NULL,
  `codigo` int(10) unsigned DEFAULT NULL,
  `descripcion` varchar(191) COLLATE utf8mb4_unicode_ci NOT NULL,
  `habilitado` tinyint(1) NOT NULL DEFAULT '1',
  `created_at` timestamp NULL DEFAULT NULL,
  `updated_at` timestamp NULL DEFAULT NULL,
  `deleted_at` timestamp NULL DEFAULT NULL,
  PRIMARY KEY (`id`),
  UNIQUE KEY `pais_descripcion_unique` (`descripcion`),
  UNIQUE KEY `pais_codigo_unique` (`codigo`)
) ENGINE=InnoDB AUTO_INCREMENT=249 DEFAULT CHARSET=utf8mb4 COLLATE=utf8mb4_unicode_ci;

--
-- Dumping data for table `pais`
--

INSERT INTO `pais` VALUES (1,NULL,NULL,'Argentina',1,'2020-05-28 20:55:22','2020-05-28 20:55:22',NULL),(2,NULL,NULL,'Afghanistan',1,'2020-05-28 20:55:22','2020-05-28 20:55:22',NULL),(3,NULL,NULL,'Albania',1,'2020-05-28 20:55:22','2020-05-28 20:55:22',NULL),(4,NULL,NULL,'Alemania',1,'2020-05-28 20:55:22','2020-05-28 20:55:22',NULL),(5,NULL,NULL,'Algeria',1,'2020-05-28 20:55:22','2020-05-28 20:55:22',NULL),(6,NULL,NULL,'Andorra',1,'2020-05-28 20:55:22','2020-05-28 20:55:22',NULL),(7,NULL,NULL,'Angola',1,'2020-05-28 20:55:22','2020-05-28 20:55:22',NULL),(8,NULL,NULL,'Anguila',1,'2020-05-28 20:55:22','2020-05-28 20:55:22',NULL),(9,NULL,NULL,'Antártida',1,'2020-05-28 20:55:22','2020-05-28 20:55:22',NULL),(10,NULL,NULL,'Antigua y Barbuda',1,'2020-05-28 20:55:22','2020-05-28 20:55:22',NULL),(11,NULL,NULL,'Arabia Saudita',1,'2020-05-28 20:55:22','2020-05-28 20:55:22',NULL),(12,NULL,NULL,'Armenia',1,'2020-05-28 20:55:22','2020-05-28 20:55:22',NULL),(13,NULL,NULL,'Aruba',1,'2020-05-28 20:55:22','2020-05-28 20:55:22',NULL),(14,NULL,NULL,'Australia',1,'2020-05-28 20:55:22','2020-05-28 20:55:22',NULL),(15,NULL,NULL,'Austria',1,'2020-05-28 20:55:22','2020-05-28 20:55:22',NULL),(16,NULL,NULL,'Azerbaiyán',1,'2020-05-28 20:55:22','2020-05-28 20:55:22',NULL),(17,NULL,NULL,'Bélgica',1,'2020-05-28 20:55:22','2020-05-28 20:55:22',NULL),(18,NULL,NULL,'Bahamas',1,'2020-05-28 20:55:22','2020-05-28 20:55:22',NULL),(19,NULL,NULL,'Bahrein',1,'2020-05-28 20:55:22','2020-05-28 20:55:22',NULL),(20,NULL,NULL,'Bangladesh',1,'2020-05-28 20:55:22','2020-05-28 20:55:22',NULL),(21,NULL,NULL,'Barbados',1,'2020-05-28 20:55:22','2020-05-28 20:55:22',NULL),(22,NULL,NULL,'Belice',1,'2020-05-28 20:55:22','2020-05-28 20:55:22',NULL),(23,NULL,NULL,'Benín',1,'2020-05-28 20:55:22','2020-05-28 20:55:22',NULL),(24,NULL,NULL,'Bhután',1,'2020-05-28 20:55:22','2020-05-28 20:55:22',NULL),(25,NULL,NULL,'Bielorrusia',1,'2020-05-28 20:55:22','2020-05-28 20:55:22',NULL),(26,NULL,NULL,'Birmania',1,'2020-05-28 20:55:22','2020-05-28 20:55:22',NULL),(27,NULL,NULL,'Bolivia',1,'2020-05-28 20:55:22','2020-05-28 20:55:22',NULL),(28,NULL,NULL,'Bosnia y Herzegovina',1,'2020-05-28 20:55:22','2020-05-28 20:55:22',NULL),(29,NULL,NULL,'Botsuana',1,'2020-05-28 20:55:22','2020-05-28 20:55:22',NULL),(30,NULL,NULL,'Brasil',1,'2020-05-28 20:55:22','2020-05-28 20:55:22',NULL),(31,NULL,NULL,'Brunéi',1,'2020-05-28 20:55:22','2020-05-28 20:55:22',NULL),(32,NULL,NULL,'Bulgaria',1,'2020-05-28 20:55:22','2020-05-28 20:55:22',NULL),(33,NULL,NULL,'Burkina Faso',1,'2020-05-28 20:55:22','2020-05-28 20:55:22',NULL),(34,NULL,NULL,'Burundi',1,'2020-05-28 20:55:22','2020-05-28 20:55:22',NULL),(35,NULL,NULL,'Cabo Verde',1,'2020-05-28 20:55:22','2020-05-28 20:55:22',NULL),(36,NULL,NULL,'Camboya',1,'2020-05-28 20:55:22','2020-05-28 20:55:22',NULL),(37,NULL,NULL,'Camerún',1,'2020-05-28 20:55:22','2020-05-28 20:55:22',NULL),(38,NULL,NULL,'Canadá',1,'2020-05-28 20:55:22','2020-05-28 20:55:22',NULL),(39,NULL,NULL,'Chad',1,'2020-05-28 20:55:22','2020-05-28 20:55:22',NULL),(40,NULL,NULL,'Chile',1,'2020-05-28 20:55:22','2020-05-28 20:55:22',NULL),(41,NULL,NULL,'China',1,'2020-05-28 20:55:22','2020-05-28 20:55:22',NULL),(42,NULL,NULL,'Chipre',1,'2020-05-28 20:55:22','2020-05-28 20:55:22',NULL),(43,NULL,NULL,'Ciudad del Vaticano',1,'2020-05-28 20:55:22','2020-05-28 20:55:22',NULL),(44,NULL,NULL,'Colombia',1,'2020-05-28 20:55:22','2020-05-28 20:55:22',NULL),(45,NULL,NULL,'Comoras',1,'2020-05-28 20:55:22','2020-05-28 20:55:22',NULL),(46,NULL,NULL,'República del Congo',1,'2020-05-28 20:55:22','2020-05-28 20:55:22',NULL),(47,NULL,NULL,'República Democrática del Congo',1,'2020-05-28 20:55:22','2020-05-28 20:55:22',NULL),(48,NULL,NULL,'Corea del Norte',1,'2020-05-28 20:55:22','2020-05-28 20:55:22',NULL),(49,NULL,NULL,'Corea del Sur',1,'2020-05-28 20:55:22','2020-05-28 20:55:22',NULL),(50,NULL,NULL,'Costa de Marfil',1,'2020-05-28 20:55:22','2020-05-28 20:55:22',NULL),(51,NULL,NULL,'Costa Rica',1,'2020-05-28 20:55:22','2020-05-28 20:55:22',NULL);
INSERT INTO `pais` VALUES (52,NULL,NULL,'Croacia',1,'2020-05-28 20:55:22','2020-05-28 20:55:22',NULL),(53,NULL,NULL,'Cuba',1,'2020-05-28 20:55:22','2020-05-28 20:55:22',NULL),(54,NULL,NULL,'Curazao',1,'2020-05-28 20:55:22','2020-05-28 20:55:22',NULL),(55,NULL,NULL,'Dinamarca',1,'2020-05-28 20:55:22','2020-05-28 20:55:22',NULL),(56,NULL,NULL,'Dominica',1,'2020-05-28 20:55:22','2020-05-28 20:55:22',NULL),(57,NULL,NULL,'Ecuador',1,'2020-05-28 20:55:22','2020-05-28 20:55:22',NULL),(58,NULL,NULL,'Egipto',1,'2020-05-28 20:55:22','2020-05-28 20:55:22',NULL),(59,NULL,NULL,'El Salvador',1,'2020-05-28 20:55:22','2020-05-28 20:55:22',NULL),(60,NULL,NULL,'Emiratos Árabes Unidos',1,'2020-05-28 20:55:22','2020-05-28 20:55:22',NULL),(61,NULL,NULL,'Eritrea',1,'2020-05-28 20:55:22','2020-05-28 20:55:22',NULL),(62,NULL,NULL,'Eslovaquia',1,'2020-05-28 20:55:22','2020-05-28 20:55:22',NULL),(63,NULL,NULL,'Eslovenia',1,'2020-05-28 20:55:22','2020-05-28 20:55:22',NULL),(64,NULL,NULL,'España',1,'2020-05-28 20:55:22','2020-05-28 20:55:22',NULL),(65,NULL,NULL,'Estados Unidos de América',1,'2020-05-28 20:55:22','2020-05-28 20:55:22',NULL),(66,NULL,NULL,'Estonia',1,'2020-05-28 20:55:22','2020-05-28 20:55:22',NULL),(67,NULL,NULL,'Etiopía',1,'2020-05-28 20:55:22','2020-05-28 20:55:22',NULL),(68,NULL,NULL,'Filipinas',1,'2020-05-28 20:55:22','2020-05-28 20:55:22',NULL),(69,NULL,NULL,'Finlandia',1,'2020-05-28 20:55:22','2020-05-28 20:55:22',NULL),(70,NULL,NULL,'Fiyi',1,'2020-05-28 20:55:22','2020-05-28 20:55:22',NULL),(71,NULL,NULL,'Francia',1,'2020-05-28 20:55:22','2020-05-28 20:55:22',NULL),(72,NULL,NULL,'Gabón',1,'2020-05-28 20:55:22','2020-05-28 20:55:22',NULL),(73,NULL,NULL,'Gambia',1,'2020-05-28 20:55:22','2020-05-28 20:55:22',NULL),(74,NULL,NULL,'Georgia',1,'2020-05-28 20:55:22','2020-05-28 20:55:22',NULL),(75,NULL,NULL,'Ghana',1,'2020-05-28 20:55:22','2020-05-28 20:55:22',NULL),(76,NULL,NULL,'Gibraltar',1,'2020-05-28 20:55:22','2020-05-28 20:55:22',NULL),(77,NULL,NULL,'Granada',1,'2020-05-28 20:55:22','2020-05-28 20:55:22',NULL),(78,NULL,NULL,'Grecia',1,'2020-05-28 20:55:22','2020-05-28 20:55:22',NULL),(79,NULL,NULL,'Groenlandia',1,'2020-05-28 20:55:22','2020-05-28 20:55:22',NULL),(80,NULL,NULL,'Guadalupe',1,'2020-05-28 20:55:22','2020-05-28 20:55:22',NULL),(81,NULL,NULL,'Guam',1,'2020-05-28 20:55:22','2020-05-28 20:55:22',NULL),(82,NULL,NULL,'Guatemala',1,'2020-05-28 20:55:22','2020-05-28 20:55:22',NULL),(83,NULL,NULL,'Guayana Francesa',1,'2020-05-28 20:55:22','2020-05-28 20:55:22',NULL),(84,NULL,NULL,'Guernsey',1,'2020-05-28 20:55:22','2020-05-28 20:55:22',NULL),(85,NULL,NULL,'Guinea',1,'2020-05-28 20:55:22','2020-05-28 20:55:22',NULL),(86,NULL,NULL,'Guinea Ecuatorial',1,'2020-05-28 20:55:22','2020-05-28 20:55:22',NULL),(87,NULL,NULL,'Guinea-Bissau',1,'2020-05-28 20:55:22','2020-05-28 20:55:22',NULL),(88,NULL,NULL,'Guyana',1,'2020-05-28 20:55:22','2020-05-28 20:55:22',NULL),(89,NULL,NULL,'Haití',1,'2020-05-28 20:55:22','2020-05-28 20:55:22',NULL),(90,NULL,NULL,'Honduras',1,'2020-05-28 20:55:22','2020-05-28 20:55:22',NULL),(91,NULL,NULL,'Hong kong',1,'2020-05-28 20:55:23','2020-05-28 20:55:23',NULL),(92,NULL,NULL,'Hungría',1,'2020-05-28 20:55:23','2020-05-28 20:55:23',NULL),(93,NULL,NULL,'India',1,'2020-05-28 20:55:23','2020-05-28 20:55:23',NULL),(94,NULL,NULL,'Indonesia',1,'2020-05-28 20:55:23','2020-05-28 20:55:23',NULL),(95,NULL,NULL,'Irán',1,'2020-05-28 20:55:23','2020-05-28 20:55:23',NULL),(96,NULL,NULL,'Irak',1,'2020-05-28 20:55:23','2020-05-28 20:55:23',NULL),(97,NULL,NULL,'Irlanda',1,'2020-05-28 20:55:23','2020-05-28 20:55:23',NULL),(98,NULL,NULL,'Isla Bouvet',1,'2020-05-28 20:55:23','2020-05-28 20:55:23',NULL),(99,NULL,NULL,'Isla de Man',1,'2020-05-28 20:55:23','2020-05-28 20:55:23',NULL),(100,NULL,NULL,'Isla de Navidad',1,'2020-05-28 20:55:23','2020-05-28 20:55:23',NULL),(101,NULL,NULL,'Isla Norfolk',1,'2020-05-28 20:55:23','2020-05-28 20:55:23',NULL),(102,NULL,NULL,'Islandia',1,'2020-05-28 20:55:23','2020-05-28 20:55:23',NULL);
INSERT INTO `pais` VALUES (103,NULL,NULL,'Islas Bermudas',1,'2020-05-28 20:55:23','2020-05-28 20:55:23',NULL),(104,NULL,NULL,'Islas Caimán',1,'2020-05-28 20:55:23','2020-05-28 20:55:23',NULL),(105,NULL,NULL,'Islas Cocos (Keeling)',1,'2020-05-28 20:55:23','2020-05-28 20:55:23',NULL),(106,NULL,NULL,'Islas Cook',1,'2020-05-28 20:55:23','2020-05-28 20:55:23',NULL),(107,NULL,NULL,'Islas de Åland',1,'2020-05-28 20:55:23','2020-05-28 20:55:23',NULL),(108,NULL,NULL,'Islas Feroe',1,'2020-05-28 20:55:23','2020-05-28 20:55:23',NULL),(109,NULL,NULL,'Islas Georgias del Sur y Sandwich del Sur',1,'2020-05-28 20:55:23','2020-05-28 20:55:23',NULL),(110,NULL,NULL,'Islas Heard y McDonald',1,'2020-05-28 20:55:23','2020-05-28 20:55:23',NULL),(111,NULL,NULL,'Islas Maldivas',1,'2020-05-28 20:55:23','2020-05-28 20:55:23',NULL),(112,NULL,NULL,'Islas Malvinas',1,'2020-05-28 20:55:23','2020-05-28 20:55:23',NULL),(113,NULL,NULL,'Islas Marianas del Norte',1,'2020-05-28 20:55:23','2020-05-28 20:55:23',NULL),(114,NULL,NULL,'Islas Marshall',1,'2020-05-28 20:55:23','2020-05-28 20:55:23',NULL),(115,NULL,NULL,'Islas Pitcairn',1,'2020-05-28 20:55:23','2020-05-28 20:55:23',NULL),(116,NULL,NULL,'Islas Salomón',1,'2020-05-28 20:55:23','2020-05-28 20:55:23',NULL),(117,NULL,NULL,'Islas Turcas y Caicos',1,'2020-05-28 20:55:23','2020-05-28 20:55:23',NULL),(118,NULL,NULL,'Islas Ultramarinas Menores de Estados Unidos',1,'2020-05-28 20:55:23','2020-05-28 20:55:23',NULL),(119,NULL,NULL,'Islas Vírgenes Británicas',1,'2020-05-28 20:55:23','2020-05-28 20:55:23',NULL),(120,NULL,NULL,'Islas Vírgenes de los Estados Unidos',1,'2020-05-28 20:55:23','2020-05-28 20:55:23',NULL),(121,NULL,NULL,'Israel',1,'2020-05-28 20:55:23','2020-05-28 20:55:23',NULL),(122,NULL,NULL,'Italia',1,'2020-05-28 20:55:23','2020-05-28 20:55:23',NULL),(123,NULL,NULL,'Jamaica',1,'2020-05-28 20:55:23','2020-05-28 20:55:23',NULL),(124,NULL,NULL,'Japón',1,'2020-05-28 20:55:23','2020-05-28 20:55:23',NULL),(125,NULL,NULL,'Jersey',1,'2020-05-28 20:55:23','2020-05-28 20:55:23',NULL),(126,NULL,NULL,'Jordania',1,'2020-05-28 20:55:23','2020-05-28 20:55:23',NULL),(127,NULL,NULL,'Kazajistán',1,'2020-05-28 20:55:23','2020-05-28 20:55:23',NULL),(128,NULL,NULL,'Kenia',1,'2020-05-28 20:55:23','2020-05-28 20:55:23',NULL),(129,NULL,NULL,'Kirguistán',1,'2020-05-28 20:55:23','2020-05-28 20:55:23',NULL),(130,NULL,NULL,'Kiribati',1,'2020-05-28 20:55:23','2020-05-28 20:55:23',NULL),(131,NULL,NULL,'Kuwait',1,'2020-05-28 20:55:23','2020-05-28 20:55:23',NULL),(132,NULL,NULL,'Líbano',1,'2020-05-28 20:55:23','2020-05-28 20:55:23',NULL),(133,NULL,NULL,'Laos',1,'2020-05-28 20:55:23','2020-05-28 20:55:23',NULL),(134,NULL,NULL,'Lesoto',1,'2020-05-28 20:55:23','2020-05-28 20:55:23',NULL),(135,NULL,NULL,'Letonia',1,'2020-05-28 20:55:23','2020-05-28 20:55:23',NULL),(136,NULL,NULL,'Liberia',1,'2020-05-28 20:55:23','2020-05-28 20:55:23',NULL),(137,NULL,NULL,'Libia',1,'2020-05-28 20:55:23','2020-05-28 20:55:23',NULL),(138,NULL,NULL,'Liechtenstein',1,'2020-05-28 20:55:23','2020-05-28 20:55:23',NULL),(139,NULL,NULL,'Lituania',1,'2020-05-28 20:55:23','2020-05-28 20:55:23',NULL),(140,NULL,NULL,'Luxemburgo',1,'2020-05-28 20:55:23','2020-05-28 20:55:23',NULL),(141,NULL,NULL,'México',1,'2020-05-28 20:55:23','2020-05-28 20:55:23',NULL),(142,NULL,NULL,'Mónaco',1,'2020-05-28 20:55:23','2020-05-28 20:55:23',NULL),(143,NULL,NULL,'Macao',1,'2020-05-28 20:55:23','2020-05-28 20:55:23',NULL),(144,NULL,NULL,'Macedônia',1,'2020-05-28 20:55:23','2020-05-28 20:55:23',NULL),(145,NULL,NULL,'Madagascar',1,'2020-05-28 20:55:23','2020-05-28 20:55:23',NULL),(146,NULL,NULL,'Malasia',1,'2020-05-28 20:55:23','2020-05-28 20:55:23',NULL),(147,NULL,NULL,'Malawi',1,'2020-05-28 20:55:23','2020-05-28 20:55:23',NULL),(148,NULL,NULL,'Mali',1,'2020-05-28 20:55:23','2020-05-28 20:55:23',NULL),(149,NULL,NULL,'Malta',1,'2020-05-28 20:55:23','2020-05-28 20:55:23',NULL),(150,NULL,NULL,'Marruecos',1,'2020-05-28 20:55:23','2020-05-28 20:55:23',NULL);
INSERT INTO `pais` VALUES (151,NULL,NULL,'Martinica',1,'2020-05-28 20:55:23','2020-05-28 20:55:23',NULL),(152,NULL,NULL,'Mauricio',1,'2020-05-28 20:55:23','2020-05-28 20:55:23',NULL),(153,NULL,NULL,'Mauritania',1,'2020-05-28 20:55:23','2020-05-28 20:55:23',NULL),(154,NULL,NULL,'Mayotte',1,'2020-05-28 20:55:23','2020-05-28 20:55:23',NULL),(155,NULL,NULL,'Micronesia',1,'2020-05-28 20:55:23','2020-05-28 20:55:23',NULL),(156,NULL,NULL,'Moldavia',1,'2020-05-28 20:55:23','2020-05-28 20:55:23',NULL),(157,NULL,NULL,'Mongolia',1,'2020-05-28 20:55:23','2020-05-28 20:55:23',NULL),(158,NULL,NULL,'Montenegro',1,'2020-05-28 20:55:23','2020-05-28 20:55:23',NULL),(159,NULL,NULL,'Montserrat',1,'2020-05-28 20:55:23','2020-05-28 20:55:23',NULL),(160,NULL,NULL,'Mozambique',1,'2020-05-28 20:55:23','2020-05-28 20:55:23',NULL),(161,NULL,NULL,'Namibia',1,'2020-05-28 20:55:23','2020-05-28 20:55:23',NULL),(162,NULL,NULL,'Nauru',1,'2020-05-28 20:55:23','2020-05-28 20:55:23',NULL),(163,NULL,NULL,'Nepal',1,'2020-05-28 20:55:23','2020-05-28 20:55:23',NULL),(164,NULL,NULL,'Nicaragua',1,'2020-05-28 20:55:23','2020-05-28 20:55:23',NULL),(165,NULL,NULL,'Niger',1,'2020-05-28 20:55:23','2020-05-28 20:55:23',NULL),(166,NULL,NULL,'Nigeria',1,'2020-05-28 20:55:23','2020-05-28 20:55:23',NULL),(167,NULL,NULL,'Niue',1,'2020-05-28 20:55:23','2020-05-28 20:55:23',NULL),(168,NULL,NULL,'Noruega',1,'2020-05-28 20:55:23','2020-05-28 20:55:23',NULL),(169,NULL,NULL,'Nueva Caledonia',1,'2020-05-28 20:55:23','2020-05-28 20:55:23',NULL),(170,NULL,NULL,'Nueva Zelanda',1,'2020-05-28 20:55:23','2020-05-28 20:55:23',NULL),(171,NULL,NULL,'Omán',1,'2020-05-28 20:55:23','2020-05-28 20:55:23',NULL),(172,NULL,NULL,'Países Bajos',1,'2020-05-28 20:55:23','2020-05-28 20:55:23',NULL),(173,NULL,NULL,'Pakistán',1,'2020-05-28 20:55:23','2020-05-28 20:55:23',NULL),(174,NULL,NULL,'Palau',1,'2020-05-28 20:55:23','2020-05-28 20:55:23',NULL),(175,NULL,NULL,'Palestina',1,'2020-05-28 20:55:23','2020-05-28 20:55:23',NULL),(176,NULL,NULL,'Panamá',1,'2020-05-28 20:55:23','2020-05-28 20:55:23',NULL),(177,NULL,NULL,'Papúa Nueva Guinea',1,'2020-05-28 20:55:23','2020-05-28 20:55:23',NULL),(178,NULL,NULL,'Paraguay',1,'2020-05-28 20:55:23','2020-05-28 20:55:23',NULL),(179,NULL,NULL,'Perú',1,'2020-05-28 20:55:23','2020-05-28 20:55:23',NULL),(180,NULL,NULL,'Polinesia Francesa',1,'2020-05-28 20:55:23','2020-05-28 20:55:23',NULL),(181,NULL,NULL,'Polonia',1,'2020-05-28 20:55:23','2020-05-28 20:55:23',NULL),(182,NULL,NULL,'Portugal',1,'2020-05-28 20:55:23','2020-05-28 20:55:23',NULL),(183,NULL,NULL,'Puerto Rico',1,'2020-05-28 20:55:23','2020-05-28 20:55:23',NULL),(184,NULL,NULL,'Qatar',1,'2020-05-28 20:55:23','2020-05-28 20:55:23',NULL),(185,NULL,NULL,'Reino Unido',1,'2020-05-28 20:55:23','2020-05-28 20:55:23',NULL),(186,NULL,NULL,'República Centroafricana',1,'2020-05-28 20:55:23','2020-05-28 20:55:23',NULL),(187,NULL,NULL,'República Checa',1,'2020-05-28 20:55:23','2020-05-28 20:55:23',NULL),(188,NULL,NULL,'República Dominicana',1,'2020-05-28 20:55:23','2020-05-28 20:55:23',NULL),(189,NULL,NULL,'República de Sudán del Sur',1,'2020-05-28 20:55:23','2020-05-28 20:55:23',NULL),(190,NULL,NULL,'Reunión',1,'2020-05-28 20:55:23','2020-05-28 20:55:23',NULL),(191,NULL,NULL,'Ruanda',1,'2020-05-28 20:55:23','2020-05-28 20:55:23',NULL),(192,NULL,NULL,'Rumanía',1,'2020-05-28 20:55:23','2020-05-28 20:55:23',NULL),(193,NULL,NULL,'Rusia',1,'2020-05-28 20:55:23','2020-05-28 20:55:23',NULL),(194,NULL,NULL,'Sahara Occidental',1,'2020-05-28 20:55:23','2020-05-28 20:55:23',NULL),(195,NULL,NULL,'Samoa',1,'2020-05-28 20:55:23','2020-05-28 20:55:23',NULL),(196,NULL,NULL,'Samoa Americana',1,'2020-05-28 20:55:23','2020-05-28 20:55:23',NULL),(197,NULL,NULL,'San Bartolomé',1,'2020-05-28 20:55:23','2020-05-28 20:55:23',NULL),(198,NULL,NULL,'San Cristóbal y Nieves',1,'2020-05-28 20:55:23','2020-05-28 20:55:23',NULL),(199,NULL,NULL,'San Marino',1,'2020-05-28 20:55:23','2020-05-28 20:55:23',NULL);
INSERT INTO `pais` VALUES (200,NULL,NULL,'San Martín (Francia)',1,'2020-05-28 20:55:23','2020-05-28 20:55:23',NULL),(201,NULL,NULL,'San Pedro y Miquelón',1,'2020-05-28 20:55:23','2020-05-28 20:55:23',NULL),(202,NULL,NULL,'San Vicente y las Granadinas',1,'2020-05-28 20:55:23','2020-05-28 20:55:23',NULL),(203,NULL,NULL,'Santa Elena',1,'2020-05-28 20:55:23','2020-05-28 20:55:23',NULL),(204,NULL,NULL,'Santa Lucía',1,'2020-05-28 20:55:23','2020-05-28 20:55:23',NULL),(205,NULL,NULL,'Santo Tomé y Príncipe',1,'2020-05-28 20:55:23','2020-05-28 20:55:23',NULL),(206,NULL,NULL,'Senegal',1,'2020-05-28 20:55:23','2020-05-28 20:55:23',NULL),(207,NULL,NULL,'Serbia',1,'2020-05-28 20:55:23','2020-05-28 20:55:23',NULL),(208,NULL,NULL,'Seychelles',1,'2020-05-28 20:55:23','2020-05-28 20:55:23',NULL),(209,NULL,NULL,'Sierra Leona',1,'2020-05-28 20:55:23','2020-05-28 20:55:23',NULL),(210,NULL,NULL,'Singapur',1,'2020-05-28 20:55:23','2020-05-28 20:55:23',NULL),(211,NULL,NULL,'Sint Maarten',1,'2020-05-28 20:55:23','2020-05-28 20:55:23',NULL),(212,NULL,NULL,'Siria',1,'2020-05-28 20:55:23','2020-05-28 20:55:23',NULL),(213,NULL,NULL,'Somalia',1,'2020-05-28 20:55:23','2020-05-28 20:55:23',NULL),(214,NULL,NULL,'Sri lanka',1,'2020-05-28 20:55:23','2020-05-28 20:55:23',NULL),(215,NULL,NULL,'Sudáfrica',1,'2020-05-28 20:55:23','2020-05-28 20:55:23',NULL),(216,NULL,NULL,'Sudán',1,'2020-05-28 20:55:23','2020-05-28 20:55:23',NULL),(217,NULL,NULL,'Suecia',1,'2020-05-28 20:55:23','2020-05-28 20:55:23',NULL),(218,NULL,NULL,'Suiza',1,'2020-05-28 20:55:23','2020-05-28 20:55:23',NULL),(219,NULL,NULL,'Surinám',1,'2020-05-28 20:55:23','2020-05-28 20:55:23',NULL),(220,NULL,NULL,'Svalbard y Jan Mayen',1,'2020-05-28 20:55:23','2020-05-28 20:55:23',NULL),(221,NULL,NULL,'Swazilandia',1,'2020-05-28 20:55:23','2020-05-28 20:55:23',NULL),(222,NULL,NULL,'Tayikistán',1,'2020-05-28 20:55:23','2020-05-28 20:55:23',NULL),(223,NULL,NULL,'Tailandia',1,'2020-05-28 20:55:23','2020-05-28 20:55:23',NULL),(224,NULL,NULL,'Taiwán',1,'2020-05-28 20:55:23','2020-05-28 20:55:23',NULL),(225,NULL,NULL,'Tanzania',1,'2020-05-28 20:55:23','2020-05-28 20:55:23',NULL),(226,NULL,NULL,'Territorio Británico del Océano Índico',1,'2020-05-28 20:55:23','2020-05-28 20:55:23',NULL),(227,NULL,NULL,'Territorios Australes y Antárticas Franceses',1,'2020-05-28 20:55:23','2020-05-28 20:55:23',NULL),(228,NULL,NULL,'Timor Oriental',1,'2020-05-28 20:55:23','2020-05-28 20:55:23',NULL),(229,NULL,NULL,'Togo',1,'2020-05-28 20:55:23','2020-05-28 20:55:23',NULL),(230,NULL,NULL,'Tokelau',1,'2020-05-28 20:55:23','2020-05-28 20:55:23',NULL),(231,NULL,NULL,'Tonga',1,'2020-05-28 20:55:23','2020-05-28 20:55:23',NULL),(232,NULL,NULL,'Trinidad y Tobago',1,'2020-05-28 20:55:23','2020-05-28 20:55:23',NULL),(233,NULL,NULL,'Tunez',1,'2020-05-28 20:55:23','2020-05-28 20:55:23',NULL),(234,NULL,NULL,'Turkmenistán',1,'2020-05-28 20:55:23','2020-05-28 20:55:23',NULL),(235,NULL,NULL,'Turquía',1,'2020-05-28 20:55:23','2020-05-28 20:55:23',NULL),(236,NULL,NULL,'Tuvalu',1,'2020-05-28 20:55:23','2020-05-28 20:55:23',NULL),(237,NULL,NULL,'Ucrania',1,'2020-05-28 20:55:23','2020-05-28 20:55:23',NULL),(238,NULL,NULL,'Uganda',1,'2020-05-28 20:55:23','2020-05-28 20:55:23',NULL),(239,NULL,NULL,'Uruguay',1,'2020-05-28 20:55:23','2020-05-28 20:55:23',NULL),(240,NULL,NULL,'Uzbekistán',1,'2020-05-28 20:55:23','2020-05-28 20:55:23',NULL),(241,NULL,NULL,'Vanuatu',1,'2020-05-28 20:55:23','2020-05-28 20:55:23',NULL),(242,NULL,NULL,'Venezuela',1,'2020-05-28 20:55:23','2020-05-28 20:55:23',NULL),(243,NULL,NULL,'Vietnam',1,'2020-05-28 20:55:23','2020-05-28 20:55:23',NULL),(244,NULL,NULL,'Wallis y Futuna',1,'2020-05-28 20:55:23','2020-05-28 20:55:23',NULL),(245,NULL,NULL,'Yemen',1,'2020-05-28 20:55:23','2020-05-28 20:55:23',NULL),(246,NULL,NULL,'Yibuti',1,'2020-05-28 20:55:23','2020-05-28 20:55:23',NULL),(247,NULL,NULL,'Zambia',1,'2020-05-28 20:55:23','2020-05-28 20:55:23',NULL),(248,NULL,NULL,'Zimbabue',1,'2020-05-28 20:55:23','2020-05-28 20:55:23',NULL);

--
-- Table structure for table `password_resets`
--

CREATE TABLE `password_resets` (
  `email` varchar(180) COLLATE utf8mb4_unicode_ci NOT NULL,
  `token` varchar(180) COLLATE utf8mb4_unicode_ci NOT NULL,
  `created_at` timestamp NULL DEFAULT NULL,
  UNIQUE KEY `password_resets_email_token_unique` (`email`,`token`),
  KEY `password_resets_email_index` (`email`)
) ENGINE=InnoDB DEFAULT CHARSET=utf8mb4 COLLATE=utf8mb4_unicode_ci;

--
-- Dumping data for table `password_resets`
--


--
-- Table structure for table `path_of_file`
--

CREATE TABLE `path_of_file` (
  `id` int(10) unsigned NOT NULL AUTO_INCREMENT,
  `user_id` int(10) unsigned DEFAULT NULL,
  `person_id` int(10) unsigned DEFAULT NULL,
  `person_id_relationed` int(10) unsigned DEFAULT NULL,
  `path_of_file_name_id` int(10) unsigned DEFAULT NULL,
  `path` longtext COLLATE utf8mb4_unicode_ci,
  `comentario` varchar(191) COLLATE utf8mb4_unicode_ci DEFAULT NULL,
  `descripcion` varchar(191) COLLATE utf8mb4_unicode_ci DEFAULT NULL,
  `created_at` timestamp NULL DEFAULT NULL,
  `updated_at` timestamp NULL DEFAULT NULL,
  `deleted_at` timestamp NULL DEFAULT NULL,
  PRIMARY KEY (`id`),
  KEY `path_of_file_person_id_foreign` (`person_id`),
  KEY `path_of_file_person_id_relationed_foreign` (`person_id_relationed`),
  KEY `path_of_file_path_of_file_name_id_foreign` (`path_of_file_name_id`),
  CONSTRAINT `path_of_file_path_of_file_name_id_foreign` FOREIGN KEY (`path_of_file_name_id`) REFERENCES `path_of_file_names` (`id`),
  CONSTRAINT `path_of_file_person_id_foreign` FOREIGN KEY (`person_id`) REFERENCES `persons` (`id`),
  CONSTRAINT `path_of_file_person_id_relationed_foreign` FOREIGN KEY (`person_id_relationed`) REFERENCES `persons` (`id`)
) ENGINE=InnoDB DEFAULT CHARSET=utf8mb4 COLLATE=utf8mb4_unicode_ci;

--
-- Dumping data for table `path_of_file`
--


--
-- Table structure for table `path_of_file_names`
--

CREATE TABLE `path_of_file_names` (
  `id` int(10) unsigned NOT NULL AUTO_INCREMENT,
  `user_id` int(10) unsigned DEFAULT NULL,
  `descripcion` text COLLATE utf8mb4_unicode_ci NOT NULL,
  `created_at` timestamp NULL DEFAULT NULL,
  `updated_at` timestamp NULL DEFAULT NULL,
  `deleted_at` timestamp NULL DEFAULT NULL,
  PRIMARY KEY (`id`)
) ENGINE=InnoDB AUTO_INCREMENT=7 DEFAULT CHARSET=utf8mb4 COLLATE=utf8mb4_unicode_ci;

--
-- Dumping data for table `path_of_file_names`
--

INSERT INTO `path_of_file_names` VALUES (1,NULL,'Libro IVA Compras - Ventas',NULL,NULL,NULL),(2,NULL,'Libro Diario',NULL,NULL,NULL),(3,NULL,'Mayores',NULL,NULL,NULL),(4,NULL,'Sumas y Saldos',NULL,NULL,NULL),(5,NULL,'Comprobantes Todas las Empresas','2021-06-17 09:48:59','2021-06-17 09:48:59',NULL),(6,NULL,'Bot Mis Comprobantes','2021-07-08 06:45:09','2021-07-08 06:45:09',NULL);

--
-- Table structure for table `pay_methods`
--

CREATE TABLE `pay_methods` (
  `id` int(10) unsigned NOT NULL AUTO_INCREMENT,
  `description` varchar(180) COLLATE utf8mb4_unicode_ci NOT NULL,
  `created_at` timestamp NULL DEFAULT NULL,
  `updated_at` timestamp NULL DEFAULT NULL,
  PRIMARY KEY (`id`),
  UNIQUE KEY `pay_methods_description_unique` (`description`)
) ENGINE=InnoDB AUTO_INCREMENT=5 DEFAULT CHARSET=utf8mb4 COLLATE=utf8mb4_unicode_ci;

--
-- Dumping data for table `pay_methods`
--

INSERT INTO `pay_methods` VALUES (1,'INTERBANKING',NULL,NULL),(2,'VEP PAGOMISCUENTAS',NULL,NULL),(3,'VEP REDLINK',NULL,NULL),(4,'FORMULARIO',NULL,NULL);

--
-- Table structure for table `period_liquidation_details`
--

CREATE TABLE `period_liquidation_details` (
  `id` int(10) unsigned NOT NULL AUTO_INCREMENT,
  `user_id` int(10) unsigned DEFAULT NULL,
  `period_liquidation_id` int(10) unsigned NOT NULL,
  `period_id` int(10) unsigned NOT NULL,
  `person_id` int(10) unsigned NOT NULL,
  `zone_id` int(10) unsigned NOT NULL,
  `calculo_iibb` int(10) unsigned NOT NULL DEFAULT '1',
  `actividad_id` int(10) unsigned NOT NULL DEFAULT '1',
  `coef` decimal(16,4) NOT NULL DEFAULT '0.0000',
  `aliquot` decimal(16,4) NOT NULL DEFAULT '0.0000',
  `cm_articulo_regimen_id` int(10) unsigned NOT NULL DEFAULT '1',
  `base_amount` decimal(16,2) NOT NULL DEFAULT '0.00',
  `tax_amount` decimal(16,2) NOT NULL DEFAULT '0.00',
  `previous_period_balance` decimal(16,2) NOT NULL DEFAULT '0.00',
  `sircreb_amount` decimal(16,2) NOT NULL DEFAULT '0.00',
  `perception_amount` decimal(16,2) NOT NULL DEFAULT '0.00',
  `retention_amount` decimal(16,2) NOT NULL DEFAULT '0.00',
  `positive_amount` decimal(16,2) NOT NULL DEFAULT '0.00',
  `negative_amount` decimal(16,2) NOT NULL DEFAULT '0.00',
  `balance` int(11) NOT NULL DEFAULT '0',
  `created_at` timestamp NULL DEFAULT NULL,
  `updated_at` timestamp NULL DEFAULT NULL,
  `deleted_at` timestamp NULL DEFAULT NULL,
  PRIMARY KEY (`id`),
  KEY `period_liquidation_details_period_liquidation_id_foreign` (`period_liquidation_id`),
  KEY `period_liquidation_details_period_id_foreign` (`period_id`),
  KEY `period_liquidation_details_person_id_foreign` (`person_id`),
  KEY `period_liquidation_details_zone_id_foreign` (`zone_id`),
  KEY `period_liquidation_details_actividad_id_foreign` (`actividad_id`),
  KEY `period_liquidation_details_cm_articulo_regimen_id_foreign` (`cm_articulo_regimen_id`),
  CONSTRAINT `period_liquidation_details_actividad_id_foreign` FOREIGN KEY (`actividad_id`) REFERENCES `activities` (`id`),
  CONSTRAINT `period_liquidation_details_cm_articulo_regimen_id_foreign` FOREIGN KEY (`cm_articulo_regimen_id`) REFERENCES `cm_articulos_regimenes` (`id`),
  CONSTRAINT `period_liquidation_details_period_id_foreign` FOREIGN KEY (`period_id`) REFERENCES `periods` (`id`),
  CONSTRAINT `period_liquidation_details_period_liquidation_id_foreign` FOREIGN KEY (`period_liquidation_id`) REFERENCES `period_liquidations` (`id`),
  CONSTRAINT `period_liquidation_details_person_id_foreign` FOREIGN KEY (`person_id`) REFERENCES `persons` (`id`),
  CONSTRAINT `period_liquidation_details_zone_id_foreign` FOREIGN KEY (`zone_id`) REFERENCES `zones` (`id`)
) ENGINE=InnoDB AUTO_INCREMENT=115 DEFAULT CHARSET=utf8mb4 COLLATE=utf8mb4_unicode_ci;

--
-- Dumping data for table `period_liquidation_details`
--

INSERT INTO `period_liquidation_details` VALUES (103,1234,143,6300,40800,18,1,596,0.9318,4.5000,1,501982.70,21048.64,0.00,0.00,0.00,0.00,0.00,0.00,0,'2021-02-08 18:17:14','2021-02-08 18:17:14',NULL),(104,1234,143,6300,40800,18,1,801,0.9318,4.5000,1,0.00,0.00,0.00,0.00,0.00,0.00,0.00,0.00,0,'2021-02-08 18:17:14','2021-02-08 18:17:14',NULL),(105,1234,143,6300,40800,5,1,596,0.0682,4.5000,1,501982.70,1540.58,0.00,0.00,0.00,0.00,0.00,0.00,0,'2021-02-08 18:17:14','2021-02-08 18:17:14',NULL),(106,1234,143,6300,40800,5,1,801,0.0682,4.5000,1,0.00,0.00,0.00,0.00,0.00,0.00,0.00,0.00,0,'2021-02-08 18:17:14','2021-02-08 18:17:14',NULL),(109,1234,156,5963,40758,18,2,410,1.0000,4.5000,1,2292804.55,103176.20,0.00,0.00,0.00,0.00,0.00,0.00,0,'2021-02-10 19:10:58','2021-02-10 19:10:58',NULL),(110,1234,156,5963,40758,18,2,400,1.0000,4.5000,1,0.00,0.00,0.00,0.00,0.00,0.00,0.00,0.00,0,'2021-02-10 19:10:58','2021-02-10 19:10:58',NULL),(113,1234,165,5964,40758,18,2,410,1.0000,4.5000,1,823673.46,37065.31,0.00,0.00,0.00,0.00,0.00,0.00,0,'2021-03-21 15:56:14','2021-03-21 15:56:14',NULL),(114,1234,165,5964,40758,18,2,400,1.0000,4.5000,1,0.00,0.00,0.00,0.00,0.00,0.00,0.00,0.00,0,'2021-03-21 15:56:14','2021-03-21 15:56:14',NULL);

--
-- Table structure for table `period_liquidation_iibb`
--

CREATE TABLE `period_liquidation_iibb` (
  `id` int(10) unsigned NOT NULL AUTO_INCREMENT,
  `user_id` int(10) unsigned DEFAULT NULL,
  `period_liquidation_id` int(10) unsigned NOT NULL,
  `period_id` int(10) unsigned NOT NULL,
  `person_id` int(10) unsigned NOT NULL,
  `zone_id` int(10) unsigned NOT NULL,
  `base_amount` decimal(16,2) DEFAULT '0.00',
  `impuesto` decimal(16,2) DEFAULT '0.00',
  `saldo_a_favor_ant` decimal(16,2) DEFAULT '0.00',
  `sircreb` decimal(16,2) DEFAULT '0.00',
  `percepciones` decimal(16,2) DEFAULT '0.00',
  `retenciones` decimal(16,2) DEFAULT '0.00',
  `a_pagar` decimal(16,2) DEFAULT '0.00',
  `a_favor` decimal(16,2) DEFAULT '0.00',
  `created_at` timestamp NULL DEFAULT NULL,
  `updated_at` timestamp NULL DEFAULT NULL,
  `deleted_at` timestamp NULL DEFAULT NULL,
  PRIMARY KEY (`id`),
  KEY `period_liquidation_iibb_period_liquidation_id_foreign` (`period_liquidation_id`),
  KEY `period_liquidation_iibb_period_id_foreign` (`period_id`),
  KEY `period_liquidation_iibb_person_id_foreign` (`person_id`),
  KEY `period_liquidation_iibb_zone_id_foreign` (`zone_id`),
  CONSTRAINT `period_liquidation_iibb_period_id_foreign` FOREIGN KEY (`period_id`) REFERENCES `periods` (`id`),
  CONSTRAINT `period_liquidation_iibb_period_liquidation_id_foreign` FOREIGN KEY (`period_liquidation_id`) REFERENCES `period_liquidations` (`id`),
  CONSTRAINT `period_liquidation_iibb_person_id_foreign` FOREIGN KEY (`person_id`) REFERENCES `persons` (`id`),
  CONSTRAINT `period_liquidation_iibb_zone_id_foreign` FOREIGN KEY (`zone_id`) REFERENCES `zones` (`id`)
) ENGINE=InnoDB AUTO_INCREMENT=58 DEFAULT CHARSET=utf8mb4 COLLATE=utf8mb4_unicode_ci;

--
-- Dumping data for table `period_liquidation_iibb`
--

INSERT INTO `period_liquidation_iibb` VALUES (52,NULL,143,6300,40800,5,501982.70,1540.58,0.00,0.00,0.00,0.00,1540.58,0.00,'2021-02-08 18:17:14','2021-03-05 03:03:06',NULL),(53,NULL,143,6300,40800,18,501982.70,21048.64,0.00,14840.96,0.00,5878.49,329.19,0.00,'2021-02-08 18:17:14','2021-03-05 03:03:06',NULL),(55,NULL,156,5963,40758,18,2292804.55,103176.20,0.00,16629.87,0.00,19190.74,67355.59,0.00,'2021-02-10 19:10:58','2021-03-05 03:03:06',NULL),(57,1234,165,5964,40758,18,823673.46,37065.31,0.00,0.00,0.00,0.00,37065.31,0.00,'2021-03-21 15:56:14','2021-03-21 15:56:14',NULL);

--
-- Table structure for table `period_liquidation_iva`
--

CREATE TABLE `period_liquidation_iva` (
  `id` int(10) unsigned NOT NULL AUTO_INCREMENT,
  `user_id` int(10) unsigned DEFAULT NULL,
  `period_liquidation_id` int(10) unsigned NOT NULL,
  `period_id` int(10) unsigned NOT NULL,
  `person_id` int(10) unsigned NOT NULL,
  `total_debit` decimal(16,2) NOT NULL DEFAULT '0.00',
  `total_debito_mis_comp` decimal(16,2) DEFAULT '0.00',
  `total_credit` decimal(16,2) NOT NULL DEFAULT '0.00',
  `credito_fiscal_comp` decimal(16,2) DEFAULT '0.00',
  `total_credito_mis_comp` decimal(16,2) DEFAULT '0.00',
  `previous_technical` decimal(16,2) NOT NULL DEFAULT '0.00',
  `technical_balance` decimal(16,2) NOT NULL DEFAULT '0.00',
  `previous_free_availability` decimal(16,2) NOT NULL DEFAULT '0.00',
  `retention_amount` decimal(16,2) NOT NULL DEFAULT '0.00',
  `perception_amount` decimal(16,2) NOT NULL DEFAULT '0.00',
  `compensation_amount` decimal(16,2) NOT NULL DEFAULT '0.00',
  `total_perceptions_retentions` decimal(16,2) NOT NULL DEFAULT '0.00',
  `free_availability_balance` decimal(16,2) NOT NULL DEFAULT '0.00',
  `pago_a_cuenta` decimal(16,2) NOT NULL DEFAULT '0.00',
  `negative_amount` decimal(16,2) NOT NULL DEFAULT '0.00',
  `positive_amount` decimal(16,2) NOT NULL DEFAULT '0.00',
  `total_free_availability` decimal(16,2) NOT NULL DEFAULT '0.00',
  `saldo_pago_a_cuenta` decimal(16,2) NOT NULL DEFAULT '0.00',
  `comentarios` text COLLATE utf8mb4_unicode_ci,
  `created_at` timestamp NULL DEFAULT NULL,
  `updated_at` timestamp NULL DEFAULT NULL,
  `deleted_at` timestamp NULL DEFAULT NULL,
  PRIMARY KEY (`id`),
  KEY `period_liquidation_iva_period_liquidation_id_foreign` (`period_liquidation_id`),
  KEY `period_liquidation_iva_period_id_foreign` (`period_id`),
  KEY `period_liquidation_iva_person_id_foreign` (`person_id`),
  CONSTRAINT `period_liquidation_iva_period_id_foreign` FOREIGN KEY (`period_id`) REFERENCES `periods` (`id`),
  CONSTRAINT `period_liquidation_iva_period_liquidation_id_foreign` FOREIGN KEY (`period_liquidation_id`) REFERENCES `period_liquidations` (`id`),
  CONSTRAINT `period_liquidation_iva_person_id_foreign` FOREIGN KEY (`person_id`) REFERENCES `persons` (`id`)
) ENGINE=InnoDB AUTO_INCREMENT=216 DEFAULT CHARSET=utf8mb4 COLLATE=utf8mb4_unicode_ci;

--
-- Dumping data for table `period_liquidation_iva`
--

INSERT INTO `period_liquidation_iva` VALUES (31,1234,31,5245,40768,0.00,0.00,5367.59,0.00,0.00,0.00,5367.59,0.00,0.00,0.00,0.00,0.00,0.00,0.00,0.00,5367.59,0.00,0.00,NULL,'2020-11-10 21:57:26','2020-11-10 21:57:26',NULL),(39,1234,39,1524,40720,29820.90,0.00,33356.40,21918.44,0.00,0.00,-7902.46,0.00,0.00,0.00,0.00,0.00,0.00,0.00,7902.46,0.00,0.00,0.00,NULL,'2020-11-16 13:41:55','2020-11-16 13:42:28',NULL),(101,1234,120,1530,40720,14293.46,0.00,8839.60,4949.91,0.00,0.00,-9343.56,0.00,0.00,0.00,0.00,0.00,0.00,0.00,9343.56,0.00,0.00,0.00,NULL,'2021-02-07 22:53:06','2021-02-07 23:03:46',NULL),(110,1234,142,6300,40800,105416.37,0.00,56872.27,0.00,0.00,0.00,-48544.10,0.00,0.00,0.00,0.00,0.00,0.00,0.00,48544.10,0.00,0.00,0.00,NULL,'2021-02-08 15:17:14','2021-02-08 15:18:10',NULL),(119,1234,152,6195,40768,3757.51,0.00,4112.49,144.75,0.00,0.00,-3612.76,0.00,0.00,0.00,0.00,0.00,0.00,0.00,3612.76,0.00,0.00,0.00,NULL,'2021-02-08 18:49:57','2021-02-08 18:54:48',NULL),(121,1234,155,5963,40758,481488.96,0.00,0.00,0.00,0.00,0.00,-481488.96,0.00,0.00,0.00,0.00,0.00,0.00,0.00,481488.96,0.00,0.00,0.00,NULL,'2021-02-10 19:10:58','2021-02-10 19:10:58',NULL),(122,1279,157,1531,40720,3877.24,0.00,1680.00,0.00,0.00,0.00,-2197.24,0.00,0.00,0.00,0.00,0.00,0.00,0.00,2197.24,0.00,0.00,0.00,NULL,'2021-02-25 14:41:20','2021-02-25 14:41:20',NULL),(128,1234,164,5964,40758,172971.43,0.00,133591.49,0.00,0.00,0.00,-39379.94,0.00,0.00,0.00,0.00,0.00,0.00,0.00,39379.94,0.00,0.00,0.00,NULL,'2021-03-21 15:56:13','2021-03-21 15:56:14',NULL),(130,1279,167,1532,40720,5735.25,0.00,0.00,0.00,0.00,0.00,-5735.25,0.00,0.00,0.00,0.00,0.00,0.00,0.00,5735.25,0.00,0.00,0.00,NULL,'2021-03-29 14:57:36','2021-03-29 14:57:36',NULL),(182,1279,219,1533,40720,34558.46,0.00,6846.00,0.00,0.00,0.00,-27712.46,0.00,0.00,0.00,0.00,0.00,0.00,0.00,27712.46,0.00,0.00,0.00,NULL,'2021-04-28 12:09:25','2021-04-28 12:09:26',NULL),(190,1279,227,1534,40720,32809.18,0.00,0.00,0.00,0.00,0.00,-32809.18,0.00,0.00,0.00,0.00,0.00,0.00,0.00,32809.18,0.00,0.00,0.00,NULL,'2021-05-28 16:40:34','2021-05-28 16:40:34',NULL),(215,1279,252,1535,40720,4403.17,0.00,0.00,0.00,0.00,0.00,-4403.17,0.00,0.00,0.00,0.00,0.00,0.00,0.00,4403.17,0.00,0.00,0.00,NULL,'2021-06-07 09:51:37','2021-06-07 09:51:38',NULL);

--
-- Table structure for table `period_liquidation_iva_details`
--

CREATE TABLE `period_liquidation_iva_details` (
  `id` int(10) unsigned NOT NULL AUTO_INCREMENT,
  `user_id` int(10) unsigned DEFAULT NULL,
  `period_liquidation_id` int(10) unsigned NOT NULL,
  `period_liquidation_iva_id` int(10) unsigned NOT NULL,
  `period_id` int(10) unsigned NOT NULL,
  `person_id` int(10) unsigned NOT NULL,
  `activity_id` int(10) unsigned DEFAULT NULL,
  `iva_creditos_tipo_id` int(10) unsigned NOT NULL DEFAULT '1',
  `type` int(10) unsigned NOT NULL,
  `tax_id` int(10) unsigned NOT NULL DEFAULT '0',
  `taxabled_amount` decimal(16,2) NOT NULL DEFAULT '0.00',
  `iva_amount` decimal(16,2) NOT NULL DEFAULT '0.00',
  `created_at` timestamp NULL DEFAULT NULL,
  `updated_at` timestamp NULL DEFAULT NULL,
  `ordr` int(10) unsigned DEFAULT NULL,
  `deleted_at` timestamp NULL DEFAULT NULL,
  PRIMARY KEY (`id`),
  KEY `period_liquidation_iva_details_period_liquidation_iva_id_foreign` (`period_liquidation_iva_id`),
  KEY `period_liquidation_iva_details_period_liquidation_id_foreign` (`period_liquidation_id`),
  KEY `period_liquidation_iva_details_period_id_foreign` (`period_id`),
  KEY `period_liquidation_iva_details_person_id_foreign` (`person_id`),
  KEY `period_liquidation_iva_details_activity_id_foreign` (`activity_id`),
  KEY `period_liquidation_iva_details_iva_creditos_tipo_id_foreign` (`iva_creditos_tipo_id`),
  CONSTRAINT `period_liquidation_iva_details_activity_id_foreign` FOREIGN KEY (`activity_id`) REFERENCES `activities` (`id`),
  CONSTRAINT `period_liquidation_iva_details_iva_creditos_tipo_id_foreign` FOREIGN KEY (`iva_creditos_tipo_id`) REFERENCES `iva_creditos_tipos` (`id`),
  CONSTRAINT `period_liquidation_iva_details_period_id_foreign` FOREIGN KEY (`period_id`) REFERENCES `periods` (`id`),
  CONSTRAINT `period_liquidation_iva_details_period_liquidation_id_foreign` FOREIGN KEY (`period_liquidation_id`) REFERENCES `period_liquidations` (`id`),
  CONSTRAINT `period_liquidation_iva_details_period_liquidation_iva_id_foreign` FOREIGN KEY (`period_liquidation_iva_id`) REFERENCES `period_liquidation_iva` (`id`),
  CONSTRAINT `period_liquidation_iva_details_person_id_foreign` FOREIGN KEY (`person_id`) REFERENCES `persons` (`id`)
) ENGINE=InnoDB AUTO_INCREMENT=53595 DEFAULT CHARSET=utf8mb4 COLLATE=utf8mb4_unicode_ci;

--
-- Dumping data for table `period_liquidation_iva_details`
--

INSERT INTO `period_liquidation_iva_details` VALUES (7381,1234,31,31,5245,40768,894,1,1,3,0.00,0.00,'2020-11-10 21:57:26','2020-11-10 21:57:26',1,NULL),(7382,1234,31,31,5245,40768,894,1,1,2,0.00,0.00,'2020-11-10 21:57:26','2020-11-10 21:57:26',1,NULL),(7383,1234,31,31,5245,40768,894,1,1,1,0.00,0.00,'2020-11-10 21:57:26','2020-11-10 21:57:26',1,NULL),(7384,1234,31,31,5245,40768,894,1,1,5,0.00,0.00,'2020-11-10 21:57:26','2020-11-10 21:57:26',1,NULL),(7385,1234,31,31,5245,40768,894,1,1,4,0.00,0.00,'2020-11-10 21:57:26','2020-11-10 21:57:26',1,NULL),(7386,1234,31,31,5245,40768,894,1,1,8,0.00,0.00,'2020-11-10 21:57:26','2020-11-10 21:57:26',1,NULL),(7387,1234,31,31,5245,40768,894,1,1,3,0.00,0.00,'2020-11-10 21:57:26','2020-11-10 21:57:26',2,NULL),(7388,1234,31,31,5245,40768,894,1,1,2,0.00,0.00,'2020-11-10 21:57:26','2020-11-10 21:57:26',2,NULL),(7389,1234,31,31,5245,40768,894,1,1,1,0.00,0.00,'2020-11-10 21:57:26','2020-11-10 21:57:26',2,NULL),(7390,1234,31,31,5245,40768,894,1,1,5,0.00,0.00,'2020-11-10 21:57:26','2020-11-10 21:57:26',2,NULL),(7391,1234,31,31,5245,40768,894,1,1,4,0.00,0.00,'2020-11-10 21:57:26','2020-11-10 21:57:26',2,NULL),(7392,1234,31,31,5245,40768,894,1,1,8,645513.65,0.00,'2020-11-10 21:57:26','2020-11-10 21:57:26',2,NULL),(7393,1234,31,31,5245,40768,894,1,1,6,0.00,0.00,'2020-11-10 21:57:26','2020-11-10 21:57:26',3,NULL),(7394,1234,31,31,5245,40768,894,1,1,7,0.00,0.00,'2020-11-10 21:57:26','2020-11-10 21:57:26',3,NULL),(7395,1234,31,31,5245,40768,894,1,1,3,0.00,0.00,'2020-11-10 21:57:26','2020-11-10 21:57:26',4,NULL),(7396,1234,31,31,5245,40768,894,1,1,2,0.00,0.00,'2020-11-10 21:57:26','2020-11-10 21:57:26',4,NULL),(7397,1234,31,31,5245,40768,894,1,1,1,0.00,0.00,'2020-11-10 21:57:26','2020-11-10 21:57:26',4,NULL),(7398,1234,31,31,5245,40768,894,1,1,5,0.00,0.00,'2020-11-10 21:57:26','2020-11-10 21:57:26',4,NULL),(7399,1234,31,31,5245,40768,894,1,1,4,0.00,0.00,'2020-11-10 21:57:26','2020-11-10 21:57:26',4,NULL),(7400,1234,31,31,5245,40768,894,1,1,8,0.00,0.00,'2020-11-10 21:57:26','2020-11-10 21:57:26',4,NULL),(7401,1234,31,31,5245,40768,894,1,1,6,0.00,0.00,'2020-11-10 21:57:26','2020-11-10 21:57:26',4,NULL),(7402,1234,31,31,5245,40768,894,1,1,7,0.00,0.00,'2020-11-10 21:57:26','2020-11-10 21:57:26',4,NULL),(7403,1234,31,31,5245,40768,1,3,2,3,0.00,0.00,'2020-11-10 21:57:26','2020-11-10 21:57:26',5,NULL),(7404,1234,31,31,5245,40768,1,9,2,3,0.00,0.00,'2020-11-10 21:57:26','2020-11-10 21:57:26',5,NULL),(7405,1234,31,31,5245,40768,1,5,2,3,0.00,0.00,'2020-11-10 21:57:26','2020-11-10 21:57:26',5,NULL),(7406,1234,31,31,5245,40768,1,13,2,3,0.00,0.00,'2020-11-10 21:57:26','2020-11-10 21:57:26',5,NULL),(7407,1234,31,31,5245,40768,1,4,2,3,0.00,0.00,'2020-11-10 21:57:26','2020-11-10 21:57:26',5,NULL),(7408,1234,31,31,5245,40768,1,10,2,3,0.00,0.00,'2020-11-10 21:57:26','2020-11-10 21:57:26',5,NULL),(7409,1234,31,31,5245,40768,1,6,2,3,0.00,0.00,'2020-11-10 21:57:26','2020-11-10 21:57:26',5,NULL),(7410,1234,31,31,5245,40768,1,14,2,3,0.00,0.00,'2020-11-10 21:57:26','2020-11-10 21:57:26',5,NULL),(7411,1234,31,31,5245,40768,1,1,2,3,0.00,0.00,'2020-11-10 21:57:26','2020-11-10 21:57:26',5,NULL),(7412,1234,31,31,5245,40768,1,11,2,3,0.00,0.00,'2020-11-10 21:57:26','2020-11-10 21:57:26',5,NULL),(7413,1234,31,31,5245,40768,1,7,2,3,0.00,0.00,'2020-11-10 21:57:26','2020-11-10 21:57:26',5,NULL),(7414,1234,31,31,5245,40768,1,2,2,3,0.00,0.00,'2020-11-10 21:57:26','2020-11-10 21:57:26',5,NULL),(7415,1234,31,31,5245,40768,1,12,2,3,0.00,0.00,'2020-11-10 21:57:26','2020-11-10 21:57:26',5,NULL),(7416,1234,31,31,5245,40768,1,8,2,3,0.00,0.00,'2020-11-10 21:57:26','2020-11-10 21:57:26',5,NULL),(7417,1234,31,31,5245,40768,1,10,2,2,0.00,0.00,'2020-11-10 21:57:26','2020-11-10 21:57:26',5,NULL),(7418,1234,31,31,5245,40768,1,6,2,2,0.00,0.00,'2020-11-10 21:57:26','2020-11-10 21:57:26',5,NULL),(7419,1234,31,31,5245,40768,1,14,2,2,0.00,0.00,'2020-11-10 21:57:26','2020-11-10 21:57:26',5,NULL),(7420,1234,31,31,5245,40768,1,1,2,2,0.00,0.00,'2020-11-10 21:57:26','2020-11-10 21:57:26',5,NULL);
INSERT INTO `period_liquidation_iva_details` VALUES (7421,1234,31,31,5245,40768,1,11,2,2,0.00,0.00,'2020-11-10 21:57:26','2020-11-10 21:57:26',5,NULL),(7422,1234,31,31,5245,40768,1,7,2,2,0.00,0.00,'2020-11-10 21:57:26','2020-11-10 21:57:26',5,NULL),(7423,1234,31,31,5245,40768,1,2,2,2,0.00,0.00,'2020-11-10 21:57:26','2020-11-10 21:57:26',5,NULL),(7424,1234,31,31,5245,40768,1,12,2,2,0.00,0.00,'2020-11-10 21:57:26','2020-11-10 21:57:26',5,NULL),(7425,1234,31,31,5245,40768,1,8,2,2,0.00,0.00,'2020-11-10 21:57:26','2020-11-10 21:57:26',5,NULL),(7426,1234,31,31,5245,40768,1,3,2,2,0.00,0.00,'2020-11-10 21:57:26','2020-11-10 21:57:26',5,NULL),(7427,1234,31,31,5245,40768,1,9,2,2,0.00,0.00,'2020-11-10 21:57:26','2020-11-10 21:57:26',5,NULL),(7428,1234,31,31,5245,40768,1,5,2,2,0.00,0.00,'2020-11-10 21:57:26','2020-11-10 21:57:26',5,NULL),(7429,1234,31,31,5245,40768,1,13,2,2,0.00,0.00,'2020-11-10 21:57:26','2020-11-10 21:57:26',5,NULL),(7430,1234,31,31,5245,40768,1,4,2,2,0.00,0.00,'2020-11-10 21:57:26','2020-11-10 21:57:26',5,NULL),(7431,1234,31,31,5245,40768,1,11,2,1,0.00,0.00,'2020-11-10 21:57:26','2020-11-10 21:57:26',5,NULL),(7432,1234,31,31,5245,40768,1,7,2,1,0.00,0.00,'2020-11-10 21:57:26','2020-11-10 21:57:26',5,NULL),(7433,1234,31,31,5245,40768,1,2,2,1,0.00,0.00,'2020-11-10 21:57:26','2020-11-10 21:57:26',5,NULL),(7434,1234,31,31,5245,40768,1,12,2,1,0.00,0.00,'2020-11-10 21:57:26','2020-11-10 21:57:26',5,NULL),(7435,1234,31,31,5245,40768,1,8,2,1,0.00,0.00,'2020-11-10 21:57:26','2020-11-10 21:57:26',5,NULL),(7436,1234,31,31,5245,40768,1,3,2,1,0.00,0.00,'2020-11-10 21:57:26','2020-11-10 21:57:26',5,NULL),(7437,1234,31,31,5245,40768,1,9,2,1,0.00,0.00,'2020-11-10 21:57:26','2020-11-10 21:57:26',5,NULL),(7438,1234,31,31,5245,40768,1,5,2,1,0.00,0.00,'2020-11-10 21:57:26','2020-11-10 21:57:26',5,NULL),(7439,1234,31,31,5245,40768,1,13,2,1,0.00,0.00,'2020-11-10 21:57:26','2020-11-10 21:57:26',5,NULL),(7440,1234,31,31,5245,40768,1,4,2,1,0.00,0.00,'2020-11-10 21:57:26','2020-11-10 21:57:26',5,NULL),(7441,1234,31,31,5245,40768,1,10,2,1,0.00,0.00,'2020-11-10 21:57:26','2020-11-10 21:57:26',5,NULL),(7442,1234,31,31,5245,40768,1,6,2,1,0.00,0.00,'2020-11-10 21:57:26','2020-11-10 21:57:26',5,NULL),(7443,1234,31,31,5245,40768,1,14,2,1,0.00,0.00,'2020-11-10 21:57:26','2020-11-10 21:57:26',5,NULL),(7444,1234,31,31,5245,40768,1,1,2,1,0.00,0.00,'2020-11-10 21:57:26','2020-11-10 21:57:26',5,NULL),(7445,1234,31,31,5245,40768,1,1,2,5,0.00,0.00,'2020-11-10 21:57:26','2020-11-10 21:57:26',5,NULL),(7446,1234,31,31,5245,40768,1,11,2,5,0.00,0.00,'2020-11-10 21:57:26','2020-11-10 21:57:26',5,NULL),(7447,1234,31,31,5245,40768,1,7,2,5,0.00,0.00,'2020-11-10 21:57:26','2020-11-10 21:57:26',5,NULL),(7448,1234,31,31,5245,40768,1,2,2,5,0.00,0.00,'2020-11-10 21:57:26','2020-11-10 21:57:26',5,NULL),(7449,1234,31,31,5245,40768,1,8,2,5,0.00,0.00,'2020-11-10 21:57:26','2020-11-10 21:57:26',5,NULL),(7450,1234,31,31,5245,40768,1,12,2,5,0.00,0.00,'2020-11-10 21:57:26','2020-11-10 21:57:26',5,NULL),(7451,1234,31,31,5245,40768,1,3,2,5,0.00,0.00,'2020-11-10 21:57:26','2020-11-10 21:57:26',5,NULL),(7452,1234,31,31,5245,40768,1,9,2,5,0.00,0.00,'2020-11-10 21:57:26','2020-11-10 21:57:26',5,NULL),(7453,1234,31,31,5245,40768,1,5,2,5,0.00,0.00,'2020-11-10 21:57:26','2020-11-10 21:57:26',5,NULL),(7454,1234,31,31,5245,40768,1,13,2,5,0.00,0.00,'2020-11-10 21:57:26','2020-11-10 21:57:26',5,NULL),(7455,1234,31,31,5245,40768,1,4,2,5,0.00,0.00,'2020-11-10 21:57:26','2020-11-10 21:57:26',5,NULL),(7456,1234,31,31,5245,40768,1,10,2,5,0.00,0.00,'2020-11-10 21:57:26','2020-11-10 21:57:26',5,NULL),(7457,1234,31,31,5245,40768,1,6,2,5,0.00,0.00,'2020-11-10 21:57:26','2020-11-10 21:57:26',5,NULL),(7458,1234,31,31,5245,40768,1,14,2,5,0.00,0.00,'2020-11-10 21:57:26','2020-11-10 21:57:26',5,NULL),(7459,1234,31,31,5245,40768,1,2,2,4,0.00,0.00,'2020-11-10 21:57:26','2020-11-10 21:57:26',5,NULL),(7460,1234,31,31,5245,40768,1,8,2,4,0.00,0.00,'2020-11-10 21:57:26','2020-11-10 21:57:26',5,NULL);
INSERT INTO `period_liquidation_iva_details` VALUES (7461,1234,31,31,5245,40768,1,12,2,4,0.00,0.00,'2020-11-10 21:57:26','2020-11-10 21:57:26',5,NULL),(7462,1234,31,31,5245,40768,1,3,2,4,0.00,0.00,'2020-11-10 21:57:26','2020-11-10 21:57:26',5,NULL),(7463,1234,31,31,5245,40768,1,9,2,4,0.00,0.00,'2020-11-10 21:57:26','2020-11-10 21:57:26',5,NULL),(7464,1234,31,31,5245,40768,1,5,2,4,0.00,0.00,'2020-11-10 21:57:26','2020-11-10 21:57:26',5,NULL),(7465,1234,31,31,5245,40768,1,13,2,4,0.00,0.00,'2020-11-10 21:57:26','2020-11-10 21:57:26',5,NULL),(7466,1234,31,31,5245,40768,1,4,2,4,0.00,0.00,'2020-11-10 21:57:26','2020-11-10 21:57:26',5,NULL),(7467,1234,31,31,5245,40768,1,10,2,4,0.00,0.00,'2020-11-10 21:57:26','2020-11-10 21:57:26',5,NULL),(7468,1234,31,31,5245,40768,1,6,2,4,0.00,0.00,'2020-11-10 21:57:26','2020-11-10 21:57:26',5,NULL),(7469,1234,31,31,5245,40768,1,14,2,4,0.00,0.00,'2020-11-10 21:57:26','2020-11-10 21:57:26',5,NULL),(7470,1234,31,31,5245,40768,1,1,2,4,0.00,0.00,'2020-11-10 21:57:26','2020-11-10 21:57:26',5,NULL),(7471,1234,31,31,5245,40768,1,11,2,4,0.00,0.00,'2020-11-10 21:57:26','2020-11-10 21:57:26',5,NULL),(7472,1234,31,31,5245,40768,1,7,2,4,0.00,0.00,'2020-11-10 21:57:26','2020-11-10 21:57:26',5,NULL),(7473,1234,31,31,5245,40768,1,8,2,7,0.00,0.00,'2020-11-10 21:57:26','2020-11-10 21:57:26',5,NULL),(7474,1234,31,31,5245,40768,1,12,2,7,0.00,0.00,'2020-11-10 21:57:26','2020-11-10 21:57:26',5,NULL),(7475,1234,31,31,5245,40768,1,11,2,8,0.00,0.00,'2020-11-10 21:57:26','2020-11-10 21:57:26',5,NULL),(7476,1234,31,31,5245,40768,1,7,2,8,0.00,0.00,'2020-11-10 21:57:26','2020-11-10 21:57:26',5,NULL),(7477,1234,31,31,5245,40768,1,4,2,6,0.00,0.00,'2020-11-10 21:57:26','2020-11-10 21:57:26',5,NULL),(7478,1234,31,31,5245,40768,1,3,2,7,0.00,0.00,'2020-11-10 21:57:26','2020-11-10 21:57:26',5,NULL),(7479,1234,31,31,5245,40768,1,2,2,8,0.00,0.00,'2020-11-10 21:57:26','2020-11-10 21:57:26',5,NULL),(7480,1234,31,31,5245,40768,1,10,2,6,0.00,0.00,'2020-11-10 21:57:26','2020-11-10 21:57:26',5,NULL),(7481,1234,31,31,5245,40768,1,6,2,6,0.00,0.00,'2020-11-10 21:57:26','2020-11-10 21:57:26',5,NULL),(7482,1234,31,31,5245,40768,1,14,2,6,0.00,0.00,'2020-11-10 21:57:26','2020-11-10 21:57:26',5,NULL),(7483,1234,31,31,5245,40768,1,9,2,7,0.00,0.00,'2020-11-10 21:57:26','2020-11-10 21:57:26',5,NULL),(7484,1234,31,31,5245,40768,1,5,2,7,0.00,0.00,'2020-11-10 21:57:26','2020-11-10 21:57:26',5,NULL),(7485,1234,31,31,5245,40768,1,13,2,7,0.00,0.00,'2020-11-10 21:57:26','2020-11-10 21:57:26',5,NULL),(7486,1234,31,31,5245,40768,1,8,2,8,0.00,0.00,'2020-11-10 21:57:26','2020-11-10 21:57:26',5,NULL),(7487,1234,31,31,5245,40768,1,12,2,8,0.00,0.00,'2020-11-10 21:57:26','2020-11-10 21:57:26',5,NULL),(7488,1234,31,31,5245,40768,1,1,2,6,0.00,0.00,'2020-11-10 21:57:26','2020-11-10 21:57:26',5,NULL),(7489,1234,31,31,5245,40768,1,4,2,7,0.00,0.00,'2020-11-10 21:57:26','2020-11-10 21:57:26',5,NULL),(7490,1234,31,31,5245,40768,1,3,2,8,0.00,0.00,'2020-11-10 21:57:26','2020-11-10 21:57:26',5,NULL),(7491,1234,31,31,5245,40768,1,11,2,6,0.00,0.00,'2020-11-10 21:57:26','2020-11-10 21:57:26',5,NULL),(7492,1234,31,31,5245,40768,1,7,2,6,0.00,0.00,'2020-11-10 21:57:26','2020-11-10 21:57:26',5,NULL),(7493,1234,31,31,5245,40768,1,10,2,7,0.00,0.00,'2020-11-10 21:57:26','2020-11-10 21:57:26',5,NULL),(7494,1234,31,31,5245,40768,1,6,2,7,0.00,0.00,'2020-11-10 21:57:26','2020-11-10 21:57:26',5,NULL),(7495,1234,31,31,5245,40768,1,14,2,7,0.00,0.00,'2020-11-10 21:57:26','2020-11-10 21:57:26',5,NULL),(7496,1234,31,31,5245,40768,1,9,2,8,0.00,0.00,'2020-11-10 21:57:26','2020-11-10 21:57:26',5,NULL),(7497,1234,31,31,5245,40768,1,5,2,8,0.00,0.00,'2020-11-10 21:57:26','2020-11-10 21:57:26',5,NULL),(7498,1234,31,31,5245,40768,1,13,2,8,0.00,0.00,'2020-11-10 21:57:26','2020-11-10 21:57:26',5,NULL),(7499,1234,31,31,5245,40768,1,2,2,6,0.00,0.00,'2020-11-10 21:57:26','2020-11-10 21:57:26',5,NULL),(7500,1234,31,31,5245,40768,1,1,2,7,0.00,0.00,'2020-11-10 21:57:26','2020-11-10 21:57:26',5,NULL);
INSERT INTO `period_liquidation_iva_details` VALUES (7501,1234,31,31,5245,40768,1,4,2,8,0.00,0.00,'2020-11-10 21:57:26','2020-11-10 21:57:26',5,NULL),(7502,1234,31,31,5245,40768,1,8,2,6,0.00,0.00,'2020-11-10 21:57:26','2020-11-10 21:57:26',5,NULL),(7503,1234,31,31,5245,40768,1,12,2,6,0.00,0.00,'2020-11-10 21:57:26','2020-11-10 21:57:26',5,NULL),(7504,1234,31,31,5245,40768,1,11,2,7,0.00,0.00,'2020-11-10 21:57:26','2020-11-10 21:57:26',5,NULL),(7505,1234,31,31,5245,40768,1,7,2,7,0.00,0.00,'2020-11-10 21:57:26','2020-11-10 21:57:26',5,NULL),(7506,1234,31,31,5245,40768,1,10,2,8,0.00,0.00,'2020-11-10 21:57:26','2020-11-10 21:57:26',5,NULL),(7507,1234,31,31,5245,40768,1,6,2,8,0.00,0.00,'2020-11-10 21:57:26','2020-11-10 21:57:26',5,NULL),(7508,1234,31,31,5245,40768,1,14,2,8,0.00,0.00,'2020-11-10 21:57:26','2020-11-10 21:57:26',5,NULL),(7509,1234,31,31,5245,40768,1,3,2,6,0.00,0.00,'2020-11-10 21:57:26','2020-11-10 21:57:26',5,NULL),(7510,1234,31,31,5245,40768,1,2,2,7,0.00,0.00,'2020-11-10 21:57:26','2020-11-10 21:57:26',5,NULL),(7511,1234,31,31,5245,40768,1,1,2,8,0.00,0.00,'2020-11-10 21:57:26','2020-11-10 21:57:26',5,NULL),(7512,1234,31,31,5245,40768,1,9,2,6,0.00,0.00,'2020-11-10 21:57:26','2020-11-10 21:57:26',5,NULL),(7513,1234,31,31,5245,40768,1,5,2,6,0.00,0.00,'2020-11-10 21:57:26','2020-11-10 21:57:26',5,NULL),(7514,1234,31,31,5245,40768,1,13,2,6,0.00,0.00,'2020-11-10 21:57:26','2020-11-10 21:57:26',5,NULL),(7515,1234,31,31,5245,40768,1,7,2,3,0.00,0.00,'2020-11-10 21:57:26','2020-11-10 21:57:26',6,NULL),(7516,1234,31,31,5245,40768,1,10,2,3,0.00,0.00,'2020-11-10 21:57:26','2020-11-10 21:57:26',6,NULL),(7517,1234,31,31,5245,40768,1,13,2,3,0.00,0.00,'2020-11-10 21:57:26','2020-11-10 21:57:26',6,NULL),(7518,1234,31,31,5245,40768,1,3,2,3,0.00,0.00,'2020-11-10 21:57:26','2020-11-10 21:57:26',6,NULL),(7519,1234,31,31,5245,40768,1,6,2,3,0.00,0.00,'2020-11-10 21:57:26','2020-11-10 21:57:26',6,NULL),(7520,1234,31,31,5245,40768,1,9,2,3,0.00,0.00,'2020-11-10 21:57:26','2020-11-10 21:57:26',6,NULL),(7521,1234,31,31,5245,40768,1,12,2,3,0.00,0.00,'2020-11-10 21:57:26','2020-11-10 21:57:26',6,NULL),(7522,1234,31,31,5245,40768,1,2,2,3,0.00,0.00,'2020-11-10 21:57:26','2020-11-10 21:57:26',6,NULL),(7523,1234,31,31,5245,40768,1,5,2,3,0.00,0.00,'2020-11-10 21:57:26','2020-11-10 21:57:26',6,NULL),(7524,1234,31,31,5245,40768,1,8,2,3,0.00,0.00,'2020-11-10 21:57:26','2020-11-10 21:57:26',6,NULL),(7525,1234,31,31,5245,40768,1,11,2,3,0.00,0.00,'2020-11-10 21:57:26','2020-11-10 21:57:26',6,NULL),(7526,1234,31,31,5245,40768,1,14,2,3,0.00,0.00,'2020-11-10 21:57:26','2020-11-10 21:57:26',6,NULL),(7527,1234,31,31,5245,40768,1,1,2,3,0.00,0.00,'2020-11-10 21:57:26','2020-11-10 21:57:26',6,NULL),(7528,1234,31,31,5245,40768,1,4,2,3,0.00,0.00,'2020-11-10 21:57:26','2020-11-10 21:57:26',6,NULL),(7529,1234,31,31,5245,40768,1,6,2,2,0.00,0.00,'2020-11-10 21:57:26','2020-11-10 21:57:26',6,NULL),(7530,1234,31,31,5245,40768,1,9,2,2,0.00,0.00,'2020-11-10 21:57:26','2020-11-10 21:57:26',6,NULL),(7531,1234,31,31,5245,40768,1,12,2,2,0.00,0.00,'2020-11-10 21:57:26','2020-11-10 21:57:26',6,NULL),(7532,1234,31,31,5245,40768,1,2,2,2,0.00,0.00,'2020-11-10 21:57:26','2020-11-10 21:57:26',6,NULL),(7533,1234,31,31,5245,40768,1,5,2,2,0.00,0.00,'2020-11-10 21:57:26','2020-11-10 21:57:26',6,NULL),(7534,1234,31,31,5245,40768,1,8,2,2,0.00,0.00,'2020-11-10 21:57:26','2020-11-10 21:57:26',6,NULL),(7535,1234,31,31,5245,40768,1,11,2,2,0.00,0.00,'2020-11-10 21:57:26','2020-11-10 21:57:26',6,NULL),(7536,1234,31,31,5245,40768,1,14,2,2,0.00,0.00,'2020-11-10 21:57:26','2020-11-10 21:57:26',6,NULL),(7537,1234,31,31,5245,40768,1,1,2,2,25185.75,5289.01,'2020-11-10 21:57:26','2020-11-10 21:57:26',6,NULL),(7538,1234,31,31,5245,40768,1,4,2,2,0.00,0.00,'2020-11-10 21:57:26','2020-11-10 21:57:26',6,NULL),(7539,1234,31,31,5245,40768,1,7,2,2,0.00,0.00,'2020-11-10 21:57:26','2020-11-10 21:57:26',6,NULL),(7540,1234,31,31,5245,40768,1,10,2,2,0.00,0.00,'2020-11-10 21:57:26','2020-11-10 21:57:26',6,NULL);
INSERT INTO `period_liquidation_iva_details` VALUES (7541,1234,31,31,5245,40768,1,13,2,2,0.00,0.00,'2020-11-10 21:57:26','2020-11-10 21:57:26',6,NULL),(7542,1234,31,31,5245,40768,1,3,2,2,0.00,0.00,'2020-11-10 21:57:26','2020-11-10 21:57:26',6,NULL),(7543,1234,31,31,5245,40768,1,2,2,1,0.00,0.00,'2020-11-10 21:57:26','2020-11-10 21:57:26',6,NULL),(7544,1234,31,31,5245,40768,1,5,2,1,0.00,0.00,'2020-11-10 21:57:26','2020-11-10 21:57:26',6,NULL),(7545,1234,31,31,5245,40768,1,8,2,1,0.00,0.00,'2020-11-10 21:57:26','2020-11-10 21:57:26',6,NULL),(7546,1234,31,31,5245,40768,1,11,2,1,0.00,0.00,'2020-11-10 21:57:26','2020-11-10 21:57:26',6,NULL),(7547,1234,31,31,5245,40768,1,14,2,1,0.00,0.00,'2020-11-10 21:57:26','2020-11-10 21:57:26',6,NULL),(7548,1234,31,31,5245,40768,1,1,2,1,748.36,78.58,'2020-11-10 21:57:26','2020-11-10 21:57:26',6,NULL),(7549,1234,31,31,5245,40768,1,4,2,1,0.00,0.00,'2020-11-10 21:57:26','2020-11-10 21:57:26',6,NULL),(7550,1234,31,31,5245,40768,1,7,2,1,0.00,0.00,'2020-11-10 21:57:26','2020-11-10 21:57:26',6,NULL),(7551,1234,31,31,5245,40768,1,10,2,1,0.00,0.00,'2020-11-10 21:57:26','2020-11-10 21:57:26',6,NULL),(7552,1234,31,31,5245,40768,1,13,2,1,0.00,0.00,'2020-11-10 21:57:26','2020-11-10 21:57:26',6,NULL),(7553,1234,31,31,5245,40768,1,3,2,1,0.00,0.00,'2020-11-10 21:57:26','2020-11-10 21:57:26',6,NULL),(7554,1234,31,31,5245,40768,1,6,2,1,0.00,0.00,'2020-11-10 21:57:26','2020-11-10 21:57:26',6,NULL),(7555,1234,31,31,5245,40768,1,9,2,1,0.00,0.00,'2020-11-10 21:57:26','2020-11-10 21:57:26',6,NULL),(7556,1234,31,31,5245,40768,1,12,2,1,0.00,0.00,'2020-11-10 21:57:26','2020-11-10 21:57:26',6,NULL),(7557,1234,31,31,5245,40768,1,12,2,5,0.00,0.00,'2020-11-10 21:57:26','2020-11-10 21:57:26',6,NULL),(7558,1234,31,31,5245,40768,1,2,2,5,0.00,0.00,'2020-11-10 21:57:26','2020-11-10 21:57:26',6,NULL),(7559,1234,31,31,5245,40768,1,5,2,5,0.00,0.00,'2020-11-10 21:57:26','2020-11-10 21:57:26',6,NULL),(7560,1234,31,31,5245,40768,1,8,2,5,0.00,0.00,'2020-11-10 21:57:26','2020-11-10 21:57:26',6,NULL),(7561,1234,31,31,5245,40768,1,11,2,5,0.00,0.00,'2020-11-10 21:57:26','2020-11-10 21:57:26',6,NULL),(7562,1234,31,31,5245,40768,1,14,2,5,0.00,0.00,'2020-11-10 21:57:26','2020-11-10 21:57:26',6,NULL),(7563,1234,31,31,5245,40768,1,1,2,5,0.00,0.00,'2020-11-10 21:57:26','2020-11-10 21:57:26',6,NULL),(7564,1234,31,31,5245,40768,1,4,2,5,0.00,0.00,'2020-11-10 21:57:26','2020-11-10 21:57:26',6,NULL),(7565,1234,31,31,5245,40768,1,7,2,5,0.00,0.00,'2020-11-10 21:57:26','2020-11-10 21:57:26',6,NULL),(7566,1234,31,31,5245,40768,1,10,2,5,0.00,0.00,'2020-11-10 21:57:26','2020-11-10 21:57:26',6,NULL),(7567,1234,31,31,5245,40768,1,13,2,5,0.00,0.00,'2020-11-10 21:57:26','2020-11-10 21:57:26',6,NULL),(7568,1234,31,31,5245,40768,1,3,2,5,0.00,0.00,'2020-11-10 21:57:26','2020-11-10 21:57:26',6,NULL),(7569,1234,31,31,5245,40768,1,6,2,5,0.00,0.00,'2020-11-10 21:57:26','2020-11-10 21:57:26',6,NULL),(7570,1234,31,31,5245,40768,1,9,2,5,0.00,0.00,'2020-11-10 21:57:26','2020-11-10 21:57:26',6,NULL),(7571,1234,31,31,5245,40768,1,11,2,4,0.00,0.00,'2020-11-10 21:57:26','2020-11-10 21:57:26',6,NULL),(7572,1234,31,31,5245,40768,1,14,2,4,0.00,0.00,'2020-11-10 21:57:26','2020-11-10 21:57:26',6,NULL),(7573,1234,31,31,5245,40768,1,1,2,4,0.00,0.00,'2020-11-10 21:57:26','2020-11-10 21:57:26',6,NULL),(7574,1234,31,31,5245,40768,1,4,2,4,0.00,0.00,'2020-11-10 21:57:26','2020-11-10 21:57:26',6,NULL),(7575,1234,31,31,5245,40768,1,7,2,4,0.00,0.00,'2020-11-10 21:57:26','2020-11-10 21:57:26',6,NULL),(7576,1234,31,31,5245,40768,1,10,2,4,0.00,0.00,'2020-11-10 21:57:26','2020-11-10 21:57:26',6,NULL),(7577,1234,31,31,5245,40768,1,13,2,4,0.00,0.00,'2020-11-10 21:57:26','2020-11-10 21:57:26',6,NULL),(7578,1234,31,31,5245,40768,1,3,2,4,0.00,0.00,'2020-11-10 21:57:26','2020-11-10 21:57:26',6,NULL),(7579,1234,31,31,5245,40768,1,6,2,4,0.00,0.00,'2020-11-10 21:57:26','2020-11-10 21:57:26',6,NULL),(7580,1234,31,31,5245,40768,1,9,2,4,0.00,0.00,'2020-11-10 21:57:26','2020-11-10 21:57:26',6,NULL);
INSERT INTO `period_liquidation_iva_details` VALUES (7581,1234,31,31,5245,40768,1,12,2,4,0.00,0.00,'2020-11-10 21:57:26','2020-11-10 21:57:26',6,NULL),(7582,1234,31,31,5245,40768,1,2,2,4,0.00,0.00,'2020-11-10 21:57:26','2020-11-10 21:57:26',6,NULL),(7583,1234,31,31,5245,40768,1,5,2,4,0.00,0.00,'2020-11-10 21:57:26','2020-11-10 21:57:26',6,NULL),(7584,1234,31,31,5245,40768,1,8,2,4,0.00,0.00,'2020-11-10 21:57:26','2020-11-10 21:57:26',6,NULL),(7585,1234,31,31,5245,40768,1,3,2,8,0.00,0.00,'2020-11-10 21:57:26','2020-11-10 21:57:26',6,NULL),(7586,1234,31,31,5245,40768,1,6,2,8,0.00,0.00,'2020-11-10 21:57:26','2020-11-10 21:57:26',6,NULL),(7587,1234,31,31,5245,40768,1,9,2,8,0.00,0.00,'2020-11-10 21:57:26','2020-11-10 21:57:26',6,NULL),(7588,1234,31,31,5245,40768,1,12,2,8,0.00,0.00,'2020-11-10 21:57:26','2020-11-10 21:57:26',6,NULL),(7589,1234,31,31,5245,40768,1,2,2,8,0.00,0.00,'2020-11-10 21:57:26','2020-11-10 21:57:26',6,NULL),(7590,1234,31,31,5245,40768,1,5,2,8,0.00,0.00,'2020-11-10 21:57:26','2020-11-10 21:57:26',6,NULL),(7591,1234,31,31,5245,40768,1,8,2,8,0.00,0.00,'2020-11-10 21:57:26','2020-11-10 21:57:26',6,NULL),(7592,1234,31,31,5245,40768,1,11,2,8,0.00,0.00,'2020-11-10 21:57:26','2020-11-10 21:57:26',6,NULL),(7593,1234,31,31,5245,40768,1,14,2,8,0.00,0.00,'2020-11-10 21:57:26','2020-11-10 21:57:26',6,NULL),(7594,1234,31,31,5245,40768,1,1,2,8,28716.47,0.00,'2020-11-10 21:57:26','2020-11-10 21:57:26',6,NULL),(7595,1234,31,31,5245,40768,1,4,2,8,0.00,0.00,'2020-11-10 21:57:26','2020-11-10 21:57:26',6,NULL),(7596,1234,31,31,5245,40768,1,7,2,8,0.00,0.00,'2020-11-10 21:57:26','2020-11-10 21:57:26',6,NULL),(7597,1234,31,31,5245,40768,1,10,2,8,0.00,0.00,'2020-11-10 21:57:26','2020-11-10 21:57:26',6,NULL),(7598,1234,31,31,5245,40768,1,13,2,8,0.00,0.00,'2020-11-10 21:57:26','2020-11-10 21:57:26',6,NULL),(7599,1234,31,31,5245,40768,1,8,2,6,0.00,0.00,'2020-11-10 21:57:26','2020-11-10 21:57:26',7,NULL),(7600,1234,31,31,5245,40768,1,4,2,7,0.00,0.00,'2020-11-10 21:57:26','2020-11-10 21:57:26',7,NULL),(7601,1234,31,31,5245,40768,1,1,2,6,0.00,0.00,'2020-11-10 21:57:26','2020-11-10 21:57:26',7,NULL),(7602,1234,31,31,5245,40768,1,13,2,7,0.00,0.00,'2020-11-10 21:57:26','2020-11-10 21:57:26',7,NULL),(7603,1234,31,31,5245,40768,1,10,2,6,0.00,0.00,'2020-11-10 21:57:26','2020-11-10 21:57:26',7,NULL),(7604,1234,31,31,5245,40768,1,6,2,7,0.00,0.00,'2020-11-10 21:57:26','2020-11-10 21:57:26',7,NULL),(7605,1234,31,31,5245,40768,1,3,2,6,0.00,0.00,'2020-11-10 21:57:26','2020-11-10 21:57:26',7,NULL),(7606,1234,31,31,5245,40768,1,12,2,6,0.00,0.00,'2020-11-10 21:57:26','2020-11-10 21:57:26',7,NULL),(7607,1234,31,31,5245,40768,1,8,2,7,0.00,0.00,'2020-11-10 21:57:26','2020-11-10 21:57:26',7,NULL),(7608,1234,31,31,5245,40768,1,5,2,6,0.00,0.00,'2020-11-10 21:57:26','2020-11-10 21:57:26',7,NULL),(7609,1234,31,31,5245,40768,1,1,2,7,2838.61,0.00,'2020-11-10 21:57:26','2020-11-10 21:57:26',7,NULL),(7610,1234,31,31,5245,40768,1,14,2,6,0.00,0.00,'2020-11-10 21:57:26','2020-11-10 21:57:26',7,NULL),(7611,1234,31,31,5245,40768,1,10,2,7,0.00,0.00,'2020-11-10 21:57:26','2020-11-10 21:57:26',7,NULL),(7612,1234,31,31,5245,40768,1,7,2,6,0.00,0.00,'2020-11-10 21:57:26','2020-11-10 21:57:26',7,NULL),(7613,1234,31,31,5245,40768,1,3,2,7,0.00,0.00,'2020-11-10 21:57:26','2020-11-10 21:57:26',7,NULL),(7614,1234,31,31,5245,40768,1,12,2,7,0.00,0.00,'2020-11-10 21:57:26','2020-11-10 21:57:26',7,NULL),(7615,1234,31,31,5245,40768,1,9,2,6,0.00,0.00,'2020-11-10 21:57:26','2020-11-10 21:57:26',7,NULL),(7616,1234,31,31,5245,40768,1,5,2,7,0.00,0.00,'2020-11-10 21:57:26','2020-11-10 21:57:26',7,NULL),(7617,1234,31,31,5245,40768,1,2,2,6,0.00,0.00,'2020-11-10 21:57:26','2020-11-10 21:57:26',7,NULL),(7618,1234,31,31,5245,40768,1,14,2,7,0.00,0.00,'2020-11-10 21:57:26','2020-11-10 21:57:26',7,NULL),(7619,1234,31,31,5245,40768,1,11,2,6,0.00,0.00,'2020-11-10 21:57:26','2020-11-10 21:57:26',7,NULL),(7620,1234,31,31,5245,40768,1,7,2,7,0.00,0.00,'2020-11-10 21:57:26','2020-11-10 21:57:26',7,NULL);
INSERT INTO `period_liquidation_iva_details` VALUES (7621,1234,31,31,5245,40768,1,4,2,6,0.00,0.00,'2020-11-10 21:57:26','2020-11-10 21:57:26',7,NULL),(7622,1234,31,31,5245,40768,1,13,2,6,0.00,0.00,'2020-11-10 21:57:26','2020-11-10 21:57:26',7,NULL),(7623,1234,31,31,5245,40768,1,9,2,7,0.00,0.00,'2020-11-10 21:57:26','2020-11-10 21:57:26',7,NULL),(7624,1234,31,31,5245,40768,1,6,2,6,0.00,0.00,'2020-11-10 21:57:26','2020-11-10 21:57:26',7,NULL),(7625,1234,31,31,5245,40768,1,2,2,7,0.00,0.00,'2020-11-10 21:57:26','2020-11-10 21:57:26',7,NULL),(7626,1234,31,31,5245,40768,1,11,2,7,0.00,0.00,'2020-11-10 21:57:26','2020-11-10 21:57:26',7,NULL),(9349,1234,39,39,1524,40720,894,1,1,3,0.00,0.00,'2020-11-17 07:41:55','2020-11-17 07:41:55',1,NULL),(9350,1234,39,39,1524,40720,894,1,1,2,123250.00,25882.50,'2020-11-17 07:41:55','2020-11-17 07:41:55',1,NULL),(9351,1234,39,39,1524,40720,894,1,1,1,7278.87,764.28,'2020-11-17 07:41:55','2020-11-17 07:41:55',1,NULL),(9352,1234,39,39,1524,40720,894,1,1,5,0.00,0.00,'2020-11-17 07:41:55','2020-11-17 07:41:55',1,NULL),(9353,1234,39,39,1524,40720,894,1,1,4,0.00,0.00,'2020-11-17 07:41:55','2020-11-17 07:41:55',1,NULL),(9354,1234,39,39,1524,40720,894,1,1,8,72291.61,0.00,'2020-11-17 07:41:55','2020-11-17 07:41:55',1,NULL),(9355,1234,39,39,1524,40720,894,1,1,3,0.00,0.00,'2020-11-17 07:41:55','2020-11-17 07:41:55',2,NULL),(9356,1234,39,39,1524,40720,894,1,1,2,8000.00,1680.00,'2020-11-17 07:41:55','2020-11-17 07:41:55',2,NULL),(9357,1234,39,39,1524,40720,894,1,1,1,0.00,0.00,'2020-11-17 07:41:55','2020-11-17 07:41:55',2,NULL),(9358,1234,39,39,1524,40720,894,1,1,5,0.00,0.00,'2020-11-17 07:41:55','2020-11-17 07:41:55',2,NULL),(9359,1234,39,39,1524,40720,894,1,1,4,0.00,0.00,'2020-11-17 07:41:55','2020-11-17 07:41:55',2,NULL),(9360,1234,39,39,1524,40720,894,1,1,8,0.00,0.00,'2020-11-17 07:41:55','2020-11-17 07:41:55',2,NULL),(9361,1234,39,39,1524,40720,894,1,1,6,0.00,0.00,'2020-11-17 07:41:55','2020-11-17 07:41:55',3,NULL),(9362,1234,39,39,1524,40720,894,1,1,7,0.00,0.00,'2020-11-17 07:41:55','2020-11-17 07:41:55',3,NULL),(9363,1234,39,39,1524,40720,894,1,1,3,0.00,0.00,'2020-11-17 07:41:55','2020-11-17 07:41:55',4,NULL),(9364,1234,39,39,1524,40720,894,1,1,2,7114.87,1494.12,'2020-11-17 07:41:55','2020-11-17 07:41:55',4,NULL),(9365,1234,39,39,1524,40720,894,1,1,1,0.00,0.00,'2020-11-17 07:41:55','2020-11-17 07:41:55',4,NULL),(9366,1234,39,39,1524,40720,894,1,1,5,0.00,0.00,'2020-11-17 07:41:55','2020-11-17 07:41:55',4,NULL),(9367,1234,39,39,1524,40720,894,1,1,4,0.00,0.00,'2020-11-17 07:41:55','2020-11-17 07:41:55',4,NULL),(9368,1234,39,39,1524,40720,894,1,1,6,0.00,0.00,'2020-11-17 07:41:55','2020-11-17 07:41:55',4,NULL),(9369,1234,39,39,1524,40720,894,1,1,7,0.00,0.00,'2020-11-17 07:41:55','2020-11-17 07:41:55',4,NULL),(9370,1234,39,39,1524,40720,894,1,1,8,0.00,0.00,'2020-11-17 07:41:55','2020-11-17 07:41:55',4,NULL),(9371,1234,39,39,1524,40720,1,10,2,3,0.00,0.00,'2020-11-17 07:41:55','2020-11-17 07:41:55',5,NULL),(9372,1234,39,39,1524,40720,1,6,2,3,0.00,0.00,'2020-11-17 07:41:55','2020-11-17 07:41:55',5,NULL),(9373,1234,39,39,1524,40720,1,14,2,3,0.00,0.00,'2020-11-17 07:41:55','2020-11-17 07:41:55',5,NULL),(9374,1234,39,39,1524,40720,1,3,2,3,0.00,0.00,'2020-11-17 07:41:55','2020-11-17 07:41:55',5,NULL),(9375,1234,39,39,1524,40720,1,11,2,3,0.00,0.00,'2020-11-17 07:41:55','2020-11-17 07:41:55',5,NULL),(9376,1234,39,39,1524,40720,1,7,2,3,0.00,0.00,'2020-11-17 07:41:55','2020-11-17 07:41:55',5,NULL),(9377,1234,39,39,1524,40720,1,4,2,3,0.00,0.00,'2020-11-17 07:41:55','2020-11-17 07:41:55',5,NULL),(9378,1234,39,39,1524,40720,1,12,2,3,0.00,0.00,'2020-11-17 07:41:55','2020-11-17 07:41:55',5,NULL),(9379,1234,39,39,1524,40720,1,8,2,3,0.00,0.00,'2020-11-17 07:41:55','2020-11-17 07:41:55',5,NULL),(9380,1234,39,39,1524,40720,1,1,2,3,0.00,0.00,'2020-11-17 07:41:55','2020-11-17 07:41:55',5,NULL),(9381,1234,39,39,1524,40720,1,9,2,3,0.00,0.00,'2020-11-17 07:41:55','2020-11-17 07:41:55',5,NULL);
INSERT INTO `period_liquidation_iva_details` VALUES (9382,1234,39,39,1524,40720,1,5,2,3,0.00,0.00,'2020-11-17 07:41:55','2020-11-17 07:41:55',5,NULL),(9383,1234,39,39,1524,40720,1,13,2,3,0.00,0.00,'2020-11-17 07:41:55','2020-11-17 07:41:55',5,NULL),(9384,1234,39,39,1524,40720,1,2,2,3,0.00,0.00,'2020-11-17 07:41:55','2020-11-17 07:41:55',5,NULL),(9385,1234,39,39,1524,40720,1,11,2,2,0.00,0.00,'2020-11-17 07:41:55','2020-11-17 07:41:55',5,NULL),(9386,1234,39,39,1524,40720,1,7,2,2,0.00,0.00,'2020-11-17 07:41:55','2020-11-17 07:41:55',5,NULL),(9387,1234,39,39,1524,40720,1,4,2,2,0.00,0.00,'2020-11-17 07:41:55','2020-11-17 07:41:55',5,NULL),(9388,1234,39,39,1524,40720,1,12,2,2,0.00,0.00,'2020-11-17 07:41:55','2020-11-17 07:41:55',5,NULL),(9389,1234,39,39,1524,40720,1,8,2,2,0.00,0.00,'2020-11-17 07:41:55','2020-11-17 07:41:55',5,NULL),(9390,1234,39,39,1524,40720,1,1,2,2,0.00,0.00,'2020-11-17 07:41:55','2020-11-17 07:41:55',5,NULL),(9391,1234,39,39,1524,40720,1,9,2,2,0.00,0.00,'2020-11-17 07:41:55','2020-11-17 07:41:55',5,NULL),(9392,1234,39,39,1524,40720,1,5,2,2,0.00,0.00,'2020-11-17 07:41:55','2020-11-17 07:41:55',5,NULL),(9393,1234,39,39,1524,40720,1,13,2,2,0.00,0.00,'2020-11-17 07:41:55','2020-11-17 07:41:55',5,NULL),(9394,1234,39,39,1524,40720,1,2,2,2,0.00,0.00,'2020-11-17 07:41:55','2020-11-17 07:41:55',5,NULL),(9395,1234,39,39,1524,40720,1,10,2,2,0.00,0.00,'2020-11-17 07:41:55','2020-11-17 07:41:55',5,NULL),(9396,1234,39,39,1524,40720,1,6,2,2,0.00,0.00,'2020-11-17 07:41:55','2020-11-17 07:41:55',5,NULL),(9397,1234,39,39,1524,40720,1,14,2,2,0.00,0.00,'2020-11-17 07:41:55','2020-11-17 07:41:55',5,NULL),(9398,1234,39,39,1524,40720,1,3,2,2,0.00,0.00,'2020-11-17 07:41:55','2020-11-17 07:41:55',5,NULL),(9399,1234,39,39,1524,40720,1,12,2,1,0.00,0.00,'2020-11-17 07:41:55','2020-11-17 07:41:55',5,NULL),(9400,1234,39,39,1524,40720,1,8,2,1,0.00,0.00,'2020-11-17 07:41:55','2020-11-17 07:41:55',5,NULL),(9401,1234,39,39,1524,40720,1,1,2,1,0.00,0.00,'2020-11-17 07:41:55','2020-11-17 07:41:55',5,NULL),(9402,1234,39,39,1524,40720,1,9,2,1,0.00,0.00,'2020-11-17 07:41:55','2020-11-17 07:41:55',5,NULL),(9403,1234,39,39,1524,40720,1,5,2,1,0.00,0.00,'2020-11-17 07:41:55','2020-11-17 07:41:55',5,NULL),(9404,1234,39,39,1524,40720,1,13,2,1,0.00,0.00,'2020-11-17 07:41:55','2020-11-17 07:41:55',5,NULL),(9405,1234,39,39,1524,40720,1,2,2,1,0.00,0.00,'2020-11-17 07:41:55','2020-11-17 07:41:55',5,NULL),(9406,1234,39,39,1524,40720,1,10,2,1,0.00,0.00,'2020-11-17 07:41:55','2020-11-17 07:41:55',5,NULL),(9407,1234,39,39,1524,40720,1,6,2,1,0.00,0.00,'2020-11-17 07:41:55','2020-11-17 07:41:55',5,NULL),(9408,1234,39,39,1524,40720,1,14,2,1,0.00,0.00,'2020-11-17 07:41:55','2020-11-17 07:41:55',5,NULL),(9409,1234,39,39,1524,40720,1,3,2,1,0.00,0.00,'2020-11-17 07:41:55','2020-11-17 07:41:55',5,NULL),(9410,1234,39,39,1524,40720,1,11,2,1,0.00,0.00,'2020-11-17 07:41:55','2020-11-17 07:41:55',5,NULL),(9411,1234,39,39,1524,40720,1,7,2,1,0.00,0.00,'2020-11-17 07:41:55','2020-11-17 07:41:55',5,NULL),(9412,1234,39,39,1524,40720,1,4,2,1,0.00,0.00,'2020-11-17 07:41:55','2020-11-17 07:41:55',5,NULL),(9413,1234,39,39,1524,40720,1,4,2,5,0.00,0.00,'2020-11-17 07:41:55','2020-11-17 07:41:55',5,NULL),(9414,1234,39,39,1524,40720,1,8,2,5,0.00,0.00,'2020-11-17 07:41:55','2020-11-17 07:41:55',5,NULL),(9415,1234,39,39,1524,40720,1,12,2,5,0.00,0.00,'2020-11-17 07:41:55','2020-11-17 07:41:55',5,NULL),(9416,1234,39,39,1524,40720,1,1,2,5,0.00,0.00,'2020-11-17 07:41:55','2020-11-17 07:41:55',5,NULL),(9417,1234,39,39,1524,40720,1,9,2,5,0.00,0.00,'2020-11-17 07:41:55','2020-11-17 07:41:55',5,NULL),(9418,1234,39,39,1524,40720,1,5,2,5,0.00,0.00,'2020-11-17 07:41:55','2020-11-17 07:41:55',5,NULL),(9419,1234,39,39,1524,40720,1,13,2,5,0.00,0.00,'2020-11-17 07:41:55','2020-11-17 07:41:55',5,NULL),(9420,1234,39,39,1524,40720,1,2,2,5,0.00,0.00,'2020-11-17 07:41:55','2020-11-17 07:41:55',5,NULL),(9421,1234,39,39,1524,40720,1,10,2,5,0.00,0.00,'2020-11-17 07:41:55','2020-11-17 07:41:55',5,NULL);
INSERT INTO `period_liquidation_iva_details` VALUES (9422,1234,39,39,1524,40720,1,6,2,5,0.00,0.00,'2020-11-17 07:41:55','2020-11-17 07:41:55',5,NULL),(9423,1234,39,39,1524,40720,1,14,2,5,0.00,0.00,'2020-11-17 07:41:55','2020-11-17 07:41:55',5,NULL),(9424,1234,39,39,1524,40720,1,3,2,5,0.00,0.00,'2020-11-17 07:41:55','2020-11-17 07:41:55',5,NULL),(9425,1234,39,39,1524,40720,1,11,2,5,0.00,0.00,'2020-11-17 07:41:55','2020-11-17 07:41:55',5,NULL),(9426,1234,39,39,1524,40720,1,7,2,5,0.00,0.00,'2020-11-17 07:41:55','2020-11-17 07:41:55',5,NULL),(9427,1234,39,39,1524,40720,1,9,2,4,0.00,0.00,'2020-11-17 07:41:55','2020-11-17 07:41:55',5,NULL),(9428,1234,39,39,1524,40720,1,5,2,4,0.00,0.00,'2020-11-17 07:41:55','2020-11-17 07:41:55',5,NULL),(9429,1234,39,39,1524,40720,1,13,2,4,0.00,0.00,'2020-11-17 07:41:55','2020-11-17 07:41:55',5,NULL),(9430,1234,39,39,1524,40720,1,2,2,4,0.00,0.00,'2020-11-17 07:41:55','2020-11-17 07:41:55',5,NULL),(9431,1234,39,39,1524,40720,1,10,2,4,0.00,0.00,'2020-11-17 07:41:55','2020-11-17 07:41:55',5,NULL),(9432,1234,39,39,1524,40720,1,6,2,4,0.00,0.00,'2020-11-17 07:41:55','2020-11-17 07:41:55',5,NULL),(9433,1234,39,39,1524,40720,1,14,2,4,0.00,0.00,'2020-11-17 07:41:55','2020-11-17 07:41:55',5,NULL),(9434,1234,39,39,1524,40720,1,3,2,4,0.00,0.00,'2020-11-17 07:41:55','2020-11-17 07:41:55',5,NULL),(9435,1234,39,39,1524,40720,1,11,2,4,0.00,0.00,'2020-11-17 07:41:55','2020-11-17 07:41:55',5,NULL),(9436,1234,39,39,1524,40720,1,7,2,4,0.00,0.00,'2020-11-17 07:41:55','2020-11-17 07:41:55',5,NULL),(9437,1234,39,39,1524,40720,1,4,2,4,0.00,0.00,'2020-11-17 07:41:55','2020-11-17 07:41:55',5,NULL),(9438,1234,39,39,1524,40720,1,12,2,4,0.00,0.00,'2020-11-17 07:41:55','2020-11-17 07:41:55',5,NULL),(9439,1234,39,39,1524,40720,1,8,2,4,0.00,0.00,'2020-11-17 07:41:55','2020-11-17 07:41:55',5,NULL),(9440,1234,39,39,1524,40720,1,1,2,4,0.00,0.00,'2020-11-17 07:41:55','2020-11-17 07:41:55',5,NULL),(9441,1234,39,39,1524,40720,1,3,2,6,0.00,0.00,'2020-11-17 07:41:55','2020-11-17 07:41:55',5,NULL),(9442,1234,39,39,1524,40720,1,2,2,7,0.00,0.00,'2020-11-17 07:41:55','2020-11-17 07:41:55',5,NULL),(9443,1234,39,39,1524,40720,1,1,2,8,0.00,0.00,'2020-11-17 07:41:55','2020-11-17 07:41:55',5,NULL),(9444,1234,39,39,1524,40720,1,11,2,6,0.00,0.00,'2020-11-17 07:41:55','2020-11-17 07:41:55',5,NULL),(9445,1234,39,39,1524,40720,1,7,2,6,0.00,0.00,'2020-11-17 07:41:55','2020-11-17 07:41:55',5,NULL),(9446,1234,39,39,1524,40720,1,10,2,7,0.00,0.00,'2020-11-17 07:41:55','2020-11-17 07:41:55',5,NULL),(9447,1234,39,39,1524,40720,1,6,2,7,0.00,0.00,'2020-11-17 07:41:55','2020-11-17 07:41:55',5,NULL),(9448,1234,39,39,1524,40720,1,14,2,7,0.00,0.00,'2020-11-17 07:41:55','2020-11-17 07:41:55',5,NULL),(9449,1234,39,39,1524,40720,1,9,2,8,0.00,0.00,'2020-11-17 07:41:55','2020-11-17 07:41:55',5,NULL),(9450,1234,39,39,1524,40720,1,5,2,8,0.00,0.00,'2020-11-17 07:41:55','2020-11-17 07:41:55',5,NULL),(9451,1234,39,39,1524,40720,1,13,2,8,0.00,0.00,'2020-11-17 07:41:55','2020-11-17 07:41:55',5,NULL),(9452,1234,39,39,1524,40720,1,4,2,6,0.00,0.00,'2020-11-17 07:41:55','2020-11-17 07:41:55',5,NULL),(9453,1234,39,39,1524,40720,1,3,2,7,0.00,0.00,'2020-11-17 07:41:55','2020-11-17 07:41:55',5,NULL),(9454,1234,39,39,1524,40720,1,2,2,8,0.00,0.00,'2020-11-17 07:41:55','2020-11-17 07:41:55',5,NULL),(9455,1234,39,39,1524,40720,1,8,2,6,0.00,0.00,'2020-11-17 07:41:55','2020-11-17 07:41:55',5,NULL),(9456,1234,39,39,1524,40720,1,12,2,6,0.00,0.00,'2020-11-17 07:41:55','2020-11-17 07:41:55',5,NULL),(9457,1234,39,39,1524,40720,1,11,2,7,0.00,0.00,'2020-11-17 07:41:55','2020-11-17 07:41:55',5,NULL),(9458,1234,39,39,1524,40720,1,7,2,7,0.00,0.00,'2020-11-17 07:41:55','2020-11-17 07:41:55',5,NULL),(9459,1234,39,39,1524,40720,1,10,2,8,0.00,0.00,'2020-11-17 07:41:55','2020-11-17 07:41:55',5,NULL),(9460,1234,39,39,1524,40720,1,6,2,8,0.00,0.00,'2020-11-17 07:41:55','2020-11-17 07:41:55',5,NULL),(9461,1234,39,39,1524,40720,1,14,2,8,0.00,0.00,'2020-11-17 07:41:55','2020-11-17 07:41:55',5,NULL);
INSERT INTO `period_liquidation_iva_details` VALUES (9462,1234,39,39,1524,40720,1,1,2,6,0.00,0.00,'2020-11-17 07:41:55','2020-11-17 07:41:55',5,NULL),(9463,1234,39,39,1524,40720,1,4,2,7,0.00,0.00,'2020-11-17 07:41:55','2020-11-17 07:41:55',5,NULL),(9464,1234,39,39,1524,40720,1,3,2,8,0.00,0.00,'2020-11-17 07:41:55','2020-11-17 07:41:55',5,NULL),(9465,1234,39,39,1524,40720,1,9,2,6,0.00,0.00,'2020-11-17 07:41:55','2020-11-17 07:41:55',5,NULL),(9466,1234,39,39,1524,40720,1,5,2,6,0.00,0.00,'2020-11-17 07:41:55','2020-11-17 07:41:55',5,NULL),(9467,1234,39,39,1524,40720,1,13,2,6,0.00,0.00,'2020-11-17 07:41:55','2020-11-17 07:41:55',5,NULL),(9468,1234,39,39,1524,40720,1,8,2,7,0.00,0.00,'2020-11-17 07:41:55','2020-11-17 07:41:55',5,NULL),(9469,1234,39,39,1524,40720,1,12,2,7,0.00,0.00,'2020-11-17 07:41:55','2020-11-17 07:41:55',5,NULL),(9470,1234,39,39,1524,40720,1,11,2,8,0.00,0.00,'2020-11-17 07:41:55','2020-11-17 07:41:55',5,NULL),(9471,1234,39,39,1524,40720,1,7,2,8,0.00,0.00,'2020-11-17 07:41:55','2020-11-17 07:41:55',5,NULL),(9472,1234,39,39,1524,40720,1,2,2,6,0.00,0.00,'2020-11-17 07:41:55','2020-11-17 07:41:55',5,NULL),(9473,1234,39,39,1524,40720,1,1,2,7,0.00,0.00,'2020-11-17 07:41:55','2020-11-17 07:41:55',5,NULL),(9474,1234,39,39,1524,40720,1,4,2,8,0.00,0.00,'2020-11-17 07:41:55','2020-11-17 07:41:55',5,NULL),(9475,1234,39,39,1524,40720,1,10,2,6,0.00,0.00,'2020-11-17 07:41:55','2020-11-17 07:41:55',5,NULL),(9476,1234,39,39,1524,40720,1,6,2,6,0.00,0.00,'2020-11-17 07:41:55','2020-11-17 07:41:55',5,NULL),(9477,1234,39,39,1524,40720,1,14,2,6,0.00,0.00,'2020-11-17 07:41:55','2020-11-17 07:41:55',5,NULL),(9478,1234,39,39,1524,40720,1,9,2,7,0.00,0.00,'2020-11-17 07:41:55','2020-11-17 07:41:55',5,NULL),(9479,1234,39,39,1524,40720,1,5,2,7,0.00,0.00,'2020-11-17 07:41:55','2020-11-17 07:41:55',5,NULL),(9480,1234,39,39,1524,40720,1,13,2,7,0.00,0.00,'2020-11-17 07:41:55','2020-11-17 07:41:55',5,NULL),(9481,1234,39,39,1524,40720,1,8,2,8,0.00,0.00,'2020-11-17 07:41:55','2020-11-17 07:41:55',5,NULL),(9482,1234,39,39,1524,40720,1,12,2,8,0.00,0.00,'2020-11-17 07:41:55','2020-11-17 07:41:55',5,NULL),(9483,1234,39,39,1524,40720,1,14,2,3,0.00,0.00,'2020-11-17 07:41:55','2020-11-17 07:41:55',6,NULL),(9484,1234,39,39,1524,40720,1,1,2,3,0.00,0.00,'2020-11-17 07:41:55','2020-11-17 07:41:55',6,NULL),(9485,1234,39,39,1524,40720,1,4,2,3,0.00,0.00,'2020-11-17 07:41:55','2020-11-17 07:41:55',6,NULL),(9486,1234,39,39,1524,40720,1,7,2,3,0.00,0.00,'2020-11-17 07:41:55','2020-11-17 07:41:55',6,NULL),(9487,1234,39,39,1524,40720,1,10,2,3,0.00,0.00,'2020-11-17 07:41:55','2020-11-17 07:41:55',6,NULL),(9488,1234,39,39,1524,40720,1,13,2,3,0.00,0.00,'2020-11-17 07:41:55','2020-11-17 07:41:55',6,NULL),(9489,1234,39,39,1524,40720,1,3,2,3,0.00,0.00,'2020-11-17 07:41:55','2020-11-17 07:41:55',6,NULL),(9490,1234,39,39,1524,40720,1,6,2,3,0.00,0.00,'2020-11-17 07:41:55','2020-11-17 07:41:55',6,NULL),(9491,1234,39,39,1524,40720,1,9,2,3,0.00,0.00,'2020-11-17 07:41:55','2020-11-17 07:41:55',6,NULL),(9492,1234,39,39,1524,40720,1,12,2,3,0.00,0.00,'2020-11-17 07:41:55','2020-11-17 07:41:55',6,NULL),(9493,1234,39,39,1524,40720,1,2,2,3,0.00,0.00,'2020-11-17 07:41:55','2020-11-17 07:41:55',6,NULL),(9494,1234,39,39,1524,40720,1,5,2,3,0.00,0.00,'2020-11-17 07:41:55','2020-11-17 07:41:55',6,NULL),(9495,1234,39,39,1524,40720,1,8,2,3,0.00,0.00,'2020-11-17 07:41:55','2020-11-17 07:41:55',6,NULL),(9496,1234,39,39,1524,40720,1,11,2,3,0.00,0.00,'2020-11-17 07:41:55','2020-11-17 07:41:55',6,NULL),(9497,1234,39,39,1524,40720,1,13,2,2,0.00,0.00,'2020-11-17 07:41:55','2020-11-17 07:41:55',6,NULL),(9498,1234,39,39,1524,40720,1,3,2,2,0.00,0.00,'2020-11-17 07:41:55','2020-11-17 07:41:55',6,NULL),(9499,1234,39,39,1524,40720,1,6,2,2,0.00,0.00,'2020-11-17 07:41:55','2020-11-17 07:41:55',6,NULL),(9500,1234,39,39,1524,40720,1,9,2,2,0.00,0.00,'2020-11-17 07:41:55','2020-11-17 07:41:55',6,NULL),(9501,1234,39,39,1524,40720,1,12,2,2,0.00,0.00,'2020-11-17 07:41:55','2020-11-17 07:41:55',6,NULL);
INSERT INTO `period_liquidation_iva_details` VALUES (9502,1234,39,39,1524,40720,1,2,2,2,0.00,0.00,'2020-11-17 07:41:55','2020-11-17 07:41:55',6,NULL),(9503,1234,39,39,1524,40720,1,5,2,2,0.00,0.00,'2020-11-17 07:41:55','2020-11-17 07:41:55',6,NULL),(9504,1234,39,39,1524,40720,1,8,2,2,0.00,0.00,'2020-11-17 07:41:55','2020-11-17 07:41:55',6,NULL),(9505,1234,39,39,1524,40720,1,11,2,2,0.00,0.00,'2020-11-17 07:41:55','2020-11-17 07:41:55',6,NULL),(9506,1234,39,39,1524,40720,1,14,2,2,0.00,0.00,'2020-11-17 07:41:55','2020-11-17 07:41:55',6,NULL),(9507,1234,39,39,1524,40720,1,1,2,2,158840.02,33356.40,'2020-11-17 07:41:55','2020-11-17 07:41:55',6,NULL),(9508,1234,39,39,1524,40720,1,4,2,2,0.00,0.00,'2020-11-17 07:41:55','2020-11-17 07:41:55',6,NULL),(9509,1234,39,39,1524,40720,1,7,2,2,0.00,0.00,'2020-11-17 07:41:55','2020-11-17 07:41:55',6,NULL),(9510,1234,39,39,1524,40720,1,10,2,2,0.00,0.00,'2020-11-17 07:41:55','2020-11-17 07:41:55',6,NULL),(9511,1234,39,39,1524,40720,1,9,2,1,0.00,0.00,'2020-11-17 07:41:55','2020-11-17 07:41:55',6,NULL),(9512,1234,39,39,1524,40720,1,12,2,1,0.00,0.00,'2020-11-17 07:41:55','2020-11-17 07:41:55',6,NULL),(9513,1234,39,39,1524,40720,1,2,2,1,0.00,0.00,'2020-11-17 07:41:55','2020-11-17 07:41:55',6,NULL),(9514,1234,39,39,1524,40720,1,5,2,1,0.00,0.00,'2020-11-17 07:41:55','2020-11-17 07:41:55',6,NULL),(9515,1234,39,39,1524,40720,1,8,2,1,0.00,0.00,'2020-11-17 07:41:55','2020-11-17 07:41:55',6,NULL),(9516,1234,39,39,1524,40720,1,11,2,1,0.00,0.00,'2020-11-17 07:41:55','2020-11-17 07:41:55',6,NULL),(9517,1234,39,39,1524,40720,1,14,2,1,0.00,0.00,'2020-11-17 07:41:55','2020-11-17 07:41:55',6,NULL),(9518,1234,39,39,1524,40720,1,1,2,1,0.00,0.00,'2020-11-17 07:41:55','2020-11-17 07:41:55',6,NULL),(9519,1234,39,39,1524,40720,1,4,2,1,0.00,0.00,'2020-11-17 07:41:55','2020-11-17 07:41:55',6,NULL),(9520,1234,39,39,1524,40720,1,7,2,1,0.00,0.00,'2020-11-17 07:41:55','2020-11-17 07:41:55',6,NULL),(9521,1234,39,39,1524,40720,1,10,2,1,0.00,0.00,'2020-11-17 07:41:55','2020-11-17 07:41:55',6,NULL),(9522,1234,39,39,1524,40720,1,13,2,1,0.00,0.00,'2020-11-17 07:41:55','2020-11-17 07:41:55',6,NULL),(9523,1234,39,39,1524,40720,1,3,2,1,0.00,0.00,'2020-11-17 07:41:55','2020-11-17 07:41:55',6,NULL),(9524,1234,39,39,1524,40720,1,6,2,1,0.00,0.00,'2020-11-17 07:41:55','2020-11-17 07:41:55',6,NULL),(9525,1234,39,39,1524,40720,1,3,2,5,0.00,0.00,'2020-11-17 07:41:55','2020-11-17 07:41:55',6,NULL),(9526,1234,39,39,1524,40720,1,6,2,5,0.00,0.00,'2020-11-17 07:41:55','2020-11-17 07:41:55',6,NULL),(9527,1234,39,39,1524,40720,1,9,2,5,0.00,0.00,'2020-11-17 07:41:55','2020-11-17 07:41:55',6,NULL),(9528,1234,39,39,1524,40720,1,12,2,5,0.00,0.00,'2020-11-17 07:41:55','2020-11-17 07:41:55',6,NULL),(9529,1234,39,39,1524,40720,1,2,2,5,0.00,0.00,'2020-11-17 07:41:55','2020-11-17 07:41:55',6,NULL),(9530,1234,39,39,1524,40720,1,5,2,5,0.00,0.00,'2020-11-17 07:41:55','2020-11-17 07:41:55',6,NULL),(9531,1234,39,39,1524,40720,1,8,2,5,0.00,0.00,'2020-11-17 07:41:55','2020-11-17 07:41:55',6,NULL),(9532,1234,39,39,1524,40720,1,11,2,5,0.00,0.00,'2020-11-17 07:41:55','2020-11-17 07:41:55',6,NULL),(9533,1234,39,39,1524,40720,1,14,2,5,0.00,0.00,'2020-11-17 07:41:55','2020-11-17 07:41:55',6,NULL),(9534,1234,39,39,1524,40720,1,1,2,5,0.00,0.00,'2020-11-17 07:41:55','2020-11-17 07:41:55',6,NULL),(9535,1234,39,39,1524,40720,1,4,2,5,0.00,0.00,'2020-11-17 07:41:55','2020-11-17 07:41:55',6,NULL),(9536,1234,39,39,1524,40720,1,7,2,5,0.00,0.00,'2020-11-17 07:41:55','2020-11-17 07:41:55',6,NULL),(9537,1234,39,39,1524,40720,1,10,2,5,0.00,0.00,'2020-11-17 07:41:55','2020-11-17 07:41:55',6,NULL),(9538,1234,39,39,1524,40720,1,13,2,5,0.00,0.00,'2020-11-17 07:41:55','2020-11-17 07:41:55',6,NULL),(9539,1234,39,39,1524,40720,1,2,2,4,0.00,0.00,'2020-11-17 07:41:55','2020-11-17 07:41:55',6,NULL),(9540,1234,39,39,1524,40720,1,5,2,4,0.00,0.00,'2020-11-17 07:41:55','2020-11-17 07:41:55',6,NULL),(9541,1234,39,39,1524,40720,1,8,2,4,0.00,0.00,'2020-11-17 07:41:55','2020-11-17 07:41:55',6,NULL);
INSERT INTO `period_liquidation_iva_details` VALUES (9542,1234,39,39,1524,40720,1,11,2,4,0.00,0.00,'2020-11-17 07:41:55','2020-11-17 07:41:55',6,NULL),(9543,1234,39,39,1524,40720,1,14,2,4,0.00,0.00,'2020-11-17 07:41:55','2020-11-17 07:41:55',6,NULL),(9544,1234,39,39,1524,40720,1,1,2,4,0.00,0.00,'2020-11-17 07:41:55','2020-11-17 07:41:55',6,NULL),(9545,1234,39,39,1524,40720,1,4,2,4,0.00,0.00,'2020-11-17 07:41:56','2020-11-17 07:41:56',6,NULL),(9546,1234,39,39,1524,40720,1,7,2,4,0.00,0.00,'2020-11-17 07:41:56','2020-11-17 07:41:56',6,NULL),(9547,1234,39,39,1524,40720,1,10,2,4,0.00,0.00,'2020-11-17 07:41:56','2020-11-17 07:41:56',6,NULL),(9548,1234,39,39,1524,40720,1,13,2,4,0.00,0.00,'2020-11-17 07:41:56','2020-11-17 07:41:56',6,NULL),(9549,1234,39,39,1524,40720,1,3,2,4,0.00,0.00,'2020-11-17 07:41:56','2020-11-17 07:41:56',6,NULL),(9550,1234,39,39,1524,40720,1,6,2,4,0.00,0.00,'2020-11-17 07:41:56','2020-11-17 07:41:56',6,NULL),(9551,1234,39,39,1524,40720,1,9,2,4,0.00,0.00,'2020-11-17 07:41:56','2020-11-17 07:41:56',6,NULL),(9552,1234,39,39,1524,40720,1,12,2,4,0.00,0.00,'2020-11-17 07:41:56','2020-11-17 07:41:56',6,NULL),(9553,1234,39,39,1524,40720,1,7,2,8,0.00,0.00,'2020-11-17 07:41:56','2020-11-17 07:41:56',6,NULL),(9554,1234,39,39,1524,40720,1,10,2,8,0.00,0.00,'2020-11-17 07:41:56','2020-11-17 07:41:56',6,NULL),(9555,1234,39,39,1524,40720,1,13,2,8,0.00,0.00,'2020-11-17 07:41:56','2020-11-17 07:41:56',6,NULL),(9556,1234,39,39,1524,40720,1,3,2,8,0.00,0.00,'2020-11-17 07:41:56','2020-11-17 07:41:56',6,NULL),(9557,1234,39,39,1524,40720,1,6,2,8,0.00,0.00,'2020-11-17 07:41:56','2020-11-17 07:41:56',6,NULL),(9558,1234,39,39,1524,40720,1,9,2,8,0.00,0.00,'2020-11-17 07:41:56','2020-11-17 07:41:56',6,NULL),(9559,1234,39,39,1524,40720,1,12,2,8,0.00,0.00,'2020-11-17 07:41:56','2020-11-17 07:41:56',6,NULL),(9560,1234,39,39,1524,40720,1,2,2,8,0.00,0.00,'2020-11-17 07:41:56','2020-11-17 07:41:56',6,NULL),(9561,1234,39,39,1524,40720,1,5,2,8,0.00,0.00,'2020-11-17 07:41:56','2020-11-17 07:41:56',6,NULL),(9562,1234,39,39,1524,40720,1,8,2,8,0.00,0.00,'2020-11-17 07:41:56','2020-11-17 07:41:56',6,NULL),(9563,1234,39,39,1524,40720,1,11,2,8,0.00,0.00,'2020-11-17 07:41:56','2020-11-17 07:41:56',6,NULL),(9564,1234,39,39,1524,40720,1,14,2,8,0.00,0.00,'2020-11-17 07:41:56','2020-11-17 07:41:56',6,NULL),(9565,1234,39,39,1524,40720,1,1,2,8,92380.42,0.00,'2020-11-17 07:41:56','2020-11-17 07:41:56',6,NULL),(9566,1234,39,39,1524,40720,1,4,2,8,0.00,0.00,'2020-11-17 07:41:56','2020-11-17 07:41:56',6,NULL),(9567,1234,39,39,1524,40720,1,5,2,6,0.00,0.00,'2020-11-17 07:41:56','2020-11-17 07:41:56',7,NULL),(9568,1234,39,39,1524,40720,1,1,2,7,28433.52,0.00,'2020-11-17 07:41:56','2020-11-17 07:41:56',7,NULL),(9569,1234,39,39,1524,40720,1,14,2,6,0.00,0.00,'2020-11-17 07:41:56','2020-11-17 07:41:56',7,NULL),(9570,1234,39,39,1524,40720,1,10,2,7,0.00,0.00,'2020-11-17 07:41:56','2020-11-17 07:41:56',7,NULL),(9571,1234,39,39,1524,40720,1,7,2,6,0.00,0.00,'2020-11-17 07:41:56','2020-11-17 07:41:56',7,NULL),(9572,1234,39,39,1524,40720,1,3,2,7,0.00,0.00,'2020-11-17 07:41:56','2020-11-17 07:41:56',7,NULL),(9573,1234,39,39,1524,40720,1,12,2,7,0.00,0.00,'2020-11-17 07:41:56','2020-11-17 07:41:56',7,NULL),(9574,1234,39,39,1524,40720,1,9,2,6,0.00,0.00,'2020-11-17 07:41:56','2020-11-17 07:41:56',7,NULL),(9575,1234,39,39,1524,40720,1,5,2,7,0.00,0.00,'2020-11-17 07:41:56','2020-11-17 07:41:56',7,NULL),(9576,1234,39,39,1524,40720,1,2,2,6,0.00,0.00,'2020-11-17 07:41:56','2020-11-17 07:41:56',7,NULL),(9577,1234,39,39,1524,40720,1,14,2,7,0.00,0.00,'2020-11-17 07:41:56','2020-11-17 07:41:56',7,NULL),(9578,1234,39,39,1524,40720,1,11,2,6,0.00,0.00,'2020-11-17 07:41:56','2020-11-17 07:41:56',7,NULL),(9579,1234,39,39,1524,40720,1,7,2,7,0.00,0.00,'2020-11-17 07:41:56','2020-11-17 07:41:56',7,NULL),(9580,1234,39,39,1524,40720,1,4,2,6,0.00,0.00,'2020-11-17 07:41:56','2020-11-17 07:41:56',7,NULL),(9581,1234,39,39,1524,40720,1,13,2,6,0.00,0.00,'2020-11-17 07:41:56','2020-11-17 07:41:56',7,NULL);
INSERT INTO `period_liquidation_iva_details` VALUES (9582,1234,39,39,1524,40720,1,9,2,7,0.00,0.00,'2020-11-17 07:41:56','2020-11-17 07:41:56',7,NULL),(9583,1234,39,39,1524,40720,1,6,2,6,0.00,0.00,'2020-11-17 07:41:56','2020-11-17 07:41:56',7,NULL),(9584,1234,39,39,1524,40720,1,2,2,7,0.00,0.00,'2020-11-17 07:41:56','2020-11-17 07:41:56',7,NULL),(9585,1234,39,39,1524,40720,1,11,2,7,0.00,0.00,'2020-11-17 07:41:56','2020-11-17 07:41:56',7,NULL),(9586,1234,39,39,1524,40720,1,8,2,6,0.00,0.00,'2020-11-17 07:41:56','2020-11-17 07:41:56',7,NULL),(9587,1234,39,39,1524,40720,1,4,2,7,0.00,0.00,'2020-11-17 07:41:56','2020-11-17 07:41:56',7,NULL),(9588,1234,39,39,1524,40720,1,1,2,6,0.00,0.00,'2020-11-17 07:41:56','2020-11-17 07:41:56',7,NULL),(9589,1234,39,39,1524,40720,1,13,2,7,0.00,0.00,'2020-11-17 07:41:56','2020-11-17 07:41:56',7,NULL),(9590,1234,39,39,1524,40720,1,10,2,6,0.00,0.00,'2020-11-17 07:41:56','2020-11-17 07:41:56',7,NULL),(9591,1234,39,39,1524,40720,1,6,2,7,0.00,0.00,'2020-11-17 07:41:56','2020-11-17 07:41:56',7,NULL),(9592,1234,39,39,1524,40720,1,3,2,6,0.00,0.00,'2020-11-17 07:41:56','2020-11-17 07:41:56',7,NULL),(9593,1234,39,39,1524,40720,1,12,2,6,0.00,0.00,'2020-11-17 07:41:56','2020-11-17 07:41:56',7,NULL),(9594,1234,39,39,1524,40720,1,8,2,7,0.00,0.00,'2020-11-17 07:41:56','2020-11-17 07:41:56',7,NULL),(25019,1234,120,101,1530,40720,894,1,1,3,0.00,0.00,'2021-02-08 13:53:06','2021-02-08 13:53:06',1,NULL),(25020,1234,120,101,1530,40720,894,1,1,2,59950.00,12589.50,'2021-02-08 13:53:06','2021-02-08 13:53:06',1,NULL),(25021,1234,120,101,1530,40720,894,1,1,1,2407.87,252.83,'2021-02-08 13:53:06','2021-02-08 13:53:06',1,NULL),(25022,1234,120,101,1530,40720,894,1,1,5,0.00,0.00,'2021-02-08 13:53:06','2021-02-08 13:53:06',1,NULL),(25023,1234,120,101,1530,40720,894,1,1,4,0.00,0.00,'2021-02-08 13:53:06','2021-02-08 13:53:06',1,NULL),(25024,1234,120,101,1530,40720,894,1,1,8,0.00,0.00,'2021-02-08 13:53:06','2021-02-08 13:53:06',1,NULL),(25025,1234,120,101,1530,40720,894,1,1,3,0.00,0.00,'2021-02-08 13:53:06','2021-02-08 13:53:06',2,NULL),(25026,1234,120,101,1530,40720,894,1,1,2,0.00,0.00,'2021-02-08 13:53:06','2021-02-08 13:53:06',2,NULL),(25027,1234,120,101,1530,40720,894,1,1,1,0.00,0.00,'2021-02-08 13:53:06','2021-02-08 13:53:06',2,NULL),(25028,1234,120,101,1530,40720,894,1,1,5,0.00,0.00,'2021-02-08 13:53:06','2021-02-08 13:53:06',2,NULL),(25029,1234,120,101,1530,40720,894,1,1,4,0.00,0.00,'2021-02-08 13:53:06','2021-02-08 13:53:06',2,NULL),(25030,1234,120,101,1530,40720,894,1,1,8,0.00,0.00,'2021-02-08 13:53:06','2021-02-08 13:53:06',2,NULL),(25031,1234,120,101,1530,40720,894,1,1,7,59368.00,0.00,'2021-02-08 13:53:06','2021-02-08 13:53:06',3,NULL),(25032,1234,120,101,1530,40720,894,1,1,6,0.00,0.00,'2021-02-08 13:53:06','2021-02-08 13:53:06',3,NULL),(25033,1234,120,101,1530,40720,894,1,1,3,0.00,0.00,'2021-02-08 13:53:06','2021-02-08 13:53:06',4,NULL),(25034,1234,120,101,1530,40720,894,1,1,2,6910.18,1451.14,'2021-02-08 13:53:06','2021-02-08 13:53:06',4,NULL),(25035,1234,120,101,1530,40720,894,1,1,1,0.00,0.00,'2021-02-08 13:53:06','2021-02-08 13:53:06',4,NULL),(25036,1234,120,101,1530,40720,894,1,1,5,0.00,0.00,'2021-02-08 13:53:06','2021-02-08 13:53:06',4,NULL),(25037,1234,120,101,1530,40720,894,1,1,4,0.00,0.00,'2021-02-08 13:53:06','2021-02-08 13:53:06',4,NULL),(25038,1234,120,101,1530,40720,894,1,1,7,0.00,0.00,'2021-02-08 13:53:06','2021-02-08 13:53:06',4,NULL),(25039,1234,120,101,1530,40720,894,1,1,8,0.00,0.00,'2021-02-08 13:53:06','2021-02-08 13:53:06',4,NULL),(25040,1234,120,101,1530,40720,894,1,1,6,0.00,0.00,'2021-02-08 13:53:06','2021-02-08 13:53:06',4,NULL),(25041,1234,120,101,1530,40720,1,3,2,3,0.00,0.00,'2021-02-08 13:53:06','2021-02-08 13:53:06',5,NULL),(25042,1234,120,101,1530,40720,1,7,2,3,0.00,0.00,'2021-02-08 13:53:06','2021-02-08 13:53:06',5,NULL),(25043,1234,120,101,1530,40720,1,11,2,3,0.00,0.00,'2021-02-08 13:53:06','2021-02-08 13:53:06',5,NULL),(25044,1234,120,101,1530,40720,1,4,2,3,0.00,0.00,'2021-02-08 13:53:06','2021-02-08 13:53:06',5,NULL);
INSERT INTO `period_liquidation_iva_details` VALUES (25045,1234,120,101,1530,40720,1,12,2,3,0.00,0.00,'2021-02-08 13:53:06','2021-02-08 13:53:06',5,NULL),(25046,1234,120,101,1530,40720,1,8,2,3,0.00,0.00,'2021-02-08 13:53:06','2021-02-08 13:53:06',5,NULL),(25047,1234,120,101,1530,40720,1,1,2,3,0.00,0.00,'2021-02-08 13:53:06','2021-02-08 13:53:06',5,NULL),(25048,1234,120,101,1530,40720,1,5,2,3,0.00,0.00,'2021-02-08 13:53:06','2021-02-08 13:53:06',5,NULL),(25049,1234,120,101,1530,40720,1,13,2,3,0.00,0.00,'2021-02-08 13:53:06','2021-02-08 13:53:06',5,NULL),(25050,1234,120,101,1530,40720,1,9,2,3,0.00,0.00,'2021-02-08 13:53:06','2021-02-08 13:53:06',5,NULL),(25051,1234,120,101,1530,40720,1,2,2,3,0.00,0.00,'2021-02-08 13:53:06','2021-02-08 13:53:06',5,NULL),(25052,1234,120,101,1530,40720,1,6,2,3,0.00,0.00,'2021-02-08 13:53:06','2021-02-08 13:53:06',5,NULL),(25053,1234,120,101,1530,40720,1,14,2,3,0.00,0.00,'2021-02-08 13:53:06','2021-02-08 13:53:06',5,NULL),(25054,1234,120,101,1530,40720,1,10,2,3,0.00,0.00,'2021-02-08 13:53:06','2021-02-08 13:53:06',5,NULL),(25055,1234,120,101,1530,40720,1,4,2,2,0.00,0.00,'2021-02-08 13:53:06','2021-02-08 13:53:06',5,NULL),(25056,1234,120,101,1530,40720,1,12,2,2,0.00,0.00,'2021-02-08 13:53:06','2021-02-08 13:53:06',5,NULL),(25057,1234,120,101,1530,40720,1,8,2,2,0.00,0.00,'2021-02-08 13:53:06','2021-02-08 13:53:06',5,NULL),(25058,1234,120,101,1530,40720,1,1,2,2,0.00,0.00,'2021-02-08 13:53:06','2021-02-08 13:53:06',5,NULL),(25059,1234,120,101,1530,40720,1,5,2,2,0.00,0.00,'2021-02-08 13:53:06','2021-02-08 13:53:06',5,NULL),(25060,1234,120,101,1530,40720,1,13,2,2,0.00,0.00,'2021-02-08 13:53:06','2021-02-08 13:53:06',5,NULL),(25061,1234,120,101,1530,40720,1,9,2,2,0.00,0.00,'2021-02-08 13:53:06','2021-02-08 13:53:06',5,NULL),(25062,1234,120,101,1530,40720,1,2,2,2,0.00,0.00,'2021-02-08 13:53:06','2021-02-08 13:53:06',5,NULL),(25063,1234,120,101,1530,40720,1,6,2,2,0.00,0.00,'2021-02-08 13:53:06','2021-02-08 13:53:06',5,NULL),(25064,1234,120,101,1530,40720,1,14,2,2,0.00,0.00,'2021-02-08 13:53:06','2021-02-08 13:53:06',5,NULL),(25065,1234,120,101,1530,40720,1,10,2,2,0.00,0.00,'2021-02-08 13:53:06','2021-02-08 13:53:06',5,NULL),(25066,1234,120,101,1530,40720,1,3,2,2,0.00,0.00,'2021-02-08 13:53:06','2021-02-08 13:53:06',5,NULL),(25067,1234,120,101,1530,40720,1,7,2,2,0.00,0.00,'2021-02-08 13:53:06','2021-02-08 13:53:06',5,NULL),(25068,1234,120,101,1530,40720,1,11,2,2,0.00,0.00,'2021-02-08 13:53:06','2021-02-08 13:53:06',5,NULL),(25069,1234,120,101,1530,40720,1,1,2,1,0.00,0.00,'2021-02-08 13:53:06','2021-02-08 13:53:06',5,NULL),(25070,1234,120,101,1530,40720,1,5,2,1,0.00,0.00,'2021-02-08 13:53:06','2021-02-08 13:53:06',5,NULL),(25071,1234,120,101,1530,40720,1,13,2,1,0.00,0.00,'2021-02-08 13:53:06','2021-02-08 13:53:06',5,NULL),(25072,1234,120,101,1530,40720,1,9,2,1,0.00,0.00,'2021-02-08 13:53:06','2021-02-08 13:53:06',5,NULL),(25073,1234,120,101,1530,40720,1,2,2,1,0.00,0.00,'2021-02-08 13:53:06','2021-02-08 13:53:06',5,NULL),(25074,1234,120,101,1530,40720,1,6,2,1,0.00,0.00,'2021-02-08 13:53:06','2021-02-08 13:53:06',5,NULL),(25075,1234,120,101,1530,40720,1,14,2,1,0.00,0.00,'2021-02-08 13:53:06','2021-02-08 13:53:06',5,NULL),(25076,1234,120,101,1530,40720,1,10,2,1,0.00,0.00,'2021-02-08 13:53:06','2021-02-08 13:53:06',5,NULL),(25077,1234,120,101,1530,40720,1,3,2,1,0.00,0.00,'2021-02-08 13:53:06','2021-02-08 13:53:06',5,NULL),(25078,1234,120,101,1530,40720,1,7,2,1,0.00,0.00,'2021-02-08 13:53:06','2021-02-08 13:53:06',5,NULL),(25079,1234,120,101,1530,40720,1,11,2,1,0.00,0.00,'2021-02-08 13:53:06','2021-02-08 13:53:06',5,NULL),(25080,1234,120,101,1530,40720,1,4,2,1,0.00,0.00,'2021-02-08 13:53:06','2021-02-08 13:53:06',5,NULL),(25081,1234,120,101,1530,40720,1,12,2,1,0.00,0.00,'2021-02-08 13:53:06','2021-02-08 13:53:06',5,NULL),(25082,1234,120,101,1530,40720,1,8,2,1,0.00,0.00,'2021-02-08 13:53:06','2021-02-08 13:53:06',5,NULL),(25083,1234,120,101,1530,40720,1,1,2,5,0.00,0.00,'2021-02-08 13:53:06','2021-02-08 13:53:06',5,NULL);
INSERT INTO `period_liquidation_iva_details` VALUES (25084,1234,120,101,1530,40720,1,5,2,5,0.00,0.00,'2021-02-08 13:53:06','2021-02-08 13:53:06',5,NULL),(25085,1234,120,101,1530,40720,1,13,2,5,0.00,0.00,'2021-02-08 13:53:06','2021-02-08 13:53:06',5,NULL),(25086,1234,120,101,1530,40720,1,9,2,5,0.00,0.00,'2021-02-08 13:53:06','2021-02-08 13:53:06',5,NULL),(25087,1234,120,101,1530,40720,1,2,2,5,0.00,0.00,'2021-02-08 13:53:06','2021-02-08 13:53:06',5,NULL),(25088,1234,120,101,1530,40720,1,6,2,5,0.00,0.00,'2021-02-08 13:53:06','2021-02-08 13:53:06',5,NULL),(25089,1234,120,101,1530,40720,1,14,2,5,0.00,0.00,'2021-02-08 13:53:06','2021-02-08 13:53:06',5,NULL),(25090,1234,120,101,1530,40720,1,10,2,5,0.00,0.00,'2021-02-08 13:53:06','2021-02-08 13:53:06',5,NULL),(25091,1234,120,101,1530,40720,1,3,2,5,0.00,0.00,'2021-02-08 13:53:06','2021-02-08 13:53:06',5,NULL),(25092,1234,120,101,1530,40720,1,7,2,5,0.00,0.00,'2021-02-08 13:53:06','2021-02-08 13:53:06',5,NULL),(25093,1234,120,101,1530,40720,1,11,2,5,0.00,0.00,'2021-02-08 13:53:06','2021-02-08 13:53:06',5,NULL),(25094,1234,120,101,1530,40720,1,4,2,5,0.00,0.00,'2021-02-08 13:53:06','2021-02-08 13:53:06',5,NULL),(25095,1234,120,101,1530,40720,1,12,2,5,0.00,0.00,'2021-02-08 13:53:06','2021-02-08 13:53:06',5,NULL),(25096,1234,120,101,1530,40720,1,8,2,5,0.00,0.00,'2021-02-08 13:53:06','2021-02-08 13:53:06',5,NULL),(25097,1234,120,101,1530,40720,1,2,2,4,0.00,0.00,'2021-02-08 13:53:06','2021-02-08 13:53:06',5,NULL),(25098,1234,120,101,1530,40720,1,6,2,4,0.00,0.00,'2021-02-08 13:53:06','2021-02-08 13:53:06',5,NULL),(25099,1234,120,101,1530,40720,1,14,2,4,0.00,0.00,'2021-02-08 13:53:06','2021-02-08 13:53:06',5,NULL),(25100,1234,120,101,1530,40720,1,10,2,4,0.00,0.00,'2021-02-08 13:53:06','2021-02-08 13:53:06',5,NULL),(25101,1234,120,101,1530,40720,1,3,2,4,0.00,0.00,'2021-02-08 13:53:06','2021-02-08 13:53:06',5,NULL),(25102,1234,120,101,1530,40720,1,7,2,4,0.00,0.00,'2021-02-08 13:53:06','2021-02-08 13:53:06',5,NULL),(25103,1234,120,101,1530,40720,1,11,2,4,0.00,0.00,'2021-02-08 13:53:06','2021-02-08 13:53:06',5,NULL),(25104,1234,120,101,1530,40720,1,4,2,4,0.00,0.00,'2021-02-08 13:53:06','2021-02-08 13:53:06',5,NULL),(25105,1234,120,101,1530,40720,1,12,2,4,0.00,0.00,'2021-02-08 13:53:06','2021-02-08 13:53:06',5,NULL),(25106,1234,120,101,1530,40720,1,8,2,4,0.00,0.00,'2021-02-08 13:53:06','2021-02-08 13:53:06',5,NULL),(25107,1234,120,101,1530,40720,1,1,2,4,0.00,0.00,'2021-02-08 13:53:06','2021-02-08 13:53:06',5,NULL),(25108,1234,120,101,1530,40720,1,5,2,4,0.00,0.00,'2021-02-08 13:53:06','2021-02-08 13:53:06',5,NULL),(25109,1234,120,101,1530,40720,1,13,2,4,0.00,0.00,'2021-02-08 13:53:06','2021-02-08 13:53:06',5,NULL),(25110,1234,120,101,1530,40720,1,9,2,4,0.00,0.00,'2021-02-08 13:53:06','2021-02-08 13:53:06',5,NULL),(25111,1234,120,101,1530,40720,1,6,2,7,0.00,0.00,'2021-02-08 13:53:06','2021-02-08 13:53:06',5,NULL),(25112,1234,120,101,1530,40720,1,14,2,7,0.00,0.00,'2021-02-08 13:53:06','2021-02-08 13:53:06',5,NULL),(25113,1234,120,101,1530,40720,1,10,2,7,0.00,0.00,'2021-02-08 13:53:06','2021-02-08 13:53:06',5,NULL),(25114,1234,120,101,1530,40720,1,5,2,8,0.00,0.00,'2021-02-08 13:53:06','2021-02-08 13:53:06',5,NULL),(25115,1234,120,101,1530,40720,1,13,2,8,0.00,0.00,'2021-02-08 13:53:06','2021-02-08 13:53:06',5,NULL),(25116,1234,120,101,1530,40720,1,9,2,8,0.00,0.00,'2021-02-08 13:53:06','2021-02-08 13:53:06',5,NULL),(25117,1234,120,101,1530,40720,1,4,2,6,0.00,0.00,'2021-02-08 13:53:06','2021-02-08 13:53:06',5,NULL),(25118,1234,120,101,1530,40720,1,3,2,7,0.00,0.00,'2021-02-08 13:53:06','2021-02-08 13:53:06',5,NULL),(25119,1234,120,101,1530,40720,1,12,2,6,0.00,0.00,'2021-02-08 13:53:06','2021-02-08 13:53:06',5,NULL),(25120,1234,120,101,1530,40720,1,8,2,6,0.00,0.00,'2021-02-08 13:53:06','2021-02-08 13:53:06',5,NULL),(25121,1234,120,101,1530,40720,1,2,2,8,0.00,0.00,'2021-02-08 13:53:06','2021-02-08 13:53:06',5,NULL),(25122,1234,120,101,1530,40720,1,7,2,7,0.00,0.00,'2021-02-08 13:53:06','2021-02-08 13:53:06',5,NULL);
INSERT INTO `period_liquidation_iva_details` VALUES (25123,1234,120,101,1530,40720,1,11,2,7,0.00,0.00,'2021-02-08 13:53:06','2021-02-08 13:53:06',5,NULL),(25124,1234,120,101,1530,40720,1,6,2,8,0.00,0.00,'2021-02-08 13:53:06','2021-02-08 13:53:06',5,NULL),(25125,1234,120,101,1530,40720,1,14,2,8,0.00,0.00,'2021-02-08 13:53:06','2021-02-08 13:53:06',5,NULL),(25126,1234,120,101,1530,40720,1,10,2,8,0.00,0.00,'2021-02-08 13:53:06','2021-02-08 13:53:06',5,NULL),(25127,1234,120,101,1530,40720,1,1,2,6,0.00,0.00,'2021-02-08 13:53:06','2021-02-08 13:53:06',5,NULL),(25128,1234,120,101,1530,40720,1,4,2,7,0.00,0.00,'2021-02-08 13:53:06','2021-02-08 13:53:06',5,NULL),(25129,1234,120,101,1530,40720,1,5,2,6,0.00,0.00,'2021-02-08 13:53:06','2021-02-08 13:53:06',5,NULL),(25130,1234,120,101,1530,40720,1,13,2,6,0.00,0.00,'2021-02-08 13:53:06','2021-02-08 13:53:06',5,NULL),(25131,1234,120,101,1530,40720,1,9,2,6,0.00,0.00,'2021-02-08 13:53:06','2021-02-08 13:53:06',5,NULL),(25132,1234,120,101,1530,40720,1,3,2,8,0.00,0.00,'2021-02-08 13:53:06','2021-02-08 13:53:06',5,NULL),(25133,1234,120,101,1530,40720,1,12,2,7,0.00,0.00,'2021-02-08 13:53:06','2021-02-08 13:53:06',5,NULL),(25134,1234,120,101,1530,40720,1,8,2,7,0.00,0.00,'2021-02-08 13:53:06','2021-02-08 13:53:06',5,NULL),(25135,1234,120,101,1530,40720,1,7,2,8,0.00,0.00,'2021-02-08 13:53:06','2021-02-08 13:53:06',5,NULL),(25136,1234,120,101,1530,40720,1,11,2,8,0.00,0.00,'2021-02-08 13:53:06','2021-02-08 13:53:06',5,NULL),(25137,1234,120,101,1530,40720,1,2,2,6,0.00,0.00,'2021-02-08 13:53:06','2021-02-08 13:53:06',5,NULL),(25138,1234,120,101,1530,40720,1,1,2,7,0.00,0.00,'2021-02-08 13:53:06','2021-02-08 13:53:06',5,NULL),(25139,1234,120,101,1530,40720,1,6,2,6,0.00,0.00,'2021-02-08 13:53:06','2021-02-08 13:53:06',5,NULL),(25140,1234,120,101,1530,40720,1,14,2,6,0.00,0.00,'2021-02-08 13:53:06','2021-02-08 13:53:06',5,NULL),(25141,1234,120,101,1530,40720,1,10,2,6,0.00,0.00,'2021-02-08 13:53:06','2021-02-08 13:53:06',5,NULL),(25142,1234,120,101,1530,40720,1,4,2,8,0.00,0.00,'2021-02-08 13:53:06','2021-02-08 13:53:06',5,NULL),(25143,1234,120,101,1530,40720,1,5,2,7,0.00,0.00,'2021-02-08 13:53:06','2021-02-08 13:53:06',5,NULL),(25144,1234,120,101,1530,40720,1,13,2,7,0.00,0.00,'2021-02-08 13:53:06','2021-02-08 13:53:06',5,NULL),(25145,1234,120,101,1530,40720,1,9,2,7,0.00,0.00,'2021-02-08 13:53:06','2021-02-08 13:53:06',5,NULL),(25146,1234,120,101,1530,40720,1,12,2,8,0.00,0.00,'2021-02-08 13:53:06','2021-02-08 13:53:06',5,NULL),(25147,1234,120,101,1530,40720,1,8,2,8,0.00,0.00,'2021-02-08 13:53:06','2021-02-08 13:53:06',5,NULL),(25148,1234,120,101,1530,40720,1,3,2,6,0.00,0.00,'2021-02-08 13:53:06','2021-02-08 13:53:06',5,NULL),(25149,1234,120,101,1530,40720,1,2,2,7,0.00,0.00,'2021-02-08 13:53:06','2021-02-08 13:53:06',5,NULL),(25150,1234,120,101,1530,40720,1,7,2,6,0.00,0.00,'2021-02-08 13:53:06','2021-02-08 13:53:06',5,NULL),(25151,1234,120,101,1530,40720,1,1,2,8,0.00,0.00,'2021-02-08 13:53:06','2021-02-08 13:53:06',5,NULL),(25152,1234,120,101,1530,40720,1,11,2,6,0.00,0.00,'2021-02-08 13:53:06','2021-02-08 13:53:06',5,NULL),(25153,1234,120,101,1530,40720,1,4,2,3,0.00,0.00,'2021-02-08 13:53:06','2021-02-08 13:53:06',6,NULL),(25154,1234,120,101,1530,40720,1,7,2,3,0.00,0.00,'2021-02-08 13:53:06','2021-02-08 13:53:06',6,NULL),(25155,1234,120,101,1530,40720,1,10,2,3,0.00,0.00,'2021-02-08 13:53:06','2021-02-08 13:53:06',6,NULL),(25156,1234,120,101,1530,40720,1,13,2,3,0.00,0.00,'2021-02-08 13:53:06','2021-02-08 13:53:06',6,NULL),(25157,1234,120,101,1530,40720,1,3,2,3,0.00,0.00,'2021-02-08 13:53:06','2021-02-08 13:53:06',6,NULL),(25158,1234,120,101,1530,40720,1,6,2,3,0.00,0.00,'2021-02-08 13:53:06','2021-02-08 13:53:06',6,NULL),(25159,1234,120,101,1530,40720,1,9,2,3,0.00,0.00,'2021-02-08 13:53:06','2021-02-08 13:53:06',6,NULL),(25160,1234,120,101,1530,40720,1,12,2,3,0.00,0.00,'2021-02-08 13:53:06','2021-02-08 13:53:06',6,NULL),(25161,1234,120,101,1530,40720,1,2,2,3,0.00,0.00,'2021-02-08 13:53:06','2021-02-08 13:53:06',6,NULL);
INSERT INTO `period_liquidation_iva_details` VALUES (25162,1234,120,101,1530,40720,1,5,2,3,0.00,0.00,'2021-02-08 13:53:06','2021-02-08 13:53:06',6,NULL),(25163,1234,120,101,1530,40720,1,8,2,3,0.00,0.00,'2021-02-08 13:53:06','2021-02-08 13:53:06',6,NULL),(25164,1234,120,101,1530,40720,1,11,2,3,0.00,0.00,'2021-02-08 13:53:06','2021-02-08 13:53:06',6,NULL),(25165,1234,120,101,1530,40720,1,14,2,3,0.00,0.00,'2021-02-08 13:53:06','2021-02-08 13:53:06',6,NULL),(25166,1234,120,101,1530,40720,1,1,2,3,0.00,0.00,'2021-02-08 13:53:06','2021-02-08 13:53:06',6,NULL),(25167,1234,120,101,1530,40720,1,3,2,2,0.00,0.00,'2021-02-08 13:53:06','2021-02-08 13:53:06',6,NULL),(25168,1234,120,101,1530,40720,1,6,2,2,0.00,0.00,'2021-02-08 13:53:06','2021-02-08 13:53:06',6,NULL),(25169,1234,120,101,1530,40720,1,9,2,2,0.00,0.00,'2021-02-08 13:53:06','2021-02-08 13:53:06',6,NULL),(25170,1234,120,101,1530,40720,1,12,2,2,0.00,0.00,'2021-02-08 13:53:06','2021-02-08 13:53:06',6,NULL),(25171,1234,120,101,1530,40720,1,2,2,2,0.00,0.00,'2021-02-08 13:53:06','2021-02-08 13:53:06',6,NULL),(25172,1234,120,101,1530,40720,1,5,2,2,0.00,0.00,'2021-02-08 13:53:06','2021-02-08 13:53:06',6,NULL),(25173,1234,120,101,1530,40720,1,8,2,2,0.00,0.00,'2021-02-08 13:53:06','2021-02-08 13:53:06',6,NULL),(25174,1234,120,101,1530,40720,1,11,2,2,0.00,0.00,'2021-02-08 13:53:06','2021-02-08 13:53:06',6,NULL),(25175,1234,120,101,1530,40720,1,14,2,2,0.00,0.00,'2021-02-08 13:53:06','2021-02-08 13:53:06',6,NULL),(25176,1234,120,101,1530,40720,1,1,2,2,42093.35,8839.60,'2021-02-08 13:53:06','2021-02-08 13:53:06',6,NULL),(25177,1234,120,101,1530,40720,1,4,2,2,0.00,0.00,'2021-02-08 13:53:06','2021-02-08 13:53:06',6,NULL),(25178,1234,120,101,1530,40720,1,7,2,2,0.00,0.00,'2021-02-08 13:53:06','2021-02-08 13:53:06',6,NULL),(25179,1234,120,101,1530,40720,1,10,2,2,0.00,0.00,'2021-02-08 13:53:06','2021-02-08 13:53:06',6,NULL),(25180,1234,120,101,1530,40720,1,13,2,2,0.00,0.00,'2021-02-08 13:53:06','2021-02-08 13:53:06',6,NULL),(25181,1234,120,101,1530,40720,1,2,2,1,0.00,0.00,'2021-02-08 13:53:06','2021-02-08 13:53:06',6,NULL),(25182,1234,120,101,1530,40720,1,5,2,1,0.00,0.00,'2021-02-08 13:53:06','2021-02-08 13:53:06',6,NULL),(25183,1234,120,101,1530,40720,1,8,2,1,0.00,0.00,'2021-02-08 13:53:06','2021-02-08 13:53:06',6,NULL),(25184,1234,120,101,1530,40720,1,11,2,1,0.00,0.00,'2021-02-08 13:53:06','2021-02-08 13:53:06',6,NULL),(25185,1234,120,101,1530,40720,1,14,2,1,0.00,0.00,'2021-02-08 13:53:06','2021-02-08 13:53:06',6,NULL),(25186,1234,120,101,1530,40720,1,1,2,1,0.00,0.00,'2021-02-08 13:53:06','2021-02-08 13:53:06',6,NULL),(25187,1234,120,101,1530,40720,1,4,2,1,0.00,0.00,'2021-02-08 13:53:06','2021-02-08 13:53:06',6,NULL),(25188,1234,120,101,1530,40720,1,7,2,1,0.00,0.00,'2021-02-08 13:53:06','2021-02-08 13:53:06',6,NULL),(25189,1234,120,101,1530,40720,1,10,2,1,0.00,0.00,'2021-02-08 13:53:06','2021-02-08 13:53:06',6,NULL),(25190,1234,120,101,1530,40720,1,13,2,1,0.00,0.00,'2021-02-08 13:53:06','2021-02-08 13:53:06',6,NULL),(25191,1234,120,101,1530,40720,1,3,2,1,0.00,0.00,'2021-02-08 13:53:06','2021-02-08 13:53:06',6,NULL),(25192,1234,120,101,1530,40720,1,6,2,1,0.00,0.00,'2021-02-08 13:53:06','2021-02-08 13:53:06',6,NULL),(25193,1234,120,101,1530,40720,1,9,2,1,0.00,0.00,'2021-02-08 13:53:06','2021-02-08 13:53:06',6,NULL),(25194,1234,120,101,1530,40720,1,12,2,1,0.00,0.00,'2021-02-08 13:53:06','2021-02-08 13:53:06',6,NULL),(25195,1234,120,101,1530,40720,1,9,2,5,0.00,0.00,'2021-02-08 13:53:06','2021-02-08 13:53:06',6,NULL),(25196,1234,120,101,1530,40720,1,12,2,5,0.00,0.00,'2021-02-08 13:53:06','2021-02-08 13:53:06',6,NULL),(25197,1234,120,101,1530,40720,1,2,2,5,0.00,0.00,'2021-02-08 13:53:06','2021-02-08 13:53:06',6,NULL),(25198,1234,120,101,1530,40720,1,5,2,5,0.00,0.00,'2021-02-08 13:53:06','2021-02-08 13:53:06',6,NULL),(25199,1234,120,101,1530,40720,1,8,2,5,0.00,0.00,'2021-02-08 13:53:06','2021-02-08 13:53:06',6,NULL),(25200,1234,120,101,1530,40720,1,11,2,5,0.00,0.00,'2021-02-08 13:53:06','2021-02-08 13:53:06',6,NULL);
INSERT INTO `period_liquidation_iva_details` VALUES (25201,1234,120,101,1530,40720,1,14,2,5,0.00,0.00,'2021-02-08 13:53:06','2021-02-08 13:53:06',6,NULL),(25202,1234,120,101,1530,40720,1,1,2,5,0.00,0.00,'2021-02-08 13:53:06','2021-02-08 13:53:06',6,NULL),(25203,1234,120,101,1530,40720,1,4,2,5,0.00,0.00,'2021-02-08 13:53:06','2021-02-08 13:53:06',6,NULL),(25204,1234,120,101,1530,40720,1,7,2,5,0.00,0.00,'2021-02-08 13:53:06','2021-02-08 13:53:06',6,NULL),(25205,1234,120,101,1530,40720,1,10,2,5,0.00,0.00,'2021-02-08 13:53:06','2021-02-08 13:53:06',6,NULL),(25206,1234,120,101,1530,40720,1,13,2,5,0.00,0.00,'2021-02-08 13:53:06','2021-02-08 13:53:06',6,NULL),(25207,1234,120,101,1530,40720,1,3,2,5,0.00,0.00,'2021-02-08 13:53:06','2021-02-08 13:53:06',6,NULL),(25208,1234,120,101,1530,40720,1,6,2,5,0.00,0.00,'2021-02-08 13:53:06','2021-02-08 13:53:06',6,NULL),(25209,1234,120,101,1530,40720,1,8,2,4,0.00,0.00,'2021-02-08 13:53:06','2021-02-08 13:53:06',6,NULL),(25210,1234,120,101,1530,40720,1,11,2,4,0.00,0.00,'2021-02-08 13:53:06','2021-02-08 13:53:06',6,NULL),(25211,1234,120,101,1530,40720,1,14,2,4,0.00,0.00,'2021-02-08 13:53:06','2021-02-08 13:53:06',6,NULL),(25212,1234,120,101,1530,40720,1,1,2,4,0.00,0.00,'2021-02-08 13:53:06','2021-02-08 13:53:06',6,NULL),(25213,1234,120,101,1530,40720,1,4,2,4,0.00,0.00,'2021-02-08 13:53:06','2021-02-08 13:53:06',6,NULL),(25214,1234,120,101,1530,40720,1,7,2,4,0.00,0.00,'2021-02-08 13:53:06','2021-02-08 13:53:06',6,NULL),(25215,1234,120,101,1530,40720,1,10,2,4,0.00,0.00,'2021-02-08 13:53:06','2021-02-08 13:53:06',6,NULL),(25216,1234,120,101,1530,40720,1,13,2,4,0.00,0.00,'2021-02-08 13:53:06','2021-02-08 13:53:06',6,NULL),(25217,1234,120,101,1530,40720,1,3,2,4,0.00,0.00,'2021-02-08 13:53:06','2021-02-08 13:53:06',6,NULL),(25218,1234,120,101,1530,40720,1,6,2,4,0.00,0.00,'2021-02-08 13:53:06','2021-02-08 13:53:06',6,NULL),(25219,1234,120,101,1530,40720,1,9,2,4,0.00,0.00,'2021-02-08 13:53:06','2021-02-08 13:53:06',6,NULL),(25220,1234,120,101,1530,40720,1,12,2,4,0.00,0.00,'2021-02-08 13:53:06','2021-02-08 13:53:06',6,NULL),(25221,1234,120,101,1530,40720,1,2,2,4,0.00,0.00,'2021-02-08 13:53:06','2021-02-08 13:53:06',6,NULL),(25222,1234,120,101,1530,40720,1,5,2,4,0.00,0.00,'2021-02-08 13:53:06','2021-02-08 13:53:06',6,NULL),(25223,1234,120,101,1530,40720,1,13,2,8,0.00,0.00,'2021-02-08 13:53:06','2021-02-08 13:53:06',6,NULL),(25224,1234,120,101,1530,40720,1,3,2,8,0.00,0.00,'2021-02-08 13:53:06','2021-02-08 13:53:06',6,NULL),(25225,1234,120,101,1530,40720,1,6,2,8,0.00,0.00,'2021-02-08 13:53:06','2021-02-08 13:53:06',6,NULL),(25226,1234,120,101,1530,40720,1,9,2,8,0.00,0.00,'2021-02-08 13:53:06','2021-02-08 13:53:06',6,NULL),(25227,1234,120,101,1530,40720,1,12,2,8,0.00,0.00,'2021-02-08 13:53:06','2021-02-08 13:53:06',6,NULL),(25228,1234,120,101,1530,40720,1,2,2,8,0.00,0.00,'2021-02-08 13:53:06','2021-02-08 13:53:06',6,NULL),(25229,1234,120,101,1530,40720,1,5,2,8,0.00,0.00,'2021-02-08 13:53:06','2021-02-08 13:53:06',6,NULL),(25230,1234,120,101,1530,40720,1,8,2,8,0.00,0.00,'2021-02-08 13:53:06','2021-02-08 13:53:06',6,NULL),(25231,1234,120,101,1530,40720,1,11,2,8,0.00,0.00,'2021-02-08 13:53:06','2021-02-08 13:53:06',6,NULL),(25232,1234,120,101,1530,40720,1,14,2,8,0.00,0.00,'2021-02-08 13:53:06','2021-02-08 13:53:06',6,NULL),(25233,1234,120,101,1530,40720,1,1,2,8,89361.57,0.00,'2021-02-08 13:53:06','2021-02-08 13:53:06',6,NULL),(25234,1234,120,101,1530,40720,1,4,2,8,0.00,0.00,'2021-02-08 13:53:06','2021-02-08 13:53:06',6,NULL),(25235,1234,120,101,1530,40720,1,7,2,8,0.00,0.00,'2021-02-08 13:53:06','2021-02-08 13:53:06',6,NULL),(25236,1234,120,101,1530,40720,1,10,2,8,0.00,0.00,'2021-02-08 13:53:06','2021-02-08 13:53:06',6,NULL),(25237,1234,120,101,1530,40720,1,12,2,7,0.00,0.00,'2021-02-08 13:53:06','2021-02-08 13:53:06',7,NULL),(25238,1234,120,101,1530,40720,1,9,2,6,0.00,0.00,'2021-02-08 13:53:06','2021-02-08 13:53:06',7,NULL),(25239,1234,120,101,1530,40720,1,5,2,7,0.00,0.00,'2021-02-08 13:53:06','2021-02-08 13:53:06',7,NULL);
INSERT INTO `period_liquidation_iva_details` VALUES (25240,1234,120,101,1530,40720,1,2,2,6,0.00,0.00,'2021-02-08 13:53:06','2021-02-08 13:53:06',7,NULL),(25241,1234,120,101,1530,40720,1,14,2,7,0.00,0.00,'2021-02-08 13:53:06','2021-02-08 13:53:06',7,NULL),(25242,1234,120,101,1530,40720,1,11,2,6,0.00,0.00,'2021-02-08 13:53:06','2021-02-08 13:53:06',7,NULL),(25243,1234,120,101,1530,40720,1,7,2,7,0.00,0.00,'2021-02-08 13:53:06','2021-02-08 13:53:06',7,NULL),(25244,1234,120,101,1530,40720,1,4,2,6,0.00,0.00,'2021-02-08 13:53:06','2021-02-08 13:53:06',7,NULL),(25245,1234,120,101,1530,40720,1,13,2,6,0.00,0.00,'2021-02-08 13:53:06','2021-02-08 13:53:06',7,NULL),(25246,1234,120,101,1530,40720,1,9,2,7,0.00,0.00,'2021-02-08 13:53:06','2021-02-08 13:53:06',7,NULL),(25247,1234,120,101,1530,40720,1,6,2,6,0.00,0.00,'2021-02-08 13:53:06','2021-02-08 13:53:06',7,NULL),(25248,1234,120,101,1530,40720,1,2,2,7,0.00,0.00,'2021-02-08 13:53:06','2021-02-08 13:53:06',7,NULL),(25249,1234,120,101,1530,40720,1,11,2,7,0.00,0.00,'2021-02-08 13:53:06','2021-02-08 13:53:06',7,NULL),(25250,1234,120,101,1530,40720,1,8,2,6,0.00,0.00,'2021-02-08 13:53:06','2021-02-08 13:53:06',7,NULL),(25251,1234,120,101,1530,40720,1,4,2,7,0.00,0.00,'2021-02-08 13:53:06','2021-02-08 13:53:06',7,NULL),(25252,1234,120,101,1530,40720,1,1,2,6,0.00,0.00,'2021-02-08 13:53:06','2021-02-08 13:53:06',7,NULL),(25253,1234,120,101,1530,40720,1,13,2,7,0.00,0.00,'2021-02-08 13:53:06','2021-02-08 13:53:06',7,NULL),(25254,1234,120,101,1530,40720,1,10,2,6,0.00,0.00,'2021-02-08 13:53:06','2021-02-08 13:53:06',7,NULL),(25255,1234,120,101,1530,40720,1,6,2,7,0.00,0.00,'2021-02-08 13:53:06','2021-02-08 13:53:06',7,NULL),(25256,1234,120,101,1530,40720,1,3,2,6,0.00,0.00,'2021-02-08 13:53:06','2021-02-08 13:53:06',7,NULL),(25257,1234,120,101,1530,40720,1,12,2,6,0.00,0.00,'2021-02-08 13:53:06','2021-02-08 13:53:06',7,NULL),(25258,1234,120,101,1530,40720,1,8,2,7,0.00,0.00,'2021-02-08 13:53:06','2021-02-08 13:53:06',7,NULL),(25259,1234,120,101,1530,40720,1,5,2,6,0.00,0.00,'2021-02-08 13:53:06','2021-02-08 13:53:06',7,NULL),(25260,1234,120,101,1530,40720,1,1,2,7,54359.72,0.00,'2021-02-08 13:53:06','2021-02-08 13:53:06',7,NULL),(25261,1234,120,101,1530,40720,1,14,2,6,0.00,0.00,'2021-02-08 13:53:06','2021-02-08 13:53:06',7,NULL),(25262,1234,120,101,1530,40720,1,10,2,7,0.00,0.00,'2021-02-08 13:53:06','2021-02-08 13:53:06',7,NULL),(25263,1234,120,101,1530,40720,1,7,2,6,0.00,0.00,'2021-02-08 13:53:06','2021-02-08 13:53:06',7,NULL),(25264,1234,120,101,1530,40720,1,3,2,7,0.00,0.00,'2021-02-08 13:53:06','2021-02-08 13:53:06',7,NULL),(27409,1234,142,110,6300,40800,596,1,1,3,0.00,0.00,'2021-02-08 18:17:14','2021-02-08 18:17:14',1,NULL),(27410,1234,142,110,6300,40800,801,1,1,3,0.00,0.00,'2021-02-08 18:17:14','2021-02-08 18:17:14',1,NULL),(27411,1234,142,110,6300,40800,801,1,1,2,0.00,0.00,'2021-02-08 18:17:14','2021-02-08 18:17:14',1,NULL),(27412,1234,142,110,6300,40800,596,1,1,2,242005.00,50821.05,'2021-02-08 18:17:14','2021-02-08 18:17:14',1,NULL),(27413,1234,142,110,6300,40800,801,1,1,1,0.00,0.00,'2021-02-08 18:17:14','2021-02-08 18:17:14',1,NULL),(27414,1234,142,110,6300,40800,596,1,1,1,0.00,0.00,'2021-02-08 18:17:14','2021-02-08 18:17:14',1,NULL),(27415,1234,142,110,6300,40800,801,1,1,5,0.00,0.00,'2021-02-08 18:17:14','2021-02-08 18:17:14',1,NULL),(27416,1234,142,110,6300,40800,596,1,1,5,0.00,0.00,'2021-02-08 18:17:14','2021-02-08 18:17:14',1,NULL),(27417,1234,142,110,6300,40800,801,1,1,4,0.00,0.00,'2021-02-08 18:17:14','2021-02-08 18:17:14',1,NULL),(27418,1234,142,110,6300,40800,596,1,1,4,0.00,0.00,'2021-02-08 18:17:14','2021-02-08 18:17:14',1,NULL),(27419,1234,142,110,6300,40800,801,1,1,8,0.00,0.00,'2021-02-08 18:17:14','2021-02-08 18:17:14',1,NULL),(27420,1234,142,110,6300,40800,596,1,1,8,0.00,0.00,'2021-02-08 18:17:14','2021-02-08 18:17:14',1,NULL),(27421,1234,142,110,6300,40800,801,1,1,3,0.00,0.00,'2021-02-08 18:17:14','2021-02-08 18:17:14',2,NULL),(27422,1234,142,110,6300,40800,596,1,1,3,0.00,0.00,'2021-02-08 18:17:14','2021-02-08 18:17:14',2,NULL);
INSERT INTO `period_liquidation_iva_details` VALUES (27423,1234,142,110,6300,40800,596,1,1,2,259977.70,54595.32,'2021-02-08 18:17:14','2021-02-08 18:17:14',2,NULL),(27424,1234,142,110,6300,40800,801,1,1,2,0.00,0.00,'2021-02-08 18:17:14','2021-02-08 18:17:14',2,NULL),(27425,1234,142,110,6300,40800,801,1,1,1,0.00,0.00,'2021-02-08 18:17:14','2021-02-08 18:17:14',2,NULL),(27426,1234,142,110,6300,40800,596,1,1,1,0.00,0.00,'2021-02-08 18:17:14','2021-02-08 18:17:14',2,NULL),(27427,1234,142,110,6300,40800,596,1,1,5,0.00,0.00,'2021-02-08 18:17:14','2021-02-08 18:17:14',2,NULL),(27428,1234,142,110,6300,40800,801,1,1,5,0.00,0.00,'2021-02-08 18:17:14','2021-02-08 18:17:14',2,NULL),(27429,1234,142,110,6300,40800,801,1,1,4,0.00,0.00,'2021-02-08 18:17:14','2021-02-08 18:17:14',2,NULL),(27430,1234,142,110,6300,40800,596,1,1,4,0.00,0.00,'2021-02-08 18:17:14','2021-02-08 18:17:14',2,NULL),(27431,1234,142,110,6300,40800,596,1,1,8,0.00,0.00,'2021-02-08 18:17:14','2021-02-08 18:17:14',2,NULL),(27432,1234,142,110,6300,40800,801,1,1,8,0.00,0.00,'2021-02-08 18:17:14','2021-02-08 18:17:14',2,NULL),(27433,1234,142,110,6300,40800,801,1,1,7,0.00,0.00,'2021-02-08 18:17:14','2021-02-08 18:17:14',3,NULL),(27434,1234,142,110,6300,40800,596,1,1,6,0.00,0.00,'2021-02-08 18:17:14','2021-02-08 18:17:14',3,NULL),(27435,1234,142,110,6300,40800,596,1,1,7,0.00,0.00,'2021-02-08 18:17:14','2021-02-08 18:17:14',3,NULL),(27436,1234,142,110,6300,40800,801,1,1,6,0.00,0.00,'2021-02-08 18:17:14','2021-02-08 18:17:14',3,NULL),(27437,1234,142,110,6300,40800,801,1,1,3,0.00,0.00,'2021-02-08 18:17:14','2021-02-08 18:17:14',4,NULL),(27438,1234,142,110,6300,40800,596,1,1,3,0.00,0.00,'2021-02-08 18:17:14','2021-02-08 18:17:14',4,NULL),(27439,1234,142,110,6300,40800,596,1,1,2,0.00,0.00,'2021-02-08 18:17:14','2021-02-08 18:17:14',4,NULL),(27440,1234,142,110,6300,40800,801,1,1,2,0.00,0.00,'2021-02-08 18:17:14','2021-02-08 18:17:14',4,NULL),(27441,1234,142,110,6300,40800,596,1,1,1,0.00,0.00,'2021-02-08 18:17:14','2021-02-08 18:17:14',4,NULL),(27442,1234,142,110,6300,40800,801,1,1,1,0.00,0.00,'2021-02-08 18:17:14','2021-02-08 18:17:14',4,NULL),(27443,1234,142,110,6300,40800,596,1,1,5,0.00,0.00,'2021-02-08 18:17:14','2021-02-08 18:17:14',4,NULL),(27444,1234,142,110,6300,40800,801,1,1,5,0.00,0.00,'2021-02-08 18:17:14','2021-02-08 18:17:14',4,NULL),(27445,1234,142,110,6300,40800,596,1,1,4,0.00,0.00,'2021-02-08 18:17:14','2021-02-08 18:17:14',4,NULL),(27446,1234,142,110,6300,40800,801,1,1,4,0.00,0.00,'2021-02-08 18:17:14','2021-02-08 18:17:14',4,NULL),(27447,1234,142,110,6300,40800,801,1,1,6,0.00,0.00,'2021-02-08 18:17:14','2021-02-08 18:17:14',4,NULL),(27448,1234,142,110,6300,40800,596,1,1,7,0.00,0.00,'2021-02-08 18:17:14','2021-02-08 18:17:14',4,NULL),(27449,1234,142,110,6300,40800,801,1,1,7,0.00,0.00,'2021-02-08 18:17:14','2021-02-08 18:17:14',4,NULL),(27450,1234,142,110,6300,40800,596,1,1,8,0.00,0.00,'2021-02-08 18:17:14','2021-02-08 18:17:14',4,NULL),(27451,1234,142,110,6300,40800,801,1,1,8,0.00,0.00,'2021-02-08 18:17:14','2021-02-08 18:17:14',4,NULL),(27452,1234,142,110,6300,40800,596,1,1,6,0.00,0.00,'2021-02-08 18:17:14','2021-02-08 18:17:14',4,NULL),(27453,1234,142,110,6300,40800,1,10,2,3,0.00,0.00,'2021-02-08 18:17:14','2021-02-08 18:17:14',5,NULL),(27454,1234,142,110,6300,40800,1,6,2,3,0.00,0.00,'2021-02-08 18:17:14','2021-02-08 18:17:14',5,NULL),(27455,1234,142,110,6300,40800,1,14,2,3,0.00,0.00,'2021-02-08 18:17:14','2021-02-08 18:17:14',5,NULL),(27456,1234,142,110,6300,40800,1,3,2,3,0.00,0.00,'2021-02-08 18:17:14','2021-02-08 18:17:14',5,NULL),(27457,1234,142,110,6300,40800,1,11,2,3,0.00,0.00,'2021-02-08 18:17:14','2021-02-08 18:17:14',5,NULL),(27458,1234,142,110,6300,40800,1,7,2,3,0.00,0.00,'2021-02-08 18:17:14','2021-02-08 18:17:14',5,NULL),(27459,1234,142,110,6300,40800,1,4,2,3,0.00,0.00,'2021-02-08 18:17:14','2021-02-08 18:17:14',5,NULL),(27460,1234,142,110,6300,40800,1,12,2,3,0.00,0.00,'2021-02-08 18:17:14','2021-02-08 18:17:14',5,NULL);
INSERT INTO `period_liquidation_iva_details` VALUES (27461,1234,142,110,6300,40800,1,8,2,3,0.00,0.00,'2021-02-08 18:17:14','2021-02-08 18:17:14',5,NULL),(27462,1234,142,110,6300,40800,1,1,2,3,0.00,0.00,'2021-02-08 18:17:14','2021-02-08 18:17:14',5,NULL),(27463,1234,142,110,6300,40800,1,5,2,3,0.00,0.00,'2021-02-08 18:17:14','2021-02-08 18:17:14',5,NULL),(27464,1234,142,110,6300,40800,1,13,2,3,0.00,0.00,'2021-02-08 18:17:14','2021-02-08 18:17:14',5,NULL),(27465,1234,142,110,6300,40800,1,9,2,3,0.00,0.00,'2021-02-08 18:17:14','2021-02-08 18:17:14',5,NULL),(27466,1234,142,110,6300,40800,1,2,2,3,0.00,0.00,'2021-02-08 18:17:14','2021-02-08 18:17:14',5,NULL),(27467,1234,142,110,6300,40800,1,11,2,2,0.00,0.00,'2021-02-08 18:17:14','2021-02-08 18:17:14',5,NULL),(27468,1234,142,110,6300,40800,1,7,2,2,0.00,0.00,'2021-02-08 18:17:14','2021-02-08 18:17:14',5,NULL),(27469,1234,142,110,6300,40800,1,4,2,2,0.00,0.00,'2021-02-08 18:17:14','2021-02-08 18:17:14',5,NULL),(27470,1234,142,110,6300,40800,1,12,2,2,0.00,0.00,'2021-02-08 18:17:14','2021-02-08 18:17:14',5,NULL),(27471,1234,142,110,6300,40800,1,8,2,2,0.00,0.00,'2021-02-08 18:17:14','2021-02-08 18:17:14',5,NULL),(27472,1234,142,110,6300,40800,1,1,2,2,0.00,0.00,'2021-02-08 18:17:14','2021-02-08 18:17:14',5,NULL),(27473,1234,142,110,6300,40800,1,5,2,2,0.00,0.00,'2021-02-08 18:17:14','2021-02-08 18:17:14',5,NULL),(27474,1234,142,110,6300,40800,1,13,2,2,0.00,0.00,'2021-02-08 18:17:14','2021-02-08 18:17:14',5,NULL),(27475,1234,142,110,6300,40800,1,9,2,2,0.00,0.00,'2021-02-08 18:17:14','2021-02-08 18:17:14',5,NULL),(27476,1234,142,110,6300,40800,1,2,2,2,0.00,0.00,'2021-02-08 18:17:14','2021-02-08 18:17:14',5,NULL),(27477,1234,142,110,6300,40800,1,10,2,2,0.00,0.00,'2021-02-08 18:17:14','2021-02-08 18:17:14',5,NULL),(27478,1234,142,110,6300,40800,1,6,2,2,0.00,0.00,'2021-02-08 18:17:14','2021-02-08 18:17:14',5,NULL),(27479,1234,142,110,6300,40800,1,14,2,2,0.00,0.00,'2021-02-08 18:17:14','2021-02-08 18:17:14',5,NULL),(27480,1234,142,110,6300,40800,1,3,2,2,0.00,0.00,'2021-02-08 18:17:14','2021-02-08 18:17:14',5,NULL),(27481,1234,142,110,6300,40800,1,12,2,1,0.00,0.00,'2021-02-08 18:17:14','2021-02-08 18:17:14',5,NULL),(27482,1234,142,110,6300,40800,1,8,2,1,0.00,0.00,'2021-02-08 18:17:14','2021-02-08 18:17:14',5,NULL),(27483,1234,142,110,6300,40800,1,1,2,1,0.00,0.00,'2021-02-08 18:17:14','2021-02-08 18:17:14',5,NULL),(27484,1234,142,110,6300,40800,1,5,2,1,0.00,0.00,'2021-02-08 18:17:14','2021-02-08 18:17:14',5,NULL),(27485,1234,142,110,6300,40800,1,13,2,1,0.00,0.00,'2021-02-08 18:17:14','2021-02-08 18:17:14',5,NULL),(27486,1234,142,110,6300,40800,1,9,2,1,0.00,0.00,'2021-02-08 18:17:14','2021-02-08 18:17:14',5,NULL),(27487,1234,142,110,6300,40800,1,2,2,1,0.00,0.00,'2021-02-08 18:17:14','2021-02-08 18:17:14',5,NULL),(27488,1234,142,110,6300,40800,1,10,2,1,0.00,0.00,'2021-02-08 18:17:14','2021-02-08 18:17:14',5,NULL),(27489,1234,142,110,6300,40800,1,6,2,1,0.00,0.00,'2021-02-08 18:17:14','2021-02-08 18:17:14',5,NULL),(27490,1234,142,110,6300,40800,1,14,2,1,0.00,0.00,'2021-02-08 18:17:14','2021-02-08 18:17:14',5,NULL),(27491,1234,142,110,6300,40800,1,3,2,1,0.00,0.00,'2021-02-08 18:17:14','2021-02-08 18:17:14',5,NULL),(27492,1234,142,110,6300,40800,1,11,2,1,0.00,0.00,'2021-02-08 18:17:14','2021-02-08 18:17:14',5,NULL),(27493,1234,142,110,6300,40800,1,7,2,1,0.00,0.00,'2021-02-08 18:17:14','2021-02-08 18:17:14',5,NULL),(27494,1234,142,110,6300,40800,1,4,2,1,0.00,0.00,'2021-02-08 18:17:14','2021-02-08 18:17:14',5,NULL),(27495,1234,142,110,6300,40800,1,4,2,5,0.00,0.00,'2021-02-08 18:17:14','2021-02-08 18:17:14',5,NULL),(27496,1234,142,110,6300,40800,1,12,2,5,0.00,0.00,'2021-02-08 18:17:14','2021-02-08 18:17:14',5,NULL),(27497,1234,142,110,6300,40800,1,8,2,5,0.00,0.00,'2021-02-08 18:17:14','2021-02-08 18:17:14',5,NULL),(27498,1234,142,110,6300,40800,1,1,2,5,0.00,0.00,'2021-02-08 18:17:14','2021-02-08 18:17:14',5,NULL),(27499,1234,142,110,6300,40800,1,9,2,5,0.00,0.00,'2021-02-08 18:17:14','2021-02-08 18:17:14',5,NULL);
INSERT INTO `period_liquidation_iva_details` VALUES (27500,1234,142,110,6300,40800,1,5,2,5,0.00,0.00,'2021-02-08 18:17:14','2021-02-08 18:17:14',5,NULL),(27501,1234,142,110,6300,40800,1,13,2,5,0.00,0.00,'2021-02-08 18:17:14','2021-02-08 18:17:14',5,NULL),(27502,1234,142,110,6300,40800,1,2,2,5,0.00,0.00,'2021-02-08 18:17:14','2021-02-08 18:17:14',5,NULL),(27503,1234,142,110,6300,40800,1,10,2,5,0.00,0.00,'2021-02-08 18:17:14','2021-02-08 18:17:14',5,NULL),(27504,1234,142,110,6300,40800,1,6,2,5,0.00,0.00,'2021-02-08 18:17:14','2021-02-08 18:17:14',5,NULL),(27505,1234,142,110,6300,40800,1,14,2,5,0.00,0.00,'2021-02-08 18:17:14','2021-02-08 18:17:14',5,NULL),(27506,1234,142,110,6300,40800,1,3,2,5,0.00,0.00,'2021-02-08 18:17:14','2021-02-08 18:17:14',5,NULL),(27507,1234,142,110,6300,40800,1,11,2,5,0.00,0.00,'2021-02-08 18:17:14','2021-02-08 18:17:14',5,NULL),(27508,1234,142,110,6300,40800,1,7,2,5,0.00,0.00,'2021-02-08 18:17:14','2021-02-08 18:17:14',5,NULL),(27509,1234,142,110,6300,40800,1,9,2,4,0.00,0.00,'2021-02-08 18:17:14','2021-02-08 18:17:14',5,NULL),(27510,1234,142,110,6300,40800,1,5,2,4,0.00,0.00,'2021-02-08 18:17:14','2021-02-08 18:17:14',5,NULL),(27511,1234,142,110,6300,40800,1,13,2,4,0.00,0.00,'2021-02-08 18:17:14','2021-02-08 18:17:14',5,NULL),(27512,1234,142,110,6300,40800,1,2,2,4,0.00,0.00,'2021-02-08 18:17:14','2021-02-08 18:17:14',5,NULL),(27513,1234,142,110,6300,40800,1,10,2,4,0.00,0.00,'2021-02-08 18:17:14','2021-02-08 18:17:14',5,NULL),(27514,1234,142,110,6300,40800,1,6,2,4,0.00,0.00,'2021-02-08 18:17:14','2021-02-08 18:17:14',5,NULL),(27515,1234,142,110,6300,40800,1,14,2,4,0.00,0.00,'2021-02-08 18:17:14','2021-02-08 18:17:14',5,NULL),(27516,1234,142,110,6300,40800,1,3,2,4,0.00,0.00,'2021-02-08 18:17:14','2021-02-08 18:17:14',5,NULL),(27517,1234,142,110,6300,40800,1,11,2,4,0.00,0.00,'2021-02-08 18:17:14','2021-02-08 18:17:14',5,NULL),(27518,1234,142,110,6300,40800,1,7,2,4,0.00,0.00,'2021-02-08 18:17:14','2021-02-08 18:17:14',5,NULL),(27519,1234,142,110,6300,40800,1,4,2,4,0.00,0.00,'2021-02-08 18:17:14','2021-02-08 18:17:14',5,NULL),(27520,1234,142,110,6300,40800,1,12,2,4,0.00,0.00,'2021-02-08 18:17:14','2021-02-08 18:17:14',5,NULL),(27521,1234,142,110,6300,40800,1,8,2,4,0.00,0.00,'2021-02-08 18:17:14','2021-02-08 18:17:14',5,NULL),(27522,1234,142,110,6300,40800,1,1,2,4,0.00,0.00,'2021-02-08 18:17:14','2021-02-08 18:17:14',5,NULL),(27523,1234,142,110,6300,40800,1,3,2,6,0.00,0.00,'2021-02-08 18:17:14','2021-02-08 18:17:14',5,NULL),(27524,1234,142,110,6300,40800,1,2,2,7,0.00,0.00,'2021-02-08 18:17:14','2021-02-08 18:17:14',5,NULL),(27525,1234,142,110,6300,40800,1,1,2,8,0.00,0.00,'2021-02-08 18:17:14','2021-02-08 18:17:14',5,NULL),(27526,1234,142,110,6300,40800,1,11,2,6,0.00,0.00,'2021-02-08 18:17:14','2021-02-08 18:17:14',5,NULL),(27527,1234,142,110,6300,40800,1,7,2,6,0.00,0.00,'2021-02-08 18:17:14','2021-02-08 18:17:14',5,NULL),(27528,1234,142,110,6300,40800,1,10,2,7,0.00,0.00,'2021-02-08 18:17:14','2021-02-08 18:17:14',5,NULL),(27529,1234,142,110,6300,40800,1,6,2,7,0.00,0.00,'2021-02-08 18:17:14','2021-02-08 18:17:14',5,NULL),(27530,1234,142,110,6300,40800,1,14,2,7,0.00,0.00,'2021-02-08 18:17:14','2021-02-08 18:17:14',5,NULL),(27531,1234,142,110,6300,40800,1,9,2,8,0.00,0.00,'2021-02-08 18:17:14','2021-02-08 18:17:14',5,NULL),(27532,1234,142,110,6300,40800,1,5,2,8,0.00,0.00,'2021-02-08 18:17:14','2021-02-08 18:17:14',5,NULL),(27533,1234,142,110,6300,40800,1,13,2,8,0.00,0.00,'2021-02-08 18:17:14','2021-02-08 18:17:14',5,NULL),(27534,1234,142,110,6300,40800,1,4,2,6,0.00,0.00,'2021-02-08 18:17:14','2021-02-08 18:17:14',5,NULL),(27535,1234,142,110,6300,40800,1,3,2,7,0.00,0.00,'2021-02-08 18:17:14','2021-02-08 18:17:14',5,NULL),(27536,1234,142,110,6300,40800,1,2,2,8,0.00,0.00,'2021-02-08 18:17:14','2021-02-08 18:17:14',5,NULL),(27537,1234,142,110,6300,40800,1,12,2,6,0.00,0.00,'2021-02-08 18:17:14','2021-02-08 18:17:14',5,NULL),(27538,1234,142,110,6300,40800,1,8,2,6,0.00,0.00,'2021-02-08 18:17:14','2021-02-08 18:17:14',5,NULL);
INSERT INTO `period_liquidation_iva_details` VALUES (27539,1234,142,110,6300,40800,1,11,2,7,0.00,0.00,'2021-02-08 18:17:14','2021-02-08 18:17:14',5,NULL),(27540,1234,142,110,6300,40800,1,7,2,7,0.00,0.00,'2021-02-08 18:17:14','2021-02-08 18:17:14',5,NULL),(27541,1234,142,110,6300,40800,1,10,2,8,0.00,0.00,'2021-02-08 18:17:14','2021-02-08 18:17:14',5,NULL),(27542,1234,142,110,6300,40800,1,6,2,8,0.00,0.00,'2021-02-08 18:17:14','2021-02-08 18:17:14',5,NULL),(27543,1234,142,110,6300,40800,1,14,2,8,0.00,0.00,'2021-02-08 18:17:14','2021-02-08 18:17:14',5,NULL),(27544,1234,142,110,6300,40800,1,1,2,6,0.00,0.00,'2021-02-08 18:17:14','2021-02-08 18:17:14',5,NULL),(27545,1234,142,110,6300,40800,1,4,2,7,0.00,0.00,'2021-02-08 18:17:14','2021-02-08 18:17:14',5,NULL),(27546,1234,142,110,6300,40800,1,3,2,8,0.00,0.00,'2021-02-08 18:17:14','2021-02-08 18:17:14',5,NULL),(27547,1234,142,110,6300,40800,1,9,2,6,0.00,0.00,'2021-02-08 18:17:14','2021-02-08 18:17:14',5,NULL),(27548,1234,142,110,6300,40800,1,5,2,6,0.00,0.00,'2021-02-08 18:17:14','2021-02-08 18:17:14',5,NULL),(27549,1234,142,110,6300,40800,1,13,2,6,0.00,0.00,'2021-02-08 18:17:14','2021-02-08 18:17:14',5,NULL),(27550,1234,142,110,6300,40800,1,12,2,7,0.00,0.00,'2021-02-08 18:17:14','2021-02-08 18:17:14',5,NULL),(27551,1234,142,110,6300,40800,1,8,2,7,0.00,0.00,'2021-02-08 18:17:14','2021-02-08 18:17:14',5,NULL),(27552,1234,142,110,6300,40800,1,11,2,8,0.00,0.00,'2021-02-08 18:17:14','2021-02-08 18:17:14',5,NULL),(27553,1234,142,110,6300,40800,1,7,2,8,0.00,0.00,'2021-02-08 18:17:14','2021-02-08 18:17:14',5,NULL),(27554,1234,142,110,6300,40800,1,2,2,6,0.00,0.00,'2021-02-08 18:17:14','2021-02-08 18:17:14',5,NULL),(27555,1234,142,110,6300,40800,1,1,2,7,0.00,0.00,'2021-02-08 18:17:14','2021-02-08 18:17:14',5,NULL),(27556,1234,142,110,6300,40800,1,4,2,8,0.00,0.00,'2021-02-08 18:17:14','2021-02-08 18:17:14',5,NULL),(27557,1234,142,110,6300,40800,1,10,2,6,0.00,0.00,'2021-02-08 18:17:14','2021-02-08 18:17:14',5,NULL),(27558,1234,142,110,6300,40800,1,6,2,6,0.00,0.00,'2021-02-08 18:17:14','2021-02-08 18:17:14',5,NULL),(27559,1234,142,110,6300,40800,1,14,2,6,0.00,0.00,'2021-02-08 18:17:14','2021-02-08 18:17:14',5,NULL),(27560,1234,142,110,6300,40800,1,9,2,7,0.00,0.00,'2021-02-08 18:17:14','2021-02-08 18:17:14',5,NULL),(27561,1234,142,110,6300,40800,1,5,2,7,0.00,0.00,'2021-02-08 18:17:14','2021-02-08 18:17:14',5,NULL),(27562,1234,142,110,6300,40800,1,13,2,7,0.00,0.00,'2021-02-08 18:17:14','2021-02-08 18:17:14',5,NULL),(27563,1234,142,110,6300,40800,1,12,2,8,0.00,0.00,'2021-02-08 18:17:14','2021-02-08 18:17:14',5,NULL),(27564,1234,142,110,6300,40800,1,8,2,8,0.00,0.00,'2021-02-08 18:17:14','2021-02-08 18:17:14',5,NULL),(27565,1234,142,110,6300,40800,1,14,2,3,0.00,0.00,'2021-02-08 18:17:14','2021-02-08 18:17:14',6,NULL),(27566,1234,142,110,6300,40800,1,1,2,3,0.00,0.00,'2021-02-08 18:17:14','2021-02-08 18:17:14',6,NULL),(27567,1234,142,110,6300,40800,1,4,2,3,0.00,0.00,'2021-02-08 18:17:14','2021-02-08 18:17:14',6,NULL),(27568,1234,142,110,6300,40800,1,7,2,3,0.00,0.00,'2021-02-08 18:17:14','2021-02-08 18:17:14',6,NULL),(27569,1234,142,110,6300,40800,1,10,2,3,0.00,0.00,'2021-02-08 18:17:14','2021-02-08 18:17:14',6,NULL),(27570,1234,142,110,6300,40800,1,13,2,3,0.00,0.00,'2021-02-08 18:17:14','2021-02-08 18:17:14',6,NULL),(27571,1234,142,110,6300,40800,1,3,2,3,0.00,0.00,'2021-02-08 18:17:14','2021-02-08 18:17:14',6,NULL),(27572,1234,142,110,6300,40800,1,6,2,3,0.00,0.00,'2021-02-08 18:17:14','2021-02-08 18:17:14',6,NULL),(27573,1234,142,110,6300,40800,1,9,2,3,0.00,0.00,'2021-02-08 18:17:14','2021-02-08 18:17:14',6,NULL),(27574,1234,142,110,6300,40800,1,12,2,3,0.00,0.00,'2021-02-08 18:17:14','2021-02-08 18:17:14',6,NULL),(27575,1234,142,110,6300,40800,1,2,2,3,0.00,0.00,'2021-02-08 18:17:14','2021-02-08 18:17:14',6,NULL),(27576,1234,142,110,6300,40800,1,5,2,3,0.00,0.00,'2021-02-08 18:17:14','2021-02-08 18:17:14',6,NULL),(27577,1234,142,110,6300,40800,1,8,2,3,0.00,0.00,'2021-02-08 18:17:14','2021-02-08 18:17:14',6,NULL);
INSERT INTO `period_liquidation_iva_details` VALUES (27578,1234,142,110,6300,40800,1,11,2,3,0.00,0.00,'2021-02-08 18:17:14','2021-02-08 18:17:14',6,NULL),(27579,1234,142,110,6300,40800,1,13,2,2,0.00,0.00,'2021-02-08 18:17:14','2021-02-08 18:17:14',6,NULL),(27580,1234,142,110,6300,40800,1,3,2,2,0.00,0.00,'2021-02-08 18:17:14','2021-02-08 18:17:14',6,NULL),(27581,1234,142,110,6300,40800,1,6,2,2,0.00,0.00,'2021-02-08 18:17:14','2021-02-08 18:17:14',6,NULL),(27582,1234,142,110,6300,40800,1,9,2,2,0.00,0.00,'2021-02-08 18:17:14','2021-02-08 18:17:14',6,NULL),(27583,1234,142,110,6300,40800,1,12,2,2,0.00,0.00,'2021-02-08 18:17:14','2021-02-08 18:17:14',6,NULL),(27584,1234,142,110,6300,40800,1,2,2,2,0.00,0.00,'2021-02-08 18:17:14','2021-02-08 18:17:14',6,NULL),(27585,1234,142,110,6300,40800,1,5,2,2,0.00,0.00,'2021-02-08 18:17:14','2021-02-08 18:17:14',6,NULL),(27586,1234,142,110,6300,40800,1,8,2,2,0.00,0.00,'2021-02-08 18:17:14','2021-02-08 18:17:14',6,NULL),(27587,1234,142,110,6300,40800,1,11,2,2,0.00,0.00,'2021-02-08 18:17:14','2021-02-08 18:17:14',6,NULL),(27588,1234,142,110,6300,40800,1,14,2,2,0.00,0.00,'2021-02-08 18:17:14','2021-02-08 18:17:14',6,NULL),(27589,1234,142,110,6300,40800,1,1,2,2,270820.32,56872.27,'2021-02-08 18:17:14','2021-02-08 18:17:14',6,NULL),(27590,1234,142,110,6300,40800,1,4,2,2,0.00,0.00,'2021-02-08 18:17:14','2021-02-08 18:17:14',6,NULL),(27591,1234,142,110,6300,40800,1,7,2,2,0.00,0.00,'2021-02-08 18:17:14','2021-02-08 18:17:14',6,NULL),(27592,1234,142,110,6300,40800,1,10,2,2,0.00,0.00,'2021-02-08 18:17:14','2021-02-08 18:17:14',6,NULL),(27593,1234,142,110,6300,40800,1,9,2,1,0.00,0.00,'2021-02-08 18:17:14','2021-02-08 18:17:14',6,NULL),(27594,1234,142,110,6300,40800,1,12,2,1,0.00,0.00,'2021-02-08 18:17:14','2021-02-08 18:17:14',6,NULL),(27595,1234,142,110,6300,40800,1,2,2,1,0.00,0.00,'2021-02-08 18:17:14','2021-02-08 18:17:14',6,NULL),(27596,1234,142,110,6300,40800,1,5,2,1,0.00,0.00,'2021-02-08 18:17:14','2021-02-08 18:17:14',6,NULL),(27597,1234,142,110,6300,40800,1,8,2,1,0.00,0.00,'2021-02-08 18:17:14','2021-02-08 18:17:14',6,NULL),(27598,1234,142,110,6300,40800,1,11,2,1,0.00,0.00,'2021-02-08 18:17:14','2021-02-08 18:17:14',6,NULL),(27599,1234,142,110,6300,40800,1,14,2,1,0.00,0.00,'2021-02-08 18:17:14','2021-02-08 18:17:14',6,NULL),(27600,1234,142,110,6300,40800,1,1,2,1,0.00,0.00,'2021-02-08 18:17:14','2021-02-08 18:17:14',6,NULL),(27601,1234,142,110,6300,40800,1,4,2,1,0.00,0.00,'2021-02-08 18:17:14','2021-02-08 18:17:14',6,NULL),(27602,1234,142,110,6300,40800,1,7,2,1,0.00,0.00,'2021-02-08 18:17:14','2021-02-08 18:17:14',6,NULL),(27603,1234,142,110,6300,40800,1,10,2,1,0.00,0.00,'2021-02-08 18:17:14','2021-02-08 18:17:14',6,NULL),(27604,1234,142,110,6300,40800,1,13,2,1,0.00,0.00,'2021-02-08 18:17:14','2021-02-08 18:17:14',6,NULL),(27605,1234,142,110,6300,40800,1,3,2,1,0.00,0.00,'2021-02-08 18:17:14','2021-02-08 18:17:14',6,NULL),(27606,1234,142,110,6300,40800,1,6,2,1,0.00,0.00,'2021-02-08 18:17:14','2021-02-08 18:17:14',6,NULL),(27607,1234,142,110,6300,40800,1,3,2,5,0.00,0.00,'2021-02-08 18:17:14','2021-02-08 18:17:14',6,NULL),(27608,1234,142,110,6300,40800,1,6,2,5,0.00,0.00,'2021-02-08 18:17:14','2021-02-08 18:17:14',6,NULL),(27609,1234,142,110,6300,40800,1,9,2,5,0.00,0.00,'2021-02-08 18:17:14','2021-02-08 18:17:14',6,NULL),(27610,1234,142,110,6300,40800,1,12,2,5,0.00,0.00,'2021-02-08 18:17:14','2021-02-08 18:17:14',6,NULL),(27611,1234,142,110,6300,40800,1,2,2,5,0.00,0.00,'2021-02-08 18:17:14','2021-02-08 18:17:14',6,NULL),(27612,1234,142,110,6300,40800,1,5,2,5,0.00,0.00,'2021-02-08 18:17:14','2021-02-08 18:17:14',6,NULL),(27613,1234,142,110,6300,40800,1,8,2,5,0.00,0.00,'2021-02-08 18:17:14','2021-02-08 18:17:14',6,NULL),(27614,1234,142,110,6300,40800,1,11,2,5,0.00,0.00,'2021-02-08 18:17:14','2021-02-08 18:17:14',6,NULL),(27615,1234,142,110,6300,40800,1,14,2,5,0.00,0.00,'2021-02-08 18:17:14','2021-02-08 18:17:14',6,NULL),(27616,1234,142,110,6300,40800,1,1,2,5,0.00,0.00,'2021-02-08 18:17:14','2021-02-08 18:17:14',6,NULL);
INSERT INTO `period_liquidation_iva_details` VALUES (27617,1234,142,110,6300,40800,1,4,2,5,0.00,0.00,'2021-02-08 18:17:14','2021-02-08 18:17:14',6,NULL),(27618,1234,142,110,6300,40800,1,7,2,5,0.00,0.00,'2021-02-08 18:17:14','2021-02-08 18:17:14',6,NULL),(27619,1234,142,110,6300,40800,1,10,2,5,0.00,0.00,'2021-02-08 18:17:14','2021-02-08 18:17:14',6,NULL),(27620,1234,142,110,6300,40800,1,13,2,5,0.00,0.00,'2021-02-08 18:17:14','2021-02-08 18:17:14',6,NULL),(27621,1234,142,110,6300,40800,1,2,2,4,0.00,0.00,'2021-02-08 18:17:14','2021-02-08 18:17:14',6,NULL),(27622,1234,142,110,6300,40800,1,5,2,4,0.00,0.00,'2021-02-08 18:17:14','2021-02-08 18:17:14',6,NULL),(27623,1234,142,110,6300,40800,1,8,2,4,0.00,0.00,'2021-02-08 18:17:14','2021-02-08 18:17:14',6,NULL),(27624,1234,142,110,6300,40800,1,11,2,4,0.00,0.00,'2021-02-08 18:17:14','2021-02-08 18:17:14',6,NULL),(27625,1234,142,110,6300,40800,1,14,2,4,0.00,0.00,'2021-02-08 18:17:14','2021-02-08 18:17:14',6,NULL),(27626,1234,142,110,6300,40800,1,1,2,4,0.00,0.00,'2021-02-08 18:17:14','2021-02-08 18:17:14',6,NULL),(27627,1234,142,110,6300,40800,1,4,2,4,0.00,0.00,'2021-02-08 18:17:14','2021-02-08 18:17:14',6,NULL),(27628,1234,142,110,6300,40800,1,7,2,4,0.00,0.00,'2021-02-08 18:17:14','2021-02-08 18:17:14',6,NULL),(27629,1234,142,110,6300,40800,1,10,2,4,0.00,0.00,'2021-02-08 18:17:14','2021-02-08 18:17:14',6,NULL),(27630,1234,142,110,6300,40800,1,13,2,4,0.00,0.00,'2021-02-08 18:17:14','2021-02-08 18:17:14',6,NULL),(27631,1234,142,110,6300,40800,1,3,2,4,0.00,0.00,'2021-02-08 18:17:14','2021-02-08 18:17:14',6,NULL),(27632,1234,142,110,6300,40800,1,6,2,4,0.00,0.00,'2021-02-08 18:17:14','2021-02-08 18:17:14',6,NULL),(27633,1234,142,110,6300,40800,1,9,2,4,0.00,0.00,'2021-02-08 18:17:14','2021-02-08 18:17:14',6,NULL),(27634,1234,142,110,6300,40800,1,12,2,4,0.00,0.00,'2021-02-08 18:17:14','2021-02-08 18:17:14',6,NULL),(27635,1234,142,110,6300,40800,1,7,2,8,0.00,0.00,'2021-02-08 18:17:14','2021-02-08 18:17:14',6,NULL),(27636,1234,142,110,6300,40800,1,10,2,8,0.00,0.00,'2021-02-08 18:17:14','2021-02-08 18:17:14',6,NULL),(27637,1234,142,110,6300,40800,1,13,2,8,0.00,0.00,'2021-02-08 18:17:14','2021-02-08 18:17:14',6,NULL),(27638,1234,142,110,6300,40800,1,3,2,8,0.00,0.00,'2021-02-08 18:17:14','2021-02-08 18:17:14',6,NULL),(27639,1234,142,110,6300,40800,1,6,2,8,0.00,0.00,'2021-02-08 18:17:14','2021-02-08 18:17:14',6,NULL),(27640,1234,142,110,6300,40800,1,9,2,8,0.00,0.00,'2021-02-08 18:17:14','2021-02-08 18:17:14',6,NULL),(27641,1234,142,110,6300,40800,1,12,2,8,0.00,0.00,'2021-02-08 18:17:14','2021-02-08 18:17:14',6,NULL),(27642,1234,142,110,6300,40800,1,2,2,8,0.00,0.00,'2021-02-08 18:17:14','2021-02-08 18:17:14',6,NULL),(27643,1234,142,110,6300,40800,1,5,2,8,0.00,0.00,'2021-02-08 18:17:14','2021-02-08 18:17:14',6,NULL),(27644,1234,142,110,6300,40800,1,8,2,8,0.00,0.00,'2021-02-08 18:17:14','2021-02-08 18:17:14',6,NULL),(27645,1234,142,110,6300,40800,1,11,2,8,0.00,0.00,'2021-02-08 18:17:14','2021-02-08 18:17:14',6,NULL),(27646,1234,142,110,6300,40800,1,14,2,8,0.00,0.00,'2021-02-08 18:17:14','2021-02-08 18:17:14',6,NULL),(27647,1234,142,110,6300,40800,1,1,2,8,0.00,0.00,'2021-02-08 18:17:14','2021-02-08 18:17:14',6,NULL),(27648,1234,142,110,6300,40800,1,4,2,8,0.00,0.00,'2021-02-08 18:17:14','2021-02-08 18:17:14',6,NULL),(27649,1234,142,110,6300,40800,1,5,2,6,0.00,0.00,'2021-02-08 18:17:14','2021-02-08 18:17:14',7,NULL),(27650,1234,142,110,6300,40800,1,1,2,7,0.00,0.00,'2021-02-08 18:17:14','2021-02-08 18:17:14',7,NULL),(27651,1234,142,110,6300,40800,1,14,2,6,0.00,0.00,'2021-02-08 18:17:14','2021-02-08 18:17:14',7,NULL),(27652,1234,142,110,6300,40800,1,10,2,7,0.00,0.00,'2021-02-08 18:17:14','2021-02-08 18:17:14',7,NULL),(27653,1234,142,110,6300,40800,1,7,2,6,0.00,0.00,'2021-02-08 18:17:14','2021-02-08 18:17:14',7,NULL),(27654,1234,142,110,6300,40800,1,3,2,7,0.00,0.00,'2021-02-08 18:17:14','2021-02-08 18:17:14',7,NULL),(27655,1234,142,110,6300,40800,1,12,2,7,0.00,0.00,'2021-02-08 18:17:14','2021-02-08 18:17:14',7,NULL);
INSERT INTO `period_liquidation_iva_details` VALUES (27656,1234,142,110,6300,40800,1,9,2,6,0.00,0.00,'2021-02-08 18:17:14','2021-02-08 18:17:14',7,NULL),(27657,1234,142,110,6300,40800,1,5,2,7,0.00,0.00,'2021-02-08 18:17:14','2021-02-08 18:17:14',7,NULL),(27658,1234,142,110,6300,40800,1,2,2,6,0.00,0.00,'2021-02-08 18:17:14','2021-02-08 18:17:14',7,NULL),(27659,1234,142,110,6300,40800,1,14,2,7,0.00,0.00,'2021-02-08 18:17:14','2021-02-08 18:17:14',7,NULL),(27660,1234,142,110,6300,40800,1,11,2,6,0.00,0.00,'2021-02-08 18:17:14','2021-02-08 18:17:14',7,NULL),(27661,1234,142,110,6300,40800,1,7,2,7,0.00,0.00,'2021-02-08 18:17:14','2021-02-08 18:17:14',7,NULL),(27662,1234,142,110,6300,40800,1,4,2,6,0.00,0.00,'2021-02-08 18:17:14','2021-02-08 18:17:14',7,NULL),(27663,1234,142,110,6300,40800,1,13,2,6,0.00,0.00,'2021-02-08 18:17:14','2021-02-08 18:17:14',7,NULL),(27664,1234,142,110,6300,40800,1,9,2,7,0.00,0.00,'2021-02-08 18:17:14','2021-02-08 18:17:14',7,NULL),(27665,1234,142,110,6300,40800,1,6,2,6,0.00,0.00,'2021-02-08 18:17:14','2021-02-08 18:17:14',7,NULL),(27666,1234,142,110,6300,40800,1,2,2,7,0.00,0.00,'2021-02-08 18:17:14','2021-02-08 18:17:14',7,NULL),(27667,1234,142,110,6300,40800,1,11,2,7,0.00,0.00,'2021-02-08 18:17:14','2021-02-08 18:17:14',7,NULL),(27668,1234,142,110,6300,40800,1,8,2,6,0.00,0.00,'2021-02-08 18:17:14','2021-02-08 18:17:14',7,NULL),(27669,1234,142,110,6300,40800,1,4,2,7,0.00,0.00,'2021-02-08 18:17:14','2021-02-08 18:17:14',7,NULL),(27670,1234,142,110,6300,40800,1,1,2,6,0.00,0.00,'2021-02-08 18:17:14','2021-02-08 18:17:14',7,NULL),(27671,1234,142,110,6300,40800,1,13,2,7,0.00,0.00,'2021-02-08 18:17:14','2021-02-08 18:17:14',7,NULL),(27672,1234,142,110,6300,40800,1,10,2,6,0.00,0.00,'2021-02-08 18:17:14','2021-02-08 18:17:14',7,NULL),(27673,1234,142,110,6300,40800,1,6,2,7,0.00,0.00,'2021-02-08 18:17:14','2021-02-08 18:17:14',7,NULL),(27674,1234,142,110,6300,40800,1,3,2,6,0.00,0.00,'2021-02-08 18:17:14','2021-02-08 18:17:14',7,NULL),(27675,1234,142,110,6300,40800,1,12,2,6,0.00,0.00,'2021-02-08 18:17:14','2021-02-08 18:17:14',7,NULL),(27676,1234,142,110,6300,40800,1,8,2,7,0.00,0.00,'2021-02-08 18:17:14','2021-02-08 18:17:14',7,NULL),(29645,1234,152,119,6195,40768,894,1,1,3,0.00,0.00,'2021-02-09 00:49:57','2021-02-09 00:49:57',1,NULL),(29646,1234,152,119,6195,40768,894,1,1,2,15000.00,3150.00,'2021-02-09 00:49:57','2021-02-09 00:49:57',1,NULL),(29647,1234,152,119,6195,40768,894,1,1,1,5785.78,607.51,'2021-02-09 00:49:57','2021-02-09 00:49:57',1,NULL),(29648,1234,152,119,6195,40768,894,1,1,5,0.00,0.00,'2021-02-09 00:49:57','2021-02-09 00:49:57',1,NULL),(29649,1234,152,119,6195,40768,894,1,1,4,0.00,0.00,'2021-02-09 00:49:57','2021-02-09 00:49:57',1,NULL),(29650,1234,152,119,6195,40768,894,1,1,8,0.00,0.00,'2021-02-09 00:49:57','2021-02-09 00:49:57',1,NULL),(29651,1234,152,119,6195,40768,894,1,1,3,0.00,0.00,'2021-02-09 00:49:57','2021-02-09 00:49:57',2,NULL),(29652,1234,152,119,6195,40768,894,1,1,2,0.00,0.00,'2021-02-09 00:49:57','2021-02-09 00:49:57',2,NULL),(29653,1234,152,119,6195,40768,894,1,1,1,0.00,0.00,'2021-02-09 00:49:57','2021-02-09 00:49:57',2,NULL),(29654,1234,152,119,6195,40768,894,1,1,5,0.00,0.00,'2021-02-09 00:49:57','2021-02-09 00:49:57',2,NULL),(29655,1234,152,119,6195,40768,894,1,1,4,0.00,0.00,'2021-02-09 00:49:57','2021-02-09 00:49:57',2,NULL),(29656,1234,152,119,6195,40768,894,1,1,8,570534.72,0.00,'2021-02-09 00:49:57','2021-02-09 00:49:57',2,NULL),(29657,1234,152,119,6195,40768,894,1,1,6,0.00,0.00,'2021-02-09 00:49:57','2021-02-09 00:49:57',3,NULL),(29658,1234,152,119,6195,40768,894,1,1,7,0.00,0.00,'2021-02-09 00:49:57','2021-02-09 00:49:57',3,NULL),(29659,1234,152,119,6195,40768,894,1,1,3,0.00,0.00,'2021-02-09 00:49:57','2021-02-09 00:49:57',4,NULL),(29660,1234,152,119,6195,40768,894,1,1,2,0.00,0.00,'2021-02-09 00:49:57','2021-02-09 00:49:57',4,NULL),(29661,1234,152,119,6195,40768,894,1,1,1,0.00,0.00,'2021-02-09 00:49:57','2021-02-09 00:49:57',4,NULL),(29662,1234,152,119,6195,40768,894,1,1,5,0.00,0.00,'2021-02-09 00:49:57','2021-02-09 00:49:57',4,NULL);
INSERT INTO `period_liquidation_iva_details` VALUES (29663,1234,152,119,6195,40768,894,1,1,4,0.00,0.00,'2021-02-09 00:49:57','2021-02-09 00:49:57',4,NULL),(29664,1234,152,119,6195,40768,894,1,1,6,0.00,0.00,'2021-02-09 00:49:57','2021-02-09 00:49:57',4,NULL),(29665,1234,152,119,6195,40768,894,1,1,7,0.00,0.00,'2021-02-09 00:49:57','2021-02-09 00:49:57',4,NULL),(29666,1234,152,119,6195,40768,894,1,1,8,0.00,0.00,'2021-02-09 00:49:57','2021-02-09 00:49:57',4,NULL),(29667,1234,152,119,6195,40768,1,3,2,3,0.00,0.00,'2021-02-09 00:49:57','2021-02-09 00:49:57',5,NULL),(29668,1234,152,119,6195,40768,1,12,2,3,0.00,0.00,'2021-02-09 00:49:57','2021-02-09 00:49:57',5,NULL),(29669,1234,152,119,6195,40768,1,8,2,3,0.00,0.00,'2021-02-09 00:49:57','2021-02-09 00:49:57',5,NULL),(29670,1234,152,119,6195,40768,1,4,2,3,0.00,0.00,'2021-02-09 00:49:57','2021-02-09 00:49:57',5,NULL),(29671,1234,152,119,6195,40768,1,5,2,3,0.00,0.00,'2021-02-09 00:49:57','2021-02-09 00:49:57',5,NULL),(29672,1234,152,119,6195,40768,1,13,2,3,0.00,0.00,'2021-02-09 00:49:57','2021-02-09 00:49:57',5,NULL),(29673,1234,152,119,6195,40768,1,9,2,3,0.00,0.00,'2021-02-09 00:49:57','2021-02-09 00:49:57',5,NULL),(29674,1234,152,119,6195,40768,1,1,2,3,0.00,0.00,'2021-02-09 00:49:57','2021-02-09 00:49:57',5,NULL),(29675,1234,152,119,6195,40768,1,6,2,3,0.00,0.00,'2021-02-09 00:49:57','2021-02-09 00:49:57',5,NULL),(29676,1234,152,119,6195,40768,1,14,2,3,0.00,0.00,'2021-02-09 00:49:57','2021-02-09 00:49:57',5,NULL),(29677,1234,152,119,6195,40768,1,10,2,3,0.00,0.00,'2021-02-09 00:49:57','2021-02-09 00:49:57',5,NULL),(29678,1234,152,119,6195,40768,1,2,2,3,0.00,0.00,'2021-02-09 00:49:57','2021-02-09 00:49:57',5,NULL),(29679,1234,152,119,6195,40768,1,11,2,3,0.00,0.00,'2021-02-09 00:49:57','2021-02-09 00:49:57',5,NULL),(29680,1234,152,119,6195,40768,1,7,2,3,0.00,0.00,'2021-02-09 00:49:57','2021-02-09 00:49:57',5,NULL),(29681,1234,152,119,6195,40768,1,5,2,2,0.00,0.00,'2021-02-09 00:49:57','2021-02-09 00:49:57',5,NULL),(29682,1234,152,119,6195,40768,1,13,2,2,0.00,0.00,'2021-02-09 00:49:57','2021-02-09 00:49:57',5,NULL),(29683,1234,152,119,6195,40768,1,9,2,2,0.00,0.00,'2021-02-09 00:49:57','2021-02-09 00:49:57',5,NULL),(29684,1234,152,119,6195,40768,1,1,2,2,0.00,0.00,'2021-02-09 00:49:57','2021-02-09 00:49:57',5,NULL),(29685,1234,152,119,6195,40768,1,6,2,2,0.00,0.00,'2021-02-09 00:49:57','2021-02-09 00:49:57',5,NULL),(29686,1234,152,119,6195,40768,1,14,2,2,0.00,0.00,'2021-02-09 00:49:57','2021-02-09 00:49:57',5,NULL),(29687,1234,152,119,6195,40768,1,10,2,2,0.00,0.00,'2021-02-09 00:49:57','2021-02-09 00:49:57',5,NULL),(29688,1234,152,119,6195,40768,1,2,2,2,0.00,0.00,'2021-02-09 00:49:57','2021-02-09 00:49:57',5,NULL),(29689,1234,152,119,6195,40768,1,7,2,2,0.00,0.00,'2021-02-09 00:49:57','2021-02-09 00:49:57',5,NULL),(29690,1234,152,119,6195,40768,1,11,2,2,0.00,0.00,'2021-02-09 00:49:57','2021-02-09 00:49:57',5,NULL),(29691,1234,152,119,6195,40768,1,3,2,2,0.00,0.00,'2021-02-09 00:49:57','2021-02-09 00:49:57',5,NULL),(29692,1234,152,119,6195,40768,1,12,2,2,0.00,0.00,'2021-02-09 00:49:57','2021-02-09 00:49:57',5,NULL),(29693,1234,152,119,6195,40768,1,8,2,2,0.00,0.00,'2021-02-09 00:49:57','2021-02-09 00:49:57',5,NULL),(29694,1234,152,119,6195,40768,1,4,2,2,0.00,0.00,'2021-02-09 00:49:57','2021-02-09 00:49:57',5,NULL),(29695,1234,152,119,6195,40768,1,6,2,1,0.00,0.00,'2021-02-09 00:49:57','2021-02-09 00:49:57',5,NULL),(29696,1234,152,119,6195,40768,1,14,2,1,0.00,0.00,'2021-02-09 00:49:57','2021-02-09 00:49:57',5,NULL),(29697,1234,152,119,6195,40768,1,10,2,1,0.00,0.00,'2021-02-09 00:49:57','2021-02-09 00:49:57',5,NULL),(29698,1234,152,119,6195,40768,1,2,2,1,0.00,0.00,'2021-02-09 00:49:57','2021-02-09 00:49:57',5,NULL),(29699,1234,152,119,6195,40768,1,7,2,1,0.00,0.00,'2021-02-09 00:49:57','2021-02-09 00:49:57',5,NULL),(29700,1234,152,119,6195,40768,1,11,2,1,0.00,0.00,'2021-02-09 00:49:57','2021-02-09 00:49:57',5,NULL),(29701,1234,152,119,6195,40768,1,3,2,1,0.00,0.00,'2021-02-09 00:49:57','2021-02-09 00:49:57',5,NULL);
INSERT INTO `period_liquidation_iva_details` VALUES (29702,1234,152,119,6195,40768,1,12,2,1,0.00,0.00,'2021-02-09 00:49:57','2021-02-09 00:49:57',5,NULL),(29703,1234,152,119,6195,40768,1,8,2,1,0.00,0.00,'2021-02-09 00:49:57','2021-02-09 00:49:57',5,NULL),(29704,1234,152,119,6195,40768,1,4,2,1,0.00,0.00,'2021-02-09 00:49:57','2021-02-09 00:49:57',5,NULL),(29705,1234,152,119,6195,40768,1,5,2,1,0.00,0.00,'2021-02-09 00:49:57','2021-02-09 00:49:57',5,NULL),(29706,1234,152,119,6195,40768,1,13,2,1,0.00,0.00,'2021-02-09 00:49:57','2021-02-09 00:49:57',5,NULL),(29707,1234,152,119,6195,40768,1,9,2,1,0.00,0.00,'2021-02-09 00:49:57','2021-02-09 00:49:57',5,NULL),(29708,1234,152,119,6195,40768,1,1,2,1,0.00,0.00,'2021-02-09 00:49:57','2021-02-09 00:49:57',5,NULL),(29709,1234,152,119,6195,40768,1,1,2,5,0.00,0.00,'2021-02-09 00:49:57','2021-02-09 00:49:57',5,NULL),(29710,1234,152,119,6195,40768,1,6,2,5,0.00,0.00,'2021-02-09 00:49:57','2021-02-09 00:49:57',5,NULL),(29711,1234,152,119,6195,40768,1,14,2,5,0.00,0.00,'2021-02-09 00:49:57','2021-02-09 00:49:57',5,NULL),(29712,1234,152,119,6195,40768,1,10,2,5,0.00,0.00,'2021-02-09 00:49:57','2021-02-09 00:49:57',5,NULL),(29713,1234,152,119,6195,40768,1,2,2,5,0.00,0.00,'2021-02-09 00:49:57','2021-02-09 00:49:57',5,NULL),(29714,1234,152,119,6195,40768,1,11,2,5,0.00,0.00,'2021-02-09 00:49:57','2021-02-09 00:49:57',5,NULL),(29715,1234,152,119,6195,40768,1,7,2,5,0.00,0.00,'2021-02-09 00:49:57','2021-02-09 00:49:57',5,NULL),(29716,1234,152,119,6195,40768,1,3,2,5,0.00,0.00,'2021-02-09 00:49:57','2021-02-09 00:49:57',5,NULL),(29717,1234,152,119,6195,40768,1,12,2,5,0.00,0.00,'2021-02-09 00:49:57','2021-02-09 00:49:57',5,NULL),(29718,1234,152,119,6195,40768,1,8,2,5,0.00,0.00,'2021-02-09 00:49:57','2021-02-09 00:49:57',5,NULL),(29719,1234,152,119,6195,40768,1,4,2,5,0.00,0.00,'2021-02-09 00:49:57','2021-02-09 00:49:57',5,NULL),(29720,1234,152,119,6195,40768,1,5,2,5,0.00,0.00,'2021-02-09 00:49:57','2021-02-09 00:49:57',5,NULL),(29721,1234,152,119,6195,40768,1,13,2,5,0.00,0.00,'2021-02-09 00:49:57','2021-02-09 00:49:57',5,NULL),(29722,1234,152,119,6195,40768,1,9,2,5,0.00,0.00,'2021-02-09 00:49:57','2021-02-09 00:49:57',5,NULL),(29723,1234,152,119,6195,40768,1,2,2,4,0.00,0.00,'2021-02-09 00:49:57','2021-02-09 00:49:57',5,NULL),(29724,1234,152,119,6195,40768,1,11,2,4,0.00,0.00,'2021-02-09 00:49:57','2021-02-09 00:49:57',5,NULL),(29725,1234,152,119,6195,40768,1,7,2,4,0.00,0.00,'2021-02-09 00:49:57','2021-02-09 00:49:57',5,NULL),(29726,1234,152,119,6195,40768,1,3,2,4,0.00,0.00,'2021-02-09 00:49:57','2021-02-09 00:49:57',5,NULL),(29727,1234,152,119,6195,40768,1,12,2,4,0.00,0.00,'2021-02-09 00:49:57','2021-02-09 00:49:57',5,NULL),(29728,1234,152,119,6195,40768,1,8,2,4,0.00,0.00,'2021-02-09 00:49:57','2021-02-09 00:49:57',5,NULL),(29729,1234,152,119,6195,40768,1,4,2,4,0.00,0.00,'2021-02-09 00:49:57','2021-02-09 00:49:57',5,NULL),(29730,1234,152,119,6195,40768,1,5,2,4,0.00,0.00,'2021-02-09 00:49:57','2021-02-09 00:49:57',5,NULL),(29731,1234,152,119,6195,40768,1,13,2,4,0.00,0.00,'2021-02-09 00:49:57','2021-02-09 00:49:57',5,NULL),(29732,1234,152,119,6195,40768,1,9,2,4,0.00,0.00,'2021-02-09 00:49:57','2021-02-09 00:49:57',5,NULL),(29733,1234,152,119,6195,40768,1,1,2,4,0.00,0.00,'2021-02-09 00:49:57','2021-02-09 00:49:57',5,NULL),(29734,1234,152,119,6195,40768,1,6,2,4,0.00,0.00,'2021-02-09 00:49:57','2021-02-09 00:49:57',5,NULL),(29735,1234,152,119,6195,40768,1,14,2,4,0.00,0.00,'2021-02-09 00:49:57','2021-02-09 00:49:57',5,NULL),(29736,1234,152,119,6195,40768,1,10,2,4,0.00,0.00,'2021-02-09 00:49:57','2021-02-09 00:49:57',5,NULL),(29737,1234,152,119,6195,40768,1,4,2,6,0.00,0.00,'2021-02-09 00:49:57','2021-02-09 00:49:57',5,NULL),(29738,1234,152,119,6195,40768,1,3,2,7,0.00,0.00,'2021-02-09 00:49:57','2021-02-09 00:49:57',5,NULL),(29739,1234,152,119,6195,40768,1,5,2,6,0.00,0.00,'2021-02-09 00:49:57','2021-02-09 00:49:57',5,NULL),(29740,1234,152,119,6195,40768,1,13,2,6,0.00,0.00,'2021-02-09 00:49:57','2021-02-09 00:49:57',5,NULL);
INSERT INTO `period_liquidation_iva_details` VALUES (29741,1234,152,119,6195,40768,1,2,2,8,0.00,0.00,'2021-02-09 00:49:57','2021-02-09 00:49:57',5,NULL),(29742,1234,152,119,6195,40768,1,9,2,6,0.00,0.00,'2021-02-09 00:49:57','2021-02-09 00:49:57',5,NULL),(29743,1234,152,119,6195,40768,1,12,2,7,0.00,0.00,'2021-02-09 00:49:57','2021-02-09 00:49:57',5,NULL),(29744,1234,152,119,6195,40768,1,8,2,7,0.00,0.00,'2021-02-09 00:49:57','2021-02-09 00:49:57',5,NULL),(29745,1234,152,119,6195,40768,1,11,2,8,0.00,0.00,'2021-02-09 00:49:57','2021-02-09 00:49:57',5,NULL),(29746,1234,152,119,6195,40768,1,7,2,8,0.00,0.00,'2021-02-09 00:49:57','2021-02-09 00:49:57',5,NULL),(29747,1234,152,119,6195,40768,1,1,2,6,0.00,0.00,'2021-02-09 00:49:57','2021-02-09 00:49:57',5,NULL),(29748,1234,152,119,6195,40768,1,4,2,7,0.00,0.00,'2021-02-09 00:49:57','2021-02-09 00:49:57',5,NULL),(29749,1234,152,119,6195,40768,1,6,2,6,0.00,0.00,'2021-02-09 00:49:57','2021-02-09 00:49:57',5,NULL),(29750,1234,152,119,6195,40768,1,14,2,6,0.00,0.00,'2021-02-09 00:49:57','2021-02-09 00:49:57',5,NULL),(29751,1234,152,119,6195,40768,1,3,2,8,0.00,0.00,'2021-02-09 00:49:57','2021-02-09 00:49:57',5,NULL),(29752,1234,152,119,6195,40768,1,10,2,6,0.00,0.00,'2021-02-09 00:49:57','2021-02-09 00:49:57',5,NULL),(29753,1234,152,119,6195,40768,1,5,2,7,0.00,0.00,'2021-02-09 00:49:57','2021-02-09 00:49:57',5,NULL),(29754,1234,152,119,6195,40768,1,13,2,7,0.00,0.00,'2021-02-09 00:49:57','2021-02-09 00:49:57',5,NULL),(29755,1234,152,119,6195,40768,1,9,2,7,0.00,0.00,'2021-02-09 00:49:57','2021-02-09 00:49:57',5,NULL),(29756,1234,152,119,6195,40768,1,12,2,8,0.00,0.00,'2021-02-09 00:49:57','2021-02-09 00:49:57',5,NULL),(29757,1234,152,119,6195,40768,1,8,2,8,0.00,0.00,'2021-02-09 00:49:57','2021-02-09 00:49:57',5,NULL),(29758,1234,152,119,6195,40768,1,2,2,6,0.00,0.00,'2021-02-09 00:49:57','2021-02-09 00:49:57',5,NULL),(29759,1234,152,119,6195,40768,1,1,2,7,0.00,0.00,'2021-02-09 00:49:57','2021-02-09 00:49:57',5,NULL),(29760,1234,152,119,6195,40768,1,11,2,6,0.00,0.00,'2021-02-09 00:49:57','2021-02-09 00:49:57',5,NULL),(29761,1234,152,119,6195,40768,1,7,2,6,0.00,0.00,'2021-02-09 00:49:57','2021-02-09 00:49:57',5,NULL),(29762,1234,152,119,6195,40768,1,4,2,8,0.00,0.00,'2021-02-09 00:49:57','2021-02-09 00:49:57',5,NULL),(29763,1234,152,119,6195,40768,1,6,2,7,0.00,0.00,'2021-02-09 00:49:57','2021-02-09 00:49:57',5,NULL),(29764,1234,152,119,6195,40768,1,14,2,7,0.00,0.00,'2021-02-09 00:49:57','2021-02-09 00:49:57',5,NULL),(29765,1234,152,119,6195,40768,1,10,2,7,0.00,0.00,'2021-02-09 00:49:57','2021-02-09 00:49:57',5,NULL),(29766,1234,152,119,6195,40768,1,5,2,8,0.00,0.00,'2021-02-09 00:49:57','2021-02-09 00:49:57',5,NULL),(29767,1234,152,119,6195,40768,1,13,2,8,0.00,0.00,'2021-02-09 00:49:57','2021-02-09 00:49:57',5,NULL),(29768,1234,152,119,6195,40768,1,9,2,8,0.00,0.00,'2021-02-09 00:49:57','2021-02-09 00:49:57',5,NULL),(29769,1234,152,119,6195,40768,1,3,2,6,0.00,0.00,'2021-02-09 00:49:57','2021-02-09 00:49:57',5,NULL),(29770,1234,152,119,6195,40768,1,2,2,7,0.00,0.00,'2021-02-09 00:49:57','2021-02-09 00:49:57',5,NULL),(29771,1234,152,119,6195,40768,1,12,2,6,0.00,0.00,'2021-02-09 00:49:57','2021-02-09 00:49:57',5,NULL),(29772,1234,152,119,6195,40768,1,1,2,8,0.00,0.00,'2021-02-09 00:49:57','2021-02-09 00:49:57',5,NULL),(29773,1234,152,119,6195,40768,1,8,2,6,0.00,0.00,'2021-02-09 00:49:57','2021-02-09 00:49:57',5,NULL),(29774,1234,152,119,6195,40768,1,11,2,7,0.00,0.00,'2021-02-09 00:49:57','2021-02-09 00:49:57',5,NULL),(29775,1234,152,119,6195,40768,1,7,2,7,0.00,0.00,'2021-02-09 00:49:57','2021-02-09 00:49:57',5,NULL),(29776,1234,152,119,6195,40768,1,6,2,8,0.00,0.00,'2021-02-09 00:49:57','2021-02-09 00:49:57',5,NULL),(29777,1234,152,119,6195,40768,1,14,2,8,0.00,0.00,'2021-02-09 00:49:57','2021-02-09 00:49:57',5,NULL),(29778,1234,152,119,6195,40768,1,10,2,8,0.00,0.00,'2021-02-09 00:49:57','2021-02-09 00:49:57',5,NULL),(29779,1234,152,119,6195,40768,1,7,2,3,0.00,0.00,'2021-02-09 00:49:57','2021-02-09 00:49:57',6,NULL);
INSERT INTO `period_liquidation_iva_details` VALUES (29780,1234,152,119,6195,40768,1,10,2,3,0.00,0.00,'2021-02-09 00:49:57','2021-02-09 00:49:57',6,NULL),(29781,1234,152,119,6195,40768,1,13,2,3,0.00,0.00,'2021-02-09 00:49:57','2021-02-09 00:49:57',6,NULL),(29782,1234,152,119,6195,40768,1,3,2,3,0.00,0.00,'2021-02-09 00:49:57','2021-02-09 00:49:57',6,NULL),(29783,1234,152,119,6195,40768,1,6,2,3,0.00,0.00,'2021-02-09 00:49:57','2021-02-09 00:49:57',6,NULL),(29784,1234,152,119,6195,40768,1,9,2,3,0.00,0.00,'2021-02-09 00:49:57','2021-02-09 00:49:57',6,NULL),(29785,1234,152,119,6195,40768,1,12,2,3,0.00,0.00,'2021-02-09 00:49:57','2021-02-09 00:49:57',6,NULL),(29786,1234,152,119,6195,40768,1,2,2,3,0.00,0.00,'2021-02-09 00:49:57','2021-02-09 00:49:57',6,NULL),(29787,1234,152,119,6195,40768,1,5,2,3,0.00,0.00,'2021-02-09 00:49:57','2021-02-09 00:49:57',6,NULL),(29788,1234,152,119,6195,40768,1,8,2,3,0.00,0.00,'2021-02-09 00:49:57','2021-02-09 00:49:57',6,NULL),(29789,1234,152,119,6195,40768,1,11,2,3,0.00,0.00,'2021-02-09 00:49:57','2021-02-09 00:49:57',6,NULL),(29790,1234,152,119,6195,40768,1,14,2,3,0.00,0.00,'2021-02-09 00:49:57','2021-02-09 00:49:57',6,NULL),(29791,1234,152,119,6195,40768,1,1,2,3,0.00,0.00,'2021-02-09 00:49:57','2021-02-09 00:49:57',6,NULL),(29792,1234,152,119,6195,40768,1,4,2,3,0.00,0.00,'2021-02-09 00:49:57','2021-02-09 00:49:57',6,NULL),(29793,1234,152,119,6195,40768,1,6,2,2,0.00,0.00,'2021-02-09 00:49:57','2021-02-09 00:49:57',6,NULL),(29794,1234,152,119,6195,40768,1,9,2,2,0.00,0.00,'2021-02-09 00:49:57','2021-02-09 00:49:57',6,NULL),(29795,1234,152,119,6195,40768,1,12,2,2,0.00,0.00,'2021-02-09 00:49:57','2021-02-09 00:49:57',6,NULL),(29796,1234,152,119,6195,40768,1,2,2,2,0.00,0.00,'2021-02-09 00:49:57','2021-02-09 00:49:57',6,NULL),(29797,1234,152,119,6195,40768,1,5,2,2,0.00,0.00,'2021-02-09 00:49:57','2021-02-09 00:49:57',6,NULL),(29798,1234,152,119,6195,40768,1,8,2,2,0.00,0.00,'2021-02-09 00:49:57','2021-02-09 00:49:57',6,NULL),(29799,1234,152,119,6195,40768,1,11,2,2,0.00,0.00,'2021-02-09 00:49:57','2021-02-09 00:49:57',6,NULL),(29800,1234,152,119,6195,40768,1,14,2,2,0.00,0.00,'2021-02-09 00:49:57','2021-02-09 00:49:57',6,NULL),(29801,1234,152,119,6195,40768,1,1,2,2,19583.30,4112.49,'2021-02-09 00:49:57','2021-02-09 00:49:57',6,NULL),(29802,1234,152,119,6195,40768,1,4,2,2,0.00,0.00,'2021-02-09 00:49:57','2021-02-09 00:49:57',6,NULL),(29803,1234,152,119,6195,40768,1,7,2,2,0.00,0.00,'2021-02-09 00:49:57','2021-02-09 00:49:57',6,NULL),(29804,1234,152,119,6195,40768,1,10,2,2,0.00,0.00,'2021-02-09 00:49:57','2021-02-09 00:49:57',6,NULL),(29805,1234,152,119,6195,40768,1,13,2,2,0.00,0.00,'2021-02-09 00:49:57','2021-02-09 00:49:57',6,NULL),(29806,1234,152,119,6195,40768,1,3,2,2,0.00,0.00,'2021-02-09 00:49:57','2021-02-09 00:49:57',6,NULL),(29807,1234,152,119,6195,40768,1,2,2,1,0.00,0.00,'2021-02-09 00:49:57','2021-02-09 00:49:57',6,NULL),(29808,1234,152,119,6195,40768,1,5,2,1,0.00,0.00,'2021-02-09 00:49:57','2021-02-09 00:49:57',6,NULL),(29809,1234,152,119,6195,40768,1,8,2,1,0.00,0.00,'2021-02-09 00:49:57','2021-02-09 00:49:57',6,NULL),(29810,1234,152,119,6195,40768,1,11,2,1,0.00,0.00,'2021-02-09 00:49:57','2021-02-09 00:49:57',6,NULL),(29811,1234,152,119,6195,40768,1,14,2,1,0.00,0.00,'2021-02-09 00:49:57','2021-02-09 00:49:57',6,NULL),(29812,1234,152,119,6195,40768,1,1,2,1,0.00,0.00,'2021-02-09 00:49:57','2021-02-09 00:49:57',6,NULL),(29813,1234,152,119,6195,40768,1,4,2,1,0.00,0.00,'2021-02-09 00:49:57','2021-02-09 00:49:57',6,NULL),(29814,1234,152,119,6195,40768,1,7,2,1,0.00,0.00,'2021-02-09 00:49:57','2021-02-09 00:49:57',6,NULL),(29815,1234,152,119,6195,40768,1,10,2,1,0.00,0.00,'2021-02-09 00:49:57','2021-02-09 00:49:57',6,NULL),(29816,1234,152,119,6195,40768,1,13,2,1,0.00,0.00,'2021-02-09 00:49:57','2021-02-09 00:49:57',6,NULL),(29817,1234,152,119,6195,40768,1,3,2,1,0.00,0.00,'2021-02-09 00:49:57','2021-02-09 00:49:57',6,NULL),(29818,1234,152,119,6195,40768,1,6,2,1,0.00,0.00,'2021-02-09 00:49:57','2021-02-09 00:49:57',6,NULL);
INSERT INTO `period_liquidation_iva_details` VALUES (29819,1234,152,119,6195,40768,1,9,2,1,0.00,0.00,'2021-02-09 00:49:57','2021-02-09 00:49:57',6,NULL),(29820,1234,152,119,6195,40768,1,12,2,1,0.00,0.00,'2021-02-09 00:49:57','2021-02-09 00:49:57',6,NULL),(29821,1234,152,119,6195,40768,1,12,2,5,0.00,0.00,'2021-02-09 00:49:57','2021-02-09 00:49:57',6,NULL),(29822,1234,152,119,6195,40768,1,2,2,5,0.00,0.00,'2021-02-09 00:49:57','2021-02-09 00:49:57',6,NULL),(29823,1234,152,119,6195,40768,1,5,2,5,0.00,0.00,'2021-02-09 00:49:57','2021-02-09 00:49:57',6,NULL),(29824,1234,152,119,6195,40768,1,8,2,5,0.00,0.00,'2021-02-09 00:49:57','2021-02-09 00:49:57',6,NULL),(29825,1234,152,119,6195,40768,1,11,2,5,0.00,0.00,'2021-02-09 00:49:57','2021-02-09 00:49:57',6,NULL),(29826,1234,152,119,6195,40768,1,14,2,5,0.00,0.00,'2021-02-09 00:49:57','2021-02-09 00:49:57',6,NULL),(29827,1234,152,119,6195,40768,1,1,2,5,0.00,0.00,'2021-02-09 00:49:57','2021-02-09 00:49:57',6,NULL),(29828,1234,152,119,6195,40768,1,4,2,5,0.00,0.00,'2021-02-09 00:49:57','2021-02-09 00:49:57',6,NULL),(29829,1234,152,119,6195,40768,1,7,2,5,0.00,0.00,'2021-02-09 00:49:57','2021-02-09 00:49:57',6,NULL),(29830,1234,152,119,6195,40768,1,10,2,5,0.00,0.00,'2021-02-09 00:49:57','2021-02-09 00:49:57',6,NULL),(29831,1234,152,119,6195,40768,1,13,2,5,0.00,0.00,'2021-02-09 00:49:57','2021-02-09 00:49:57',6,NULL),(29832,1234,152,119,6195,40768,1,3,2,5,0.00,0.00,'2021-02-09 00:49:57','2021-02-09 00:49:57',6,NULL),(29833,1234,152,119,6195,40768,1,6,2,5,0.00,0.00,'2021-02-09 00:49:57','2021-02-09 00:49:57',6,NULL),(29834,1234,152,119,6195,40768,1,9,2,5,0.00,0.00,'2021-02-09 00:49:57','2021-02-09 00:49:57',6,NULL),(29835,1234,152,119,6195,40768,1,11,2,4,0.00,0.00,'2021-02-09 00:49:57','2021-02-09 00:49:57',6,NULL),(29836,1234,152,119,6195,40768,1,14,2,4,0.00,0.00,'2021-02-09 00:49:57','2021-02-09 00:49:57',6,NULL),(29837,1234,152,119,6195,40768,1,1,2,4,0.00,0.00,'2021-02-09 00:49:57','2021-02-09 00:49:57',6,NULL),(29838,1234,152,119,6195,40768,1,4,2,4,0.00,0.00,'2021-02-09 00:49:57','2021-02-09 00:49:57',6,NULL),(29839,1234,152,119,6195,40768,1,7,2,4,0.00,0.00,'2021-02-09 00:49:57','2021-02-09 00:49:57',6,NULL),(29840,1234,152,119,6195,40768,1,10,2,4,0.00,0.00,'2021-02-09 00:49:57','2021-02-09 00:49:57',6,NULL),(29841,1234,152,119,6195,40768,1,13,2,4,0.00,0.00,'2021-02-09 00:49:57','2021-02-09 00:49:57',6,NULL),(29842,1234,152,119,6195,40768,1,3,2,4,0.00,0.00,'2021-02-09 00:49:57','2021-02-09 00:49:57',6,NULL),(29843,1234,152,119,6195,40768,1,6,2,4,0.00,0.00,'2021-02-09 00:49:57','2021-02-09 00:49:57',6,NULL),(29844,1234,152,119,6195,40768,1,9,2,4,0.00,0.00,'2021-02-09 00:49:57','2021-02-09 00:49:57',6,NULL),(29845,1234,152,119,6195,40768,1,12,2,4,0.00,0.00,'2021-02-09 00:49:57','2021-02-09 00:49:57',6,NULL),(29846,1234,152,119,6195,40768,1,2,2,4,0.00,0.00,'2021-02-09 00:49:57','2021-02-09 00:49:57',6,NULL),(29847,1234,152,119,6195,40768,1,5,2,4,0.00,0.00,'2021-02-09 00:49:57','2021-02-09 00:49:57',6,NULL),(29848,1234,152,119,6195,40768,1,8,2,4,0.00,0.00,'2021-02-09 00:49:57','2021-02-09 00:49:57',6,NULL),(29849,1234,152,119,6195,40768,1,3,2,8,0.00,0.00,'2021-02-09 00:49:57','2021-02-09 00:49:57',6,NULL),(29850,1234,152,119,6195,40768,1,6,2,8,0.00,0.00,'2021-02-09 00:49:57','2021-02-09 00:49:57',6,NULL),(29851,1234,152,119,6195,40768,1,9,2,8,0.00,0.00,'2021-02-09 00:49:57','2021-02-09 00:49:57',6,NULL),(29852,1234,152,119,6195,40768,1,12,2,8,0.00,0.00,'2021-02-09 00:49:57','2021-02-09 00:49:57',6,NULL),(29853,1234,152,119,6195,40768,1,2,2,8,0.00,0.00,'2021-02-09 00:49:57','2021-02-09 00:49:57',6,NULL),(29854,1234,152,119,6195,40768,1,5,2,8,0.00,0.00,'2021-02-09 00:49:57','2021-02-09 00:49:57',6,NULL),(29855,1234,152,119,6195,40768,1,8,2,8,0.00,0.00,'2021-02-09 00:49:57','2021-02-09 00:49:57',6,NULL),(29856,1234,152,119,6195,40768,1,11,2,8,0.00,0.00,'2021-02-09 00:49:57','2021-02-09 00:49:57',6,NULL),(29857,1234,152,119,6195,40768,1,14,2,8,0.00,0.00,'2021-02-09 00:49:57','2021-02-09 00:49:57',6,NULL);
INSERT INTO `period_liquidation_iva_details` VALUES (29858,1234,152,119,6195,40768,1,1,2,8,29335.23,0.00,'2021-02-09 00:49:57','2021-02-09 00:49:57',6,NULL),(29859,1234,152,119,6195,40768,1,4,2,8,0.00,0.00,'2021-02-09 00:49:57','2021-02-09 00:49:57',6,NULL),(29860,1234,152,119,6195,40768,1,7,2,8,0.00,0.00,'2021-02-09 00:49:57','2021-02-09 00:49:57',6,NULL),(29861,1234,152,119,6195,40768,1,10,2,8,0.00,0.00,'2021-02-09 00:49:57','2021-02-09 00:49:57',6,NULL),(29862,1234,152,119,6195,40768,1,13,2,8,0.00,0.00,'2021-02-09 00:49:57','2021-02-09 00:49:57',6,NULL),(29863,1234,152,119,6195,40768,1,13,2,6,0.00,0.00,'2021-02-09 00:49:57','2021-02-09 00:49:57',7,NULL),(29864,1234,152,119,6195,40768,1,9,2,7,0.00,0.00,'2021-02-09 00:49:57','2021-02-09 00:49:57',7,NULL),(29865,1234,152,119,6195,40768,1,6,2,6,0.00,0.00,'2021-02-09 00:49:57','2021-02-09 00:49:57',7,NULL),(29866,1234,152,119,6195,40768,1,2,2,7,0.00,0.00,'2021-02-09 00:49:57','2021-02-09 00:49:57',7,NULL),(29867,1234,152,119,6195,40768,1,11,2,7,0.00,0.00,'2021-02-09 00:49:57','2021-02-09 00:49:57',7,NULL),(29868,1234,152,119,6195,40768,1,8,2,6,0.00,0.00,'2021-02-09 00:49:57','2021-02-09 00:49:57',7,NULL),(29869,1234,152,119,6195,40768,1,4,2,7,0.00,0.00,'2021-02-09 00:49:57','2021-02-09 00:49:57',7,NULL),(29870,1234,152,119,6195,40768,1,1,2,6,0.00,0.00,'2021-02-09 00:49:57','2021-02-09 00:49:57',7,NULL),(29871,1234,152,119,6195,40768,1,13,2,7,0.00,0.00,'2021-02-09 00:49:57','2021-02-09 00:49:57',7,NULL),(29872,1234,152,119,6195,40768,1,10,2,6,0.00,0.00,'2021-02-09 00:49:57','2021-02-09 00:49:57',7,NULL),(29873,1234,152,119,6195,40768,1,6,2,7,0.00,0.00,'2021-02-09 00:49:57','2021-02-09 00:49:57',7,NULL),(29874,1234,152,119,6195,40768,1,3,2,6,0.00,0.00,'2021-02-09 00:49:57','2021-02-09 00:49:57',7,NULL),(29875,1234,152,119,6195,40768,1,12,2,6,0.00,0.00,'2021-02-09 00:49:57','2021-02-09 00:49:57',7,NULL),(29876,1234,152,119,6195,40768,1,8,2,7,0.00,0.00,'2021-02-09 00:49:57','2021-02-09 00:49:57',7,NULL),(29877,1234,152,119,6195,40768,1,5,2,6,0.00,0.00,'2021-02-09 00:49:57','2021-02-09 00:49:57',7,NULL),(29878,1234,152,119,6195,40768,1,1,2,7,1582.23,0.00,'2021-02-09 00:49:57','2021-02-09 00:49:57',7,NULL),(29879,1234,152,119,6195,40768,1,14,2,6,0.00,0.00,'2021-02-09 00:49:57','2021-02-09 00:49:57',7,NULL),(29880,1234,152,119,6195,40768,1,10,2,7,0.00,0.00,'2021-02-09 00:49:57','2021-02-09 00:49:57',7,NULL),(29881,1234,152,119,6195,40768,1,7,2,6,0.00,0.00,'2021-02-09 00:49:57','2021-02-09 00:49:57',7,NULL),(29882,1234,152,119,6195,40768,1,3,2,7,0.00,0.00,'2021-02-09 00:49:57','2021-02-09 00:49:57',7,NULL),(29883,1234,152,119,6195,40768,1,12,2,7,0.00,0.00,'2021-02-09 00:49:57','2021-02-09 00:49:57',7,NULL),(29884,1234,152,119,6195,40768,1,9,2,6,0.00,0.00,'2021-02-09 00:49:57','2021-02-09 00:49:57',7,NULL),(29885,1234,152,119,6195,40768,1,5,2,7,0.00,0.00,'2021-02-09 00:49:57','2021-02-09 00:49:57',7,NULL),(29886,1234,152,119,6195,40768,1,2,2,6,0.00,0.00,'2021-02-09 00:49:57','2021-02-09 00:49:57',7,NULL),(29887,1234,152,119,6195,40768,1,14,2,7,0.00,0.00,'2021-02-09 00:49:57','2021-02-09 00:49:57',7,NULL),(29888,1234,152,119,6195,40768,1,11,2,6,0.00,0.00,'2021-02-09 00:49:57','2021-02-09 00:49:57',7,NULL),(29889,1234,152,119,6195,40768,1,7,2,7,0.00,0.00,'2021-02-09 00:49:57','2021-02-09 00:49:57',7,NULL),(29890,1234,152,119,6195,40768,1,4,2,6,0.00,0.00,'2021-02-09 00:49:57','2021-02-09 00:49:57',7,NULL),(30159,1234,155,121,5963,40758,400,1,1,3,0.00,0.00,'2021-02-10 19:10:58','2021-02-10 19:10:58',1,NULL),(30160,1234,155,121,5963,40758,410,1,1,3,0.00,0.00,'2021-02-10 19:10:58','2021-02-10 19:10:58',1,NULL),(30161,1234,155,121,5963,40758,410,1,1,2,2292804.55,481488.96,'2021-02-10 19:10:58','2021-02-10 19:10:58',1,NULL),(30162,1234,155,121,5963,40758,400,1,1,2,0.00,0.00,'2021-02-10 19:10:58','2021-02-10 19:10:58',1,NULL),(30163,1234,155,121,5963,40758,410,1,1,1,0.00,0.00,'2021-02-10 19:10:58','2021-02-10 19:10:58',1,NULL),(30164,1234,155,121,5963,40758,400,1,1,1,0.00,0.00,'2021-02-10 19:10:58','2021-02-10 19:10:58',1,NULL);
INSERT INTO `period_liquidation_iva_details` VALUES (30165,1234,155,121,5963,40758,410,1,1,5,0.00,0.00,'2021-02-10 19:10:58','2021-02-10 19:10:58',1,NULL),(30166,1234,155,121,5963,40758,400,1,1,5,0.00,0.00,'2021-02-10 19:10:58','2021-02-10 19:10:58',1,NULL),(30167,1234,155,121,5963,40758,410,1,1,4,0.00,0.00,'2021-02-10 19:10:58','2021-02-10 19:10:58',1,NULL),(30168,1234,155,121,5963,40758,400,1,1,4,0.00,0.00,'2021-02-10 19:10:58','2021-02-10 19:10:58',1,NULL),(30169,1234,155,121,5963,40758,410,1,1,8,0.00,0.00,'2021-02-10 19:10:58','2021-02-10 19:10:58',1,NULL),(30170,1234,155,121,5963,40758,400,1,1,8,0.00,0.00,'2021-02-10 19:10:58','2021-02-10 19:10:58',1,NULL),(30171,1234,155,121,5963,40758,410,1,1,3,0.00,0.00,'2021-02-10 19:10:58','2021-02-10 19:10:58',2,NULL),(30172,1234,155,121,5963,40758,400,1,1,3,0.00,0.00,'2021-02-10 19:10:58','2021-02-10 19:10:58',2,NULL),(30173,1234,155,121,5963,40758,400,1,1,2,0.00,0.00,'2021-02-10 19:10:58','2021-02-10 19:10:58',2,NULL),(30174,1234,155,121,5963,40758,410,1,1,2,0.00,0.00,'2021-02-10 19:10:58','2021-02-10 19:10:58',2,NULL),(30175,1234,155,121,5963,40758,410,1,1,1,0.00,0.00,'2021-02-10 19:10:58','2021-02-10 19:10:58',2,NULL),(30176,1234,155,121,5963,40758,400,1,1,1,0.00,0.00,'2021-02-10 19:10:58','2021-02-10 19:10:58',2,NULL),(30177,1234,155,121,5963,40758,400,1,1,5,0.00,0.00,'2021-02-10 19:10:58','2021-02-10 19:10:58',2,NULL),(30178,1234,155,121,5963,40758,410,1,1,5,0.00,0.00,'2021-02-10 19:10:58','2021-02-10 19:10:58',2,NULL),(30179,1234,155,121,5963,40758,410,1,1,4,0.00,0.00,'2021-02-10 19:10:58','2021-02-10 19:10:58',2,NULL),(30180,1234,155,121,5963,40758,400,1,1,4,0.00,0.00,'2021-02-10 19:10:58','2021-02-10 19:10:58',2,NULL),(30181,1234,155,121,5963,40758,400,1,1,8,0.00,0.00,'2021-02-10 19:10:58','2021-02-10 19:10:58',2,NULL),(30182,1234,155,121,5963,40758,410,1,1,8,0.00,0.00,'2021-02-10 19:10:58','2021-02-10 19:10:58',2,NULL),(30183,1234,155,121,5963,40758,410,1,1,7,0.00,0.00,'2021-02-10 19:10:58','2021-02-10 19:10:58',3,NULL),(30184,1234,155,121,5963,40758,400,1,1,6,0.00,0.00,'2021-02-10 19:10:58','2021-02-10 19:10:58',3,NULL),(30185,1234,155,121,5963,40758,400,1,1,7,0.00,0.00,'2021-02-10 19:10:58','2021-02-10 19:10:58',3,NULL),(30186,1234,155,121,5963,40758,410,1,1,6,0.00,0.00,'2021-02-10 19:10:58','2021-02-10 19:10:58',3,NULL),(30187,1234,155,121,5963,40758,410,1,1,3,0.00,0.00,'2021-02-10 19:10:58','2021-02-10 19:10:58',4,NULL),(30188,1234,155,121,5963,40758,400,1,1,3,0.00,0.00,'2021-02-10 19:10:58','2021-02-10 19:10:58',4,NULL),(30189,1234,155,121,5963,40758,400,1,1,2,0.00,0.00,'2021-02-10 19:10:58','2021-02-10 19:10:58',4,NULL),(30190,1234,155,121,5963,40758,410,1,1,2,0.00,0.00,'2021-02-10 19:10:58','2021-02-10 19:10:58',4,NULL),(30191,1234,155,121,5963,40758,400,1,1,1,0.00,0.00,'2021-02-10 19:10:58','2021-02-10 19:10:58',4,NULL),(30192,1234,155,121,5963,40758,410,1,1,1,0.00,0.00,'2021-02-10 19:10:58','2021-02-10 19:10:58',4,NULL),(30193,1234,155,121,5963,40758,400,1,1,5,0.00,0.00,'2021-02-10 19:10:58','2021-02-10 19:10:58',4,NULL),(30194,1234,155,121,5963,40758,410,1,1,5,0.00,0.00,'2021-02-10 19:10:58','2021-02-10 19:10:58',4,NULL),(30195,1234,155,121,5963,40758,400,1,1,4,0.00,0.00,'2021-02-10 19:10:58','2021-02-10 19:10:58',4,NULL),(30196,1234,155,121,5963,40758,410,1,1,4,0.00,0.00,'2021-02-10 19:10:58','2021-02-10 19:10:58',4,NULL),(30197,1234,155,121,5963,40758,410,1,1,6,0.00,0.00,'2021-02-10 19:10:58','2021-02-10 19:10:58',4,NULL),(30198,1234,155,121,5963,40758,400,1,1,7,0.00,0.00,'2021-02-10 19:10:58','2021-02-10 19:10:58',4,NULL),(30199,1234,155,121,5963,40758,410,1,1,7,0.00,0.00,'2021-02-10 19:10:58','2021-02-10 19:10:58',4,NULL),(30200,1234,155,121,5963,40758,400,1,1,8,0.00,0.00,'2021-02-10 19:10:58','2021-02-10 19:10:58',4,NULL),(30201,1234,155,121,5963,40758,410,1,1,8,0.00,0.00,'2021-02-10 19:10:58','2021-02-10 19:10:58',4,NULL),(30202,1234,155,121,5963,40758,400,1,1,6,0.00,0.00,'2021-02-10 19:10:58','2021-02-10 19:10:58',4,NULL);
INSERT INTO `period_liquidation_iva_details` VALUES (30203,1234,155,121,5963,40758,1,9,2,3,0.00,0.00,'2021-02-10 19:10:58','2021-02-10 19:10:58',5,NULL),(30204,1234,155,121,5963,40758,1,5,2,3,0.00,0.00,'2021-02-10 19:10:58','2021-02-10 19:10:58',5,NULL),(30205,1234,155,121,5963,40758,1,13,2,3,0.00,0.00,'2021-02-10 19:10:58','2021-02-10 19:10:58',5,NULL),(30206,1234,155,121,5963,40758,1,3,2,3,0.00,0.00,'2021-02-10 19:10:58','2021-02-10 19:10:58',5,NULL),(30207,1234,155,121,5963,40758,1,14,2,3,0.00,0.00,'2021-02-10 19:10:58','2021-02-10 19:10:58',5,NULL),(30208,1234,155,121,5963,40758,1,10,2,3,0.00,0.00,'2021-02-10 19:10:58','2021-02-10 19:10:58',5,NULL),(30209,1234,155,121,5963,40758,1,6,2,3,0.00,0.00,'2021-02-10 19:10:58','2021-02-10 19:10:58',5,NULL),(30210,1234,155,121,5963,40758,1,4,2,3,0.00,0.00,'2021-02-10 19:10:58','2021-02-10 19:10:58',5,NULL),(30211,1234,155,121,5963,40758,1,7,2,3,0.00,0.00,'2021-02-10 19:10:58','2021-02-10 19:10:58',5,NULL),(30212,1234,155,121,5963,40758,1,11,2,3,0.00,0.00,'2021-02-10 19:10:58','2021-02-10 19:10:58',5,NULL),(30213,1234,155,121,5963,40758,1,1,2,3,0.00,0.00,'2021-02-10 19:10:58','2021-02-10 19:10:58',5,NULL),(30214,1234,155,121,5963,40758,1,8,2,3,0.00,0.00,'2021-02-10 19:10:58','2021-02-10 19:10:58',5,NULL),(30215,1234,155,121,5963,40758,1,12,2,3,0.00,0.00,'2021-02-10 19:10:58','2021-02-10 19:10:58',5,NULL),(30216,1234,155,121,5963,40758,1,2,2,3,0.00,0.00,'2021-02-10 19:10:58','2021-02-10 19:10:58',5,NULL),(30217,1234,155,121,5963,40758,1,14,2,2,0.00,0.00,'2021-02-10 19:10:58','2021-02-10 19:10:58',5,NULL),(30218,1234,155,121,5963,40758,1,10,2,2,0.00,0.00,'2021-02-10 19:10:58','2021-02-10 19:10:58',5,NULL),(30219,1234,155,121,5963,40758,1,6,2,2,0.00,0.00,'2021-02-10 19:10:58','2021-02-10 19:10:58',5,NULL),(30220,1234,155,121,5963,40758,1,4,2,2,0.00,0.00,'2021-02-10 19:10:58','2021-02-10 19:10:58',5,NULL),(30221,1234,155,121,5963,40758,1,7,2,2,0.00,0.00,'2021-02-10 19:10:58','2021-02-10 19:10:58',5,NULL),(30222,1234,155,121,5963,40758,1,11,2,2,0.00,0.00,'2021-02-10 19:10:58','2021-02-10 19:10:58',5,NULL),(30223,1234,155,121,5963,40758,1,1,2,2,0.00,0.00,'2021-02-10 19:10:58','2021-02-10 19:10:58',5,NULL),(30224,1234,155,121,5963,40758,1,8,2,2,0.00,0.00,'2021-02-10 19:10:58','2021-02-10 19:10:58',5,NULL),(30225,1234,155,121,5963,40758,1,12,2,2,0.00,0.00,'2021-02-10 19:10:58','2021-02-10 19:10:58',5,NULL),(30226,1234,155,121,5963,40758,1,2,2,2,0.00,0.00,'2021-02-10 19:10:58','2021-02-10 19:10:58',5,NULL),(30227,1234,155,121,5963,40758,1,9,2,2,0.00,0.00,'2021-02-10 19:10:58','2021-02-10 19:10:58',5,NULL),(30228,1234,155,121,5963,40758,1,5,2,2,0.00,0.00,'2021-02-10 19:10:58','2021-02-10 19:10:58',5,NULL),(30229,1234,155,121,5963,40758,1,13,2,2,0.00,0.00,'2021-02-10 19:10:58','2021-02-10 19:10:58',5,NULL),(30230,1234,155,121,5963,40758,1,3,2,2,0.00,0.00,'2021-02-10 19:10:58','2021-02-10 19:10:58',5,NULL),(30231,1234,155,121,5963,40758,1,7,2,1,0.00,0.00,'2021-02-10 19:10:58','2021-02-10 19:10:58',5,NULL),(30232,1234,155,121,5963,40758,1,11,2,1,0.00,0.00,'2021-02-10 19:10:58','2021-02-10 19:10:58',5,NULL),(30233,1234,155,121,5963,40758,1,1,2,1,0.00,0.00,'2021-02-10 19:10:58','2021-02-10 19:10:58',5,NULL),(30234,1234,155,121,5963,40758,1,8,2,1,0.00,0.00,'2021-02-10 19:10:58','2021-02-10 19:10:58',5,NULL),(30235,1234,155,121,5963,40758,1,12,2,1,0.00,0.00,'2021-02-10 19:10:58','2021-02-10 19:10:58',5,NULL),(30236,1234,155,121,5963,40758,1,2,2,1,0.00,0.00,'2021-02-10 19:10:58','2021-02-10 19:10:58',5,NULL),(30237,1234,155,121,5963,40758,1,9,2,1,0.00,0.00,'2021-02-10 19:10:58','2021-02-10 19:10:58',5,NULL),(30238,1234,155,121,5963,40758,1,5,2,1,0.00,0.00,'2021-02-10 19:10:58','2021-02-10 19:10:58',5,NULL),(30239,1234,155,121,5963,40758,1,13,2,1,0.00,0.00,'2021-02-10 19:10:58','2021-02-10 19:10:58',5,NULL),(30240,1234,155,121,5963,40758,1,3,2,1,0.00,0.00,'2021-02-10 19:10:58','2021-02-10 19:10:58',5,NULL),(30241,1234,155,121,5963,40758,1,14,2,1,0.00,0.00,'2021-02-10 19:10:58','2021-02-10 19:10:58',5,NULL);
INSERT INTO `period_liquidation_iva_details` VALUES (30242,1234,155,121,5963,40758,1,10,2,1,0.00,0.00,'2021-02-10 19:10:58','2021-02-10 19:10:58',5,NULL),(30243,1234,155,121,5963,40758,1,6,2,1,0.00,0.00,'2021-02-10 19:10:58','2021-02-10 19:10:58',5,NULL),(30244,1234,155,121,5963,40758,1,4,2,1,0.00,0.00,'2021-02-10 19:10:58','2021-02-10 19:10:58',5,NULL),(30245,1234,155,121,5963,40758,1,4,2,5,0.00,0.00,'2021-02-10 19:10:58','2021-02-10 19:10:58',5,NULL),(30246,1234,155,121,5963,40758,1,7,2,5,0.00,0.00,'2021-02-10 19:10:58','2021-02-10 19:10:58',5,NULL),(30247,1234,155,121,5963,40758,1,11,2,5,0.00,0.00,'2021-02-10 19:10:58','2021-02-10 19:10:58',5,NULL),(30248,1234,155,121,5963,40758,1,1,2,5,0.00,0.00,'2021-02-10 19:10:58','2021-02-10 19:10:58',5,NULL),(30249,1234,155,121,5963,40758,1,8,2,5,0.00,0.00,'2021-02-10 19:10:58','2021-02-10 19:10:58',5,NULL),(30250,1234,155,121,5963,40758,1,12,2,5,0.00,0.00,'2021-02-10 19:10:58','2021-02-10 19:10:58',5,NULL),(30251,1234,155,121,5963,40758,1,2,2,5,0.00,0.00,'2021-02-10 19:10:58','2021-02-10 19:10:58',5,NULL),(30252,1234,155,121,5963,40758,1,9,2,5,0.00,0.00,'2021-02-10 19:10:58','2021-02-10 19:10:58',5,NULL),(30253,1234,155,121,5963,40758,1,5,2,5,0.00,0.00,'2021-02-10 19:10:58','2021-02-10 19:10:58',5,NULL),(30254,1234,155,121,5963,40758,1,13,2,5,0.00,0.00,'2021-02-10 19:10:58','2021-02-10 19:10:58',5,NULL),(30255,1234,155,121,5963,40758,1,3,2,5,0.00,0.00,'2021-02-10 19:10:58','2021-02-10 19:10:58',5,NULL),(30256,1234,155,121,5963,40758,1,6,2,5,0.00,0.00,'2021-02-10 19:10:58','2021-02-10 19:10:58',5,NULL),(30257,1234,155,121,5963,40758,1,14,2,5,0.00,0.00,'2021-02-10 19:10:58','2021-02-10 19:10:58',5,NULL),(30258,1234,155,121,5963,40758,1,10,2,5,0.00,0.00,'2021-02-10 19:10:58','2021-02-10 19:10:58',5,NULL),(30259,1234,155,121,5963,40758,1,8,2,4,0.00,0.00,'2021-02-10 19:10:58','2021-02-10 19:10:58',5,NULL),(30260,1234,155,121,5963,40758,1,12,2,4,0.00,0.00,'2021-02-10 19:10:58','2021-02-10 19:10:58',5,NULL),(30261,1234,155,121,5963,40758,1,2,2,4,0.00,0.00,'2021-02-10 19:10:58','2021-02-10 19:10:58',5,NULL),(30262,1234,155,121,5963,40758,1,9,2,4,0.00,0.00,'2021-02-10 19:10:58','2021-02-10 19:10:58',5,NULL),(30263,1234,155,121,5963,40758,1,5,2,4,0.00,0.00,'2021-02-10 19:10:58','2021-02-10 19:10:58',5,NULL),(30264,1234,155,121,5963,40758,1,13,2,4,0.00,0.00,'2021-02-10 19:10:58','2021-02-10 19:10:58',5,NULL),(30265,1234,155,121,5963,40758,1,3,2,4,0.00,0.00,'2021-02-10 19:10:58','2021-02-10 19:10:58',5,NULL),(30266,1234,155,121,5963,40758,1,14,2,4,0.00,0.00,'2021-02-10 19:10:58','2021-02-10 19:10:58',5,NULL),(30267,1234,155,121,5963,40758,1,10,2,4,0.00,0.00,'2021-02-10 19:10:58','2021-02-10 19:10:58',5,NULL),(30268,1234,155,121,5963,40758,1,6,2,4,0.00,0.00,'2021-02-10 19:10:58','2021-02-10 19:10:58',5,NULL),(30269,1234,155,121,5963,40758,1,4,2,4,0.00,0.00,'2021-02-10 19:10:58','2021-02-10 19:10:58',5,NULL),(30270,1234,155,121,5963,40758,1,7,2,4,0.00,0.00,'2021-02-10 19:10:58','2021-02-10 19:10:58',5,NULL),(30271,1234,155,121,5963,40758,1,11,2,4,0.00,0.00,'2021-02-10 19:10:58','2021-02-10 19:10:58',5,NULL),(30272,1234,155,121,5963,40758,1,1,2,4,0.00,0.00,'2021-02-10 19:10:58','2021-02-10 19:10:58',5,NULL),(30273,1234,155,121,5963,40758,1,8,2,7,0.00,0.00,'2021-02-10 19:10:58','2021-02-10 19:10:58',5,NULL),(30274,1234,155,121,5963,40758,1,12,2,7,0.00,0.00,'2021-02-10 19:10:58','2021-02-10 19:10:58',5,NULL),(30275,1234,155,121,5963,40758,1,7,2,8,0.00,0.00,'2021-02-10 19:10:58','2021-02-10 19:10:58',5,NULL),(30276,1234,155,121,5963,40758,1,3,2,6,0.00,0.00,'2021-02-10 19:10:58','2021-02-10 19:10:58',5,NULL),(30277,1234,155,121,5963,40758,1,11,2,8,0.00,0.00,'2021-02-10 19:10:58','2021-02-10 19:10:58',5,NULL),(30278,1234,155,121,5963,40758,1,2,2,7,0.00,0.00,'2021-02-10 19:10:58','2021-02-10 19:10:58',5,NULL),(30279,1234,155,121,5963,40758,1,1,2,8,0.00,0.00,'2021-02-10 19:10:58','2021-02-10 19:10:58',5,NULL),(30280,1234,155,121,5963,40758,1,6,2,6,0.00,0.00,'2021-02-10 19:10:58','2021-02-10 19:10:58',5,NULL);
INSERT INTO `period_liquidation_iva_details` VALUES (30281,1234,155,121,5963,40758,1,14,2,6,0.00,0.00,'2021-02-10 19:10:58','2021-02-10 19:10:58',5,NULL),(30282,1234,155,121,5963,40758,1,10,2,6,0.00,0.00,'2021-02-10 19:10:58','2021-02-10 19:10:58',5,NULL),(30283,1234,155,121,5963,40758,1,9,2,7,0.00,0.00,'2021-02-10 19:10:58','2021-02-10 19:10:58',5,NULL),(30284,1234,155,121,5963,40758,1,5,2,7,0.00,0.00,'2021-02-10 19:10:58','2021-02-10 19:10:58',5,NULL),(30285,1234,155,121,5963,40758,1,13,2,7,0.00,0.00,'2021-02-10 19:10:58','2021-02-10 19:10:58',5,NULL),(30286,1234,155,121,5963,40758,1,8,2,8,0.00,0.00,'2021-02-10 19:10:58','2021-02-10 19:10:58',5,NULL),(30287,1234,155,121,5963,40758,1,4,2,6,0.00,0.00,'2021-02-10 19:10:58','2021-02-10 19:10:58',5,NULL),(30288,1234,155,121,5963,40758,1,12,2,8,0.00,0.00,'2021-02-10 19:10:58','2021-02-10 19:10:58',5,NULL),(30289,1234,155,121,5963,40758,1,3,2,7,0.00,0.00,'2021-02-10 19:10:58','2021-02-10 19:10:58',5,NULL),(30290,1234,155,121,5963,40758,1,2,2,8,0.00,0.00,'2021-02-10 19:10:58','2021-02-10 19:10:58',5,NULL),(30291,1234,155,121,5963,40758,1,7,2,6,0.00,0.00,'2021-02-10 19:10:58','2021-02-10 19:10:58',5,NULL),(30292,1234,155,121,5963,40758,1,11,2,6,0.00,0.00,'2021-02-10 19:10:58','2021-02-10 19:10:58',5,NULL),(30293,1234,155,121,5963,40758,1,6,2,7,0.00,0.00,'2021-02-10 19:10:58','2021-02-10 19:10:58',5,NULL),(30294,1234,155,121,5963,40758,1,14,2,7,0.00,0.00,'2021-02-10 19:10:58','2021-02-10 19:10:58',5,NULL),(30295,1234,155,121,5963,40758,1,10,2,7,0.00,0.00,'2021-02-10 19:10:58','2021-02-10 19:10:58',5,NULL),(30296,1234,155,121,5963,40758,1,1,2,6,0.00,0.00,'2021-02-10 19:10:58','2021-02-10 19:10:58',5,NULL),(30297,1234,155,121,5963,40758,1,9,2,8,0.00,0.00,'2021-02-10 19:10:58','2021-02-10 19:10:58',5,NULL),(30298,1234,155,121,5963,40758,1,5,2,8,0.00,0.00,'2021-02-10 19:10:58','2021-02-10 19:10:58',5,NULL),(30299,1234,155,121,5963,40758,1,13,2,8,0.00,0.00,'2021-02-10 19:10:58','2021-02-10 19:10:58',5,NULL),(30300,1234,155,121,5963,40758,1,4,2,7,0.00,0.00,'2021-02-10 19:10:58','2021-02-10 19:10:58',5,NULL),(30301,1234,155,121,5963,40758,1,3,2,8,0.00,0.00,'2021-02-10 19:10:58','2021-02-10 19:10:58',5,NULL),(30302,1234,155,121,5963,40758,1,8,2,6,0.00,0.00,'2021-02-10 19:10:58','2021-02-10 19:10:58',5,NULL),(30303,1234,155,121,5963,40758,1,12,2,6,0.00,0.00,'2021-02-10 19:10:58','2021-02-10 19:10:58',5,NULL),(30304,1234,155,121,5963,40758,1,7,2,7,0.00,0.00,'2021-02-10 19:10:58','2021-02-10 19:10:58',5,NULL),(30305,1234,155,121,5963,40758,1,11,2,7,0.00,0.00,'2021-02-10 19:10:58','2021-02-10 19:10:58',5,NULL),(30306,1234,155,121,5963,40758,1,6,2,8,0.00,0.00,'2021-02-10 19:10:58','2021-02-10 19:10:58',5,NULL),(30307,1234,155,121,5963,40758,1,14,2,8,0.00,0.00,'2021-02-10 19:10:58','2021-02-10 19:10:58',5,NULL),(30308,1234,155,121,5963,40758,1,2,2,6,0.00,0.00,'2021-02-10 19:10:58','2021-02-10 19:10:58',5,NULL),(30309,1234,155,121,5963,40758,1,10,2,8,0.00,0.00,'2021-02-10 19:10:58','2021-02-10 19:10:58',5,NULL),(30310,1234,155,121,5963,40758,1,1,2,7,0.00,0.00,'2021-02-10 19:10:58','2021-02-10 19:10:58',5,NULL),(30311,1234,155,121,5963,40758,1,4,2,8,0.00,0.00,'2021-02-10 19:10:58','2021-02-10 19:10:58',5,NULL),(30312,1234,155,121,5963,40758,1,9,2,6,0.00,0.00,'2021-02-10 19:10:58','2021-02-10 19:10:58',5,NULL),(30313,1234,155,121,5963,40758,1,5,2,6,0.00,0.00,'2021-02-10 19:10:58','2021-02-10 19:10:58',5,NULL),(30314,1234,155,121,5963,40758,1,13,2,6,0.00,0.00,'2021-02-10 19:10:58','2021-02-10 19:10:58',5,NULL),(30315,1234,155,121,5963,40758,1,14,2,3,0.00,0.00,'2021-02-10 19:10:58','2021-02-10 19:10:58',6,NULL),(30316,1234,155,121,5963,40758,1,1,2,3,0.00,0.00,'2021-02-10 19:10:58','2021-02-10 19:10:58',6,NULL),(30317,1234,155,121,5963,40758,1,4,2,3,0.00,0.00,'2021-02-10 19:10:58','2021-02-10 19:10:58',6,NULL),(30318,1234,155,121,5963,40758,1,7,2,3,0.00,0.00,'2021-02-10 19:10:58','2021-02-10 19:10:58',6,NULL),(30319,1234,155,121,5963,40758,1,10,2,3,0.00,0.00,'2021-02-10 19:10:58','2021-02-10 19:10:58',6,NULL);
INSERT INTO `period_liquidation_iva_details` VALUES (30320,1234,155,121,5963,40758,1,13,2,3,0.00,0.00,'2021-02-10 19:10:58','2021-02-10 19:10:58',6,NULL),(30321,1234,155,121,5963,40758,1,3,2,3,0.00,0.00,'2021-02-10 19:10:58','2021-02-10 19:10:58',6,NULL),(30322,1234,155,121,5963,40758,1,6,2,3,0.00,0.00,'2021-02-10 19:10:58','2021-02-10 19:10:58',6,NULL),(30323,1234,155,121,5963,40758,1,9,2,3,0.00,0.00,'2021-02-10 19:10:58','2021-02-10 19:10:58',6,NULL),(30324,1234,155,121,5963,40758,1,12,2,3,0.00,0.00,'2021-02-10 19:10:58','2021-02-10 19:10:58',6,NULL),(30325,1234,155,121,5963,40758,1,2,2,3,0.00,0.00,'2021-02-10 19:10:58','2021-02-10 19:10:58',6,NULL),(30326,1234,155,121,5963,40758,1,5,2,3,0.00,0.00,'2021-02-10 19:10:58','2021-02-10 19:10:58',6,NULL),(30327,1234,155,121,5963,40758,1,8,2,3,0.00,0.00,'2021-02-10 19:10:58','2021-02-10 19:10:58',6,NULL),(30328,1234,155,121,5963,40758,1,11,2,3,0.00,0.00,'2021-02-10 19:10:58','2021-02-10 19:10:58',6,NULL),(30329,1234,155,121,5963,40758,1,13,2,2,0.00,0.00,'2021-02-10 19:10:58','2021-02-10 19:10:58',6,NULL),(30330,1234,155,121,5963,40758,1,3,2,2,0.00,0.00,'2021-02-10 19:10:58','2021-02-10 19:10:58',6,NULL),(30331,1234,155,121,5963,40758,1,6,2,2,0.00,0.00,'2021-02-10 19:10:58','2021-02-10 19:10:58',6,NULL),(30332,1234,155,121,5963,40758,1,9,2,2,0.00,0.00,'2021-02-10 19:10:58','2021-02-10 19:10:58',6,NULL),(30333,1234,155,121,5963,40758,1,12,2,2,0.00,0.00,'2021-02-10 19:10:58','2021-02-10 19:10:58',6,NULL),(30334,1234,155,121,5963,40758,1,2,2,2,0.00,0.00,'2021-02-10 19:10:58','2021-02-10 19:10:58',6,NULL),(30335,1234,155,121,5963,40758,1,5,2,2,0.00,0.00,'2021-02-10 19:10:58','2021-02-10 19:10:58',6,NULL),(30336,1234,155,121,5963,40758,1,8,2,2,0.00,0.00,'2021-02-10 19:10:58','2021-02-10 19:10:58',6,NULL),(30337,1234,155,121,5963,40758,1,11,2,2,0.00,0.00,'2021-02-10 19:10:58','2021-02-10 19:10:58',6,NULL),(30338,1234,155,121,5963,40758,1,14,2,2,0.00,0.00,'2021-02-10 19:10:58','2021-02-10 19:10:58',6,NULL),(30339,1234,155,121,5963,40758,1,1,2,2,0.00,0.00,'2021-02-10 19:10:58','2021-02-10 19:10:58',6,NULL),(30340,1234,155,121,5963,40758,1,4,2,2,0.00,0.00,'2021-02-10 19:10:58','2021-02-10 19:10:58',6,NULL),(30341,1234,155,121,5963,40758,1,7,2,2,0.00,0.00,'2021-02-10 19:10:58','2021-02-10 19:10:58',6,NULL),(30342,1234,155,121,5963,40758,1,10,2,2,0.00,0.00,'2021-02-10 19:10:58','2021-02-10 19:10:58',6,NULL),(30343,1234,155,121,5963,40758,1,9,2,1,0.00,0.00,'2021-02-10 19:10:58','2021-02-10 19:10:58',6,NULL),(30344,1234,155,121,5963,40758,1,12,2,1,0.00,0.00,'2021-02-10 19:10:58','2021-02-10 19:10:58',6,NULL),(30345,1234,155,121,5963,40758,1,2,2,1,0.00,0.00,'2021-02-10 19:10:58','2021-02-10 19:10:58',6,NULL),(30346,1234,155,121,5963,40758,1,5,2,1,0.00,0.00,'2021-02-10 19:10:58','2021-02-10 19:10:58',6,NULL),(30347,1234,155,121,5963,40758,1,8,2,1,0.00,0.00,'2021-02-10 19:10:58','2021-02-10 19:10:58',6,NULL),(30348,1234,155,121,5963,40758,1,11,2,1,0.00,0.00,'2021-02-10 19:10:58','2021-02-10 19:10:58',6,NULL),(30349,1234,155,121,5963,40758,1,14,2,1,0.00,0.00,'2021-02-10 19:10:58','2021-02-10 19:10:58',6,NULL),(30350,1234,155,121,5963,40758,1,1,2,1,0.00,0.00,'2021-02-10 19:10:58','2021-02-10 19:10:58',6,NULL),(30351,1234,155,121,5963,40758,1,4,2,1,0.00,0.00,'2021-02-10 19:10:58','2021-02-10 19:10:58',6,NULL),(30352,1234,155,121,5963,40758,1,7,2,1,0.00,0.00,'2021-02-10 19:10:58','2021-02-10 19:10:58',6,NULL),(30353,1234,155,121,5963,40758,1,10,2,1,0.00,0.00,'2021-02-10 19:10:58','2021-02-10 19:10:58',6,NULL),(30354,1234,155,121,5963,40758,1,13,2,1,0.00,0.00,'2021-02-10 19:10:58','2021-02-10 19:10:58',6,NULL),(30355,1234,155,121,5963,40758,1,3,2,1,0.00,0.00,'2021-02-10 19:10:58','2021-02-10 19:10:58',6,NULL),(30356,1234,155,121,5963,40758,1,6,2,1,0.00,0.00,'2021-02-10 19:10:58','2021-02-10 19:10:58',6,NULL),(30357,1234,155,121,5963,40758,1,3,2,5,0.00,0.00,'2021-02-10 19:10:58','2021-02-10 19:10:58',6,NULL),(30358,1234,155,121,5963,40758,1,6,2,5,0.00,0.00,'2021-02-10 19:10:58','2021-02-10 19:10:58',6,NULL);
INSERT INTO `period_liquidation_iva_details` VALUES (30359,1234,155,121,5963,40758,1,9,2,5,0.00,0.00,'2021-02-10 19:10:58','2021-02-10 19:10:58',6,NULL),(30360,1234,155,121,5963,40758,1,12,2,5,0.00,0.00,'2021-02-10 19:10:58','2021-02-10 19:10:58',6,NULL),(30361,1234,155,121,5963,40758,1,2,2,5,0.00,0.00,'2021-02-10 19:10:58','2021-02-10 19:10:58',6,NULL),(30362,1234,155,121,5963,40758,1,5,2,5,0.00,0.00,'2021-02-10 19:10:58','2021-02-10 19:10:58',6,NULL),(30363,1234,155,121,5963,40758,1,8,2,5,0.00,0.00,'2021-02-10 19:10:58','2021-02-10 19:10:58',6,NULL),(30364,1234,155,121,5963,40758,1,11,2,5,0.00,0.00,'2021-02-10 19:10:58','2021-02-10 19:10:58',6,NULL),(30365,1234,155,121,5963,40758,1,14,2,5,0.00,0.00,'2021-02-10 19:10:58','2021-02-10 19:10:58',6,NULL),(30366,1234,155,121,5963,40758,1,1,2,5,0.00,0.00,'2021-02-10 19:10:58','2021-02-10 19:10:58',6,NULL),(30367,1234,155,121,5963,40758,1,4,2,5,0.00,0.00,'2021-02-10 19:10:58','2021-02-10 19:10:58',6,NULL),(30368,1234,155,121,5963,40758,1,7,2,5,0.00,0.00,'2021-02-10 19:10:58','2021-02-10 19:10:58',6,NULL),(30369,1234,155,121,5963,40758,1,10,2,5,0.00,0.00,'2021-02-10 19:10:58','2021-02-10 19:10:58',6,NULL),(30370,1234,155,121,5963,40758,1,13,2,5,0.00,0.00,'2021-02-10 19:10:58','2021-02-10 19:10:58',6,NULL),(30371,1234,155,121,5963,40758,1,2,2,4,0.00,0.00,'2021-02-10 19:10:58','2021-02-10 19:10:58',6,NULL),(30372,1234,155,121,5963,40758,1,5,2,4,0.00,0.00,'2021-02-10 19:10:58','2021-02-10 19:10:58',6,NULL),(30373,1234,155,121,5963,40758,1,8,2,4,0.00,0.00,'2021-02-10 19:10:58','2021-02-10 19:10:58',6,NULL),(30374,1234,155,121,5963,40758,1,11,2,4,0.00,0.00,'2021-02-10 19:10:58','2021-02-10 19:10:58',6,NULL),(30375,1234,155,121,5963,40758,1,14,2,4,0.00,0.00,'2021-02-10 19:10:58','2021-02-10 19:10:58',6,NULL),(30376,1234,155,121,5963,40758,1,1,2,4,0.00,0.00,'2021-02-10 19:10:58','2021-02-10 19:10:58',6,NULL),(30377,1234,155,121,5963,40758,1,4,2,4,0.00,0.00,'2021-02-10 19:10:58','2021-02-10 19:10:58',6,NULL),(30378,1234,155,121,5963,40758,1,7,2,4,0.00,0.00,'2021-02-10 19:10:58','2021-02-10 19:10:58',6,NULL),(30379,1234,155,121,5963,40758,1,10,2,4,0.00,0.00,'2021-02-10 19:10:58','2021-02-10 19:10:58',6,NULL),(30380,1234,155,121,5963,40758,1,13,2,4,0.00,0.00,'2021-02-10 19:10:58','2021-02-10 19:10:58',6,NULL),(30381,1234,155,121,5963,40758,1,3,2,4,0.00,0.00,'2021-02-10 19:10:58','2021-02-10 19:10:58',6,NULL),(30382,1234,155,121,5963,40758,1,6,2,4,0.00,0.00,'2021-02-10 19:10:58','2021-02-10 19:10:58',6,NULL),(30383,1234,155,121,5963,40758,1,9,2,4,0.00,0.00,'2021-02-10 19:10:58','2021-02-10 19:10:58',6,NULL),(30384,1234,155,121,5963,40758,1,12,2,4,0.00,0.00,'2021-02-10 19:10:58','2021-02-10 19:10:58',6,NULL),(30385,1234,155,121,5963,40758,1,7,2,8,0.00,0.00,'2021-02-10 19:10:58','2021-02-10 19:10:58',6,NULL),(30386,1234,155,121,5963,40758,1,10,2,8,0.00,0.00,'2021-02-10 19:10:58','2021-02-10 19:10:58',6,NULL),(30387,1234,155,121,5963,40758,1,13,2,8,0.00,0.00,'2021-02-10 19:10:58','2021-02-10 19:10:58',6,NULL),(30388,1234,155,121,5963,40758,1,3,2,8,0.00,0.00,'2021-02-10 19:10:58','2021-02-10 19:10:58',6,NULL),(30389,1234,155,121,5963,40758,1,6,2,8,0.00,0.00,'2021-02-10 19:10:58','2021-02-10 19:10:58',6,NULL),(30390,1234,155,121,5963,40758,1,9,2,8,0.00,0.00,'2021-02-10 19:10:58','2021-02-10 19:10:58',6,NULL),(30391,1234,155,121,5963,40758,1,12,2,8,0.00,0.00,'2021-02-10 19:10:58','2021-02-10 19:10:58',6,NULL),(30392,1234,155,121,5963,40758,1,2,2,8,0.00,0.00,'2021-02-10 19:10:58','2021-02-10 19:10:58',6,NULL),(30393,1234,155,121,5963,40758,1,5,2,8,0.00,0.00,'2021-02-10 19:10:58','2021-02-10 19:10:58',6,NULL),(30394,1234,155,121,5963,40758,1,8,2,8,0.00,0.00,'2021-02-10 19:10:58','2021-02-10 19:10:58',6,NULL),(30395,1234,155,121,5963,40758,1,11,2,8,0.00,0.00,'2021-02-10 19:10:58','2021-02-10 19:10:58',6,NULL),(30396,1234,155,121,5963,40758,1,14,2,8,0.00,0.00,'2021-02-10 19:10:58','2021-02-10 19:10:58',6,NULL),(30397,1234,155,121,5963,40758,1,1,2,8,0.00,0.00,'2021-02-10 19:10:58','2021-02-10 19:10:58',6,NULL);
INSERT INTO `period_liquidation_iva_details` VALUES (30398,1234,155,121,5963,40758,1,4,2,8,0.00,0.00,'2021-02-10 19:10:58','2021-02-10 19:10:58',6,NULL),(30399,1234,155,121,5963,40758,1,8,2,6,0.00,0.00,'2021-02-10 19:10:58','2021-02-10 19:10:58',7,NULL),(30400,1234,155,121,5963,40758,1,4,2,7,0.00,0.00,'2021-02-10 19:10:58','2021-02-10 19:10:58',7,NULL),(30401,1234,155,121,5963,40758,1,1,2,6,0.00,0.00,'2021-02-10 19:10:58','2021-02-10 19:10:58',7,NULL),(30402,1234,155,121,5963,40758,1,13,2,7,0.00,0.00,'2021-02-10 19:10:58','2021-02-10 19:10:58',7,NULL),(30403,1234,155,121,5963,40758,1,10,2,6,0.00,0.00,'2021-02-10 19:10:58','2021-02-10 19:10:58',7,NULL),(30404,1234,155,121,5963,40758,1,6,2,7,0.00,0.00,'2021-02-10 19:10:58','2021-02-10 19:10:58',7,NULL),(30405,1234,155,121,5963,40758,1,3,2,6,0.00,0.00,'2021-02-10 19:10:58','2021-02-10 19:10:58',7,NULL),(30406,1234,155,121,5963,40758,1,12,2,6,0.00,0.00,'2021-02-10 19:10:58','2021-02-10 19:10:58',7,NULL),(30407,1234,155,121,5963,40758,1,8,2,7,0.00,0.00,'2021-02-10 19:10:58','2021-02-10 19:10:58',7,NULL),(30408,1234,155,121,5963,40758,1,5,2,6,0.00,0.00,'2021-02-10 19:10:58','2021-02-10 19:10:58',7,NULL),(30409,1234,155,121,5963,40758,1,1,2,7,0.00,0.00,'2021-02-10 19:10:58','2021-02-10 19:10:58',7,NULL),(30410,1234,155,121,5963,40758,1,14,2,6,0.00,0.00,'2021-02-10 19:10:58','2021-02-10 19:10:58',7,NULL),(30411,1234,155,121,5963,40758,1,10,2,7,0.00,0.00,'2021-02-10 19:10:58','2021-02-10 19:10:58',7,NULL),(30412,1234,155,121,5963,40758,1,7,2,6,0.00,0.00,'2021-02-10 19:10:58','2021-02-10 19:10:58',7,NULL),(30413,1234,155,121,5963,40758,1,3,2,7,0.00,0.00,'2021-02-10 19:10:58','2021-02-10 19:10:58',7,NULL),(30414,1234,155,121,5963,40758,1,12,2,7,0.00,0.00,'2021-02-10 19:10:58','2021-02-10 19:10:58',7,NULL),(30415,1234,155,121,5963,40758,1,9,2,6,0.00,0.00,'2021-02-10 19:10:58','2021-02-10 19:10:58',7,NULL),(30416,1234,155,121,5963,40758,1,5,2,7,0.00,0.00,'2021-02-10 19:10:58','2021-02-10 19:10:58',7,NULL),(30417,1234,155,121,5963,40758,1,2,2,6,0.00,0.00,'2021-02-10 19:10:58','2021-02-10 19:10:58',7,NULL),(30418,1234,155,121,5963,40758,1,14,2,7,0.00,0.00,'2021-02-10 19:10:58','2021-02-10 19:10:58',7,NULL),(30419,1234,155,121,5963,40758,1,11,2,6,0.00,0.00,'2021-02-10 19:10:58','2021-02-10 19:10:58',7,NULL),(30420,1234,155,121,5963,40758,1,7,2,7,0.00,0.00,'2021-02-10 19:10:58','2021-02-10 19:10:58',7,NULL),(30421,1234,155,121,5963,40758,1,4,2,6,0.00,0.00,'2021-02-10 19:10:58','2021-02-10 19:10:58',7,NULL),(30422,1234,155,121,5963,40758,1,13,2,6,0.00,0.00,'2021-02-10 19:10:58','2021-02-10 19:10:58',7,NULL),(30423,1234,155,121,5963,40758,1,9,2,7,0.00,0.00,'2021-02-10 19:10:58','2021-02-10 19:10:58',7,NULL),(30424,1234,155,121,5963,40758,1,6,2,6,0.00,0.00,'2021-02-10 19:10:58','2021-02-10 19:10:58',7,NULL),(30425,1234,155,121,5963,40758,1,2,2,7,0.00,0.00,'2021-02-10 19:10:58','2021-02-10 19:10:58',7,NULL),(30426,1234,155,121,5963,40758,1,11,2,7,0.00,0.00,'2021-02-10 19:10:58','2021-02-10 19:10:58',7,NULL),(30427,1279,157,122,1531,40720,894,1,1,3,0.00,0.00,'2021-02-25 14:41:20','2021-02-25 14:41:20',1,NULL),(30428,1279,157,122,1531,40720,894,1,1,2,0.00,0.00,'2021-02-25 14:41:20','2021-02-25 14:41:20',1,NULL),(30429,1279,157,122,1531,40720,894,1,1,1,20926.10,2197.24,'2021-02-25 14:41:20','2021-02-25 14:41:20',1,NULL),(30430,1279,157,122,1531,40720,894,1,1,5,0.00,0.00,'2021-02-25 14:41:20','2021-02-25 14:41:20',1,NULL),(30431,1279,157,122,1531,40720,894,1,1,4,0.00,0.00,'2021-02-25 14:41:20','2021-02-25 14:41:20',1,NULL),(30432,1279,157,122,1531,40720,894,1,1,8,143455.15,0.00,'2021-02-25 14:41:20','2021-02-25 14:41:20',1,NULL),(30433,1279,157,122,1531,40720,894,1,1,3,0.00,0.00,'2021-02-25 14:41:20','2021-02-25 14:41:20',2,NULL),(30434,1279,157,122,1531,40720,894,1,1,2,8000.00,1680.00,'2021-02-25 14:41:20','2021-02-25 14:41:20',2,NULL),(30435,1279,157,122,1531,40720,894,1,1,1,0.00,0.00,'2021-02-25 14:41:20','2021-02-25 14:41:20',2,NULL),(30436,1279,157,122,1531,40720,894,1,1,5,0.00,0.00,'2021-02-25 14:41:20','2021-02-25 14:41:20',2,NULL);
INSERT INTO `period_liquidation_iva_details` VALUES (30437,1279,157,122,1531,40720,894,1,1,4,0.00,0.00,'2021-02-25 14:41:20','2021-02-25 14:41:20',2,NULL),(30438,1279,157,122,1531,40720,894,1,1,8,2000.00,0.00,'2021-02-25 14:41:20','2021-02-25 14:41:20',2,NULL),(30439,1279,157,122,1531,40720,894,1,1,6,0.00,0.00,'2021-02-25 14:41:20','2021-02-25 14:41:20',3,NULL),(30440,1279,157,122,1531,40720,894,1,1,7,0.00,0.00,'2021-02-25 14:41:20','2021-02-25 14:41:20',3,NULL),(30441,1279,157,122,1531,40720,894,1,1,3,0.00,0.00,'2021-02-25 14:41:20','2021-02-25 14:41:20',4,NULL),(30442,1279,157,122,1531,40720,894,1,1,2,0.00,0.00,'2021-02-25 14:41:20','2021-02-25 14:41:20',4,NULL),(30443,1279,157,122,1531,40720,894,1,1,1,0.00,0.00,'2021-02-25 14:41:20','2021-02-25 14:41:20',4,NULL),(30444,1279,157,122,1531,40720,894,1,1,5,0.00,0.00,'2021-02-25 14:41:20','2021-02-25 14:41:20',4,NULL),(30445,1279,157,122,1531,40720,894,1,1,4,0.00,0.00,'2021-02-25 14:41:20','2021-02-25 14:41:20',4,NULL),(30446,1279,157,122,1531,40720,894,1,1,8,0.00,0.00,'2021-02-25 14:41:20','2021-02-25 14:41:20',4,NULL),(30447,1279,157,122,1531,40720,894,1,1,6,0.00,0.00,'2021-02-25 14:41:20','2021-02-25 14:41:20',4,NULL),(30448,1279,157,122,1531,40720,894,1,1,7,0.00,0.00,'2021-02-25 14:41:20','2021-02-25 14:41:20',4,NULL),(30449,1279,157,122,1531,40720,1,4,2,3,0.00,0.00,'2021-02-25 14:41:20','2021-02-25 14:41:20',5,NULL),(30450,1279,157,122,1531,40720,1,11,2,3,0.00,0.00,'2021-02-25 14:41:20','2021-02-25 14:41:20',5,NULL),(30451,1279,157,122,1531,40720,1,7,2,3,0.00,0.00,'2021-02-25 14:41:20','2021-02-25 14:41:20',5,NULL),(30452,1279,157,122,1531,40720,1,12,2,3,0.00,0.00,'2021-02-25 14:41:20','2021-02-25 14:41:20',5,NULL),(30453,1279,157,122,1531,40720,1,1,2,3,0.00,0.00,'2021-02-25 14:41:20','2021-02-25 14:41:20',5,NULL),(30454,1279,157,122,1531,40720,1,8,2,3,0.00,0.00,'2021-02-25 14:41:20','2021-02-25 14:41:20',5,NULL),(30455,1279,157,122,1531,40720,1,5,2,3,0.00,0.00,'2021-02-25 14:41:20','2021-02-25 14:41:20',5,NULL),(30456,1279,157,122,1531,40720,1,13,2,3,0.00,0.00,'2021-02-25 14:41:20','2021-02-25 14:41:20',5,NULL),(30457,1279,157,122,1531,40720,1,2,2,3,0.00,0.00,'2021-02-25 14:41:20','2021-02-25 14:41:20',5,NULL),(30458,1279,157,122,1531,40720,1,9,2,3,0.00,0.00,'2021-02-25 14:41:20','2021-02-25 14:41:20',5,NULL),(30459,1279,157,122,1531,40720,1,10,2,3,0.00,0.00,'2021-02-25 14:41:20','2021-02-25 14:41:20',5,NULL),(30460,1279,157,122,1531,40720,1,6,2,3,0.00,0.00,'2021-02-25 14:41:20','2021-02-25 14:41:20',5,NULL),(30461,1279,157,122,1531,40720,1,14,2,3,0.00,0.00,'2021-02-25 14:41:20','2021-02-25 14:41:20',5,NULL),(30462,1279,157,122,1531,40720,1,3,2,3,0.00,0.00,'2021-02-25 14:41:20','2021-02-25 14:41:20',5,NULL),(30463,1279,157,122,1531,40720,1,12,2,2,0.00,0.00,'2021-02-25 14:41:20','2021-02-25 14:41:20',5,NULL),(30464,1279,157,122,1531,40720,1,1,2,2,8000.00,1680.00,'2021-02-25 14:41:20','2021-02-25 14:41:20',5,NULL),(30465,1279,157,122,1531,40720,1,8,2,2,0.00,0.00,'2021-02-25 14:41:20','2021-02-25 14:41:20',5,NULL),(30466,1279,157,122,1531,40720,1,5,2,2,0.00,0.00,'2021-02-25 14:41:20','2021-02-25 14:41:20',5,NULL),(30467,1279,157,122,1531,40720,1,13,2,2,0.00,0.00,'2021-02-25 14:41:20','2021-02-25 14:41:20',5,NULL),(30468,1279,157,122,1531,40720,1,2,2,2,0.00,0.00,'2021-02-25 14:41:20','2021-02-25 14:41:20',5,NULL),(30469,1279,157,122,1531,40720,1,9,2,2,0.00,0.00,'2021-02-25 14:41:20','2021-02-25 14:41:20',5,NULL),(30470,1279,157,122,1531,40720,1,10,2,2,0.00,0.00,'2021-02-25 14:41:20','2021-02-25 14:41:20',5,NULL),(30471,1279,157,122,1531,40720,1,6,2,2,0.00,0.00,'2021-02-25 14:41:20','2021-02-25 14:41:20',5,NULL),(30472,1279,157,122,1531,40720,1,14,2,2,0.00,0.00,'2021-02-25 14:41:20','2021-02-25 14:41:20',5,NULL),(30473,1279,157,122,1531,40720,1,3,2,2,0.00,0.00,'2021-02-25 14:41:20','2021-02-25 14:41:20',5,NULL),(30474,1279,157,122,1531,40720,1,11,2,2,0.00,0.00,'2021-02-25 14:41:20','2021-02-25 14:41:20',5,NULL),(30475,1279,157,122,1531,40720,1,7,2,2,0.00,0.00,'2021-02-25 14:41:20','2021-02-25 14:41:20',5,NULL);
INSERT INTO `period_liquidation_iva_details` VALUES (30476,1279,157,122,1531,40720,1,4,2,2,0.00,0.00,'2021-02-25 14:41:20','2021-02-25 14:41:20',5,NULL),(30477,1279,157,122,1531,40720,1,5,2,1,0.00,0.00,'2021-02-25 14:41:20','2021-02-25 14:41:20',5,NULL),(30478,1279,157,122,1531,40720,1,13,2,1,0.00,0.00,'2021-02-25 14:41:20','2021-02-25 14:41:20',5,NULL),(30479,1279,157,122,1531,40720,1,2,2,1,0.00,0.00,'2021-02-25 14:41:20','2021-02-25 14:41:20',5,NULL),(30480,1279,157,122,1531,40720,1,9,2,1,0.00,0.00,'2021-02-25 14:41:20','2021-02-25 14:41:20',5,NULL),(30481,1279,157,122,1531,40720,1,10,2,1,0.00,0.00,'2021-02-25 14:41:20','2021-02-25 14:41:20',5,NULL),(30482,1279,157,122,1531,40720,1,6,2,1,0.00,0.00,'2021-02-25 14:41:20','2021-02-25 14:41:20',5,NULL),(30483,1279,157,122,1531,40720,1,14,2,1,0.00,0.00,'2021-02-25 14:41:20','2021-02-25 14:41:20',5,NULL),(30484,1279,157,122,1531,40720,1,3,2,1,0.00,0.00,'2021-02-25 14:41:20','2021-02-25 14:41:20',5,NULL),(30485,1279,157,122,1531,40720,1,11,2,1,0.00,0.00,'2021-02-25 14:41:20','2021-02-25 14:41:20',5,NULL),(30486,1279,157,122,1531,40720,1,7,2,1,0.00,0.00,'2021-02-25 14:41:20','2021-02-25 14:41:20',5,NULL),(30487,1279,157,122,1531,40720,1,4,2,1,0.00,0.00,'2021-02-25 14:41:20','2021-02-25 14:41:20',5,NULL),(30488,1279,157,122,1531,40720,1,12,2,1,0.00,0.00,'2021-02-25 14:41:20','2021-02-25 14:41:20',5,NULL),(30489,1279,157,122,1531,40720,1,1,2,1,0.00,0.00,'2021-02-25 14:41:20','2021-02-25 14:41:20',5,NULL),(30490,1279,157,122,1531,40720,1,8,2,1,0.00,0.00,'2021-02-25 14:41:20','2021-02-25 14:41:20',5,NULL),(30491,1279,157,122,1531,40720,1,12,2,5,0.00,0.00,'2021-02-25 14:41:20','2021-02-25 14:41:20',5,NULL),(30492,1279,157,122,1531,40720,1,1,2,5,0.00,0.00,'2021-02-25 14:41:20','2021-02-25 14:41:20',5,NULL),(30493,1279,157,122,1531,40720,1,8,2,5,0.00,0.00,'2021-02-25 14:41:20','2021-02-25 14:41:20',5,NULL),(30494,1279,157,122,1531,40720,1,5,2,5,0.00,0.00,'2021-02-25 14:41:20','2021-02-25 14:41:20',5,NULL),(30495,1279,157,122,1531,40720,1,13,2,5,0.00,0.00,'2021-02-25 14:41:20','2021-02-25 14:41:20',5,NULL),(30496,1279,157,122,1531,40720,1,2,2,5,0.00,0.00,'2021-02-25 14:41:20','2021-02-25 14:41:20',5,NULL),(30497,1279,157,122,1531,40720,1,9,2,5,0.00,0.00,'2021-02-25 14:41:20','2021-02-25 14:41:20',5,NULL),(30498,1279,157,122,1531,40720,1,10,2,5,0.00,0.00,'2021-02-25 14:41:20','2021-02-25 14:41:20',5,NULL),(30499,1279,157,122,1531,40720,1,6,2,5,0.00,0.00,'2021-02-25 14:41:20','2021-02-25 14:41:20',5,NULL),(30500,1279,157,122,1531,40720,1,14,2,5,0.00,0.00,'2021-02-25 14:41:20','2021-02-25 14:41:20',5,NULL),(30501,1279,157,122,1531,40720,1,3,2,5,0.00,0.00,'2021-02-25 14:41:20','2021-02-25 14:41:20',5,NULL),(30502,1279,157,122,1531,40720,1,4,2,5,0.00,0.00,'2021-02-25 14:41:20','2021-02-25 14:41:20',5,NULL),(30503,1279,157,122,1531,40720,1,11,2,5,0.00,0.00,'2021-02-25 14:41:20','2021-02-25 14:41:20',5,NULL),(30504,1279,157,122,1531,40720,1,7,2,5,0.00,0.00,'2021-02-25 14:41:20','2021-02-25 14:41:20',5,NULL),(30505,1279,157,122,1531,40720,1,10,2,4,0.00,0.00,'2021-02-25 14:41:20','2021-02-25 14:41:20',5,NULL),(30506,1279,157,122,1531,40720,1,6,2,4,0.00,0.00,'2021-02-25 14:41:20','2021-02-25 14:41:20',5,NULL),(30507,1279,157,122,1531,40720,1,14,2,4,0.00,0.00,'2021-02-25 14:41:20','2021-02-25 14:41:20',5,NULL),(30508,1279,157,122,1531,40720,1,3,2,4,0.00,0.00,'2021-02-25 14:41:20','2021-02-25 14:41:20',5,NULL),(30509,1279,157,122,1531,40720,1,4,2,4,0.00,0.00,'2021-02-25 14:41:20','2021-02-25 14:41:20',5,NULL),(30510,1279,157,122,1531,40720,1,11,2,4,0.00,0.00,'2021-02-25 14:41:20','2021-02-25 14:41:20',5,NULL),(30511,1279,157,122,1531,40720,1,7,2,4,0.00,0.00,'2021-02-25 14:41:20','2021-02-25 14:41:20',5,NULL),(30512,1279,157,122,1531,40720,1,12,2,4,0.00,0.00,'2021-02-25 14:41:20','2021-02-25 14:41:20',5,NULL),(30513,1279,157,122,1531,40720,1,1,2,4,0.00,0.00,'2021-02-25 14:41:20','2021-02-25 14:41:20',5,NULL),(30514,1279,157,122,1531,40720,1,8,2,4,0.00,0.00,'2021-02-25 14:41:20','2021-02-25 14:41:20',5,NULL);
INSERT INTO `period_liquidation_iva_details` VALUES (30515,1279,157,122,1531,40720,1,5,2,4,0.00,0.00,'2021-02-25 14:41:20','2021-02-25 14:41:20',5,NULL),(30516,1279,157,122,1531,40720,1,13,2,4,0.00,0.00,'2021-02-25 14:41:20','2021-02-25 14:41:20',5,NULL),(30517,1279,157,122,1531,40720,1,2,2,4,0.00,0.00,'2021-02-25 14:41:20','2021-02-25 14:41:20',5,NULL),(30518,1279,157,122,1531,40720,1,9,2,4,0.00,0.00,'2021-02-25 14:41:20','2021-02-25 14:41:20',5,NULL),(30519,1279,157,122,1531,40720,1,4,2,6,0.00,0.00,'2021-02-25 14:41:20','2021-02-25 14:41:20',5,NULL),(30520,1279,157,122,1531,40720,1,11,2,6,0.00,0.00,'2021-02-25 14:41:20','2021-02-25 14:41:20',5,NULL),(30521,1279,157,122,1531,40720,1,7,2,6,0.00,0.00,'2021-02-25 14:41:20','2021-02-25 14:41:20',5,NULL),(30522,1279,157,122,1531,40720,1,10,2,7,0.00,0.00,'2021-02-25 14:41:20','2021-02-25 14:41:20',5,NULL),(30523,1279,157,122,1531,40720,1,6,2,7,0.00,0.00,'2021-02-25 14:41:20','2021-02-25 14:41:20',5,NULL),(30524,1279,157,122,1531,40720,1,14,2,7,0.00,0.00,'2021-02-25 14:41:20','2021-02-25 14:41:20',5,NULL),(30525,1279,157,122,1531,40720,1,3,2,7,0.00,0.00,'2021-02-25 14:41:20','2021-02-25 14:41:20',5,NULL),(30526,1279,157,122,1531,40720,1,9,2,8,0.00,0.00,'2021-02-25 14:41:20','2021-02-25 14:41:20',5,NULL),(30527,1279,157,122,1531,40720,1,5,2,8,0.00,0.00,'2021-02-25 14:41:20','2021-02-25 14:41:20',5,NULL),(30528,1279,157,122,1531,40720,1,13,2,8,0.00,0.00,'2021-02-25 14:41:20','2021-02-25 14:41:20',5,NULL),(30529,1279,157,122,1531,40720,1,2,2,8,0.00,0.00,'2021-02-25 14:41:20','2021-02-25 14:41:20',5,NULL),(30530,1279,157,122,1531,40720,1,12,2,6,0.00,0.00,'2021-02-25 14:41:20','2021-02-25 14:41:20',5,NULL),(30531,1279,157,122,1531,40720,1,1,2,6,0.00,0.00,'2021-02-25 14:41:20','2021-02-25 14:41:20',5,NULL),(30532,1279,157,122,1531,40720,1,8,2,6,0.00,0.00,'2021-02-25 14:41:20','2021-02-25 14:41:20',5,NULL),(30533,1279,157,122,1531,40720,1,4,2,7,0.00,0.00,'2021-02-25 14:41:20','2021-02-25 14:41:20',5,NULL),(30534,1279,157,122,1531,40720,1,11,2,7,0.00,0.00,'2021-02-25 14:41:20','2021-02-25 14:41:20',5,NULL),(30535,1279,157,122,1531,40720,1,7,2,7,0.00,0.00,'2021-02-25 14:41:20','2021-02-25 14:41:20',5,NULL),(30536,1279,157,122,1531,40720,1,10,2,8,0.00,0.00,'2021-02-25 14:41:20','2021-02-25 14:41:20',5,NULL),(30537,1279,157,122,1531,40720,1,6,2,8,0.00,0.00,'2021-02-25 14:41:20','2021-02-25 14:41:20',5,NULL),(30538,1279,157,122,1531,40720,1,14,2,8,0.00,0.00,'2021-02-25 14:41:20','2021-02-25 14:41:20',5,NULL),(30539,1279,157,122,1531,40720,1,3,2,8,0.00,0.00,'2021-02-25 14:41:20','2021-02-25 14:41:20',5,NULL),(30540,1279,157,122,1531,40720,1,5,2,6,0.00,0.00,'2021-02-25 14:41:20','2021-02-25 14:41:20',5,NULL),(30541,1279,157,122,1531,40720,1,13,2,6,0.00,0.00,'2021-02-25 14:41:20','2021-02-25 14:41:20',5,NULL),(30542,1279,157,122,1531,40720,1,2,2,6,0.00,0.00,'2021-02-25 14:41:20','2021-02-25 14:41:20',5,NULL),(30543,1279,157,122,1531,40720,1,9,2,6,0.00,0.00,'2021-02-25 14:41:20','2021-02-25 14:41:20',5,NULL),(30544,1279,157,122,1531,40720,1,12,2,7,0.00,0.00,'2021-02-25 14:41:20','2021-02-25 14:41:20',5,NULL),(30545,1279,157,122,1531,40720,1,1,2,7,0.00,0.00,'2021-02-25 14:41:20','2021-02-25 14:41:20',5,NULL),(30546,1279,157,122,1531,40720,1,8,2,7,0.00,0.00,'2021-02-25 14:41:20','2021-02-25 14:41:20',5,NULL),(30547,1279,157,122,1531,40720,1,4,2,8,0.00,0.00,'2021-02-25 14:41:20','2021-02-25 14:41:20',5,NULL),(30548,1279,157,122,1531,40720,1,11,2,8,0.00,0.00,'2021-02-25 14:41:20','2021-02-25 14:41:20',5,NULL),(30549,1279,157,122,1531,40720,1,7,2,8,0.00,0.00,'2021-02-25 14:41:20','2021-02-25 14:41:20',5,NULL),(30550,1279,157,122,1531,40720,1,10,2,6,0.00,0.00,'2021-02-25 14:41:20','2021-02-25 14:41:20',5,NULL),(30551,1279,157,122,1531,40720,1,6,2,6,0.00,0.00,'2021-02-25 14:41:20','2021-02-25 14:41:20',5,NULL),(30552,1279,157,122,1531,40720,1,14,2,6,0.00,0.00,'2021-02-25 14:41:20','2021-02-25 14:41:20',5,NULL),(30553,1279,157,122,1531,40720,1,3,2,6,0.00,0.00,'2021-02-25 14:41:20','2021-02-25 14:41:20',5,NULL);
INSERT INTO `period_liquidation_iva_details` VALUES (30554,1279,157,122,1531,40720,1,9,2,7,0.00,0.00,'2021-02-25 14:41:20','2021-02-25 14:41:20',5,NULL),(30555,1279,157,122,1531,40720,1,5,2,7,0.00,0.00,'2021-02-25 14:41:20','2021-02-25 14:41:20',5,NULL),(30556,1279,157,122,1531,40720,1,13,2,7,0.00,0.00,'2021-02-25 14:41:20','2021-02-25 14:41:20',5,NULL),(30557,1279,157,122,1531,40720,1,2,2,7,0.00,0.00,'2021-02-25 14:41:20','2021-02-25 14:41:20',5,NULL),(30558,1279,157,122,1531,40720,1,12,2,8,0.00,0.00,'2021-02-25 14:41:20','2021-02-25 14:41:20',5,NULL),(30559,1279,157,122,1531,40720,1,1,2,8,0.00,0.00,'2021-02-25 14:41:20','2021-02-25 14:41:20',5,NULL),(30560,1279,157,122,1531,40720,1,8,2,8,0.00,0.00,'2021-02-25 14:41:20','2021-02-25 14:41:20',5,NULL),(30561,1279,157,122,1531,40720,1,10,2,3,0.00,0.00,'2021-02-25 14:41:20','2021-02-25 14:41:20',6,NULL),(30562,1279,157,122,1531,40720,1,13,2,3,0.00,0.00,'2021-02-25 14:41:20','2021-02-25 14:41:20',6,NULL),(30563,1279,157,122,1531,40720,1,3,2,3,0.00,0.00,'2021-02-25 14:41:20','2021-02-25 14:41:20',6,NULL),(30564,1279,157,122,1531,40720,1,6,2,3,0.00,0.00,'2021-02-25 14:41:20','2021-02-25 14:41:20',6,NULL),(30565,1279,157,122,1531,40720,1,9,2,3,0.00,0.00,'2021-02-25 14:41:20','2021-02-25 14:41:20',6,NULL),(30566,1279,157,122,1531,40720,1,12,2,3,0.00,0.00,'2021-02-25 14:41:20','2021-02-25 14:41:20',6,NULL),(30567,1279,157,122,1531,40720,1,2,2,3,0.00,0.00,'2021-02-25 14:41:20','2021-02-25 14:41:20',6,NULL),(30568,1279,157,122,1531,40720,1,5,2,3,0.00,0.00,'2021-02-25 14:41:20','2021-02-25 14:41:20',6,NULL),(30569,1279,157,122,1531,40720,1,8,2,3,0.00,0.00,'2021-02-25 14:41:20','2021-02-25 14:41:20',6,NULL),(30570,1279,157,122,1531,40720,1,11,2,3,0.00,0.00,'2021-02-25 14:41:20','2021-02-25 14:41:20',6,NULL),(30571,1279,157,122,1531,40720,1,14,2,3,0.00,0.00,'2021-02-25 14:41:20','2021-02-25 14:41:20',6,NULL),(30572,1279,157,122,1531,40720,1,1,2,3,0.00,0.00,'2021-02-25 14:41:20','2021-02-25 14:41:20',6,NULL),(30573,1279,157,122,1531,40720,1,4,2,3,0.00,0.00,'2021-02-25 14:41:20','2021-02-25 14:41:20',6,NULL),(30574,1279,157,122,1531,40720,1,7,2,3,0.00,0.00,'2021-02-25 14:41:20','2021-02-25 14:41:20',6,NULL),(30575,1279,157,122,1531,40720,1,9,2,2,0.00,0.00,'2021-02-25 14:41:20','2021-02-25 14:41:20',6,NULL),(30576,1279,157,122,1531,40720,1,12,2,2,0.00,0.00,'2021-02-25 14:41:20','2021-02-25 14:41:20',6,NULL),(30577,1279,157,122,1531,40720,1,2,2,2,0.00,0.00,'2021-02-25 14:41:20','2021-02-25 14:41:20',6,NULL),(30578,1279,157,122,1531,40720,1,5,2,2,0.00,0.00,'2021-02-25 14:41:20','2021-02-25 14:41:20',6,NULL),(30579,1279,157,122,1531,40720,1,8,2,2,0.00,0.00,'2021-02-25 14:41:20','2021-02-25 14:41:20',6,NULL),(30580,1279,157,122,1531,40720,1,11,2,2,0.00,0.00,'2021-02-25 14:41:20','2021-02-25 14:41:20',6,NULL),(30581,1279,157,122,1531,40720,1,14,2,2,0.00,0.00,'2021-02-25 14:41:20','2021-02-25 14:41:20',6,NULL),(30582,1279,157,122,1531,40720,1,1,2,2,0.00,0.00,'2021-02-25 14:41:20','2021-02-25 14:41:20',6,NULL),(30583,1279,157,122,1531,40720,1,4,2,2,0.00,0.00,'2021-02-25 14:41:20','2021-02-25 14:41:20',6,NULL),(30584,1279,157,122,1531,40720,1,7,2,2,0.00,0.00,'2021-02-25 14:41:20','2021-02-25 14:41:20',6,NULL),(30585,1279,157,122,1531,40720,1,10,2,2,0.00,0.00,'2021-02-25 14:41:20','2021-02-25 14:41:20',6,NULL),(30586,1279,157,122,1531,40720,1,13,2,2,0.00,0.00,'2021-02-25 14:41:20','2021-02-25 14:41:20',6,NULL),(30587,1279,157,122,1531,40720,1,3,2,2,0.00,0.00,'2021-02-25 14:41:20','2021-02-25 14:41:20',6,NULL),(30588,1279,157,122,1531,40720,1,6,2,2,0.00,0.00,'2021-02-25 14:41:20','2021-02-25 14:41:20',6,NULL),(30589,1279,157,122,1531,40720,1,5,2,1,0.00,0.00,'2021-02-25 14:41:20','2021-02-25 14:41:20',6,NULL),(30590,1279,157,122,1531,40720,1,8,2,1,0.00,0.00,'2021-02-25 14:41:20','2021-02-25 14:41:20',6,NULL),(30591,1279,157,122,1531,40720,1,11,2,1,0.00,0.00,'2021-02-25 14:41:20','2021-02-25 14:41:20',6,NULL),(30592,1279,157,122,1531,40720,1,14,2,1,0.00,0.00,'2021-02-25 14:41:20','2021-02-25 14:41:20',6,NULL);
INSERT INTO `period_liquidation_iva_details` VALUES (30593,1279,157,122,1531,40720,1,1,2,1,0.00,0.00,'2021-02-25 14:41:20','2021-02-25 14:41:20',6,NULL),(30594,1279,157,122,1531,40720,1,4,2,1,0.00,0.00,'2021-02-25 14:41:20','2021-02-25 14:41:20',6,NULL),(30595,1279,157,122,1531,40720,1,7,2,1,0.00,0.00,'2021-02-25 14:41:20','2021-02-25 14:41:20',6,NULL),(30596,1279,157,122,1531,40720,1,10,2,1,0.00,0.00,'2021-02-25 14:41:20','2021-02-25 14:41:20',6,NULL),(30597,1279,157,122,1531,40720,1,13,2,1,0.00,0.00,'2021-02-25 14:41:20','2021-02-25 14:41:20',6,NULL),(30598,1279,157,122,1531,40720,1,3,2,1,0.00,0.00,'2021-02-25 14:41:20','2021-02-25 14:41:20',6,NULL),(30599,1279,157,122,1531,40720,1,6,2,1,0.00,0.00,'2021-02-25 14:41:20','2021-02-25 14:41:20',6,NULL),(30600,1279,157,122,1531,40720,1,9,2,1,0.00,0.00,'2021-02-25 14:41:20','2021-02-25 14:41:20',6,NULL),(30601,1279,157,122,1531,40720,1,12,2,1,0.00,0.00,'2021-02-25 14:41:20','2021-02-25 14:41:20',6,NULL),(30602,1279,157,122,1531,40720,1,2,2,1,0.00,0.00,'2021-02-25 14:41:20','2021-02-25 14:41:20',6,NULL),(30603,1279,157,122,1531,40720,1,2,2,5,0.00,0.00,'2021-02-25 14:41:20','2021-02-25 14:41:20',6,NULL),(30604,1279,157,122,1531,40720,1,5,2,5,0.00,0.00,'2021-02-25 14:41:20','2021-02-25 14:41:20',6,NULL),(30605,1279,157,122,1531,40720,1,8,2,5,0.00,0.00,'2021-02-25 14:41:20','2021-02-25 14:41:20',6,NULL),(30606,1279,157,122,1531,40720,1,11,2,5,0.00,0.00,'2021-02-25 14:41:20','2021-02-25 14:41:20',6,NULL),(30607,1279,157,122,1531,40720,1,14,2,5,0.00,0.00,'2021-02-25 14:41:20','2021-02-25 14:41:20',6,NULL),(30608,1279,157,122,1531,40720,1,1,2,5,0.00,0.00,'2021-02-25 14:41:20','2021-02-25 14:41:20',6,NULL),(30609,1279,157,122,1531,40720,1,4,2,5,0.00,0.00,'2021-02-25 14:41:20','2021-02-25 14:41:20',6,NULL),(30610,1279,157,122,1531,40720,1,7,2,5,0.00,0.00,'2021-02-25 14:41:20','2021-02-25 14:41:20',6,NULL),(30611,1279,157,122,1531,40720,1,10,2,5,0.00,0.00,'2021-02-25 14:41:20','2021-02-25 14:41:20',6,NULL),(30612,1279,157,122,1531,40720,1,13,2,5,0.00,0.00,'2021-02-25 14:41:20','2021-02-25 14:41:20',6,NULL),(30613,1279,157,122,1531,40720,1,3,2,5,0.00,0.00,'2021-02-25 14:41:20','2021-02-25 14:41:20',6,NULL),(30614,1279,157,122,1531,40720,1,6,2,5,0.00,0.00,'2021-02-25 14:41:20','2021-02-25 14:41:20',6,NULL),(30615,1279,157,122,1531,40720,1,9,2,5,0.00,0.00,'2021-02-25 14:41:20','2021-02-25 14:41:20',6,NULL),(30616,1279,157,122,1531,40720,1,12,2,5,0.00,0.00,'2021-02-25 14:41:20','2021-02-25 14:41:20',6,NULL),(30617,1279,157,122,1531,40720,1,14,2,4,0.00,0.00,'2021-02-25 14:41:20','2021-02-25 14:41:20',6,NULL),(30618,1279,157,122,1531,40720,1,1,2,4,0.00,0.00,'2021-02-25 14:41:20','2021-02-25 14:41:20',6,NULL),(30619,1279,157,122,1531,40720,1,4,2,4,0.00,0.00,'2021-02-25 14:41:20','2021-02-25 14:41:20',6,NULL),(30620,1279,157,122,1531,40720,1,7,2,4,0.00,0.00,'2021-02-25 14:41:20','2021-02-25 14:41:20',6,NULL),(30621,1279,157,122,1531,40720,1,10,2,4,0.00,0.00,'2021-02-25 14:41:20','2021-02-25 14:41:20',6,NULL),(30622,1279,157,122,1531,40720,1,13,2,4,0.00,0.00,'2021-02-25 14:41:20','2021-02-25 14:41:20',6,NULL),(30623,1279,157,122,1531,40720,1,3,2,4,0.00,0.00,'2021-02-25 14:41:20','2021-02-25 14:41:20',6,NULL),(30624,1279,157,122,1531,40720,1,6,2,4,0.00,0.00,'2021-02-25 14:41:20','2021-02-25 14:41:20',6,NULL),(30625,1279,157,122,1531,40720,1,9,2,4,0.00,0.00,'2021-02-25 14:41:20','2021-02-25 14:41:20',6,NULL),(30626,1279,157,122,1531,40720,1,12,2,4,0.00,0.00,'2021-02-25 14:41:20','2021-02-25 14:41:20',6,NULL),(30627,1279,157,122,1531,40720,1,2,2,4,0.00,0.00,'2021-02-25 14:41:20','2021-02-25 14:41:20',6,NULL),(30628,1279,157,122,1531,40720,1,5,2,4,0.00,0.00,'2021-02-25 14:41:20','2021-02-25 14:41:20',6,NULL),(30629,1279,157,122,1531,40720,1,8,2,4,0.00,0.00,'2021-02-25 14:41:20','2021-02-25 14:41:20',6,NULL),(30630,1279,157,122,1531,40720,1,11,2,4,0.00,0.00,'2021-02-25 14:41:20','2021-02-25 14:41:20',6,NULL),(30631,1279,157,122,1531,40720,1,3,2,8,0.00,0.00,'2021-02-25 14:41:20','2021-02-25 14:41:20',6,NULL);
INSERT INTO `period_liquidation_iva_details` VALUES (30632,1279,157,122,1531,40720,1,6,2,8,0.00,0.00,'2021-02-25 14:41:20','2021-02-25 14:41:20',6,NULL),(30633,1279,157,122,1531,40720,1,9,2,8,0.00,0.00,'2021-02-25 14:41:20','2021-02-25 14:41:20',6,NULL),(30634,1279,157,122,1531,40720,1,12,2,8,0.00,0.00,'2021-02-25 14:41:20','2021-02-25 14:41:20',6,NULL),(30635,1279,157,122,1531,40720,1,2,2,8,0.00,0.00,'2021-02-25 14:41:20','2021-02-25 14:41:20',6,NULL),(30636,1279,157,122,1531,40720,1,5,2,8,0.00,0.00,'2021-02-25 14:41:20','2021-02-25 14:41:20',6,NULL),(30637,1279,157,122,1531,40720,1,8,2,8,0.00,0.00,'2021-02-25 14:41:20','2021-02-25 14:41:20',6,NULL),(30638,1279,157,122,1531,40720,1,11,2,8,0.00,0.00,'2021-02-25 14:41:20','2021-02-25 14:41:20',6,NULL),(30639,1279,157,122,1531,40720,1,14,2,8,0.00,0.00,'2021-02-25 14:41:20','2021-02-25 14:41:20',6,NULL),(30640,1279,157,122,1531,40720,1,1,2,8,0.00,0.00,'2021-02-25 14:41:20','2021-02-25 14:41:20',6,NULL),(30641,1279,157,122,1531,40720,1,4,2,8,0.00,0.00,'2021-02-25 14:41:20','2021-02-25 14:41:20',6,NULL),(30642,1279,157,122,1531,40720,1,7,2,8,0.00,0.00,'2021-02-25 14:41:20','2021-02-25 14:41:20',6,NULL),(30643,1279,157,122,1531,40720,1,10,2,8,0.00,0.00,'2021-02-25 14:41:20','2021-02-25 14:41:20',6,NULL),(30644,1279,157,122,1531,40720,1,13,2,8,0.00,0.00,'2021-02-25 14:41:20','2021-02-25 14:41:20',6,NULL),(30645,1279,157,122,1531,40720,1,7,2,6,0.00,0.00,'2021-02-25 14:41:20','2021-02-25 14:41:20',7,NULL),(30646,1279,157,122,1531,40720,1,3,2,7,0.00,0.00,'2021-02-25 14:41:20','2021-02-25 14:41:20',7,NULL),(30647,1279,157,122,1531,40720,1,12,2,7,0.00,0.00,'2021-02-25 14:41:20','2021-02-25 14:41:20',7,NULL),(30648,1279,157,122,1531,40720,1,9,2,6,0.00,0.00,'2021-02-25 14:41:20','2021-02-25 14:41:20',7,NULL),(30649,1279,157,122,1531,40720,1,5,2,7,0.00,0.00,'2021-02-25 14:41:20','2021-02-25 14:41:20',7,NULL),(30650,1279,157,122,1531,40720,1,2,2,6,0.00,0.00,'2021-02-25 14:41:20','2021-02-25 14:41:20',7,NULL),(30651,1279,157,122,1531,40720,1,14,2,7,0.00,0.00,'2021-02-25 14:41:20','2021-02-25 14:41:20',7,NULL),(30652,1279,157,122,1531,40720,1,11,2,6,0.00,0.00,'2021-02-25 14:41:20','2021-02-25 14:41:20',7,NULL),(30653,1279,157,122,1531,40720,1,7,2,7,0.00,0.00,'2021-02-25 14:41:20','2021-02-25 14:41:20',7,NULL),(30654,1279,157,122,1531,40720,1,4,2,6,0.00,0.00,'2021-02-25 14:41:20','2021-02-25 14:41:20',7,NULL),(30655,1279,157,122,1531,40720,1,13,2,6,0.00,0.00,'2021-02-25 14:41:20','2021-02-25 14:41:20',7,NULL),(30656,1279,157,122,1531,40720,1,9,2,7,0.00,0.00,'2021-02-25 14:41:20','2021-02-25 14:41:20',7,NULL),(30657,1279,157,122,1531,40720,1,6,2,6,0.00,0.00,'2021-02-25 14:41:20','2021-02-25 14:41:20',7,NULL),(30658,1279,157,122,1531,40720,1,2,2,7,0.00,0.00,'2021-02-25 14:41:20','2021-02-25 14:41:20',7,NULL),(30659,1279,157,122,1531,40720,1,11,2,7,0.00,0.00,'2021-02-25 14:41:20','2021-02-25 14:41:20',7,NULL),(30660,1279,157,122,1531,40720,1,8,2,6,0.00,0.00,'2021-02-25 14:41:20','2021-02-25 14:41:20',7,NULL),(30661,1279,157,122,1531,40720,1,4,2,7,0.00,0.00,'2021-02-25 14:41:20','2021-02-25 14:41:20',7,NULL),(30662,1279,157,122,1531,40720,1,1,2,6,0.00,0.00,'2021-02-25 14:41:20','2021-02-25 14:41:20',7,NULL),(30663,1279,157,122,1531,40720,1,13,2,7,0.00,0.00,'2021-02-25 14:41:20','2021-02-25 14:41:20',7,NULL),(30664,1279,157,122,1531,40720,1,10,2,6,0.00,0.00,'2021-02-25 14:41:20','2021-02-25 14:41:20',7,NULL),(30665,1279,157,122,1531,40720,1,6,2,7,0.00,0.00,'2021-02-25 14:41:20','2021-02-25 14:41:20',7,NULL),(30666,1279,157,122,1531,40720,1,3,2,6,0.00,0.00,'2021-02-25 14:41:20','2021-02-25 14:41:20',7,NULL),(30667,1279,157,122,1531,40720,1,12,2,6,0.00,0.00,'2021-02-25 14:41:20','2021-02-25 14:41:20',7,NULL),(30668,1279,157,122,1531,40720,1,8,2,7,0.00,0.00,'2021-02-25 14:41:20','2021-02-25 14:41:20',7,NULL),(30669,1279,157,122,1531,40720,1,5,2,6,0.00,0.00,'2021-02-25 14:41:20','2021-02-25 14:41:20',7,NULL),(30670,1279,157,122,1531,40720,1,1,2,7,0.00,0.00,'2021-02-25 14:41:20','2021-02-25 14:41:20',7,NULL);
INSERT INTO `period_liquidation_iva_details` VALUES (30671,1279,157,122,1531,40720,1,14,2,6,0.00,0.00,'2021-02-25 14:41:20','2021-02-25 14:41:20',7,NULL),(30672,1279,157,122,1531,40720,1,10,2,7,0.00,0.00,'2021-02-25 14:41:20','2021-02-25 14:41:20',7,NULL),(31925,1234,164,128,5964,40758,410,1,1,3,0.00,0.00,'2021-03-21 15:56:13','2021-03-21 15:56:13',1,NULL),(31926,1234,164,128,5964,40758,400,1,1,3,0.00,0.00,'2021-03-21 15:56:13','2021-03-21 15:56:13',1,NULL),(31927,1234,164,128,5964,40758,400,1,1,2,0.00,0.00,'2021-03-21 15:56:13','2021-03-21 15:56:13',1,NULL),(31928,1234,164,128,5964,40758,410,1,1,2,823673.46,172971.43,'2021-03-21 15:56:13','2021-03-21 15:56:13',1,NULL),(31929,1234,164,128,5964,40758,410,1,1,1,0.00,0.00,'2021-03-21 15:56:13','2021-03-21 15:56:13',1,NULL),(31930,1234,164,128,5964,40758,400,1,1,1,0.00,0.00,'2021-03-21 15:56:13','2021-03-21 15:56:13',1,NULL),(31931,1234,164,128,5964,40758,400,1,1,5,0.00,0.00,'2021-03-21 15:56:13','2021-03-21 15:56:13',1,NULL),(31932,1234,164,128,5964,40758,410,1,1,5,0.00,0.00,'2021-03-21 15:56:13','2021-03-21 15:56:13',1,NULL),(31933,1234,164,128,5964,40758,410,1,1,4,0.00,0.00,'2021-03-21 15:56:13','2021-03-21 15:56:13',1,NULL),(31934,1234,164,128,5964,40758,400,1,1,4,0.00,0.00,'2021-03-21 15:56:13','2021-03-21 15:56:13',1,NULL),(31935,1234,164,128,5964,40758,400,1,1,8,0.00,0.00,'2021-03-21 15:56:13','2021-03-21 15:56:13',1,NULL),(31936,1234,164,128,5964,40758,410,1,1,8,0.00,0.00,'2021-03-21 15:56:13','2021-03-21 15:56:13',1,NULL),(31937,1234,164,128,5964,40758,410,1,1,3,0.00,0.00,'2021-03-21 15:56:13','2021-03-21 15:56:13',2,NULL),(31938,1234,164,128,5964,40758,400,1,1,3,0.00,0.00,'2021-03-21 15:56:13','2021-03-21 15:56:13',2,NULL),(31939,1234,164,128,5964,40758,410,1,1,2,0.00,0.00,'2021-03-21 15:56:13','2021-03-21 15:56:13',2,NULL),(31940,1234,164,128,5964,40758,400,1,1,2,0.00,0.00,'2021-03-21 15:56:13','2021-03-21 15:56:13',2,NULL),(31941,1234,164,128,5964,40758,400,1,1,1,0.00,0.00,'2021-03-21 15:56:13','2021-03-21 15:56:13',2,NULL),(31942,1234,164,128,5964,40758,410,1,1,1,0.00,0.00,'2021-03-21 15:56:13','2021-03-21 15:56:13',2,NULL),(31943,1234,164,128,5964,40758,410,1,1,5,0.00,0.00,'2021-03-21 15:56:13','2021-03-21 15:56:13',2,NULL),(31944,1234,164,128,5964,40758,400,1,1,5,0.00,0.00,'2021-03-21 15:56:13','2021-03-21 15:56:13',2,NULL),(31945,1234,164,128,5964,40758,400,1,1,4,0.00,0.00,'2021-03-21 15:56:13','2021-03-21 15:56:13',2,NULL),(31946,1234,164,128,5964,40758,410,1,1,4,0.00,0.00,'2021-03-21 15:56:13','2021-03-21 15:56:13',2,NULL),(31947,1234,164,128,5964,40758,410,1,1,8,0.00,0.00,'2021-03-21 15:56:13','2021-03-21 15:56:13',2,NULL),(31948,1234,164,128,5964,40758,400,1,1,8,0.00,0.00,'2021-03-21 15:56:13','2021-03-21 15:56:13',2,NULL),(31949,1234,164,128,5964,40758,410,1,1,6,0.00,0.00,'2021-03-21 15:56:13','2021-03-21 15:56:13',3,NULL),(31950,1234,164,128,5964,40758,410,1,1,7,0.00,0.00,'2021-03-21 15:56:13','2021-03-21 15:56:13',3,NULL),(31951,1234,164,128,5964,40758,400,1,1,6,0.00,0.00,'2021-03-21 15:56:13','2021-03-21 15:56:13',3,NULL),(31952,1234,164,128,5964,40758,400,1,1,7,0.00,0.00,'2021-03-21 15:56:13','2021-03-21 15:56:13',3,NULL),(31953,1234,164,128,5964,40758,400,1,1,3,0.00,0.00,'2021-03-21 15:56:13','2021-03-21 15:56:13',4,NULL),(31954,1234,164,128,5964,40758,410,1,1,3,0.00,0.00,'2021-03-21 15:56:13','2021-03-21 15:56:13',4,NULL),(31955,1234,164,128,5964,40758,400,1,1,2,0.00,0.00,'2021-03-21 15:56:13','2021-03-21 15:56:13',4,NULL),(31956,1234,164,128,5964,40758,410,1,1,2,0.00,0.00,'2021-03-21 15:56:13','2021-03-21 15:56:13',4,NULL),(31957,1234,164,128,5964,40758,410,1,1,1,0.00,0.00,'2021-03-21 15:56:13','2021-03-21 15:56:13',4,NULL),(31958,1234,164,128,5964,40758,400,1,1,1,0.00,0.00,'2021-03-21 15:56:13','2021-03-21 15:56:13',4,NULL),(31959,1234,164,128,5964,40758,410,1,1,5,0.00,0.00,'2021-03-21 15:56:13','2021-03-21 15:56:13',4,NULL),(31960,1234,164,128,5964,40758,400,1,1,5,0.00,0.00,'2021-03-21 15:56:13','2021-03-21 15:56:13',4,NULL);
INSERT INTO `period_liquidation_iva_details` VALUES (31961,1234,164,128,5964,40758,400,1,1,4,0.00,0.00,'2021-03-21 15:56:13','2021-03-21 15:56:13',4,NULL),(31962,1234,164,128,5964,40758,410,1,1,4,0.00,0.00,'2021-03-21 15:56:13','2021-03-21 15:56:13',4,NULL),(31963,1234,164,128,5964,40758,400,1,1,6,0.00,0.00,'2021-03-21 15:56:13','2021-03-21 15:56:13',4,NULL),(31964,1234,164,128,5964,40758,410,1,1,6,0.00,0.00,'2021-03-21 15:56:13','2021-03-21 15:56:13',4,NULL),(31965,1234,164,128,5964,40758,400,1,1,7,0.00,0.00,'2021-03-21 15:56:13','2021-03-21 15:56:13',4,NULL),(31966,1234,164,128,5964,40758,410,1,1,7,0.00,0.00,'2021-03-21 15:56:13','2021-03-21 15:56:13',4,NULL),(31967,1234,164,128,5964,40758,400,1,1,8,0.00,0.00,'2021-03-21 15:56:13','2021-03-21 15:56:13',4,NULL),(31968,1234,164,128,5964,40758,410,1,1,8,0.00,0.00,'2021-03-21 15:56:13','2021-03-21 15:56:13',4,NULL),(31969,1234,164,128,5964,40758,1,12,2,3,0.00,0.00,'2021-03-21 15:56:13','2021-03-21 15:56:13',5,NULL),(31970,1234,164,128,5964,40758,1,3,2,3,0.00,0.00,'2021-03-21 15:56:13','2021-03-21 15:56:13',5,NULL),(31971,1234,164,128,5964,40758,1,8,2,3,0.00,0.00,'2021-03-21 15:56:13','2021-03-21 15:56:13',5,NULL),(31972,1234,164,128,5964,40758,1,5,2,3,0.00,0.00,'2021-03-21 15:56:13','2021-03-21 15:56:13',5,NULL),(31973,1234,164,128,5964,40758,1,13,2,3,0.00,0.00,'2021-03-21 15:56:13','2021-03-21 15:56:13',5,NULL),(31974,1234,164,128,5964,40758,1,4,2,3,0.00,0.00,'2021-03-21 15:56:13','2021-03-21 15:56:13',5,NULL),(31975,1234,164,128,5964,40758,1,9,2,3,0.00,0.00,'2021-03-21 15:56:13','2021-03-21 15:56:13',5,NULL),(31976,1234,164,128,5964,40758,1,6,2,3,0.00,0.00,'2021-03-21 15:56:13','2021-03-21 15:56:13',5,NULL),(31977,1234,164,128,5964,40758,1,14,2,3,0.00,0.00,'2021-03-21 15:56:13','2021-03-21 15:56:13',5,NULL),(31978,1234,164,128,5964,40758,1,10,2,3,0.00,0.00,'2021-03-21 15:56:13','2021-03-21 15:56:13',5,NULL),(31979,1234,164,128,5964,40758,1,1,2,3,0.00,0.00,'2021-03-21 15:56:13','2021-03-21 15:56:13',5,NULL),(31980,1234,164,128,5964,40758,1,2,2,3,0.00,0.00,'2021-03-21 15:56:13','2021-03-21 15:56:13',5,NULL),(31981,1234,164,128,5964,40758,1,7,2,3,0.00,0.00,'2021-03-21 15:56:13','2021-03-21 15:56:13',5,NULL),(31982,1234,164,128,5964,40758,1,11,2,3,0.00,0.00,'2021-03-21 15:56:13','2021-03-21 15:56:13',5,NULL),(31983,1234,164,128,5964,40758,1,5,2,2,0.00,0.00,'2021-03-21 15:56:13','2021-03-21 15:56:13',5,NULL),(31984,1234,164,128,5964,40758,1,13,2,2,0.00,0.00,'2021-03-21 15:56:13','2021-03-21 15:56:13',5,NULL),(31985,1234,164,128,5964,40758,1,4,2,2,0.00,0.00,'2021-03-21 15:56:13','2021-03-21 15:56:13',5,NULL),(31986,1234,164,128,5964,40758,1,9,2,2,0.00,0.00,'2021-03-21 15:56:13','2021-03-21 15:56:13',5,NULL),(31987,1234,164,128,5964,40758,1,6,2,2,0.00,0.00,'2021-03-21 15:56:13','2021-03-21 15:56:13',5,NULL),(31988,1234,164,128,5964,40758,1,14,2,2,0.00,0.00,'2021-03-21 15:56:13','2021-03-21 15:56:13',5,NULL),(31989,1234,164,128,5964,40758,1,10,2,2,0.00,0.00,'2021-03-21 15:56:13','2021-03-21 15:56:13',5,NULL),(31990,1234,164,128,5964,40758,1,1,2,2,0.00,0.00,'2021-03-21 15:56:13','2021-03-21 15:56:13',5,NULL),(31991,1234,164,128,5964,40758,1,2,2,2,0.00,0.00,'2021-03-21 15:56:13','2021-03-21 15:56:13',5,NULL),(31992,1234,164,128,5964,40758,1,7,2,2,0.00,0.00,'2021-03-21 15:56:13','2021-03-21 15:56:13',5,NULL),(31993,1234,164,128,5964,40758,1,11,2,2,0.00,0.00,'2021-03-21 15:56:13','2021-03-21 15:56:13',5,NULL),(31994,1234,164,128,5964,40758,1,3,2,2,0.00,0.00,'2021-03-21 15:56:13','2021-03-21 15:56:13',5,NULL),(31995,1234,164,128,5964,40758,1,8,2,2,0.00,0.00,'2021-03-21 15:56:13','2021-03-21 15:56:13',5,NULL),(31996,1234,164,128,5964,40758,1,12,2,2,0.00,0.00,'2021-03-21 15:56:13','2021-03-21 15:56:13',5,NULL),(31997,1234,164,128,5964,40758,1,6,2,1,0.00,0.00,'2021-03-21 15:56:13','2021-03-21 15:56:13',5,NULL),(31998,1234,164,128,5964,40758,1,14,2,1,0.00,0.00,'2021-03-21 15:56:13','2021-03-21 15:56:13',5,NULL),(31999,1234,164,128,5964,40758,1,10,2,1,0.00,0.00,'2021-03-21 15:56:13','2021-03-21 15:56:13',5,NULL);
INSERT INTO `period_liquidation_iva_details` VALUES (32000,1234,164,128,5964,40758,1,1,2,1,0.00,0.00,'2021-03-21 15:56:13','2021-03-21 15:56:13',5,NULL),(32001,1234,164,128,5964,40758,1,2,2,1,0.00,0.00,'2021-03-21 15:56:13','2021-03-21 15:56:13',5,NULL),(32002,1234,164,128,5964,40758,1,7,2,1,0.00,0.00,'2021-03-21 15:56:13','2021-03-21 15:56:13',5,NULL),(32003,1234,164,128,5964,40758,1,11,2,1,0.00,0.00,'2021-03-21 15:56:13','2021-03-21 15:56:13',5,NULL),(32004,1234,164,128,5964,40758,1,3,2,1,0.00,0.00,'2021-03-21 15:56:13','2021-03-21 15:56:13',5,NULL),(32005,1234,164,128,5964,40758,1,8,2,1,0.00,0.00,'2021-03-21 15:56:13','2021-03-21 15:56:13',5,NULL),(32006,1234,164,128,5964,40758,1,12,2,1,0.00,0.00,'2021-03-21 15:56:13','2021-03-21 15:56:13',5,NULL),(32007,1234,164,128,5964,40758,1,5,2,1,0.00,0.00,'2021-03-21 15:56:13','2021-03-21 15:56:13',5,NULL),(32008,1234,164,128,5964,40758,1,13,2,1,0.00,0.00,'2021-03-21 15:56:13','2021-03-21 15:56:13',5,NULL),(32009,1234,164,128,5964,40758,1,4,2,1,0.00,0.00,'2021-03-21 15:56:13','2021-03-21 15:56:13',5,NULL),(32010,1234,164,128,5964,40758,1,9,2,1,0.00,0.00,'2021-03-21 15:56:13','2021-03-21 15:56:13',5,NULL),(32011,1234,164,128,5964,40758,1,5,2,5,0.00,0.00,'2021-03-21 15:56:13','2021-03-21 15:56:13',5,NULL),(32012,1234,164,128,5964,40758,1,13,2,5,0.00,0.00,'2021-03-21 15:56:13','2021-03-21 15:56:13',5,NULL),(32013,1234,164,128,5964,40758,1,4,2,5,0.00,0.00,'2021-03-21 15:56:13','2021-03-21 15:56:13',5,NULL),(32014,1234,164,128,5964,40758,1,9,2,5,0.00,0.00,'2021-03-21 15:56:13','2021-03-21 15:56:13',5,NULL),(32015,1234,164,128,5964,40758,1,1,2,5,0.00,0.00,'2021-03-21 15:56:13','2021-03-21 15:56:13',5,NULL),(32016,1234,164,128,5964,40758,1,6,2,5,0.00,0.00,'2021-03-21 15:56:13','2021-03-21 15:56:13',5,NULL),(32017,1234,164,128,5964,40758,1,14,2,5,0.00,0.00,'2021-03-21 15:56:13','2021-03-21 15:56:13',5,NULL),(32018,1234,164,128,5964,40758,1,10,2,5,0.00,0.00,'2021-03-21 15:56:13','2021-03-21 15:56:13',5,NULL),(32019,1234,164,128,5964,40758,1,2,2,5,0.00,0.00,'2021-03-21 15:56:13','2021-03-21 15:56:13',5,NULL),(32020,1234,164,128,5964,40758,1,7,2,5,0.00,0.00,'2021-03-21 15:56:13','2021-03-21 15:56:13',5,NULL),(32021,1234,164,128,5964,40758,1,11,2,5,0.00,0.00,'2021-03-21 15:56:13','2021-03-21 15:56:13',5,NULL),(32022,1234,164,128,5964,40758,1,12,2,5,0.00,0.00,'2021-03-21 15:56:13','2021-03-21 15:56:13',5,NULL),(32023,1234,164,128,5964,40758,1,3,2,5,0.00,0.00,'2021-03-21 15:56:13','2021-03-21 15:56:13',5,NULL),(32024,1234,164,128,5964,40758,1,8,2,5,0.00,0.00,'2021-03-21 15:56:13','2021-03-21 15:56:13',5,NULL),(32025,1234,164,128,5964,40758,1,2,2,4,0.00,0.00,'2021-03-21 15:56:13','2021-03-21 15:56:13',5,NULL),(32026,1234,164,128,5964,40758,1,7,2,4,0.00,0.00,'2021-03-21 15:56:13','2021-03-21 15:56:13',5,NULL),(32027,1234,164,128,5964,40758,1,11,2,4,0.00,0.00,'2021-03-21 15:56:13','2021-03-21 15:56:13',5,NULL),(32028,1234,164,128,5964,40758,1,12,2,4,0.00,0.00,'2021-03-21 15:56:13','2021-03-21 15:56:13',5,NULL),(32029,1234,164,128,5964,40758,1,3,2,4,0.00,0.00,'2021-03-21 15:56:13','2021-03-21 15:56:13',5,NULL),(32030,1234,164,128,5964,40758,1,8,2,4,0.00,0.00,'2021-03-21 15:56:13','2021-03-21 15:56:13',5,NULL),(32031,1234,164,128,5964,40758,1,5,2,4,0.00,0.00,'2021-03-21 15:56:13','2021-03-21 15:56:13',5,NULL),(32032,1234,164,128,5964,40758,1,13,2,4,0.00,0.00,'2021-03-21 15:56:13','2021-03-21 15:56:13',5,NULL),(32033,1234,164,128,5964,40758,1,4,2,4,0.00,0.00,'2021-03-21 15:56:13','2021-03-21 15:56:13',5,NULL),(32034,1234,164,128,5964,40758,1,9,2,4,0.00,0.00,'2021-03-21 15:56:13','2021-03-21 15:56:13',5,NULL),(32035,1234,164,128,5964,40758,1,1,2,4,0.00,0.00,'2021-03-21 15:56:13','2021-03-21 15:56:13',5,NULL),(32036,1234,164,128,5964,40758,1,6,2,4,0.00,0.00,'2021-03-21 15:56:13','2021-03-21 15:56:13',5,NULL),(32037,1234,164,128,5964,40758,1,14,2,4,0.00,0.00,'2021-03-21 15:56:13','2021-03-21 15:56:13',5,NULL),(32038,1234,164,128,5964,40758,1,10,2,4,0.00,0.00,'2021-03-21 15:56:13','2021-03-21 15:56:13',5,NULL);
INSERT INTO `period_liquidation_iva_details` VALUES (32039,1234,164,128,5964,40758,1,12,2,6,0.00,0.00,'2021-03-21 15:56:13','2021-03-21 15:56:13',5,NULL),(32040,1234,164,128,5964,40758,1,3,2,6,0.00,0.00,'2021-03-21 15:56:13','2021-03-21 15:56:13',5,NULL),(32041,1234,164,128,5964,40758,1,8,2,6,0.00,0.00,'2021-03-21 15:56:13','2021-03-21 15:56:13',5,NULL),(32042,1234,164,128,5964,40758,1,2,2,7,0.00,0.00,'2021-03-21 15:56:13','2021-03-21 15:56:13',5,NULL),(32043,1234,164,128,5964,40758,1,7,2,7,0.00,0.00,'2021-03-21 15:56:13','2021-03-21 15:56:13',5,NULL),(32044,1234,164,128,5964,40758,1,11,2,7,0.00,0.00,'2021-03-21 15:56:13','2021-03-21 15:56:13',5,NULL),(32045,1234,164,128,5964,40758,1,1,2,8,0.00,0.00,'2021-03-21 15:56:13','2021-03-21 15:56:13',5,NULL),(32046,1234,164,128,5964,40758,1,6,2,8,0.00,0.00,'2021-03-21 15:56:13','2021-03-21 15:56:13',5,NULL),(32047,1234,164,128,5964,40758,1,14,2,8,0.00,0.00,'2021-03-21 15:56:13','2021-03-21 15:56:13',5,NULL),(32048,1234,164,128,5964,40758,1,10,2,8,0.00,0.00,'2021-03-21 15:56:13','2021-03-21 15:56:13',5,NULL),(32049,1234,164,128,5964,40758,1,5,2,6,0.00,0.00,'2021-03-21 15:56:13','2021-03-21 15:56:13',5,NULL),(32050,1234,164,128,5964,40758,1,13,2,6,0.00,0.00,'2021-03-21 15:56:13','2021-03-21 15:56:13',5,NULL),(32051,1234,164,128,5964,40758,1,4,2,6,0.00,0.00,'2021-03-21 15:56:13','2021-03-21 15:56:13',5,NULL),(32052,1234,164,128,5964,40758,1,9,2,6,0.00,0.00,'2021-03-21 15:56:13','2021-03-21 15:56:13',5,NULL),(32053,1234,164,128,5964,40758,1,12,2,7,0.00,0.00,'2021-03-21 15:56:13','2021-03-21 15:56:13',5,NULL),(32054,1234,164,128,5964,40758,1,3,2,7,0.00,0.00,'2021-03-21 15:56:13','2021-03-21 15:56:13',5,NULL),(32055,1234,164,128,5964,40758,1,8,2,7,0.00,0.00,'2021-03-21 15:56:13','2021-03-21 15:56:13',5,NULL),(32056,1234,164,128,5964,40758,1,2,2,8,0.00,0.00,'2021-03-21 15:56:13','2021-03-21 15:56:13',5,NULL),(32057,1234,164,128,5964,40758,1,7,2,8,0.00,0.00,'2021-03-21 15:56:13','2021-03-21 15:56:13',5,NULL),(32058,1234,164,128,5964,40758,1,11,2,8,0.00,0.00,'2021-03-21 15:56:13','2021-03-21 15:56:13',5,NULL),(32059,1234,164,128,5964,40758,1,1,2,6,0.00,0.00,'2021-03-21 15:56:13','2021-03-21 15:56:13',5,NULL),(32060,1234,164,128,5964,40758,1,6,2,6,0.00,0.00,'2021-03-21 15:56:13','2021-03-21 15:56:13',5,NULL),(32061,1234,164,128,5964,40758,1,14,2,6,0.00,0.00,'2021-03-21 15:56:13','2021-03-21 15:56:13',5,NULL),(32062,1234,164,128,5964,40758,1,10,2,6,0.00,0.00,'2021-03-21 15:56:13','2021-03-21 15:56:13',5,NULL),(32063,1234,164,128,5964,40758,1,5,2,7,0.00,0.00,'2021-03-21 15:56:13','2021-03-21 15:56:13',5,NULL),(32064,1234,164,128,5964,40758,1,13,2,7,0.00,0.00,'2021-03-21 15:56:13','2021-03-21 15:56:13',5,NULL),(32065,1234,164,128,5964,40758,1,4,2,7,0.00,0.00,'2021-03-21 15:56:13','2021-03-21 15:56:13',5,NULL),(32066,1234,164,128,5964,40758,1,9,2,7,0.00,0.00,'2021-03-21 15:56:13','2021-03-21 15:56:13',5,NULL),(32067,1234,164,128,5964,40758,1,12,2,8,0.00,0.00,'2021-03-21 15:56:13','2021-03-21 15:56:13',5,NULL),(32068,1234,164,128,5964,40758,1,3,2,8,0.00,0.00,'2021-03-21 15:56:13','2021-03-21 15:56:13',5,NULL),(32069,1234,164,128,5964,40758,1,8,2,8,0.00,0.00,'2021-03-21 15:56:13','2021-03-21 15:56:13',5,NULL),(32070,1234,164,128,5964,40758,1,2,2,6,0.00,0.00,'2021-03-21 15:56:13','2021-03-21 15:56:13',5,NULL),(32071,1234,164,128,5964,40758,1,7,2,6,0.00,0.00,'2021-03-21 15:56:13','2021-03-21 15:56:13',5,NULL),(32072,1234,164,128,5964,40758,1,11,2,6,0.00,0.00,'2021-03-21 15:56:13','2021-03-21 15:56:13',5,NULL),(32073,1234,164,128,5964,40758,1,1,2,7,0.00,0.00,'2021-03-21 15:56:13','2021-03-21 15:56:13',5,NULL),(32074,1234,164,128,5964,40758,1,6,2,7,0.00,0.00,'2021-03-21 15:56:13','2021-03-21 15:56:13',5,NULL),(32075,1234,164,128,5964,40758,1,14,2,7,0.00,0.00,'2021-03-21 15:56:13','2021-03-21 15:56:13',5,NULL),(32076,1234,164,128,5964,40758,1,10,2,7,0.00,0.00,'2021-03-21 15:56:13','2021-03-21 15:56:13',5,NULL),(32077,1234,164,128,5964,40758,1,5,2,8,0.00,0.00,'2021-03-21 15:56:13','2021-03-21 15:56:13',5,NULL);
INSERT INTO `period_liquidation_iva_details` VALUES (32078,1234,164,128,5964,40758,1,13,2,8,0.00,0.00,'2021-03-21 15:56:13','2021-03-21 15:56:13',5,NULL),(32079,1234,164,128,5964,40758,1,4,2,8,0.00,0.00,'2021-03-21 15:56:13','2021-03-21 15:56:13',5,NULL),(32080,1234,164,128,5964,40758,1,9,2,8,0.00,0.00,'2021-03-21 15:56:13','2021-03-21 15:56:13',5,NULL),(32081,1234,164,128,5964,40758,1,14,2,3,0.00,0.00,'2021-03-21 15:56:13','2021-03-21 15:56:13',6,NULL),(32082,1234,164,128,5964,40758,1,1,2,3,0.00,0.00,'2021-03-21 15:56:13','2021-03-21 15:56:13',6,NULL),(32083,1234,164,128,5964,40758,1,4,2,3,0.00,0.00,'2021-03-21 15:56:13','2021-03-21 15:56:13',6,NULL),(32084,1234,164,128,5964,40758,1,7,2,3,0.00,0.00,'2021-03-21 15:56:13','2021-03-21 15:56:13',6,NULL),(32085,1234,164,128,5964,40758,1,10,2,3,0.00,0.00,'2021-03-21 15:56:13','2021-03-21 15:56:13',6,NULL),(32086,1234,164,128,5964,40758,1,13,2,3,0.00,0.00,'2021-03-21 15:56:13','2021-03-21 15:56:13',6,NULL),(32087,1234,164,128,5964,40758,1,3,2,3,0.00,0.00,'2021-03-21 15:56:13','2021-03-21 15:56:13',6,NULL),(32088,1234,164,128,5964,40758,1,6,2,3,0.00,0.00,'2021-03-21 15:56:13','2021-03-21 15:56:13',6,NULL),(32089,1234,164,128,5964,40758,1,9,2,3,0.00,0.00,'2021-03-21 15:56:13','2021-03-21 15:56:13',6,NULL),(32090,1234,164,128,5964,40758,1,12,2,3,0.00,0.00,'2021-03-21 15:56:13','2021-03-21 15:56:13',6,NULL),(32091,1234,164,128,5964,40758,1,2,2,3,0.00,0.00,'2021-03-21 15:56:13','2021-03-21 15:56:13',6,NULL),(32092,1234,164,128,5964,40758,1,5,2,3,0.00,0.00,'2021-03-21 15:56:13','2021-03-21 15:56:13',6,NULL),(32093,1234,164,128,5964,40758,1,8,2,3,0.00,0.00,'2021-03-21 15:56:13','2021-03-21 15:56:13',6,NULL),(32094,1234,164,128,5964,40758,1,11,2,3,0.00,0.00,'2021-03-21 15:56:13','2021-03-21 15:56:13',6,NULL),(32095,1234,164,128,5964,40758,1,13,2,2,0.00,0.00,'2021-03-21 15:56:13','2021-03-21 15:56:13',6,NULL),(32096,1234,164,128,5964,40758,1,3,2,2,0.00,0.00,'2021-03-21 15:56:13','2021-03-21 15:56:13',6,NULL),(32097,1234,164,128,5964,40758,1,6,2,2,0.00,0.00,'2021-03-21 15:56:13','2021-03-21 15:56:13',6,NULL),(32098,1234,164,128,5964,40758,1,9,2,2,0.00,0.00,'2021-03-21 15:56:13','2021-03-21 15:56:13',6,NULL),(32099,1234,164,128,5964,40758,1,12,2,2,0.00,0.00,'2021-03-21 15:56:13','2021-03-21 15:56:13',6,NULL),(32100,1234,164,128,5964,40758,1,2,2,2,0.00,0.00,'2021-03-21 15:56:13','2021-03-21 15:56:13',6,NULL),(32101,1234,164,128,5964,40758,1,5,2,2,0.00,0.00,'2021-03-21 15:56:13','2021-03-21 15:56:13',6,NULL),(32102,1234,164,128,5964,40758,1,8,2,2,0.00,0.00,'2021-03-21 15:56:13','2021-03-21 15:56:13',6,NULL),(32103,1234,164,128,5964,40758,1,11,2,2,0.00,0.00,'2021-03-21 15:56:13','2021-03-21 15:56:13',6,NULL),(32104,1234,164,128,5964,40758,1,14,2,2,0.00,0.00,'2021-03-21 15:56:13','2021-03-21 15:56:13',6,NULL),(32105,1234,164,128,5964,40758,1,1,2,2,636149.94,133591.49,'2021-03-21 15:56:13','2021-03-21 15:56:13',6,NULL),(32106,1234,164,128,5964,40758,1,4,2,2,0.00,0.00,'2021-03-21 15:56:13','2021-03-21 15:56:13',6,NULL),(32107,1234,164,128,5964,40758,1,7,2,2,0.00,0.00,'2021-03-21 15:56:13','2021-03-21 15:56:13',6,NULL),(32108,1234,164,128,5964,40758,1,10,2,2,0.00,0.00,'2021-03-21 15:56:13','2021-03-21 15:56:13',6,NULL),(32109,1234,164,128,5964,40758,1,9,2,1,0.00,0.00,'2021-03-21 15:56:13','2021-03-21 15:56:13',6,NULL),(32110,1234,164,128,5964,40758,1,12,2,1,0.00,0.00,'2021-03-21 15:56:13','2021-03-21 15:56:13',6,NULL),(32111,1234,164,128,5964,40758,1,2,2,1,0.00,0.00,'2021-03-21 15:56:13','2021-03-21 15:56:13',6,NULL),(32112,1234,164,128,5964,40758,1,5,2,1,0.00,0.00,'2021-03-21 15:56:13','2021-03-21 15:56:13',6,NULL),(32113,1234,164,128,5964,40758,1,8,2,1,0.00,0.00,'2021-03-21 15:56:13','2021-03-21 15:56:13',6,NULL),(32114,1234,164,128,5964,40758,1,11,2,1,0.00,0.00,'2021-03-21 15:56:13','2021-03-21 15:56:13',6,NULL),(32115,1234,164,128,5964,40758,1,14,2,1,0.00,0.00,'2021-03-21 15:56:13','2021-03-21 15:56:13',6,NULL),(32116,1234,164,128,5964,40758,1,1,2,1,0.00,0.00,'2021-03-21 15:56:13','2021-03-21 15:56:13',6,NULL);
INSERT INTO `period_liquidation_iva_details` VALUES (32117,1234,164,128,5964,40758,1,4,2,1,0.00,0.00,'2021-03-21 15:56:13','2021-03-21 15:56:13',6,NULL),(32118,1234,164,128,5964,40758,1,7,2,1,0.00,0.00,'2021-03-21 15:56:13','2021-03-21 15:56:13',6,NULL),(32119,1234,164,128,5964,40758,1,10,2,1,0.00,0.00,'2021-03-21 15:56:13','2021-03-21 15:56:13',6,NULL),(32120,1234,164,128,5964,40758,1,13,2,1,0.00,0.00,'2021-03-21 15:56:13','2021-03-21 15:56:13',6,NULL),(32121,1234,164,128,5964,40758,1,3,2,1,0.00,0.00,'2021-03-21 15:56:13','2021-03-21 15:56:13',6,NULL),(32122,1234,164,128,5964,40758,1,6,2,1,0.00,0.00,'2021-03-21 15:56:13','2021-03-21 15:56:13',6,NULL),(32123,1234,164,128,5964,40758,1,3,2,5,0.00,0.00,'2021-03-21 15:56:13','2021-03-21 15:56:13',6,NULL),(32124,1234,164,128,5964,40758,1,6,2,5,0.00,0.00,'2021-03-21 15:56:13','2021-03-21 15:56:13',6,NULL),(32125,1234,164,128,5964,40758,1,9,2,5,0.00,0.00,'2021-03-21 15:56:13','2021-03-21 15:56:13',6,NULL),(32126,1234,164,128,5964,40758,1,12,2,5,0.00,0.00,'2021-03-21 15:56:13','2021-03-21 15:56:13',6,NULL),(32127,1234,164,128,5964,40758,1,2,2,5,0.00,0.00,'2021-03-21 15:56:13','2021-03-21 15:56:13',6,NULL),(32128,1234,164,128,5964,40758,1,5,2,5,0.00,0.00,'2021-03-21 15:56:13','2021-03-21 15:56:13',6,NULL),(32129,1234,164,128,5964,40758,1,8,2,5,0.00,0.00,'2021-03-21 15:56:13','2021-03-21 15:56:13',6,NULL),(32130,1234,164,128,5964,40758,1,11,2,5,0.00,0.00,'2021-03-21 15:56:14','2021-03-21 15:56:14',6,NULL),(32131,1234,164,128,5964,40758,1,14,2,5,0.00,0.00,'2021-03-21 15:56:14','2021-03-21 15:56:14',6,NULL),(32132,1234,164,128,5964,40758,1,1,2,5,0.00,0.00,'2021-03-21 15:56:14','2021-03-21 15:56:14',6,NULL),(32133,1234,164,128,5964,40758,1,4,2,5,0.00,0.00,'2021-03-21 15:56:14','2021-03-21 15:56:14',6,NULL),(32134,1234,164,128,5964,40758,1,7,2,5,0.00,0.00,'2021-03-21 15:56:14','2021-03-21 15:56:14',6,NULL),(32135,1234,164,128,5964,40758,1,10,2,5,0.00,0.00,'2021-03-21 15:56:14','2021-03-21 15:56:14',6,NULL),(32136,1234,164,128,5964,40758,1,13,2,5,0.00,0.00,'2021-03-21 15:56:14','2021-03-21 15:56:14',6,NULL),(32137,1234,164,128,5964,40758,1,2,2,4,0.00,0.00,'2021-03-21 15:56:14','2021-03-21 15:56:14',6,NULL),(32138,1234,164,128,5964,40758,1,5,2,4,0.00,0.00,'2021-03-21 15:56:14','2021-03-21 15:56:14',6,NULL),(32139,1234,164,128,5964,40758,1,8,2,4,0.00,0.00,'2021-03-21 15:56:14','2021-03-21 15:56:14',6,NULL),(32140,1234,164,128,5964,40758,1,11,2,4,0.00,0.00,'2021-03-21 15:56:14','2021-03-21 15:56:14',6,NULL),(32141,1234,164,128,5964,40758,1,14,2,4,0.00,0.00,'2021-03-21 15:56:14','2021-03-21 15:56:14',6,NULL),(32142,1234,164,128,5964,40758,1,1,2,4,0.00,0.00,'2021-03-21 15:56:14','2021-03-21 15:56:14',6,NULL),(32143,1234,164,128,5964,40758,1,4,2,4,0.00,0.00,'2021-03-21 15:56:14','2021-03-21 15:56:14',6,NULL),(32144,1234,164,128,5964,40758,1,7,2,4,0.00,0.00,'2021-03-21 15:56:14','2021-03-21 15:56:14',6,NULL),(32145,1234,164,128,5964,40758,1,10,2,4,0.00,0.00,'2021-03-21 15:56:14','2021-03-21 15:56:14',6,NULL),(32146,1234,164,128,5964,40758,1,13,2,4,0.00,0.00,'2021-03-21 15:56:14','2021-03-21 15:56:14',6,NULL),(32147,1234,164,128,5964,40758,1,3,2,4,0.00,0.00,'2021-03-21 15:56:14','2021-03-21 15:56:14',6,NULL),(32148,1234,164,128,5964,40758,1,6,2,4,0.00,0.00,'2021-03-21 15:56:14','2021-03-21 15:56:14',6,NULL),(32149,1234,164,128,5964,40758,1,9,2,4,0.00,0.00,'2021-03-21 15:56:14','2021-03-21 15:56:14',6,NULL),(32150,1234,164,128,5964,40758,1,12,2,4,0.00,0.00,'2021-03-21 15:56:14','2021-03-21 15:56:14',6,NULL),(32151,1234,164,128,5964,40758,1,7,2,8,0.00,0.00,'2021-03-21 15:56:14','2021-03-21 15:56:14',6,NULL),(32152,1234,164,128,5964,40758,1,10,2,8,0.00,0.00,'2021-03-21 15:56:14','2021-03-21 15:56:14',6,NULL),(32153,1234,164,128,5964,40758,1,13,2,8,0.00,0.00,'2021-03-21 15:56:14','2021-03-21 15:56:14',6,NULL),(32154,1234,164,128,5964,40758,1,3,2,8,0.00,0.00,'2021-03-21 15:56:14','2021-03-21 15:56:14',6,NULL),(32155,1234,164,128,5964,40758,1,6,2,8,0.00,0.00,'2021-03-21 15:56:14','2021-03-21 15:56:14',6,NULL);
INSERT INTO `period_liquidation_iva_details` VALUES (32156,1234,164,128,5964,40758,1,9,2,8,0.00,0.00,'2021-03-21 15:56:14','2021-03-21 15:56:14',6,NULL),(32157,1234,164,128,5964,40758,1,12,2,8,0.00,0.00,'2021-03-21 15:56:14','2021-03-21 15:56:14',6,NULL),(32158,1234,164,128,5964,40758,1,2,2,8,0.00,0.00,'2021-03-21 15:56:14','2021-03-21 15:56:14',6,NULL),(32159,1234,164,128,5964,40758,1,5,2,8,0.00,0.00,'2021-03-21 15:56:14','2021-03-21 15:56:14',6,NULL),(32160,1234,164,128,5964,40758,1,8,2,8,0.00,0.00,'2021-03-21 15:56:14','2021-03-21 15:56:14',6,NULL),(32161,1234,164,128,5964,40758,1,11,2,8,0.00,0.00,'2021-03-21 15:56:14','2021-03-21 15:56:14',6,NULL),(32162,1234,164,128,5964,40758,1,14,2,8,0.00,0.00,'2021-03-21 15:56:14','2021-03-21 15:56:14',6,NULL),(32163,1234,164,128,5964,40758,1,1,2,8,0.00,0.00,'2021-03-21 15:56:14','2021-03-21 15:56:14',6,NULL),(32164,1234,164,128,5964,40758,1,4,2,8,0.00,0.00,'2021-03-21 15:56:14','2021-03-21 15:56:14',6,NULL),(32165,1234,164,128,5964,40758,1,11,2,6,0.00,0.00,'2021-03-21 15:56:14','2021-03-21 15:56:14',7,NULL),(32166,1234,164,128,5964,40758,1,7,2,7,0.00,0.00,'2021-03-21 15:56:14','2021-03-21 15:56:14',7,NULL),(32167,1234,164,128,5964,40758,1,4,2,6,0.00,0.00,'2021-03-21 15:56:14','2021-03-21 15:56:14',7,NULL),(32168,1234,164,128,5964,40758,1,13,2,6,0.00,0.00,'2021-03-21 15:56:14','2021-03-21 15:56:14',7,NULL),(32169,1234,164,128,5964,40758,1,9,2,7,0.00,0.00,'2021-03-21 15:56:14','2021-03-21 15:56:14',7,NULL),(32170,1234,164,128,5964,40758,1,6,2,6,0.00,0.00,'2021-03-21 15:56:14','2021-03-21 15:56:14',7,NULL),(32171,1234,164,128,5964,40758,1,2,2,7,0.00,0.00,'2021-03-21 15:56:14','2021-03-21 15:56:14',7,NULL),(32172,1234,164,128,5964,40758,1,11,2,7,0.00,0.00,'2021-03-21 15:56:14','2021-03-21 15:56:14',7,NULL),(32173,1234,164,128,5964,40758,1,8,2,6,0.00,0.00,'2021-03-21 15:56:14','2021-03-21 15:56:14',7,NULL),(32174,1234,164,128,5964,40758,1,4,2,7,0.00,0.00,'2021-03-21 15:56:14','2021-03-21 15:56:14',7,NULL),(32175,1234,164,128,5964,40758,1,1,2,6,0.00,0.00,'2021-03-21 15:56:14','2021-03-21 15:56:14',7,NULL),(32176,1234,164,128,5964,40758,1,13,2,7,0.00,0.00,'2021-03-21 15:56:14','2021-03-21 15:56:14',7,NULL),(32177,1234,164,128,5964,40758,1,10,2,6,0.00,0.00,'2021-03-21 15:56:14','2021-03-21 15:56:14',7,NULL),(32178,1234,164,128,5964,40758,1,6,2,7,0.00,0.00,'2021-03-21 15:56:14','2021-03-21 15:56:14',7,NULL),(32179,1234,164,128,5964,40758,1,3,2,6,0.00,0.00,'2021-03-21 15:56:14','2021-03-21 15:56:14',7,NULL),(32180,1234,164,128,5964,40758,1,12,2,6,0.00,0.00,'2021-03-21 15:56:14','2021-03-21 15:56:14',7,NULL),(32181,1234,164,128,5964,40758,1,8,2,7,0.00,0.00,'2021-03-21 15:56:14','2021-03-21 15:56:14',7,NULL),(32182,1234,164,128,5964,40758,1,5,2,6,0.00,0.00,'2021-03-21 15:56:14','2021-03-21 15:56:14',7,NULL),(32183,1234,164,128,5964,40758,1,1,2,7,55669.01,0.00,'2021-03-21 15:56:14','2021-03-21 15:56:14',7,NULL),(32184,1234,164,128,5964,40758,1,14,2,6,0.00,0.00,'2021-03-21 15:56:14','2021-03-21 15:56:14',7,NULL),(32185,1234,164,128,5964,40758,1,10,2,7,0.00,0.00,'2021-03-21 15:56:14','2021-03-21 15:56:14',7,NULL),(32186,1234,164,128,5964,40758,1,7,2,6,0.00,0.00,'2021-03-21 15:56:14','2021-03-21 15:56:14',7,NULL),(32187,1234,164,128,5964,40758,1,3,2,7,0.00,0.00,'2021-03-21 15:56:14','2021-03-21 15:56:14',7,NULL),(32188,1234,164,128,5964,40758,1,12,2,7,0.00,0.00,'2021-03-21 15:56:14','2021-03-21 15:56:14',7,NULL),(32189,1234,164,128,5964,40758,1,9,2,6,0.00,0.00,'2021-03-21 15:56:14','2021-03-21 15:56:14',7,NULL),(32190,1234,164,128,5964,40758,1,5,2,7,0.00,0.00,'2021-03-21 15:56:14','2021-03-21 15:56:14',7,NULL),(32191,1234,164,128,5964,40758,1,2,2,6,0.00,0.00,'2021-03-21 15:56:14','2021-03-21 15:56:14',7,NULL),(32192,1234,164,128,5964,40758,1,14,2,7,0.00,0.00,'2021-03-21 15:56:14','2021-03-21 15:56:14',7,NULL),(32439,1279,167,130,1532,40720,894,1,1,3,0.00,0.00,'2021-03-29 14:57:36','2021-03-29 14:57:36',1,NULL),(32440,1279,167,130,1532,40720,894,1,1,2,20000.00,4200.00,'2021-03-29 14:57:36','2021-03-29 14:57:36',1,NULL);
INSERT INTO `period_liquidation_iva_details` VALUES (32441,1279,167,130,1532,40720,894,1,1,1,14621.40,1535.25,'2021-03-29 14:57:36','2021-03-29 14:57:36',1,NULL),(32442,1279,167,130,1532,40720,894,1,1,5,0.00,0.00,'2021-03-29 14:57:36','2021-03-29 14:57:36',1,NULL),(32443,1279,167,130,1532,40720,894,1,1,4,0.00,0.00,'2021-03-29 14:57:36','2021-03-29 14:57:36',1,NULL),(32444,1279,167,130,1532,40720,894,1,1,8,202081.34,0.00,'2021-03-29 14:57:36','2021-03-29 14:57:36',1,NULL),(32445,1279,167,130,1532,40720,894,1,1,3,0.00,0.00,'2021-03-29 14:57:36','2021-03-29 14:57:36',2,NULL),(32446,1279,167,130,1532,40720,894,1,1,2,0.00,0.00,'2021-03-29 14:57:36','2021-03-29 14:57:36',2,NULL),(32447,1279,167,130,1532,40720,894,1,1,1,0.00,0.00,'2021-03-29 14:57:36','2021-03-29 14:57:36',2,NULL),(32448,1279,167,130,1532,40720,894,1,1,5,0.00,0.00,'2021-03-29 14:57:36','2021-03-29 14:57:36',2,NULL),(32449,1279,167,130,1532,40720,894,1,1,4,0.00,0.00,'2021-03-29 14:57:36','2021-03-29 14:57:36',2,NULL),(32450,1279,167,130,1532,40720,894,1,1,8,0.00,0.00,'2021-03-29 14:57:36','2021-03-29 14:57:36',2,NULL),(32451,1279,167,130,1532,40720,894,1,1,6,0.00,0.00,'2021-03-29 14:57:36','2021-03-29 14:57:36',3,NULL),(32452,1279,167,130,1532,40720,894,1,1,7,0.00,0.00,'2021-03-29 14:57:36','2021-03-29 14:57:36',3,NULL),(32453,1279,167,130,1532,40720,894,1,1,3,0.00,0.00,'2021-03-29 14:57:36','2021-03-29 14:57:36',4,NULL),(32454,1279,167,130,1532,40720,894,1,1,2,0.00,0.00,'2021-03-29 14:57:36','2021-03-29 14:57:36',4,NULL),(32455,1279,167,130,1532,40720,894,1,1,1,0.00,0.00,'2021-03-29 14:57:36','2021-03-29 14:57:36',4,NULL),(32456,1279,167,130,1532,40720,894,1,1,5,0.00,0.00,'2021-03-29 14:57:36','2021-03-29 14:57:36',4,NULL),(32457,1279,167,130,1532,40720,894,1,1,4,0.00,0.00,'2021-03-29 14:57:36','2021-03-29 14:57:36',4,NULL),(32458,1279,167,130,1532,40720,894,1,1,6,0.00,0.00,'2021-03-29 14:57:36','2021-03-29 14:57:36',4,NULL),(32459,1279,167,130,1532,40720,894,1,1,7,0.00,0.00,'2021-03-29 14:57:36','2021-03-29 14:57:36',4,NULL),(32460,1279,167,130,1532,40720,894,1,1,8,0.00,0.00,'2021-03-29 14:57:36','2021-03-29 14:57:36',4,NULL),(32461,1279,167,130,1532,40720,1,11,2,3,0.00,0.00,'2021-03-29 14:57:36','2021-03-29 14:57:36',5,NULL),(32462,1279,167,130,1532,40720,1,7,2,3,0.00,0.00,'2021-03-29 14:57:36','2021-03-29 14:57:36',5,NULL),(32463,1279,167,130,1532,40720,1,3,2,3,0.00,0.00,'2021-03-29 14:57:36','2021-03-29 14:57:36',5,NULL),(32464,1279,167,130,1532,40720,1,12,2,3,0.00,0.00,'2021-03-29 14:57:36','2021-03-29 14:57:36',5,NULL),(32465,1279,167,130,1532,40720,1,8,2,3,0.00,0.00,'2021-03-29 14:57:36','2021-03-29 14:57:36',5,NULL),(32466,1279,167,130,1532,40720,1,4,2,3,0.00,0.00,'2021-03-29 14:57:36','2021-03-29 14:57:36',5,NULL),(32467,1279,167,130,1532,40720,1,5,2,3,0.00,0.00,'2021-03-29 14:57:36','2021-03-29 14:57:36',5,NULL),(32468,1279,167,130,1532,40720,1,13,2,3,0.00,0.00,'2021-03-29 14:57:36','2021-03-29 14:57:36',5,NULL),(32469,1279,167,130,1532,40720,1,9,2,3,0.00,0.00,'2021-03-29 14:57:36','2021-03-29 14:57:36',5,NULL),(32470,1279,167,130,1532,40720,1,1,2,3,0.00,0.00,'2021-03-29 14:57:36','2021-03-29 14:57:36',5,NULL),(32471,1279,167,130,1532,40720,1,6,2,3,0.00,0.00,'2021-03-29 14:57:36','2021-03-29 14:57:36',5,NULL),(32472,1279,167,130,1532,40720,1,14,2,3,0.00,0.00,'2021-03-29 14:57:36','2021-03-29 14:57:36',5,NULL),(32473,1279,167,130,1532,40720,1,10,2,3,0.00,0.00,'2021-03-29 14:57:36','2021-03-29 14:57:36',5,NULL),(32474,1279,167,130,1532,40720,1,2,2,3,0.00,0.00,'2021-03-29 14:57:36','2021-03-29 14:57:36',5,NULL),(32475,1279,167,130,1532,40720,1,12,2,2,0.00,0.00,'2021-03-29 14:57:36','2021-03-29 14:57:36',5,NULL),(32476,1279,167,130,1532,40720,1,8,2,2,0.00,0.00,'2021-03-29 14:57:36','2021-03-29 14:57:36',5,NULL),(32477,1279,167,130,1532,40720,1,4,2,2,0.00,0.00,'2021-03-29 14:57:36','2021-03-29 14:57:36',5,NULL),(32478,1279,167,130,1532,40720,1,5,2,2,0.00,0.00,'2021-03-29 14:57:36','2021-03-29 14:57:36',5,NULL),(32479,1279,167,130,1532,40720,1,13,2,2,0.00,0.00,'2021-03-29 14:57:36','2021-03-29 14:57:36',5,NULL);
INSERT INTO `period_liquidation_iva_details` VALUES (32480,1279,167,130,1532,40720,1,9,2,2,0.00,0.00,'2021-03-29 14:57:36','2021-03-29 14:57:36',5,NULL),(32481,1279,167,130,1532,40720,1,1,2,2,0.00,0.00,'2021-03-29 14:57:36','2021-03-29 14:57:36',5,NULL),(32482,1279,167,130,1532,40720,1,6,2,2,0.00,0.00,'2021-03-29 14:57:36','2021-03-29 14:57:36',5,NULL),(32483,1279,167,130,1532,40720,1,14,2,2,0.00,0.00,'2021-03-29 14:57:36','2021-03-29 14:57:36',5,NULL),(32484,1279,167,130,1532,40720,1,10,2,2,0.00,0.00,'2021-03-29 14:57:36','2021-03-29 14:57:36',5,NULL),(32485,1279,167,130,1532,40720,1,2,2,2,0.00,0.00,'2021-03-29 14:57:36','2021-03-29 14:57:36',5,NULL),(32486,1279,167,130,1532,40720,1,11,2,2,0.00,0.00,'2021-03-29 14:57:36','2021-03-29 14:57:36',5,NULL),(32487,1279,167,130,1532,40720,1,7,2,2,0.00,0.00,'2021-03-29 14:57:36','2021-03-29 14:57:36',5,NULL),(32488,1279,167,130,1532,40720,1,3,2,2,0.00,0.00,'2021-03-29 14:57:36','2021-03-29 14:57:36',5,NULL),(32489,1279,167,130,1532,40720,1,5,2,1,0.00,0.00,'2021-03-29 14:57:36','2021-03-29 14:57:36',5,NULL),(32490,1279,167,130,1532,40720,1,13,2,1,0.00,0.00,'2021-03-29 14:57:36','2021-03-29 14:57:36',5,NULL),(32491,1279,167,130,1532,40720,1,9,2,1,0.00,0.00,'2021-03-29 14:57:36','2021-03-29 14:57:36',5,NULL),(32492,1279,167,130,1532,40720,1,1,2,1,0.00,0.00,'2021-03-29 14:57:36','2021-03-29 14:57:36',5,NULL),(32493,1279,167,130,1532,40720,1,6,2,1,0.00,0.00,'2021-03-29 14:57:36','2021-03-29 14:57:36',5,NULL),(32494,1279,167,130,1532,40720,1,14,2,1,0.00,0.00,'2021-03-29 14:57:36','2021-03-29 14:57:36',5,NULL),(32495,1279,167,130,1532,40720,1,10,2,1,0.00,0.00,'2021-03-29 14:57:36','2021-03-29 14:57:36',5,NULL),(32496,1279,167,130,1532,40720,1,2,2,1,0.00,0.00,'2021-03-29 14:57:36','2021-03-29 14:57:36',5,NULL),(32497,1279,167,130,1532,40720,1,11,2,1,0.00,0.00,'2021-03-29 14:57:36','2021-03-29 14:57:36',5,NULL),(32498,1279,167,130,1532,40720,1,7,2,1,0.00,0.00,'2021-03-29 14:57:36','2021-03-29 14:57:36',5,NULL),(32499,1279,167,130,1532,40720,1,3,2,1,0.00,0.00,'2021-03-29 14:57:36','2021-03-29 14:57:36',5,NULL),(32500,1279,167,130,1532,40720,1,12,2,1,0.00,0.00,'2021-03-29 14:57:36','2021-03-29 14:57:36',5,NULL),(32501,1279,167,130,1532,40720,1,8,2,1,0.00,0.00,'2021-03-29 14:57:36','2021-03-29 14:57:36',5,NULL),(32502,1279,167,130,1532,40720,1,4,2,1,0.00,0.00,'2021-03-29 14:57:36','2021-03-29 14:57:36',5,NULL),(32503,1279,167,130,1532,40720,1,4,2,5,0.00,0.00,'2021-03-29 14:57:36','2021-03-29 14:57:36',5,NULL),(32504,1279,167,130,1532,40720,1,5,2,5,0.00,0.00,'2021-03-29 14:57:36','2021-03-29 14:57:36',5,NULL),(32505,1279,167,130,1532,40720,1,13,2,5,0.00,0.00,'2021-03-29 14:57:36','2021-03-29 14:57:36',5,NULL),(32506,1279,167,130,1532,40720,1,9,2,5,0.00,0.00,'2021-03-29 14:57:36','2021-03-29 14:57:36',5,NULL),(32507,1279,167,130,1532,40720,1,1,2,5,0.00,0.00,'2021-03-29 14:57:36','2021-03-29 14:57:36',5,NULL),(32508,1279,167,130,1532,40720,1,10,2,5,0.00,0.00,'2021-03-29 14:57:36','2021-03-29 14:57:36',5,NULL),(32509,1279,167,130,1532,40720,1,6,2,5,0.00,0.00,'2021-03-29 14:57:36','2021-03-29 14:57:36',5,NULL),(32510,1279,167,130,1532,40720,1,14,2,5,0.00,0.00,'2021-03-29 14:57:36','2021-03-29 14:57:36',5,NULL),(32511,1279,167,130,1532,40720,1,2,2,5,0.00,0.00,'2021-03-29 14:57:36','2021-03-29 14:57:36',5,NULL),(32512,1279,167,130,1532,40720,1,11,2,5,0.00,0.00,'2021-03-29 14:57:36','2021-03-29 14:57:36',5,NULL),(32513,1279,167,130,1532,40720,1,7,2,5,0.00,0.00,'2021-03-29 14:57:36','2021-03-29 14:57:36',5,NULL),(32514,1279,167,130,1532,40720,1,3,2,5,0.00,0.00,'2021-03-29 14:57:36','2021-03-29 14:57:36',5,NULL),(32515,1279,167,130,1532,40720,1,12,2,5,0.00,0.00,'2021-03-29 14:57:36','2021-03-29 14:57:36',5,NULL),(32516,1279,167,130,1532,40720,1,8,2,5,0.00,0.00,'2021-03-29 14:57:36','2021-03-29 14:57:36',5,NULL),(32517,1279,167,130,1532,40720,1,6,2,4,0.00,0.00,'2021-03-29 14:57:36','2021-03-29 14:57:36',5,NULL),(32518,1279,167,130,1532,40720,1,14,2,4,0.00,0.00,'2021-03-29 14:57:36','2021-03-29 14:57:36',5,NULL);
INSERT INTO `period_liquidation_iva_details` VALUES (32519,1279,167,130,1532,40720,1,10,2,4,0.00,0.00,'2021-03-29 14:57:36','2021-03-29 14:57:36',5,NULL),(32520,1279,167,130,1532,40720,1,2,2,4,0.00,0.00,'2021-03-29 14:57:36','2021-03-29 14:57:36',5,NULL),(32521,1279,167,130,1532,40720,1,11,2,4,0.00,0.00,'2021-03-29 14:57:36','2021-03-29 14:57:36',5,NULL),(32522,1279,167,130,1532,40720,1,7,2,4,0.00,0.00,'2021-03-29 14:57:36','2021-03-29 14:57:36',5,NULL),(32523,1279,167,130,1532,40720,1,3,2,4,0.00,0.00,'2021-03-29 14:57:36','2021-03-29 14:57:36',5,NULL),(32524,1279,167,130,1532,40720,1,12,2,4,0.00,0.00,'2021-03-29 14:57:36','2021-03-29 14:57:36',5,NULL),(32525,1279,167,130,1532,40720,1,8,2,4,0.00,0.00,'2021-03-29 14:57:36','2021-03-29 14:57:36',5,NULL),(32526,1279,167,130,1532,40720,1,4,2,4,0.00,0.00,'2021-03-29 14:57:36','2021-03-29 14:57:36',5,NULL),(32527,1279,167,130,1532,40720,1,5,2,4,0.00,0.00,'2021-03-29 14:57:36','2021-03-29 14:57:36',5,NULL),(32528,1279,167,130,1532,40720,1,13,2,4,0.00,0.00,'2021-03-29 14:57:36','2021-03-29 14:57:36',5,NULL),(32529,1279,167,130,1532,40720,1,9,2,4,0.00,0.00,'2021-03-29 14:57:36','2021-03-29 14:57:36',5,NULL),(32530,1279,167,130,1532,40720,1,1,2,4,0.00,0.00,'2021-03-29 14:57:36','2021-03-29 14:57:36',5,NULL),(32531,1279,167,130,1532,40720,1,3,2,6,0.00,0.00,'2021-03-29 14:57:36','2021-03-29 14:57:36',5,NULL),(32532,1279,167,130,1532,40720,1,2,2,7,0.00,0.00,'2021-03-29 14:57:36','2021-03-29 14:57:36',5,NULL),(32533,1279,167,130,1532,40720,1,1,2,8,0.00,0.00,'2021-03-29 14:57:36','2021-03-29 14:57:36',5,NULL),(32534,1279,167,130,1532,40720,1,12,2,6,0.00,0.00,'2021-03-29 14:57:36','2021-03-29 14:57:36',5,NULL),(32535,1279,167,130,1532,40720,1,8,2,6,0.00,0.00,'2021-03-29 14:57:36','2021-03-29 14:57:36',5,NULL),(32536,1279,167,130,1532,40720,1,11,2,7,0.00,0.00,'2021-03-29 14:57:36','2021-03-29 14:57:36',5,NULL),(32537,1279,167,130,1532,40720,1,7,2,7,0.00,0.00,'2021-03-29 14:57:36','2021-03-29 14:57:36',5,NULL),(32538,1279,167,130,1532,40720,1,10,2,8,0.00,0.00,'2021-03-29 14:57:36','2021-03-29 14:57:36',5,NULL),(32539,1279,167,130,1532,40720,1,6,2,8,0.00,0.00,'2021-03-29 14:57:36','2021-03-29 14:57:36',5,NULL),(32540,1279,167,130,1532,40720,1,14,2,8,0.00,0.00,'2021-03-29 14:57:36','2021-03-29 14:57:36',5,NULL),(32541,1279,167,130,1532,40720,1,4,2,6,0.00,0.00,'2021-03-29 14:57:36','2021-03-29 14:57:36',5,NULL),(32542,1279,167,130,1532,40720,1,3,2,7,0.00,0.00,'2021-03-29 14:57:36','2021-03-29 14:57:36',5,NULL),(32543,1279,167,130,1532,40720,1,2,2,8,0.00,0.00,'2021-03-29 14:57:36','2021-03-29 14:57:36',5,NULL),(32544,1279,167,130,1532,40720,1,5,2,6,0.00,0.00,'2021-03-29 14:57:36','2021-03-29 14:57:36',5,NULL),(32545,1279,167,130,1532,40720,1,13,2,6,0.00,0.00,'2021-03-29 14:57:36','2021-03-29 14:57:36',5,NULL),(32546,1279,167,130,1532,40720,1,9,2,6,0.00,0.00,'2021-03-29 14:57:36','2021-03-29 14:57:36',5,NULL),(32547,1279,167,130,1532,40720,1,12,2,7,0.00,0.00,'2021-03-29 14:57:36','2021-03-29 14:57:36',5,NULL),(32548,1279,167,130,1532,40720,1,8,2,7,0.00,0.00,'2021-03-29 14:57:36','2021-03-29 14:57:36',5,NULL),(32549,1279,167,130,1532,40720,1,11,2,8,0.00,0.00,'2021-03-29 14:57:36','2021-03-29 14:57:36',5,NULL),(32550,1279,167,130,1532,40720,1,7,2,8,0.00,0.00,'2021-03-29 14:57:36','2021-03-29 14:57:36',5,NULL),(32551,1279,167,130,1532,40720,1,1,2,6,0.00,0.00,'2021-03-29 14:57:36','2021-03-29 14:57:36',5,NULL),(32552,1279,167,130,1532,40720,1,4,2,7,0.00,0.00,'2021-03-29 14:57:36','2021-03-29 14:57:36',5,NULL),(32553,1279,167,130,1532,40720,1,3,2,8,0.00,0.00,'2021-03-29 14:57:36','2021-03-29 14:57:36',5,NULL),(32554,1279,167,130,1532,40720,1,10,2,6,0.00,0.00,'2021-03-29 14:57:36','2021-03-29 14:57:36',5,NULL),(32555,1279,167,130,1532,40720,1,6,2,6,0.00,0.00,'2021-03-29 14:57:36','2021-03-29 14:57:36',5,NULL),(32556,1279,167,130,1532,40720,1,14,2,6,0.00,0.00,'2021-03-29 14:57:36','2021-03-29 14:57:36',5,NULL),(32557,1279,167,130,1532,40720,1,5,2,7,0.00,0.00,'2021-03-29 14:57:36','2021-03-29 14:57:36',5,NULL);
INSERT INTO `period_liquidation_iva_details` VALUES (32558,1279,167,130,1532,40720,1,13,2,7,0.00,0.00,'2021-03-29 14:57:36','2021-03-29 14:57:36',5,NULL),(32559,1279,167,130,1532,40720,1,9,2,7,0.00,0.00,'2021-03-29 14:57:36','2021-03-29 14:57:36',5,NULL),(32560,1279,167,130,1532,40720,1,12,2,8,0.00,0.00,'2021-03-29 14:57:36','2021-03-29 14:57:36',5,NULL),(32561,1279,167,130,1532,40720,1,8,2,8,0.00,0.00,'2021-03-29 14:57:36','2021-03-29 14:57:36',5,NULL),(32562,1279,167,130,1532,40720,1,2,2,6,0.00,0.00,'2021-03-29 14:57:36','2021-03-29 14:57:36',5,NULL),(32563,1279,167,130,1532,40720,1,1,2,7,0.00,0.00,'2021-03-29 14:57:36','2021-03-29 14:57:36',5,NULL),(32564,1279,167,130,1532,40720,1,4,2,8,0.00,0.00,'2021-03-29 14:57:36','2021-03-29 14:57:36',5,NULL),(32565,1279,167,130,1532,40720,1,11,2,6,0.00,0.00,'2021-03-29 14:57:36','2021-03-29 14:57:36',5,NULL),(32566,1279,167,130,1532,40720,1,7,2,6,0.00,0.00,'2021-03-29 14:57:36','2021-03-29 14:57:36',5,NULL),(32567,1279,167,130,1532,40720,1,10,2,7,0.00,0.00,'2021-03-29 14:57:36','2021-03-29 14:57:36',5,NULL),(32568,1279,167,130,1532,40720,1,6,2,7,0.00,0.00,'2021-03-29 14:57:36','2021-03-29 14:57:36',5,NULL),(32569,1279,167,130,1532,40720,1,14,2,7,0.00,0.00,'2021-03-29 14:57:36','2021-03-29 14:57:36',5,NULL),(32570,1279,167,130,1532,40720,1,5,2,8,0.00,0.00,'2021-03-29 14:57:36','2021-03-29 14:57:36',5,NULL),(32571,1279,167,130,1532,40720,1,13,2,8,0.00,0.00,'2021-03-29 14:57:36','2021-03-29 14:57:36',5,NULL),(32572,1279,167,130,1532,40720,1,9,2,8,0.00,0.00,'2021-03-29 14:57:36','2021-03-29 14:57:36',5,NULL),(32573,1279,167,130,1532,40720,1,14,2,3,0.00,0.00,'2021-03-29 14:57:36','2021-03-29 14:57:36',6,NULL),(32574,1279,167,130,1532,40720,1,1,2,3,0.00,0.00,'2021-03-29 14:57:36','2021-03-29 14:57:36',6,NULL),(32575,1279,167,130,1532,40720,1,4,2,3,0.00,0.00,'2021-03-29 14:57:36','2021-03-29 14:57:36',6,NULL),(32576,1279,167,130,1532,40720,1,7,2,3,0.00,0.00,'2021-03-29 14:57:36','2021-03-29 14:57:36',6,NULL),(32577,1279,167,130,1532,40720,1,10,2,3,0.00,0.00,'2021-03-29 14:57:36','2021-03-29 14:57:36',6,NULL),(32578,1279,167,130,1532,40720,1,13,2,3,0.00,0.00,'2021-03-29 14:57:36','2021-03-29 14:57:36',6,NULL),(32579,1279,167,130,1532,40720,1,3,2,3,0.00,0.00,'2021-03-29 14:57:36','2021-03-29 14:57:36',6,NULL),(32580,1279,167,130,1532,40720,1,6,2,3,0.00,0.00,'2021-03-29 14:57:36','2021-03-29 14:57:36',6,NULL),(32581,1279,167,130,1532,40720,1,9,2,3,0.00,0.00,'2021-03-29 14:57:36','2021-03-29 14:57:36',6,NULL),(32582,1279,167,130,1532,40720,1,12,2,3,0.00,0.00,'2021-03-29 14:57:36','2021-03-29 14:57:36',6,NULL),(32583,1279,167,130,1532,40720,1,2,2,3,0.00,0.00,'2021-03-29 14:57:36','2021-03-29 14:57:36',6,NULL),(32584,1279,167,130,1532,40720,1,5,2,3,0.00,0.00,'2021-03-29 14:57:36','2021-03-29 14:57:36',6,NULL),(32585,1279,167,130,1532,40720,1,8,2,3,0.00,0.00,'2021-03-29 14:57:36','2021-03-29 14:57:36',6,NULL),(32586,1279,167,130,1532,40720,1,11,2,3,0.00,0.00,'2021-03-29 14:57:36','2021-03-29 14:57:36',6,NULL),(32587,1279,167,130,1532,40720,1,13,2,2,0.00,0.00,'2021-03-29 14:57:36','2021-03-29 14:57:36',6,NULL),(32588,1279,167,130,1532,40720,1,3,2,2,0.00,0.00,'2021-03-29 14:57:36','2021-03-29 14:57:36',6,NULL),(32589,1279,167,130,1532,40720,1,6,2,2,0.00,0.00,'2021-03-29 14:57:36','2021-03-29 14:57:36',6,NULL),(32590,1279,167,130,1532,40720,1,9,2,2,0.00,0.00,'2021-03-29 14:57:36','2021-03-29 14:57:36',6,NULL),(32591,1279,167,130,1532,40720,1,12,2,2,0.00,0.00,'2021-03-29 14:57:36','2021-03-29 14:57:36',6,NULL),(32592,1279,167,130,1532,40720,1,2,2,2,0.00,0.00,'2021-03-29 14:57:36','2021-03-29 14:57:36',6,NULL),(32593,1279,167,130,1532,40720,1,5,2,2,0.00,0.00,'2021-03-29 14:57:36','2021-03-29 14:57:36',6,NULL),(32594,1279,167,130,1532,40720,1,8,2,2,0.00,0.00,'2021-03-29 14:57:36','2021-03-29 14:57:36',6,NULL),(32595,1279,167,130,1532,40720,1,11,2,2,0.00,0.00,'2021-03-29 14:57:36','2021-03-29 14:57:36',6,NULL),(32596,1279,167,130,1532,40720,1,14,2,2,0.00,0.00,'2021-03-29 14:57:36','2021-03-29 14:57:36',6,NULL);
INSERT INTO `period_liquidation_iva_details` VALUES (32597,1279,167,130,1532,40720,1,1,2,2,0.00,0.00,'2021-03-29 14:57:36','2021-03-29 14:57:36',6,NULL),(32598,1279,167,130,1532,40720,1,4,2,2,0.00,0.00,'2021-03-29 14:57:36','2021-03-29 14:57:36',6,NULL),(32599,1279,167,130,1532,40720,1,7,2,2,0.00,0.00,'2021-03-29 14:57:36','2021-03-29 14:57:36',6,NULL),(32600,1279,167,130,1532,40720,1,10,2,2,0.00,0.00,'2021-03-29 14:57:36','2021-03-29 14:57:36',6,NULL),(32601,1279,167,130,1532,40720,1,9,2,1,0.00,0.00,'2021-03-29 14:57:36','2021-03-29 14:57:36',6,NULL),(32602,1279,167,130,1532,40720,1,12,2,1,0.00,0.00,'2021-03-29 14:57:36','2021-03-29 14:57:36',6,NULL),(32603,1279,167,130,1532,40720,1,2,2,1,0.00,0.00,'2021-03-29 14:57:36','2021-03-29 14:57:36',6,NULL),(32604,1279,167,130,1532,40720,1,5,2,1,0.00,0.00,'2021-03-29 14:57:36','2021-03-29 14:57:36',6,NULL),(32605,1279,167,130,1532,40720,1,8,2,1,0.00,0.00,'2021-03-29 14:57:36','2021-03-29 14:57:36',6,NULL),(32606,1279,167,130,1532,40720,1,11,2,1,0.00,0.00,'2021-03-29 14:57:36','2021-03-29 14:57:36',6,NULL),(32607,1279,167,130,1532,40720,1,14,2,1,0.00,0.00,'2021-03-29 14:57:36','2021-03-29 14:57:36',6,NULL),(32608,1279,167,130,1532,40720,1,1,2,1,0.00,0.00,'2021-03-29 14:57:36','2021-03-29 14:57:36',6,NULL),(32609,1279,167,130,1532,40720,1,4,2,1,0.00,0.00,'2021-03-29 14:57:36','2021-03-29 14:57:36',6,NULL),(32610,1279,167,130,1532,40720,1,7,2,1,0.00,0.00,'2021-03-29 14:57:36','2021-03-29 14:57:36',6,NULL),(32611,1279,167,130,1532,40720,1,10,2,1,0.00,0.00,'2021-03-29 14:57:36','2021-03-29 14:57:36',6,NULL),(32612,1279,167,130,1532,40720,1,13,2,1,0.00,0.00,'2021-03-29 14:57:36','2021-03-29 14:57:36',6,NULL),(32613,1279,167,130,1532,40720,1,3,2,1,0.00,0.00,'2021-03-29 14:57:36','2021-03-29 14:57:36',6,NULL),(32614,1279,167,130,1532,40720,1,6,2,1,0.00,0.00,'2021-03-29 14:57:36','2021-03-29 14:57:36',6,NULL),(32615,1279,167,130,1532,40720,1,3,2,5,0.00,0.00,'2021-03-29 14:57:36','2021-03-29 14:57:36',6,NULL),(32616,1279,167,130,1532,40720,1,6,2,5,0.00,0.00,'2021-03-29 14:57:36','2021-03-29 14:57:36',6,NULL),(32617,1279,167,130,1532,40720,1,9,2,5,0.00,0.00,'2021-03-29 14:57:36','2021-03-29 14:57:36',6,NULL),(32618,1279,167,130,1532,40720,1,12,2,5,0.00,0.00,'2021-03-29 14:57:36','2021-03-29 14:57:36',6,NULL),(32619,1279,167,130,1532,40720,1,2,2,5,0.00,0.00,'2021-03-29 14:57:36','2021-03-29 14:57:36',6,NULL),(32620,1279,167,130,1532,40720,1,5,2,5,0.00,0.00,'2021-03-29 14:57:36','2021-03-29 14:57:36',6,NULL),(32621,1279,167,130,1532,40720,1,8,2,5,0.00,0.00,'2021-03-29 14:57:36','2021-03-29 14:57:36',6,NULL),(32622,1279,167,130,1532,40720,1,11,2,5,0.00,0.00,'2021-03-29 14:57:36','2021-03-29 14:57:36',6,NULL),(32623,1279,167,130,1532,40720,1,14,2,5,0.00,0.00,'2021-03-29 14:57:36','2021-03-29 14:57:36',6,NULL),(32624,1279,167,130,1532,40720,1,1,2,5,0.00,0.00,'2021-03-29 14:57:36','2021-03-29 14:57:36',6,NULL),(32625,1279,167,130,1532,40720,1,4,2,5,0.00,0.00,'2021-03-29 14:57:36','2021-03-29 14:57:36',6,NULL),(32626,1279,167,130,1532,40720,1,7,2,5,0.00,0.00,'2021-03-29 14:57:36','2021-03-29 14:57:36',6,NULL),(32627,1279,167,130,1532,40720,1,10,2,5,0.00,0.00,'2021-03-29 14:57:36','2021-03-29 14:57:36',6,NULL),(32628,1279,167,130,1532,40720,1,13,2,5,0.00,0.00,'2021-03-29 14:57:36','2021-03-29 14:57:36',6,NULL),(32629,1279,167,130,1532,40720,1,2,2,4,0.00,0.00,'2021-03-29 14:57:36','2021-03-29 14:57:36',6,NULL),(32630,1279,167,130,1532,40720,1,5,2,4,0.00,0.00,'2021-03-29 14:57:36','2021-03-29 14:57:36',6,NULL),(32631,1279,167,130,1532,40720,1,8,2,4,0.00,0.00,'2021-03-29 14:57:36','2021-03-29 14:57:36',6,NULL),(32632,1279,167,130,1532,40720,1,11,2,4,0.00,0.00,'2021-03-29 14:57:36','2021-03-29 14:57:36',6,NULL),(32633,1279,167,130,1532,40720,1,14,2,4,0.00,0.00,'2021-03-29 14:57:36','2021-03-29 14:57:36',6,NULL),(32634,1279,167,130,1532,40720,1,1,2,4,0.00,0.00,'2021-03-29 14:57:36','2021-03-29 14:57:36',6,NULL),(32635,1279,167,130,1532,40720,1,4,2,4,0.00,0.00,'2021-03-29 14:57:36','2021-03-29 14:57:36',6,NULL);
INSERT INTO `period_liquidation_iva_details` VALUES (32636,1279,167,130,1532,40720,1,7,2,4,0.00,0.00,'2021-03-29 14:57:36','2021-03-29 14:57:36',6,NULL),(32637,1279,167,130,1532,40720,1,10,2,4,0.00,0.00,'2021-03-29 14:57:36','2021-03-29 14:57:36',6,NULL),(32638,1279,167,130,1532,40720,1,13,2,4,0.00,0.00,'2021-03-29 14:57:36','2021-03-29 14:57:36',6,NULL),(32639,1279,167,130,1532,40720,1,3,2,4,0.00,0.00,'2021-03-29 14:57:36','2021-03-29 14:57:36',6,NULL),(32640,1279,167,130,1532,40720,1,6,2,4,0.00,0.00,'2021-03-29 14:57:36','2021-03-29 14:57:36',6,NULL),(32641,1279,167,130,1532,40720,1,9,2,4,0.00,0.00,'2021-03-29 14:57:36','2021-03-29 14:57:36',6,NULL),(32642,1279,167,130,1532,40720,1,12,2,4,0.00,0.00,'2021-03-29 14:57:36','2021-03-29 14:57:36',6,NULL),(32643,1279,167,130,1532,40720,1,7,2,8,0.00,0.00,'2021-03-29 14:57:36','2021-03-29 14:57:36',6,NULL),(32644,1279,167,130,1532,40720,1,10,2,8,0.00,0.00,'2021-03-29 14:57:36','2021-03-29 14:57:36',6,NULL),(32645,1279,167,130,1532,40720,1,13,2,8,0.00,0.00,'2021-03-29 14:57:36','2021-03-29 14:57:36',6,NULL),(32646,1279,167,130,1532,40720,1,3,2,8,0.00,0.00,'2021-03-29 14:57:36','2021-03-29 14:57:36',6,NULL),(32647,1279,167,130,1532,40720,1,6,2,8,0.00,0.00,'2021-03-29 14:57:36','2021-03-29 14:57:36',6,NULL),(32648,1279,167,130,1532,40720,1,9,2,8,0.00,0.00,'2021-03-29 14:57:36','2021-03-29 14:57:36',6,NULL),(32649,1279,167,130,1532,40720,1,12,2,8,0.00,0.00,'2021-03-29 14:57:36','2021-03-29 14:57:36',6,NULL),(32650,1279,167,130,1532,40720,1,2,2,8,0.00,0.00,'2021-03-29 14:57:36','2021-03-29 14:57:36',6,NULL),(32651,1279,167,130,1532,40720,1,5,2,8,0.00,0.00,'2021-03-29 14:57:36','2021-03-29 14:57:36',6,NULL),(32652,1279,167,130,1532,40720,1,8,2,8,0.00,0.00,'2021-03-29 14:57:36','2021-03-29 14:57:36',6,NULL),(32653,1279,167,130,1532,40720,1,11,2,8,0.00,0.00,'2021-03-29 14:57:36','2021-03-29 14:57:36',6,NULL),(32654,1279,167,130,1532,40720,1,14,2,8,0.00,0.00,'2021-03-29 14:57:36','2021-03-29 14:57:36',6,NULL),(32655,1279,167,130,1532,40720,1,1,2,8,0.00,0.00,'2021-03-29 14:57:36','2021-03-29 14:57:36',6,NULL),(32656,1279,167,130,1532,40720,1,4,2,8,0.00,0.00,'2021-03-29 14:57:36','2021-03-29 14:57:36',6,NULL),(32657,1279,167,130,1532,40720,1,9,2,6,0.00,0.00,'2021-03-29 14:57:36','2021-03-29 14:57:36',7,NULL),(32658,1279,167,130,1532,40720,1,5,2,7,0.00,0.00,'2021-03-29 14:57:36','2021-03-29 14:57:36',7,NULL),(32659,1279,167,130,1532,40720,1,2,2,6,0.00,0.00,'2021-03-29 14:57:36','2021-03-29 14:57:36',7,NULL),(32660,1279,167,130,1532,40720,1,14,2,7,0.00,0.00,'2021-03-29 14:57:36','2021-03-29 14:57:36',7,NULL),(32661,1279,167,130,1532,40720,1,11,2,6,0.00,0.00,'2021-03-29 14:57:36','2021-03-29 14:57:36',7,NULL),(32662,1279,167,130,1532,40720,1,7,2,7,0.00,0.00,'2021-03-29 14:57:36','2021-03-29 14:57:36',7,NULL),(32663,1279,167,130,1532,40720,1,4,2,6,0.00,0.00,'2021-03-29 14:57:36','2021-03-29 14:57:36',7,NULL),(32664,1279,167,130,1532,40720,1,13,2,6,0.00,0.00,'2021-03-29 14:57:36','2021-03-29 14:57:36',7,NULL),(32665,1279,167,130,1532,40720,1,9,2,7,0.00,0.00,'2021-03-29 14:57:36','2021-03-29 14:57:36',7,NULL),(32666,1279,167,130,1532,40720,1,6,2,6,0.00,0.00,'2021-03-29 14:57:36','2021-03-29 14:57:36',7,NULL),(32667,1279,167,130,1532,40720,1,2,2,7,0.00,0.00,'2021-03-29 14:57:36','2021-03-29 14:57:36',7,NULL),(32668,1279,167,130,1532,40720,1,11,2,7,0.00,0.00,'2021-03-29 14:57:36','2021-03-29 14:57:36',7,NULL),(32669,1279,167,130,1532,40720,1,8,2,6,0.00,0.00,'2021-03-29 14:57:36','2021-03-29 14:57:36',7,NULL),(32670,1279,167,130,1532,40720,1,4,2,7,0.00,0.00,'2021-03-29 14:57:36','2021-03-29 14:57:36',7,NULL),(32671,1279,167,130,1532,40720,1,1,2,6,0.00,0.00,'2021-03-29 14:57:36','2021-03-29 14:57:36',7,NULL),(32672,1279,167,130,1532,40720,1,13,2,7,0.00,0.00,'2021-03-29 14:57:36','2021-03-29 14:57:36',7,NULL),(32673,1279,167,130,1532,40720,1,10,2,6,0.00,0.00,'2021-03-29 14:57:36','2021-03-29 14:57:36',7,NULL),(32674,1279,167,130,1532,40720,1,6,2,7,0.00,0.00,'2021-03-29 14:57:36','2021-03-29 14:57:36',7,NULL);
INSERT INTO `period_liquidation_iva_details` VALUES (32675,1279,167,130,1532,40720,1,3,2,6,0.00,0.00,'2021-03-29 14:57:36','2021-03-29 14:57:36',7,NULL),(32676,1279,167,130,1532,40720,1,12,2,6,0.00,0.00,'2021-03-29 14:57:36','2021-03-29 14:57:36',7,NULL),(32677,1279,167,130,1532,40720,1,8,2,7,0.00,0.00,'2021-03-29 14:57:36','2021-03-29 14:57:36',7,NULL),(32678,1279,167,130,1532,40720,1,5,2,6,0.00,0.00,'2021-03-29 14:57:36','2021-03-29 14:57:36',7,NULL),(32679,1279,167,130,1532,40720,1,1,2,7,0.00,0.00,'2021-03-29 14:57:36','2021-03-29 14:57:36',7,NULL),(32680,1279,167,130,1532,40720,1,14,2,6,0.00,0.00,'2021-03-29 14:57:36','2021-03-29 14:57:36',7,NULL),(32681,1279,167,130,1532,40720,1,10,2,7,0.00,0.00,'2021-03-29 14:57:36','2021-03-29 14:57:36',7,NULL),(32682,1279,167,130,1532,40720,1,7,2,6,0.00,0.00,'2021-03-29 14:57:36','2021-03-29 14:57:36',7,NULL),(32683,1279,167,130,1532,40720,1,3,2,7,0.00,0.00,'2021-03-29 14:57:36','2021-03-29 14:57:36',7,NULL),(32684,1279,167,130,1532,40720,1,12,2,7,0.00,0.00,'2021-03-29 14:57:36','2021-03-29 14:57:36',7,NULL),(45231,1279,219,182,1533,40720,894,1,1,3,0.00,0.00,'2021-04-28 12:09:25','2021-04-28 12:09:25',1,NULL),(45232,1279,219,182,1533,40720,894,1,1,2,140900.00,29589.00,'2021-04-28 12:09:25','2021-04-28 12:09:25',1,NULL),(45233,1279,219,182,1533,40720,894,1,1,1,47328.20,4969.46,'2021-04-28 12:09:25','2021-04-28 12:09:25',1,NULL),(45234,1279,219,182,1533,40720,894,1,1,5,0.00,0.00,'2021-04-28 12:09:25','2021-04-28 12:09:25',1,NULL),(45235,1279,219,182,1533,40720,894,1,1,4,0.00,0.00,'2021-04-28 12:09:25','2021-04-28 12:09:25',1,NULL),(45236,1279,219,182,1533,40720,894,1,1,8,170700.66,0.00,'2021-04-28 12:09:25','2021-04-28 12:09:25',1,NULL),(45237,1279,219,182,1533,40720,894,1,1,3,0.00,0.00,'2021-04-28 12:09:25','2021-04-28 12:09:25',2,NULL),(45238,1279,219,182,1533,40720,894,1,1,2,0.00,0.00,'2021-04-28 12:09:25','2021-04-28 12:09:25',2,NULL),(45239,1279,219,182,1533,40720,894,1,1,1,0.00,0.00,'2021-04-28 12:09:25','2021-04-28 12:09:25',2,NULL),(45240,1279,219,182,1533,40720,894,1,1,5,0.00,0.00,'2021-04-28 12:09:25','2021-04-28 12:09:25',2,NULL),(45241,1279,219,182,1533,40720,894,1,1,4,0.00,0.00,'2021-04-28 12:09:25','2021-04-28 12:09:25',2,NULL),(45242,1279,219,182,1533,40720,894,1,1,8,0.00,0.00,'2021-04-28 12:09:25','2021-04-28 12:09:25',2,NULL),(45243,1279,219,182,1533,40720,894,1,1,7,47063.27,0.00,'2021-04-28 12:09:25','2021-04-28 12:09:25',3,NULL),(45244,1279,219,182,1533,40720,894,1,1,6,0.00,0.00,'2021-04-28 12:09:25','2021-04-28 12:09:25',3,NULL),(45245,1279,219,182,1533,40720,894,1,1,3,0.00,0.00,'2021-04-28 12:09:25','2021-04-28 12:09:25',4,NULL),(45246,1279,219,182,1533,40720,894,1,1,2,0.00,0.00,'2021-04-28 12:09:25','2021-04-28 12:09:25',4,NULL),(45247,1279,219,182,1533,40720,894,1,1,1,0.00,0.00,'2021-04-28 12:09:25','2021-04-28 12:09:25',4,NULL),(45248,1279,219,182,1533,40720,894,1,1,5,0.00,0.00,'2021-04-28 12:09:25','2021-04-28 12:09:25',4,NULL),(45249,1279,219,182,1533,40720,894,1,1,4,0.00,0.00,'2021-04-28 12:09:25','2021-04-28 12:09:25',4,NULL),(45250,1279,219,182,1533,40720,894,1,1,7,0.00,0.00,'2021-04-28 12:09:25','2021-04-28 12:09:25',4,NULL),(45251,1279,219,182,1533,40720,894,1,1,8,0.00,0.00,'2021-04-28 12:09:25','2021-04-28 12:09:25',4,NULL),(45252,1279,219,182,1533,40720,894,1,1,6,0.00,0.00,'2021-04-28 12:09:25','2021-04-28 12:09:25',4,NULL),(45253,1279,219,182,1533,40720,1,9,2,3,0.00,0.00,'2021-04-28 12:09:25','2021-04-28 12:09:25',5,NULL),(45254,1279,219,182,1533,40720,1,5,2,3,0.00,0.00,'2021-04-28 12:09:25','2021-04-28 12:09:25',5,NULL),(45255,1279,219,182,1533,40720,1,13,2,3,0.00,0.00,'2021-04-28 12:09:25','2021-04-28 12:09:25',5,NULL),(45256,1279,219,182,1533,40720,1,3,2,3,0.00,0.00,'2021-04-28 12:09:25','2021-04-28 12:09:25',5,NULL),(45257,1279,219,182,1533,40720,1,14,2,3,0.00,0.00,'2021-04-28 12:09:25','2021-04-28 12:09:25',5,NULL),(45258,1279,219,182,1533,40720,1,10,2,3,0.00,0.00,'2021-04-28 12:09:25','2021-04-28 12:09:25',5,NULL);
INSERT INTO `period_liquidation_iva_details` VALUES (45259,1279,219,182,1533,40720,1,6,2,3,0.00,0.00,'2021-04-28 12:09:25','2021-04-28 12:09:25',5,NULL),(45260,1279,219,182,1533,40720,1,4,2,3,0.00,0.00,'2021-04-28 12:09:25','2021-04-28 12:09:25',5,NULL),(45261,1279,219,182,1533,40720,1,7,2,3,0.00,0.00,'2021-04-28 12:09:25','2021-04-28 12:09:25',5,NULL),(45262,1279,219,182,1533,40720,1,11,2,3,0.00,0.00,'2021-04-28 12:09:25','2021-04-28 12:09:25',5,NULL),(45263,1279,219,182,1533,40720,1,1,2,3,0.00,0.00,'2021-04-28 12:09:25','2021-04-28 12:09:25',5,NULL),(45264,1279,219,182,1533,40720,1,8,2,3,0.00,0.00,'2021-04-28 12:09:25','2021-04-28 12:09:25',5,NULL),(45265,1279,219,182,1533,40720,1,12,2,3,0.00,0.00,'2021-04-28 12:09:25','2021-04-28 12:09:25',5,NULL),(45266,1279,219,182,1533,40720,1,2,2,3,0.00,0.00,'2021-04-28 12:09:25','2021-04-28 12:09:25',5,NULL),(45267,1279,219,182,1533,40720,1,4,2,2,0.00,0.00,'2021-04-28 12:09:25','2021-04-28 12:09:25',5,NULL),(45268,1279,219,182,1533,40720,1,7,2,2,0.00,0.00,'2021-04-28 12:09:25','2021-04-28 12:09:25',5,NULL),(45269,1279,219,182,1533,40720,1,11,2,2,0.00,0.00,'2021-04-28 12:09:25','2021-04-28 12:09:25',5,NULL),(45270,1279,219,182,1533,40720,1,1,2,2,32600.00,6846.00,'2021-04-28 12:09:25','2021-04-28 12:09:25',5,NULL),(45271,1279,219,182,1533,40720,1,8,2,2,0.00,0.00,'2021-04-28 12:09:25','2021-04-28 12:09:25',5,NULL),(45272,1279,219,182,1533,40720,1,12,2,2,0.00,0.00,'2021-04-28 12:09:25','2021-04-28 12:09:25',5,NULL),(45273,1279,219,182,1533,40720,1,2,2,2,0.00,0.00,'2021-04-28 12:09:25','2021-04-28 12:09:25',5,NULL),(45274,1279,219,182,1533,40720,1,9,2,2,0.00,0.00,'2021-04-28 12:09:25','2021-04-28 12:09:25',5,NULL),(45275,1279,219,182,1533,40720,1,5,2,2,0.00,0.00,'2021-04-28 12:09:25','2021-04-28 12:09:25',5,NULL),(45276,1279,219,182,1533,40720,1,13,2,2,0.00,0.00,'2021-04-28 12:09:25','2021-04-28 12:09:25',5,NULL),(45277,1279,219,182,1533,40720,1,3,2,2,0.00,0.00,'2021-04-28 12:09:25','2021-04-28 12:09:25',5,NULL),(45278,1279,219,182,1533,40720,1,14,2,2,0.00,0.00,'2021-04-28 12:09:25','2021-04-28 12:09:25',5,NULL),(45279,1279,219,182,1533,40720,1,10,2,2,0.00,0.00,'2021-04-28 12:09:25','2021-04-28 12:09:25',5,NULL),(45280,1279,219,182,1533,40720,1,6,2,2,0.00,0.00,'2021-04-28 12:09:25','2021-04-28 12:09:25',5,NULL),(45281,1279,219,182,1533,40720,1,1,2,1,0.00,0.00,'2021-04-28 12:09:25','2021-04-28 12:09:25',5,NULL),(45282,1279,219,182,1533,40720,1,8,2,1,0.00,0.00,'2021-04-28 12:09:25','2021-04-28 12:09:25',5,NULL),(45283,1279,219,182,1533,40720,1,12,2,1,0.00,0.00,'2021-04-28 12:09:25','2021-04-28 12:09:25',5,NULL),(45284,1279,219,182,1533,40720,1,2,2,1,0.00,0.00,'2021-04-28 12:09:25','2021-04-28 12:09:25',5,NULL),(45285,1279,219,182,1533,40720,1,9,2,1,0.00,0.00,'2021-04-28 12:09:25','2021-04-28 12:09:25',5,NULL),(45286,1279,219,182,1533,40720,1,5,2,1,0.00,0.00,'2021-04-28 12:09:25','2021-04-28 12:09:25',5,NULL),(45287,1279,219,182,1533,40720,1,13,2,1,0.00,0.00,'2021-04-28 12:09:25','2021-04-28 12:09:25',5,NULL),(45288,1279,219,182,1533,40720,1,3,2,1,0.00,0.00,'2021-04-28 12:09:25','2021-04-28 12:09:25',5,NULL),(45289,1279,219,182,1533,40720,1,14,2,1,0.00,0.00,'2021-04-28 12:09:25','2021-04-28 12:09:25',5,NULL),(45290,1279,219,182,1533,40720,1,10,2,1,0.00,0.00,'2021-04-28 12:09:25','2021-04-28 12:09:25',5,NULL),(45291,1279,219,182,1533,40720,1,6,2,1,0.00,0.00,'2021-04-28 12:09:25','2021-04-28 12:09:25',5,NULL),(45292,1279,219,182,1533,40720,1,4,2,1,0.00,0.00,'2021-04-28 12:09:25','2021-04-28 12:09:25',5,NULL),(45293,1279,219,182,1533,40720,1,7,2,1,0.00,0.00,'2021-04-28 12:09:25','2021-04-28 12:09:25',5,NULL),(45294,1279,219,182,1533,40720,1,11,2,1,0.00,0.00,'2021-04-28 12:09:25','2021-04-28 12:09:25',5,NULL),(45295,1279,219,182,1533,40720,1,4,2,5,0.00,0.00,'2021-04-28 12:09:25','2021-04-28 12:09:25',5,NULL),(45296,1279,219,182,1533,40720,1,7,2,5,0.00,0.00,'2021-04-28 12:09:26','2021-04-28 12:09:26',5,NULL),(45297,1279,219,182,1533,40720,1,11,2,5,0.00,0.00,'2021-04-28 12:09:26','2021-04-28 12:09:26',5,NULL);
INSERT INTO `period_liquidation_iva_details` VALUES (45298,1279,219,182,1533,40720,1,1,2,5,0.00,0.00,'2021-04-28 12:09:26','2021-04-28 12:09:26',5,NULL),(45299,1279,219,182,1533,40720,1,8,2,5,0.00,0.00,'2021-04-28 12:09:26','2021-04-28 12:09:26',5,NULL),(45300,1279,219,182,1533,40720,1,12,2,5,0.00,0.00,'2021-04-28 12:09:26','2021-04-28 12:09:26',5,NULL),(45301,1279,219,182,1533,40720,1,2,2,5,0.00,0.00,'2021-04-28 12:09:26','2021-04-28 12:09:26',5,NULL),(45302,1279,219,182,1533,40720,1,9,2,5,0.00,0.00,'2021-04-28 12:09:26','2021-04-28 12:09:26',5,NULL),(45303,1279,219,182,1533,40720,1,5,2,5,0.00,0.00,'2021-04-28 12:09:26','2021-04-28 12:09:26',5,NULL),(45304,1279,219,182,1533,40720,1,13,2,5,0.00,0.00,'2021-04-28 12:09:26','2021-04-28 12:09:26',5,NULL),(45305,1279,219,182,1533,40720,1,3,2,5,0.00,0.00,'2021-04-28 12:09:26','2021-04-28 12:09:26',5,NULL),(45306,1279,219,182,1533,40720,1,6,2,5,0.00,0.00,'2021-04-28 12:09:26','2021-04-28 12:09:26',5,NULL),(45307,1279,219,182,1533,40720,1,14,2,5,0.00,0.00,'2021-04-28 12:09:26','2021-04-28 12:09:26',5,NULL),(45308,1279,219,182,1533,40720,1,10,2,5,0.00,0.00,'2021-04-28 12:09:26','2021-04-28 12:09:26',5,NULL),(45309,1279,219,182,1533,40720,1,8,2,4,0.00,0.00,'2021-04-28 12:09:26','2021-04-28 12:09:26',5,NULL),(45310,1279,219,182,1533,40720,1,12,2,4,0.00,0.00,'2021-04-28 12:09:26','2021-04-28 12:09:26',5,NULL),(45311,1279,219,182,1533,40720,1,2,2,4,0.00,0.00,'2021-04-28 12:09:26','2021-04-28 12:09:26',5,NULL),(45312,1279,219,182,1533,40720,1,9,2,4,0.00,0.00,'2021-04-28 12:09:26','2021-04-28 12:09:26',5,NULL),(45313,1279,219,182,1533,40720,1,5,2,4,0.00,0.00,'2021-04-28 12:09:26','2021-04-28 12:09:26',5,NULL),(45314,1279,219,182,1533,40720,1,13,2,4,0.00,0.00,'2021-04-28 12:09:26','2021-04-28 12:09:26',5,NULL),(45315,1279,219,182,1533,40720,1,3,2,4,0.00,0.00,'2021-04-28 12:09:26','2021-04-28 12:09:26',5,NULL),(45316,1279,219,182,1533,40720,1,6,2,4,0.00,0.00,'2021-04-28 12:09:26','2021-04-28 12:09:26',5,NULL),(45317,1279,219,182,1533,40720,1,14,2,4,0.00,0.00,'2021-04-28 12:09:26','2021-04-28 12:09:26',5,NULL),(45318,1279,219,182,1533,40720,1,10,2,4,0.00,0.00,'2021-04-28 12:09:26','2021-04-28 12:09:26',5,NULL),(45319,1279,219,182,1533,40720,1,4,2,4,0.00,0.00,'2021-04-28 12:09:26','2021-04-28 12:09:26',5,NULL),(45320,1279,219,182,1533,40720,1,7,2,4,0.00,0.00,'2021-04-28 12:09:26','2021-04-28 12:09:26',5,NULL),(45321,1279,219,182,1533,40720,1,11,2,4,0.00,0.00,'2021-04-28 12:09:26','2021-04-28 12:09:26',5,NULL),(45322,1279,219,182,1533,40720,1,1,2,4,0.00,0.00,'2021-04-28 12:09:26','2021-04-28 12:09:26',5,NULL),(45323,1279,219,182,1533,40720,1,3,2,6,0.00,0.00,'2021-04-28 12:09:26','2021-04-28 12:09:26',5,NULL),(45324,1279,219,182,1533,40720,1,2,2,7,0.00,0.00,'2021-04-28 12:09:26','2021-04-28 12:09:26',5,NULL),(45325,1279,219,182,1533,40720,1,6,2,6,0.00,0.00,'2021-04-28 12:09:26','2021-04-28 12:09:26',5,NULL),(45326,1279,219,182,1533,40720,1,14,2,6,0.00,0.00,'2021-04-28 12:09:26','2021-04-28 12:09:26',5,NULL),(45327,1279,219,182,1533,40720,1,1,2,8,0.00,0.00,'2021-04-28 12:09:26','2021-04-28 12:09:26',5,NULL),(45328,1279,219,182,1533,40720,1,10,2,6,0.00,0.00,'2021-04-28 12:09:26','2021-04-28 12:09:26',5,NULL),(45329,1279,219,182,1533,40720,1,9,2,7,0.00,0.00,'2021-04-28 12:09:26','2021-04-28 12:09:26',5,NULL),(45330,1279,219,182,1533,40720,1,5,2,7,0.00,0.00,'2021-04-28 12:09:26','2021-04-28 12:09:26',5,NULL),(45331,1279,219,182,1533,40720,1,13,2,7,0.00,0.00,'2021-04-28 12:09:26','2021-04-28 12:09:26',5,NULL),(45332,1279,219,182,1533,40720,1,8,2,8,0.00,0.00,'2021-04-28 12:09:26','2021-04-28 12:09:26',5,NULL),(45333,1279,219,182,1533,40720,1,12,2,8,0.00,0.00,'2021-04-28 12:09:26','2021-04-28 12:09:26',5,NULL),(45334,1279,219,182,1533,40720,1,4,2,6,0.00,0.00,'2021-04-28 12:09:26','2021-04-28 12:09:26',5,NULL),(45335,1279,219,182,1533,40720,1,3,2,7,0.00,0.00,'2021-04-28 12:09:26','2021-04-28 12:09:26',5,NULL),(45336,1279,219,182,1533,40720,1,7,2,6,0.00,0.00,'2021-04-28 12:09:26','2021-04-28 12:09:26',5,NULL);
INSERT INTO `period_liquidation_iva_details` VALUES (45337,1279,219,182,1533,40720,1,2,2,8,0.00,0.00,'2021-04-28 12:09:26','2021-04-28 12:09:26',5,NULL),(45338,1279,219,182,1533,40720,1,11,2,6,0.00,0.00,'2021-04-28 12:09:26','2021-04-28 12:09:26',5,NULL),(45339,1279,219,182,1533,40720,1,6,2,7,0.00,0.00,'2021-04-28 12:09:26','2021-04-28 12:09:26',5,NULL),(45340,1279,219,182,1533,40720,1,14,2,7,0.00,0.00,'2021-04-28 12:09:26','2021-04-28 12:09:26',5,NULL),(45341,1279,219,182,1533,40720,1,10,2,7,0.00,0.00,'2021-04-28 12:09:26','2021-04-28 12:09:26',5,NULL),(45342,1279,219,182,1533,40720,1,13,2,8,0.00,0.00,'2021-04-28 12:09:26','2021-04-28 12:09:26',5,NULL),(45343,1279,219,182,1533,40720,1,9,2,8,0.00,0.00,'2021-04-28 12:09:26','2021-04-28 12:09:26',5,NULL),(45344,1279,219,182,1533,40720,1,5,2,8,0.00,0.00,'2021-04-28 12:09:26','2021-04-28 12:09:26',5,NULL),(45345,1279,219,182,1533,40720,1,1,2,6,0.00,0.00,'2021-04-28 12:09:26','2021-04-28 12:09:26',5,NULL),(45346,1279,219,182,1533,40720,1,4,2,7,0.00,0.00,'2021-04-28 12:09:26','2021-04-28 12:09:26',5,NULL),(45347,1279,219,182,1533,40720,1,8,2,6,0.00,0.00,'2021-04-28 12:09:26','2021-04-28 12:09:26',5,NULL),(45348,1279,219,182,1533,40720,1,3,2,8,0.00,0.00,'2021-04-28 12:09:26','2021-04-28 12:09:26',5,NULL),(45349,1279,219,182,1533,40720,1,12,2,6,0.00,0.00,'2021-04-28 12:09:26','2021-04-28 12:09:26',5,NULL),(45350,1279,219,182,1533,40720,1,7,2,7,0.00,0.00,'2021-04-28 12:09:26','2021-04-28 12:09:26',5,NULL),(45351,1279,219,182,1533,40720,1,11,2,7,0.00,0.00,'2021-04-28 12:09:26','2021-04-28 12:09:26',5,NULL),(45352,1279,219,182,1533,40720,1,6,2,8,0.00,0.00,'2021-04-28 12:09:26','2021-04-28 12:09:26',5,NULL),(45353,1279,219,182,1533,40720,1,14,2,8,0.00,0.00,'2021-04-28 12:09:26','2021-04-28 12:09:26',5,NULL),(45354,1279,219,182,1533,40720,1,10,2,8,0.00,0.00,'2021-04-28 12:09:26','2021-04-28 12:09:26',5,NULL),(45355,1279,219,182,1533,40720,1,2,2,6,0.00,0.00,'2021-04-28 12:09:26','2021-04-28 12:09:26',5,NULL),(45356,1279,219,182,1533,40720,1,1,2,7,4000.00,0.00,'2021-04-28 12:09:26','2021-04-28 12:09:26',5,NULL),(45357,1279,219,182,1533,40720,1,9,2,6,0.00,0.00,'2021-04-28 12:09:26','2021-04-28 12:09:26',5,NULL),(45358,1279,219,182,1533,40720,1,4,2,8,0.00,0.00,'2021-04-28 12:09:26','2021-04-28 12:09:26',5,NULL),(45359,1279,219,182,1533,40720,1,5,2,6,0.00,0.00,'2021-04-28 12:09:26','2021-04-28 12:09:26',5,NULL),(45360,1279,219,182,1533,40720,1,13,2,6,0.00,0.00,'2021-04-28 12:09:26','2021-04-28 12:09:26',5,NULL),(45361,1279,219,182,1533,40720,1,8,2,7,0.00,0.00,'2021-04-28 12:09:26','2021-04-28 12:09:26',5,NULL),(45362,1279,219,182,1533,40720,1,12,2,7,0.00,0.00,'2021-04-28 12:09:26','2021-04-28 12:09:26',5,NULL),(45363,1279,219,182,1533,40720,1,7,2,8,0.00,0.00,'2021-04-28 12:09:26','2021-04-28 12:09:26',5,NULL),(45364,1279,219,182,1533,40720,1,11,2,8,0.00,0.00,'2021-04-28 12:09:26','2021-04-28 12:09:26',5,NULL),(45365,1279,219,182,1533,40720,1,14,2,3,0.00,0.00,'2021-04-28 12:09:26','2021-04-28 12:09:26',6,NULL),(45366,1279,219,182,1533,40720,1,1,2,3,0.00,0.00,'2021-04-28 12:09:26','2021-04-28 12:09:26',6,NULL),(45367,1279,219,182,1533,40720,1,4,2,3,0.00,0.00,'2021-04-28 12:09:26','2021-04-28 12:09:26',6,NULL),(45368,1279,219,182,1533,40720,1,7,2,3,0.00,0.00,'2021-04-28 12:09:26','2021-04-28 12:09:26',6,NULL),(45369,1279,219,182,1533,40720,1,10,2,3,0.00,0.00,'2021-04-28 12:09:26','2021-04-28 12:09:26',6,NULL),(45370,1279,219,182,1533,40720,1,13,2,3,0.00,0.00,'2021-04-28 12:09:26','2021-04-28 12:09:26',6,NULL),(45371,1279,219,182,1533,40720,1,3,2,3,0.00,0.00,'2021-04-28 12:09:26','2021-04-28 12:09:26',6,NULL),(45372,1279,219,182,1533,40720,1,6,2,3,0.00,0.00,'2021-04-28 12:09:26','2021-04-28 12:09:26',6,NULL),(45373,1279,219,182,1533,40720,1,9,2,3,0.00,0.00,'2021-04-28 12:09:26','2021-04-28 12:09:26',6,NULL),(45374,1279,219,182,1533,40720,1,12,2,3,0.00,0.00,'2021-04-28 12:09:26','2021-04-28 12:09:26',6,NULL),(45375,1279,219,182,1533,40720,1,2,2,3,0.00,0.00,'2021-04-28 12:09:26','2021-04-28 12:09:26',6,NULL);
INSERT INTO `period_liquidation_iva_details` VALUES (45376,1279,219,182,1533,40720,1,5,2,3,0.00,0.00,'2021-04-28 12:09:26','2021-04-28 12:09:26',6,NULL),(45377,1279,219,182,1533,40720,1,8,2,3,0.00,0.00,'2021-04-28 12:09:26','2021-04-28 12:09:26',6,NULL),(45378,1279,219,182,1533,40720,1,11,2,3,0.00,0.00,'2021-04-28 12:09:26','2021-04-28 12:09:26',6,NULL),(45379,1279,219,182,1533,40720,1,13,2,2,0.00,0.00,'2021-04-28 12:09:26','2021-04-28 12:09:26',6,NULL),(45380,1279,219,182,1533,40720,1,3,2,2,0.00,0.00,'2021-04-28 12:09:26','2021-04-28 12:09:26',6,NULL),(45381,1279,219,182,1533,40720,1,6,2,2,0.00,0.00,'2021-04-28 12:09:26','2021-04-28 12:09:26',6,NULL),(45382,1279,219,182,1533,40720,1,9,2,2,0.00,0.00,'2021-04-28 12:09:26','2021-04-28 12:09:26',6,NULL),(45383,1279,219,182,1533,40720,1,12,2,2,0.00,0.00,'2021-04-28 12:09:26','2021-04-28 12:09:26',6,NULL),(45384,1279,219,182,1533,40720,1,2,2,2,0.00,0.00,'2021-04-28 12:09:26','2021-04-28 12:09:26',6,NULL),(45385,1279,219,182,1533,40720,1,5,2,2,0.00,0.00,'2021-04-28 12:09:26','2021-04-28 12:09:26',6,NULL),(45386,1279,219,182,1533,40720,1,8,2,2,0.00,0.00,'2021-04-28 12:09:26','2021-04-28 12:09:26',6,NULL),(45387,1279,219,182,1533,40720,1,11,2,2,0.00,0.00,'2021-04-28 12:09:26','2021-04-28 12:09:26',6,NULL),(45388,1279,219,182,1533,40720,1,14,2,2,0.00,0.00,'2021-04-28 12:09:26','2021-04-28 12:09:26',6,NULL),(45389,1279,219,182,1533,40720,1,1,2,2,0.00,0.00,'2021-04-28 12:09:26','2021-04-28 12:09:26',6,NULL),(45390,1279,219,182,1533,40720,1,4,2,2,0.00,0.00,'2021-04-28 12:09:26','2021-04-28 12:09:26',6,NULL),(45391,1279,219,182,1533,40720,1,7,2,2,0.00,0.00,'2021-04-28 12:09:26','2021-04-28 12:09:26',6,NULL),(45392,1279,219,182,1533,40720,1,10,2,2,0.00,0.00,'2021-04-28 12:09:26','2021-04-28 12:09:26',6,NULL),(45393,1279,219,182,1533,40720,1,9,2,1,0.00,0.00,'2021-04-28 12:09:26','2021-04-28 12:09:26',6,NULL),(45394,1279,219,182,1533,40720,1,12,2,1,0.00,0.00,'2021-04-28 12:09:26','2021-04-28 12:09:26',6,NULL),(45395,1279,219,182,1533,40720,1,2,2,1,0.00,0.00,'2021-04-28 12:09:26','2021-04-28 12:09:26',6,NULL),(45396,1279,219,182,1533,40720,1,5,2,1,0.00,0.00,'2021-04-28 12:09:26','2021-04-28 12:09:26',6,NULL),(45397,1279,219,182,1533,40720,1,8,2,1,0.00,0.00,'2021-04-28 12:09:26','2021-04-28 12:09:26',6,NULL),(45398,1279,219,182,1533,40720,1,11,2,1,0.00,0.00,'2021-04-28 12:09:26','2021-04-28 12:09:26',6,NULL),(45399,1279,219,182,1533,40720,1,14,2,1,0.00,0.00,'2021-04-28 12:09:26','2021-04-28 12:09:26',6,NULL),(45400,1279,219,182,1533,40720,1,1,2,1,0.00,0.00,'2021-04-28 12:09:26','2021-04-28 12:09:26',6,NULL),(45401,1279,219,182,1533,40720,1,4,2,1,0.00,0.00,'2021-04-28 12:09:26','2021-04-28 12:09:26',6,NULL),(45402,1279,219,182,1533,40720,1,7,2,1,0.00,0.00,'2021-04-28 12:09:26','2021-04-28 12:09:26',6,NULL),(45403,1279,219,182,1533,40720,1,10,2,1,0.00,0.00,'2021-04-28 12:09:26','2021-04-28 12:09:26',6,NULL),(45404,1279,219,182,1533,40720,1,13,2,1,0.00,0.00,'2021-04-28 12:09:26','2021-04-28 12:09:26',6,NULL),(45405,1279,219,182,1533,40720,1,3,2,1,0.00,0.00,'2021-04-28 12:09:26','2021-04-28 12:09:26',6,NULL),(45406,1279,219,182,1533,40720,1,6,2,1,0.00,0.00,'2021-04-28 12:09:26','2021-04-28 12:09:26',6,NULL),(45407,1279,219,182,1533,40720,1,3,2,5,0.00,0.00,'2021-04-28 12:09:26','2021-04-28 12:09:26',6,NULL),(45408,1279,219,182,1533,40720,1,6,2,5,0.00,0.00,'2021-04-28 12:09:26','2021-04-28 12:09:26',6,NULL),(45409,1279,219,182,1533,40720,1,9,2,5,0.00,0.00,'2021-04-28 12:09:26','2021-04-28 12:09:26',6,NULL),(45410,1279,219,182,1533,40720,1,12,2,5,0.00,0.00,'2021-04-28 12:09:26','2021-04-28 12:09:26',6,NULL),(45411,1279,219,182,1533,40720,1,2,2,5,0.00,0.00,'2021-04-28 12:09:26','2021-04-28 12:09:26',6,NULL),(45412,1279,219,182,1533,40720,1,5,2,5,0.00,0.00,'2021-04-28 12:09:26','2021-04-28 12:09:26',6,NULL),(45413,1279,219,182,1533,40720,1,8,2,5,0.00,0.00,'2021-04-28 12:09:26','2021-04-28 12:09:26',6,NULL),(45414,1279,219,182,1533,40720,1,11,2,5,0.00,0.00,'2021-04-28 12:09:26','2021-04-28 12:09:26',6,NULL);
