-- Dumping data for table `conta_centro_costo_plan_cuenta`
--


--
-- Table structure for table `conta_centro_costos`
--

CREATE TABLE `conta_centro_costos` (
  `id` bigint(20) unsigned NOT NULL AUTO_INCREMENT,
  `user_id` int(10) unsigned DEFAULT NULL,
  `person_id` int(10) unsigned NOT NULL,
  `descripcion` text COLLATE utf8mb4_unicode_ci NOT NULL,
  `habilitado` tinyint(1) NOT NULL DEFAULT '1',
  `created_at` timestamp NULL DEFAULT NULL,
  `updated_at` timestamp NULL DEFAULT NULL,
  `deleted_at` timestamp NULL DEFAULT NULL,
  PRIMARY KEY (`id`),
  KEY `conta_centro_costos_person_id_foreign` (`person_id`),
  CONSTRAINT `conta_centro_costos_person_id_foreign` FOREIGN KEY (`person_id`) REFERENCES `persons` (`id`)
) ENGINE=InnoDB DEFAULT CHARSET=utf8mb4 COLLATE=utf8mb4_unicode_ci;

--
-- Dumping data for table `conta_centro_costos`
--


--
-- Table structure for table `conta_plan_cuenta`
--

CREATE TABLE `conta_plan_cuenta` (
  `id` int(10) unsigned NOT NULL AUTO_INCREMENT,
  `user_id` int(10) unsigned DEFAULT NULL,
  `codigo` int(11) NOT NULL,
  `tipo_cuenta_id` int(10) unsigned NOT NULL,
  `saldo_id` int(10) unsigned NOT NULL,
  `padre` int(11) NOT NULL,
  `nombre` varchar(255) COLLATE utf8mb4_unicode_ci NOT NULL,
  `rubro` varchar(255) COLLATE utf8mb4_unicode_ci DEFAULT NULL,
  `comentario` varchar(255) COLLATE utf8mb4_unicode_ci DEFAULT NULL,
  `status` int(10) unsigned NOT NULL DEFAULT '1',
  `no_editable` int(11) NOT NULL DEFAULT '1',
  `tes_cta_cte` tinyint(1) NOT NULL DEFAULT '0',
  `tes_cuenta_origen` tinyint(1) NOT NULL DEFAULT '0',
  `tes_cuenta_destino` tinyint(1) NOT NULL DEFAULT '0',
  `conta_asientos` tinyint(1) NOT NULL DEFAULT '0',
  `deleted_at` timestamp NULL DEFAULT NULL,
  PRIMARY KEY (`id`),
  KEY `conta_plan_cuenta_tipo_cuenta_id_foreign` (`tipo_cuenta_id`),
  KEY `conta_plan_cuenta_saldo_id_foreign` (`saldo_id`),
  CONSTRAINT `conta_plan_cuenta_saldo_id_foreign` FOREIGN KEY (`saldo_id`) REFERENCES `conta_tipo_saldos` (`id`),
  CONSTRAINT `conta_plan_cuenta_tipo_cuenta_id_foreign` FOREIGN KEY (`tipo_cuenta_id`) REFERENCES `conta_tipo_cuentas` (`id`)
) ENGINE=InnoDB AUTO_INCREMENT=482 DEFAULT CHARSET=utf8mb4 COLLATE=utf8mb4_unicode_ci;

--
-- Dumping data for table `conta_plan_cuenta`
--

INSERT INTO `conta_plan_cuenta` VALUES (1,NULL,1000000,1,1,0,'ACTIVO','Activo',NULL,1,1,0,0,0,0,NULL),(2,NULL,1100000,2,1,1000000,'ACTIVO CORRIENTE','Activo',NULL,1,1,0,0,0,0,NULL),(3,NULL,1110000,3,1,1100000,'CAJA Y BANCOS','Activo',NULL,1,1,0,0,0,0,NULL),(4,NULL,1110100,4,1,1110000,'CAJAS','Activo',NULL,1,1,0,0,0,0,NULL),(5,NULL,1110101,5,1,1110100,'Caja Oficina','Activo',NULL,0,1,0,0,0,0,NULL),(6,NULL,1110102,5,1,1110100,'Caja Casa','Activo',NULL,0,1,0,0,0,0,NULL),(7,NULL,1110103,5,1,1110100,'Caja Dolares Casa','Activo',NULL,0,1,0,0,0,0,NULL),(8,NULL,1110104,5,1,1110100,'Banco Santander 015-372795/5','Activo',NULL,0,1,0,0,0,0,NULL),(9,NULL,1110200,4,1,1110000,'BANCOS','Activo',NULL,1,1,0,0,0,0,NULL),(10,NULL,1110201,5,1,1110200,'Banco Santander Rio Cta Corriente','Activo',NULL,1,2,1,1,1,0,NULL),(11,NULL,1110202,5,1,1110200,'Banco Santander Rio Cta Corriente DOLARES','Activo',NULL,1,2,1,1,1,0,NULL),(12,NULL,1130000,3,1,1100000,'CREDITOS POR VENTAS','Activo',NULL,1,1,0,0,0,0,NULL),(13,NULL,1130101,5,1,1130100,'Clientes - Deudores','Activo',NULL,1,2,0,0,0,1,NULL),(14,NULL,1130102,5,1,1130100,'Deudores por ventas comunes','Activo',NULL,1,1,0,0,0,1,NULL),(15,NULL,1130103,5,1,1130100,'Deudores por ventas morosos','Activo',NULL,1,1,0,0,0,1,NULL),(16,NULL,1130104,5,1,1130100,'Deudores en gestión judicial','Activo',NULL,1,1,0,0,0,1,NULL),(17,NULL,1130105,5,1,1130100,'Previsión deudores incobrables','Activo',NULL,1,1,0,0,0,1,NULL),(18,NULL,1140000,3,1,1100000,'OTROS CREDITOS','Activo',NULL,1,1,0,0,0,0,NULL),(19,NULL,1140100,4,1,1140000,'Retenciones Sufridas','Activo',NULL,1,1,0,0,0,0,NULL),(20,NULL,1140301,5,1,1140300,'Anticipos Impuesto a las Ganancias','Activo',NULL,1,2,0,0,1,1,NULL),(21,NULL,1140102,5,1,1140100,'Retenciones Ingr. Brutos','Activo',NULL,0,1,0,0,0,0,NULL),(22,NULL,1140329,5,1,1140300,'Anticipo Impto.Ganancia Mínima Presunta','Activo',NULL,1,1,0,0,0,1,NULL),(23,NULL,1140105,5,1,1140100,'Retenciones Impuesto a las Ganancias','Activo',NULL,1,2,1,0,0,1,NULL),(24,NULL,1140106,5,1,1140100,'Impuesto a las Ganancias (Saldo a favor)','Activo',NULL,1,1,0,0,0,1,NULL),(25,NULL,1140107,5,1,1140100,'Retenciones de IVA','Activo',NULL,1,2,1,0,0,1,NULL),(26,NULL,1140200,4,1,1140000,'CREDITOS DIVERSOS','Activo',NULL,1,1,0,0,0,0,NULL),(27,NULL,1140201,5,1,1140200,'Anticipos de proveedores','Activo',NULL,1,1,0,0,0,1,NULL),(28,NULL,1140205,5,1,1140200,'Depósito en garantía alquileres','Activo',NULL,1,1,0,0,0,1,NULL),(29,NULL,1140206,5,1,1140200,'Derechos adquiridos a devengar','Activo',NULL,1,1,0,0,0,1,NULL),(30,NULL,1140207,5,1,1140200,'Intereses a devengar','Activo',NULL,1,1,0,0,0,1,NULL),(31,NULL,1140208,5,1,1140200,'Cuentas a rendir - Directores','Activo',NULL,1,1,0,0,0,1,NULL),(32,NULL,1140210,5,1,1140200,'Alquileres no devengados','Activo',NULL,1,1,0,0,0,1,NULL),(33,NULL,1150000,3,1,1100000,'BIENES DE CAMBIO','Activo',NULL,1,1,0,0,0,0,NULL),(34,NULL,1150400,4,1,1150000,'MERCADERIA DE REVENTA','Activo',NULL,1,1,0,0,0,0,NULL),(35,NULL,1200000,2,1,1000000,'ACTIVO NO CORRIENTE','Activo',NULL,1,1,0,0,0,0,NULL),(36,NULL,1220000,3,1,1200000,'BIENES DE USO','Activo',NULL,1,1,0,0,0,0,NULL),(37,NULL,1220100,4,1,1220000,'EQUIPOS DE COMPUTACION','Activo',NULL,1,1,0,0,0,0,NULL),(38,NULL,1220101,5,1,1220100,'Equipos de computación valores históricos','Activo',NULL,1,1,0,0,0,1,NULL),(39,NULL,1220102,5,1,1220100,'Equipos de computación ajuste','Activo',NULL,1,1,0,0,0,1,NULL),(40,NULL,1220108,5,1,1220100,'Amortización Acumulada Equipos de comput.','Activo',NULL,1,1,0,0,0,1,NULL),(41,NULL,1220200,4,1,1220000,'INSTALACIONES','Activo',NULL,1,1,0,0,0,0,NULL),(42,NULL,1220201,5,1,1220200,'Instalaciones valores históricos','Activo',NULL,1,1,0,0,0,1,NULL),(43,NULL,1220202,5,1,1220200,'Instalaciones ajuste','Activo',NULL,1,1,0,0,0,1,NULL),(44,NULL,1220206,5,1,1220200,'Amortización Acumulada Instalaciones','Activo',NULL,1,1,0,0,0,1,NULL),(45,NULL,1220300,4,1,1220000,'MUEBLES Y UTILES','Activo',NULL,1,1,0,0,0,0,NULL);
INSERT INTO `conta_plan_cuenta` VALUES (46,NULL,1220301,5,1,1220300,'Muebles y utiles valores históricos','Activo',NULL,1,1,0,0,0,1,NULL),(47,NULL,1220302,5,1,1220300,'Muebles y utiles ajuste','Activo',NULL,1,1,0,0,0,1,NULL),(48,NULL,1220306,5,1,1220300,'Amortización Acumulada Muebles y Útiles','Activo',NULL,1,1,0,0,0,1,NULL),(49,NULL,1230000,3,1,1200000,'ACTIVOS INTANGIBLES','Activo',NULL,1,1,0,0,0,0,NULL),(50,NULL,1230101,5,1,1230100,'Gastos de organización valores historicos','Activo',NULL,1,1,0,0,0,1,NULL),(51,NULL,1230102,5,1,1230100,'Gastos de organización ajuste','Activo',NULL,1,1,0,0,0,1,NULL),(52,NULL,1230103,5,1,1230100,'Amortización acumulada gs. de organización','Activo',NULL,1,1,0,0,0,1,NULL),(53,NULL,2000000,1,2,0,'PASIVO','Pasivo',NULL,1,1,0,0,0,0,NULL),(54,NULL,2100000,2,2,2000000,'PASIVO CORRIENTE','Pasivo',NULL,1,1,0,0,0,0,NULL),(55,NULL,2110000,3,2,2100000,'Deudas','Pasivo',NULL,1,1,0,0,0,0,NULL),(56,NULL,2110100,4,2,2110000,'Comerciales','Pasivo',NULL,1,1,0,0,0,0,NULL),(57,NULL,2110101,5,2,2110100,'Proveedores en Cta. Cte. locales','Pasivo',NULL,1,2,0,0,0,1,NULL),(58,NULL,2110102,5,2,2110100,'Proveedores en cta. cte. exterior','Pasivo',NULL,1,1,0,0,0,1,NULL),(59,NULL,2110103,5,2,2110100,'Derechos de exhibición a devengar','Pasivo',NULL,1,1,0,0,0,1,NULL),(60,NULL,2110104,5,2,2110100,'Cheques emitidos ','Pasivo',NULL,1,2,1,1,1,1,NULL),(61,NULL,2110200,4,2,2110000,'REMUNERACIONES Y CARGAS SOCIALES','Pasivo',NULL,1,1,0,0,0,0,NULL),(62,NULL,2110201,5,2,2110200,'Sueldos y Jornales a pagar','Pasivo',NULL,1,2,0,0,1,1,NULL),(63,NULL,2110202,5,2,2110200,'Cargas sociales a pagar','Pasivo',NULL,1,1,0,0,0,1,NULL),(64,NULL,2110203,5,2,2110200,'Sindicatos a Pagar','Pasivo',NULL,1,1,0,0,0,1,NULL),(65,NULL,2110300,4,2,2110000,'CARGAS FISCALES','Pasivo',NULL,1,1,0,0,0,0,NULL),(67,NULL,2110301,5,2,2110300,'IVA Debito Fiscal','Pasivo',NULL,1,2,0,0,0,1,NULL),(68,NULL,1140222,5,1,1140200,'IVA Credito Fiscal','Activo',NULL,1,2,0,0,0,1,NULL),(69,NULL,2110303,5,2,2110300,'Impuestos Internos','Pasivo',NULL,1,1,0,0,0,1,NULL),(70,NULL,2110304,5,2,2110300,'Impuestos al Combustible','Pasivo',NULL,1,1,0,0,0,1,NULL),(71,NULL,2110601,5,2,2110600,'IVA Retenciones de terceros','Pasivo',NULL,1,1,0,0,0,1,NULL),(72,NULL,2110306,5,2,2110300,'IVA Percepciones realiz.por terceros','Pasivo',NULL,1,2,0,0,0,1,NULL),(73,NULL,2110307,5,2,2110300,'IVA Saldo a favor','Pasivo',NULL,1,1,0,0,0,1,NULL),(74,NULL,2110308,5,2,2110300,'IVA a pagar','Pasivo',NULL,1,2,0,0,0,1,NULL),(75,NULL,2110309,5,2,2110300,'Percepciones Ingresos Brutos','Pasivo',NULL,1,1,0,0,0,1,NULL),(76,NULL,2110310,5,2,2110300,'Otros Pagos AFIP','Pasivo',NULL,1,1,0,0,0,1,NULL),(78,NULL,2110350,5,2,2110300,'Impuesto a los Ingresos Brutos Pasivo','Pasivo',NULL,1,1,0,0,0,1,NULL),(79,NULL,2110313,5,2,2110300,'Impuesto a las Ganancias','Pasivo',NULL,1,1,0,0,0,1,NULL),(80,NULL,2110314,5,2,2110300,'Impuesto a la Ganancia Mínima Presunta','Pasivo',NULL,1,1,0,0,0,1,NULL),(81,NULL,2110602,5,2,2110600,'AFIP - Retenciones Impuesto a las Ganancias','Pasivo',NULL,1,1,0,0,0,1,NULL),(82,NULL,2110316,5,2,2110300,'AFIP - Plan de Facilidades Decreto 338/02','Pasivo',NULL,1,1,0,0,0,1,NULL),(83,NULL,2200000,2,2,2000000,'PASIVO NO CORRIENTE','Pasivo',NULL,1,1,0,0,0,0,NULL),(84,NULL,3000000,1,2,0,'PATRIMONIO NETO','Patrimonio Neto',NULL,1,1,0,0,0,0,NULL),(85,NULL,3100000,2,2,3000000,'APORTE DE LOS PROPIETARIOS','Patrimonio Neto',NULL,1,1,0,0,0,0,NULL),(86,NULL,3110100,4,2,3110000,'CAPITAL SOCIAL','Patrimonio Neto',NULL,1,1,0,0,0,0,NULL),(87,NULL,3110101,5,2,3110100,'Acciones en circulación','Patrimonio Neto',NULL,1,1,0,0,0,1,NULL),(88,NULL,3110102,5,2,3110100,'Ajuste del Capital','Patrimonio Neto',NULL,1,2,0,0,0,1,NULL),(89,NULL,3110103,5,2,3110100,'Aportes Irrevocables Futuras Suscripciones','Patrimonio Neto',NULL,1,1,0,0,0,1,NULL),(90,NULL,3400000,2,2,3000000,'RESULTADOS','Patrimonio Neto',NULL,1,1,0,0,0,0,NULL),(91,NULL,3410101,5,2,3410100,'Resultado del ejercicio','Patrimonio Neto',NULL,1,1,0,0,0,1,NULL);
INSERT INTO `conta_plan_cuenta` VALUES (92,NULL,3410102,5,2,3410100,'Resultado ejercicios anteriores','Patrimonio Neto',NULL,1,1,0,0,0,1,NULL),(93,NULL,3410103,5,2,3410100,'A.R.E.A.','Patrimonio Neto',NULL,1,1,0,0,0,1,NULL),(94,NULL,4000000,1,2,0,'INGRESOS','Result. Positivo',NULL,1,1,0,0,0,0,NULL),(95,NULL,4100000,2,2,4000000,'INGRESOS ORDINARIOS','Result. Positivo',NULL,1,1,0,0,0,0,NULL),(96,NULL,4110101,5,2,4110100,'VENTAS','Result. Positivo',NULL,1,2,0,0,0,1,NULL),(97,NULL,4110102,5,2,4110100,'Honorarios','Result. Positivo',NULL,1,1,0,0,0,1,NULL),(98,NULL,4110103,5,2,4110100,'Sueldo Vane','Result. Positivo',NULL,0,1,0,0,0,0,NULL),(99,NULL,4110104,5,2,4110100,'Descuentos obtenidos','Result. Positivo',NULL,1,1,0,0,0,1,NULL),(100,NULL,4110105,5,2,4110100,'Reintegros por exportaciones','Result. Positivo',NULL,1,1,0,0,0,1,NULL),(101,NULL,4120000,3,2,4100000,'OTROS INGRESOS','Result. Positivo',NULL,1,1,0,0,0,0,NULL),(102,NULL,4120101,5,2,4120100,'Intereses Cobrados','Result. Positivo',NULL,1,1,0,0,0,1,NULL),(103,NULL,4120102,5,2,4120100,'Diferencias de cambio','Result. Positivo',NULL,1,1,0,0,0,1,NULL),(104,NULL,4120103,5,2,4120100,'Descuentos obtenidos','Result. Positivo',NULL,1,1,0,0,0,1,NULL),(107,NULL,5000000,1,1,0,'GASTOS','Result. Negativo',NULL,1,1,0,0,0,0,NULL),(108,NULL,5100000,2,1,5000000,'GASTOS ORDINARIOS','Result. Negativo',NULL,1,1,0,0,0,0,NULL),(109,NULL,5110100,4,1,5110000,'ASIENTO DE SUELDO','Result. Negativo',NULL,1,1,0,0,0,0,NULL),(110,NULL,5110101,5,1,5110100,'Sueldos','Result. Negativo',NULL,1,1,0,0,0,1,NULL),(111,NULL,5110102,5,1,5110100,'Contribuciones','Result. Negativo',NULL,1,1,0,0,0,1,NULL),(112,NULL,5110103,5,1,5110100,'Sindicato','Result. Negativo',NULL,1,1,0,0,0,1,NULL),(113,NULL,5120100,4,1,5120000,'GASTOS DE OPERACION','Result. Negativo',NULL,1,1,0,0,0,0,NULL),(114,NULL,5120101,5,1,5120100,'ACA','Result. Negativo',NULL,1,1,0,0,0,1,NULL),(115,NULL,5120102,5,1,5120100,'Aereos','Result. Negativo',NULL,1,1,0,0,0,1,NULL),(116,NULL,5120103,5,1,5120100,'Alquiler','Result. Negativo',NULL,1,1,0,0,0,1,NULL),(117,NULL,5120104,5,1,5120100,'AGUA AYSA','Result. Negativo',NULL,1,1,0,0,0,1,NULL),(118,NULL,5120105,5,1,5120100,'TV Cablevision','Result. Negativo',NULL,1,1,0,0,0,1,NULL),(119,NULL,5120106,5,1,5120100,'Caja Jubilacion Consejo','Result. Negativo',NULL,1,1,0,0,0,1,NULL),(120,NULL,5120107,5,1,5120100,'Celulares','Result. Negativo',NULL,1,1,0,0,0,1,NULL),(121,NULL,5120108,5,1,5120100,'Cheques','Result. Negativo',NULL,1,1,0,0,0,1,NULL),(122,NULL,5120109,5,1,5120100,'Club la Nacion','Result. Negativo',NULL,0,1,0,0,0,0,NULL),(123,NULL,5120110,5,1,5120100,'Comida','Result. Negativo',NULL,1,1,0,0,0,1,NULL),(124,NULL,5120111,5,1,5120100,'Diario Clarin','Result. Negativo',NULL,0,1,0,0,0,0,NULL),(125,NULL,5120112,5,1,5120100,'Digital Ocean','Result. Negativo',NULL,0,1,0,0,0,0,NULL),(126,NULL,5120113,5,1,5120100,'Fletes y acarreos','Result. Negativo',NULL,1,1,0,0,0,1,NULL),(127,NULL,5120114,5,1,5120100,'Luz Edesur','Result. Negativo',NULL,1,1,0,0,0,1,NULL),(128,NULL,5120115,5,1,5120100,'Movilidad y Viáticos','Result. Negativo',NULL,1,1,0,0,0,1,NULL),(129,NULL,5120116,5,1,5120100,'Mantenimiento','Result. Negativo',NULL,1,1,0,0,0,1,NULL),(130,NULL,5120117,5,1,5120100,'IVA No Computable','Result. Negativo',NULL,1,1,0,0,0,1,NULL),(131,NULL,5120118,5,1,5120100,'Entretenimiento','Result. Negativo',NULL,1,1,0,0,0,1,NULL),(132,NULL,5120119,5,1,5120100,'Amortización Bienes de Uso','Result. Negativo',NULL,1,1,0,0,0,1,NULL),(133,NULL,5120120,5,1,5120100,'Errepar','Result. Negativo',NULL,0,1,0,0,0,0,NULL),(134,NULL,5120121,5,1,5120100,'Hosting Página Web To Webs','Result. Negativo',NULL,0,1,0,0,0,0,NULL),(135,NULL,5120122,5,1,5120100,'Gastos varios','Result. Negativo',NULL,1,1,0,0,0,1,NULL),(136,NULL,5120123,5,1,5120100,'Ajuste por redondeo','Result. Negativo',NULL,1,2,0,0,0,1,NULL),(137,NULL,5120124,5,1,5120100,'Deudores Incobrables','Result. Negativo',NULL,1,1,0,0,0,1,NULL),(138,NULL,5120125,5,1,5120100,'Faby Goncalves','Result. Negativo',NULL,0,1,0,0,0,0,NULL);
INSERT INTO `conta_plan_cuenta` VALUES (139,NULL,5130100,4,1,5130000,'GASTOS FINANCIEROS','Result. Negativo',NULL,1,1,0,0,0,0,NULL),(140,NULL,5130101,5,1,5130100,'Intereses y Gastos bancarios','Result. Negativo',NULL,1,2,0,0,1,1,NULL),(141,NULL,5130102,5,1,5130100,'Intereses Proveedores','Result. Negativo',NULL,1,1,0,0,0,1,NULL),(142,NULL,5130103,5,1,5130100,'Damian Financiera','Result. Negativo',NULL,0,1,0,0,0,0,NULL),(143,NULL,5130104,5,1,5130100,'Diferencias de cambio','Result. Negativo',NULL,1,1,0,0,0,1,NULL),(144,NULL,5130105,5,1,5130100,'Diferencia de Cambio Bces. en M.Extranjera','Result. Negativo',NULL,1,1,0,0,0,1,NULL),(145,NULL,5130106,5,1,5130100,'Diferencia tipo cambio Vendedor/Comprador','Result. Negativo',NULL,1,1,0,0,0,1,NULL),(146,NULL,5130107,5,1,5130100,'Diferencia por conversion en Bce. en Mon. Extranj.','Result. Negativo',NULL,1,1,0,0,0,1,NULL),(147,NULL,5130108,5,1,5130100,'Diferencia de cambio CMV','Result. Negativo',NULL,1,1,0,0,0,1,NULL),(148,NULL,5130109,5,1,5130100,'Diferencia de cambio PT','Result. Negativo',NULL,1,1,0,0,0,1,NULL),(149,NULL,5130110,5,1,5130100,'Resultado por Exposición a la Inflación','Result. Negativo',NULL,1,1,0,0,0,1,NULL),(150,NULL,5130111,5,1,5130100,'Diferencia de cambio PE','Result. Negativo',NULL,1,1,0,0,0,1,NULL),(151,NULL,5130112,5,1,5130100,'Diferencia de cambio Ds.Vtas.','Result. Negativo',NULL,1,1,0,0,0,1,NULL),(152,NULL,5130113,5,1,5130100,'Diferencia de cambio ME','Result. Negativo',NULL,1,1,0,0,0,1,NULL),(153,NULL,5130114,5,1,5130100,'Descuentos otorgados','Result. Negativo',NULL,1,1,0,0,0,1,NULL),(154,NULL,5140100,4,1,5140000,'IMPUESTOS','Result. Negativo',NULL,1,1,0,0,0,0,NULL),(155,NULL,5140101,5,1,5140100,'Impuesto a las Ganancias','Result. Negativo',NULL,1,1,0,0,0,1,NULL),(156,NULL,5140164,5,1,5140100,'Impuesto a los Ingresos Brutos','Result. Negativo',NULL,1,2,0,0,0,1,NULL),(157,NULL,5140102,5,1,5140100,'Impuesto al Debito y Credito Bancario','Result. Negativo',NULL,1,1,0,0,0,1,NULL),(158,NULL,5200000,2,1,5000000,'GASTOS EXTRAORDINARIOS','Result. Negativo',NULL,1,1,0,0,0,0,NULL),(159,NULL,5210101,5,1,5210100,'Pérdida por venta bienes de uso','Result. Negativo',NULL,1,1,0,0,0,1,NULL),(160,NULL,5210102,5,1,5210100,'Inversiones','Result. Negativo',NULL,1,1,0,0,0,1,NULL),(161,NULL,5210103,5,1,5210100,'Amortizaciones extraordinarias','Result. Negativo',NULL,1,1,0,0,0,1,NULL),(162,NULL,1140103,5,1,1140100,'Retenciones SUSS','Activo',NULL,1,2,1,0,0,1,NULL),(163,NULL,1110122,5,1,1110100,'Banco Patagonia Cta. Cte.','Activo',NULL,0,1,0,0,0,0,NULL),(164,NULL,1110106,5,1,1110100,'Banco HSBC','Activo',NULL,0,1,0,0,0,0,NULL),(165,NULL,1110123,5,1,1110100,'Banco Ciudad Cta. Cte.','Activo',NULL,0,1,0,0,0,0,NULL),(166,NULL,1110124,5,1,1110100,'Banco Nacion Cta. Cte.','Activo',NULL,0,1,0,0,0,0,NULL),(167,NULL,1110109,5,1,1110100,'Banco Galicia Vane','Activo',NULL,0,1,0,0,0,0,NULL),(168,NULL,1110110,5,1,1110100,'Banco Frances Vane','Activo',NULL,0,1,0,0,0,0,NULL),(169,NULL,1110111,5,1,1110100,'Banco Patagonia In Time SRL','Activo',NULL,0,1,0,0,0,0,NULL),(170,NULL,1110112,5,1,1110100,'Banco Ciudad In Time SRL','Activo',NULL,0,1,0,0,0,0,NULL),(171,NULL,1110113,5,1,1110100,'Banco Provincia In Time SRL','Activo',NULL,0,1,0,0,0,0,NULL),(172,NULL,1110114,5,1,1110100,'Banco Macro PedimeOnline','Activo',NULL,0,1,0,0,0,0,NULL),(173,NULL,1110115,5,1,1110100,'Banco Patagonia Problema Resuelto','Activo',NULL,0,1,0,0,0,0,NULL),(174,NULL,1110116,5,1,1110100,'Banco Patagonia Graciela','Activo',NULL,0,1,0,0,0,0,NULL),(175,NULL,1110117,5,1,1110100,'Banco Patagonia Omar','Activo',NULL,0,1,0,0,0,0,NULL),(176,NULL,1110118,5,1,1110100,'Cheques','Activo',NULL,1,2,1,1,1,0,NULL),(177,NULL,5120126,5,1,5120100,'Gisela Larzabal','Result. Negativo',NULL,0,1,0,0,0,0,NULL),(178,NULL,5120127,5,1,5120100,'Google','Result. Negativo',NULL,1,1,0,0,0,1,NULL),(179,NULL,5120128,5,1,5120100,'Seguro Moto','Result. Negativo',NULL,0,1,0,0,0,0,NULL),(180,NULL,5120129,5,1,5120100,'Sueldo Agustina','Result. Negativo',NULL,0,1,0,0,0,0,NULL);
INSERT INTO `conta_plan_cuenta` VALUES (181,NULL,5120130,5,1,5120100,'Sueldo Betty','Result. Negativo',NULL,0,1,0,0,0,0,NULL),(182,NULL,5120131,5,1,5120100,'Sueldo Elizabet','Result. Negativo',NULL,0,1,0,0,0,0,NULL),(183,NULL,5120132,5,1,5120100,'Sueldo Florencia','Result. Negativo',NULL,0,1,0,0,0,0,NULL),(184,NULL,5120133,5,1,5120100,'Sueldo Graciela','Result. Negativo',NULL,0,1,0,0,0,0,NULL),(185,NULL,5120134,5,1,5120100,'Sueldo Franco Sanchez','Result. Negativo',NULL,0,1,0,0,0,0,NULL),(186,NULL,5120135,5,1,5120100,'Sueldo Santiago Sanchez','Result. Negativo',NULL,0,1,0,0,0,0,NULL),(187,NULL,5120136,5,1,5120100,'Sueldo Jose Luis','Result. Negativo',NULL,0,1,0,0,0,0,NULL),(188,NULL,5120137,5,1,5120100,'Publicidad','Result. Negativo',NULL,1,1,0,0,0,1,NULL),(189,NULL,5120138,5,1,5120100,'Las Nieves','Result. Negativo',NULL,0,1,0,0,0,0,NULL),(190,NULL,5120139,5,1,5120100,'Sueldo Lidia','Result. Negativo',NULL,0,1,0,0,0,0,NULL),(191,NULL,5120140,5,1,5120100,'Cargas Sociales','Result. Negativo',NULL,1,1,0,0,0,1,NULL),(192,NULL,5120141,5,1,5120100,'Honorarios','Result. Negativo',NULL,1,1,0,0,0,1,NULL),(193,NULL,5120142,5,1,5120100,'Telefono Fijo','Result. Negativo',NULL,1,1,0,0,0,1,NULL),(194,NULL,5120143,5,1,5120100,'ONE DRIVE','Result. Negativo',NULL,0,1,0,0,0,0,NULL),(195,NULL,5120144,5,1,5120100,'OSDE','Result. Negativo',NULL,0,1,0,0,0,0,NULL),(196,NULL,5120145,5,1,5120100,'SAS Constitucion','Result. Negativo',NULL,0,1,0,0,0,0,NULL),(197,NULL,5120146,5,1,5120100,'Seguro de Vida Zurich','Result. Negativo',NULL,0,1,0,0,0,0,NULL),(198,NULL,5120147,5,1,5120100,'Seguros','Result. Negativo',NULL,1,1,0,0,0,1,NULL),(199,NULL,5120148,5,1,5120100,'Internet','Result. Negativo',NULL,1,1,0,0,0,1,NULL),(200,NULL,5120149,5,1,5120100,'Seguro de Retiro Zurich','Result. Negativo',NULL,0,1,0,0,0,0,NULL),(201,NULL,5140165,5,1,5140100,'Monotributo','Result. Negativo',NULL,1,2,0,0,1,1,NULL),(202,NULL,5140104,5,1,5140100,'IVA In Time SRL','Result. Negativo',NULL,0,1,0,0,0,0,NULL),(203,NULL,5140105,5,1,5140100,'Autonomos','Result. Negativo',NULL,1,2,0,0,1,1,NULL),(204,NULL,5140106,5,1,5140100,'Multas Impositivas','Result. Negativo',NULL,1,1,0,0,0,1,NULL),(207,NULL,5120150,5,1,5120100,'Vanesa Gastos','Result. Negativo',NULL,0,1,0,0,0,0,NULL),(208,NULL,5140166,5,1,5140100,'Impuesto a los Ingresos Brutos - BS AS','Result. Negativo',NULL,1,1,0,0,0,1,NULL),(209,NULL,5140107,5,1,5140100,'SIRCREB','Result. Negativo',NULL,1,1,0,0,0,1,NULL),(210,NULL,5140108,5,1,5140100,'Consejo Ciencias Economicas','Result. Negativo',NULL,0,1,0,0,0,0,NULL),(211,NULL,5120152,5,1,5120100,'Albano Andres','Result. Negativo',NULL,0,1,0,0,0,0,NULL),(212,NULL,5120153,5,1,5120100,'Tarjeta Visa','Result. Negativo',NULL,1,1,0,0,0,1,NULL),(213,NULL,5120154,5,1,5120100,'Tarjeta American Express','Result. Negativo',NULL,1,1,0,0,0,1,NULL),(214,NULL,5120155,5,1,5120100,'Tarjeta Mastercard','Result. Negativo',NULL,1,1,0,0,0,1,NULL),(215,NULL,5120156,5,1,5120100,'Tarjeta Shopping','Result. Negativo',NULL,1,1,0,0,0,1,NULL),(216,NULL,5120157,5,1,5120100,'Tarjeta Cencosud','Result. Negativo',NULL,1,1,0,0,0,1,NULL),(217,NULL,5120158,5,1,5120100,'Compras','Result. Negativo',NULL,1,2,0,0,0,1,NULL),(218,NULL,4110106,5,2,4110100,'Ventas No Gravadas','Result. Positivo',NULL,1,2,0,0,0,1,NULL),(219,NULL,6110103,5,1,6110100,'Pagos AFIP','Movimiento',NULL,1,2,0,0,1,1,NULL),(220,NULL,5140167,5,1,5140100,'Perc IVA -RG3337','Result. Negativo',NULL,1,2,0,0,0,1,NULL),(221,NULL,5140109,5,1,5140100,'Imps. Internos','Result. Negativo',NULL,1,2,0,0,0,1,NULL),(222,NULL,5140110,5,1,5140100,'Imp. Gasoil','Result. Negativo',NULL,1,2,0,0,0,1,NULL),(223,NULL,5140111,5,1,5140100,'Imp. Hídricos','Result. Negativo',NULL,1,2,0,0,0,1,NULL),(224,NULL,5140112,5,1,5140100,'ITC','Result. Negativo',NULL,1,2,0,0,0,1,NULL),(225,NULL,5140113,5,1,5140100,'Perc IIBB  Buenos Aires','Result. Negativo',NULL,1,2,0,0,0,1,NULL),(226,NULL,5140114,5,1,5140100,'Perc IIBB  Capital Federal','Result. Negativo',NULL,1,2,0,0,0,1,NULL);
INSERT INTO `conta_plan_cuenta` VALUES (227,NULL,5140115,5,1,5140100,'Perc IIBB  Catamarca','Result. Negativo',NULL,1,2,0,0,0,1,NULL),(228,NULL,5140116,5,1,5140100,'Perc IIBB  Chaco','Result. Negativo',NULL,1,2,0,0,0,1,NULL),(229,NULL,5140117,5,1,5140100,'Perc IIBB  Chubut','Result. Negativo',NULL,1,2,0,0,0,1,NULL),(230,NULL,5140118,5,1,5140100,'Perc IIBB  Córdoba','Result. Negativo',NULL,1,2,0,0,0,1,NULL),(231,NULL,5140119,5,1,5140100,'Perc IIBB  Corrientes','Result. Negativo',NULL,1,2,0,0,0,1,NULL),(232,NULL,5140120,5,1,5140100,'Perc IIBB  Entre Ríos','Result. Negativo',NULL,1,2,0,0,0,1,NULL),(233,NULL,5140121,5,1,5140100,'Perc IIBB  Formosa','Result. Negativo',NULL,1,2,0,0,0,1,NULL),(234,NULL,5140122,5,1,5140100,'Perc IIBB  Jujuy','Result. Negativo',NULL,1,2,0,0,0,1,NULL),(235,NULL,5140123,5,1,5140100,'Perc IIBB  La Pampa','Result. Negativo',NULL,1,2,0,0,0,1,NULL),(236,NULL,5140124,5,1,5140100,'Perc IIBB  La Rioja','Result. Negativo',NULL,1,2,0,0,0,1,NULL),(237,NULL,5140125,5,1,5140100,'Perc IIBB  Mendoza','Result. Negativo',NULL,1,2,0,0,0,1,NULL),(238,NULL,5140126,5,1,5140100,'Perc IIBB  Misiones','Result. Negativo',NULL,1,2,0,0,0,1,NULL),(239,NULL,5140127,5,1,5140100,'Perc IIBB  Neuquén','Result. Negativo',NULL,1,2,0,0,0,1,NULL),(240,NULL,5140128,5,1,5140100,'Perc IIBB  Pascua Lama','Result. Negativo',NULL,1,2,0,0,0,1,NULL),(241,NULL,5140129,5,1,5140100,'Perc IIBB  Río Negro','Result. Negativo',NULL,1,2,0,0,0,1,NULL),(242,NULL,5140130,5,1,5140100,'Perc IIBB  Salta','Result. Negativo',NULL,1,2,0,0,0,1,NULL),(243,NULL,5140131,5,1,5140100,'Perc IIBB  San Juan','Result. Negativo',NULL,1,2,0,0,0,1,NULL),(244,NULL,5140132,5,1,5140100,'Perc IIBB  San Luis','Result. Negativo',NULL,1,2,0,0,0,1,NULL),(245,NULL,5140133,5,1,5140100,'Perc IIBB  Santa Cruz','Result. Negativo',NULL,1,2,0,0,0,1,NULL),(246,NULL,5140134,5,1,5140100,'Perc IIBB  Santa Fe','Result. Negativo',NULL,1,2,0,0,0,1,NULL),(247,NULL,5140135,5,1,5140100,'Perc IIBB  Santiago del Estero','Result. Negativo',NULL,1,2,0,0,0,1,NULL),(248,NULL,5140136,5,1,5140100,'Perc IIBB  Tierra del Fuego','Result. Negativo',NULL,1,2,0,0,0,1,NULL),(249,NULL,5140137,5,1,5140100,'Perc IIBB  Tucuman','Result. Negativo',NULL,1,2,0,0,0,1,NULL),(250,NULL,5140138,5,1,5140100,'Compras No Gravadas','Result. Negativo',NULL,1,2,0,0,0,1,NULL),(251,NULL,1140108,5,1,1140100,'Retenciones de IIBB Buenos Aires','Activo',NULL,1,2,1,0,0,1,NULL),(252,NULL,1140109,5,1,1140100,'Retenciones de IIBB Capital Federal','Activo',NULL,1,2,1,0,0,1,NULL),(253,NULL,1140110,5,1,1140100,'Retenciones de IIBB Catamarca','Activo',NULL,1,2,1,0,0,1,NULL),(254,NULL,1140111,5,1,1140100,'Retenciones de IIBB Chaco','Activo',NULL,1,2,1,0,0,1,NULL),(255,NULL,1140112,5,1,1140100,'Retenciones de IIBB Chubut','Activo',NULL,1,2,1,0,0,1,NULL),(256,NULL,1140113,5,1,1140100,'Retenciones de IIBB Córdoba','Activo',NULL,1,2,1,0,0,1,NULL),(257,NULL,1140114,5,1,1140100,'Retenciones de IIBB Corrientes','Activo',NULL,1,2,1,0,0,1,NULL),(258,NULL,1140115,5,1,1140100,'Retenciones de IIBB Entre Ríos','Activo',NULL,1,2,1,0,0,1,NULL),(259,NULL,1140116,5,1,1140100,'Retenciones de IIBB Formosa','Activo',NULL,1,2,1,0,0,1,NULL),(260,NULL,1140117,5,1,1140100,'Retenciones de IIBB Jujuy','Activo',NULL,1,2,1,0,0,1,NULL),(261,NULL,1140118,5,1,1140100,'Retenciones de IIBB La Pampa','Activo',NULL,1,2,1,0,0,1,NULL),(262,NULL,1140119,5,1,1140100,'Retenciones de IIBB La Rioja','Activo',NULL,1,2,1,0,0,1,NULL),(263,NULL,1140120,5,1,1140100,'Retenciones de IIBB Mendoza','Activo',NULL,1,2,1,0,0,1,NULL),(264,NULL,1140121,5,1,1140100,'Retenciones de IIBB Misiones','Activo',NULL,1,2,1,0,0,1,NULL),(265,NULL,1140122,5,1,1140100,'Retenciones de IIBB Neuquén','Activo',NULL,1,2,1,0,0,1,NULL),(266,NULL,1140123,5,1,1140100,'Retenciones de IIBB Pascua Lama','Activo',NULL,1,2,1,0,0,1,NULL),(267,NULL,1140124,5,1,1140100,'Retenciones de IIBB Río Negro','Activo',NULL,1,2,1,0,0,1,NULL),(268,NULL,1140125,5,1,1140100,'Retenciones de IIBB Salta','Activo',NULL,1,2,1,0,0,1,NULL);
INSERT INTO `conta_plan_cuenta` VALUES (269,NULL,1140126,5,1,1140100,'Retenciones de IIBB San Juan','Activo',NULL,1,2,1,0,0,1,NULL),(270,NULL,1140127,5,1,1140100,'Retenciones de IIBB San Luis','Activo',NULL,1,2,1,0,0,1,NULL),(271,NULL,1140128,5,1,1140100,'Retenciones de IIBB Santa Cruz','Activo',NULL,1,2,1,0,0,1,NULL),(272,NULL,1140129,5,1,1140100,'Retenciones de IIBB Santa Fe','Activo',NULL,1,2,1,0,0,1,NULL),(273,NULL,1140130,5,1,1140100,'Retenciones de IIBB Santiago del Estero','Activo',NULL,1,2,1,0,0,1,NULL),(274,NULL,1140131,5,1,1140100,'Retenciones de IIBB Tierra del Fuego','Activo',NULL,1,2,1,0,0,1,NULL),(275,NULL,1140132,5,1,1140100,'Retenciones de IIBB Tucuman','Activo',NULL,1,2,1,0,0,1,NULL),(276,NULL,5140168,5,1,5140100,'SIRCREB Buenos Aires','Result. Negativo',NULL,1,2,0,0,0,1,NULL),(277,NULL,5140139,5,1,5140100,'SIRCREB Capital Federal','Result. Negativo',NULL,1,2,0,0,0,1,NULL),(278,NULL,5140140,5,1,5140100,'SIRCREB Catamarca','Result. Negativo',NULL,1,2,0,0,0,1,NULL),(279,NULL,5140141,5,1,5140100,'SIRCREB Chaco','Result. Negativo',NULL,1,2,0,0,0,1,NULL),(280,NULL,5140142,5,1,5140100,'SIRCREB Chubut','Result. Negativo',NULL,1,2,0,0,0,1,NULL),(281,NULL,5140143,5,1,5140100,'SIRCREB Córdoba','Result. Negativo',NULL,1,2,0,0,0,1,NULL),(282,NULL,5140144,5,1,5140100,'SIRCREB Corrientes','Result. Negativo',NULL,1,2,0,0,0,1,NULL),(283,NULL,5140145,5,1,5140100,'SIRCREB Entre Ríos','Result. Negativo',NULL,1,2,0,0,0,1,NULL),(284,NULL,5140146,5,1,5140100,'SIRCREB Formosa','Result. Negativo',NULL,1,2,0,0,0,1,NULL),(285,NULL,5140147,5,1,5140100,'SIRCREB Jujuy','Result. Negativo',NULL,1,2,0,0,0,1,NULL),(286,NULL,5140148,5,1,5140100,'SIRCREB La Pampa','Result. Negativo',NULL,1,2,0,0,0,1,NULL),(287,NULL,5140149,5,1,5140100,'SIRCREB La Rioja','Result. Negativo',NULL,1,2,0,0,0,1,NULL),(288,NULL,5140150,5,1,5140100,'SIRCREB Mendoza','Result. Negativo',NULL,1,2,0,0,0,1,NULL),(289,NULL,5140151,5,1,5140100,'SIRCREB Misiones','Result. Negativo',NULL,1,2,0,0,0,1,NULL),(290,NULL,5140152,5,1,5140100,'SIRCREB Neuquén','Result. Negativo',NULL,1,2,0,0,0,1,NULL),(291,NULL,5140153,5,1,5140100,'SIRCREB Pascua Lama','Result. Negativo',NULL,1,2,0,0,0,1,NULL),(292,NULL,5140154,5,1,5140100,'SIRCREB Río Negro','Result. Negativo',NULL,1,2,0,0,0,1,NULL),(293,NULL,5140155,5,1,5140100,'SIRCREB Salta','Result. Negativo',NULL,1,2,0,0,0,1,NULL),(294,NULL,5140156,5,1,5140100,'SIRCREB San Juan','Result. Negativo',NULL,1,2,0,0,0,1,NULL),(295,NULL,5140157,5,1,5140100,'SIRCREB San Luis','Result. Negativo',NULL,1,2,0,0,0,1,NULL),(296,NULL,5140158,5,1,5140100,'SIRCREB Santa Cruz','Result. Negativo',NULL,1,2,0,0,0,1,NULL),(297,NULL,5140159,5,1,5140100,'SIRCREB Santa Fe','Result. Negativo',NULL,1,2,0,0,0,1,NULL),(298,NULL,5140160,5,1,5140100,'SIRCREB Santiago del Estero','Result. Negativo',NULL,1,2,0,0,0,1,NULL),(299,NULL,5140161,5,1,5140100,'SIRCREB Tierra del Fuego','Result. Negativo',NULL,1,2,0,0,0,1,NULL),(300,NULL,5140162,5,1,5140100,'SIRCREB Tucuman','Result. Negativo',NULL,1,2,0,0,0,1,NULL),(301,NULL,1140326,5,1,1140300,'IIBB a Favor Buenos Aires','Activo',NULL,1,2,0,0,0,1,NULL),(302,NULL,1140302,5,1,1140300,'IIBB a Favor Capital Federal','Activo',NULL,1,2,0,0,0,1,NULL),(303,NULL,1140303,5,1,1140300,'IIBB a Favor Catamarca','Activo',NULL,1,2,0,0,0,1,NULL),(304,NULL,1140304,5,1,1140300,'IIBB a Favor Chaco','Activo',NULL,1,2,0,0,0,1,NULL),(305,NULL,1140305,5,1,1140300,'IIBB a Favor Chubut','Activo',NULL,1,2,0,0,0,1,NULL),(306,NULL,1140306,5,1,1140300,'IIBB a Favor Córdoba','Activo',NULL,1,2,0,0,0,1,NULL),(307,NULL,1140307,5,1,1140300,'IIBB a Favor Corrientes','Activo',NULL,1,2,0,0,0,1,NULL),(308,NULL,1140308,5,1,1140300,'IIBB a Favor Entre Ríos','Activo',NULL,1,2,0,0,0,1,NULL),(309,NULL,1140309,5,1,1140300,'IIBB a Favor Formosa','Activo',NULL,1,2,0,0,0,1,NULL),(310,NULL,1140310,5,1,1140300,'IIBB a Favor Jujuy','Activo',NULL,1,2,0,0,0,1,NULL),(311,NULL,1140311,5,1,1140300,'IIBB a Favor La Pampa','Activo',NULL,1,2,0,0,0,1,NULL);
INSERT INTO `conta_plan_cuenta` VALUES (312,NULL,1140312,5,1,1140300,'IIBB a Favor La Rioja','Activo',NULL,1,2,0,0,0,1,NULL),(313,NULL,1140313,5,1,1140300,'IIBB a Favor Mendoza','Activo',NULL,1,2,0,0,0,1,NULL),(314,NULL,1140314,5,1,1140300,'IIBB a Favor Misiones','Activo',NULL,1,2,0,0,0,1,NULL),(315,NULL,1140315,5,1,1140300,'IIBB a Favor Neuquén','Activo',NULL,1,2,0,0,0,1,NULL),(316,NULL,1140316,5,1,1140300,'IIBB a Favor Pascua Lama','Activo',NULL,1,2,0,0,0,1,NULL),(317,NULL,1140317,5,1,1140300,'IIBB a Favor Río Negro','Activo',NULL,1,2,0,0,0,1,NULL),(318,NULL,1140318,5,1,1140300,'IIBB a Favor Salta','Activo',NULL,1,2,0,0,0,1,NULL),(319,NULL,1140319,5,1,1140300,'IIBB a Favor San Juan','Activo',NULL,1,2,0,0,0,1,NULL),(320,NULL,1140320,5,1,1140300,'IIBB a Favor San Luis','Activo',NULL,1,2,0,0,0,1,NULL),(321,NULL,1140321,5,1,1140300,'IIBB a Favor Santa Cruz','Activo',NULL,1,2,0,0,0,1,NULL),(322,NULL,1140322,5,1,1140300,'IIBB a Favor Santa Fe','Activo',NULL,1,2,0,0,0,1,NULL),(323,NULL,1140323,5,1,1140300,'IIBB a Favor Santiago del Estero','Activo',NULL,1,2,0,0,0,1,NULL),(324,NULL,1140324,5,1,1140300,'IIBB a Favor Tierra del Fuego','Activo',NULL,1,2,0,0,0,1,NULL),(325,NULL,1140325,5,1,1140300,'IIBB a Favor Tucuman','Activo',NULL,1,2,0,0,0,1,NULL),(326,NULL,2110317,5,2,2110300,'IIBB a Pagar Buenos Aires','Pasivo',NULL,1,2,0,0,0,1,NULL),(327,NULL,2110318,5,2,2110300,'IIBB a Pagar Capital Federal','Pasivo',NULL,1,2,0,0,0,1,NULL),(328,NULL,2110319,5,2,2110300,'IIBB a Pagar Catamarca','Pasivo',NULL,1,2,0,0,0,1,NULL),(329,NULL,2110320,5,2,2110300,'IIBB a Pagar Chaco','Pasivo',NULL,1,2,0,0,0,1,NULL),(330,NULL,2110321,5,2,2110300,'IIBB a Pagar Chubut','Pasivo',NULL,1,2,0,0,0,1,NULL),(331,NULL,2110322,5,2,2110300,'IIBB a Pagar Córdoba','Pasivo',NULL,1,2,0,0,0,1,NULL),(332,NULL,2110323,5,2,2110300,'IIBB a Pagar Corrientes','Pasivo',NULL,1,2,0,0,0,1,NULL),(333,NULL,2110324,5,2,2110300,'IIBB a Pagar Entre Ríos','Pasivo',NULL,1,2,0,0,0,1,NULL),(334,NULL,2110325,5,2,2110300,'IIBB a Pagar Formosa','Pasivo',NULL,1,2,0,0,0,1,NULL),(335,NULL,2110326,5,2,2110300,'IIBB a Pagar Jujuy','Pasivo',NULL,1,2,0,0,0,1,NULL),(336,NULL,2110327,5,2,2110300,'IIBB a Pagar La Pampa','Pasivo',NULL,1,2,0,0,0,1,NULL),(337,NULL,2110328,5,2,2110300,'IIBB a Pagar La Rioja','Pasivo',NULL,1,2,0,0,0,1,NULL),(338,NULL,2110329,5,2,2110300,'IIBB a Pagar Mendoza','Pasivo',NULL,1,2,0,0,0,1,NULL),(339,NULL,2110330,5,2,2110300,'IIBB a Pagar Misiones','Pasivo',NULL,1,2,0,0,0,1,NULL),(340,NULL,2110331,5,2,2110300,'IIBB a Pagar Neuquén','Pasivo',NULL,1,2,0,0,0,1,NULL),(341,NULL,2110332,5,2,2110300,'IIBB a Pagar Pascua Lama','Pasivo',NULL,1,2,0,0,0,1,NULL),(342,NULL,2110333,5,2,2110300,'IIBB a Pagar Río Negro','Pasivo',NULL,1,2,0,0,0,1,NULL),(343,NULL,2110334,5,2,2110300,'IIBB a Pagar Salta','Pasivo',NULL,1,2,0,0,0,1,NULL),(344,NULL,2110335,5,2,2110300,'IIBB a Pagar San Juan','Pasivo',NULL,1,2,0,0,0,1,NULL),(345,NULL,2110336,5,2,2110300,'IIBB a Pagar San Luis','Pasivo',NULL,1,2,0,0,0,1,NULL),(346,NULL,2110337,5,2,2110300,'IIBB a Pagar Santa Cruz','Pasivo',NULL,1,2,0,0,0,1,NULL),(347,NULL,2110338,5,2,2110300,'IIBB a Pagar Santa Fe','Pasivo',NULL,1,2,0,0,0,1,NULL),(348,NULL,2110339,5,2,2110300,'IIBB a Pagar Santiago del Estero','Pasivo',NULL,1,2,0,0,0,1,NULL),(349,NULL,2110340,5,2,2110300,'IIBB a Pagar Tierra del Fuego','Pasivo',NULL,1,2,0,0,0,1,NULL),(350,NULL,2110341,5,2,2110300,'IIBB a Pagar Tucuman','Pasivo',NULL,1,2,0,0,0,1,NULL),(351,NULL,6110101,5,1,6110100,'BANCO SIRCREB','Movimiento',NULL,1,2,0,0,1,1,NULL),(352,NULL,6110102,5,1,6110100,'Compensacion','Movimiento',NULL,1,2,0,0,0,1,NULL),(353,NULL,1140327,5,1,1140300,'IVA Saldo Tecnico','Activo',NULL,1,2,0,0,0,1,NULL),(354,NULL,1140328,5,1,1140300,'IVA Saldo Libre Disponibilidad','Activo',NULL,1,2,0,0,0,1,NULL),(355,NULL,6000000,1,1,0,'Movimiento','Movimiento',NULL,1,1,0,0,0,0,NULL),(356,NULL,6100000,2,1,6000000,'Movimiento','Movimiento',NULL,1,1,0,0,0,0,NULL),(357,NULL,6110000,3,1,6100000,'Movimiento','Movimiento',NULL,1,1,0,0,0,0,NULL);
INSERT INTO `conta_plan_cuenta` VALUES (358,NULL,4110000,3,2,4100000,'Ingresos Operativos','Result. Positivo',NULL,1,1,0,0,0,0,NULL),(359,NULL,1110120,5,1,1110100,'Caja en Pesos','Activo',NULL,1,2,1,1,1,0,NULL),(360,NULL,1140211,5,1,1140200,'Retenciones Bancarias de Ganancias a Favor','Activo',NULL,1,2,0,0,1,1,NULL),(361,NULL,1220104,5,1,1220100,'Equipos de Computación','Activo',NULL,1,1,0,0,0,1,NULL),(362,NULL,1220105,5,1,1220100,'Computadoras','Activo',NULL,1,1,0,0,0,1,NULL),(363,NULL,1220304,5,1,1220300,'Muebles y Utiles','Activo',NULL,1,1,0,0,0,1,NULL),(364,NULL,2110105,5,2,2110100,'Anticipo de Clientes','Pasivo',NULL,1,2,0,0,1,1,NULL),(365,NULL,2110401,5,2,2110400,'Provision Honorarios','Pasivo',NULL,1,1,0,0,0,1,NULL),(366,NULL,2110106,5,2,2110100,'Cta. Cte Directores','Pasivo',NULL,1,1,0,0,0,1,NULL),(367,NULL,2110107,5,2,2110100,'Provisión Honorarios Directores','Pasivo',NULL,1,1,0,0,0,1,NULL),(368,NULL,2110110,5,2,2110100,'Cuenta Particular Socio 1','Pasivo',NULL,1,1,0,0,0,1,NULL),(369,NULL,3110104,5,2,3110100,'Capital','Patrimonio Neto',NULL,1,1,0,0,0,1,NULL),(370,NULL,1120000,3,1,1100000,'INVERSIONES','Activo',NULL,1,1,0,0,0,0,NULL),(371,NULL,1160000,3,1,1100000,'OTROS ACTIVOS','Activo',NULL,1,1,0,0,0,0,NULL),(372,NULL,1160100,4,1,1160000,'OTROS','Activo',NULL,1,1,0,0,0,0,NULL),(373,NULL,2110400,4,2,2110000,'Provision de Honorarios','Pasivo',NULL,1,1,0,0,0,0,NULL),(374,NULL,3410100,4,1,3410000,'RESULTADOS ACUMULADOS','Patrimonio Neto',NULL,1,1,0,0,0,0,NULL),(375,NULL,3420000,3,1,3400000,'GANACIAS RESERVADAS','Patrimonio Neto',NULL,1,1,0,0,0,0,NULL),(376,NULL,3420100,4,1,3420000,'Rerva Legal','Patrimonio Neto',NULL,1,1,0,0,0,0,NULL),(377,NULL,1220400,4,1,1220000,'INMUEBLES','Activo',NULL,1,1,0,0,0,0,NULL),(378,NULL,1220500,4,1,1220000,'RODADOS','Activo',NULL,1,1,0,0,0,0,NULL),(379,NULL,1220600,4,1,1220000,'MAQUINARIAS','Activo',NULL,1,1,0,0,0,0,NULL),(380,NULL,1220204,5,1,1220200,'Instalaciones','Activo',NULL,1,1,0,0,0,1,NULL),(381,NULL,3420101,5,2,3420100,'Reserva Legal','Patrimonio Neto',NULL,1,1,0,0,0,1,NULL),(382,NULL,3420102,5,2,3420100,'Reserva Legal','Patrimonio Neto',NULL,1,1,0,0,0,1,NULL),(383,NULL,3410105,5,2,3410100,'Resultado no asignado','Patrimonio Neto',NULL,1,1,0,0,0,1,NULL),(384,NULL,1110121,5,1,1110100,'Caja en Dolares','Activo',NULL,1,2,1,1,1,0,NULL),(385,NULL,1120100,4,1,1120000,'TEMPORARIAS','Activo',NULL,1,1,0,0,0,0,NULL),(386,NULL,1120101,5,1,1120100,'PLAZO FIJO','Activo',NULL,1,1,0,0,0,1,NULL),(387,NULL,1120200,4,1,1120000,'PERMANENTES','Activo',NULL,1,1,0,0,0,0,NULL),(388,NULL,1120201,5,1,1120200,'ACCIONES','Activo',NULL,1,1,0,0,0,1,NULL),(389,NULL,1220401,5,1,1220400,'Inmuebles','Activo',NULL,1,1,0,0,0,1,NULL),(390,NULL,1220501,5,1,1220500,'Vehiculos','Activo',NULL,1,1,0,0,0,1,NULL),(391,NULL,1220601,5,1,1220600,'Maquinarias','Activo',NULL,1,1,0,0,0,1,NULL),(392,NULL,1150401,5,1,1150400,'MERCADERIAS','Activo',NULL,1,1,0,0,0,1,NULL),(393,NULL,1160101,5,1,1160100,'OTROS','Activo',NULL,1,1,0,0,0,1,NULL),(394,NULL,1230100,4,1,1230000,'INTANGIBLES','Activo',NULL,1,1,0,0,0,0,NULL),(395,NULL,2110119,5,2,2110100,'Cuenta Particular Socio 2','Pasivo',NULL,1,1,0,0,0,1,NULL),(396,NULL,5120160,5,1,5120100,'Comisiones Y gastos Bancarios','Result. Negativo',NULL,1,1,0,0,0,1,NULL),(397,NULL,4110100,4,2,4110000,'Ingresos Operativos','Result. Positivo',NULL,1,1,0,0,0,0,NULL),(398,NULL,4120100,4,2,4120000,'OTROS INGRESOS','Result. Positivo',NULL,1,1,0,0,0,0,NULL),(399,NULL,5110000,3,1,5100000,'GASTOS ORDINARIOS','Result. Negativo',NULL,1,1,0,0,0,0,NULL),(400,NULL,5120000,3,1,5100000,'GASTOS DE OPERACION','Result. Negativo',NULL,1,1,0,0,0,0,NULL),(401,NULL,5130000,3,1,5100000,'GASTOS DE OPERACION','Result. Negativo',NULL,1,1,0,0,0,0,NULL),(402,NULL,5140000,3,1,5100000,'GASTOS DE OPERACION','Result. Negativo',NULL,1,1,0,0,0,0,NULL),(403,NULL,5210000,3,1,5200000,'GASTOS EXTRAORDINARIOS','Result. Negativo',NULL,1,1,0,0,0,0,NULL),(404,NULL,5210100,4,1,5210000,'GASTOS EXTRAORDINARIOS','Result. Negativo',NULL,1,1,0,0,0,0,NULL);
INSERT INTO `conta_plan_cuenta` VALUES (405,NULL,6110100,4,1,6110000,'Movimiento','Movimiento',NULL,1,1,0,0,0,0,NULL),(406,NULL,1130100,4,1,1130000,'Operaciones Ordinarias','Activo',NULL,1,1,0,0,0,0,NULL),(407,NULL,3110000,3,2,3100000,'CAPITAL SOCIAL','Patrimonio Neto',NULL,1,1,0,0,0,0,NULL),(408,NULL,3410000,3,2,3400000,'RESULTADOS ANTERIORES','Patrimonio Neto',NULL,1,1,0,0,0,0,NULL),(409,NULL,5110101,5,2,5110000,'IVA Crédito Fiscal No computable','Result. Negativo',NULL,1,2,0,0,1,1,NULL),(410,NULL,1110203,5,1,1110200,'Banco ICBC Cta. Cte.','Activo',NULL,1,2,1,1,1,0,NULL),(411,NULL,2110342,5,2,2110300,'Provisión Impuesto a las Ganancias','Pasivo',NULL,1,1,0,0,0,1,NULL),(412,NULL,5120107,5,2,5120000,'Amortización Muebles y Útiles','Result. Negativo',NULL,1,1,0,0,0,1,NULL),(413,NULL,5120102,5,2,5120000,'Amortización Equipos','Result. Negativo',NULL,1,1,0,0,0,1,NULL),(414,NULL,1220109,5,1,1220100,'Amortizacion Acumulada Equipos','Activo',NULL,1,1,0,0,0,1,NULL),(415,NULL,1220602,5,1,1220600,'Amortización Acumulada Maquinarias','Activo',NULL,1,1,0,0,0,1,NULL),(416,NULL,1160102,5,1,1160100,'Materias Primas','Activo',NULL,1,1,0,0,0,1,NULL),(417,NULL,1110204,5,1,1110200,'Banco Itaú Cta. Cte.','Activo',NULL,1,2,1,1,1,0,NULL),(418,NULL,2110113,5,2,2110100,'Deudas Bancarias','Pasivo',NULL,1,2,0,1,1,1,NULL),(419,NULL,1220502,5,1,1220500,'Rodados','Activo',NULL,1,1,0,0,0,1,NULL),(420,NULL,1220503,5,1,1220500,'Amortización Acumulada Rodados','Activo',NULL,1,1,0,0,0,1,NULL),(421,NULL,5120105,5,2,5120000,'Amortización Rodados','Result. Negativo',NULL,1,1,0,0,0,1,NULL),(422,NULL,5120109,5,2,5120000,'Amortización Maquinarias','Result. Negativo',NULL,1,1,0,0,0,1,NULL),(423,NULL,1220504,5,1,1220500,'Accesorios','Activo',NULL,1,1,0,0,0,1,NULL),(424,NULL,1220505,5,1,1220500,'Amortización Acumulada Accesorios','Activo',NULL,1,1,0,0,0,1,NULL),(425,NULL,1110205,5,1,1110200,'Banco Galicia Cta. Cte.','Activo',NULL,1,2,1,1,1,0,NULL),(426,NULL,3420101,5,2,3420000,'Reserva Facultativa','Patrimonio Neto',NULL,1,1,0,0,0,1,NULL),(427,NULL,1140212,5,1,1140200,'Créditos por Impuestos Diferidos','Activo',NULL,1,1,0,0,0,1,NULL),(428,NULL,1160103,5,1,1160100,'Fondo de Comercio','Activo',NULL,1,1,0,0,0,1,NULL),(429,NULL,1160104,5,1,1160100,'Amortizacion Acumulada Fondo de Comercio','Activo',NULL,1,1,0,0,0,1,NULL),(430,NULL,1140213,5,1,1140200,'Intereses a devengar AGIP','Activo',NULL,1,1,0,0,0,1,NULL),(431,NULL,2110343,5,2,2110300,'PFP IIBB','Pasivo',NULL,1,1,0,0,0,1,NULL),(432,NULL,1140330,5,1,1140300,'Pago a Cuenta ITC','Activo',NULL,1,2,0,0,0,1,NULL),(433,NULL,2110114,5,2,2110100,'Préstamo','Pasivo',NULL,1,2,0,1,1,1,NULL),(434,NULL,1160106,5,1,1160100,'Productos','Activo',NULL,1,1,0,0,0,1,NULL),(435,NULL,2110345,5,2,2110300,'Intereses a devengar PFP','Pasivo',NULL,1,1,0,0,0,1,NULL),(436,NULL,1110206,5,1,1110200,'Banco Provincia Cta. Cte.','Activo',NULL,1,2,1,1,1,0,NULL),(437,NULL,1140215,5,1,1140200,'Imp. Ley 25413 Cred 0.6%','Activo',NULL,1,1,0,0,0,1,NULL),(438,NULL,2110402,5,2,2110400,'Honorarios Directorio a Pagar','Pasivo',NULL,1,1,0,0,0,1,NULL),(439,NULL,3110101,5,2,3110100,'Reserva para Futuras Inversiones','Patrimonio Neto',NULL,1,1,0,0,0,1,NULL),(440,NULL,1130106,5,1,1130100,'TEAC - Trabajos Ejecutados a Certificar','Activo',NULL,1,1,0,0,0,1,NULL),(441,NULL,2110115,5,2,2110100,'Leasing','Pasivo',NULL,1,2,0,1,1,1,NULL),(442,NULL,1110207,5,1,1110200,'Banco Comafi Cta. Cte','Activo',NULL,1,2,1,1,1,0,NULL),(443,NULL,2110500,4,2,2110000,'Deudas Financieras','Pasivo',NULL,1,1,0,0,0,0,NULL),(444,NULL,2110501,5,2,2110500,'Banco Santander Rio Cta Cte','Pasivo',NULL,1,1,0,0,0,1,NULL),(446,NULL,2210000,3,2,2200000,'Deudas','Pasivo',NULL,1,1,0,0,0,0,NULL),(447,NULL,2210100,4,2,2210000,'Otras Deudas','Pasivo',NULL,1,1,0,0,0,0,NULL),(448,NULL,2210101,5,2,2210100,'Planes de Pagos AFIP','Pasivo',NULL,1,2,0,1,1,1,NULL),(449,NULL,2110502,5,2,2110500,'Leasing','Pasivo',NULL,1,1,0,0,0,1,NULL),(450,NULL,6110101,5,1,6110000,'Cheques Rechazados','Movimiento',NULL,1,2,0,0,1,1,NULL);
INSERT INTO `conta_plan_cuenta` VALUES (451,NULL,1110208,5,1,1110200,'Banco Patagonia Taxes Software','Activo',NULL,1,2,1,1,1,0,NULL),(452,NULL,1110209,5,1,1110200,'Banco Macro Cta. Cte.','Activo',NULL,1,2,1,1,1,0,NULL),(453,NULL,1120202,5,1,1120200,'Inversión Central Caribe','Activo',NULL,1,1,0,0,0,1,NULL),(454,NULL,1120102,5,1,1120100,'Otras Inversiones','Activo',NULL,1,1,0,0,0,1,NULL),(455,NULL,1140216,5,1,1140200,'Otros Créditos','Activo',NULL,1,1,0,0,0,1,NULL),(456,NULL,2110403,5,2,2110400,'Provisión Honorarios Socio Gerente','Pasivo',NULL,1,1,0,0,0,1,NULL),(457,NULL,1110210,5,1,1110200,'Cheque Diferido Banco Santander Rio','Activo',NULL,1,2,1,1,1,0,NULL),(458,NULL,1110211,5,1,1110200,'Cheque Diferido Banco Macro','Activo',NULL,1,2,1,1,1,0,NULL),(459,NULL,2110204,5,2,2110200,'Moratoria SUSS a pagar','Pasivo',NULL,1,1,0,0,0,1,NULL),(460,NULL,2110344,5,2,2110300,'Impuestos Municipales a Pagar','Pasivo',NULL,1,1,0,0,0,1,NULL),(461,NULL,5110103,5,2,5110000,'Amortización Instalaciones','Result. Negativo',NULL,1,1,0,0,0,1,NULL),(462,NULL,5120110,5,2,5120000,'Amortización Equipos de comput.','Result. Negativo',NULL,1,1,0,0,0,1,NULL),(463,NULL,2110118,5,2,2110100,'Cuenta Particular Socio 3','Pasivo',NULL,1,1,0,0,0,1,NULL),(464,NULL,2110120,5,2,2110100,'Cuenta Particular Socio 4','Pasivo',NULL,1,1,0,0,0,1,NULL),(465,NULL,3110102,5,2,3110100,'Otras Reservas','Patrimonio Neto',NULL,1,1,0,0,0,1,NULL),(466,NULL,1140331,5,1,1140300,'IGMP (Saldo a Favor)','Activo',NULL,1,1,0,0,0,1,NULL),(467,NULL,5110104,5,2,5110000,'Interés','Result. Negativo',NULL,1,2,0,0,1,1,NULL),(468,NULL,1150402,5,1,1150400,'Productos en Proceso','Activo',NULL,1,1,0,0,0,1,NULL),(469,NULL,2110205,5,2,2110200,'Depósitos en Garantía Socio Gerente','Pasivo',NULL,1,1,0,0,0,1,NULL),(470,NULL,2110346,5,2,2110300,'Fondos Embargados','Pasivo',NULL,1,1,0,0,0,1,NULL),(471,NULL,2110347,5,2,2110300,'Cuota Solid.','Pasivo',NULL,1,1,0,0,0,1,NULL),(472,NULL,1140332,5,1,1140300,'Anticipo Honorarios Directores','Activo',NULL,1,1,0,0,0,1,NULL),(473,NULL,2110348,5,2,2110300,'SICORE a Pagar','Pasivo',NULL,1,1,0,0,0,1,NULL),(474,NULL,1110212,5,1,1110200,'Banco Credicoop Cta. Cte.','Activo',NULL,1,2,1,1,1,0,NULL),(475,NULL,1110213,5,1,1110200,'Banco Superville Cta. Cte.','Activo',NULL,1,2,1,1,1,0,NULL),(476,NULL,5110105,5,2,5110000,'RECPAM','Result. Negativo',NULL,1,2,0,0,0,1,NULL),(477,NULL,1110125,5,1,1110100,'Caja Reales','Activo',NULL,1,2,1,1,1,0,NULL),(478,NULL,5140169,5,1,5140100,'CO2 - Imp. Al Carbono','Result. Negativo',NULL,1,2,0,0,0,1,NULL),(479,NULL,1140300,4,1,1140000,'Anticipo de Impuestos','Activo',NULL,1,1,0,0,0,0,NULL),(480,NULL,2110600,4,2,2110000,'Retenciones Efectuadas','Pasivo',NULL,1,1,0,0,0,0,NULL),(481,NULL,4200000,2,2,4000000,'INGRESOS EXTRAORDINARIOS','Result. Positivo',NULL,1,1,0,0,0,0,NULL);

--
-- Table structure for table `conta_tipo_asientos`
--

CREATE TABLE `conta_tipo_asientos` (
  `id` int(10) unsigned NOT NULL AUTO_INCREMENT,
  `nombre` varchar(255) COLLATE utf8mb4_unicode_ci DEFAULT NULL,
  `created_at` timestamp NULL DEFAULT NULL,
  `updated_at` timestamp NULL DEFAULT NULL,
  `deleted_at` timestamp NULL DEFAULT NULL,
  `orden` int(11) DEFAULT NULL,
  PRIMARY KEY (`id`)
) ENGINE=InnoDB AUTO_INCREMENT=24 DEFAULT CHARSET=utf8mb4 COLLATE=utf8mb4_unicode_ci;

--
-- Dumping data for table `conta_tipo_asientos`
--

INSERT INTO `conta_tipo_asientos` VALUES (1,'Sueldos',NULL,NULL,NULL,11),(2,'Ingresos',NULL,NULL,NULL,9),(3,'Egresos',NULL,NULL,NULL,10),(4,'Amortizaciones',NULL,NULL,NULL,4),(5,'Banco',NULL,NULL,NULL,15),(6,'Ganancias',NULL,NULL,NULL,12),(7,'Retenciones',NULL,NULL,NULL,13),(8,'SIRCREB',NULL,NULL,NULL,14),(9,'Compensaciones',NULL,NULL,NULL,16),(10,'Pagos AFIP',NULL,NULL,NULL,17),(11,'Ajustes',NULL,NULL,NULL,3),(12,'Saldos Iniciales',NULL,NULL,NULL,1),(13,'Cancelacion de Iniciales',NULL,NULL,NULL,2),(14,'Patrimonio Neto',NULL,NULL,NULL,8),(15,'Liquidaciones IVA',NULL,NULL,NULL,18),(16,'Liquidacion IIBB',NULL,NULL,NULL,19),(17,'Asientos de Cierre',NULL,NULL,NULL,5),(18,'Reclasificacion',NULL,NULL,NULL,6),(19,'Otros',NULL,NULL,NULL,7),(20,'Cobranzas','2019-10-02 03:20:37','2019-10-02 03:20:37',NULL,NULL),(21,'Pagos','2019-10-02 03:20:37','2019-10-02 03:20:37',NULL,NULL),(22,'Tesoreria','2019-10-19 02:10:24','2019-10-19 02:10:24',NULL,NULL),(23,'Ajuste por Inflacion','2020-03-01 06:39:20','2020-03-01 06:39:20',NULL,NULL);

--
-- Table structure for table `conta_tipo_cuentas`
--

CREATE TABLE `conta_tipo_cuentas` (
  `id` int(10) unsigned NOT NULL AUTO_INCREMENT,
  `tipo_cuenta` varchar(255) COLLATE utf8mb4_unicode_ci DEFAULT NULL,
  `created_at` timestamp NULL DEFAULT NULL,
  `updated_at` timestamp NULL DEFAULT NULL,
  `deleted_at` timestamp NULL DEFAULT NULL,
  PRIMARY KEY (`id`)
) ENGINE=InnoDB AUTO_INCREMENT=6 DEFAULT CHARSET=utf8mb4 COLLATE=utf8mb4_unicode_ci;

--
-- Dumping data for table `conta_tipo_cuentas`
--

INSERT INTO `conta_tipo_cuentas` VALUES (1,'Rubro',NULL,NULL,NULL),(2,'SubRubro',NULL,NULL,NULL),(3,'Grupo',NULL,NULL,NULL),(4,'SubGrupo',NULL,NULL,NULL),(5,'Cuenta',NULL,NULL,NULL);

--
-- Table structure for table `conta_tipo_saldos`
--

CREATE TABLE `conta_tipo_saldos` (
  `id` int(10) unsigned NOT NULL AUTO_INCREMENT,
  `saldo` varchar(255) COLLATE utf8mb4_unicode_ci DEFAULT NULL,
  `created_at` timestamp NULL DEFAULT NULL,
  `updated_at` timestamp NULL DEFAULT NULL,
  `deleted_at` timestamp NULL DEFAULT NULL,
  PRIMARY KEY (`id`)
) ENGINE=InnoDB AUTO_INCREMENT=3 DEFAULT CHARSET=utf8mb4 COLLATE=utf8mb4_unicode_ci;

--
-- Dumping data for table `conta_tipo_saldos`
--

INSERT INTO `conta_tipo_saldos` VALUES (1,'Deudor',NULL,NULL,NULL),(2,'Acreedor',NULL,NULL,NULL);

--
-- Table structure for table `control_cuits_afip`
--

CREATE TABLE `control_cuits_afip` (
  `id` int(10) unsigned NOT NULL AUTO_INCREMENT,
  `user_id` int(10) unsigned DEFAULT NULL,
  `person_id` int(10) unsigned NOT NULL,
  `field_name1` varchar(191) COLLATE utf8mb4_unicode_ci DEFAULT NULL,
  `cuit` varchar(191) COLLATE utf8mb4_unicode_ci DEFAULT NULL,
  `error` varchar(191) COLLATE utf8mb4_unicode_ci DEFAULT NULL,
  `created_at` timestamp NULL DEFAULT NULL,
  `updated_at` timestamp NULL DEFAULT NULL,
  `deleted_at` timestamp NULL DEFAULT NULL,
  PRIMARY KEY (`id`),
  KEY `control_cuits_afip_person_id_foreign` (`person_id`),
  CONSTRAINT `control_cuits_afip_person_id_foreign` FOREIGN KEY (`person_id`) REFERENCES `persons` (`id`)
) ENGINE=InnoDB DEFAULT CHARSET=utf8mb4 COLLATE=utf8mb4_unicode_ci;

--
-- Dumping data for table `control_cuits_afip`
--


--
-- Table structure for table `control_general`
--

CREATE TABLE `control_general` (
  `id` int(10) unsigned NOT NULL AUTO_INCREMENT,
  `description` varchar(180) COLLATE utf8mb4_unicode_ci NOT NULL,
  `class` int(10) unsigned NOT NULL,
  `class_description` varchar(180) COLLATE utf8mb4_unicode_ci NOT NULL,
  `path` varchar(255) COLLATE utf8mb4_unicode_ci DEFAULT NULL,
  `created_at` timestamp NULL DEFAULT NULL,
  `updated_at` timestamp NULL DEFAULT NULL,
  PRIMARY KEY (`id`),
  UNIQUE KEY `control_general_description_unique` (`description`)
) ENGINE=InnoDB AUTO_INCREMENT=6 DEFAULT CHARSET=utf8mb4 COLLATE=utf8mb4_unicode_ci;

--
-- Dumping data for table `control_general`
--

INSERT INTO `control_general` VALUES (1,'Ingresos - Egresos - Resultado',1,'Proyeccion Ganancias','control_general/proyecGanancias',NULL,NULL),(2,'IVA',2,'IVA','control_general/iva',NULL,NULL),(3,'IIBB',3,'IIBB','control_general/iibb',NULL,NULL),(4,'Por Mes',4,'Vto. Impuestos','control_general/vto',NULL,NULL),(5,'Por Impuesto',4,'Vto. Impuestos','control_general/vtoPorImpuestos',NULL,NULL);

--
-- Table structure for table `cta_cte_cliente`
--

CREATE TABLE `cta_cte_cliente` (
  `id` int(10) unsigned NOT NULL AUTO_INCREMENT,
  `user_id` int(10) unsigned DEFAULT NULL,
  `tipo_asiento_id` int(10) unsigned NOT NULL,
  `person_id` int(10) unsigned NOT NULL,
  `person_id_relationed` int(10) unsigned NOT NULL,
  `cta_cte_tesoreria_cuenta_id` int(10) unsigned DEFAULT NULL,
  `period_id` int(10) unsigned NOT NULL,
  `saldo_id` int(10) unsigned NOT NULL,
  `compensado` tinyint(1) NOT NULL DEFAULT '0',
  `fecha` date DEFAULT NULL,
  `total` decimal(16,2) NOT NULL,
  `comentario` varchar(191) COLLATE utf8mb4_unicode_ci DEFAULT NULL,
  `file` varchar(191) COLLATE utf8mb4_unicode_ci DEFAULT NULL,
  `created_at` timestamp NULL DEFAULT NULL,
  `updated_at` timestamp NULL DEFAULT NULL,
  `deleted_at` timestamp NULL DEFAULT NULL,
  PRIMARY KEY (`id`),
  KEY `cta_cte_cliente_person_id_foreign` (`person_id`),
  KEY `cta_cte_cliente_person_id_relationed_foreign` (`person_id_relationed`),
  KEY `cta_cte_cliente_period_id_foreign` (`period_id`),
  KEY `cta_cte_cliente_saldo_id_foreign` (`saldo_id`),
  KEY `cta_cte_cliente_tipo_asiento_id_foreign` (`tipo_asiento_id`),
  KEY `cta_cte_cliente_cta_cte_tesoreria_cuenta_id_foreign` (`cta_cte_tesoreria_cuenta_id`),
  CONSTRAINT `cta_cte_cliente_cta_cte_tesoreria_cuenta_id_foreign` FOREIGN KEY (`cta_cte_tesoreria_cuenta_id`) REFERENCES `cta_cte_tesoreria_cuentas` (`id`),
  CONSTRAINT `cta_cte_cliente_period_id_foreign` FOREIGN KEY (`period_id`) REFERENCES `periods` (`id`),
  CONSTRAINT `cta_cte_cliente_person_id_foreign` FOREIGN KEY (`person_id`) REFERENCES `persons` (`id`),
  CONSTRAINT `cta_cte_cliente_person_id_relationed_foreign` FOREIGN KEY (`person_id_relationed`) REFERENCES `persons` (`id`),
  CONSTRAINT `cta_cte_cliente_saldo_id_foreign` FOREIGN KEY (`saldo_id`) REFERENCES `conta_tipo_saldos` (`id`),
  CONSTRAINT `cta_cte_cliente_tipo_asiento_id_foreign` FOREIGN KEY (`tipo_asiento_id`) REFERENCES `conta_tipo_asientos` (`id`)
) ENGINE=InnoDB AUTO_INCREMENT=185 DEFAULT CHARSET=utf8mb4 COLLATE=utf8mb4_unicode_ci;

--
-- Dumping data for table `cta_cte_cliente`
--

INSERT INTO `cta_cte_cliente` VALUES (1,3750,3,40720,40721,57,1535,2,0,'2021-03-01',3501.19,'Factura A N°: 0161-00113561',NULL,'2021-04-16 21:25:13','2021-04-16 21:25:13',NULL),(2,3750,3,40720,40722,57,1535,2,0,'2021-03-01',3165.00,'Factura A N°: 0003-00023326',NULL,'2021-04-16 21:25:14','2021-04-16 21:25:14',NULL),(3,3750,3,40720,40723,57,1535,2,0,'2021-03-01',3503.48,'Factura A N°: 8032-02175879',NULL,'2021-04-16 21:25:14','2021-04-16 21:25:14',NULL),(4,3750,3,40720,40724,57,1535,2,0,'2021-03-02',790.00,'Factura A N°: 0003-00004918',NULL,'2021-04-16 21:25:14','2021-04-16 21:25:14',NULL),(5,3750,3,40720,40725,57,1535,2,0,'2021-03-02',2118.61,'Factura A N°: 2209-00187541',NULL,'2021-04-16 21:25:14','2021-04-16 21:25:14',NULL),(6,3750,3,40720,40726,57,1535,2,0,'2021-03-02',3117.48,'Factura A N°: 0004-00121886',NULL,'2021-04-16 21:25:14','2021-04-16 21:25:14',NULL),(7,3750,3,40720,40727,57,1535,2,0,'2021-03-02',3280.13,'Factura A N°: 0005-00165753',NULL,'2021-04-16 21:25:14','2021-04-16 21:25:14',NULL),(8,3750,3,40720,40728,57,1535,2,0,'2021-03-03',2091.99,'Factura A N°: 0006-00005259',NULL,'2021-04-16 21:25:14','2021-04-16 21:25:14',NULL),(9,3750,3,40720,40729,57,1535,2,0,'2021-03-03',2733.08,'Factura A N°: 0028-00072544',NULL,'2021-04-16 21:25:14','2021-04-16 21:25:14',NULL),(10,3750,3,40720,40730,57,1535,2,0,'2021-03-03',7417.81,'Factura A N°: 0002-00052477',NULL,'2021-04-16 21:25:14','2021-04-16 21:25:14',NULL),(11,3750,3,40720,40730,57,1535,1,0,'2021-03-03',505.71,'Nota de crédito A N°: 0002-00014060',NULL,'2021-04-16 21:25:14','2021-04-16 21:25:14',NULL),(12,3750,3,40720,40723,57,1535,2,0,'2021-03-03',62.45,'Factura A N°: 8032-02178215',NULL,'2021-04-16 21:25:14','2021-04-16 21:25:14',NULL),(13,3750,3,40720,40731,57,1535,2,0,'2021-03-04',316.45,'Factura A N°: 0003-00019139',NULL,'2021-04-16 21:25:14','2021-04-16 21:25:14',NULL),(14,3750,3,40720,40727,57,1535,2,0,'2021-03-04',935.51,'Factura A N°: 0005-00165994',NULL,'2021-04-16 21:25:14','2021-04-16 21:25:14',NULL),(15,3750,3,40720,40723,57,1535,2,0,'2021-03-05',1056.89,'Factura A N°: 8032-02180545',NULL,'2021-04-16 21:25:14','2021-04-16 21:25:14',NULL),(16,3750,3,40720,40732,57,1535,2,0,'2021-03-05',1185.22,'Factura A N°: 0004-00016564',NULL,'2021-04-16 21:25:14','2021-04-16 21:25:14',NULL),(17,3750,3,40720,40733,57,1535,2,0,'2021-03-05',1515.44,'Factura A N°: 0043-00039655',NULL,'2021-04-16 21:25:14','2021-04-16 21:25:14',NULL),(18,3750,3,40720,40734,57,1535,2,0,'2021-03-05',1363.04,'Factura A N°: 0003-00003282',NULL,'2021-04-16 21:25:14','2021-04-16 21:25:14',NULL),(19,3750,3,40720,40733,57,1535,2,0,'2021-03-06',1417.83,'Factura A N°: 0040-00061424',NULL,'2021-04-16 21:25:14','2021-04-16 21:25:14',NULL),(20,3750,3,40720,40735,57,1535,2,0,'2021-03-08',1258.96,'Factura A N°: 0006-00010558',NULL,'2021-04-16 21:25:14','2021-04-16 21:25:14',NULL),(21,3750,3,40720,40722,57,1535,2,0,'2021-03-08',2442.80,'Factura A N°: 0003-00023420',NULL,'2021-04-16 21:25:14','2021-04-16 21:25:14',NULL),(22,3750,3,40720,40723,57,1535,2,0,'2021-03-08',62.45,'Factura A N°: 8032-02182610',NULL,'2021-04-16 21:25:14','2021-04-16 21:25:14',NULL),(23,3750,3,40720,40732,57,1535,1,0,'2021-03-08',69.37,'Nota de crédito A N°: 0004-00003479',NULL,'2021-04-16 21:25:14','2021-04-16 21:25:14',NULL),(24,3750,3,40720,40731,57,1535,2,0,'2021-03-08',1320.32,'Factura A N°: 0003-00019199',NULL,'2021-04-16 21:25:14','2021-04-16 21:25:14',NULL),(25,3750,3,40720,40736,57,1535,2,0,'2021-03-09',5092.74,'Factura A N°: 0004-00056207',NULL,'2021-04-16 21:25:14','2021-04-16 21:25:14',NULL),(26,3750,3,40720,40735,57,1535,2,0,'2021-03-09',1876.91,'Factura A N°: 0006-00010568',NULL,'2021-04-16 21:25:14','2021-04-16 21:25:14',NULL),(27,3750,3,40720,40726,57,1535,2,0,'2021-03-09',1862.43,'Factura A N°: 0004-00122271',NULL,'2021-04-16 21:25:14','2021-04-16 21:25:14',NULL),(28,3750,3,40720,40727,57,1535,2,0,'2021-03-09',2271.84,'Factura A N°: 0005-00166416',NULL,'2021-04-16 21:25:14','2021-04-16 21:25:14',NULL);
INSERT INTO `cta_cte_cliente` VALUES (29,3750,3,40720,40724,57,1535,2,0,'2021-03-10',520.00,'Factura A N°: 0003-00004978',NULL,'2021-04-16 21:25:14','2021-04-16 21:25:14',NULL),(30,3750,3,40720,40729,57,1535,2,0,'2021-03-10',2733.08,'Factura A N°: 0028-00072936',NULL,'2021-04-16 21:25:14','2021-04-16 21:25:14',NULL),(31,3750,3,40720,40730,57,1535,2,0,'2021-03-10',4765.41,'Factura A N°: 0002-00052720',NULL,'2021-04-16 21:25:14','2021-04-16 21:25:14',NULL),(32,3750,3,40720,40730,57,1535,1,0,'2021-03-10',362.66,'Nota de crédito A N°: 0002-00014122',NULL,'2021-04-16 21:25:14','2021-04-16 21:25:14',NULL),(33,3750,3,40720,40723,57,1535,2,0,'2021-03-10',2600.02,'Factura A N°: 8032-02184685',NULL,'2021-04-16 21:25:15','2021-04-16 21:25:15',NULL),(34,3750,3,40720,40737,57,1535,2,0,'2021-03-10',1597.20,'Factura B N°: 0006-07967854',NULL,'2021-04-16 21:25:15','2021-04-16 21:25:15',NULL),(35,3750,3,40720,40732,57,1535,2,0,'2021-03-11',1297.77,'Factura A N°: 0004-00016748',NULL,'2021-04-16 21:25:15','2021-04-16 21:25:15',NULL),(36,3750,3,40720,40727,57,1535,2,0,'2021-03-11',2775.57,'Factura A N°: 0005-00166627',NULL,'2021-04-16 21:25:15','2021-04-16 21:25:15',NULL),(37,3750,3,40720,40736,57,1535,1,0,'2021-03-12',5092.74,'Nota de crédito A N°: 0004-00011924',NULL,'2021-04-16 21:25:15','2021-04-16 21:25:15',NULL),(38,3750,3,40720,40738,57,1535,2,0,'2021-03-12',4982.37,'Factura A N°: 0020-00018204',NULL,'2021-04-16 21:25:15','2021-04-16 21:25:15',NULL),(39,3750,3,40720,40723,57,1535,2,0,'2021-03-12',62.45,'Factura A N°: 8032-02187091',NULL,'2021-04-16 21:25:15','2021-04-16 21:25:15',NULL),(40,3750,3,40720,40733,57,1535,2,0,'2021-03-12',1405.54,'Factura A N°: 0043-00039793',NULL,'2021-04-16 21:25:15','2021-04-16 21:25:15',NULL),(41,3750,3,40720,40722,57,1535,2,0,'2021-03-15',1981.44,'Factura A N°: 0003-00023501',NULL,'2021-04-16 21:25:15','2021-04-16 21:25:15',NULL),(42,3750,3,40720,40735,57,1535,2,0,'2021-03-15',3039.02,'Factura A N°: 0006-00010611',NULL,'2021-04-16 21:25:15','2021-04-16 21:25:15',NULL),(43,3750,3,40720,40735,57,1535,1,0,'2021-03-15',724.01,'Nota de crédito A N°: 0006-00004715',NULL,'2021-04-16 21:25:15','2021-04-16 21:25:15',NULL),(44,3750,3,40720,40723,57,1535,2,0,'2021-03-15',1587.81,'Factura A N°: 8032-02189069',NULL,'2021-04-16 21:25:15','2021-04-16 21:25:15',NULL),(45,3750,3,40720,40732,57,1535,1,0,'2021-03-15',196.12,'Nota de crédito A N°: 0004-00003537',NULL,'2021-04-16 21:25:15','2021-04-16 21:25:15',NULL),(46,3750,3,40720,40733,57,1535,2,0,'2021-03-15',1515.86,'Factura A N°: 0040-00061631',NULL,'2021-04-16 21:25:15','2021-04-16 21:25:15',NULL),(47,3750,3,40720,40731,57,1535,2,0,'2021-03-15',666.94,'Factura A N°: 0003-00019285',NULL,'2021-04-16 21:25:15','2021-04-16 21:25:15',NULL),(48,3750,3,40720,40721,57,1535,2,0,'2021-03-16',4686.17,'Factura A N°: 0161-00114080',NULL,'2021-04-16 21:25:15','2021-04-16 21:25:15',NULL),(49,3750,3,40720,40725,57,1535,2,0,'2021-03-16',2893.69,'Factura A N°: 2209-00188344',NULL,'2021-04-16 21:25:15','2021-04-16 21:25:15',NULL),(50,3750,3,40720,40739,57,1535,2,0,'2021-03-16',5048.19,'Factura A N°: 0001-00005417',NULL,'2021-04-16 21:25:15','2021-04-16 21:25:15',NULL),(51,3750,3,40720,40727,57,1535,2,0,'2021-03-16',1991.39,'Factura A N°: 0005-00166977',NULL,'2021-04-16 21:25:15','2021-04-16 21:25:15',NULL),(52,3750,3,40720,40729,57,1535,2,0,'2021-03-17',2733.08,'Factura A N°: 0028-00073303',NULL,'2021-04-16 21:25:15','2021-04-16 21:25:15',NULL),(53,3750,3,40720,40730,57,1535,2,0,'2021-03-17',5175.38,'Factura A N°: 0002-00052949',NULL,'2021-04-16 21:25:15','2021-04-16 21:25:15',NULL),(54,3750,3,40720,40738,57,1535,2,0,'2021-03-19',9897.66,'Factura A N°: 0020-00018396',NULL,'2021-04-16 21:25:15','2021-04-16 21:25:15',NULL),(55,3750,3,40720,40723,57,1535,2,0,'2021-03-19',4385.20,'Factura A N°: 8032-02193324',NULL,'2021-04-16 21:25:15','2021-04-16 21:25:15',NULL),(56,3750,3,40720,40726,57,1535,2,0,'2021-03-19',1969.75,'Factura A N°: 0004-00122774',NULL,'2021-04-16 21:25:15','2021-04-16 21:25:15',NULL);
INSERT INTO `cta_cte_cliente` VALUES (57,3750,3,40720,40732,57,1535,2,0,'2021-03-19',1611.54,'Factura A N°: 0004-00016943',NULL,'2021-04-16 21:25:15','2021-04-16 21:25:15',NULL),(58,3750,3,40720,40733,57,1535,2,0,'2021-03-19',2160.81,'Factura A N°: 0043-00039931',NULL,'2021-04-16 21:25:15','2021-04-16 21:25:15',NULL),(59,3750,3,40720,40735,57,1535,2,0,'2021-03-22',2879.93,'Factura A N°: 0006-00010661',NULL,'2021-04-16 21:25:15','2021-04-16 21:25:15',NULL),(60,3750,3,40720,40722,57,1535,2,0,'2021-03-22',2652.99,'Factura A N°: 0003-00023593',NULL,'2021-04-16 21:25:15','2021-04-16 21:25:15',NULL),(61,3750,3,40720,40731,57,1535,2,0,'2021-03-22',1852.62,'Factura A N°: 0003-00019374',NULL,'2021-04-16 21:25:15','2021-04-16 21:25:15',NULL),(62,3750,3,40720,40733,57,1535,2,0,'2021-03-22',3270.47,'Factura A N°: 0040-00061811',NULL,'2021-04-16 21:25:15','2021-04-16 21:25:15',NULL),(63,3750,3,40720,40729,57,1535,2,0,'2021-03-23',2733.08,'Factura A N°: 0028-00073639',NULL,'2021-04-16 21:25:15','2021-04-16 21:25:15',NULL),(64,3750,3,40720,40727,57,1535,2,0,'2021-03-23',1034.17,'Factura A N°: 0005-00167570',NULL,'2021-04-16 21:25:15','2021-04-16 21:25:15',NULL),(65,3750,3,40720,40730,57,1535,2,0,'2021-03-24',12586.90,'Factura A N°: 0002-00053186',NULL,'2021-04-16 21:25:15','2021-04-16 21:25:15',NULL),(66,3750,3,40720,40733,57,1535,1,0,'2021-03-24',95.21,'Nota de crédito A N°: 0040-00002116',NULL,'2021-04-16 21:25:15','2021-04-16 21:25:15',NULL),(67,3750,3,40720,40723,57,1535,2,0,'2021-03-26',1235.22,'Factura A N°: 8032-02199134',NULL,'2021-04-16 21:25:15','2021-04-16 21:25:15',NULL),(68,3750,3,40720,40738,57,1535,2,0,'2021-03-26',8306.57,'Factura A N°: 0020-00018557',NULL,'2021-04-16 21:25:15','2021-04-16 21:25:15',NULL),(69,3750,3,40720,40733,57,1535,2,0,'2021-03-26',1371.49,'Factura A N°: 0043-00040068',NULL,'2021-04-16 21:25:16','2021-04-16 21:25:16',NULL),(70,3750,3,40720,40730,57,1535,1,0,'2021-03-27',4022.09,'Nota de crédito A N°: 0002-00014262',NULL,'2021-04-16 21:25:16','2021-04-16 21:25:16',NULL),(71,3750,3,40720,40721,57,1535,2,0,'2021-03-29',3975.21,'Factura A N°: 0161-00114571',NULL,'2021-04-16 21:25:16','2021-04-16 21:25:16',NULL),(72,3750,3,40720,40735,57,1535,2,0,'2021-03-29',2610.16,'Factura A N°: 0006-00010709',NULL,'2021-04-16 21:25:16','2021-04-16 21:25:16',NULL),(73,3750,3,40720,40722,57,1535,2,0,'2021-03-29',2452.97,'Factura A N°: 0003-00023657',NULL,'2021-04-16 21:25:16','2021-04-16 21:25:16',NULL),(74,3750,3,40720,40723,57,1535,2,0,'2021-03-29',3226.65,'Factura A N°: 8032-02201570',NULL,'2021-04-16 21:25:16','2021-04-16 21:25:16',NULL),(75,3750,3,40720,40733,57,1535,2,0,'2021-03-29',635.55,'Factura A N°: 0040-00061980',NULL,'2021-04-16 21:25:16','2021-04-16 21:25:16',NULL),(76,3750,3,40720,40729,57,1535,2,0,'2021-03-30',2733.08,'Factura A N°: 0028-00073949',NULL,'2021-04-16 21:25:16','2021-04-16 21:25:16',NULL),(77,3750,3,40720,40725,57,1535,2,0,'2021-03-30',1776.82,'Factura A N°: 2209-00189097',NULL,'2021-04-16 21:25:16','2021-04-16 21:25:16',NULL),(78,3750,3,40720,40727,57,1535,2,0,'2021-03-30',2823.28,'Factura A N°: 0005-00168033',NULL,'2021-04-16 21:25:16','2021-04-16 21:25:16',NULL),(79,3750,3,40720,40727,57,1535,2,0,'2021-03-30',236.68,'Factura A N°: 0005-00168034',NULL,'2021-04-16 21:25:16','2021-04-16 21:25:16',NULL),(80,3750,3,40720,40724,57,1535,2,0,'2021-03-31',659.99,'Factura A N°: 0003-00005138',NULL,'2021-04-16 21:25:16','2021-04-16 21:27:06','2021-04-16 21:27:06'),(81,3750,2,40720,40740,13,1535,1,0,'2021-03-01',8500.00,'Factura B N°: 0004-00000346',NULL,'2021-04-16 21:25:49','2021-04-16 21:25:49',NULL),(82,3750,2,40720,40740,13,1535,1,0,'2021-03-02',9860.00,'Factura B N°: 0004-00000347',NULL,'2021-04-16 21:25:49','2021-04-16 21:25:49',NULL),(83,3750,2,40720,40740,13,1535,1,0,'2021-03-04',8920.00,'Factura B N°: 0004-00000348',NULL,'2021-04-16 21:25:49','2021-04-16 21:25:49',NULL),(84,3750,2,40720,40740,13,1535,1,0,'2021-03-06',8960.00,'Factura B N°: 0004-00000349',NULL,'2021-04-16 21:25:49','2021-04-16 21:25:49',NULL);
INSERT INTO `cta_cte_cliente` VALUES (85,3750,2,40720,40740,13,1535,1,0,'2021-03-09',9980.00,'Factura B N°: 0004-00000350',NULL,'2021-04-16 21:25:49','2021-04-16 21:25:49',NULL),(86,3750,2,40720,40740,13,1535,1,0,'2021-03-19',9860.00,'Factura B N°: 0004-00000351',NULL,'2021-04-16 21:25:49','2021-04-16 21:25:49',NULL),(87,3750,2,40720,40740,13,1535,1,0,'2021-03-20',9880.00,'Factura B N°: 0004-00000352',NULL,'2021-04-16 21:25:49','2021-04-16 21:25:49',NULL),(88,3750,2,40720,40740,13,1535,1,0,'2021-03-26',1.00,'Factura B N°: 0004-00000353',NULL,'2021-04-16 21:25:49','2021-04-16 21:25:49',NULL),(89,3750,2,40720,40740,13,1535,1,0,'2021-03-26',9880.00,'Factura B N°: 0004-00000354',NULL,'2021-04-16 21:25:49','2021-04-16 21:25:49',NULL),(90,3750,2,40720,40740,13,1535,1,0,'2021-03-27',9880.00,'Factura B N°: 0004-00000355',NULL,'2021-04-16 21:25:49','2021-04-16 21:25:49',NULL),(91,3750,2,40720,40740,13,1535,1,0,'2021-03-30',9800.00,'Factura B N°: 0004-00000356',NULL,'2021-04-16 21:25:49','2021-04-16 21:25:49',NULL),(92,3750,2,40720,40740,13,1535,1,0,'2021-03-31',9950.00,'Factura B N°: 0004-00000357',NULL,'2021-04-16 21:25:49','2021-04-16 21:25:49',NULL),(93,3750,3,40720,40724,57,1535,2,0,'2021-03-31',659.99,'Factura A N°: 0003-00005138',NULL,'2021-04-16 21:27:06','2021-04-16 21:27:06',NULL),(94,3750,2,40719,40741,13,3,1,0,'2021-01-12',4971.41,'Factura C N°: 0003-00000184',NULL,'2021-06-05 23:11:11','2021-06-05 23:11:11',NULL),(95,3750,2,40719,40742,13,3,1,0,'2021-01-12',845.35,'Factura C N°: 0003-00000185',NULL,'2021-06-05 23:11:11','2021-06-05 23:11:11',NULL),(96,3750,2,40719,40742,13,3,1,0,'2021-01-12',145.39,'Factura C N°: 0003-00000186',NULL,'2021-06-05 23:11:11','2021-06-05 23:11:11',NULL),(97,3750,2,40719,40743,13,3,1,0,'2021-01-12',1881.33,'Factura C N°: 0003-00000187',NULL,'2021-06-05 23:11:11','2021-06-05 23:11:11',NULL),(98,3750,2,40719,40744,13,3,1,0,'2021-01-26',18609.40,'Factura C N°: 0003-00000188',NULL,'2021-06-05 23:11:11','2021-06-05 23:11:11',NULL),(99,3750,2,40719,40745,13,3,1,0,'2021-01-26',3858.24,'Factura C N°: 0003-00000189',NULL,'2021-06-05 23:11:11','2021-06-05 23:11:11',NULL),(100,3750,2,40719,40741,13,3,1,0,'2021-01-31',8204.86,'Factura C N°: 0003-00000190',NULL,'2021-06-05 23:11:12','2021-06-05 23:11:12',NULL),(101,3750,2,40719,40746,13,3,1,0,'2021-01-31',1935.00,'RECIBO C N°: 0004-00000350',NULL,'2021-06-05 23:11:12','2021-06-05 23:11:12',NULL),(102,3750,2,40719,40747,13,3,1,0,'2021-01-31',2220.00,'RECIBO C N°: 0004-00000351',NULL,'2021-06-05 23:11:12','2021-06-05 23:11:12',NULL),(103,3750,2,40719,40748,13,3,1,0,'2021-01-31',1650.00,'RECIBO C N°: 0004-00000352',NULL,'2021-06-05 23:11:12','2021-06-05 23:11:12',NULL),(104,3750,2,40719,40749,13,3,1,0,'2021-01-31',995.00,'RECIBO C N°: 0004-00000353',NULL,'2021-06-05 23:11:12','2021-06-05 23:11:12',NULL),(105,3750,2,40719,40750,13,3,1,0,'2021-01-31',2675.00,'RECIBO C N°: 0004-00000354',NULL,'2021-06-05 23:11:12','2021-06-05 23:11:12',NULL),(106,3750,2,40719,40751,13,3,1,0,'2021-01-31',625.00,'RECIBO C N°: 0004-00000355',NULL,'2021-06-05 23:11:12','2021-06-05 23:11:12',NULL),(107,3750,2,40719,40752,13,3,1,0,'2021-01-31',1490.00,'RECIBO C N°: 0004-00000356',NULL,'2021-06-05 23:11:12','2021-06-05 23:11:12',NULL),(108,3750,2,40719,40753,13,3,1,0,'2021-01-31',1050.00,'RECIBO C N°: 0004-00000357',NULL,'2021-06-05 23:11:12','2021-06-05 23:11:12',NULL),(109,3750,2,40719,40754,13,3,1,0,'2021-01-31',1570.00,'RECIBO C N°: 0004-00000358',NULL,'2021-06-05 23:11:12','2021-06-05 23:11:12',NULL),(110,3750,2,40719,40755,13,3,1,0,'2021-01-31',995.00,'RECIBO C N°: 0004-00000359',NULL,'2021-06-05 23:11:12','2021-06-05 23:11:12',NULL),(111,3750,2,40719,40756,13,3,1,0,'2021-01-31',1550.00,'RECIBO C N°: 0004-00000360',NULL,'2021-06-05 23:11:12','2021-06-05 23:11:12',NULL),(112,3750,2,40719,40757,13,3,1,0,'2021-01-31',2620.00,'RECIBO C N°: 0004-00000361',NULL,'2021-06-05 23:11:12','2021-06-05 23:11:12',NULL);
INSERT INTO `cta_cte_cliente` VALUES (113,3750,2,40719,40758,13,3,1,0,'2021-01-31',1450.00,'RECIBO C N°: 0004-00000362',NULL,'2021-06-05 23:11:12','2021-06-05 23:11:12',NULL),(114,3750,2,40719,40759,13,3,1,0,'2021-01-31',3850.00,'RECIBO C N°: 0004-00000363',NULL,'2021-06-05 23:11:12','2021-06-05 23:11:12',NULL),(115,3750,2,40719,40758,13,4,2,0,'2021-02-10',1450.00,'Nota de crédito C N°: 0004-00000006',NULL,'2021-06-05 23:13:06','2021-06-05 23:13:06',NULL),(116,3750,2,40719,40758,13,4,1,0,'2021-02-10',2900.00,'RECIBO C N°: 0004-00000364',NULL,'2021-06-05 23:13:06','2021-06-05 23:13:06',NULL),(117,3750,2,40719,40760,13,4,1,0,'2021-02-16',22360.00,'RECIBO C N°: 0004-00000365',NULL,'2021-06-05 23:13:06','2021-06-05 23:13:06',NULL),(118,3750,2,40719,40761,13,4,1,0,'2021-02-16',6000.00,'RECIBO C N°: 0004-00000366',NULL,'2021-06-05 23:13:06','2021-06-05 23:13:06',NULL),(119,3750,2,40719,40762,13,4,1,0,'2021-02-19',1500.00,'RECIBO C N°: 0004-00000367',NULL,'2021-06-05 23:13:06','2021-06-05 23:13:06',NULL),(120,3750,2,40719,40744,13,4,1,0,'2021-02-25',21860.01,'Factura C N°: 0003-00000191',NULL,'2021-06-05 23:13:06','2021-06-05 23:13:06',NULL),(121,3750,2,40719,40745,13,4,1,0,'2021-02-25',3245.78,'Factura C N°: 0003-00000192',NULL,'2021-06-05 23:13:06','2021-06-05 23:13:06',NULL),(122,3750,2,40719,40742,13,4,1,0,'2021-02-25',2585.93,'Factura C N°: 0003-00000193',NULL,'2021-06-05 23:13:06','2021-06-05 23:13:06',NULL),(123,3750,2,40719,40748,13,4,1,0,'2021-02-26',1650.00,'RECIBO C N°: 0004-00000368',NULL,'2021-06-05 23:13:06','2021-06-05 23:13:06',NULL),(124,3750,2,40719,40747,13,4,1,0,'2021-02-26',2220.00,'RECIBO C N°: 0004-00000369',NULL,'2021-06-05 23:13:06','2021-06-05 23:13:06',NULL),(125,3750,2,40719,40749,13,4,1,0,'2021-02-26',995.00,'RECIBO C N°: 0004-00000370',NULL,'2021-06-05 23:13:06','2021-06-05 23:13:06',NULL),(126,3750,2,40719,40752,13,4,1,0,'2021-02-26',1490.00,'RECIBO C N°: 0004-00000371',NULL,'2021-06-05 23:13:06','2021-06-05 23:13:06',NULL),(127,3750,2,40719,40750,13,4,1,0,'2021-02-26',2675.00,'RECIBO C N°: 0004-00000372',NULL,'2021-06-05 23:13:06','2021-06-05 23:13:06',NULL),(128,3750,2,40719,40751,13,4,1,0,'2021-02-26',625.00,'RECIBO C N°: 0004-00000373',NULL,'2021-06-05 23:13:06','2021-06-05 23:13:06',NULL),(129,3750,2,40719,40753,13,4,1,0,'2021-02-26',1050.00,'RECIBO C N°: 0004-00000374',NULL,'2021-06-05 23:13:06','2021-06-05 23:13:06',NULL),(130,3750,2,40719,40754,13,4,1,0,'2021-02-26',1570.00,'RECIBO C N°: 0004-00000375',NULL,'2021-06-05 23:13:06','2021-06-05 23:13:06',NULL),(131,3750,2,40719,40755,13,4,1,0,'2021-02-26',995.00,'RECIBO C N°: 0004-00000376',NULL,'2021-06-05 23:13:06','2021-06-05 23:13:06',NULL),(132,3750,2,40719,40759,13,4,1,0,'2021-02-26',3850.00,'RECIBO C N°: 0004-00000377',NULL,'2021-06-05 23:13:06','2021-06-05 23:13:06',NULL),(133,3750,2,40719,40756,13,4,1,0,'2021-02-26',1550.00,'RECIBO C N°: 0004-00000378',NULL,'2021-06-05 23:13:06','2021-06-05 23:13:06',NULL),(134,3750,2,40719,40741,13,4,1,0,'2021-02-28',5088.58,'Factura C N°: 0003-00000194',NULL,'2021-06-05 23:13:06','2021-06-05 23:13:06',NULL),(135,3750,2,40719,40741,13,7,1,0,'2021-05-11',6429.44,'Factura C N°: 0003-00000204',NULL,'2021-06-05 23:16:31','2021-06-05 23:16:31',NULL),(136,3750,2,40719,40744,13,7,1,0,'2021-05-27',25360.24,'Factura C N°: 0003-00000205',NULL,'2021-06-05 23:16:31','2021-06-05 23:16:31',NULL),(137,3750,2,40719,40745,13,7,1,0,'2021-05-27',4143.58,'Factura C N°: 0003-00000206',NULL,'2021-06-05 23:16:31','2021-06-05 23:16:31',NULL),(138,3750,2,40719,40742,13,7,1,0,'2021-05-31',1138.54,'Factura C N°: 0003-00000207',NULL,'2021-06-05 23:16:31','2021-06-05 23:16:31',NULL),(139,3750,2,40719,40742,13,7,1,0,'2021-05-31',1131.75,'Factura C N°: 0003-00000208',NULL,'2021-06-05 23:16:31','2021-06-05 23:16:31',NULL),(140,3750,2,40719,40742,13,7,1,0,'2021-05-31',1660.84,'Factura C N°: 0003-00000209',NULL,'2021-06-05 23:16:31','2021-06-05 23:16:31',NULL);
INSERT INTO `cta_cte_cliente` VALUES (141,3750,2,40719,40742,13,7,1,0,'2021-05-31',625.68,'Factura C N°: 0003-00000210',NULL,'2021-06-05 23:16:31','2021-06-05 23:16:31',NULL),(142,3750,2,40719,40744,13,7,1,0,'2021-04-29',27911.44,'Factura C N°: 0003-00000201',NULL,'2021-06-05 23:16:43','2021-06-05 23:16:43',NULL),(143,3750,2,40719,40745,13,7,1,0,'2021-04-29',4185.34,'Factura C N°: 0003-00000202',NULL,'2021-06-05 23:16:43','2021-06-05 23:16:43',NULL),(144,3750,2,40719,40744,13,7,1,0,'2021-04-29',27911.44,'Factura C N°: 0003-00000203',NULL,'2021-06-05 23:16:43','2021-06-05 23:16:43',NULL),(145,3750,2,40719,40744,13,7,2,0,'2021-04-29',27911.44,'Nota de crédito C N°: 0003-00000004',NULL,'2021-06-05 23:16:43','2021-06-05 23:16:43',NULL),(146,3750,2,40719,40758,13,7,1,0,'2021-04-30',1642.00,'RECIBO C N°: 0004-00000394',NULL,'2021-06-05 23:16:43','2021-06-05 23:16:43',NULL),(147,3750,2,40719,40748,13,7,1,0,'2021-04-30',1890.00,'RECIBO C N°: 0004-00000395',NULL,'2021-06-05 23:16:43','2021-06-05 23:16:43',NULL),(148,3750,2,40719,40747,13,7,1,0,'2021-04-30',2550.00,'RECIBO C N°: 0004-00000396',NULL,'2021-06-05 23:16:43','2021-06-05 23:16:43',NULL),(149,3750,2,40719,40746,13,7,1,0,'2021-04-30',2225.00,'RECIBO C N°: 0004-00000397',NULL,'2021-06-05 23:16:43','2021-06-05 23:16:43',NULL),(150,3750,2,40719,40749,13,7,1,0,'2021-04-30',1140.00,'RECIBO C N°: 0004-00000398',NULL,'2021-06-05 23:16:43','2021-06-05 23:16:43',NULL),(151,3750,2,40719,40752,13,7,1,0,'2021-04-30',1710.00,'RECIBO C N°: 0004-00000399',NULL,'2021-06-05 23:16:43','2021-06-05 23:16:43',NULL),(152,3750,2,40719,40754,13,7,1,0,'2021-04-30',1810.00,'RECIBO C N°: 0004-00000400',NULL,'2021-06-05 23:16:44','2021-06-05 23:16:44',NULL),(153,3750,2,40719,40755,13,7,1,0,'2021-04-30',1140.00,'RECIBO C N°: 0004-00000401',NULL,'2021-06-05 23:16:44','2021-06-05 23:16:44',NULL),(154,3750,2,40719,40756,13,7,1,0,'2021-04-30',1780.00,'RECIBO C N°: 0004-00000402',NULL,'2021-06-05 23:16:44','2021-06-05 23:16:44',NULL),(155,3750,2,40719,40753,13,7,1,0,'2021-04-30',1520.00,'RECIBO C N°: 0004-00000403',NULL,'2021-06-05 23:16:44','2021-06-05 23:16:44',NULL),(156,3750,2,40719,40757,13,7,1,0,'2021-04-30',1510.00,'RECIBO C N°: 0004-00000404',NULL,'2021-06-05 23:16:44','2021-06-05 23:16:44',NULL),(157,3750,2,40719,40751,13,7,1,0,'2021-04-30',812.00,'RECIBO C N°: 0004-00000405',NULL,'2021-06-05 23:16:44','2021-06-05 23:16:44',NULL),(158,3750,2,40719,40750,13,7,1,0,'2021-04-30',2675.00,'RECIBO C N°: 0004-00000406',NULL,'2021-06-05 23:16:44','2021-06-05 23:16:44',NULL),(159,3750,2,40719,40759,13,7,1,0,'2021-04-30',5240.00,'RECIBO C N°: 0004-00000407',NULL,'2021-06-05 23:16:44','2021-06-05 23:22:24','2021-06-05 23:22:24'),(160,3750,2,40719,40759,13,7,1,0,'2021-04-30',5240.00,'RECIBO C N°: 0004-00000407',NULL,'2021-06-05 23:22:24','2021-06-05 23:22:24',NULL),(161,3750,2,40719,40764,13,5,1,0,'2021-03-02',1250.00,'Factura C N°: 0003-00000195',NULL,'2021-06-21 01:31:56','2021-06-21 01:35:14','2021-06-21 01:35:14'),(162,3750,2,40719,40765,13,5,1,0,'2021-03-08',1000.00,'Factura C N°: 0003-00000196',NULL,'2021-06-21 01:31:56','2021-06-21 01:31:56',NULL),(163,3750,2,40719,40743,13,5,1,0,'2021-03-20',1086.48,'Factura C N°: 0003-00000197',NULL,'2021-06-21 01:31:56','2021-06-21 01:31:56',NULL),(164,3750,2,40719,40744,13,5,1,0,'2021-03-26',25202.56,'Factura C N°: 0003-00000198',NULL,'2021-06-21 01:31:56','2021-06-21 01:31:56',NULL),(165,3750,2,40719,40745,13,5,1,0,'2021-03-26',4473.73,'Factura C N°: 0003-00000199',NULL,'2021-06-21 01:31:56','2021-06-21 01:31:56',NULL),(166,3750,2,40719,40766,13,5,1,0,'2021-03-31',850.00,'RECIBO C N°: 0003-00000039',NULL,'2021-06-21 01:31:56','2021-06-21 01:31:56',NULL),(167,3750,2,40719,40757,13,5,1,0,'2021-03-31',2620.00,'RECIBO C N°: 0004-00000379',NULL,'2021-06-21 01:31:56','2021-06-21 01:31:56',NULL),(168,3750,2,40719,40746,13,5,1,0,'2021-03-31',1935.00,'RECIBO C N°: 0004-00000380',NULL,'2021-06-21 01:31:56','2021-06-21 01:31:56',NULL);
INSERT INTO `cta_cte_cliente` VALUES (169,3750,2,40719,40748,13,5,1,0,'2021-03-31',1650.00,'RECIBO C N°: 0004-00000381',NULL,'2021-06-21 01:31:56','2021-06-21 01:31:56',NULL),(170,3750,2,40719,40749,13,5,1,0,'2021-03-31',995.00,'RECIBO C N°: 0004-00000382',NULL,'2021-06-21 01:31:56','2021-06-21 01:31:56',NULL),(171,3750,2,40719,40751,13,5,1,0,'2021-03-31',625.00,'RECIBO C N°: 0004-00000383',NULL,'2021-06-21 01:31:56','2021-06-21 01:31:56',NULL),(172,3750,2,40719,40750,13,5,1,0,'2021-03-31',2675.00,'RECIBO C N°: 0004-00000384',NULL,'2021-06-21 01:31:56','2021-06-21 01:31:56',NULL),(173,3750,2,40719,40747,13,5,1,0,'2021-03-31',2220.00,'RECIBO C N°: 0004-00000385',NULL,'2021-06-21 01:31:56','2021-06-21 01:31:56',NULL),(174,3750,2,40719,40754,13,5,1,0,'2021-03-31',1570.00,'RECIBO C N°: 0004-00000386',NULL,'2021-06-21 01:31:56','2021-06-21 01:31:56',NULL),(175,3750,2,40719,40755,13,5,1,0,'2021-03-31',995.00,'RECIBO C N°: 0004-00000387',NULL,'2021-06-21 01:31:56','2021-06-21 01:31:56',NULL),(176,3750,2,40719,40746,13,5,1,0,'2021-03-31',1935.00,'RECIBO C N°: 0004-00000388',NULL,'2021-06-21 01:31:56','2021-06-21 01:31:56',NULL),(177,3750,2,40719,40752,13,5,1,0,'2021-03-31',1490.00,'RECIBO C N°: 0004-00000389',NULL,'2021-06-21 01:31:56','2021-06-21 01:31:56',NULL),(178,3750,2,40719,40758,13,5,1,0,'2021-03-31',1642.00,'RECIBO C N°: 0004-00000390',NULL,'2021-06-21 01:31:56','2021-06-21 01:31:56',NULL),(179,3750,2,40719,40753,13,5,1,0,'2021-03-31',1050.00,'RECIBO C N°: 0004-00000391',NULL,'2021-06-21 01:31:56','2021-06-21 01:31:56',NULL),(180,3750,2,40719,40756,13,5,1,0,'2021-03-31',1550.00,'RECIBO C N°: 0004-00000392',NULL,'2021-06-21 01:31:56','2021-06-21 01:31:56',NULL),(181,3750,2,40719,40759,13,5,1,0,'2021-03-31',3850.00,'RECIBO C N°: 0004-00000393',NULL,'2021-06-21 01:31:56','2021-06-21 01:31:56',NULL),(182,3750,2,40719,40741,13,5,1,0,'2021-03-31',5989.47,'Factura C N°: 0003-00000200',NULL,'2021-06-21 01:31:56','2021-06-21 01:34:36','2021-06-21 01:34:36'),(183,3750,2,40719,40741,13,5,1,0,'2021-03-31',5989.47,'Factura C N°: 0003-00000200',NULL,'2021-06-21 01:34:36','2021-06-21 01:34:36',NULL),(184,3750,2,40719,40764,13,5,1,0,'2021-03-02',1250.00,'Factura C N°: 0003-00000195',NULL,'2021-06-21 01:35:14','2021-06-21 01:35:14',NULL);

--
-- Table structure for table `cta_cte_cliente_details`
--

CREATE TABLE `cta_cte_cliente_details` (
  `id` int(10) unsigned NOT NULL AUTO_INCREMENT,
  `user_id` int(10) unsigned DEFAULT NULL,
  `cta_cte_cliente_id` int(10) unsigned NOT NULL,
  `person_id` int(10) unsigned DEFAULT NULL,
  `person_id_relationed` int(10) unsigned DEFAULT NULL,
  `cta_cte_tesoreria_cuenta_id` int(10) unsigned DEFAULT NULL,
  `period_id` int(10) unsigned DEFAULT NULL,
  `tipo_asiento_id` int(10) unsigned NOT NULL,
  `saldo_id` int(10) unsigned NOT NULL,
  `monto` decimal(16,2) NOT NULL,
  `created_at` timestamp NULL DEFAULT NULL,
  `updated_at` timestamp NULL DEFAULT NULL,
  `deleted_at` timestamp NULL DEFAULT NULL,
  PRIMARY KEY (`id`),
  KEY `cta_cte_cliente_details_cta_cte_cliente_id_foreign` (`cta_cte_cliente_id`),
  KEY `cta_cte_cliente_details_person_id_foreign` (`person_id`),
  KEY `cta_cte_cliente_details_person_id_relationed_foreign` (`person_id_relationed`),
  KEY `cta_cte_cliente_details_period_id_foreign` (`period_id`),
  KEY `cta_cte_cliente_details_tipo_asiento_id_foreign` (`tipo_asiento_id`),
  KEY `cta_cte_cliente_details_saldo_id_foreign` (`saldo_id`),
  KEY `cta_cte_cliente_details_cta_cte_tesoreria_cuenta_id_foreign` (`cta_cte_tesoreria_cuenta_id`),
  CONSTRAINT `cta_cte_cliente_details_cta_cte_cliente_id_foreign` FOREIGN KEY (`cta_cte_cliente_id`) REFERENCES `cta_cte_cliente` (`id`),
  CONSTRAINT `cta_cte_cliente_details_cta_cte_tesoreria_cuenta_id_foreign` FOREIGN KEY (`cta_cte_tesoreria_cuenta_id`) REFERENCES `cta_cte_tesoreria_cuentas` (`id`),
  CONSTRAINT `cta_cte_cliente_details_period_id_foreign` FOREIGN KEY (`period_id`) REFERENCES `periods` (`id`),
  CONSTRAINT `cta_cte_cliente_details_person_id_foreign` FOREIGN KEY (`person_id`) REFERENCES `persons` (`id`),
  CONSTRAINT `cta_cte_cliente_details_person_id_relationed_foreign` FOREIGN KEY (`person_id_relationed`) REFERENCES `persons` (`id`),
  CONSTRAINT `cta_cte_cliente_details_saldo_id_foreign` FOREIGN KEY (`saldo_id`) REFERENCES `conta_tipo_saldos` (`id`),
  CONSTRAINT `cta_cte_cliente_details_tipo_asiento_id_foreign` FOREIGN KEY (`tipo_asiento_id`) REFERENCES `conta_tipo_asientos` (`id`)
) ENGINE=InnoDB DEFAULT CHARSET=utf8mb4 COLLATE=utf8mb4_unicode_ci;

--
-- Dumping data for table `cta_cte_cliente_details`
--


--
-- Table structure for table `cta_cte_cliente_pivot_receipt`
--

CREATE TABLE `cta_cte_cliente_pivot_receipt` (
  `id` int(10) unsigned NOT NULL AUTO_INCREMENT,
  `user_id` int(10) unsigned DEFAULT NULL,
  `cta_cte_cliente_id` int(10) unsigned NOT NULL,
  `receipt_id` int(10) unsigned NOT NULL,
  `importe` decimal(16,2) DEFAULT NULL,
  `created_at` timestamp NULL DEFAULT NULL,
  `updated_at` timestamp NULL DEFAULT NULL,
  `deleted_at` timestamp NULL DEFAULT NULL,
  PRIMARY KEY (`id`)
) ENGINE=InnoDB AUTO_INCREMENT=185 DEFAULT CHARSET=utf8mb4 COLLATE=utf8mb4_unicode_ci;

--
-- Dumping data for table `cta_cte_cliente_pivot_receipt`
--

INSERT INTO `cta_cte_cliente_pivot_receipt` VALUES (1,NULL,1,1,NULL,NULL,NULL,NULL),(2,NULL,2,2,NULL,NULL,NULL,NULL),(3,NULL,3,3,NULL,NULL,NULL,NULL),(4,NULL,4,4,NULL,NULL,NULL,NULL),(5,NULL,5,5,NULL,NULL,NULL,NULL),(6,NULL,6,6,NULL,NULL,NULL,NULL),(7,NULL,7,7,NULL,NULL,NULL,NULL),(8,NULL,8,8,NULL,NULL,NULL,NULL),(9,NULL,9,9,NULL,NULL,NULL,NULL),(10,NULL,10,10,NULL,NULL,NULL,NULL),(11,NULL,11,11,NULL,NULL,NULL,NULL),(12,NULL,12,12,NULL,NULL,NULL,NULL),(13,NULL,13,13,NULL,NULL,NULL,NULL),(14,NULL,14,14,NULL,NULL,NULL,NULL),(15,NULL,15,15,NULL,NULL,NULL,NULL),(16,NULL,16,16,NULL,NULL,NULL,NULL),(17,NULL,17,17,NULL,NULL,NULL,NULL),(18,NULL,18,18,NULL,NULL,NULL,NULL),(19,NULL,19,19,NULL,NULL,NULL,NULL),(20,NULL,20,20,NULL,NULL,NULL,NULL),(21,NULL,21,21,NULL,NULL,NULL,NULL),(22,NULL,22,22,NULL,NULL,NULL,NULL),(23,NULL,23,23,NULL,NULL,NULL,NULL),(24,NULL,24,24,NULL,NULL,NULL,NULL),(25,NULL,25,25,NULL,NULL,NULL,NULL),(26,NULL,26,26,NULL,NULL,NULL,NULL),(27,NULL,27,27,NULL,NULL,NULL,NULL),(28,NULL,28,28,NULL,NULL,NULL,NULL),(29,NULL,29,29,NULL,NULL,NULL,NULL),(30,NULL,30,30,NULL,NULL,NULL,NULL),(31,NULL,31,31,NULL,NULL,NULL,NULL),(32,NULL,32,32,NULL,NULL,NULL,NULL),(33,NULL,33,33,NULL,NULL,NULL,NULL),(34,NULL,34,34,NULL,NULL,NULL,NULL),(35,NULL,35,35,NULL,NULL,NULL,NULL),(36,NULL,36,36,NULL,NULL,NULL,NULL),(37,NULL,37,37,NULL,NULL,NULL,NULL),(38,NULL,38,38,NULL,NULL,NULL,NULL),(39,NULL,39,39,NULL,NULL,NULL,NULL),(40,NULL,40,40,NULL,NULL,NULL,NULL),(41,NULL,41,41,NULL,NULL,NULL,NULL),(42,NULL,42,42,NULL,NULL,NULL,NULL),(43,NULL,43,43,NULL,NULL,NULL,NULL),(44,NULL,44,44,NULL,NULL,NULL,NULL),(45,NULL,45,45,NULL,NULL,NULL,NULL),(46,NULL,46,46,NULL,NULL,NULL,NULL),(47,NULL,47,47,NULL,NULL,NULL,NULL),(48,NULL,48,48,NULL,NULL,NULL,NULL),(49,NULL,49,49,NULL,NULL,NULL,NULL),(50,NULL,50,50,NULL,NULL,NULL,NULL),(51,NULL,51,51,NULL,NULL,NULL,NULL),(52,NULL,52,52,NULL,NULL,NULL,NULL),(53,NULL,53,53,NULL,NULL,NULL,NULL),(54,NULL,54,54,NULL,NULL,NULL,NULL),(55,NULL,55,55,NULL,NULL,NULL,NULL),(56,NULL,56,56,NULL,NULL,NULL,NULL),(57,NULL,57,57,NULL,NULL,NULL,NULL),(58,NULL,58,58,NULL,NULL,NULL,NULL),(59,NULL,59,59,NULL,NULL,NULL,NULL),(60,NULL,60,60,NULL,NULL,NULL,NULL),(61,NULL,61,61,NULL,NULL,NULL,NULL),(62,NULL,62,62,NULL,NULL,NULL,NULL),(63,NULL,63,63,NULL,NULL,NULL,NULL),(64,NULL,64,64,NULL,NULL,NULL,NULL),(65,NULL,65,65,NULL,NULL,NULL,NULL),(66,NULL,66,66,NULL,NULL,NULL,NULL),(67,NULL,67,67,NULL,NULL,NULL,NULL),(68,NULL,68,68,NULL,NULL,NULL,NULL),(69,NULL,69,69,NULL,NULL,NULL,NULL),(70,NULL,70,70,NULL,NULL,NULL,NULL),(71,NULL,71,71,NULL,NULL,NULL,NULL),(72,NULL,72,72,NULL,NULL,NULL,NULL),(73,NULL,73,73,NULL,NULL,NULL,NULL),(74,NULL,74,74,NULL,NULL,NULL,NULL),(75,NULL,75,75,NULL,NULL,NULL,NULL),(76,NULL,76,76,NULL,NULL,NULL,NULL),(77,NULL,77,77,NULL,NULL,NULL,NULL),(78,NULL,78,78,NULL,NULL,NULL,NULL),(79,NULL,79,79,NULL,NULL,NULL,NULL),(80,NULL,80,80,NULL,NULL,NULL,NULL),(81,NULL,81,81,NULL,NULL,NULL,NULL),(82,NULL,82,82,NULL,NULL,NULL,NULL),(83,NULL,83,83,NULL,NULL,NULL,NULL),(84,NULL,84,84,NULL,NULL,NULL,NULL),(85,NULL,85,85,NULL,NULL,NULL,NULL),(86,NULL,86,86,NULL,NULL,NULL,NULL),(87,NULL,87,87,NULL,NULL,NULL,NULL),(88,NULL,88,88,NULL,NULL,NULL,NULL),(89,NULL,89,89,NULL,NULL,NULL,NULL),(90,NULL,90,90,NULL,NULL,NULL,NULL),(91,NULL,91,91,NULL,NULL,NULL,NULL),(92,NULL,92,92,NULL,NULL,NULL,NULL),(93,NULL,93,80,NULL,NULL,NULL,NULL),(94,NULL,94,93,NULL,NULL,NULL,NULL),(95,NULL,95,94,NULL,NULL,NULL,NULL),(96,NULL,96,95,NULL,NULL,NULL,NULL),(97,NULL,97,96,NULL,NULL,NULL,NULL),(98,NULL,98,97,NULL,NULL,NULL,NULL),(99,NULL,99,98,NULL,NULL,NULL,NULL),(100,NULL,100,99,NULL,NULL,NULL,NULL),(101,NULL,101,100,NULL,NULL,NULL,NULL),(102,NULL,102,101,NULL,NULL,NULL,NULL),(103,NULL,103,102,NULL,NULL,NULL,NULL),(104,NULL,104,103,NULL,NULL,NULL,NULL),(105,NULL,105,104,NULL,NULL,NULL,NULL),(106,NULL,106,105,NULL,NULL,NULL,NULL),(107,NULL,107,106,NULL,NULL,NULL,NULL),(108,NULL,108,107,NULL,NULL,NULL,NULL),(109,NULL,109,108,NULL,NULL,NULL,NULL);
INSERT INTO `cta_cte_cliente_pivot_receipt` VALUES (110,NULL,110,109,NULL,NULL,NULL,NULL),(111,NULL,111,110,NULL,NULL,NULL,NULL),(112,NULL,112,111,NULL,NULL,NULL,NULL),(113,NULL,113,112,NULL,NULL,NULL,NULL),(114,NULL,114,113,NULL,NULL,NULL,NULL),(115,NULL,115,114,NULL,NULL,NULL,NULL),(116,NULL,116,115,NULL,NULL,NULL,NULL),(117,NULL,117,116,NULL,NULL,NULL,NULL),(118,NULL,118,117,NULL,NULL,NULL,NULL),(119,NULL,119,118,NULL,NULL,NULL,NULL),(120,NULL,120,119,NULL,NULL,NULL,NULL),(121,NULL,121,120,NULL,NULL,NULL,NULL),(122,NULL,122,121,NULL,NULL,NULL,NULL),(123,NULL,123,122,NULL,NULL,NULL,NULL),(124,NULL,124,123,NULL,NULL,NULL,NULL),(125,NULL,125,124,NULL,NULL,NULL,NULL),(126,NULL,126,125,NULL,NULL,NULL,NULL),(127,NULL,127,126,NULL,NULL,NULL,NULL),(128,NULL,128,127,NULL,NULL,NULL,NULL),(129,NULL,129,128,NULL,NULL,NULL,NULL),(130,NULL,130,129,NULL,NULL,NULL,NULL),(131,NULL,131,130,NULL,NULL,NULL,NULL),(132,NULL,132,131,NULL,NULL,NULL,NULL),(133,NULL,133,132,NULL,NULL,NULL,NULL),(134,NULL,134,133,NULL,NULL,NULL,NULL),(135,NULL,135,134,NULL,NULL,NULL,NULL),(136,NULL,136,135,NULL,NULL,NULL,NULL),(137,NULL,137,136,NULL,NULL,NULL,NULL),(138,NULL,138,137,NULL,NULL,NULL,NULL),(139,NULL,139,138,NULL,NULL,NULL,NULL),(140,NULL,140,139,NULL,NULL,NULL,NULL),(141,NULL,141,140,NULL,NULL,NULL,NULL),(142,NULL,142,141,NULL,NULL,NULL,NULL),(143,NULL,143,142,NULL,NULL,NULL,NULL),(144,NULL,144,143,NULL,NULL,NULL,NULL),(145,NULL,145,144,NULL,NULL,NULL,NULL),(146,NULL,146,145,NULL,NULL,NULL,NULL),(147,NULL,147,146,NULL,NULL,NULL,NULL),(148,NULL,148,147,NULL,NULL,NULL,NULL),(149,NULL,149,148,NULL,NULL,NULL,NULL),(150,NULL,150,149,NULL,NULL,NULL,NULL),(151,NULL,151,150,NULL,NULL,NULL,NULL),(152,NULL,152,151,NULL,NULL,NULL,NULL),(153,NULL,153,152,NULL,NULL,NULL,NULL),(154,NULL,154,153,NULL,NULL,NULL,NULL),(155,NULL,155,154,NULL,NULL,NULL,NULL),(156,NULL,156,155,NULL,NULL,NULL,NULL),(157,NULL,157,156,NULL,NULL,NULL,NULL),(158,NULL,158,157,NULL,NULL,NULL,NULL),(159,NULL,159,158,NULL,NULL,NULL,NULL),(160,NULL,160,158,NULL,NULL,NULL,NULL),(161,NULL,161,159,NULL,NULL,NULL,NULL),(162,NULL,162,160,NULL,NULL,NULL,NULL),(163,NULL,163,161,NULL,NULL,NULL,NULL),(164,NULL,164,162,NULL,NULL,NULL,NULL),(165,NULL,165,163,NULL,NULL,NULL,NULL),(166,NULL,166,164,NULL,NULL,NULL,NULL),(167,NULL,167,165,NULL,NULL,NULL,NULL),(168,NULL,168,166,NULL,NULL,NULL,NULL),(169,NULL,169,167,NULL,NULL,NULL,NULL),(170,NULL,170,168,NULL,NULL,NULL,NULL),(171,NULL,171,169,NULL,NULL,NULL,NULL),(172,NULL,172,170,NULL,NULL,NULL,NULL),(173,NULL,173,171,NULL,NULL,NULL,NULL),(174,NULL,174,172,NULL,NULL,NULL,NULL),(175,NULL,175,173,NULL,NULL,NULL,NULL),(176,NULL,176,174,NULL,NULL,NULL,NULL),(177,NULL,177,175,NULL,NULL,NULL,NULL),(178,NULL,178,176,NULL,NULL,NULL,NULL),(179,NULL,179,177,NULL,NULL,NULL,NULL),(180,NULL,180,178,NULL,NULL,NULL,NULL),(181,NULL,181,179,NULL,NULL,NULL,NULL),(182,NULL,182,180,NULL,NULL,NULL,NULL),(183,NULL,183,180,NULL,NULL,NULL,NULL),(184,NULL,184,159,NULL,NULL,NULL,NULL);

--
-- Table structure for table `cta_cte_tesoreria`
--

CREATE TABLE `cta_cte_tesoreria` (
  `id` int(10) unsigned NOT NULL AUTO_INCREMENT,
  `user_id` int(10) unsigned DEFAULT NULL,
  `person_id` int(10) unsigned NOT NULL,
  `cta_cte_cliente_id` int(10) unsigned DEFAULT NULL,
  `nf_cta_cte_id` int(10) unsigned DEFAULT NULL,
  `cta_cte_tesoreria_cuenta_id` int(10) unsigned NOT NULL,
  `period_id` int(10) unsigned NOT NULL,
  `fecha` date DEFAULT NULL,
  `total` decimal(16,2) NOT NULL,
  `comentario` varchar(191) COLLATE utf8mb4_unicode_ci DEFAULT NULL,
  `file` varchar(191) COLLATE utf8mb4_unicode_ci DEFAULT NULL,
  `created_at` timestamp NULL DEFAULT NULL,
  `updated_at` timestamp NULL DEFAULT NULL,
  `deleted_at` timestamp NULL DEFAULT NULL,
  PRIMARY KEY (`id`),
  KEY `cta_cte_tesoreria_person_id_foreign` (`person_id`),
  KEY `cta_cte_tesoreria_cta_cte_cliente_id_foreign` (`cta_cte_cliente_id`),
  KEY `cta_cte_tesoreria_cta_cte_tesoreria_cuenta_id_foreign` (`cta_cte_tesoreria_cuenta_id`),
  KEY `cta_cte_tesoreria_period_id_foreign` (`period_id`),
  KEY `cta_cte_tesoreria_nf_cta_cte_id_foreign` (`nf_cta_cte_id`),
  CONSTRAINT `cta_cte_tesoreria_cta_cte_cliente_id_foreign` FOREIGN KEY (`cta_cte_cliente_id`) REFERENCES `cta_cte_cliente` (`id`),
  CONSTRAINT `cta_cte_tesoreria_cta_cte_tesoreria_cuenta_id_foreign` FOREIGN KEY (`cta_cte_tesoreria_cuenta_id`) REFERENCES `cta_cte_tesoreria_cuentas` (`id`),
  CONSTRAINT `cta_cte_tesoreria_nf_cta_cte_id_foreign` FOREIGN KEY (`nf_cta_cte_id`) REFERENCES `nf_cta_cte` (`id`),
  CONSTRAINT `cta_cte_tesoreria_period_id_foreign` FOREIGN KEY (`period_id`) REFERENCES `periods` (`id`),
  CONSTRAINT `cta_cte_tesoreria_person_id_foreign` FOREIGN KEY (`person_id`) REFERENCES `persons` (`id`)
) ENGINE=InnoDB DEFAULT CHARSET=utf8mb4 COLLATE=utf8mb4_unicode_ci;

--
-- Dumping data for table `cta_cte_tesoreria`
--


--
-- Table structure for table `cta_cte_tesoreria_cuentas`
--

CREATE TABLE `cta_cte_tesoreria_cuentas` (
  `id` int(10) unsigned NOT NULL AUTO_INCREMENT,
  `user_id` int(10) unsigned DEFAULT NULL,
  `plan_cuenta_id` int(10) unsigned NOT NULL,
  `person_id` int(10) unsigned DEFAULT NULL,
  `nombre` varchar(191) COLLATE utf8mb4_unicode_ci NOT NULL,
  `cheque3ros` tinyint(1) NOT NULL DEFAULT '0',
  `cheque_emitidos` tinyint(1) NOT NULL DEFAULT '0',
  `tes_cta_cte` tinyint(1) NOT NULL DEFAULT '0',
  `tes_cuenta_origen` tinyint(1) NOT NULL DEFAULT '0',
  `tes_cuenta_destino` tinyint(1) NOT NULL DEFAULT '0',
  `conta_asientos` tinyint(1) NOT NULL DEFAULT '0',
  `created_at` timestamp NULL DEFAULT NULL,
  `updated_at` timestamp NULL DEFAULT NULL,
  `deleted_at` timestamp NULL DEFAULT NULL,
  PRIMARY KEY (`id`),
  KEY `cta_cte_tesoreria_cuentas_person_id_foreign` (`person_id`),
  KEY `cta_cte_tesoreria_cuentas_plan_cuenta_id_foreign` (`plan_cuenta_id`),
  CONSTRAINT `cta_cte_tesoreria_cuentas_person_id_foreign` FOREIGN KEY (`person_id`) REFERENCES `persons` (`id`),
  CONSTRAINT `cta_cte_tesoreria_cuentas_plan_cuenta_id_foreign` FOREIGN KEY (`plan_cuenta_id`) REFERENCES `conta_plan_cuenta` (`id`)
) ENGINE=InnoDB AUTO_INCREMENT=757 DEFAULT CHARSET=utf8mb4 COLLATE=utf8mb4_unicode_ci;

--
-- Dumping data for table `cta_cte_tesoreria_cuentas`
--

INSERT INTO `cta_cte_tesoreria_cuentas` VALUES (13,NULL,13,NULL,'Clientes - Deudores',0,0,0,0,0,0,'2019-10-19 02:10:24','2019-10-19 02:10:24',NULL),(20,NULL,20,NULL,'Anticipos Impuesto a las Ganancias',0,0,0,0,1,0,'2019-10-19 02:10:24','2019-10-19 02:10:24',NULL),(23,NULL,23,NULL,'Retenciones Impuesto a las Ganancias',0,0,1,0,0,0,'2019-10-19 02:10:24','2019-10-19 02:10:24',NULL),(25,NULL,25,NULL,'Retenciones de IVA',0,0,1,0,0,0,'2019-10-19 02:10:24','2019-10-19 02:10:24',NULL),(57,NULL,57,NULL,'Proveedores en Cta. Cte. locales',0,0,0,0,0,0,'2019-10-19 02:10:24','2019-10-19 02:10:24',NULL),(60,NULL,60,NULL,'Cheques emitidos ',0,1,1,1,1,0,'2019-10-19 02:10:24','2019-10-19 02:10:24',NULL),(62,NULL,62,NULL,'Sueldos y Jornales a pagar',0,0,0,0,1,0,'2019-10-19 02:10:24','2019-10-19 02:10:24',NULL),(140,NULL,140,NULL,'Intereses y Gastos bancarios',0,0,0,0,1,0,'2019-10-19 02:10:24','2019-10-19 02:10:24',NULL),(162,NULL,162,NULL,'Retenciones SUSS',0,0,1,0,0,0,'2019-10-19 02:10:24','2019-10-19 02:10:24',NULL),(176,NULL,176,NULL,'Cheques en Cartera',1,0,1,1,1,0,'2019-10-19 02:10:24','2019-10-19 02:10:24',NULL),(201,NULL,201,NULL,'Monotributo',0,0,0,0,1,0,'2019-10-19 02:10:24','2019-10-19 02:10:24',NULL),(203,NULL,203,NULL,'Autonomos',0,0,0,0,1,0,'2019-10-19 02:10:24','2019-10-19 02:10:24',NULL),(219,NULL,219,NULL,'Pagos AFIP',0,0,0,0,1,0,'2019-10-19 02:10:24','2019-10-19 02:10:24',NULL),(251,NULL,251,NULL,'Retenciones de IIBB Buenos Aires',0,0,1,0,0,0,'2019-10-19 02:10:24','2019-10-19 02:10:24',NULL),(252,NULL,252,NULL,'Retenciones de IIBB Capital Federal',0,0,1,0,0,0,'2019-10-19 02:10:24','2019-10-19 02:10:24',NULL),(253,NULL,253,NULL,'Retenciones de IIBB Catamarca',0,0,1,0,0,0,'2019-10-19 02:10:24','2019-10-19 02:10:24',NULL),(254,NULL,254,NULL,'Retenciones de IIBB Chaco',0,0,1,0,0,0,'2019-10-19 02:10:24','2019-10-19 02:10:24',NULL),(255,NULL,255,NULL,'Retenciones de IIBB Chubut',0,0,1,0,0,0,'2019-10-19 02:10:24','2019-10-19 02:10:24',NULL),(256,NULL,256,NULL,'Retenciones de IIBB Córdoba',0,0,1,0,0,0,'2019-10-19 02:10:24','2019-10-19 02:10:24',NULL),(257,NULL,257,NULL,'Retenciones de IIBB Corrientes',0,0,1,0,0,0,'2019-10-19 02:10:24','2019-10-19 02:10:24',NULL),(258,NULL,258,NULL,'Retenciones de IIBB Entre Ríos',0,0,1,0,0,0,'2019-10-19 02:10:24','2019-10-19 02:10:24',NULL),(259,NULL,259,NULL,'Retenciones de IIBB Formosa',0,0,1,0,0,0,'2019-10-19 02:10:24','2019-10-19 02:10:24',NULL),(260,NULL,260,NULL,'Retenciones de IIBB Jujuy',0,0,1,0,0,0,'2019-10-19 02:10:24','2019-10-19 02:10:24',NULL),(261,NULL,261,NULL,'Retenciones de IIBB La Pampa',0,0,1,0,0,0,'2019-10-19 02:10:24','2019-10-19 02:10:24',NULL),(262,NULL,262,NULL,'Retenciones de IIBB La Rioja',0,0,1,0,0,0,'2019-10-19 02:10:24','2019-10-19 02:10:24',NULL),(263,NULL,263,NULL,'Retenciones de IIBB Mendoza',0,0,1,0,0,0,'2019-10-19 02:10:24','2019-10-19 02:10:24',NULL),(264,NULL,264,NULL,'Retenciones de IIBB Misiones',0,0,1,0,0,0,'2019-10-19 02:10:24','2019-10-19 02:10:24',NULL),(265,NULL,265,NULL,'Retenciones de IIBB Neuquén',0,0,1,0,0,0,'2019-10-19 02:10:24','2019-10-19 02:10:24',NULL),(266,NULL,266,NULL,'Retenciones de IIBB Pascua Lama',0,0,1,0,0,0,'2019-10-19 02:10:24','2019-10-19 02:10:24',NULL),(267,NULL,267,NULL,'Retenciones de IIBB Río Negro',0,0,1,0,0,0,'2019-10-19 02:10:24','2019-10-19 02:10:24',NULL),(268,NULL,268,NULL,'Retenciones de IIBB Salta',0,0,1,0,0,0,'2019-10-19 02:10:24','2019-10-19 02:10:24',NULL),(269,NULL,269,NULL,'Retenciones de IIBB San Juan',0,0,1,0,0,0,'2019-10-19 02:10:24','2019-10-19 02:10:24',NULL),(270,NULL,270,NULL,'Retenciones de IIBB San Luis',0,0,1,0,0,0,'2019-10-19 02:10:24','2019-10-19 02:10:24',NULL),(271,NULL,271,NULL,'Retenciones de IIBB Santa Cruz',0,0,1,0,0,0,'2019-10-19 02:10:24','2019-10-19 02:10:24',NULL),(272,NULL,272,NULL,'Retenciones de IIBB Santa Fe',0,0,1,0,0,0,'2019-10-19 02:10:24','2019-10-19 02:10:24',NULL),(273,NULL,273,NULL,'Retenciones de IIBB Santiago del Estero',0,0,1,0,0,0,'2019-10-19 02:10:24','2019-10-19 02:10:24',NULL);
INSERT INTO `cta_cte_tesoreria_cuentas` VALUES (274,NULL,274,NULL,'Retenciones de IIBB Tierra del Fuego',0,0,1,0,0,0,'2019-10-19 02:10:24','2019-10-19 02:10:24',NULL),(275,NULL,275,NULL,'Retenciones de IIBB Tucuman',0,0,1,0,0,0,'2019-10-19 02:10:24','2019-10-19 02:10:24',NULL),(351,NULL,351,NULL,'BANCO SIRCREB',0,0,0,0,1,0,'2019-10-19 02:10:24','2019-10-19 02:10:24',NULL),(359,NULL,359,NULL,'Caja en Pesos',0,0,1,1,1,0,'2019-10-19 02:10:24','2019-10-19 02:10:24',NULL),(360,NULL,360,NULL,'Retenciones Bancarias de Ganancias a Favor',0,0,0,0,1,0,'2019-10-19 02:10:24','2019-10-19 02:10:24',NULL),(364,NULL,364,NULL,'Anticipo de Clientes',0,0,0,0,1,0,'2019-10-19 02:10:24','2019-10-19 02:10:24',NULL),(384,NULL,384,NULL,'Caja en Dolares',0,0,1,1,1,0,'2019-10-19 02:10:24','2019-10-19 02:10:24',NULL),(409,NULL,409,NULL,'IVA Crédito Fiscal No computable',0,0,0,0,1,0,'2019-10-19 02:10:24','2019-10-19 02:10:24',NULL),(418,NULL,418,NULL,'Deudas Bancarias',0,0,0,1,1,0,'2019-10-19 02:10:24','2019-10-19 02:10:24',NULL),(433,NULL,433,NULL,'Préstamo',0,0,0,1,1,0,'2019-10-19 02:10:24','2019-10-19 02:10:24',NULL),(441,NULL,441,NULL,'Leasing',0,0,0,1,1,0,'2019-10-19 02:10:24','2019-10-19 02:10:24',NULL),(448,NULL,448,NULL,'Planes de Pagos AFIP',0,0,0,1,1,0,'2019-10-19 02:10:24','2019-10-19 02:10:24',NULL),(450,NULL,450,NULL,'Cheques Rechazados',0,0,0,0,1,0,'2019-10-19 02:10:24','2019-10-19 02:10:24',NULL),(467,NULL,467,NULL,'Interés',0,0,0,0,1,0,'2019-10-19 02:10:24','2019-10-19 02:10:24',NULL),(468,0,14,NULL,'Deudores por ventas comunes',0,0,0,0,0,1,'2020-02-06 17:23:07','2020-02-06 17:23:07',NULL),(469,0,15,NULL,'Deudores por ventas morosos',0,0,0,0,0,1,'2020-02-06 17:23:07','2020-02-06 17:23:07',NULL),(470,0,16,NULL,'Deudores en gestión judicial',0,0,0,0,0,1,'2020-02-06 17:23:07','2020-02-06 17:23:07',NULL),(471,0,17,NULL,'Previsión deudores incobrables',0,0,0,0,0,1,'2020-02-06 17:23:07','2020-02-06 17:23:07',NULL),(472,0,22,NULL,'Anticipo Impto.Ganancia Mínima Presunta',0,0,0,0,0,1,'2020-02-06 17:23:07','2020-02-06 17:23:07',NULL),(473,0,24,NULL,'Impuesto a las Ganancias (Saldo a favor)',0,0,0,0,0,1,'2020-02-06 17:23:07','2020-02-06 17:23:07',NULL),(474,0,27,NULL,'Anticipos de proveedores',0,0,0,0,0,1,'2020-02-06 17:23:07','2020-02-06 17:23:07',NULL),(475,0,28,NULL,'Depósito en garantía alquileres',0,0,0,0,0,1,'2020-02-06 17:23:07','2020-02-06 17:23:07',NULL),(476,0,29,NULL,'Derechos adquiridos a devengar',0,0,0,0,0,1,'2020-02-06 17:23:07','2020-02-06 17:23:07',NULL),(477,0,30,NULL,'Intereses a devengar',0,0,0,0,0,1,'2020-02-06 17:23:07','2020-02-06 17:23:07',NULL),(478,0,31,NULL,'Cuentas a rendir - Directores',0,0,0,0,0,1,'2020-02-06 17:23:07','2020-02-06 17:23:07',NULL),(479,0,32,NULL,'Alquileres no devengados',0,0,0,0,0,1,'2020-02-06 17:23:07','2020-02-06 17:23:07',NULL),(480,0,38,NULL,'Equipos de computación valores históricos',0,0,0,0,0,1,'2020-02-06 17:23:07','2020-02-06 17:23:07',NULL),(481,0,39,NULL,'Equipos de computación ajuste',0,0,0,0,0,1,'2020-02-06 17:23:07','2020-02-06 17:23:07',NULL),(482,0,40,NULL,'Amortización Acumulada Equipos de comput.',0,0,0,0,0,1,'2020-02-06 17:23:07','2020-02-06 17:23:07',NULL),(483,0,42,NULL,'Instalaciones valores históricos',0,0,0,0,0,1,'2020-02-06 17:23:07','2020-02-06 17:23:07',NULL),(484,0,43,NULL,'Instalaciones ajuste',0,0,0,0,0,1,'2020-02-06 17:23:07','2020-02-06 17:23:07',NULL),(485,0,44,NULL,'Amortización Acumulada Instalaciones',0,0,0,0,0,1,'2020-02-06 17:23:07','2020-02-06 17:23:07',NULL),(486,0,46,NULL,'Muebles y utiles valores históricos',0,0,0,0,0,1,'2020-02-06 17:23:07','2020-02-06 17:23:07',NULL),(487,0,47,NULL,'Muebles y utiles ajuste',0,0,0,0,0,1,'2020-02-06 17:23:07','2020-02-06 17:23:07',NULL),(488,0,48,NULL,'Amortización Acumulada Muebles y Útiles',0,0,0,0,0,1,'2020-02-06 17:23:07','2020-02-06 17:23:07',NULL),(489,0,50,NULL,'Gastos de organización valores historicos',0,0,0,0,0,1,'2020-02-06 17:23:07','2020-02-06 17:23:07',NULL);
INSERT INTO `cta_cte_tesoreria_cuentas` VALUES (490,0,51,NULL,'Gastos de organización ajuste',0,0,0,0,0,1,'2020-02-06 17:23:07','2020-02-06 17:23:07',NULL),(491,0,52,NULL,'Amortización acumulada gs. de organización',0,0,0,0,0,1,'2020-02-06 17:23:07','2020-02-06 17:23:07',NULL),(492,0,58,NULL,'Proveedores en cta. cte. exterior',0,0,0,0,0,1,'2020-02-06 17:23:07','2020-02-06 17:23:07',NULL),(493,0,59,NULL,'Derechos de exhibición a devengar',0,0,0,0,0,1,'2020-02-06 17:23:07','2020-02-06 17:23:07',NULL),(494,0,63,NULL,'Cargas sociales a pagar',0,0,0,0,0,1,'2020-02-06 17:23:07','2020-02-06 17:23:07',NULL),(495,0,64,NULL,'Sindicatos a Pagar',0,0,0,0,0,1,'2020-02-06 17:23:07','2020-02-06 17:23:07',NULL),(496,0,67,NULL,'IVA Debito Fiscal',0,0,0,0,0,1,'2020-02-06 17:23:07','2020-02-06 17:23:07',NULL),(497,0,68,NULL,'IVA Credito Fiscal',0,0,0,0,0,1,'2020-02-06 17:23:07','2020-02-06 17:23:07',NULL),(498,0,69,NULL,'Impuestos Internos',0,0,0,0,0,1,'2020-02-06 17:23:07','2020-02-06 17:23:07',NULL),(499,0,70,NULL,'Impuestos al Combustible',0,0,0,0,0,1,'2020-02-06 17:23:07','2020-02-06 17:23:07',NULL),(500,0,71,NULL,'IVA Retenciones de terceros',0,0,0,0,0,1,'2020-02-06 17:23:07','2020-02-06 17:23:07',NULL),(501,0,72,NULL,'IVA Percepciones realiz.por terceros',0,0,0,0,0,1,'2020-02-06 17:23:07','2020-02-06 17:23:07',NULL),(502,0,73,NULL,'IVA Saldo a favor',0,0,0,0,0,1,'2020-02-06 17:23:07','2020-02-06 17:23:07',NULL),(503,0,74,NULL,'IVA a pagar',0,0,0,0,0,1,'2020-02-06 17:23:07','2020-02-06 17:23:07',NULL),(504,0,75,NULL,'Percepciones Ingresos Brutos',0,0,0,0,0,1,'2020-02-06 17:23:07','2020-02-06 17:23:07',NULL),(505,0,76,NULL,'Otros Pagos AFIP',0,0,0,0,0,1,'2020-02-06 17:23:07','2020-02-06 17:23:07',NULL),(506,0,78,NULL,'Impuesto a los Ingresos Brutos Pasivo',0,0,0,0,0,1,'2020-02-06 17:23:07','2020-02-06 17:23:07',NULL),(507,0,79,NULL,'Impuesto a las Ganancias',0,0,0,0,0,1,'2020-02-06 17:23:07','2020-02-06 17:23:07',NULL),(508,0,80,NULL,'Impuesto a la Ganancia Mínima Presunta',0,0,0,0,0,1,'2020-02-06 17:23:07','2020-02-06 17:23:07',NULL),(509,0,81,NULL,'AFIP - Retenciones Impuesto a las Ganancias',0,0,0,0,0,1,'2020-02-06 17:23:07','2020-02-06 17:23:07',NULL),(510,0,82,NULL,'AFIP - Plan de Facilidades Decreto 338/02',0,0,0,0,0,1,'2020-02-06 17:23:07','2020-02-06 17:23:07',NULL),(511,0,87,NULL,'Acciones en circulación',0,0,0,0,0,1,'2020-02-06 17:23:07','2020-02-06 17:23:07',NULL),(512,0,88,NULL,'Ajuste del Capital',0,0,0,0,0,1,'2020-02-06 17:23:07','2020-02-06 17:23:07',NULL),(513,0,89,NULL,'Aportes Irrevocables Futuras Suscripciones',0,0,0,0,0,1,'2020-02-06 17:23:07','2020-02-06 17:23:07',NULL),(514,0,91,NULL,'Resultado del ejercicio',0,0,0,0,0,1,'2020-02-06 17:23:07','2020-02-06 17:23:07',NULL),(515,0,92,NULL,'Resultado ejercicios anteriores',0,0,0,0,0,1,'2020-02-06 17:23:07','2020-02-06 17:23:07',NULL),(516,0,93,NULL,'A.R.E.A.',0,0,0,0,0,1,'2020-02-06 17:23:07','2020-02-06 17:23:07',NULL),(517,0,96,NULL,'VENTAS',0,0,0,0,1,1,'2020-02-06 17:23:07','2021-04-16 07:03:04',NULL),(518,0,97,NULL,'Honorarios',0,0,0,0,1,1,'2020-02-06 17:23:07','2021-04-16 07:03:04',NULL),(519,0,99,NULL,'Descuentos obtenidos',0,0,0,0,1,1,'2020-02-06 17:23:07','2021-04-16 07:03:04',NULL),(520,0,100,NULL,'Reintegros por exportaciones',0,0,0,0,1,1,'2020-02-06 17:23:07','2021-04-16 07:03:04',NULL),(521,0,102,NULL,'Intereses Cobrados',0,0,0,0,1,1,'2020-02-06 17:23:07','2021-04-16 07:03:04',NULL),(522,0,103,NULL,'Diferencias de cambio',0,0,0,0,1,1,'2020-02-06 17:23:07','2021-04-16 07:03:04',NULL),(523,0,104,NULL,'Descuentos obtenidos',0,0,0,0,1,1,'2020-02-06 17:23:07','2021-04-16 07:03:04',NULL),(524,0,110,NULL,'Sueldos',0,0,0,0,0,1,'2020-02-06 17:23:07','2020-02-06 17:23:07',NULL),(525,0,111,NULL,'Contribuciones',0,0,0,0,0,1,'2020-02-06 17:23:07','2020-02-06 17:23:07',NULL),(526,0,112,NULL,'Sindicato',0,0,0,0,0,1,'2020-02-06 17:23:07','2020-02-06 17:23:07',NULL),(527,0,114,NULL,'ACA',0,0,0,0,0,1,'2020-02-06 17:23:07','2020-02-06 17:23:07',NULL);
INSERT INTO `cta_cte_tesoreria_cuentas` VALUES (528,0,115,NULL,'Aereos',0,0,0,0,0,1,'2020-02-06 17:23:07','2020-02-06 17:23:07',NULL),(529,0,116,NULL,'Alquiler',0,0,0,0,0,1,'2020-02-06 17:23:07','2020-02-06 17:23:07',NULL),(530,0,117,NULL,'AGUA AYSA',0,0,0,0,0,1,'2020-02-06 17:23:07','2020-02-06 17:23:07',NULL),(531,0,118,NULL,'TV Cablevision',0,0,0,0,0,1,'2020-02-06 17:23:07','2020-02-06 17:23:07',NULL),(532,0,119,NULL,'Caja Jubilacion Consejo',0,0,0,0,0,1,'2020-02-06 17:23:07','2020-02-06 17:23:07',NULL),(533,0,120,NULL,'Celulares',0,0,0,0,0,1,'2020-02-06 17:23:07','2020-02-06 17:23:07',NULL),(534,0,121,NULL,'Cheques',0,0,0,0,0,1,'2020-02-06 17:23:07','2020-02-06 17:23:07',NULL),(535,0,123,NULL,'Comida',0,0,0,0,0,1,'2020-02-06 17:23:07','2020-02-06 17:23:07',NULL),(536,0,126,NULL,'Fletes y acarreos',0,0,0,0,0,1,'2020-02-06 17:23:07','2020-02-06 17:23:07',NULL),(537,0,127,NULL,'Luz Edesur',0,0,0,0,0,1,'2020-02-06 17:23:07','2020-02-06 17:23:07',NULL),(538,0,128,NULL,'Movilidad y Viáticos',0,0,0,0,0,1,'2020-02-06 17:23:07','2020-02-06 17:23:07',NULL),(539,0,129,NULL,'Mantenimiento',0,0,0,0,0,1,'2020-02-06 17:23:07','2020-02-06 17:23:07',NULL),(540,0,130,NULL,'IVA No Computable',0,0,0,0,0,1,'2020-02-06 17:23:07','2020-02-06 17:23:07',NULL),(541,0,131,NULL,'Entretenimiento',0,0,0,0,0,1,'2020-02-06 17:23:07','2020-02-06 17:23:07',NULL),(542,0,132,NULL,'Amortización Bienes de Uso',0,0,0,0,0,1,'2020-02-06 17:23:07','2020-02-06 17:23:07',NULL),(543,0,135,NULL,'Gastos varios',0,0,0,0,0,1,'2020-02-06 17:23:07','2020-02-06 17:23:07',NULL),(544,0,136,NULL,'Ajuste por redondeo',0,0,0,0,0,1,'2020-02-06 17:23:07','2020-02-06 17:23:07',NULL),(545,0,137,NULL,'Deudores Incobrables',0,0,0,0,0,1,'2020-02-06 17:23:07','2020-02-06 17:23:07',NULL),(546,0,141,NULL,'Intereses Proveedores',0,0,0,0,0,1,'2020-02-06 17:23:07','2020-02-06 17:23:07',NULL),(547,0,143,NULL,'Diferencias de cambio',0,0,0,0,0,1,'2020-02-06 17:23:07','2020-02-06 17:23:07',NULL),(548,0,144,NULL,'Diferencia de Cambio Bces. en M.Extranjera',0,0,0,0,0,1,'2020-02-06 17:23:07','2020-02-06 17:23:07',NULL),(549,0,145,NULL,'Diferencia tipo cambio Vendedor/Comprador',0,0,0,0,0,1,'2020-02-06 17:23:07','2020-02-06 17:23:07',NULL),(550,0,146,NULL,'Diferencia por conversion en Bce. en Mon. Extranj.',0,0,0,0,0,1,'2020-02-06 17:23:07','2020-02-06 17:23:07',NULL),(551,0,147,NULL,'Diferencia de cambio CMV',0,0,0,0,0,1,'2020-02-06 17:23:07','2020-02-06 17:23:07',NULL),(552,0,148,NULL,'Diferencia de cambio PT',0,0,0,0,0,1,'2020-02-06 17:23:07','2020-02-06 17:23:07',NULL),(553,0,149,NULL,'Resultado por Exposición a la Inflación',0,0,0,0,0,1,'2020-02-06 17:23:07','2020-02-06 17:23:07',NULL),(554,0,150,NULL,'Diferencia de cambio PE',0,0,0,0,0,1,'2020-02-06 17:23:07','2020-02-06 17:23:07',NULL),(555,0,151,NULL,'Diferencia de cambio Ds.Vtas.',0,0,0,0,0,1,'2020-02-06 17:23:07','2020-02-06 17:23:07',NULL),(556,0,152,NULL,'Diferencia de cambio ME',0,0,0,0,0,1,'2020-02-06 17:23:07','2020-02-06 17:23:07',NULL),(557,0,153,NULL,'Descuentos otorgados',0,0,0,0,0,1,'2020-02-06 17:23:07','2020-02-06 17:23:07',NULL),(558,0,155,NULL,'Impuesto a las Ganancias',0,0,0,0,0,1,'2020-02-06 17:23:07','2020-02-06 17:23:07',NULL),(559,0,156,NULL,'Impuesto a los Ingresos Brutos',0,0,0,0,0,1,'2020-02-06 17:23:07','2020-02-06 17:23:07',NULL),(560,0,157,NULL,'Impuesto al Debito y Credito Bancario',0,0,0,0,0,1,'2020-02-06 17:23:07','2020-02-06 17:23:07',NULL),(561,0,159,NULL,'Pérdida por venta bienes de uso',0,0,0,0,0,1,'2020-02-06 17:23:07','2020-02-06 17:23:07',NULL),(562,0,160,NULL,'Inversiones',0,0,0,0,0,1,'2020-02-06 17:23:07','2020-02-06 17:23:07',NULL),(563,0,161,NULL,'Amortizaciones extraordinarias',0,0,0,0,0,1,'2020-02-06 17:23:07','2020-02-06 17:23:07',NULL),(564,0,178,NULL,'Google',0,0,0,0,0,1,'2020-02-06 17:23:07','2020-02-06 17:23:07',NULL),(565,0,188,NULL,'Publicidad',0,0,0,0,0,1,'2020-02-06 17:23:07','2020-02-06 17:23:07',NULL),(566,0,191,NULL,'Cargas Sociales',0,0,0,0,0,1,'2020-02-06 17:23:07','2020-02-06 17:23:07',NULL);
INSERT INTO `cta_cte_tesoreria_cuentas` VALUES (567,0,192,NULL,'Honorarios',0,0,0,0,0,1,'2020-02-06 17:23:07','2020-02-06 17:23:07',NULL),(568,0,193,NULL,'Telefono Fijo',0,0,0,0,0,1,'2020-02-06 17:23:07','2020-02-06 17:23:07',NULL),(569,0,198,NULL,'Seguros',0,0,0,0,0,1,'2020-02-06 17:23:07','2020-02-06 17:23:07',NULL),(570,0,199,NULL,'Internet',0,0,0,0,0,1,'2020-02-06 17:23:07','2020-02-06 17:23:07',NULL),(571,0,204,NULL,'Multas Impositivas',0,0,0,0,0,1,'2020-02-06 17:23:07','2020-02-06 17:23:07',NULL),(572,0,208,NULL,'Impuesto a los Ingresos Brutos - BS AS',0,0,0,0,0,1,'2020-02-06 17:23:07','2020-02-06 17:23:07',NULL),(573,0,209,NULL,'SIRCREB',0,0,0,0,0,1,'2020-02-06 17:23:07','2020-02-06 17:23:07',NULL),(574,0,212,NULL,'Tarjeta Visa',0,0,0,0,0,1,'2020-02-06 17:23:07','2020-02-06 17:23:07',NULL),(575,0,213,NULL,'Tarjeta American Express',0,0,0,0,0,1,'2020-02-06 17:23:07','2020-02-06 17:23:07',NULL),(576,0,214,NULL,'Tarjeta Mastercard',0,0,0,0,0,1,'2020-02-06 17:23:07','2020-02-06 17:23:07',NULL),(577,0,215,NULL,'Tarjeta Shopping',0,0,0,0,0,1,'2020-02-06 17:23:07','2020-02-06 17:23:07',NULL),(578,0,216,NULL,'Tarjeta Cencosud',0,0,0,0,0,1,'2020-02-06 17:23:07','2020-02-06 17:23:07',NULL),(579,0,217,NULL,'Compras',0,0,0,0,0,1,'2020-02-06 17:23:07','2020-02-06 17:23:07',NULL),(580,0,218,NULL,'Ventas No Gravadas',0,0,0,0,1,1,'2020-02-06 17:23:07','2021-04-16 07:03:04',NULL),(581,0,220,NULL,'Perc IVA -RG3337',0,0,0,0,0,1,'2020-02-06 17:23:07','2020-02-06 17:23:07',NULL),(582,0,221,NULL,'Imps. Internos',0,0,0,0,0,1,'2020-02-06 17:23:07','2020-02-06 17:23:07',NULL),(583,0,222,NULL,'Imp. Gasoil',0,0,0,0,0,1,'2020-02-06 17:23:07','2020-02-06 17:23:07',NULL),(584,0,223,NULL,'Imp. Hídricos',0,0,0,0,0,1,'2020-02-06 17:23:07','2020-02-06 17:23:07',NULL),(585,0,224,NULL,'ITC',0,0,0,0,0,1,'2020-02-06 17:23:07','2020-02-06 17:23:07',NULL),(586,0,225,NULL,'Perc IIBB  Buenos Aires',0,0,0,0,0,1,'2020-02-06 17:23:07','2020-02-06 17:23:07',NULL),(587,0,226,NULL,'Perc IIBB  Capital Federal',0,0,0,0,0,1,'2020-02-06 17:23:07','2020-02-06 17:23:07',NULL),(588,0,227,NULL,'Perc IIBB  Catamarca',0,0,0,0,0,1,'2020-02-06 17:23:07','2020-02-06 17:23:07',NULL),(589,0,228,NULL,'Perc IIBB  Chaco',0,0,0,0,0,1,'2020-02-06 17:23:07','2020-02-06 17:23:07',NULL),(590,0,229,NULL,'Perc IIBB  Chubut',0,0,0,0,0,1,'2020-02-06 17:23:07','2020-02-06 17:23:07',NULL),(591,0,230,NULL,'Perc IIBB  Córdoba',0,0,0,0,0,1,'2020-02-06 17:23:07','2020-02-06 17:23:07',NULL),(592,0,231,NULL,'Perc IIBB  Corrientes',0,0,0,0,0,1,'2020-02-06 17:23:07','2020-02-06 17:23:07',NULL),(593,0,232,NULL,'Perc IIBB  Entre Ríos',0,0,0,0,0,1,'2020-02-06 17:23:07','2020-02-06 17:23:07',NULL),(594,0,233,NULL,'Perc IIBB  Formosa',0,0,0,0,0,1,'2020-02-06 17:23:07','2020-02-06 17:23:07',NULL),(595,0,234,NULL,'Perc IIBB  Jujuy',0,0,0,0,0,1,'2020-02-06 17:23:07','2020-02-06 17:23:07',NULL),(596,0,235,NULL,'Perc IIBB  La Pampa',0,0,0,0,0,1,'2020-02-06 17:23:07','2020-02-06 17:23:07',NULL),(597,0,236,NULL,'Perc IIBB  La Rioja',0,0,0,0,0,1,'2020-02-06 17:23:07','2020-02-06 17:23:07',NULL),(598,0,237,NULL,'Perc IIBB  Mendoza',0,0,0,0,0,1,'2020-02-06 17:23:07','2020-02-06 17:23:07',NULL),(599,0,238,NULL,'Perc IIBB  Misiones',0,0,0,0,0,1,'2020-02-06 17:23:07','2020-02-06 17:23:07',NULL),(600,0,239,NULL,'Perc IIBB  Neuquén',0,0,0,0,0,1,'2020-02-06 17:23:07','2020-02-06 17:23:07',NULL),(601,0,240,NULL,'Perc IIBB  Pascua Lama',0,0,0,0,0,1,'2020-02-06 17:23:07','2020-02-06 17:23:07',NULL),(602,0,241,NULL,'Perc IIBB  Río Negro',0,0,0,0,0,1,'2020-02-06 17:23:07','2020-02-06 17:23:07',NULL),(603,0,242,NULL,'Perc IIBB  Salta',0,0,0,0,0,1,'2020-02-06 17:23:07','2020-02-06 17:23:07',NULL),(604,0,243,NULL,'Perc IIBB  San Juan',0,0,0,0,0,1,'2020-02-06 17:23:07','2020-02-06 17:23:07',NULL),(605,0,244,NULL,'Perc IIBB  San Luis',0,0,0,0,0,1,'2020-02-06 17:23:07','2020-02-06 17:23:07',NULL),(606,0,245,NULL,'Perc IIBB  Santa Cruz',0,0,0,0,0,1,'2020-02-06 17:23:07','2020-02-06 17:23:07',NULL);
INSERT INTO `cta_cte_tesoreria_cuentas` VALUES (607,0,246,NULL,'Perc IIBB  Santa Fe',0,0,0,0,0,1,'2020-02-06 17:23:07','2020-02-06 17:23:07',NULL),(608,0,247,NULL,'Perc IIBB  Santiago del Estero',0,0,0,0,0,1,'2020-02-06 17:23:07','2020-02-06 17:23:07',NULL),(609,0,248,NULL,'Perc IIBB  Tierra del Fuego',0,0,0,0,0,1,'2020-02-06 17:23:07','2020-02-06 17:23:07',NULL),(610,0,249,NULL,'Perc IIBB  Tucuman',0,0,0,0,0,1,'2020-02-06 17:23:07','2020-02-06 17:23:07',NULL),(611,0,250,NULL,'Compras No Gravadas',0,0,0,0,0,1,'2020-02-06 17:23:07','2020-02-06 17:23:07',NULL),(612,0,276,NULL,'SIRCREB Buenos Aires',0,0,0,0,0,1,'2020-02-06 17:23:07','2020-02-06 17:23:07',NULL),(613,0,277,NULL,'SIRCREB Capital Federal',0,0,0,0,0,1,'2020-02-06 17:23:07','2020-02-06 17:23:07',NULL),(614,0,278,NULL,'SIRCREB Catamarca',0,0,0,0,0,1,'2020-02-06 17:23:07','2020-02-06 17:23:07',NULL),(615,0,279,NULL,'SIRCREB Chaco',0,0,0,0,0,1,'2020-02-06 17:23:07','2020-02-06 17:23:07',NULL),(616,0,280,NULL,'SIRCREB Chubut',0,0,0,0,0,1,'2020-02-06 17:23:07','2020-02-06 17:23:07',NULL),(617,0,281,NULL,'SIRCREB Córdoba',0,0,0,0,0,1,'2020-02-06 17:23:07','2020-02-06 17:23:07',NULL),(618,0,282,NULL,'SIRCREB Corrientes',0,0,0,0,0,1,'2020-02-06 17:23:07','2020-02-06 17:23:07',NULL),(619,0,283,NULL,'SIRCREB Entre Ríos',0,0,0,0,0,1,'2020-02-06 17:23:07','2020-02-06 17:23:07',NULL),(620,0,284,NULL,'SIRCREB Formosa',0,0,0,0,0,1,'2020-02-06 17:23:07','2020-02-06 17:23:07',NULL),(621,0,285,NULL,'SIRCREB Jujuy',0,0,0,0,0,1,'2020-02-06 17:23:07','2020-02-06 17:23:07',NULL),(622,0,286,NULL,'SIRCREB La Pampa',0,0,0,0,0,1,'2020-02-06 17:23:07','2020-02-06 17:23:07',NULL),(623,0,287,NULL,'SIRCREB La Rioja',0,0,0,0,0,1,'2020-02-06 17:23:07','2020-02-06 17:23:07',NULL),(624,0,288,NULL,'SIRCREB Mendoza',0,0,0,0,0,1,'2020-02-06 17:23:07','2020-02-06 17:23:07',NULL),(625,0,289,NULL,'SIRCREB Misiones',0,0,0,0,0,1,'2020-02-06 17:23:07','2020-02-06 17:23:07',NULL),(626,0,290,NULL,'SIRCREB Neuquén',0,0,0,0,0,1,'2020-02-06 17:23:07','2020-02-06 17:23:07',NULL),(627,0,291,NULL,'SIRCREB Pascua Lama',0,0,0,0,0,1,'2020-02-06 17:23:07','2020-02-06 17:23:07',NULL),(628,0,292,NULL,'SIRCREB Río Negro',0,0,0,0,0,1,'2020-02-06 17:23:07','2020-02-06 17:23:07',NULL),(629,0,293,NULL,'SIRCREB Salta',0,0,0,0,0,1,'2020-02-06 17:23:07','2020-02-06 17:23:07',NULL),(630,0,294,NULL,'SIRCREB San Juan',0,0,0,0,0,1,'2020-02-06 17:23:07','2020-02-06 17:23:07',NULL),(631,0,295,NULL,'SIRCREB San Luis',0,0,0,0,0,1,'2020-02-06 17:23:07','2020-02-06 17:23:07',NULL),(632,0,296,NULL,'SIRCREB Santa Cruz',0,0,0,0,0,1,'2020-02-06 17:23:07','2020-02-06 17:23:07',NULL),(633,0,297,NULL,'SIRCREB Santa Fe',0,0,0,0,0,1,'2020-02-06 17:23:07','2020-02-06 17:23:07',NULL),(634,0,298,NULL,'SIRCREB Santiago del Estero',0,0,0,0,0,1,'2020-02-06 17:23:07','2020-02-06 17:23:07',NULL),(635,0,299,NULL,'SIRCREB Tierra del Fuego',0,0,0,0,0,1,'2020-02-06 17:23:07','2020-02-06 17:23:07',NULL),(636,0,300,NULL,'SIRCREB Tucuman',0,0,0,0,0,1,'2020-02-06 17:23:07','2020-02-06 17:23:07',NULL),(637,0,301,NULL,'IIBB a Favor Buenos Aires',0,0,0,0,0,1,'2020-02-06 17:23:07','2020-02-06 17:23:07',NULL),(638,0,302,NULL,'IIBB a Favor Capital Federal',0,0,0,0,0,1,'2020-02-06 17:23:07','2020-02-06 17:23:07',NULL),(639,0,303,NULL,'IIBB a Favor Catamarca',0,0,0,0,0,1,'2020-02-06 17:23:07','2020-02-06 17:23:07',NULL),(640,0,304,NULL,'IIBB a Favor Chaco',0,0,0,0,0,1,'2020-02-06 17:23:07','2020-02-06 17:23:07',NULL),(641,0,305,NULL,'IIBB a Favor Chubut',0,0,0,0,0,1,'2020-02-06 17:23:07','2020-02-06 17:23:07',NULL),(642,0,306,NULL,'IIBB a Favor Córdoba',0,0,0,0,0,1,'2020-02-06 17:23:07','2020-02-06 17:23:07',NULL),(643,0,307,NULL,'IIBB a Favor Corrientes',0,0,0,0,0,1,'2020-02-06 17:23:07','2020-02-06 17:23:07',NULL),(644,0,308,NULL,'IIBB a Favor Entre Ríos',0,0,0,0,0,1,'2020-02-06 17:23:07','2020-02-06 17:23:07',NULL),(645,0,309,NULL,'IIBB a Favor Formosa',0,0,0,0,0,1,'2020-02-06 17:23:07','2020-02-06 17:23:07',NULL),(646,0,310,NULL,'IIBB a Favor Jujuy',0,0,0,0,0,1,'2020-02-06 17:23:07','2020-02-06 17:23:07',NULL);
INSERT INTO `cta_cte_tesoreria_cuentas` VALUES (647,0,311,NULL,'IIBB a Favor La Pampa',0,0,0,0,0,1,'2020-02-06 17:23:07','2020-02-06 17:23:07',NULL),(648,0,312,NULL,'IIBB a Favor La Rioja',0,0,0,0,0,1,'2020-02-06 17:23:07','2020-02-06 17:23:07',NULL),(649,0,313,NULL,'IIBB a Favor Mendoza',0,0,0,0,0,1,'2020-02-06 17:23:07','2020-02-06 17:23:07',NULL),(650,0,314,NULL,'IIBB a Favor Misiones',0,0,0,0,0,1,'2020-02-06 17:23:08','2020-02-06 17:23:08',NULL),(651,0,315,NULL,'IIBB a Favor Neuquén',0,0,0,0,0,1,'2020-02-06 17:23:08','2020-02-06 17:23:08',NULL),(652,0,316,NULL,'IIBB a Favor Pascua Lama',0,0,0,0,0,1,'2020-02-06 17:23:08','2020-02-06 17:23:08',NULL),(653,0,317,NULL,'IIBB a Favor Río Negro',0,0,0,0,0,1,'2020-02-06 17:23:08','2020-02-06 17:23:08',NULL),(654,0,318,NULL,'IIBB a Favor Salta',0,0,0,0,0,1,'2020-02-06 17:23:08','2020-02-06 17:23:08',NULL),(655,0,319,NULL,'IIBB a Favor San Juan',0,0,0,0,0,1,'2020-02-06 17:23:08','2020-02-06 17:23:08',NULL),(656,0,320,NULL,'IIBB a Favor San Luis',0,0,0,0,0,1,'2020-02-06 17:23:08','2020-02-06 17:23:08',NULL),(657,0,321,NULL,'IIBB a Favor Santa Cruz',0,0,0,0,0,1,'2020-02-06 17:23:08','2020-02-06 17:23:08',NULL),(658,0,322,NULL,'IIBB a Favor Santa Fe',0,0,0,0,0,1,'2020-02-06 17:23:08','2020-02-06 17:23:08',NULL),(659,0,323,NULL,'IIBB a Favor Santiago del Estero',0,0,0,0,0,1,'2020-02-06 17:23:08','2020-02-06 17:23:08',NULL),(660,0,324,NULL,'IIBB a Favor Tierra del Fuego',0,0,0,0,0,1,'2020-02-06 17:23:08','2020-02-06 17:23:08',NULL),(661,0,325,NULL,'IIBB a Favor Tucuman',0,0,0,0,0,1,'2020-02-06 17:23:08','2020-02-06 17:23:08',NULL),(662,0,326,NULL,'IIBB a Pagar Buenos Aires',0,0,0,0,0,1,'2020-02-06 17:23:08','2020-02-06 17:23:08',NULL),(663,0,327,NULL,'IIBB a Pagar Capital Federal',0,0,0,0,0,1,'2020-02-06 17:23:08','2020-02-06 17:23:08',NULL),(664,0,328,NULL,'IIBB a Pagar Catamarca',0,0,0,0,0,1,'2020-02-06 17:23:08','2020-02-06 17:23:08',NULL),(665,0,329,NULL,'IIBB a Pagar Chaco',0,0,0,0,0,1,'2020-02-06 17:23:08','2020-02-06 17:23:08',NULL),(666,0,330,NULL,'IIBB a Pagar Chubut',0,0,0,0,0,1,'2020-02-06 17:23:08','2020-02-06 17:23:08',NULL),(667,0,331,NULL,'IIBB a Pagar Córdoba',0,0,0,0,0,1,'2020-02-06 17:23:08','2020-02-06 17:23:08',NULL),(668,0,332,NULL,'IIBB a Pagar Corrientes',0,0,0,0,0,1,'2020-02-06 17:23:08','2020-02-06 17:23:08',NULL),(669,0,333,NULL,'IIBB a Pagar Entre Ríos',0,0,0,0,0,1,'2020-02-06 17:23:08','2020-02-06 17:23:08',NULL),(670,0,334,NULL,'IIBB a Pagar Formosa',0,0,0,0,0,1,'2020-02-06 17:23:08','2020-02-06 17:23:08',NULL),(671,0,335,NULL,'IIBB a Pagar Jujuy',0,0,0,0,0,1,'2020-02-06 17:23:08','2020-02-06 17:23:08',NULL),(672,0,336,NULL,'IIBB a Pagar La Pampa',0,0,0,0,0,1,'2020-02-06 17:23:08','2020-02-06 17:23:08',NULL),(673,0,337,NULL,'IIBB a Pagar La Rioja',0,0,0,0,0,1,'2020-02-06 17:23:08','2020-02-06 17:23:08',NULL),(674,0,338,NULL,'IIBB a Pagar Mendoza',0,0,0,0,0,1,'2020-02-06 17:23:08','2020-02-06 17:23:08',NULL),(675,0,339,NULL,'IIBB a Pagar Misiones',0,0,0,0,0,1,'2020-02-06 17:23:08','2020-02-06 17:23:08',NULL),(676,0,340,NULL,'IIBB a Pagar Neuquén',0,0,0,0,0,1,'2020-02-06 17:23:08','2020-02-06 17:23:08',NULL),(677,0,341,NULL,'IIBB a Pagar Pascua Lama',0,0,0,0,0,1,'2020-02-06 17:23:08','2020-02-06 17:23:08',NULL),(678,0,342,NULL,'IIBB a Pagar Río Negro',0,0,0,0,0,1,'2020-02-06 17:23:08','2020-02-06 17:23:08',NULL),(679,0,343,NULL,'IIBB a Pagar Salta',0,0,0,0,0,1,'2020-02-06 17:23:08','2020-02-06 17:23:08',NULL),(680,0,344,NULL,'IIBB a Pagar San Juan',0,0,0,0,0,1,'2020-02-06 17:23:08','2020-02-06 17:23:08',NULL),(681,0,345,NULL,'IIBB a Pagar San Luis',0,0,0,0,0,1,'2020-02-06 17:23:08','2020-02-06 17:23:08',NULL),(682,0,346,NULL,'IIBB a Pagar Santa Cruz',0,0,0,0,0,1,'2020-02-06 17:23:08','2020-02-06 17:23:08',NULL),(683,0,347,NULL,'IIBB a Pagar Santa Fe',0,0,0,0,0,1,'2020-02-06 17:23:08','2020-02-06 17:23:08',NULL),(684,0,348,NULL,'IIBB a Pagar Santiago del Estero',0,0,0,0,0,1,'2020-02-06 17:23:08','2020-02-06 17:23:08',NULL);
INSERT INTO `cta_cte_tesoreria_cuentas` VALUES (685,0,349,NULL,'IIBB a Pagar Tierra del Fuego',0,0,0,0,0,1,'2020-02-06 17:23:08','2020-02-06 17:23:08',NULL),(686,0,350,NULL,'IIBB a Pagar Tucuman',0,0,0,0,0,1,'2020-02-06 17:23:08','2020-02-06 17:23:08',NULL),(687,0,352,NULL,'Compensacion',0,0,0,0,0,1,'2020-02-06 17:23:08','2020-02-06 17:23:08',NULL),(688,0,353,NULL,'IVA Saldo Tecnico',0,0,0,0,0,1,'2020-02-06 17:23:08','2020-02-06 17:23:08',NULL),(689,0,354,NULL,'IVA Saldo Libre Disponibilidad',0,0,0,0,0,1,'2020-02-06 17:23:08','2020-02-06 17:23:08',NULL),(690,0,361,NULL,'Equipos de Computación',0,0,0,0,0,1,'2020-02-06 17:23:08','2020-02-06 17:23:08',NULL),(691,0,362,NULL,'Computadoras',0,0,0,0,0,1,'2020-02-06 17:23:08','2020-02-06 17:23:08',NULL),(692,0,363,NULL,'Muebles y Utiles',0,0,0,0,0,1,'2020-02-06 17:23:08','2020-02-06 17:23:08',NULL),(693,0,365,NULL,'Provision Honorarios',0,0,0,0,0,1,'2020-02-06 17:23:08','2020-02-06 17:23:08',NULL),(694,0,366,NULL,'Cta. Cte Directores',0,0,0,0,0,1,'2020-02-06 17:23:08','2020-02-06 17:23:08',NULL),(695,0,367,NULL,'Provisión Honorarios Directores',0,0,0,0,0,1,'2020-02-06 17:23:08','2020-02-06 17:23:08',NULL),(696,0,368,NULL,'Cuenta Particular Socio 1',0,0,0,0,0,1,'2020-02-06 17:23:08','2020-02-06 17:23:08',NULL),(697,0,369,NULL,'Capital',0,0,0,0,0,1,'2020-02-06 17:23:08','2020-02-06 17:23:08',NULL),(698,0,380,NULL,'Instalaciones',0,0,0,0,0,1,'2020-02-06 17:23:08','2020-02-06 17:23:08',NULL),(699,0,381,NULL,'Reserva Legal',0,0,0,0,0,1,'2020-02-06 17:23:08','2020-02-06 17:23:08',NULL),(700,0,382,NULL,'Reserva Legal',0,0,0,0,0,1,'2020-02-06 17:23:08','2020-02-06 17:23:08',NULL),(701,0,383,NULL,'Resultado no asignado',0,0,0,0,0,1,'2020-02-06 17:23:08','2020-02-06 17:23:08',NULL),(702,0,386,NULL,'PLAZO FIJO',0,0,0,0,0,1,'2020-02-06 17:23:08','2020-02-06 17:23:08',NULL),(703,0,388,NULL,'ACCIONES',0,0,0,0,0,1,'2020-02-06 17:23:08','2020-02-06 17:23:08',NULL),(704,0,389,NULL,'Inmuebles',0,0,0,0,0,1,'2020-02-06 17:23:08','2020-02-06 17:23:08',NULL),(705,0,390,NULL,'Vehiculos',0,0,0,0,0,1,'2020-02-06 17:23:08','2020-02-06 17:23:08',NULL),(706,0,391,NULL,'Maquinarias',0,0,0,0,0,1,'2020-02-06 17:23:08','2020-02-06 17:23:08',NULL),(707,0,392,NULL,'MERCADERIAS',0,0,0,0,0,1,'2020-02-06 17:23:08','2020-02-06 17:23:08',NULL),(708,0,393,NULL,'OTROS',0,0,0,0,0,1,'2020-02-06 17:23:08','2020-02-06 17:23:08',NULL),(709,0,395,NULL,'Cuenta Particular Socio 2',0,0,0,0,0,1,'2020-02-06 17:23:08','2020-02-06 17:23:08',NULL),(710,0,396,NULL,'Comisiones Y gastos Bancarios',0,0,0,0,0,1,'2020-02-06 17:23:08','2020-02-06 17:23:08',NULL),(711,0,411,NULL,'Provisión Impuesto a las Ganancias',0,0,0,0,0,1,'2020-02-06 17:23:08','2020-02-06 17:23:08',NULL),(712,0,412,NULL,'Amortización Muebles y Útiles',0,0,0,0,0,1,'2020-02-06 17:23:08','2020-02-06 17:23:08',NULL),(713,0,413,NULL,'Amortización Equipos',0,0,0,0,0,1,'2020-02-06 17:23:08','2020-02-06 17:23:08',NULL),(714,0,414,NULL,'Amortizacion Acumulada Equipos',0,0,0,0,0,1,'2020-02-06 17:23:08','2020-02-06 17:23:08',NULL),(715,0,415,NULL,'Amortización Acumulada Maquinarias',0,0,0,0,0,1,'2020-02-06 17:23:08','2020-02-06 17:23:08',NULL),(716,0,416,NULL,'Materias Primas',0,0,0,0,0,1,'2020-02-06 17:23:08','2020-02-06 17:23:08',NULL),(717,0,419,NULL,'Rodados',0,0,0,0,0,1,'2020-02-06 17:23:08','2020-02-06 17:23:08',NULL),(718,0,420,NULL,'Amortización Acumulada Rodados',0,0,0,0,0,1,'2020-02-06 17:23:08','2020-02-06 17:23:08',NULL),(719,0,421,NULL,'Amortización Rodados',0,0,0,0,0,1,'2020-02-06 17:23:08','2020-02-06 17:23:08',NULL),(720,0,422,NULL,'Amortización Maquinarias',0,0,0,0,0,1,'2020-02-06 17:23:08','2020-02-06 17:23:08',NULL),(721,0,423,NULL,'Accesorios',0,0,0,0,0,1,'2020-02-06 17:23:08','2020-02-06 17:23:08',NULL),(722,0,424,NULL,'Amortización Acumulada Accesorios',0,0,0,0,0,1,'2020-02-06 17:23:08','2020-02-06 17:23:08',NULL),(723,0,426,NULL,'Reserva Facultativa',0,0,0,0,0,1,'2020-02-06 17:23:08','2020-02-06 17:23:08',NULL);
INSERT INTO `cta_cte_tesoreria_cuentas` VALUES (724,0,427,NULL,'Créditos por Impuestos Diferidos',0,0,0,0,0,1,'2020-02-06 17:23:08','2020-02-06 17:23:08',NULL),(725,0,428,NULL,'Fondo de Comercio',0,0,0,0,0,1,'2020-02-06 17:23:08','2020-02-06 17:23:08',NULL),(726,0,429,NULL,'Amortizacion Acumulada Fondo de Comercio',0,0,0,0,0,1,'2020-02-06 17:23:08','2020-02-06 17:23:08',NULL),(727,0,430,NULL,'Intereses a devengar AGIP',0,0,0,0,0,1,'2020-02-06 17:23:08','2020-02-06 17:23:08',NULL),(728,0,431,NULL,'PFP IIBB',0,0,0,0,0,1,'2020-02-06 17:23:08','2020-02-06 17:23:08',NULL),(729,0,434,NULL,'Productos',0,0,0,0,0,1,'2020-02-06 17:23:08','2020-02-06 17:23:08',NULL),(730,0,435,NULL,'Intereses a devengar PFP',0,0,0,0,0,1,'2020-02-06 17:23:08','2020-02-06 17:23:08',NULL),(731,0,437,NULL,'Imp. Ley 25413 Cred 0.6%',0,0,0,0,0,1,'2020-02-06 17:23:08','2020-02-06 17:23:08',NULL),(732,0,438,NULL,'Honorarios Directorio a Pagar',0,0,0,0,0,1,'2020-02-06 17:23:08','2020-02-06 17:23:08',NULL),(733,0,439,NULL,'Reserva para Futuras Inversiones',0,0,0,0,0,1,'2020-02-06 17:23:08','2020-02-06 17:23:08',NULL),(734,0,440,NULL,'TEAC - Trabajos Ejecutados a Certificar',0,0,0,0,0,1,'2020-02-06 17:23:08','2020-02-06 17:23:08',NULL),(735,0,444,NULL,'Banco Santander Rio Cta Cte',0,0,0,0,0,1,'2020-02-06 17:23:08','2020-02-06 17:23:08',NULL),(736,0,449,NULL,'Leasing',0,0,0,0,0,1,'2020-02-06 17:23:08','2020-02-06 17:23:08',NULL),(737,0,453,NULL,'Inversión Central Caribe',0,0,0,0,0,1,'2020-02-06 17:23:08','2020-02-06 17:23:08',NULL),(738,0,454,NULL,'Otras Inversiones',0,0,0,0,0,1,'2020-02-06 17:23:08','2020-02-06 17:23:08',NULL),(739,0,455,NULL,'Otros Créditos',0,0,0,0,0,1,'2020-02-06 17:23:08','2020-02-06 17:23:08',NULL),(740,0,456,NULL,'Provisión Honorarios Socio Gerente',0,0,0,0,0,1,'2020-02-06 17:23:08','2020-02-06 17:23:08',NULL),(741,0,459,NULL,'Moratoria SUSS a pagar',0,0,0,0,0,1,'2020-02-06 17:23:08','2020-02-06 17:23:08',NULL),(742,0,460,NULL,'Impuestos Municipales a Pagar',0,0,0,0,0,1,'2020-02-06 17:23:08','2020-02-06 17:23:08',NULL),(743,0,461,NULL,'Amortización Instalaciones',0,0,0,0,0,1,'2020-02-06 17:23:08','2020-02-06 17:23:08',NULL),(744,0,462,NULL,'Amortización Equipos de comput.',0,0,0,0,0,1,'2020-02-06 17:23:08','2020-02-06 17:23:08',NULL),(745,0,463,NULL,'Cuenta Particular Socio 3',0,0,0,0,0,1,'2020-02-06 17:23:08','2020-02-06 17:23:08',NULL),(746,0,464,NULL,'Cuenta Particular Socio 4',0,0,0,0,0,1,'2020-02-06 17:23:08','2020-02-06 17:23:08',NULL),(747,0,465,NULL,'Otras Reservas',0,0,0,0,0,1,'2020-02-06 17:23:08','2020-02-06 17:23:08',NULL),(748,0,466,NULL,'IGMP (Saldo a Favor)',0,0,0,0,0,1,'2020-02-06 17:23:08','2020-02-06 17:23:08',NULL),(749,0,468,NULL,'Productos en Proceso',0,0,0,0,0,1,'2020-02-06 17:23:08','2020-02-06 17:23:08',NULL),(750,0,469,NULL,'Depósitos en Garantía Socio Gerente',0,0,0,0,0,1,'2020-02-06 17:23:08','2020-02-06 17:23:08',NULL),(751,0,470,NULL,'Fondos Embargados',0,0,0,0,0,1,'2020-02-06 17:23:08','2020-02-06 17:23:08',NULL),(752,0,471,NULL,'Cuota Solid.',0,0,0,0,0,1,'2020-02-06 17:23:08','2020-02-06 17:23:08',NULL),(753,0,472,NULL,'Anticipo Honorarios Directores',0,0,0,0,0,1,'2020-02-06 17:23:08','2020-02-06 17:23:08',NULL),(754,0,473,NULL,'SICORE a Pagar',0,0,0,0,0,1,'2020-02-06 17:23:08','2020-02-06 17:23:08',NULL),(755,0,476,NULL,'RECPAM',0,0,0,0,0,1,'2020-02-06 17:23:08','2020-02-06 17:23:08',NULL),(756,0,478,NULL,'CO2 - Imp. Al Carbono',0,0,0,0,0,1,'2020-02-06 17:23:08','2020-02-06 17:23:08',NULL);

--
-- Table structure for table `cta_cte_tesoreria_detail`
--

CREATE TABLE `cta_cte_tesoreria_detail` (
  `id` int(10) unsigned NOT NULL AUTO_INCREMENT,
  `user_id` int(10) unsigned DEFAULT NULL,
  `cta_cte_tesoreria_id` int(10) unsigned NOT NULL,
  `cta_cte_tesoreria_cuenta_id` int(10) unsigned NOT NULL,
  `person_id` int(10) unsigned DEFAULT NULL,
  `period_id` int(10) unsigned DEFAULT NULL,
  `saldo_id` int(10) unsigned NOT NULL,
  `monto` decimal(16,2) NOT NULL,
  `fecha` date DEFAULT NULL,
  `created_at` timestamp NULL DEFAULT NULL,
  `updated_at` timestamp NULL DEFAULT NULL,
  `deleted_at` timestamp NULL DEFAULT NULL,
  PRIMARY KEY (`id`),
  KEY `cta_cte_tesoreria_detail_cta_cte_tesoreria_id_foreign` (`cta_cte_tesoreria_id`),
  KEY `cta_cte_tesoreria_detail_cta_cte_tesoreria_cuenta_id_foreign` (`cta_cte_tesoreria_cuenta_id`),
  KEY `cta_cte_tesoreria_detail_person_id_foreign` (`person_id`),
  KEY `cta_cte_tesoreria_detail_period_id_foreign` (`period_id`),
  KEY `cta_cte_tesoreria_detail_saldo_id_foreign` (`saldo_id`),
  CONSTRAINT `cta_cte_tesoreria_detail_cta_cte_tesoreria_cuenta_id_foreign` FOREIGN KEY (`cta_cte_tesoreria_cuenta_id`) REFERENCES `cta_cte_tesoreria_cuentas` (`id`),
  CONSTRAINT `cta_cte_tesoreria_detail_cta_cte_tesoreria_id_foreign` FOREIGN KEY (`cta_cte_tesoreria_id`) REFERENCES `cta_cte_tesoreria` (`id`),
  CONSTRAINT `cta_cte_tesoreria_detail_period_id_foreign` FOREIGN KEY (`period_id`) REFERENCES `periods` (`id`),
  CONSTRAINT `cta_cte_tesoreria_detail_person_id_foreign` FOREIGN KEY (`person_id`) REFERENCES `persons` (`id`),
  CONSTRAINT `cta_cte_tesoreria_detail_saldo_id_foreign` FOREIGN KEY (`saldo_id`) REFERENCES `conta_tipo_saldos` (`id`)
) ENGINE=InnoDB DEFAULT CHARSET=utf8mb4 COLLATE=utf8mb4_unicode_ci;

--
-- Dumping data for table `cta_cte_tesoreria_detail`
--


--
-- Table structure for table `ctacte_bancos`
--

CREATE TABLE `ctacte_bancos` (
  `id` int(10) unsigned NOT NULL AUTO_INCREMENT,
  `user_id` int(10) unsigned DEFAULT NULL,
  `nombre` varchar(255) COLLATE utf8mb4_unicode_ci DEFAULT NULL,
  `codigoBCRA` int(11) DEFAULT NULL,
  `created_at` timestamp NULL DEFAULT NULL,
  `updated_at` timestamp NULL DEFAULT NULL,
  `deleted_at` timestamp NULL DEFAULT NULL,
  PRIMARY KEY (`id`)
) ENGINE=InnoDB AUTO_INCREMENT=78 DEFAULT CHARSET=utf8mb4 COLLATE=utf8mb4_unicode_ci;

--
-- Dumping data for table `ctacte_bancos`
--

INSERT INTO `ctacte_bancos` VALUES (1,NULL,'BANCO DE GALICIA Y BUENOS AIRES S.A.',7,NULL,NULL,NULL),(2,NULL,'BANCO DE LA NACION ARGENTINA',11,NULL,NULL,NULL),(3,NULL,'BANCO DE LA PROVINCIA DE BUENOS AIRES',14,NULL,NULL,NULL),(4,NULL,'INDUSTRIAL AND COMMERCIAL BANK OF CHINA',15,NULL,NULL,NULL),(5,NULL,'CITIBANK N.A.',16,NULL,NULL,NULL),(6,NULL,'BBVA BANCO FRANCES S.A.',17,NULL,NULL,NULL),(7,NULL,'THE BANK OF TOKYO-MITSUBISHI UFJ, LTD.',18,NULL,NULL,NULL),(8,NULL,'BANCO DE LA PROVINCIA DE CORDOBA S.A.',20,NULL,NULL,NULL),(9,NULL,'BANCO SUPERVIELLE S.A.',27,NULL,NULL,NULL),(10,NULL,'BANCO DE LA CIUDAD DE BUENOS AIRES',29,NULL,NULL,NULL),(11,NULL,'BANCO PATAGONIA S.A.',34,NULL,NULL,NULL),(12,NULL,'BANCO HIPOTECARIO S.A.',44,NULL,NULL,NULL),(13,NULL,'BANCO DE SAN JUAN S.A.',45,NULL,NULL,NULL),(14,NULL,'BANCO DEL TUCUMAN S.A.',60,NULL,NULL,NULL),(15,NULL,'BANCO MUNICIPAL DE ROSARIO',65,NULL,NULL,NULL),(16,NULL,'BANCO SANTANDER RIO S.A.',72,NULL,NULL,NULL),(17,NULL,'BANCO DEL CHUBUT S.A.',83,NULL,NULL,NULL),(18,NULL,'BANCO DE SANTA CRUZ S.A.',86,NULL,NULL,NULL),(19,NULL,'BANCO DE LA PAMPA SOCIEDAD DE ECONOMÍA M',93,NULL,NULL,NULL),(20,NULL,'BANCO DE CORRIENTES S.A.',94,NULL,NULL,NULL),(21,NULL,'BANCO PROVINCIA DEL NEUQUÉN SOCIEDAD ANÓ',97,NULL,NULL,NULL),(22,NULL,'BANCO INTERFINANZAS S.A.',147,NULL,NULL,NULL),(23,NULL,'HSBC BANK ARGENTINA S.A.',150,NULL,NULL,NULL),(24,NULL,'JPMORGAN CHASE BANK, NATIONAL ASSOCIATIO',165,NULL,NULL,NULL),(25,NULL,'BANCO CREDICOOP COOPERATIVO LIMITADO',191,NULL,NULL,NULL),(26,NULL,'BANCO DE VALORES S.A.',198,NULL,NULL,NULL),(27,NULL,'BANCO ROELA S.A.',247,NULL,NULL,NULL),(28,NULL,'BANCO MARIVA S.A.',254,NULL,NULL,NULL),(29,NULL,'BANCO ITAU ARGENTINA S.A.',259,NULL,NULL,NULL),(30,NULL,'BANK OF AMERICA, NATIONAL ASSOCIATION',262,NULL,NULL,NULL),(31,NULL,'BNP PARIBAS',266,NULL,NULL,NULL),(32,NULL,'BANCO PROVINCIA DE TIERRA DEL FUEGO',268,NULL,NULL,NULL),(33,NULL,'BANCO DE LA REPUBLICA ORIENTAL DEL URUGU',269,NULL,NULL,NULL),(34,NULL,'BANCO SAENZ S.A.',277,NULL,NULL,NULL),(35,NULL,'BANCO MERIDIAN S.A.',281,NULL,NULL,NULL),(36,NULL,'BANCO MACRO S.A.',285,NULL,NULL,NULL),(37,NULL,'BANCO COMAFI SOCIEDAD ANONIMA',299,NULL,NULL,NULL),(38,NULL,'BANCO DE INVERSION Y COMERCIO EXTERIOR S',300,NULL,NULL,NULL),(39,NULL,'BANCO PIANO S.A.',301,NULL,NULL,NULL),(40,NULL,'BANCO JULIO SOCIEDAD ANONIMA',305,NULL,NULL,NULL),(41,NULL,'BANCO RIOJA SOCIEDAD ANONIMA UNIPERSONAL',309,NULL,NULL,NULL),(42,NULL,'BANCO DEL SOL S.A.',310,NULL,NULL,NULL),(43,NULL,'NUEVO BANCO DEL CHACO S. A.',311,NULL,NULL,NULL),(44,NULL,'BANCO VOII S.A.',312,NULL,NULL,NULL),(45,NULL,'BANCO DE FORMOSA S.A.',315,NULL,NULL,NULL),(46,NULL,'BANCO CMF S.A.',319,NULL,NULL,NULL),(47,NULL,'BANCO DE SANTIAGO DEL ESTERO S.A.',321,NULL,NULL,NULL),(48,NULL,'BANCO INDUSTRIAL S.A.',322,NULL,NULL,NULL),(49,NULL,'NUEVO BANCO DE SANTA FE SOCIEDAD ANONIMA',330,NULL,NULL,NULL),(50,NULL,'BANCO CETELEM ARGENTINA S.A.',331,NULL,NULL,NULL),(51,NULL,'BANCO DE SERVICIOS FINANCIEROS S.A.',332,NULL,NULL,NULL),(52,NULL,'BANCO BRADESCO ARGENTINA S.A.U.',336,NULL,NULL,NULL),(53,NULL,'BANCO DE SERVICIOS Y TRANSACCIONES S.A.',338,NULL,NULL,NULL),(54,NULL,'RCI BANQUE S.A.',339,NULL,NULL,NULL),(55,NULL,'BACS BANCO DE CREDITO Y SECURITIZACION S',340,NULL,NULL,NULL),(56,NULL,'BANCO MASVENTAS S.A.',341,NULL,NULL,NULL),(57,NULL,'BANCO WANAP S.A.',384,NULL,NULL,NULL),(58,NULL,'NUEVO BANCO DE ENTRE RÍOS S.A.',386,NULL,NULL,NULL),(59,NULL,'BANCO COLUMBIA S.A.',389,NULL,NULL,NULL),(60,NULL,'BANCO BICA S.A.',426,NULL,NULL,NULL),(61,NULL,'BANCO COINAG S.A.',431,NULL,NULL,NULL),(62,NULL,'BANCO DE COMERCIO S.A.',432,NULL,NULL,NULL),(63,NULL,'FORD CREDIT COMPAÑIA FINANCIERA S.A.',44059,NULL,NULL,NULL),(64,NULL,'COMPAÑIA FINANCIERA ARGENTINA S.A.',44077,NULL,NULL,NULL),(65,NULL,'VOLKWAGEN FINANCIAL SERVICES CIA.FIN.S.A',44088,NULL,NULL,NULL),(66,NULL,'CORDIAL COMPAÑÍA FINANCIERA S.A.',44090,NULL,NULL,NULL),(67,NULL,'FCA COMPAÑIA FINANCIERA S.A.',44092,NULL,NULL,NULL);
INSERT INTO `ctacte_bancos` VALUES (68,NULL,'GPAT COMPAÑIA FINANCIERA S.A.',44093,NULL,NULL,NULL),(69,NULL,'MERCEDES-BENZ COMPAÑÍA FINANCIERA ARGENT',44094,NULL,NULL,NULL),(70,NULL,'ROMBO COMPAÑÍA FINANCIERA S.A.',44095,NULL,NULL,NULL),(71,NULL,'JOHN DEERE CREDIT COMPAÑÍA FINANCIERA S.',44096,NULL,NULL,NULL),(72,NULL,'PSA FINANCE ARGENTINA COMPAÑÍA FINANCIER',44098,NULL,NULL,NULL),(73,NULL,'TOYOTA COMPAÑÍA FINANCIERA DE ARGENTINA',44099,NULL,NULL,NULL),(74,NULL,'FINANDINO COMPAÑIA FINANCIERA S.A.',44100,NULL,NULL,NULL),(75,NULL,'MONTEMAR COMPAÑIA FINANCIERA S.A.',45056,NULL,NULL,NULL),(76,NULL,'MULTIFINANZAS COMPAÑIA FINANCIERA S.A.',45072,NULL,NULL,NULL),(77,NULL,'CAJA DE CREDITO \"CUENCA\" COOPERATIVA LIM',65203,NULL,NULL,NULL);

--
-- Table structure for table `ctacte_bancos_datos`
--

CREATE TABLE `ctacte_bancos_datos` (
  `id` int(10) unsigned NOT NULL AUTO_INCREMENT,
  `cuenta_conta_id` int(10) unsigned DEFAULT NULL,
  `nombre` varchar(255) COLLATE utf8mb4_unicode_ci DEFAULT NULL,
  `cuit` varchar(255) COLLATE utf8mb4_unicode_ci DEFAULT NULL,
  `titular` varchar(255) COLLATE utf8mb4_unicode_ci DEFAULT NULL,
  `cuenta` varchar(255) COLLATE utf8mb4_unicode_ci DEFAULT NULL,
  `num_cuenta` varchar(255) COLLATE utf8mb4_unicode_ci DEFAULT NULL,
  `cbu` varchar(255) COLLATE utf8mb4_unicode_ci DEFAULT NULL,
  `alias` varchar(255) COLLATE utf8mb4_unicode_ci DEFAULT NULL,
  `status` int(11) NOT NULL DEFAULT '1',
  `created_at` timestamp NULL DEFAULT NULL,
  `updated_at` timestamp NULL DEFAULT NULL,
  PRIMARY KEY (`id`),
  KEY `ctacte_bancos_datos_cuenta_conta_id_foreign` (`cuenta_conta_id`),
  CONSTRAINT `ctacte_bancos_datos_cuenta_conta_id_foreign` FOREIGN KEY (`cuenta_conta_id`) REFERENCES `conta_plan_cuenta` (`id`)
) ENGINE=InnoDB DEFAULT CHARSET=utf8mb4 COLLATE=utf8mb4_unicode_ci;

--
-- Dumping data for table `ctacte_bancos_datos`
--


--
-- Table structure for table `ctacte_cheques`
--

CREATE TABLE `ctacte_cheques` (
  `id` int(10) unsigned NOT NULL AUTO_INCREMENT,
  `user_id` int(10) unsigned DEFAULT NULL,
  `asiento_id` varchar(191) COLLATE utf8mb4_unicode_ci DEFAULT NULL,
  `cuenta_conta_id` int(10) unsigned DEFAULT NULL,
  `cta_cte_tesoreria_cuenta_id` int(10) unsigned DEFAULT NULL,
  `cta_cte_tesoreria_id` int(10) unsigned DEFAULT NULL,
  `cta_cte_cliente_id` int(10) unsigned DEFAULT NULL,
  `cta_cte_cliente_id2` int(10) unsigned DEFAULT NULL,
  `nf_cta_cte_id2` int(10) unsigned DEFAULT NULL,
  `nf_cta_cte_id` int(10) unsigned DEFAULT NULL,
  `monto` decimal(16,2) DEFAULT NULL,
  `cheque3ros` tinyint(1) NOT NULL DEFAULT '0',
  `cheque_emitidos` tinyint(1) NOT NULL DEFAULT '0',
  `fecha` date DEFAULT NULL,
  `fecha_cobro` date DEFAULT NULL,
  `banco_id` int(10) unsigned NOT NULL,
  `person_id` int(10) unsigned DEFAULT NULL,
  `titular` varchar(255) COLLATE utf8mb4_unicode_ci DEFAULT NULL,
  `abierto_cruzado` int(11) NOT NULL DEFAULT '1',
  `numero` int(10) unsigned DEFAULT NULL,
  `foto` varchar(255) COLLATE utf8mb4_unicode_ci DEFAULT NULL,
  `comentario` varchar(255) COLLATE utf8mb4_unicode_ci DEFAULT NULL,
  `status` int(11) NOT NULL DEFAULT '1',
  `created_at` timestamp NULL DEFAULT NULL,
  `updated_at` timestamp NULL DEFAULT NULL,
  `deleted_at` timestamp NULL DEFAULT NULL,
  PRIMARY KEY (`id`),
  KEY `ctacte_cheques_asiento_id_foreign` (`asiento_id`),
  KEY `ctacte_cheques_cuenta_conta_id_foreign` (`cuenta_conta_id`),
  KEY `ctacte_cheques_banco_id_foreign` (`banco_id`),
  KEY `ctacte_cheques_person_id_foreign` (`person_id`),
  KEY `ctacte_cheques_cta_cte_cliente_id2_foreign` (`cta_cte_cliente_id2`),
  KEY `ctacte_cheques_cta_cte_cliente_id_foreign` (`cta_cte_cliente_id`),
  KEY `cta_cte_tesorer_id` (`cta_cte_tesoreria_id`),
  KEY `ctacte_cheques_nf_cta_cte_id_foreign` (`nf_cta_cte_id`),
  KEY `ctacte_cheques_nf_cta_cte_id2_foreign` (`nf_cta_cte_id2`),
  KEY `ctacte_cheques_cta_cte_tesoreria_cuenta_id_foreign` (`cta_cte_tesoreria_cuenta_id`),
  CONSTRAINT `cta_cte_tesorer_id` FOREIGN KEY (`cta_cte_tesoreria_id`) REFERENCES `cta_cte_tesoreria` (`id`),
  CONSTRAINT `ctacte_cheques_banco_id_foreign` FOREIGN KEY (`banco_id`) REFERENCES `ctacte_bancos` (`id`),
  CONSTRAINT `ctacte_cheques_cta_cte_cliente_id2_foreign` FOREIGN KEY (`cta_cte_cliente_id2`) REFERENCES `cta_cte_cliente` (`id`),
  CONSTRAINT `ctacte_cheques_cta_cte_cliente_id_foreign` FOREIGN KEY (`cta_cte_cliente_id`) REFERENCES `cta_cte_cliente` (`id`),
  CONSTRAINT `ctacte_cheques_cta_cte_tesoreria_cuenta_id_foreign` FOREIGN KEY (`cta_cte_tesoreria_cuenta_id`) REFERENCES `cta_cte_tesoreria_cuentas` (`id`),
  CONSTRAINT `ctacte_cheques_cuenta_conta_id_foreign` FOREIGN KEY (`cuenta_conta_id`) REFERENCES `conta_plan_cuenta` (`id`),
  CONSTRAINT `ctacte_cheques_nf_cta_cte_id2_foreign` FOREIGN KEY (`nf_cta_cte_id2`) REFERENCES `nf_cta_cte` (`id`),
  CONSTRAINT `ctacte_cheques_nf_cta_cte_id_foreign` FOREIGN KEY (`nf_cta_cte_id`) REFERENCES `nf_cta_cte` (`id`),
  CONSTRAINT `ctacte_cheques_person_id_foreign` FOREIGN KEY (`person_id`) REFERENCES `persons` (`id`)
) ENGINE=InnoDB DEFAULT CHARSET=utf8mb4 COLLATE=utf8mb4_unicode_ci;

--
-- Dumping data for table `ctacte_cheques`
--


--
-- Table structure for table `ctactegastos_centrocosto`
--

CREATE TABLE `ctactegastos_centrocosto` (
  `id` int(10) unsigned NOT NULL AUTO_INCREMENT,
  `user_id` int(10) unsigned DEFAULT NULL,
  `nombre` varchar(255) COLLATE utf8mb4_unicode_ci NOT NULL,
  `created_at` timestamp NULL DEFAULT NULL,
  `updated_at` timestamp NULL DEFAULT NULL,
  `deleted_at` timestamp NULL DEFAULT NULL,
  PRIMARY KEY (`id`)
) ENGINE=InnoDB AUTO_INCREMENT=9 DEFAULT CHARSET=utf8mb4 COLLATE=utf8mb4_unicode_ci;

--
-- Dumping data for table `ctactegastos_centrocosto`
--

INSERT INTO `ctactegastos_centrocosto` VALUES (1,NULL,'OFICINA',NULL,NULL,NULL),(2,NULL,'FIJO',NULL,NULL,NULL),(3,NULL,'VARIABLE',NULL,NULL,NULL),(4,NULL,'GISELA',NULL,NULL,NULL),(5,NULL,'LIA',NULL,NULL,NULL),(6,NULL,'PADRES',NULL,NULL,NULL),(7,NULL,'CASA',NULL,NULL,NULL),(8,NULL,'VANESA',NULL,NULL,NULL);

--
-- Table structure for table `ctactegastos_cuenta_tipo`
--

CREATE TABLE `ctactegastos_cuenta_tipo` (
  `idCuentaTipo` int(10) unsigned NOT NULL AUTO_INCREMENT,
  `user_id` int(10) unsigned DEFAULT NULL,
  `cta_cte_tesoreria_cuenta_id` int(10) unsigned DEFAULT NULL,
  `idTipo` int(10) unsigned NOT NULL,
  `created_at` timestamp NULL DEFAULT NULL,
  `updated_at` timestamp NULL DEFAULT NULL,
  `deleted_at` timestamp NULL DEFAULT NULL,
  PRIMARY KEY (`idCuentaTipo`),
  KEY `ctactegastos_cuenta_tipo_idtipo_foreign` (`idTipo`),
  KEY `ctactegastos_cuenta_tipo_cta_cte_tesoreria_cuenta_id_foreign` (`cta_cte_tesoreria_cuenta_id`),
  CONSTRAINT `ctactegastos_cuenta_tipo_cta_cte_tesoreria_cuenta_id_foreign` FOREIGN KEY (`cta_cte_tesoreria_cuenta_id`) REFERENCES `cta_cte_tesoreria_cuentas` (`id`),
  CONSTRAINT `ctactegastos_cuenta_tipo_idtipo_foreign` FOREIGN KEY (`idTipo`) REFERENCES `ctactegastos_tiposdegastos` (`id`)
) ENGINE=InnoDB AUTO_INCREMENT=18 DEFAULT CHARSET=utf8mb4 COLLATE=utf8mb4_unicode_ci;

--
-- Dumping data for table `ctactegastos_cuenta_tipo`
--

INSERT INTO `ctactegastos_cuenta_tipo` VALUES (1,NULL,NULL,3,NULL,NULL,NULL),(2,NULL,NULL,6,NULL,NULL,NULL),(3,NULL,NULL,3,NULL,NULL,NULL),(4,NULL,NULL,4,NULL,NULL,NULL),(5,NULL,NULL,5,NULL,NULL,NULL),(6,NULL,NULL,3,NULL,NULL,NULL),(7,NULL,NULL,4,NULL,NULL,NULL),(8,NULL,NULL,3,NULL,NULL,NULL),(9,NULL,NULL,4,NULL,NULL,NULL),(10,NULL,NULL,7,NULL,NULL,NULL),(11,NULL,NULL,8,NULL,NULL,NULL),(12,NULL,NULL,3,NULL,NULL,NULL),(13,NULL,NULL,3,NULL,NULL,NULL),(14,NULL,NULL,4,NULL,NULL,NULL),(15,NULL,NULL,1,NULL,NULL,NULL),(16,NULL,NULL,2,NULL,NULL,NULL),(17,NULL,NULL,5,NULL,NULL,NULL);

--
-- Table structure for table `ctactegastos_mensuales`
--

CREATE TABLE `ctactegastos_mensuales` (
  `id` int(10) unsigned NOT NULL AUTO_INCREMENT,
  `user_id` int(10) unsigned DEFAULT NULL,
  `CuentaTipo_id` int(10) unsigned NOT NULL,
  `cta_cte_tesoreria_cuenta_id` int(10) unsigned NOT NULL DEFAULT '13',
  `TipoDeGasto_id` int(10) unsigned NOT NULL,
  `CentroCosto_id` int(10) unsigned NOT NULL,
  `gasto_cta_cte_tesoreria_cuenta_id` int(10) unsigned NOT NULL DEFAULT '13',
  `monto` decimal(16,2) DEFAULT NULL,
  `comentario` varchar(255) COLLATE utf8mb4_unicode_ci DEFAULT NULL,
  `status` int(11) NOT NULL DEFAULT '1',
  `created_at` timestamp NULL DEFAULT NULL,
  `updated_at` timestamp NULL DEFAULT NULL,
  `deleted_at` timestamp NULL DEFAULT NULL,
  PRIMARY KEY (`id`),
  KEY `ctactegastos_mensuales_cuentatipo_id_foreign` (`CuentaTipo_id`),
  KEY `ctactegastos_mensuales_tipodegasto_id_foreign` (`TipoDeGasto_id`),
  KEY `ctactegastos_mensuales_centrocosto_id_foreign` (`CentroCosto_id`),
  KEY `ctactegastos_mensuales_cta_cte_tesoreria_cuenta_id_foreign` (`cta_cte_tesoreria_cuenta_id`),
  KEY `ctactegastos_mensuales_gasto_cta_cte_tesoreria_cuenta_id_foreign` (`gasto_cta_cte_tesoreria_cuenta_id`),
  CONSTRAINT `ctactegastos_mensuales_centrocosto_id_foreign` FOREIGN KEY (`CentroCosto_id`) REFERENCES `ctactegastos_centrocosto` (`id`),
  CONSTRAINT `ctactegastos_mensuales_cta_cte_tesoreria_cuenta_id_foreign` FOREIGN KEY (`cta_cte_tesoreria_cuenta_id`) REFERENCES `cta_cte_tesoreria_cuentas` (`id`),
  CONSTRAINT `ctactegastos_mensuales_cuentatipo_id_foreign` FOREIGN KEY (`CuentaTipo_id`) REFERENCES `ctactegastos_cuenta_tipo` (`idCuentaTipo`),
  CONSTRAINT `ctactegastos_mensuales_gasto_cta_cte_tesoreria_cuenta_id_foreign` FOREIGN KEY (`gasto_cta_cte_tesoreria_cuenta_id`) REFERENCES `cta_cte_tesoreria_cuentas` (`id`),
  CONSTRAINT `ctactegastos_mensuales_tipodegasto_id_foreign` FOREIGN KEY (`TipoDeGasto_id`) REFERENCES `ctactegastos_tiposdegastos` (`id`)
) ENGINE=InnoDB DEFAULT CHARSET=utf8mb4 COLLATE=utf8mb4_unicode_ci;

--
-- Dumping data for table `ctactegastos_mensuales`
--


--
-- Table structure for table `ctactegastos_tiposdegastos`
--

CREATE TABLE `ctactegastos_tiposdegastos` (
  `id` int(10) unsigned NOT NULL AUTO_INCREMENT,
  `user_id` int(10) unsigned DEFAULT NULL,
  `nombre` varchar(255) COLLATE utf8mb4_unicode_ci DEFAULT NULL,
  `created_at` timestamp NULL DEFAULT NULL,
  `updated_at` timestamp NULL DEFAULT NULL,
  `deleted_at` timestamp NULL DEFAULT NULL,
  PRIMARY KEY (`id`)
) ENGINE=InnoDB AUTO_INCREMENT=11 DEFAULT CHARSET=utf8mb4 COLLATE=utf8mb4_unicode_ci;

--
-- Dumping data for table `ctactegastos_tiposdegastos`
--

INSERT INTO `ctactegastos_tiposdegastos` VALUES (1,NULL,'Oficina',NULL,NULL,NULL),(2,NULL,'Personales',NULL,NULL,NULL),(3,NULL,'Tarjeta VISA',NULL,NULL,NULL),(4,NULL,'Tarjeta Mastercard',NULL,NULL,NULL),(5,NULL,'Debito Automatico',NULL,NULL,NULL),(6,NULL,'American Express',NULL,NULL,NULL),(7,NULL,'Tarjeta Shopping',NULL,NULL,NULL),(8,NULL,'Tarjeta Cencosud',NULL,NULL,NULL),(9,NULL,'Tarjeta Coto',NULL,NULL,NULL),(10,NULL,'Tarjeta Nativa',NULL,NULL,NULL);

--
-- Table structure for table `cursos`
--

CREATE TABLE `cursos` (
  `id` int(10) unsigned NOT NULL AUTO_INCREMENT,
  `nombre` varchar(191) COLLATE utf8mb4_unicode_ci NOT NULL,
  `descripcion` longtext COLLATE utf8mb4_unicode_ci NOT NULL,
  `fecha` date DEFAULT NULL,
  `hora` varchar(191) COLLATE utf8mb4_unicode_ci DEFAULT NULL,
  `profesor` varchar(191) COLLATE utf8mb4_unicode_ci DEFAULT NULL,
  `cant_clases` varchar(191) COLLATE utf8mb4_unicode_ci DEFAULT NULL,
  `duracion` varchar(191) COLLATE utf8mb4_unicode_ci DEFAULT NULL,
  `adjuntos` varchar(191) COLLATE utf8mb4_unicode_ci DEFAULT NULL,
  `link_zoom` longtext COLLATE utf8mb4_unicode_ci,
  `cod_zoom` varchar(191) COLLATE utf8mb4_unicode_ci DEFAULT NULL,
  `contraseña_zoom` varchar(191) COLLATE utf8mb4_unicode_ci DEFAULT NULL,
  `link_youtube` varchar(191) COLLATE utf8mb4_unicode_ci DEFAULT NULL,
  `materiales` varchar(191) COLLATE utf8mb4_unicode_ci DEFAULT NULL,
  `created_at` timestamp NULL DEFAULT NULL,
  `updated_at` timestamp NULL DEFAULT NULL,
  `deleted_at` timestamp NULL DEFAULT NULL,
  PRIMARY KEY (`id`)
) ENGINE=InnoDB DEFAULT CHARSET=utf8mb4 COLLATE=utf8mb4_unicode_ci;

--
-- Dumping data for table `cursos`
--


--
-- Table structure for table `cursos_detail`
--

CREATE TABLE `cursos_detail` (
  `id` int(10) unsigned NOT NULL AUTO_INCREMENT,
  `curso_id` int(10) unsigned NOT NULL,
  `field_name1` varchar(191) COLLATE utf8mb4_unicode_ci NOT NULL,
  `email` varchar(191) COLLATE utf8mb4_unicode_ci NOT NULL,
  `celular` int(11) NOT NULL,
  `created_at` timestamp NULL DEFAULT NULL,
  `updated_at` timestamp NULL DEFAULT NULL,
  `deleted_at` timestamp NULL DEFAULT NULL,
  PRIMARY KEY (`id`),
  KEY `cursos_detail_curso_id_foreign` (`curso_id`),
  CONSTRAINT `cursos_detail_curso_id_foreign` FOREIGN KEY (`curso_id`) REFERENCES `cursos` (`id`)
) ENGINE=InnoDB DEFAULT CHARSET=utf8mb4 COLLATE=utf8mb4_unicode_ci;

--
-- Dumping data for table `cursos_detail`
--


--
-- Table structure for table `data_types`
--

CREATE TABLE `data_types` (
  `id` int(10) unsigned NOT NULL AUTO_INCREMENT,
  `description` varchar(180) COLLATE utf8mb4_unicode_ci NOT NULL,
  `class` int(10) unsigned NOT NULL,
  `class_description` varchar(180) COLLATE utf8mb4_unicode_ci NOT NULL,
  `data_type` varchar(100) COLLATE utf8mb4_unicode_ci NOT NULL,
  `path` varchar(255) COLLATE utf8mb4_unicode_ci DEFAULT NULL,
  `created_at` timestamp NULL DEFAULT NULL,
  `updated_at` timestamp NULL DEFAULT NULL,
  PRIMARY KEY (`id`),
  UNIQUE KEY `data_types_description_unique` (`description`)
) ENGINE=InnoDB AUTO_INCREMENT=9 DEFAULT CHARSET=utf8mb4 COLLATE=utf8mb4_unicode_ci;

--
-- Dumping data for table `data_types`
--

INSERT INTO `data_types` VALUES (1,'Comprobantes XLS',1,'Importación','XLS','data/imports/receipts/xls',NULL,NULL),(2,'CITI-Ventas',1,'Importación','TXT','data/imports/receipts/CitiVentas',NULL,NULL),(3,'CITI Compras',2,'Exportación','TXT','data/exports/receipts/citi',NULL,NULL),(4,'CITI Ventas',2,'Exportación','TXT','data/exports/receipts/CitiVentasExport',NULL,NULL),(5,'Convenio Multilateral',2,'Exportación','TXT','data/exports/receipts/convenio',NULL,NULL),(6,'Libro IVA Digital',2,'Exportación','TXT','data/exports/receipts/libro_iva_digital',NULL,'2019-11-20 21:43:44'),(7,'Mis Comprobantes',1,'Importacion','','data/imports/receipts/mis_comprobantes',NULL,NULL),(8,'Consulta AFIP',3,'AFIP','','data/afip/index','2019-12-06 14:49:55','2019-12-06 14:49:55');

--
-- Table structure for table `dc_estados`
--

CREATE TABLE `dc_estados` (
  `id` bigint(20) unsigned NOT NULL AUTO_INCREMENT,
  `user_id` int(10) unsigned DEFAULT NULL,
  `descripcion` text COLLATE utf8mb4_unicode_ci NOT NULL,
  `habilitado` tinyint(1) NOT NULL DEFAULT '1',
  `created_at` timestamp NULL DEFAULT NULL,
  `updated_at` timestamp NULL DEFAULT NULL,
  `deleted_at` timestamp NULL DEFAULT NULL,
  PRIMARY KEY (`id`)
) ENGINE=InnoDB AUTO_INCREMENT=6 DEFAULT CHARSET=utf8mb4 COLLATE=utf8mb4_unicode_ci;

--
-- Dumping data for table `dc_estados`
--

INSERT INTO `dc_estados` VALUES (1,NULL,'PEDIDO',1,NULL,NULL,NULL),(2,NULL,'ACEPTADO',1,NULL,NULL,NULL),(3,NULL,'RECHAZADO',1,NULL,NULL,NULL),(4,NULL,'PAGADO',1,NULL,NULL,NULL),(5,NULL,'CONCILIADO',1,NULL,NULL,NULL);

--
-- Table structure for table `dc_ordenes`
--

CREATE TABLE `dc_ordenes` (
  `id` bigint(20) unsigned NOT NULL AUTO_INCREMENT,
  `user_id` int(10) unsigned DEFAULT NULL,
  `dc_orden_tipo_id` bigint(20) unsigned NOT NULL,
  `person_id` int(10) unsigned NOT NULL,
  `person_id_relationed` int(10) unsigned NOT NULL,
  `numero` int(11) NOT NULL,
  `sector` varchar(191) COLLATE utf8mb4_unicode_ci DEFAULT NULL,
  `solicitante` varchar(191) COLLATE utf8mb4_unicode_ci DEFAULT NULL,
  `fecha` date NOT NULL,
  `fecha_entrega` date DEFAULT NULL,
  `cantidades` decimal(16,2) NOT NULL,
  `neto` decimal(16,2) NOT NULL,
  `iva` decimal(16,2) NOT NULL,
  `total` decimal(16,2) NOT NULL,
  `comentario` longtext COLLATE utf8mb4_unicode_ci NOT NULL,
  `dc_estado_id` bigint(20) unsigned NOT NULL,
  `conta_cc_id` bigint(20) unsigned DEFAULT NULL,
  `created_at` timestamp NULL DEFAULT NULL,
  `updated_at` timestamp NULL DEFAULT NULL,
  `deleted_at` timestamp NULL DEFAULT NULL,
  PRIMARY KEY (`id`),
  KEY `dc_ordenes_dc_orden_tipo_id_foreign` (`dc_orden_tipo_id`),
  KEY `dc_ordenes_person_id_foreign` (`person_id`),
  KEY `dc_ordenes_person_id_relationed_foreign` (`person_id_relationed`),
  KEY `dc_ordenes_dc_estado_id_foreign` (`dc_estado_id`),
  KEY `dc_ordenes_conta_cc_id_foreign` (`conta_cc_id`),
  CONSTRAINT `dc_ordenes_conta_cc_id_foreign` FOREIGN KEY (`conta_cc_id`) REFERENCES `conta_centro_costos` (`id`),
  CONSTRAINT `dc_ordenes_dc_estado_id_foreign` FOREIGN KEY (`dc_estado_id`) REFERENCES `dc_estados` (`id`),
  CONSTRAINT `dc_ordenes_dc_orden_tipo_id_foreign` FOREIGN KEY (`dc_orden_tipo_id`) REFERENCES `dc_ordenes_tipos` (`id`),
  CONSTRAINT `dc_ordenes_person_id_foreign` FOREIGN KEY (`person_id`) REFERENCES `persons` (`id`),
  CONSTRAINT `dc_ordenes_person_id_relationed_foreign` FOREIGN KEY (`person_id_relationed`) REFERENCES `persons` (`id`)
) ENGINE=InnoDB DEFAULT CHARSET=utf8mb4 COLLATE=utf8mb4_unicode_ci;

--
-- Dumping data for table `dc_ordenes`
--


--
-- Table structure for table `dc_ordenes_details`
--

CREATE TABLE `dc_ordenes_details` (
  `id` bigint(20) unsigned NOT NULL AUTO_INCREMENT,
  `user_id` int(10) unsigned DEFAULT NULL,
  `dc_orden_id` bigint(20) unsigned NOT NULL,
  `cantidades` decimal(16,2) NOT NULL,
  `inv_producto_id` bigint(20) unsigned DEFAULT NULL,
  `descripcion` varchar(191) COLLATE utf8mb4_unicode_ci DEFAULT NULL,
  `neto` decimal(16,2) NOT NULL,
  `desc_porc` decimal(16,2) DEFAULT NULL,
  `descuento` decimal(16,2) DEFAULT NULL,
  `system_tax_id` int(10) unsigned NOT NULL,
  `iva` decimal(16,2) NOT NULL,
  `subtotal` decimal(16,2) NOT NULL,
  `created_at` timestamp NULL DEFAULT NULL,
  `updated_at` timestamp NULL DEFAULT NULL,
  `deleted_at` timestamp NULL DEFAULT NULL,
  PRIMARY KEY (`id`),
  KEY `dc_ordenes_details_dc_orden_id_foreign` (`dc_orden_id`),
  KEY `dc_ordenes_details_inv_producto_id_foreign` (`inv_producto_id`),
  KEY `dc_ordenes_details_system_tax_id_foreign` (`system_tax_id`),
  CONSTRAINT `dc_ordenes_details_dc_orden_id_foreign` FOREIGN KEY (`dc_orden_id`) REFERENCES `dc_ordenes` (`id`),
  CONSTRAINT `dc_ordenes_details_inv_producto_id_foreign` FOREIGN KEY (`inv_producto_id`) REFERENCES `inv_productos` (`id`),
  CONSTRAINT `dc_ordenes_details_system_tax_id_foreign` FOREIGN KEY (`system_tax_id`) REFERENCES `system_taxes` (`id`)
) ENGINE=InnoDB DEFAULT CHARSET=utf8mb4 COLLATE=utf8mb4_unicode_ci;

--
-- Dumping data for table `dc_ordenes_details`
--


--
-- Table structure for table `dc_ordenes_tipos`
--

CREATE TABLE `dc_ordenes_tipos` (
  `id` bigint(20) unsigned NOT NULL AUTO_INCREMENT,
  `user_id` int(10) unsigned DEFAULT NULL,
  `descripcion` text COLLATE utf8mb4_unicode_ci NOT NULL,
  `habilitado` tinyint(1) NOT NULL DEFAULT '1',
  `created_at` timestamp NULL DEFAULT NULL,
  `updated_at` timestamp NULL DEFAULT NULL,
  `deleted_at` timestamp NULL DEFAULT NULL,
  PRIMARY KEY (`id`)
) ENGINE=InnoDB AUTO_INCREMENT=3 DEFAULT CHARSET=utf8mb4 COLLATE=utf8mb4_unicode_ci;

--
-- Dumping data for table `dc_ordenes_tipos`
--

INSERT INTO `dc_ordenes_tipos` VALUES (1,NULL,'COMPRAS',1,NULL,NULL,NULL),(2,NULL,'VENTAS',1,NULL,NULL,NULL);

--
-- Table structure for table `deudas_impositivas`
--

CREATE TABLE `deudas_impositivas` (
  `id` int(10) unsigned NOT NULL AUTO_INCREMENT,
  `user_id` int(10) unsigned DEFAULT NULL,
  `person_id` int(10) unsigned NOT NULL,
  `vto_impuesto_id` int(10) unsigned NOT NULL,
  `periodo_deuda` varchar(191) COLLATE utf8mb4_unicode_ci DEFAULT NULL,
  `concepto` varchar(191) COLLATE utf8mb4_unicode_ci DEFAULT NULL,
  `importe` decimal(16,2) NOT NULL DEFAULT '0.00',
  `created_at` timestamp NULL DEFAULT NULL,
  `updated_at` timestamp NULL DEFAULT NULL,
  `deleted_at` timestamp NULL DEFAULT NULL,
  PRIMARY KEY (`id`),
  KEY `deudas_impositivas_vto_impuesto_id_foreign` (`vto_impuesto_id`),
  KEY `deudas_impositivas_person_id_foreign` (`person_id`),
  CONSTRAINT `deudas_impositivas_person_id_foreign` FOREIGN KEY (`person_id`) REFERENCES `persons` (`id`),
  CONSTRAINT `deudas_impositivas_vto_impuesto_id_foreign` FOREIGN KEY (`vto_impuesto_id`) REFERENCES `vto_impuestos` (`id`)
) ENGINE=InnoDB DEFAULT CHARSET=utf8mb4 COLLATE=utf8mb4_unicode_ci;

--
-- Dumping data for table `deudas_impositivas`
--


--
-- Table structure for table `ejer_anteriores`
--

CREATE TABLE `ejer_anteriores` (
  `id` int(10) unsigned NOT NULL AUTO_INCREMENT,
  `user_id` int(10) unsigned DEFAULT NULL,
  `person_id` int(10) unsigned NOT NULL,
  `anio` int(11) NOT NULL,
  `ventas` decimal(16,2) DEFAULT NULL,
  `compras` decimal(16,2) DEFAULT NULL,
  `sueldos` decimal(16,2) DEFAULT NULL,
  `impuesto` decimal(16,2) DEFAULT NULL,
  `apagar` decimal(16,2) DEFAULT NULL,
  `afavor` decimal(16,2) DEFAULT NULL,
  `comentario` varchar(255) COLLATE utf8mb4_unicode_ci DEFAULT NULL,
  `created_at` timestamp NULL DEFAULT NULL,
  `updated_at` timestamp NULL DEFAULT NULL,
  `deleted_at` timestamp NULL DEFAULT NULL,
  PRIMARY KEY (`id`),
  KEY `ejer_anteriores_person_id_foreign` (`person_id`),
  CONSTRAINT `ejer_anteriores_person_id_foreign` FOREIGN KEY (`person_id`) REFERENCES `persons` (`id`)
) ENGINE=InnoDB DEFAULT CHARSET=utf8mb4 COLLATE=utf8mb4_unicode_ci;

--
-- Dumping data for table `ejer_anteriores`
--


--
-- Table structure for table `estado_civil`
--

CREATE TABLE `estado_civil` (
  `id` int(10) unsigned NOT NULL AUTO_INCREMENT,
  `user_id` int(10) unsigned DEFAULT NULL,
  `descripcion` varchar(191) COLLATE utf8mb4_unicode_ci NOT NULL,
  `habilitado` tinyint(1) NOT NULL DEFAULT '1',
  `created_at` timestamp NULL DEFAULT NULL,
  `updated_at` timestamp NULL DEFAULT NULL,
  `deleted_at` timestamp NULL DEFAULT NULL,
  PRIMARY KEY (`id`),
  UNIQUE KEY `estado_civil_descripcion_unique` (`descripcion`)
) ENGINE=InnoDB AUTO_INCREMENT=8 DEFAULT CHARSET=utf8mb4 COLLATE=utf8mb4_unicode_ci;

--
-- Dumping data for table `estado_civil`
--

INSERT INTO `estado_civil` VALUES (1,NULL,'Separado Legal',1,'2020-05-28 20:55:23','2020-05-28 20:55:23',NULL),(2,NULL,'Separado de Hecho',1,'2020-05-28 20:55:23','2020-05-28 20:55:23',NULL),(3,NULL,'Divorciado',1,'2020-05-28 20:55:23','2020-05-28 20:55:23',NULL),(4,NULL,'Convivencia',1,'2020-05-28 20:55:23','2020-05-28 20:55:23',NULL),(5,NULL,'Soltero',1,'2020-05-28 20:55:23','2020-05-28 20:55:23',NULL),(6,NULL,'Casado',1,'2020-05-28 20:55:23','2020-05-28 20:55:23',NULL),(7,NULL,'Viudo',1,'2020-05-28 20:55:23','2020-05-28 20:55:23',NULL);

--
-- Table structure for table `fa_masiva`
--

CREATE TABLE `fa_masiva` (
  `id` int(10) unsigned NOT NULL AUTO_INCREMENT,
  `person_id` int(11) NOT NULL,
  `user_id` int(11) NOT NULL,
  `created_at` timestamp NULL DEFAULT NULL,
  `updated_at` timestamp NULL DEFAULT NULL,
  `deleted_at` timestamp NULL DEFAULT NULL,
  PRIMARY KEY (`id`)
) ENGINE=InnoDB DEFAULT CHARSET=utf8mb4 COLLATE=utf8mb4_unicode_ci;

--
-- Dumping data for table `fa_masiva`
--


--
-- Table structure for table `fa_masiva_detalle`
--

CREATE TABLE `fa_masiva_detalle` (
  `id` int(10) unsigned NOT NULL AUTO_INCREMENT,
  `user_id` int(10) unsigned DEFAULT NULL,
  `fa_masiva_id` int(11) NOT NULL,
  `cliente_id` int(11) NOT NULL,
  `tipo_comprobante_id` int(10) unsigned NOT NULL DEFAULT '1',
  `zone_id` int(10) unsigned NOT NULL DEFAULT '22',
  `activity_id` int(10) unsigned NOT NULL DEFAULT '1',
  `cond_frente_iva_id` int(10) unsigned NOT NULL DEFAULT '1',
  `system_tax_id` int(10) unsigned NOT NULL DEFAULT '1',
  `concepto_id` int(10) unsigned NOT NULL DEFAULT '1',
  `taxable_iibb` int(10) unsigned NOT NULL DEFAULT '2',
  `renglon1` varchar(180) COLLATE utf8mb4_unicode_ci DEFAULT NULL,
  `importe1` decimal(20,2) DEFAULT NULL,
  `renglon2` varchar(180) COLLATE utf8mb4_unicode_ci DEFAULT NULL,
  `importe2` decimal(20,2) DEFAULT NULL,
  `renglon3` varchar(180) COLLATE utf8mb4_unicode_ci DEFAULT NULL,
  `importe3` decimal(20,2) DEFAULT NULL,
  `punto_venta_id` int(11) DEFAULT NULL,
  `fecha_comprobante` date DEFAULT NULL,
  `fecha_facturado_desde` date DEFAULT NULL,
  `fecha_facturado_hasta` date DEFAULT NULL,
  `fecha_vencimiento_pago` date DEFAULT NULL,
  `created_at` timestamp NULL DEFAULT NULL,
  `updated_at` timestamp NULL DEFAULT NULL,
  `deleted_at` timestamp NULL DEFAULT NULL,
  PRIMARY KEY (`id`),
  KEY `fa_masiva_detalle_concepto_id_foreign` (`concepto_id`),
  KEY `fa_masiva_detalle_system_tax_id_foreign` (`system_tax_id`),
  KEY `fa_masiva_detalle_cond_frente_iva_id_foreign` (`cond_frente_iva_id`),
  KEY `fa_masiva_detalle_zone_id_foreign` (`zone_id`),
  KEY `fa_masiva_detalle_tipo_comprobante_id_foreign` (`tipo_comprobante_id`),
  KEY `fa_masiva_detalle_activity_id_foreign` (`activity_id`),
  CONSTRAINT `fa_masiva_detalle_activity_id_foreign` FOREIGN KEY (`activity_id`) REFERENCES `activities` (`id`),
  CONSTRAINT `fa_masiva_detalle_concepto_id_foreign` FOREIGN KEY (`concepto_id`) REFERENCES `fact_elec_conceptos_afip` (`id`),
  CONSTRAINT `fa_masiva_detalle_cond_frente_iva_id_foreign` FOREIGN KEY (`cond_frente_iva_id`) REFERENCES `fac_elec_cond_frente_iva` (`id`),
  CONSTRAINT `fa_masiva_detalle_system_tax_id_foreign` FOREIGN KEY (`system_tax_id`) REFERENCES `system_taxes` (`id`),
  CONSTRAINT `fa_masiva_detalle_tipo_comprobante_id_foreign` FOREIGN KEY (`tipo_comprobante_id`) REFERENCES `receipt_types` (`id`),
  CONSTRAINT `fa_masiva_detalle_zone_id_foreign` FOREIGN KEY (`zone_id`) REFERENCES `zones` (`id`)
) ENGINE=InnoDB DEFAULT CHARSET=utf8mb4 COLLATE=utf8mb4_unicode_ci;

--
-- Dumping data for table `fa_masiva_detalle`
--


--
-- Table structure for table `fa_masiva_stock`
--

CREATE TABLE `fa_masiva_stock` (
  `id` bigint(20) unsigned NOT NULL AUTO_INCREMENT,
  `user_id` int(10) unsigned DEFAULT NULL,
  `person_id` int(10) unsigned NOT NULL,
  `person_id_relationed` int(10) unsigned NOT NULL,
  `data` longtext COLLATE utf8mb4_unicode_ci,
  `created_at` timestamp NULL DEFAULT NULL,
  `updated_at` timestamp NULL DEFAULT NULL,
  `deleted_at` timestamp NULL DEFAULT NULL,
  PRIMARY KEY (`id`),
  KEY `fa_masiva_stock_person_id_foreign` (`person_id`),
  KEY `fa_masiva_stock_person_id_relationed_foreign` (`person_id_relationed`),
  CONSTRAINT `fa_masiva_stock_person_id_foreign` FOREIGN KEY (`person_id`) REFERENCES `persons` (`id`),
  CONSTRAINT `fa_masiva_stock_person_id_relationed_foreign` FOREIGN KEY (`person_id_relationed`) REFERENCES `persons` (`id`)
) ENGINE=InnoDB DEFAULT CHARSET=utf8mb4 COLLATE=utf8mb4_unicode_ci;

--
-- Dumping data for table `fa_masiva_stock`
--


--
-- Table structure for table `fac_elec_cond_frente_iva`
--

CREATE TABLE `fac_elec_cond_frente_iva` (
  `id` int(10) unsigned NOT NULL AUTO_INCREMENT,
  `name` varchar(191) COLLATE utf8mb4_unicode_ci NOT NULL,
  `created_at` timestamp NULL DEFAULT NULL,
  `updated_at` timestamp NULL DEFAULT NULL,
  `deleted_at` timestamp NULL DEFAULT NULL,
  PRIMARY KEY (`id`),
  UNIQUE KEY `fac_elec_cond_frente_iva_name_unique` (`name`)
) ENGINE=InnoDB AUTO_INCREMENT=11 DEFAULT CHARSET=utf8mb4 COLLATE=utf8mb4_unicode_ci;

--
-- Dumping data for table `fac_elec_cond_frente_iva`
--

INSERT INTO `fac_elec_cond_frente_iva` VALUES (1,'IVA Responsable Inscripto','2019-07-15 18:37:39','2019-07-15 18:37:39',NULL),(2,'IVA Sujeto Exento','2019-07-15 18:37:39','2019-07-15 18:37:39',NULL),(3,'Consumidor Final','2019-07-15 18:37:39','2019-07-15 18:37:39',NULL),(4,'Responsable Monotributo','2019-07-15 18:37:39','2019-07-15 18:37:39',NULL),(5,'Proveedor del Exterior','2019-07-15 18:37:39','2019-07-15 18:37:39',NULL),(6,'Cliente del Exterior','2019-07-15 18:37:39','2019-07-15 18:37:39',NULL),(7,'IVA Liberado - Ley Nº 19.640','2019-07-15 18:37:39','2019-07-15 18:37:39',NULL),(8,'IVA Responsable Inscripto - Agente de Percepción','2019-07-15 18:37:39','2019-07-15 18:37:39',NULL),(9,'Monotributista Social','2019-07-15 18:37:39','2019-07-15 18:37:39',NULL),(10,'IVA No Alcanzado','2019-07-15 18:37:39','2019-07-15 18:37:39',NULL);

--
-- Table structure for table `fac_elec_unidad_medidas`
--

CREATE TABLE `fac_elec_unidad_medidas` (
  `id` int(10) unsigned NOT NULL AUTO_INCREMENT,
  `name` varchar(191) COLLATE utf8mb4_unicode_ci NOT NULL,
  `created_at` timestamp NULL DEFAULT NULL,
  `updated_at` timestamp NULL DEFAULT NULL,
  `deleted_at` timestamp NULL DEFAULT NULL,
  PRIMARY KEY (`id`),
  UNIQUE KEY `fac_elec_unidad_medidas_name_unique` (`name`)
) ENGINE=InnoDB AUTO_INCREMENT=19 DEFAULT CHARSET=utf8mb4 COLLATE=utf8mb4_unicode_ci;

--
-- Dumping data for table `fac_elec_unidad_medidas`
--

INSERT INTO `fac_elec_unidad_medidas` VALUES (1,'Grs','2019-07-15 18:37:39','2019-07-15 18:37:39',NULL),(2,'Kg','2019-07-15 18:37:39','2019-07-15 18:37:39',NULL),(3,'Mts','2019-07-15 18:37:39','2019-07-15 18:37:39',NULL),(4,'Mts2','2019-07-15 18:37:39','2019-07-15 18:37:39',NULL),(5,'Mts3','2019-07-15 18:37:39','2019-07-15 18:37:39',NULL),(6,'Lts','2019-07-15 18:37:39','2019-07-15 18:37:39',NULL),(7,'1000 Kwh','2019-07-15 18:37:39','2019-07-15 18:37:39',NULL),(8,'Unidades','2019-07-15 18:37:39','2019-07-15 18:37:39',NULL),(9,'Pares','2019-07-15 18:37:39','2019-07-15 18:37:39',NULL),(10,'Doc','2019-07-15 18:37:39','2019-07-15 18:37:39',NULL),(11,'Quilates','2019-07-15 18:37:39','2019-07-15 18:37:39',NULL),(12,'Millares','2019-07-15 18:37:39','2019-07-15 18:37:39',NULL),(13,'Milimetros','2019-07-15 18:37:39','2019-07-15 18:37:39',NULL),(14,'Mm 3','2019-07-15 18:37:39','2019-07-15 18:37:39',NULL),(15,'Km','2019-07-15 18:37:39','2019-07-15 18:37:39',NULL),(16,'Hectolitros','2019-07-15 18:37:39','2019-07-15 18:37:39',NULL),(17,'Cm','2019-07-15 18:37:39','2019-07-15 18:37:39',NULL),(18,'Cm 3','2019-07-15 18:37:39','2019-07-15 18:37:39',NULL);

--
-- Table structure for table `fact_elec_conceptos_afip`
--

CREATE TABLE `fact_elec_conceptos_afip` (
  `id` int(10) unsigned NOT NULL AUTO_INCREMENT,
  `afip_comprobante_id` int(10) unsigned NOT NULL,
  `descripcion` varchar(180) COLLATE utf8mb4_unicode_ci NOT NULL,
  `created_at` timestamp NULL DEFAULT NULL,
  `updated_at` timestamp NULL DEFAULT NULL,
  PRIMARY KEY (`id`)
) ENGINE=InnoDB AUTO_INCREMENT=4 DEFAULT CHARSET=utf8mb4 COLLATE=utf8mb4_unicode_ci;

--
-- Dumping data for table `fact_elec_conceptos_afip`
--

INSERT INTO `fact_elec_conceptos_afip` VALUES (1,1,'Producto','2019-03-13 13:29:34','2019-03-13 13:29:34'),(2,2,'Servicios','2019-03-13 13:29:34','2019-03-13 13:29:34'),(3,3,'Productos y Servicios','2019-03-13 13:29:34','2019-03-13 13:29:34');

--
-- Table structure for table `fact_elec_puntos_venta`
--

CREATE TABLE `fact_elec_puntos_venta` (
  `id` int(10) unsigned NOT NULL AUTO_INCREMENT,
  `user_id` int(10) unsigned DEFAULT NULL,
  `direccion` varchar(180) COLLATE utf8mb4_unicode_ci NOT NULL,
  `created_at` timestamp NULL DEFAULT NULL,
  `updated_at` timestamp NULL DEFAULT NULL,
  `person_id` int(10) unsigned NOT NULL,
  `codigo` varchar(255) COLLATE utf8mb4_unicode_ci DEFAULT '0000',
  `codigo_postal` varchar(20) COLLATE utf8mb4_unicode_ci DEFAULT NULL,
  `zone_id` int(11) DEFAULT NULL,
  `logo` varchar(191) COLLATE utf8mb4_unicode_ci DEFAULT NULL,
  `habilitado` tinyint(1) NOT NULL DEFAULT '1',
  `deleted_at` timestamp NULL DEFAULT NULL,
  PRIMARY KEY (`id`),
  KEY `fact_elec_puntos_venta_person_id_foreign` (`person_id`),
  CONSTRAINT `fact_elec_puntos_venta_person_id_foreign` FOREIGN KEY (`person_id`) REFERENCES `persons` (`id`)
) ENGINE=InnoDB AUTO_INCREMENT=3 DEFAULT CHARSET=utf8mb4 COLLATE=utf8mb4_unicode_ci;

--
-- Dumping data for table `fact_elec_puntos_venta`
--

INSERT INTO `fact_elec_puntos_venta` VALUES (1,3750,'Direccion','2021-04-16 14:49:32','2021-04-16 14:49:32',40719,NULL,NULL,22,NULL,1,NULL),(2,3750,'Direccion','2021-04-16 14:51:55','2021-04-16 14:51:55',40719,NULL,NULL,22,NULL,1,NULL);

--
-- Table structure for table `fact_elec_receipt_details`
--

CREATE TABLE `fact_elec_receipt_details` (
  `id` int(10) unsigned NOT NULL AUTO_INCREMENT,
  `user_id` int(10) unsigned DEFAULT NULL,
  `fact_elec_receipt_id` int(10) unsigned NOT NULL,
  `descripcion` text COLLATE utf8mb4_unicode_ci NOT NULL,
  `cantidad` decimal(20,2) NOT NULL,
  `unidad_medida` text COLLATE utf8mb4_unicode_ci,
  `precio_unitario` decimal(20,2) NOT NULL,
  `neto_gravado` decimal(20,2) NOT NULL,
  `bonificacion_porcentaje` decimal(20,2) DEFAULT NULL,
  `bonificacion_monto` decimal(20,2) DEFAULT NULL,
  `bonificacion_subtotal` decimal(20,2) DEFAULT NULL,
  `system_tax_id` int(10) unsigned NOT NULL DEFAULT '1',
  `iva_monto` decimal(20,2) DEFAULT NULL,
  `iva_subtotal` decimal(20,2) DEFAULT NULL,
  `created_at` timestamp NULL DEFAULT NULL,
  `updated_at` timestamp NULL DEFAULT NULL,
  `codigo` varchar(100) COLLATE utf8mb4_unicode_ci DEFAULT NULL,
  `deleted_at` timestamp NULL DEFAULT NULL,
  PRIMARY KEY (`id`),
  KEY `fact_elec_receipt_details_fact_elec_receipt_id_foreign` (`fact_elec_receipt_id`),
  KEY `fact_elec_receipt_details_system_tax_id_foreign` (`system_tax_id`),
  CONSTRAINT `fact_elec_receipt_details_fact_elec_receipt_id_foreign` FOREIGN KEY (`fact_elec_receipt_id`) REFERENCES `fact_elec_receipts` (`id`),
  CONSTRAINT `fact_elec_receipt_details_system_tax_id_foreign` FOREIGN KEY (`system_tax_id`) REFERENCES `system_taxes` (`id`)
) ENGINE=InnoDB DEFAULT CHARSET=utf8mb4 COLLATE=utf8mb4_unicode_ci;

--
-- Dumping data for table `fact_elec_receipt_details`
--


--
-- Table structure for table `fact_elec_receipts`
--

CREATE TABLE `fact_elec_receipts` (
  `id` int(10) unsigned NOT NULL AUTO_INCREMENT,
  `user_id` int(11) DEFAULT NULL,
  `fecha_comprobante` date NOT NULL,
  `fecha_facturado_desde` date DEFAULT NULL,
  `fecha_facturado_hasta` date DEFAULT NULL,
  `fecha_vencimiento_pago` date DEFAULT NULL,
  `concepto_id` int(10) unsigned NOT NULL,
  `punto_venta_id` int(10) unsigned NOT NULL,
  `tipo_comprobante_id` int(10) unsigned NOT NULL,
  `condiciones_venta` varchar(180) COLLATE utf8mb4_unicode_ci NOT NULL,
  `comprobante_asoc` longtext COLLATE utf8mb4_unicode_ci,
  `created_at` timestamp NULL DEFAULT NULL,
  `updated_at` timestamp NULL DEFAULT NULL,
  `cae` varchar(180) COLLATE utf8mb4_unicode_ci DEFAULT NULL,
  `cae_vencimiento` date DEFAULT NULL,
  `nro_comprobante_afip` varchar(191) COLLATE utf8mb4_unicode_ci DEFAULT NULL,
  `fecha_proceso_afip` varchar(191) COLLATE utf8mb4_unicode_ci DEFAULT NULL,
  `person_id` int(10) unsigned NOT NULL,
  `person_id_receptor` int(10) unsigned NOT NULL,
  `condicion_venta_id` int(11) DEFAULT NULL,
  `cond_frente_iva_id` int(10) unsigned NOT NULL DEFAULT '1',
  `cbu` varchar(191) COLLATE utf8mb4_unicode_ci DEFAULT NULL,
  `opcion_transferencia` longtext COLLATE utf8mb4_unicode_ci,
  `alias_cbu` varchar(191) COLLATE utf8mb4_unicode_ci DEFAULT NULL,
  `total` decimal(16,2) NOT NULL DEFAULT '0.00',
  `deleted_at` timestamp NULL DEFAULT NULL,
  PRIMARY KEY (`id`),
  KEY `fact_elec_receipts_user_id_foreign` (`user_id`),
  KEY `fact_elec_receipts_punto_venta_id_foreign` (`punto_venta_id`),
  KEY `fact_elec_receipts_tipo_comprobante_id_foreign` (`tipo_comprobante_id`),
  KEY `fact_elec_receipts_person_id_foreign` (`person_id`),
  KEY `fact_elec_receipts_person_id_receptor_foreign` (`person_id_receptor`),
  KEY `fact_elec_receipts_cond_frente_iva_id_foreign` (`cond_frente_iva_id`),
  CONSTRAINT `fact_elec_receipts_cond_frente_iva_id_foreign` FOREIGN KEY (`cond_frente_iva_id`) REFERENCES `condicion_frente_al_iva` (`id`),
  CONSTRAINT `fact_elec_receipts_person_id_foreign` FOREIGN KEY (`person_id`) REFERENCES `persons` (`id`),
  CONSTRAINT `fact_elec_receipts_person_id_receptor_foreign` FOREIGN KEY (`person_id_receptor`) REFERENCES `persons` (`id`),
  CONSTRAINT `fact_elec_receipts_punto_venta_id_foreign` FOREIGN KEY (`punto_venta_id`) REFERENCES `fact_elec_puntos_venta` (`id`),
  CONSTRAINT `fact_elec_receipts_tipo_comprobante_id_foreign` FOREIGN KEY (`tipo_comprobante_id`) REFERENCES `receipt_types` (`id`)
) ENGINE=InnoDB DEFAULT CHARSET=utf8mb4 COLLATE=utf8mb4_unicode_ci;

--
-- Dumping data for table `fact_elec_receipts`
--


--
-- Table structure for table `fact_elec_tipos_docs_afip`
--

CREATE TABLE `fact_elec_tipos_docs_afip` (
  `id` int(10) unsigned NOT NULL AUTO_INCREMENT,
  `afip_tipo_doc_id` int(10) unsigned NOT NULL,
  `descripcion` varchar(180) COLLATE utf8mb4_unicode_ci NOT NULL,
  `created_at` timestamp NULL DEFAULT NULL,
  `updated_at` timestamp NULL DEFAULT NULL,
  PRIMARY KEY (`id`)
) ENGINE=InnoDB AUTO_INCREMENT=100 DEFAULT CHARSET=utf8mb4 COLLATE=utf8mb4_unicode_ci;

--
-- Dumping data for table `fact_elec_tipos_docs_afip`
--

INSERT INTO `fact_elec_tipos_docs_afip` VALUES (1,1,'CI Buenos Aires','2019-03-13 13:29:34','2019-03-13 13:29:34'),(2,2,'CI Catamarca','2019-03-13 13:29:34','2019-03-13 13:29:34'),(3,3,'CI Córdoba','2019-03-13 13:29:34','2019-03-13 13:29:34'),(4,4,'CI Corrientes','2019-03-13 13:29:34','2019-03-13 13:29:34'),(5,5,'CI Entre Ríos','2019-03-13 13:29:34','2019-03-13 13:29:34'),(6,6,'CI Jujuy','2019-03-13 13:29:34','2019-03-13 13:29:34'),(7,7,'CI Mendoza','2019-03-13 13:29:34','2019-03-13 13:29:34'),(8,8,'CI La Rioja','2019-03-13 13:29:34','2019-03-13 13:29:34'),(9,9,'CI Salta','2019-03-13 13:29:34','2019-03-13 13:29:34'),(10,10,'CI San Juan','2019-03-13 13:29:34','2019-03-13 13:29:34'),(11,11,'CI San Luis','2019-03-13 13:29:34','2019-03-13 13:29:34'),(12,12,'CI Santa Fe','2019-03-13 13:29:34','2019-03-13 13:29:34'),(13,13,'CI Santiago del Estero','2019-03-13 13:29:34','2019-03-13 13:29:34'),(14,14,'CI Tucumán','2019-03-13 13:29:34','2019-03-13 13:29:34'),(16,16,'CI Chaco','2019-03-13 13:29:34','2019-03-13 13:29:34'),(17,17,'CI Chubut','2019-03-13 13:29:34','2019-03-13 13:29:34'),(18,18,'CI Formosa','2019-03-13 13:29:34','2019-03-13 13:29:34'),(19,19,'CI Misiones','2019-03-13 13:29:34','2019-03-13 13:29:34'),(20,20,'CI Neuquén','2019-03-13 13:29:34','2019-03-13 13:29:34'),(21,21,'CI La Pampa','2019-03-13 13:29:34','2019-03-13 13:29:34'),(22,22,'CI Río Negro','2019-03-13 13:29:34','2019-03-13 13:29:34'),(23,23,'CI Santa Cruz','2019-03-13 13:29:34','2019-03-13 13:29:34'),(24,24,'CI Tierra del Fuego','2019-03-13 13:29:34','2019-03-13 13:29:34'),(80,80,'CUIT','2019-03-13 13:29:34','2019-03-13 13:29:34'),(86,86,'CUIL','2019-03-13 13:29:34','2019-03-13 13:29:34'),(87,87,'CDI','2019-03-13 13:29:34','2019-03-13 13:29:34'),(89,89,'LE','2019-03-13 13:29:34','2019-03-13 13:29:34'),(90,90,'LC','2019-03-13 13:29:34','2019-03-13 13:29:34'),(91,91,'CI Extranjera','2019-03-13 13:29:34','2019-03-13 13:29:34'),(92,92,'en trámite','2019-03-13 13:29:34','2019-03-13 13:29:34'),(93,93,'Acta Nacimiento','2019-03-13 13:29:34','2019-03-13 13:29:34'),(94,94,'Pasaporte','2019-03-13 13:29:34','2019-03-13 13:29:34'),(95,95,'CI Bs. As. RNP','2019-03-13 13:29:34','2019-03-13 13:29:34'),(96,96,'DNI','2019-03-13 13:29:34','2019-03-13 13:29:34'),(97,0,'CI Policía Federal','2019-03-13 13:29:34','2019-03-13 13:29:34'),(99,99,'Doc. (Otro)','2019-03-13 13:29:34','2019-03-13 13:29:34');

--
-- Table structure for table `failed_jobs`
--

CREATE TABLE `failed_jobs` (
  `id` bigint(20) unsigned NOT NULL AUTO_INCREMENT,
  `user_id` int(10) unsigned DEFAULT NULL,
  `connection` text COLLATE utf8mb4_unicode_ci NOT NULL,
  `queue` text COLLATE utf8mb4_unicode_ci NOT NULL,
  `payload` longtext COLLATE utf8mb4_unicode_ci NOT NULL,
  `exception` longtext COLLATE utf8mb4_unicode_ci NOT NULL,
  `failed_at` timestamp NOT NULL DEFAULT CURRENT_TIMESTAMP,
  `deleted_at` timestamp NULL DEFAULT NULL,
  PRIMARY KEY (`id`)
) ENGINE=InnoDB AUTO_INCREMENT=83 DEFAULT CHARSET=utf8mb4 COLLATE=utf8mb4_unicode_ci;

--
-- Dumping data for table `failed_jobs`
--

INSERT INTO `failed_jobs` VALUES (1,NULL,'database','default','{\"uuid\":\"2479200e-b5c5-4c98-9a81-bf955131bf8f\",\"displayName\":\"App\\\\Mail\\\\EmailGenerico\",\"job\":\"Illuminate\\\\Queue\\\\CallQueuedHandler@call\",\"maxTries\":null,\"maxExceptions\":null,\"delay\":null,\"timeout\":null,\"timeoutAt\":null,\"data\":{\"commandName\":\"Illuminate\\\\Mail\\\\SendQueuedMailable\",\"command\":\"O:34:\\\"Illuminate\\\\Mail\\\\SendQueuedMailable\\\":3:{s:8:\\\"mailable\\\";O:22:\\\"App\\\\Mail\\\\EmailGenerico\\\":27:{s:4:\\\"info\\\";a:5:{s:6:\\\"nombre\\\";s:8:\\\"Graciela\\\";s:8:\\\"apellido\\\";s:7:\\\"Olivera\\\";s:5:\\\"email\\\";s:26:\\\"silvanaolivera@hotmail.com\\\";s:7:\\\"celular\\\";s:10:\\\"2994279081\\\";s:4:\\\"cuit\\\";s:13:\\\"27-23700483-9\\\";}s:31:\\\"\\u0000App\\\\Mail\\\\EmailGenerico\\u0000options\\\";O:29:\\\"Illuminate\\\\Support\\\\Collection\\\":5:{s:8:\\\"\\u0000*\\u0000items\\\";a:0:{}s:4:\\\"from\\\";s:19:\\\"hernan@taxes.com.ar\\\";s:4:\\\"name\\\";s:24:\\\"Hernan de Taxes Software\\\";s:5:\\\"vista\\\";s:52:\\\"landing2.view.prueba_gratis.mail_confirmacion_correo\\\";s:7:\\\"subject\\\";s:39:\\\"Confirmacion de Correo - Taxes Software\\\";}s:6:\\\"locale\\\";N;s:4:\\\"from\\\";a:0:{}s:2:\\\"to\\\";a:1:{i:0;a:2:{s:4:\\\"name\\\";N;s:7:\\\"address\\\";s:26:\\\"silvanaolivera@hotmail.com\\\";}}s:2:\\\"cc\\\";a:0:{}s:3:\\\"bcc\\\";a:0:{}s:7:\\\"replyTo\\\";a:0:{}s:7:\\\"subject\\\";N;s:11:\\\"\\u0000*\\u0000markdown\\\";N;s:7:\\\"\\u0000*\\u0000html\\\";N;s:4:\\\"view\\\";N;s:8:\\\"textView\\\";N;s:8:\\\"viewData\\\";a:0:{}s:11:\\\"attachments\\\";a:0:{}s:14:\\\"rawAttachments\\\";a:0:{}s:15:\\\"diskAttachments\\\";a:0:{}s:9:\\\"callbacks\\\";a:0:{}s:5:\\\"theme\\\";N;s:6:\\\"mailer\\\";s:8:\\\"sendgrid\\\";s:10:\\\"connection\\\";N;s:5:\\\"queue\\\";N;s:15:\\\"chainConnection\\\";N;s:10:\\\"chainQueue\\\";N;s:5:\\\"delay\\\";N;s:10:\\\"middleware\\\";a:0:{}s:7:\\\"chained\\\";a:0:{}}s:5:\\\"tries\\\";N;s:7:\\\"timeout\\\";N;}\"}}','Illuminate\\Queue\\MaxAttemptsExceededException: App\\Mail\\EmailGenerico has been attempted too many times or run too long. The job may have previously timed out. in /home/forge/taxes.com.ar/vendor/laravel/framework/src/Illuminate/Queue/Worker.php:648\nStack trace:\n#0 /home/forge/taxes.com.ar/vendor/laravel/framework/src/Illuminate/Queue/Worker.php(436): Illuminate\\Queue\\Worker->maxAttemptsExceededException(Object(App\\Queue\\DatabaseJob))\n#1 /home/forge/taxes.com.ar/vendor/laravel/framework/src/Illuminate/Queue/Worker.php(346): Illuminate\\Queue\\Worker->markJobAsFailedIfAlreadyExceedsMaxAttempts(\'database\', Object(App\\Queue\\DatabaseJob), 1)\n#2 /home/forge/taxes.com.ar/vendor/laravel/framework/src/Illuminate/Queue/Worker.php(306): Illuminate\\Queue\\Worker->process(\'database\', Object(App\\Queue\\DatabaseJob), Object(Illuminate\\Queue\\WorkerOptions))\n#3 /home/forge/taxes.com.ar/vendor/laravel/framework/src/Illuminate/Queue/Worker.php(132): Illuminate\\Queue\\Worker->runJob(Object(App\\Queue\\DatabaseJob), \'database\', Object(Illuminate\\Queue\\WorkerOptions))\n#4 /home/forge/taxes.com.ar/vendor/laravel/framework/src/Illuminate/Queue/Console/WorkCommand.php(112): Illuminate\\Queue\\Worker->daemon(\'database\', \'default\', Object(Illuminate\\Queue\\WorkerOptions))\n#5 /home/forge/taxes.com.ar/vendor/laravel/framework/src/Illuminate/Queue/Console/WorkCommand.php(96): Illuminate\\Queue\\Console\\WorkCommand->runWorker(\'database\', \'default\')\n#6 /home/forge/taxes.com.ar/vendor/laravel/framework/src/Illuminate/Container/BoundMethod.php(36): Illuminate\\Queue\\Console\\WorkCommand->handle()\n#7 /home/forge/taxes.com.ar/vendor/laravel/framework/src/Illuminate/Container/Util.php(37): Illuminate\\Container\\BoundMethod::Illuminate\\Container\\{closure}()\n#8 /home/forge/taxes.com.ar/vendor/laravel/framework/src/Illuminate/Container/BoundMethod.php(93): Illuminate\\Container\\Util::unwrapIfClosure(Object(Closure))\n#9 /home/forge/taxes.com.ar/vendor/laravel/framework/src/Illuminate/Container/BoundMethod.php(37): Illuminate\\Container\\BoundMethod::callBoundMethod(Object(Illuminate\\Foundation\\Application), Array, Object(Closure))\n#10 /home/forge/taxes.com.ar/vendor/laravel/framework/src/Illuminate/Container/Container.php(596): Illuminate\\Container\\BoundMethod::call(Object(Illuminate\\Foundation\\Application), Array, Array, NULL)\n#11 /home/forge/taxes.com.ar/vendor/laravel/framework/src/Illuminate/Console/Command.php(134): Illuminate\\Container\\Container->call(Array)\n#12 /home/forge/taxes.com.ar/vendor/symfony/console/Command/Command.php(256): Illuminate\\Console\\Command->execute(Object(Symfony\\Component\\Console\\Input\\ArgvInput), Object(Illuminate\\Console\\OutputStyle))\n#13 /home/forge/taxes.com.ar/vendor/laravel/framework/src/Illuminate/Console/Command.php(121): Symfony\\Component\\Console\\Command\\Command->run(Object(Symfony\\Component\\Console\\Input\\ArgvInput), Object(Illuminate\\Console\\OutputStyle))\n#14 /home/forge/taxes.com.ar/vendor/symfony/console/Application.php(971): Illuminate\\Console\\Command->run(Object(Symfony\\Component\\Console\\Input\\ArgvInput), Object(Symfony\\Component\\Console\\Output\\ConsoleOutput))\n#15 /home/forge/taxes.com.ar/vendor/symfony/console/Application.php(290): Symfony\\Component\\Console\\Application->doRunCommand(Object(Illuminate\\Queue\\Console\\WorkCommand), Object(Symfony\\Component\\Console\\Input\\ArgvInput), Object(Symfony\\Component\\Console\\Output\\ConsoleOutput))\n#16 /home/forge/taxes.com.ar/vendor/symfony/console/Application.php(166): Symfony\\Component\\Console\\Application->doRun(Object(Symfony\\Component\\Console\\Input\\ArgvInput), Object(Symfony\\Component\\Console\\Output\\ConsoleOutput))\n#17 /home/forge/taxes.com.ar/vendor/laravel/framework/src/Illuminate/Console/Application.php(93): Symfony\\Component\\Console\\Application->run(Object(Symfony\\Component\\Console\\Input\\ArgvInput), Object(Symfony\\Component\\Console\\Output\\ConsoleOutput))\n#18 /home/forge/taxes.com.ar/vendor/laravel/framework/src/Illuminate/Foundation/Console/Kernel.php(129): Illuminate\\Console\\Application->run(Object(Symfony\\Component\\Console\\Input\\ArgvInput), Object(Symfony\\Component\\Console\\Output\\ConsoleOutput))\n#19 /home/forge/taxes.com.ar/artisan(35): Illuminate\\Foundation\\Console\\Kernel->handle(Object(Symfony\\Component\\Console\\Input\\ArgvInput), Object(Symfony\\Component\\Console\\Output\\ConsoleOutput))\n#20 {main}','2021-04-17 08:50:28',NULL);
INSERT INTO `failed_jobs` VALUES (2,NULL,'database','default','{\"uuid\":\"2479200e-b5c5-4c98-9a81-bf955131bf8f\",\"displayName\":\"App\\\\Mail\\\\EmailGenerico\",\"job\":\"Illuminate\\\\Queue\\\\CallQueuedHandler@call\",\"maxTries\":null,\"maxExceptions\":null,\"delay\":null,\"timeout\":null,\"timeoutAt\":null,\"data\":{\"commandName\":\"Illuminate\\\\Mail\\\\SendQueuedMailable\",\"command\":\"O:34:\\\"Illuminate\\\\Mail\\\\SendQueuedMailable\\\":3:{s:8:\\\"mailable\\\";O:22:\\\"App\\\\Mail\\\\EmailGenerico\\\":27:{s:4:\\\"info\\\";a:5:{s:6:\\\"nombre\\\";s:8:\\\"Graciela\\\";s:8:\\\"apellido\\\";s:7:\\\"Olivera\\\";s:5:\\\"email\\\";s:26:\\\"silvanaolivera@hotmail.com\\\";s:7:\\\"celular\\\";s:10:\\\"2994279081\\\";s:4:\\\"cuit\\\";s:13:\\\"27-23700483-9\\\";}s:31:\\\"\\u0000App\\\\Mail\\\\EmailGenerico\\u0000options\\\";O:29:\\\"Illuminate\\\\Support\\\\Collection\\\":5:{s:8:\\\"\\u0000*\\u0000items\\\";a:0:{}s:4:\\\"from\\\";s:19:\\\"hernan@taxes.com.ar\\\";s:4:\\\"name\\\";s:24:\\\"Hernan de Taxes Software\\\";s:5:\\\"vista\\\";s:52:\\\"landing2.view.prueba_gratis.mail_confirmacion_correo\\\";s:7:\\\"subject\\\";s:39:\\\"Confirmacion de Correo - Taxes Software\\\";}s:6:\\\"locale\\\";N;s:4:\\\"from\\\";a:0:{}s:2:\\\"to\\\";a:1:{i:0;a:2:{s:4:\\\"name\\\";N;s:7:\\\"address\\\";s:26:\\\"silvanaolivera@hotmail.com\\\";}}s:2:\\\"cc\\\";a:0:{}s:3:\\\"bcc\\\";a:0:{}s:7:\\\"replyTo\\\";a:0:{}s:7:\\\"subject\\\";N;s:11:\\\"\\u0000*\\u0000markdown\\\";N;s:7:\\\"\\u0000*\\u0000html\\\";N;s:4:\\\"view\\\";N;s:8:\\\"textView\\\";N;s:8:\\\"viewData\\\";a:0:{}s:11:\\\"attachments\\\";a:0:{}s:14:\\\"rawAttachments\\\";a:0:{}s:15:\\\"diskAttachments\\\";a:0:{}s:9:\\\"callbacks\\\";a:0:{}s:5:\\\"theme\\\";N;s:6:\\\"mailer\\\";s:8:\\\"sendgrid\\\";s:10:\\\"connection\\\";N;s:5:\\\"queue\\\";N;s:15:\\\"chainConnection\\\";N;s:10:\\\"chainQueue\\\";N;s:5:\\\"delay\\\";N;s:10:\\\"middleware\\\";a:0:{}s:7:\\\"chained\\\";a:0:{}}s:5:\\\"tries\\\";N;s:7:\\\"timeout\\\";N;}\"}}','ErrorException: Trying to get property \'id\' of non-object in /home/forge/taxes.com.ar/app/Queue/DatabaseJob.php:16\nStack trace:\n#0 /home/forge/taxes.com.ar/app/Queue/DatabaseJob.php(16): Illuminate\\Foundation\\Bootstrap\\HandleExceptions->handleError(8, \'Trying to get p...\', \'/home/forge/tax...\', 16, Array)\n#1 /home/forge/taxes.com.ar/vendor/laravel/framework/src/Illuminate/Queue/Worker.php(356): App\\Queue\\DatabaseJob->fire()\n#2 /home/forge/taxes.com.ar/vendor/laravel/framework/src/Illuminate/Queue/Worker.php(306): Illuminate\\Queue\\Worker->process(\'database\', Object(App\\Queue\\DatabaseJob), Object(Illuminate\\Queue\\WorkerOptions))\n#3 /home/forge/taxes.com.ar/vendor/laravel/framework/src/Illuminate/Queue/Worker.php(132): Illuminate\\Queue\\Worker->runJob(Object(App\\Queue\\DatabaseJob), \'database\', Object(Illuminate\\Queue\\WorkerOptions))\n#4 /home/forge/taxes.com.ar/vendor/laravel/framework/src/Illuminate/Queue/Console/WorkCommand.php(112): Illuminate\\Queue\\Worker->daemon(\'database\', \'default\', Object(Illuminate\\Queue\\WorkerOptions))\n#5 /home/forge/taxes.com.ar/vendor/laravel/framework/src/Illuminate/Queue/Console/WorkCommand.php(96): Illuminate\\Queue\\Console\\WorkCommand->runWorker(\'database\', \'default\')\n#6 /home/forge/taxes.com.ar/vendor/laravel/framework/src/Illuminate/Container/BoundMethod.php(36): Illuminate\\Queue\\Console\\WorkCommand->handle()\n#7 /home/forge/taxes.com.ar/vendor/laravel/framework/src/Illuminate/Container/Util.php(37): Illuminate\\Container\\BoundMethod::Illuminate\\Container\\{closure}()\n#8 /home/forge/taxes.com.ar/vendor/laravel/framework/src/Illuminate/Container/BoundMethod.php(93): Illuminate\\Container\\Util::unwrapIfClosure(Object(Closure))\n#9 /home/forge/taxes.com.ar/vendor/laravel/framework/src/Illuminate/Container/BoundMethod.php(37): Illuminate\\Container\\BoundMethod::callBoundMethod(Object(Illuminate\\Foundation\\Application), Array, Object(Closure))\n#10 /home/forge/taxes.com.ar/vendor/laravel/framework/src/Illuminate/Container/Container.php(596): Illuminate\\Container\\BoundMethod::call(Object(Illuminate\\Foundation\\Application), Array, Array, NULL)\n#11 /home/forge/taxes.com.ar/vendor/laravel/framework/src/Illuminate/Console/Command.php(134): Illuminate\\Container\\Container->call(Array)\n#12 /home/forge/taxes.com.ar/vendor/symfony/console/Command/Command.php(256): Illuminate\\Console\\Command->execute(Object(Symfony\\Component\\Console\\Input\\ArgvInput), Object(Illuminate\\Console\\OutputStyle))\n#13 /home/forge/taxes.com.ar/vendor/laravel/framework/src/Illuminate/Console/Command.php(121): Symfony\\Component\\Console\\Command\\Command->run(Object(Symfony\\Component\\Console\\Input\\ArgvInput), Object(Illuminate\\Console\\OutputStyle))\n#14 /home/forge/taxes.com.ar/vendor/symfony/console/Application.php(971): Illuminate\\Console\\Command->run(Object(Symfony\\Component\\Console\\Input\\ArgvInput), Object(Symfony\\Component\\Console\\Output\\ConsoleOutput))\n#15 /home/forge/taxes.com.ar/vendor/symfony/console/Application.php(290): Symfony\\Component\\Console\\Application->doRunCommand(Object(Illuminate\\Queue\\Console\\WorkCommand), Object(Symfony\\Component\\Console\\Input\\ArgvInput), Object(Symfony\\Component\\Console\\Output\\ConsoleOutput))\n#16 /home/forge/taxes.com.ar/vendor/symfony/console/Application.php(166): Symfony\\Component\\Console\\Application->doRun(Object(Symfony\\Component\\Console\\Input\\ArgvInput), Object(Symfony\\Component\\Console\\Output\\ConsoleOutput))\n#17 /home/forge/taxes.com.ar/vendor/laravel/framework/src/Illuminate/Console/Application.php(93): Symfony\\Component\\Console\\Application->run(Object(Symfony\\Component\\Console\\Input\\ArgvInput), Object(Symfony\\Component\\Console\\Output\\ConsoleOutput))\n#18 /home/forge/taxes.com.ar/vendor/laravel/framework/src/Illuminate/Foundation/Console/Kernel.php(129): Illuminate\\Console\\Application->run(Object(Symfony\\Component\\Console\\Input\\ArgvInput), Object(Symfony\\Component\\Console\\Output\\ConsoleOutput))\n#19 /home/forge/taxes.com.ar/artisan(35): Illuminate\\Foundation\\Console\\Kernel->handle(Object(Symfony\\Component\\Console\\Input\\ArgvInput), Object(Symfony\\Component\\Console\\Output\\ConsoleOutput))\n#20 {main}','2021-04-17 08:50:28',NULL);
INSERT INTO `failed_jobs` VALUES (3,NULL,'database','default','{\"uuid\":\"2c169463-9eab-4e65-bcfa-3810aea5ebb1\",\"displayName\":\"App\\\\Mail\\\\EmailGenerico\",\"job\":\"Illuminate\\\\Queue\\\\CallQueuedHandler@call\",\"maxTries\":null,\"maxExceptions\":null,\"delay\":null,\"timeout\":null,\"timeoutAt\":null,\"data\":{\"commandName\":\"Illuminate\\\\Mail\\\\SendQueuedMailable\",\"command\":\"O:34:\\\"Illuminate\\\\Mail\\\\SendQueuedMailable\\\":3:{s:8:\\\"mailable\\\";O:22:\\\"App\\\\Mail\\\\EmailGenerico\\\":27:{s:4:\\\"info\\\";a:1:{s:4:\\\"mail\\\";s:20:\\\"lazaroec@hotmail.com\\\";}s:31:\\\"\\u0000App\\\\Mail\\\\EmailGenerico\\u0000options\\\";O:29:\\\"Illuminate\\\\Support\\\\Collection\\\":5:{s:8:\\\"\\u0000*\\u0000items\\\";a:0:{}s:4:\\\"from\\\";s:23:\\\"newsletter@taxes.com.ar\\\";s:4:\\\"name\\\";s:28:\\\"Newsletter de Taxes Software\\\";s:5:\\\"vista\\\";s:37:\\\"landing2.view.landing.mail_newsletter\\\";s:7:\\\"subject\\\";s:42:\\\"Bienvenida al Newsletter de Taxes Software\\\";}s:6:\\\"locale\\\";N;s:4:\\\"from\\\";a:0:{}s:2:\\\"to\\\";a:1:{i:0;a:2:{s:4:\\\"name\\\";N;s:7:\\\"address\\\";s:20:\\\"lazaroec@hotmail.com\\\";}}s:2:\\\"cc\\\";a:0:{}s:3:\\\"bcc\\\";a:0:{}s:7:\\\"replyTo\\\";a:0:{}s:7:\\\"subject\\\";N;s:11:\\\"\\u0000*\\u0000markdown\\\";N;s:7:\\\"\\u0000*\\u0000html\\\";N;s:4:\\\"view\\\";N;s:8:\\\"textView\\\";N;s:8:\\\"viewData\\\";a:0:{}s:11:\\\"attachments\\\";a:0:{}s:14:\\\"rawAttachments\\\";a:0:{}s:15:\\\"diskAttachments\\\";a:0:{}s:9:\\\"callbacks\\\";a:0:{}s:5:\\\"theme\\\";N;s:6:\\\"mailer\\\";s:8:\\\"sendgrid\\\";s:10:\\\"connection\\\";N;s:5:\\\"queue\\\";N;s:15:\\\"chainConnection\\\";N;s:10:\\\"chainQueue\\\";N;s:5:\\\"delay\\\";N;s:10:\\\"middleware\\\";a:0:{}s:7:\\\"chained\\\";a:0:{}}s:5:\\\"tries\\\";N;s:7:\\\"timeout\\\";N;}\"}}','ErrorException: Trying to get property \'id\' of non-object in /home/forge/taxes.com.ar/app/Queue/DatabaseJob.php:16\nStack trace:\n#0 /home/forge/taxes.com.ar/app/Queue/DatabaseJob.php(16): Illuminate\\Foundation\\Bootstrap\\HandleExceptions->handleError(8, \'Trying to get p...\', \'/home/forge/tax...\', 16, Array)\n#1 /home/forge/taxes.com.ar/vendor/laravel/framework/src/Illuminate/Queue/Worker.php(356): App\\Queue\\DatabaseJob->fire()\n#2 /home/forge/taxes.com.ar/vendor/laravel/framework/src/Illuminate/Queue/Worker.php(306): Illuminate\\Queue\\Worker->process(\'database\', Object(App\\Queue\\DatabaseJob), Object(Illuminate\\Queue\\WorkerOptions))\n#3 /home/forge/taxes.com.ar/vendor/laravel/framework/src/Illuminate/Queue/Worker.php(132): Illuminate\\Queue\\Worker->runJob(Object(App\\Queue\\DatabaseJob), \'database\', Object(Illuminate\\Queue\\WorkerOptions))\n#4 /home/forge/taxes.com.ar/vendor/laravel/framework/src/Illuminate/Queue/Console/WorkCommand.php(112): Illuminate\\Queue\\Worker->daemon(\'database\', \'default\', Object(Illuminate\\Queue\\WorkerOptions))\n#5 /home/forge/taxes.com.ar/vendor/laravel/framework/src/Illuminate/Queue/Console/WorkCommand.php(96): Illuminate\\Queue\\Console\\WorkCommand->runWorker(\'database\', \'default\')\n#6 /home/forge/taxes.com.ar/vendor/laravel/framework/src/Illuminate/Container/BoundMethod.php(36): Illuminate\\Queue\\Console\\WorkCommand->handle()\n#7 /home/forge/taxes.com.ar/vendor/laravel/framework/src/Illuminate/Container/Util.php(37): Illuminate\\Container\\BoundMethod::Illuminate\\Container\\{closure}()\n#8 /home/forge/taxes.com.ar/vendor/laravel/framework/src/Illuminate/Container/BoundMethod.php(93): Illuminate\\Container\\Util::unwrapIfClosure(Object(Closure))\n#9 /home/forge/taxes.com.ar/vendor/laravel/framework/src/Illuminate/Container/BoundMethod.php(37): Illuminate\\Container\\BoundMethod::callBoundMethod(Object(Illuminate\\Foundation\\Application), Array, Object(Closure))\n#10 /home/forge/taxes.com.ar/vendor/laravel/framework/src/Illuminate/Container/Container.php(596): Illuminate\\Container\\BoundMethod::call(Object(Illuminate\\Foundation\\Application), Array, Array, NULL)\n#11 /home/forge/taxes.com.ar/vendor/laravel/framework/src/Illuminate/Console/Command.php(134): Illuminate\\Container\\Container->call(Array)\n#12 /home/forge/taxes.com.ar/vendor/symfony/console/Command/Command.php(256): Illuminate\\Console\\Command->execute(Object(Symfony\\Component\\Console\\Input\\ArgvInput), Object(Illuminate\\Console\\OutputStyle))\n#13 /home/forge/taxes.com.ar/vendor/laravel/framework/src/Illuminate/Console/Command.php(121): Symfony\\Component\\Console\\Command\\Command->run(Object(Symfony\\Component\\Console\\Input\\ArgvInput), Object(Illuminate\\Console\\OutputStyle))\n#14 /home/forge/taxes.com.ar/vendor/symfony/console/Application.php(971): Illuminate\\Console\\Command->run(Object(Symfony\\Component\\Console\\Input\\ArgvInput), Object(Symfony\\Component\\Console\\Output\\ConsoleOutput))\n#15 /home/forge/taxes.com.ar/vendor/symfony/console/Application.php(290): Symfony\\Component\\Console\\Application->doRunCommand(Object(Illuminate\\Queue\\Console\\WorkCommand), Object(Symfony\\Component\\Console\\Input\\ArgvInput), Object(Symfony\\Component\\Console\\Output\\ConsoleOutput))\n#16 /home/forge/taxes.com.ar/vendor/symfony/console/Application.php(166): Symfony\\Component\\Console\\Application->doRun(Object(Symfony\\Component\\Console\\Input\\ArgvInput), Object(Symfony\\Component\\Console\\Output\\ConsoleOutput))\n#17 /home/forge/taxes.com.ar/vendor/laravel/framework/src/Illuminate/Console/Application.php(93): Symfony\\Component\\Console\\Application->run(Object(Symfony\\Component\\Console\\Input\\ArgvInput), Object(Symfony\\Component\\Console\\Output\\ConsoleOutput))\n#18 /home/forge/taxes.com.ar/vendor/laravel/framework/src/Illuminate/Foundation/Console/Kernel.php(129): Illuminate\\Console\\Application->run(Object(Symfony\\Component\\Console\\Input\\ArgvInput), Object(Symfony\\Component\\Console\\Output\\ConsoleOutput))\n#19 /home/forge/taxes.com.ar/artisan(35): Illuminate\\Foundation\\Console\\Kernel->handle(Object(Symfony\\Component\\Console\\Input\\ArgvInput), Object(Symfony\\Component\\Console\\Output\\ConsoleOutput))\n#20 {main}','2021-04-17 09:16:48',NULL);
INSERT INTO `failed_jobs` VALUES (4,NULL,'database','default','{\"uuid\":\"2c169463-9eab-4e65-bcfa-3810aea5ebb1\",\"displayName\":\"App\\\\Mail\\\\EmailGenerico\",\"job\":\"Illuminate\\\\Queue\\\\CallQueuedHandler@call\",\"maxTries\":null,\"maxExceptions\":null,\"delay\":null,\"timeout\":null,\"timeoutAt\":null,\"data\":{\"commandName\":\"Illuminate\\\\Mail\\\\SendQueuedMailable\",\"command\":\"O:34:\\\"Illuminate\\\\Mail\\\\SendQueuedMailable\\\":3:{s:8:\\\"mailable\\\";O:22:\\\"App\\\\Mail\\\\EmailGenerico\\\":27:{s:4:\\\"info\\\";a:1:{s:4:\\\"mail\\\";s:20:\\\"lazaroec@hotmail.com\\\";}s:31:\\\"\\u0000App\\\\Mail\\\\EmailGenerico\\u0000options\\\";O:29:\\\"Illuminate\\\\Support\\\\Collection\\\":5:{s:8:\\\"\\u0000*\\u0000items\\\";a:0:{}s:4:\\\"from\\\";s:23:\\\"newsletter@taxes.com.ar\\\";s:4:\\\"name\\\";s:28:\\\"Newsletter de Taxes Software\\\";s:5:\\\"vista\\\";s:37:\\\"landing2.view.landing.mail_newsletter\\\";s:7:\\\"subject\\\";s:42:\\\"Bienvenida al Newsletter de Taxes Software\\\";}s:6:\\\"locale\\\";N;s:4:\\\"from\\\";a:0:{}s:2:\\\"to\\\";a:1:{i:0;a:2:{s:4:\\\"name\\\";N;s:7:\\\"address\\\";s:20:\\\"lazaroec@hotmail.com\\\";}}s:2:\\\"cc\\\";a:0:{}s:3:\\\"bcc\\\";a:0:{}s:7:\\\"replyTo\\\";a:0:{}s:7:\\\"subject\\\";N;s:11:\\\"\\u0000*\\u0000markdown\\\";N;s:7:\\\"\\u0000*\\u0000html\\\";N;s:4:\\\"view\\\";N;s:8:\\\"textView\\\";N;s:8:\\\"viewData\\\";a:0:{}s:11:\\\"attachments\\\";a:0:{}s:14:\\\"rawAttachments\\\";a:0:{}s:15:\\\"diskAttachments\\\";a:0:{}s:9:\\\"callbacks\\\";a:0:{}s:5:\\\"theme\\\";N;s:6:\\\"mailer\\\";s:8:\\\"sendgrid\\\";s:10:\\\"connection\\\";N;s:5:\\\"queue\\\";N;s:15:\\\"chainConnection\\\";N;s:10:\\\"chainQueue\\\";N;s:5:\\\"delay\\\";N;s:10:\\\"middleware\\\";a:0:{}s:7:\\\"chained\\\";a:0:{}}s:5:\\\"tries\\\";N;s:7:\\\"timeout\\\";N;}\"}}','ErrorException: Trying to get property \'id\' of non-object in /home/forge/taxes.com.ar/app/Queue/DatabaseJob.php:16\nStack trace:\n#0 /home/forge/taxes.com.ar/app/Queue/DatabaseJob.php(16): Illuminate\\Foundation\\Bootstrap\\HandleExceptions->handleError(8, \'Trying to get p...\', \'/home/forge/tax...\', 16, Array)\n#1 /home/forge/taxes.com.ar/vendor/laravel/framework/src/Illuminate/Queue/Worker.php(356): App\\Queue\\DatabaseJob->fire()\n#2 /home/forge/taxes.com.ar/vendor/laravel/framework/src/Illuminate/Queue/Worker.php(306): Illuminate\\Queue\\Worker->process(\'database\', Object(App\\Queue\\DatabaseJob), Object(Illuminate\\Queue\\WorkerOptions))\n#3 /home/forge/taxes.com.ar/vendor/laravel/framework/src/Illuminate/Queue/Worker.php(132): Illuminate\\Queue\\Worker->runJob(Object(App\\Queue\\DatabaseJob), \'database\', Object(Illuminate\\Queue\\WorkerOptions))\n#4 /home/forge/taxes.com.ar/vendor/laravel/framework/src/Illuminate/Queue/Console/WorkCommand.php(112): Illuminate\\Queue\\Worker->daemon(\'database\', \'default\', Object(Illuminate\\Queue\\WorkerOptions))\n#5 /home/forge/taxes.com.ar/vendor/laravel/framework/src/Illuminate/Queue/Console/WorkCommand.php(96): Illuminate\\Queue\\Console\\WorkCommand->runWorker(\'database\', \'default\')\n#6 /home/forge/taxes.com.ar/vendor/laravel/framework/src/Illuminate/Container/BoundMethod.php(36): Illuminate\\Queue\\Console\\WorkCommand->handle()\n#7 /home/forge/taxes.com.ar/vendor/laravel/framework/src/Illuminate/Container/Util.php(37): Illuminate\\Container\\BoundMethod::Illuminate\\Container\\{closure}()\n#8 /home/forge/taxes.com.ar/vendor/laravel/framework/src/Illuminate/Container/BoundMethod.php(93): Illuminate\\Container\\Util::unwrapIfClosure(Object(Closure))\n#9 /home/forge/taxes.com.ar/vendor/laravel/framework/src/Illuminate/Container/BoundMethod.php(37): Illuminate\\Container\\BoundMethod::callBoundMethod(Object(Illuminate\\Foundation\\Application), Array, Object(Closure))\n#10 /home/forge/taxes.com.ar/vendor/laravel/framework/src/Illuminate/Container/Container.php(596): Illuminate\\Container\\BoundMethod::call(Object(Illuminate\\Foundation\\Application), Array, Array, NULL)\n#11 /home/forge/taxes.com.ar/vendor/laravel/framework/src/Illuminate/Console/Command.php(134): Illuminate\\Container\\Container->call(Array)\n#12 /home/forge/taxes.com.ar/vendor/symfony/console/Command/Command.php(256): Illuminate\\Console\\Command->execute(Object(Symfony\\Component\\Console\\Input\\ArgvInput), Object(Illuminate\\Console\\OutputStyle))\n#13 /home/forge/taxes.com.ar/vendor/laravel/framework/src/Illuminate/Console/Command.php(121): Symfony\\Component\\Console\\Command\\Command->run(Object(Symfony\\Component\\Console\\Input\\ArgvInput), Object(Illuminate\\Console\\OutputStyle))\n#14 /home/forge/taxes.com.ar/vendor/symfony/console/Application.php(971): Illuminate\\Console\\Command->run(Object(Symfony\\Component\\Console\\Input\\ArgvInput), Object(Symfony\\Component\\Console\\Output\\ConsoleOutput))\n#15 /home/forge/taxes.com.ar/vendor/symfony/console/Application.php(290): Symfony\\Component\\Console\\Application->doRunCommand(Object(Illuminate\\Queue\\Console\\WorkCommand), Object(Symfony\\Component\\Console\\Input\\ArgvInput), Object(Symfony\\Component\\Console\\Output\\ConsoleOutput))\n#16 /home/forge/taxes.com.ar/vendor/symfony/console/Application.php(166): Symfony\\Component\\Console\\Application->doRun(Object(Symfony\\Component\\Console\\Input\\ArgvInput), Object(Symfony\\Component\\Console\\Output\\ConsoleOutput))\n#17 /home/forge/taxes.com.ar/vendor/laravel/framework/src/Illuminate/Console/Application.php(93): Symfony\\Component\\Console\\Application->run(Object(Symfony\\Component\\Console\\Input\\ArgvInput), Object(Symfony\\Component\\Console\\Output\\ConsoleOutput))\n#18 /home/forge/taxes.com.ar/vendor/laravel/framework/src/Illuminate/Foundation/Console/Kernel.php(129): Illuminate\\Console\\Application->run(Object(Symfony\\Component\\Console\\Input\\ArgvInput), Object(Symfony\\Component\\Console\\Output\\ConsoleOutput))\n#19 /home/forge/taxes.com.ar/artisan(35): Illuminate\\Foundation\\Console\\Kernel->handle(Object(Symfony\\Component\\Console\\Input\\ArgvInput), Object(Symfony\\Component\\Console\\Output\\ConsoleOutput))\n#20 {main}','2021-04-17 09:16:48',NULL);
INSERT INTO `failed_jobs` VALUES (5,NULL,'database','default','{\"uuid\":\"78663004-00ab-462b-a818-cd528735178a\",\"displayName\":\"App\\\\Mail\\\\EmailGenerico\",\"job\":\"Illuminate\\\\Queue\\\\CallQueuedHandler@call\",\"maxTries\":null,\"maxExceptions\":null,\"delay\":null,\"timeout\":null,\"timeoutAt\":null,\"data\":{\"commandName\":\"Illuminate\\\\Mail\\\\SendQueuedMailable\",\"command\":\"O:34:\\\"Illuminate\\\\Mail\\\\SendQueuedMailable\\\":3:{s:8:\\\"mailable\\\";O:22:\\\"App\\\\Mail\\\\EmailGenerico\\\":27:{s:4:\\\"info\\\";a:5:{s:6:\\\"nombre\\\";s:6:\\\"Evelyn\\\";s:8:\\\"apellido\\\";s:7:\\\"Costoya\\\";s:5:\\\"email\\\";s:29:\\\"jlc.estudiocontable@gmail.com\\\";s:7:\\\"celular\\\";s:10:\\\"1557078508\\\";s:4:\\\"cuit\\\";s:13:\\\"23-36538136-4\\\";}s:31:\\\"\\u0000App\\\\Mail\\\\EmailGenerico\\u0000options\\\";O:29:\\\"Illuminate\\\\Support\\\\Collection\\\":5:{s:8:\\\"\\u0000*\\u0000items\\\";a:0:{}s:4:\\\"from\\\";s:19:\\\"hernan@taxes.com.ar\\\";s:4:\\\"name\\\";s:24:\\\"Hernan de Taxes Software\\\";s:5:\\\"vista\\\";s:52:\\\"landing2.view.prueba_gratis.mail_confirmacion_correo\\\";s:7:\\\"subject\\\";s:39:\\\"Confirmacion de Correo - Taxes Software\\\";}s:6:\\\"locale\\\";N;s:4:\\\"from\\\";a:0:{}s:2:\\\"to\\\";a:1:{i:0;a:2:{s:4:\\\"name\\\";N;s:7:\\\"address\\\";s:29:\\\"jlc.estudiocontable@gmail.com\\\";}}s:2:\\\"cc\\\";a:0:{}s:3:\\\"bcc\\\";a:0:{}s:7:\\\"replyTo\\\";a:0:{}s:7:\\\"subject\\\";N;s:11:\\\"\\u0000*\\u0000markdown\\\";N;s:7:\\\"\\u0000*\\u0000html\\\";N;s:4:\\\"view\\\";N;s:8:\\\"textView\\\";N;s:8:\\\"viewData\\\";a:0:{}s:11:\\\"attachments\\\";a:0:{}s:14:\\\"rawAttachments\\\";a:0:{}s:15:\\\"diskAttachments\\\";a:0:{}s:9:\\\"callbacks\\\";a:0:{}s:5:\\\"theme\\\";N;s:6:\\\"mailer\\\";s:8:\\\"sendgrid\\\";s:10:\\\"connection\\\";N;s:5:\\\"queue\\\";N;s:15:\\\"chainConnection\\\";N;s:10:\\\"chainQueue\\\";N;s:5:\\\"delay\\\";N;s:10:\\\"middleware\\\";a:0:{}s:7:\\\"chained\\\";a:0:{}}s:5:\\\"tries\\\";N;s:7:\\\"timeout\\\";N;}\"}}','ErrorException: Trying to get property \'id\' of non-object in /home/forge/taxes.com.ar/app/Queue/DatabaseJob.php:16\nStack trace:\n#0 /home/forge/taxes.com.ar/app/Queue/DatabaseJob.php(16): Illuminate\\Foundation\\Bootstrap\\HandleExceptions->handleError(8, \'Trying to get p...\', \'/home/forge/tax...\', 16, Array)\n#1 /home/forge/taxes.com.ar/vendor/laravel/framework/src/Illuminate/Queue/Worker.php(356): App\\Queue\\DatabaseJob->fire()\n#2 /home/forge/taxes.com.ar/vendor/laravel/framework/src/Illuminate/Queue/Worker.php(306): Illuminate\\Queue\\Worker->process(\'database\', Object(App\\Queue\\DatabaseJob), Object(Illuminate\\Queue\\WorkerOptions))\n#3 /home/forge/taxes.com.ar/vendor/laravel/framework/src/Illuminate/Queue/Worker.php(132): Illuminate\\Queue\\Worker->runJob(Object(App\\Queue\\DatabaseJob), \'database\', Object(Illuminate\\Queue\\WorkerOptions))\n#4 /home/forge/taxes.com.ar/vendor/laravel/framework/src/Illuminate/Queue/Console/WorkCommand.php(112): Illuminate\\Queue\\Worker->daemon(\'database\', \'default\', Object(Illuminate\\Queue\\WorkerOptions))\n#5 /home/forge/taxes.com.ar/vendor/laravel/framework/src/Illuminate/Queue/Console/WorkCommand.php(96): Illuminate\\Queue\\Console\\WorkCommand->runWorker(\'database\', \'default\')\n#6 /home/forge/taxes.com.ar/vendor/laravel/framework/src/Illuminate/Container/BoundMethod.php(36): Illuminate\\Queue\\Console\\WorkCommand->handle()\n#7 /home/forge/taxes.com.ar/vendor/laravel/framework/src/Illuminate/Container/Util.php(37): Illuminate\\Container\\BoundMethod::Illuminate\\Container\\{closure}()\n#8 /home/forge/taxes.com.ar/vendor/laravel/framework/src/Illuminate/Container/BoundMethod.php(93): Illuminate\\Container\\Util::unwrapIfClosure(Object(Closure))\n#9 /home/forge/taxes.com.ar/vendor/laravel/framework/src/Illuminate/Container/BoundMethod.php(37): Illuminate\\Container\\BoundMethod::callBoundMethod(Object(Illuminate\\Foundation\\Application), Array, Object(Closure))\n#10 /home/forge/taxes.com.ar/vendor/laravel/framework/src/Illuminate/Container/Container.php(596): Illuminate\\Container\\BoundMethod::call(Object(Illuminate\\Foundation\\Application), Array, Array, NULL)\n#11 /home/forge/taxes.com.ar/vendor/laravel/framework/src/Illuminate/Console/Command.php(134): Illuminate\\Container\\Container->call(Array)\n#12 /home/forge/taxes.com.ar/vendor/symfony/console/Command/Command.php(256): Illuminate\\Console\\Command->execute(Object(Symfony\\Component\\Console\\Input\\ArgvInput), Object(Illuminate\\Console\\OutputStyle))\n#13 /home/forge/taxes.com.ar/vendor/laravel/framework/src/Illuminate/Console/Command.php(121): Symfony\\Component\\Console\\Command\\Command->run(Object(Symfony\\Component\\Console\\Input\\ArgvInput), Object(Illuminate\\Console\\OutputStyle))\n#14 /home/forge/taxes.com.ar/vendor/symfony/console/Application.php(971): Illuminate\\Console\\Command->run(Object(Symfony\\Component\\Console\\Input\\ArgvInput), Object(Symfony\\Component\\Console\\Output\\ConsoleOutput))\n#15 /home/forge/taxes.com.ar/vendor/symfony/console/Application.php(290): Symfony\\Component\\Console\\Application->doRunCommand(Object(Illuminate\\Queue\\Console\\WorkCommand), Object(Symfony\\Component\\Console\\Input\\ArgvInput), Object(Symfony\\Component\\Console\\Output\\ConsoleOutput))\n#16 /home/forge/taxes.com.ar/vendor/symfony/console/Application.php(166): Symfony\\Component\\Console\\Application->doRun(Object(Symfony\\Component\\Console\\Input\\ArgvInput), Object(Symfony\\Component\\Console\\Output\\ConsoleOutput))\n#17 /home/forge/taxes.com.ar/vendor/laravel/framework/src/Illuminate/Console/Application.php(93): Symfony\\Component\\Console\\Application->run(Object(Symfony\\Component\\Console\\Input\\ArgvInput), Object(Symfony\\Component\\Console\\Output\\ConsoleOutput))\n#18 /home/forge/taxes.com.ar/vendor/laravel/framework/src/Illuminate/Foundation/Console/Kernel.php(129): Illuminate\\Console\\Application->run(Object(Symfony\\Component\\Console\\Input\\ArgvInput), Object(Symfony\\Component\\Console\\Output\\ConsoleOutput))\n#19 /home/forge/taxes.com.ar/artisan(35): Illuminate\\Foundation\\Console\\Kernel->handle(Object(Symfony\\Component\\Console\\Input\\ArgvInput), Object(Symfony\\Component\\Console\\Output\\ConsoleOutput))\n#20 {main}','2021-04-17 10:30:59',NULL);
INSERT INTO `failed_jobs` VALUES (6,NULL,'database','default','{\"uuid\":\"78663004-00ab-462b-a818-cd528735178a\",\"displayName\":\"App\\\\Mail\\\\EmailGenerico\",\"job\":\"Illuminate\\\\Queue\\\\CallQueuedHandler@call\",\"maxTries\":null,\"maxExceptions\":null,\"delay\":null,\"timeout\":null,\"timeoutAt\":null,\"data\":{\"commandName\":\"Illuminate\\\\Mail\\\\SendQueuedMailable\",\"command\":\"O:34:\\\"Illuminate\\\\Mail\\\\SendQueuedMailable\\\":3:{s:8:\\\"mailable\\\";O:22:\\\"App\\\\Mail\\\\EmailGenerico\\\":27:{s:4:\\\"info\\\";a:5:{s:6:\\\"nombre\\\";s:6:\\\"Evelyn\\\";s:8:\\\"apellido\\\";s:7:\\\"Costoya\\\";s:5:\\\"email\\\";s:29:\\\"jlc.estudiocontable@gmail.com\\\";s:7:\\\"celular\\\";s:10:\\\"1557078508\\\";s:4:\\\"cuit\\\";s:13:\\\"23-36538136-4\\\";}s:31:\\\"\\u0000App\\\\Mail\\\\EmailGenerico\\u0000options\\\";O:29:\\\"Illuminate\\\\Support\\\\Collection\\\":5:{s:8:\\\"\\u0000*\\u0000items\\\";a:0:{}s:4:\\\"from\\\";s:19:\\\"hernan@taxes.com.ar\\\";s:4:\\\"name\\\";s:24:\\\"Hernan de Taxes Software\\\";s:5:\\\"vista\\\";s:52:\\\"landing2.view.prueba_gratis.mail_confirmacion_correo\\\";s:7:\\\"subject\\\";s:39:\\\"Confirmacion de Correo - Taxes Software\\\";}s:6:\\\"locale\\\";N;s:4:\\\"from\\\";a:0:{}s:2:\\\"to\\\";a:1:{i:0;a:2:{s:4:\\\"name\\\";N;s:7:\\\"address\\\";s:29:\\\"jlc.estudiocontable@gmail.com\\\";}}s:2:\\\"cc\\\";a:0:{}s:3:\\\"bcc\\\";a:0:{}s:7:\\\"replyTo\\\";a:0:{}s:7:\\\"subject\\\";N;s:11:\\\"\\u0000*\\u0000markdown\\\";N;s:7:\\\"\\u0000*\\u0000html\\\";N;s:4:\\\"view\\\";N;s:8:\\\"textView\\\";N;s:8:\\\"viewData\\\";a:0:{}s:11:\\\"attachments\\\";a:0:{}s:14:\\\"rawAttachments\\\";a:0:{}s:15:\\\"diskAttachments\\\";a:0:{}s:9:\\\"callbacks\\\";a:0:{}s:5:\\\"theme\\\";N;s:6:\\\"mailer\\\";s:8:\\\"sendgrid\\\";s:10:\\\"connection\\\";N;s:5:\\\"queue\\\";N;s:15:\\\"chainConnection\\\";N;s:10:\\\"chainQueue\\\";N;s:5:\\\"delay\\\";N;s:10:\\\"middleware\\\";a:0:{}s:7:\\\"chained\\\";a:0:{}}s:5:\\\"tries\\\";N;s:7:\\\"timeout\\\";N;}\"}}','ErrorException: Trying to get property \'id\' of non-object in /home/forge/taxes.com.ar/app/Queue/DatabaseJob.php:16\nStack trace:\n#0 /home/forge/taxes.com.ar/app/Queue/DatabaseJob.php(16): Illuminate\\Foundation\\Bootstrap\\HandleExceptions->handleError(8, \'Trying to get p...\', \'/home/forge/tax...\', 16, Array)\n#1 /home/forge/taxes.com.ar/vendor/laravel/framework/src/Illuminate/Queue/Worker.php(356): App\\Queue\\DatabaseJob->fire()\n#2 /home/forge/taxes.com.ar/vendor/laravel/framework/src/Illuminate/Queue/Worker.php(306): Illuminate\\Queue\\Worker->process(\'database\', Object(App\\Queue\\DatabaseJob), Object(Illuminate\\Queue\\WorkerOptions))\n#3 /home/forge/taxes.com.ar/vendor/laravel/framework/src/Illuminate/Queue/Worker.php(132): Illuminate\\Queue\\Worker->runJob(Object(App\\Queue\\DatabaseJob), \'database\', Object(Illuminate\\Queue\\WorkerOptions))\n#4 /home/forge/taxes.com.ar/vendor/laravel/framework/src/Illuminate/Queue/Console/WorkCommand.php(112): Illuminate\\Queue\\Worker->daemon(\'database\', \'default\', Object(Illuminate\\Queue\\WorkerOptions))\n#5 /home/forge/taxes.com.ar/vendor/laravel/framework/src/Illuminate/Queue/Console/WorkCommand.php(96): Illuminate\\Queue\\Console\\WorkCommand->runWorker(\'database\', \'default\')\n#6 /home/forge/taxes.com.ar/vendor/laravel/framework/src/Illuminate/Container/BoundMethod.php(36): Illuminate\\Queue\\Console\\WorkCommand->handle()\n#7 /home/forge/taxes.com.ar/vendor/laravel/framework/src/Illuminate/Container/Util.php(37): Illuminate\\Container\\BoundMethod::Illuminate\\Container\\{closure}()\n#8 /home/forge/taxes.com.ar/vendor/laravel/framework/src/Illuminate/Container/BoundMethod.php(93): Illuminate\\Container\\Util::unwrapIfClosure(Object(Closure))\n#9 /home/forge/taxes.com.ar/vendor/laravel/framework/src/Illuminate/Container/BoundMethod.php(37): Illuminate\\Container\\BoundMethod::callBoundMethod(Object(Illuminate\\Foundation\\Application), Array, Object(Closure))\n#10 /home/forge/taxes.com.ar/vendor/laravel/framework/src/Illuminate/Container/Container.php(596): Illuminate\\Container\\BoundMethod::call(Object(Illuminate\\Foundation\\Application), Array, Array, NULL)\n#11 /home/forge/taxes.com.ar/vendor/laravel/framework/src/Illuminate/Console/Command.php(134): Illuminate\\Container\\Container->call(Array)\n#12 /home/forge/taxes.com.ar/vendor/symfony/console/Command/Command.php(256): Illuminate\\Console\\Command->execute(Object(Symfony\\Component\\Console\\Input\\ArgvInput), Object(Illuminate\\Console\\OutputStyle))\n#13 /home/forge/taxes.com.ar/vendor/laravel/framework/src/Illuminate/Console/Command.php(121): Symfony\\Component\\Console\\Command\\Command->run(Object(Symfony\\Component\\Console\\Input\\ArgvInput), Object(Illuminate\\Console\\OutputStyle))\n#14 /home/forge/taxes.com.ar/vendor/symfony/console/Application.php(971): Illuminate\\Console\\Command->run(Object(Symfony\\Component\\Console\\Input\\ArgvInput), Object(Symfony\\Component\\Console\\Output\\ConsoleOutput))\n#15 /home/forge/taxes.com.ar/vendor/symfony/console/Application.php(290): Symfony\\Component\\Console\\Application->doRunCommand(Object(Illuminate\\Queue\\Console\\WorkCommand), Object(Symfony\\Component\\Console\\Input\\ArgvInput), Object(Symfony\\Component\\Console\\Output\\ConsoleOutput))\n#16 /home/forge/taxes.com.ar/vendor/symfony/console/Application.php(166): Symfony\\Component\\Console\\Application->doRun(Object(Symfony\\Component\\Console\\Input\\ArgvInput), Object(Symfony\\Component\\Console\\Output\\ConsoleOutput))\n#17 /home/forge/taxes.com.ar/vendor/laravel/framework/src/Illuminate/Console/Application.php(93): Symfony\\Component\\Console\\Application->run(Object(Symfony\\Component\\Console\\Input\\ArgvInput), Object(Symfony\\Component\\Console\\Output\\ConsoleOutput))\n#18 /home/forge/taxes.com.ar/vendor/laravel/framework/src/Illuminate/Foundation/Console/Kernel.php(129): Illuminate\\Console\\Application->run(Object(Symfony\\Component\\Console\\Input\\ArgvInput), Object(Symfony\\Component\\Console\\Output\\ConsoleOutput))\n#19 /home/forge/taxes.com.ar/artisan(35): Illuminate\\Foundation\\Console\\Kernel->handle(Object(Symfony\\Component\\Console\\Input\\ArgvInput), Object(Symfony\\Component\\Console\\Output\\ConsoleOutput))\n#20 {main}','2021-04-17 10:30:59',NULL);
INSERT INTO `failed_jobs` VALUES (7,NULL,'database','default','{\"uuid\":\"4c6d74d7-d0ce-4fa1-b237-ff41995f600b\",\"displayName\":\"App\\\\Mail\\\\EmailGenerico\",\"job\":\"Illuminate\\\\Queue\\\\CallQueuedHandler@call\",\"maxTries\":null,\"maxExceptions\":null,\"delay\":null,\"timeout\":null,\"timeoutAt\":null,\"data\":{\"commandName\":\"Illuminate\\\\Mail\\\\SendQueuedMailable\",\"command\":\"O:34:\\\"Illuminate\\\\Mail\\\\SendQueuedMailable\\\":3:{s:8:\\\"mailable\\\";O:22:\\\"App\\\\Mail\\\\EmailGenerico\\\":27:{s:4:\\\"info\\\";a:1:{s:4:\\\"mail\\\";s:28:\\\"andreamarisel_13@hotmail.com\\\";}s:31:\\\"\\u0000App\\\\Mail\\\\EmailGenerico\\u0000options\\\";O:29:\\\"Illuminate\\\\Support\\\\Collection\\\":5:{s:8:\\\"\\u0000*\\u0000items\\\";a:0:{}s:4:\\\"from\\\";s:23:\\\"newsletter@taxes.com.ar\\\";s:4:\\\"name\\\";s:28:\\\"Newsletter de Taxes Software\\\";s:5:\\\"vista\\\";s:37:\\\"landing2.view.landing.mail_newsletter\\\";s:7:\\\"subject\\\";s:42:\\\"Bienvenida al Newsletter de Taxes Software\\\";}s:6:\\\"locale\\\";N;s:4:\\\"from\\\";a:0:{}s:2:\\\"to\\\";a:1:{i:0;a:2:{s:4:\\\"name\\\";N;s:7:\\\"address\\\";s:28:\\\"andreamarisel_13@hotmail.com\\\";}}s:2:\\\"cc\\\";a:0:{}s:3:\\\"bcc\\\";a:0:{}s:7:\\\"replyTo\\\";a:0:{}s:7:\\\"subject\\\";N;s:11:\\\"\\u0000*\\u0000markdown\\\";N;s:7:\\\"\\u0000*\\u0000html\\\";N;s:4:\\\"view\\\";N;s:8:\\\"textView\\\";N;s:8:\\\"viewData\\\";a:0:{}s:11:\\\"attachments\\\";a:0:{}s:14:\\\"rawAttachments\\\";a:0:{}s:15:\\\"diskAttachments\\\";a:0:{}s:9:\\\"callbacks\\\";a:0:{}s:5:\\\"theme\\\";N;s:6:\\\"mailer\\\";s:8:\\\"sendgrid\\\";s:10:\\\"connection\\\";N;s:5:\\\"queue\\\";N;s:15:\\\"chainConnection\\\";N;s:10:\\\"chainQueue\\\";N;s:5:\\\"delay\\\";N;s:10:\\\"middleware\\\";a:0:{}s:7:\\\"chained\\\";a:0:{}}s:5:\\\"tries\\\";N;s:7:\\\"timeout\\\";N;}\"}}','ErrorException: Trying to get property \'id\' of non-object in /home/forge/taxes.com.ar/app/Queue/DatabaseJob.php:16\nStack trace:\n#0 /home/forge/taxes.com.ar/app/Queue/DatabaseJob.php(16): Illuminate\\Foundation\\Bootstrap\\HandleExceptions->handleError(8, \'Trying to get p...\', \'/home/forge/tax...\', 16, Array)\n#1 /home/forge/taxes.com.ar/vendor/laravel/framework/src/Illuminate/Queue/Worker.php(356): App\\Queue\\DatabaseJob->fire()\n#2 /home/forge/taxes.com.ar/vendor/laravel/framework/src/Illuminate/Queue/Worker.php(306): Illuminate\\Queue\\Worker->process(\'database\', Object(App\\Queue\\DatabaseJob), Object(Illuminate\\Queue\\WorkerOptions))\n#3 /home/forge/taxes.com.ar/vendor/laravel/framework/src/Illuminate/Queue/Worker.php(132): Illuminate\\Queue\\Worker->runJob(Object(App\\Queue\\DatabaseJob), \'database\', Object(Illuminate\\Queue\\WorkerOptions))\n#4 /home/forge/taxes.com.ar/vendor/laravel/framework/src/Illuminate/Queue/Console/WorkCommand.php(112): Illuminate\\Queue\\Worker->daemon(\'database\', \'default\', Object(Illuminate\\Queue\\WorkerOptions))\n#5 /home/forge/taxes.com.ar/vendor/laravel/framework/src/Illuminate/Queue/Console/WorkCommand.php(96): Illuminate\\Queue\\Console\\WorkCommand->runWorker(\'database\', \'default\')\n#6 /home/forge/taxes.com.ar/vendor/laravel/framework/src/Illuminate/Container/BoundMethod.php(36): Illuminate\\Queue\\Console\\WorkCommand->handle()\n#7 /home/forge/taxes.com.ar/vendor/laravel/framework/src/Illuminate/Container/Util.php(37): Illuminate\\Container\\BoundMethod::Illuminate\\Container\\{closure}()\n#8 /home/forge/taxes.com.ar/vendor/laravel/framework/src/Illuminate/Container/BoundMethod.php(93): Illuminate\\Container\\Util::unwrapIfClosure(Object(Closure))\n#9 /home/forge/taxes.com.ar/vendor/laravel/framework/src/Illuminate/Container/BoundMethod.php(37): Illuminate\\Container\\BoundMethod::callBoundMethod(Object(Illuminate\\Foundation\\Application), Array, Object(Closure))\n#10 /home/forge/taxes.com.ar/vendor/laravel/framework/src/Illuminate/Container/Container.php(596): Illuminate\\Container\\BoundMethod::call(Object(Illuminate\\Foundation\\Application), Array, Array, NULL)\n#11 /home/forge/taxes.com.ar/vendor/laravel/framework/src/Illuminate/Console/Command.php(134): Illuminate\\Container\\Container->call(Array)\n#12 /home/forge/taxes.com.ar/vendor/symfony/console/Command/Command.php(256): Illuminate\\Console\\Command->execute(Object(Symfony\\Component\\Console\\Input\\ArgvInput), Object(Illuminate\\Console\\OutputStyle))\n#13 /home/forge/taxes.com.ar/vendor/laravel/framework/src/Illuminate/Console/Command.php(121): Symfony\\Component\\Console\\Command\\Command->run(Object(Symfony\\Component\\Console\\Input\\ArgvInput), Object(Illuminate\\Console\\OutputStyle))\n#14 /home/forge/taxes.com.ar/vendor/symfony/console/Application.php(971): Illuminate\\Console\\Command->run(Object(Symfony\\Component\\Console\\Input\\ArgvInput), Object(Symfony\\Component\\Console\\Output\\ConsoleOutput))\n#15 /home/forge/taxes.com.ar/vendor/symfony/console/Application.php(290): Symfony\\Component\\Console\\Application->doRunCommand(Object(Illuminate\\Queue\\Console\\WorkCommand), Object(Symfony\\Component\\Console\\Input\\ArgvInput), Object(Symfony\\Component\\Console\\Output\\ConsoleOutput))\n#16 /home/forge/taxes.com.ar/vendor/symfony/console/Application.php(166): Symfony\\Component\\Console\\Application->doRun(Object(Symfony\\Component\\Console\\Input\\ArgvInput), Object(Symfony\\Component\\Console\\Output\\ConsoleOutput))\n#17 /home/forge/taxes.com.ar/vendor/laravel/framework/src/Illuminate/Console/Application.php(93): Symfony\\Component\\Console\\Application->run(Object(Symfony\\Component\\Console\\Input\\ArgvInput), Object(Symfony\\Component\\Console\\Output\\ConsoleOutput))\n#18 /home/forge/taxes.com.ar/vendor/laravel/framework/src/Illuminate/Foundation/Console/Kernel.php(129): Illuminate\\Console\\Application->run(Object(Symfony\\Component\\Console\\Input\\ArgvInput), Object(Symfony\\Component\\Console\\Output\\ConsoleOutput))\n#19 /home/forge/taxes.com.ar/artisan(35): Illuminate\\Foundation\\Console\\Kernel->handle(Object(Symfony\\Component\\Console\\Input\\ArgvInput), Object(Symfony\\Component\\Console\\Output\\ConsoleOutput))\n#20 {main}','2021-04-17 11:56:40',NULL);
INSERT INTO `failed_jobs` VALUES (8,NULL,'database','default','{\"uuid\":\"4c6d74d7-d0ce-4fa1-b237-ff41995f600b\",\"displayName\":\"App\\\\Mail\\\\EmailGenerico\",\"job\":\"Illuminate\\\\Queue\\\\CallQueuedHandler@call\",\"maxTries\":null,\"maxExceptions\":null,\"delay\":null,\"timeout\":null,\"timeoutAt\":null,\"data\":{\"commandName\":\"Illuminate\\\\Mail\\\\SendQueuedMailable\",\"command\":\"O:34:\\\"Illuminate\\\\Mail\\\\SendQueuedMailable\\\":3:{s:8:\\\"mailable\\\";O:22:\\\"App\\\\Mail\\\\EmailGenerico\\\":27:{s:4:\\\"info\\\";a:1:{s:4:\\\"mail\\\";s:28:\\\"andreamarisel_13@hotmail.com\\\";}s:31:\\\"\\u0000App\\\\Mail\\\\EmailGenerico\\u0000options\\\";O:29:\\\"Illuminate\\\\Support\\\\Collection\\\":5:{s:8:\\\"\\u0000*\\u0000items\\\";a:0:{}s:4:\\\"from\\\";s:23:\\\"newsletter@taxes.com.ar\\\";s:4:\\\"name\\\";s:28:\\\"Newsletter de Taxes Software\\\";s:5:\\\"vista\\\";s:37:\\\"landing2.view.landing.mail_newsletter\\\";s:7:\\\"subject\\\";s:42:\\\"Bienvenida al Newsletter de Taxes Software\\\";}s:6:\\\"locale\\\";N;s:4:\\\"from\\\";a:0:{}s:2:\\\"to\\\";a:1:{i:0;a:2:{s:4:\\\"name\\\";N;s:7:\\\"address\\\";s:28:\\\"andreamarisel_13@hotmail.com\\\";}}s:2:\\\"cc\\\";a:0:{}s:3:\\\"bcc\\\";a:0:{}s:7:\\\"replyTo\\\";a:0:{}s:7:\\\"subject\\\";N;s:11:\\\"\\u0000*\\u0000markdown\\\";N;s:7:\\\"\\u0000*\\u0000html\\\";N;s:4:\\\"view\\\";N;s:8:\\\"textView\\\";N;s:8:\\\"viewData\\\";a:0:{}s:11:\\\"attachments\\\";a:0:{}s:14:\\\"rawAttachments\\\";a:0:{}s:15:\\\"diskAttachments\\\";a:0:{}s:9:\\\"callbacks\\\";a:0:{}s:5:\\\"theme\\\";N;s:6:\\\"mailer\\\";s:8:\\\"sendgrid\\\";s:10:\\\"connection\\\";N;s:5:\\\"queue\\\";N;s:15:\\\"chainConnection\\\";N;s:10:\\\"chainQueue\\\";N;s:5:\\\"delay\\\";N;s:10:\\\"middleware\\\";a:0:{}s:7:\\\"chained\\\";a:0:{}}s:5:\\\"tries\\\";N;s:7:\\\"timeout\\\";N;}\"}}','ErrorException: Trying to get property \'id\' of non-object in /home/forge/taxes.com.ar/app/Queue/DatabaseJob.php:16\nStack trace:\n#0 /home/forge/taxes.com.ar/app/Queue/DatabaseJob.php(16): Illuminate\\Foundation\\Bootstrap\\HandleExceptions->handleError(8, \'Trying to get p...\', \'/home/forge/tax...\', 16, Array)\n#1 /home/forge/taxes.com.ar/vendor/laravel/framework/src/Illuminate/Queue/Worker.php(356): App\\Queue\\DatabaseJob->fire()\n#2 /home/forge/taxes.com.ar/vendor/laravel/framework/src/Illuminate/Queue/Worker.php(306): Illuminate\\Queue\\Worker->process(\'database\', Object(App\\Queue\\DatabaseJob), Object(Illuminate\\Queue\\WorkerOptions))\n#3 /home/forge/taxes.com.ar/vendor/laravel/framework/src/Illuminate/Queue/Worker.php(132): Illuminate\\Queue\\Worker->runJob(Object(App\\Queue\\DatabaseJob), \'database\', Object(Illuminate\\Queue\\WorkerOptions))\n#4 /home/forge/taxes.com.ar/vendor/laravel/framework/src/Illuminate/Queue/Console/WorkCommand.php(112): Illuminate\\Queue\\Worker->daemon(\'database\', \'default\', Object(Illuminate\\Queue\\WorkerOptions))\n#5 /home/forge/taxes.com.ar/vendor/laravel/framework/src/Illuminate/Queue/Console/WorkCommand.php(96): Illuminate\\Queue\\Console\\WorkCommand->runWorker(\'database\', \'default\')\n#6 /home/forge/taxes.com.ar/vendor/laravel/framework/src/Illuminate/Container/BoundMethod.php(36): Illuminate\\Queue\\Console\\WorkCommand->handle()\n#7 /home/forge/taxes.com.ar/vendor/laravel/framework/src/Illuminate/Container/Util.php(37): Illuminate\\Container\\BoundMethod::Illuminate\\Container\\{closure}()\n#8 /home/forge/taxes.com.ar/vendor/laravel/framework/src/Illuminate/Container/BoundMethod.php(93): Illuminate\\Container\\Util::unwrapIfClosure(Object(Closure))\n#9 /home/forge/taxes.com.ar/vendor/laravel/framework/src/Illuminate/Container/BoundMethod.php(37): Illuminate\\Container\\BoundMethod::callBoundMethod(Object(Illuminate\\Foundation\\Application), Array, Object(Closure))\n#10 /home/forge/taxes.com.ar/vendor/laravel/framework/src/Illuminate/Container/Container.php(596): Illuminate\\Container\\BoundMethod::call(Object(Illuminate\\Foundation\\Application), Array, Array, NULL)\n#11 /home/forge/taxes.com.ar/vendor/laravel/framework/src/Illuminate/Console/Command.php(134): Illuminate\\Container\\Container->call(Array)\n#12 /home/forge/taxes.com.ar/vendor/symfony/console/Command/Command.php(256): Illuminate\\Console\\Command->execute(Object(Symfony\\Component\\Console\\Input\\ArgvInput), Object(Illuminate\\Console\\OutputStyle))\n#13 /home/forge/taxes.com.ar/vendor/laravel/framework/src/Illuminate/Console/Command.php(121): Symfony\\Component\\Console\\Command\\Command->run(Object(Symfony\\Component\\Console\\Input\\ArgvInput), Object(Illuminate\\Console\\OutputStyle))\n#14 /home/forge/taxes.com.ar/vendor/symfony/console/Application.php(971): Illuminate\\Console\\Command->run(Object(Symfony\\Component\\Console\\Input\\ArgvInput), Object(Symfony\\Component\\Console\\Output\\ConsoleOutput))\n#15 /home/forge/taxes.com.ar/vendor/symfony/console/Application.php(290): Symfony\\Component\\Console\\Application->doRunCommand(Object(Illuminate\\Queue\\Console\\WorkCommand), Object(Symfony\\Component\\Console\\Input\\ArgvInput), Object(Symfony\\Component\\Console\\Output\\ConsoleOutput))\n#16 /home/forge/taxes.com.ar/vendor/symfony/console/Application.php(166): Symfony\\Component\\Console\\Application->doRun(Object(Symfony\\Component\\Console\\Input\\ArgvInput), Object(Symfony\\Component\\Console\\Output\\ConsoleOutput))\n#17 /home/forge/taxes.com.ar/vendor/laravel/framework/src/Illuminate/Console/Application.php(93): Symfony\\Component\\Console\\Application->run(Object(Symfony\\Component\\Console\\Input\\ArgvInput), Object(Symfony\\Component\\Console\\Output\\ConsoleOutput))\n#18 /home/forge/taxes.com.ar/vendor/laravel/framework/src/Illuminate/Foundation/Console/Kernel.php(129): Illuminate\\Console\\Application->run(Object(Symfony\\Component\\Console\\Input\\ArgvInput), Object(Symfony\\Component\\Console\\Output\\ConsoleOutput))\n#19 /home/forge/taxes.com.ar/artisan(35): Illuminate\\Foundation\\Console\\Kernel->handle(Object(Symfony\\Component\\Console\\Input\\ArgvInput), Object(Symfony\\Component\\Console\\Output\\ConsoleOutput))\n#20 {main}','2021-04-17 11:56:40',NULL);
INSERT INTO `failed_jobs` VALUES (9,NULL,'database','default','{\"uuid\":\"9344db9d-abc5-4669-a204-4b31aba6f5d9\",\"displayName\":\"App\\\\Mail\\\\EmailGenerico\",\"job\":\"Illuminate\\\\Queue\\\\CallQueuedHandler@call\",\"maxTries\":null,\"maxExceptions\":null,\"delay\":null,\"timeout\":null,\"timeoutAt\":null,\"data\":{\"commandName\":\"Illuminate\\\\Mail\\\\SendQueuedMailable\",\"command\":\"O:34:\\\"Illuminate\\\\Mail\\\\SendQueuedMailable\\\":3:{s:8:\\\"mailable\\\";O:22:\\\"App\\\\Mail\\\\EmailGenerico\\\":27:{s:4:\\\"info\\\";a:5:{s:6:\\\"nombre\\\";s:5:\\\"Laura\\\";s:8:\\\"apellido\\\";s:5:\\\"Calvo\\\";s:5:\\\"email\\\";s:21:\\\"lscalvo7@yahoo.com.ar\\\";s:7:\\\"celular\\\";s:10:\\\"1151256744\\\";s:4:\\\"cuit\\\";s:13:\\\"27-24293437-2\\\";}s:31:\\\"\\u0000App\\\\Mail\\\\EmailGenerico\\u0000options\\\";O:29:\\\"Illuminate\\\\Support\\\\Collection\\\":5:{s:8:\\\"\\u0000*\\u0000items\\\";a:0:{}s:4:\\\"from\\\";s:19:\\\"hernan@taxes.com.ar\\\";s:4:\\\"name\\\";s:24:\\\"Hernan de Taxes Software\\\";s:5:\\\"vista\\\";s:52:\\\"landing2.view.prueba_gratis.mail_confirmacion_correo\\\";s:7:\\\"subject\\\";s:39:\\\"Confirmacion de Correo - Taxes Software\\\";}s:6:\\\"locale\\\";N;s:4:\\\"from\\\";a:0:{}s:2:\\\"to\\\";a:1:{i:0;a:2:{s:4:\\\"name\\\";N;s:7:\\\"address\\\";s:21:\\\"lscalvo7@yahoo.com.ar\\\";}}s:2:\\\"cc\\\";a:0:{}s:3:\\\"bcc\\\";a:0:{}s:7:\\\"replyTo\\\";a:0:{}s:7:\\\"subject\\\";N;s:11:\\\"\\u0000*\\u0000markdown\\\";N;s:7:\\\"\\u0000*\\u0000html\\\";N;s:4:\\\"view\\\";N;s:8:\\\"textView\\\";N;s:8:\\\"viewData\\\";a:0:{}s:11:\\\"attachments\\\";a:0:{}s:14:\\\"rawAttachments\\\";a:0:{}s:15:\\\"diskAttachments\\\";a:0:{}s:9:\\\"callbacks\\\";a:0:{}s:5:\\\"theme\\\";N;s:6:\\\"mailer\\\";s:8:\\\"sendgrid\\\";s:10:\\\"connection\\\";N;s:5:\\\"queue\\\";N;s:15:\\\"chainConnection\\\";N;s:10:\\\"chainQueue\\\";N;s:5:\\\"delay\\\";N;s:10:\\\"middleware\\\";a:0:{}s:7:\\\"chained\\\";a:0:{}}s:5:\\\"tries\\\";N;s:7:\\\"timeout\\\";N;}\"}}','ErrorException: Trying to get property \'id\' of non-object in /home/forge/taxes.com.ar/app/Queue/DatabaseJob.php:16\nStack trace:\n#0 /home/forge/taxes.com.ar/app/Queue/DatabaseJob.php(16): Illuminate\\Foundation\\Bootstrap\\HandleExceptions->handleError(8, \'Trying to get p...\', \'/home/forge/tax...\', 16, Array)\n#1 /home/forge/taxes.com.ar/vendor/laravel/framework/src/Illuminate/Queue/Worker.php(356): App\\Queue\\DatabaseJob->fire()\n#2 /home/forge/taxes.com.ar/vendor/laravel/framework/src/Illuminate/Queue/Worker.php(306): Illuminate\\Queue\\Worker->process(\'database\', Object(App\\Queue\\DatabaseJob), Object(Illuminate\\Queue\\WorkerOptions))\n#3 /home/forge/taxes.com.ar/vendor/laravel/framework/src/Illuminate/Queue/Worker.php(132): Illuminate\\Queue\\Worker->runJob(Object(App\\Queue\\DatabaseJob), \'database\', Object(Illuminate\\Queue\\WorkerOptions))\n#4 /home/forge/taxes.com.ar/vendor/laravel/framework/src/Illuminate/Queue/Console/WorkCommand.php(112): Illuminate\\Queue\\Worker->daemon(\'database\', \'default\', Object(Illuminate\\Queue\\WorkerOptions))\n#5 /home/forge/taxes.com.ar/vendor/laravel/framework/src/Illuminate/Queue/Console/WorkCommand.php(96): Illuminate\\Queue\\Console\\WorkCommand->runWorker(\'database\', \'default\')\n#6 /home/forge/taxes.com.ar/vendor/laravel/framework/src/Illuminate/Container/BoundMethod.php(36): Illuminate\\Queue\\Console\\WorkCommand->handle()\n#7 /home/forge/taxes.com.ar/vendor/laravel/framework/src/Illuminate/Container/Util.php(37): Illuminate\\Container\\BoundMethod::Illuminate\\Container\\{closure}()\n#8 /home/forge/taxes.com.ar/vendor/laravel/framework/src/Illuminate/Container/BoundMethod.php(93): Illuminate\\Container\\Util::unwrapIfClosure(Object(Closure))\n#9 /home/forge/taxes.com.ar/vendor/laravel/framework/src/Illuminate/Container/BoundMethod.php(37): Illuminate\\Container\\BoundMethod::callBoundMethod(Object(Illuminate\\Foundation\\Application), Array, Object(Closure))\n#10 /home/forge/taxes.com.ar/vendor/laravel/framework/src/Illuminate/Container/Container.php(596): Illuminate\\Container\\BoundMethod::call(Object(Illuminate\\Foundation\\Application), Array, Array, NULL)\n#11 /home/forge/taxes.com.ar/vendor/laravel/framework/src/Illuminate/Console/Command.php(134): Illuminate\\Container\\Container->call(Array)\n#12 /home/forge/taxes.com.ar/vendor/symfony/console/Command/Command.php(256): Illuminate\\Console\\Command->execute(Object(Symfony\\Component\\Console\\Input\\ArgvInput), Object(Illuminate\\Console\\OutputStyle))\n#13 /home/forge/taxes.com.ar/vendor/laravel/framework/src/Illuminate/Console/Command.php(121): Symfony\\Component\\Console\\Command\\Command->run(Object(Symfony\\Component\\Console\\Input\\ArgvInput), Object(Illuminate\\Console\\OutputStyle))\n#14 /home/forge/taxes.com.ar/vendor/symfony/console/Application.php(971): Illuminate\\Console\\Command->run(Object(Symfony\\Component\\Console\\Input\\ArgvInput), Object(Symfony\\Component\\Console\\Output\\ConsoleOutput))\n#15 /home/forge/taxes.com.ar/vendor/symfony/console/Application.php(290): Symfony\\Component\\Console\\Application->doRunCommand(Object(Illuminate\\Queue\\Console\\WorkCommand), Object(Symfony\\Component\\Console\\Input\\ArgvInput), Object(Symfony\\Component\\Console\\Output\\ConsoleOutput))\n#16 /home/forge/taxes.com.ar/vendor/symfony/console/Application.php(166): Symfony\\Component\\Console\\Application->doRun(Object(Symfony\\Component\\Console\\Input\\ArgvInput), Object(Symfony\\Component\\Console\\Output\\ConsoleOutput))\n#17 /home/forge/taxes.com.ar/vendor/laravel/framework/src/Illuminate/Console/Application.php(93): Symfony\\Component\\Console\\Application->run(Object(Symfony\\Component\\Console\\Input\\ArgvInput), Object(Symfony\\Component\\Console\\Output\\ConsoleOutput))\n#18 /home/forge/taxes.com.ar/vendor/laravel/framework/src/Illuminate/Foundation/Console/Kernel.php(129): Illuminate\\Console\\Application->run(Object(Symfony\\Component\\Console\\Input\\ArgvInput), Object(Symfony\\Component\\Console\\Output\\ConsoleOutput))\n#19 /home/forge/taxes.com.ar/artisan(35): Illuminate\\Foundation\\Console\\Kernel->handle(Object(Symfony\\Component\\Console\\Input\\ArgvInput), Object(Symfony\\Component\\Console\\Output\\ConsoleOutput))\n#20 {main}','2021-04-17 12:37:41',NULL);
INSERT INTO `failed_jobs` VALUES (10,NULL,'database','default','{\"uuid\":\"9344db9d-abc5-4669-a204-4b31aba6f5d9\",\"displayName\":\"App\\\\Mail\\\\EmailGenerico\",\"job\":\"Illuminate\\\\Queue\\\\CallQueuedHandler@call\",\"maxTries\":null,\"maxExceptions\":null,\"delay\":null,\"timeout\":null,\"timeoutAt\":null,\"data\":{\"commandName\":\"Illuminate\\\\Mail\\\\SendQueuedMailable\",\"command\":\"O:34:\\\"Illuminate\\\\Mail\\\\SendQueuedMailable\\\":3:{s:8:\\\"mailable\\\";O:22:\\\"App\\\\Mail\\\\EmailGenerico\\\":27:{s:4:\\\"info\\\";a:5:{s:6:\\\"nombre\\\";s:5:\\\"Laura\\\";s:8:\\\"apellido\\\";s:5:\\\"Calvo\\\";s:5:\\\"email\\\";s:21:\\\"lscalvo7@yahoo.com.ar\\\";s:7:\\\"celular\\\";s:10:\\\"1151256744\\\";s:4:\\\"cuit\\\";s:13:\\\"27-24293437-2\\\";}s:31:\\\"\\u0000App\\\\Mail\\\\EmailGenerico\\u0000options\\\";O:29:\\\"Illuminate\\\\Support\\\\Collection\\\":5:{s:8:\\\"\\u0000*\\u0000items\\\";a:0:{}s:4:\\\"from\\\";s:19:\\\"hernan@taxes.com.ar\\\";s:4:\\\"name\\\";s:24:\\\"Hernan de Taxes Software\\\";s:5:\\\"vista\\\";s:52:\\\"landing2.view.prueba_gratis.mail_confirmacion_correo\\\";s:7:\\\"subject\\\";s:39:\\\"Confirmacion de Correo - Taxes Software\\\";}s:6:\\\"locale\\\";N;s:4:\\\"from\\\";a:0:{}s:2:\\\"to\\\";a:1:{i:0;a:2:{s:4:\\\"name\\\";N;s:7:\\\"address\\\";s:21:\\\"lscalvo7@yahoo.com.ar\\\";}}s:2:\\\"cc\\\";a:0:{}s:3:\\\"bcc\\\";a:0:{}s:7:\\\"replyTo\\\";a:0:{}s:7:\\\"subject\\\";N;s:11:\\\"\\u0000*\\u0000markdown\\\";N;s:7:\\\"\\u0000*\\u0000html\\\";N;s:4:\\\"view\\\";N;s:8:\\\"textView\\\";N;s:8:\\\"viewData\\\";a:0:{}s:11:\\\"attachments\\\";a:0:{}s:14:\\\"rawAttachments\\\";a:0:{}s:15:\\\"diskAttachments\\\";a:0:{}s:9:\\\"callbacks\\\";a:0:{}s:5:\\\"theme\\\";N;s:6:\\\"mailer\\\";s:8:\\\"sendgrid\\\";s:10:\\\"connection\\\";N;s:5:\\\"queue\\\";N;s:15:\\\"chainConnection\\\";N;s:10:\\\"chainQueue\\\";N;s:5:\\\"delay\\\";N;s:10:\\\"middleware\\\";a:0:{}s:7:\\\"chained\\\";a:0:{}}s:5:\\\"tries\\\";N;s:7:\\\"timeout\\\";N;}\"}}','ErrorException: Trying to get property \'id\' of non-object in /home/forge/taxes.com.ar/app/Queue/DatabaseJob.php:16\nStack trace:\n#0 /home/forge/taxes.com.ar/app/Queue/DatabaseJob.php(16): Illuminate\\Foundation\\Bootstrap\\HandleExceptions->handleError(8, \'Trying to get p...\', \'/home/forge/tax...\', 16, Array)\n#1 /home/forge/taxes.com.ar/vendor/laravel/framework/src/Illuminate/Queue/Worker.php(356): App\\Queue\\DatabaseJob->fire()\n#2 /home/forge/taxes.com.ar/vendor/laravel/framework/src/Illuminate/Queue/Worker.php(306): Illuminate\\Queue\\Worker->process(\'database\', Object(App\\Queue\\DatabaseJob), Object(Illuminate\\Queue\\WorkerOptions))\n#3 /home/forge/taxes.com.ar/vendor/laravel/framework/src/Illuminate/Queue/Worker.php(132): Illuminate\\Queue\\Worker->runJob(Object(App\\Queue\\DatabaseJob), \'database\', Object(Illuminate\\Queue\\WorkerOptions))\n#4 /home/forge/taxes.com.ar/vendor/laravel/framework/src/Illuminate/Queue/Console/WorkCommand.php(112): Illuminate\\Queue\\Worker->daemon(\'database\', \'default\', Object(Illuminate\\Queue\\WorkerOptions))\n#5 /home/forge/taxes.com.ar/vendor/laravel/framework/src/Illuminate/Queue/Console/WorkCommand.php(96): Illuminate\\Queue\\Console\\WorkCommand->runWorker(\'database\', \'default\')\n#6 /home/forge/taxes.com.ar/vendor/laravel/framework/src/Illuminate/Container/BoundMethod.php(36): Illuminate\\Queue\\Console\\WorkCommand->handle()\n#7 /home/forge/taxes.com.ar/vendor/laravel/framework/src/Illuminate/Container/Util.php(37): Illuminate\\Container\\BoundMethod::Illuminate\\Container\\{closure}()\n#8 /home/forge/taxes.com.ar/vendor/laravel/framework/src/Illuminate/Container/BoundMethod.php(93): Illuminate\\Container\\Util::unwrapIfClosure(Object(Closure))\n#9 /home/forge/taxes.com.ar/vendor/laravel/framework/src/Illuminate/Container/BoundMethod.php(37): Illuminate\\Container\\BoundMethod::callBoundMethod(Object(Illuminate\\Foundation\\Application), Array, Object(Closure))\n#10 /home/forge/taxes.com.ar/vendor/laravel/framework/src/Illuminate/Container/Container.php(596): Illuminate\\Container\\BoundMethod::call(Object(Illuminate\\Foundation\\Application), Array, Array, NULL)\n#11 /home/forge/taxes.com.ar/vendor/laravel/framework/src/Illuminate/Console/Command.php(134): Illuminate\\Container\\Container->call(Array)\n#12 /home/forge/taxes.com.ar/vendor/symfony/console/Command/Command.php(256): Illuminate\\Console\\Command->execute(Object(Symfony\\Component\\Console\\Input\\ArgvInput), Object(Illuminate\\Console\\OutputStyle))\n#13 /home/forge/taxes.com.ar/vendor/laravel/framework/src/Illuminate/Console/Command.php(121): Symfony\\Component\\Console\\Command\\Command->run(Object(Symfony\\Component\\Console\\Input\\ArgvInput), Object(Illuminate\\Console\\OutputStyle))\n#14 /home/forge/taxes.com.ar/vendor/symfony/console/Application.php(971): Illuminate\\Console\\Command->run(Object(Symfony\\Component\\Console\\Input\\ArgvInput), Object(Symfony\\Component\\Console\\Output\\ConsoleOutput))\n#15 /home/forge/taxes.com.ar/vendor/symfony/console/Application.php(290): Symfony\\Component\\Console\\Application->doRunCommand(Object(Illuminate\\Queue\\Console\\WorkCommand), Object(Symfony\\Component\\Console\\Input\\ArgvInput), Object(Symfony\\Component\\Console\\Output\\ConsoleOutput))\n#16 /home/forge/taxes.com.ar/vendor/symfony/console/Application.php(166): Symfony\\Component\\Console\\Application->doRun(Object(Symfony\\Component\\Console\\Input\\ArgvInput), Object(Symfony\\Component\\Console\\Output\\ConsoleOutput))\n#17 /home/forge/taxes.com.ar/vendor/laravel/framework/src/Illuminate/Console/Application.php(93): Symfony\\Component\\Console\\Application->run(Object(Symfony\\Component\\Console\\Input\\ArgvInput), Object(Symfony\\Component\\Console\\Output\\ConsoleOutput))\n#18 /home/forge/taxes.com.ar/vendor/laravel/framework/src/Illuminate/Foundation/Console/Kernel.php(129): Illuminate\\Console\\Application->run(Object(Symfony\\Component\\Console\\Input\\ArgvInput), Object(Symfony\\Component\\Console\\Output\\ConsoleOutput))\n#19 /home/forge/taxes.com.ar/artisan(35): Illuminate\\Foundation\\Console\\Kernel->handle(Object(Symfony\\Component\\Console\\Input\\ArgvInput), Object(Symfony\\Component\\Console\\Output\\ConsoleOutput))\n#20 {main}','2021-04-17 12:37:41',NULL);
INSERT INTO `failed_jobs` VALUES (11,NULL,'database','default','{\"uuid\":\"89516b4d-ea86-4319-b2ce-1e4e2ac6212b\",\"displayName\":\"App\\\\Mail\\\\EmailGenerico\",\"job\":\"Illuminate\\\\Queue\\\\CallQueuedHandler@call\",\"maxTries\":null,\"maxExceptions\":null,\"delay\":null,\"timeout\":null,\"timeoutAt\":null,\"data\":{\"commandName\":\"Illuminate\\\\Mail\\\\SendQueuedMailable\",\"command\":\"O:34:\\\"Illuminate\\\\Mail\\\\SendQueuedMailable\\\":3:{s:8:\\\"mailable\\\";O:22:\\\"App\\\\Mail\\\\EmailGenerico\\\":27:{s:4:\\\"info\\\";a:5:{s:6:\\\"nombre\\\";s:7:\\\"Ignacio\\\";s:8:\\\"apellido\\\";s:7:\\\"Sarachu\\\";s:5:\\\"email\\\";s:25:\\\"nacho_sarachu@hotmail.com\\\";s:7:\\\"celular\\\";s:10:\\\"2901466834\\\";s:4:\\\"cuit\\\";s:13:\\\"20-38785017-2\\\";}s:31:\\\"\\u0000App\\\\Mail\\\\EmailGenerico\\u0000options\\\";O:29:\\\"Illuminate\\\\Support\\\\Collection\\\":5:{s:8:\\\"\\u0000*\\u0000items\\\";a:0:{}s:4:\\\"from\\\";s:19:\\\"hernan@taxes.com.ar\\\";s:4:\\\"name\\\";s:24:\\\"Hernan de Taxes Software\\\";s:5:\\\"vista\\\";s:52:\\\"landing2.view.prueba_gratis.mail_confirmacion_correo\\\";s:7:\\\"subject\\\";s:39:\\\"Confirmacion de Correo - Taxes Software\\\";}s:6:\\\"locale\\\";N;s:4:\\\"from\\\";a:0:{}s:2:\\\"to\\\";a:1:{i:0;a:2:{s:4:\\\"name\\\";N;s:7:\\\"address\\\";s:25:\\\"nacho_sarachu@hotmail.com\\\";}}s:2:\\\"cc\\\";a:0:{}s:3:\\\"bcc\\\";a:0:{}s:7:\\\"replyTo\\\";a:0:{}s:7:\\\"subject\\\";N;s:11:\\\"\\u0000*\\u0000markdown\\\";N;s:7:\\\"\\u0000*\\u0000html\\\";N;s:4:\\\"view\\\";N;s:8:\\\"textView\\\";N;s:8:\\\"viewData\\\";a:0:{}s:11:\\\"attachments\\\";a:0:{}s:14:\\\"rawAttachments\\\";a:0:{}s:15:\\\"diskAttachments\\\";a:0:{}s:9:\\\"callbacks\\\";a:0:{}s:5:\\\"theme\\\";N;s:6:\\\"mailer\\\";s:8:\\\"sendgrid\\\";s:10:\\\"connection\\\";N;s:5:\\\"queue\\\";N;s:15:\\\"chainConnection\\\";N;s:10:\\\"chainQueue\\\";N;s:5:\\\"delay\\\";N;s:10:\\\"middleware\\\";a:0:{}s:7:\\\"chained\\\";a:0:{}}s:5:\\\"tries\\\";N;s:7:\\\"timeout\\\";N;}\"}}','Illuminate\\Queue\\MaxAttemptsExceededException: App\\Mail\\EmailGenerico has been attempted too many times or run too long. The job may have previously timed out. in /home/forge/taxes.com.ar/vendor/laravel/framework/src/Illuminate/Queue/Worker.php:648\nStack trace:\n#0 /home/forge/taxes.com.ar/vendor/laravel/framework/src/Illuminate/Queue/Worker.php(436): Illuminate\\Queue\\Worker->maxAttemptsExceededException(Object(App\\Queue\\DatabaseJob))\n#1 /home/forge/taxes.com.ar/vendor/laravel/framework/src/Illuminate/Queue/Worker.php(346): Illuminate\\Queue\\Worker->markJobAsFailedIfAlreadyExceedsMaxAttempts(\'database\', Object(App\\Queue\\DatabaseJob), 1)\n#2 /home/forge/taxes.com.ar/vendor/laravel/framework/src/Illuminate/Queue/Worker.php(306): Illuminate\\Queue\\Worker->process(\'database\', Object(App\\Queue\\DatabaseJob), Object(Illuminate\\Queue\\WorkerOptions))\n#3 /home/forge/taxes.com.ar/vendor/laravel/framework/src/Illuminate/Queue/Worker.php(132): Illuminate\\Queue\\Worker->runJob(Object(App\\Queue\\DatabaseJob), \'database\', Object(Illuminate\\Queue\\WorkerOptions))\n#4 /home/forge/taxes.com.ar/vendor/laravel/framework/src/Illuminate/Queue/Console/WorkCommand.php(112): Illuminate\\Queue\\Worker->daemon(\'database\', \'default\', Object(Illuminate\\Queue\\WorkerOptions))\n#5 /home/forge/taxes.com.ar/vendor/laravel/framework/src/Illuminate/Queue/Console/WorkCommand.php(96): Illuminate\\Queue\\Console\\WorkCommand->runWorker(\'database\', \'default\')\n#6 /home/forge/taxes.com.ar/vendor/laravel/framework/src/Illuminate/Container/BoundMethod.php(36): Illuminate\\Queue\\Console\\WorkCommand->handle()\n#7 /home/forge/taxes.com.ar/vendor/laravel/framework/src/Illuminate/Container/Util.php(37): Illuminate\\Container\\BoundMethod::Illuminate\\Container\\{closure}()\n#8 /home/forge/taxes.com.ar/vendor/laravel/framework/src/Illuminate/Container/BoundMethod.php(93): Illuminate\\Container\\Util::unwrapIfClosure(Object(Closure))\n#9 /home/forge/taxes.com.ar/vendor/laravel/framework/src/Illuminate/Container/BoundMethod.php(37): Illuminate\\Container\\BoundMethod::callBoundMethod(Object(Illuminate\\Foundation\\Application), Array, Object(Closure))\n#10 /home/forge/taxes.com.ar/vendor/laravel/framework/src/Illuminate/Container/Container.php(596): Illuminate\\Container\\BoundMethod::call(Object(Illuminate\\Foundation\\Application), Array, Array, NULL)\n#11 /home/forge/taxes.com.ar/vendor/laravel/framework/src/Illuminate/Console/Command.php(134): Illuminate\\Container\\Container->call(Array)\n#12 /home/forge/taxes.com.ar/vendor/symfony/console/Command/Command.php(256): Illuminate\\Console\\Command->execute(Object(Symfony\\Component\\Console\\Input\\ArgvInput), Object(Illuminate\\Console\\OutputStyle))\n#13 /home/forge/taxes.com.ar/vendor/laravel/framework/src/Illuminate/Console/Command.php(121): Symfony\\Component\\Console\\Command\\Command->run(Object(Symfony\\Component\\Console\\Input\\ArgvInput), Object(Illuminate\\Console\\OutputStyle))\n#14 /home/forge/taxes.com.ar/vendor/symfony/console/Application.php(971): Illuminate\\Console\\Command->run(Object(Symfony\\Component\\Console\\Input\\ArgvInput), Object(Symfony\\Component\\Console\\Output\\ConsoleOutput))\n#15 /home/forge/taxes.com.ar/vendor/symfony/console/Application.php(290): Symfony\\Component\\Console\\Application->doRunCommand(Object(Illuminate\\Queue\\Console\\WorkCommand), Object(Symfony\\Component\\Console\\Input\\ArgvInput), Object(Symfony\\Component\\Console\\Output\\ConsoleOutput))\n#16 /home/forge/taxes.com.ar/vendor/symfony/console/Application.php(166): Symfony\\Component\\Console\\Application->doRun(Object(Symfony\\Component\\Console\\Input\\ArgvInput), Object(Symfony\\Component\\Console\\Output\\ConsoleOutput))\n#17 /home/forge/taxes.com.ar/vendor/laravel/framework/src/Illuminate/Console/Application.php(93): Symfony\\Component\\Console\\Application->run(Object(Symfony\\Component\\Console\\Input\\ArgvInput), Object(Symfony\\Component\\Console\\Output\\ConsoleOutput))\n#18 /home/forge/taxes.com.ar/vendor/laravel/framework/src/Illuminate/Foundation/Console/Kernel.php(129): Illuminate\\Console\\Application->run(Object(Symfony\\Component\\Console\\Input\\ArgvInput), Object(Symfony\\Component\\Console\\Output\\ConsoleOutput))\n#19 /home/forge/taxes.com.ar/artisan(35): Illuminate\\Foundation\\Console\\Kernel->handle(Object(Symfony\\Component\\Console\\Input\\ArgvInput), Object(Symfony\\Component\\Console\\Output\\ConsoleOutput))\n#20 {main}','2021-04-17 14:54:12',NULL);
INSERT INTO `failed_jobs` VALUES (12,NULL,'database','default','{\"uuid\":\"89516b4d-ea86-4319-b2ce-1e4e2ac6212b\",\"displayName\":\"App\\\\Mail\\\\EmailGenerico\",\"job\":\"Illuminate\\\\Queue\\\\CallQueuedHandler@call\",\"maxTries\":null,\"maxExceptions\":null,\"delay\":null,\"timeout\":null,\"timeoutAt\":null,\"data\":{\"commandName\":\"Illuminate\\\\Mail\\\\SendQueuedMailable\",\"command\":\"O:34:\\\"Illuminate\\\\Mail\\\\SendQueuedMailable\\\":3:{s:8:\\\"mailable\\\";O:22:\\\"App\\\\Mail\\\\EmailGenerico\\\":27:{s:4:\\\"info\\\";a:5:{s:6:\\\"nombre\\\";s:7:\\\"Ignacio\\\";s:8:\\\"apellido\\\";s:7:\\\"Sarachu\\\";s:5:\\\"email\\\";s:25:\\\"nacho_sarachu@hotmail.com\\\";s:7:\\\"celular\\\";s:10:\\\"2901466834\\\";s:4:\\\"cuit\\\";s:13:\\\"20-38785017-2\\\";}s:31:\\\"\\u0000App\\\\Mail\\\\EmailGenerico\\u0000options\\\";O:29:\\\"Illuminate\\\\Support\\\\Collection\\\":5:{s:8:\\\"\\u0000*\\u0000items\\\";a:0:{}s:4:\\\"from\\\";s:19:\\\"hernan@taxes.com.ar\\\";s:4:\\\"name\\\";s:24:\\\"Hernan de Taxes Software\\\";s:5:\\\"vista\\\";s:52:\\\"landing2.view.prueba_gratis.mail_confirmacion_correo\\\";s:7:\\\"subject\\\";s:39:\\\"Confirmacion de Correo - Taxes Software\\\";}s:6:\\\"locale\\\";N;s:4:\\\"from\\\";a:0:{}s:2:\\\"to\\\";a:1:{i:0;a:2:{s:4:\\\"name\\\";N;s:7:\\\"address\\\";s:25:\\\"nacho_sarachu@hotmail.com\\\";}}s:2:\\\"cc\\\";a:0:{}s:3:\\\"bcc\\\";a:0:{}s:7:\\\"replyTo\\\";a:0:{}s:7:\\\"subject\\\";N;s:11:\\\"\\u0000*\\u0000markdown\\\";N;s:7:\\\"\\u0000*\\u0000html\\\";N;s:4:\\\"view\\\";N;s:8:\\\"textView\\\";N;s:8:\\\"viewData\\\";a:0:{}s:11:\\\"attachments\\\";a:0:{}s:14:\\\"rawAttachments\\\";a:0:{}s:15:\\\"diskAttachments\\\";a:0:{}s:9:\\\"callbacks\\\";a:0:{}s:5:\\\"theme\\\";N;s:6:\\\"mailer\\\";s:8:\\\"sendgrid\\\";s:10:\\\"connection\\\";N;s:5:\\\"queue\\\";N;s:15:\\\"chainConnection\\\";N;s:10:\\\"chainQueue\\\";N;s:5:\\\"delay\\\";N;s:10:\\\"middleware\\\";a:0:{}s:7:\\\"chained\\\";a:0:{}}s:5:\\\"tries\\\";N;s:7:\\\"timeout\\\";N;}\"}}','Illuminate\\Queue\\MaxAttemptsExceededException: App\\Mail\\EmailGenerico has been attempted too many times or run too long. The job may have previously timed out. in /home/forge/taxes.com.ar/vendor/laravel/framework/src/Illuminate/Queue/Worker.php:648\nStack trace:\n#0 /home/forge/taxes.com.ar/vendor/laravel/framework/src/Illuminate/Queue/Worker.php(436): Illuminate\\Queue\\Worker->maxAttemptsExceededException(Object(App\\Queue\\DatabaseJob))\n#1 /home/forge/taxes.com.ar/vendor/laravel/framework/src/Illuminate/Queue/Worker.php(346): Illuminate\\Queue\\Worker->markJobAsFailedIfAlreadyExceedsMaxAttempts(\'database\', Object(App\\Queue\\DatabaseJob), 1)\n#2 /home/forge/taxes.com.ar/vendor/laravel/framework/src/Illuminate/Queue/Worker.php(306): Illuminate\\Queue\\Worker->process(\'database\', Object(App\\Queue\\DatabaseJob), Object(Illuminate\\Queue\\WorkerOptions))\n#3 /home/forge/taxes.com.ar/vendor/laravel/framework/src/Illuminate/Queue/Worker.php(132): Illuminate\\Queue\\Worker->runJob(Object(App\\Queue\\DatabaseJob), \'database\', Object(Illuminate\\Queue\\WorkerOptions))\n#4 /home/forge/taxes.com.ar/vendor/laravel/framework/src/Illuminate/Queue/Console/WorkCommand.php(112): Illuminate\\Queue\\Worker->daemon(\'database\', \'default\', Object(Illuminate\\Queue\\WorkerOptions))\n#5 /home/forge/taxes.com.ar/vendor/laravel/framework/src/Illuminate/Queue/Console/WorkCommand.php(96): Illuminate\\Queue\\Console\\WorkCommand->runWorker(\'database\', \'default\')\n#6 /home/forge/taxes.com.ar/vendor/laravel/framework/src/Illuminate/Container/BoundMethod.php(36): Illuminate\\Queue\\Console\\WorkCommand->handle()\n#7 /home/forge/taxes.com.ar/vendor/laravel/framework/src/Illuminate/Container/Util.php(37): Illuminate\\Container\\BoundMethod::Illuminate\\Container\\{closure}()\n#8 /home/forge/taxes.com.ar/vendor/laravel/framework/src/Illuminate/Container/BoundMethod.php(93): Illuminate\\Container\\Util::unwrapIfClosure(Object(Closure))\n#9 /home/forge/taxes.com.ar/vendor/laravel/framework/src/Illuminate/Container/BoundMethod.php(37): Illuminate\\Container\\BoundMethod::callBoundMethod(Object(Illuminate\\Foundation\\Application), Array, Object(Closure))\n#10 /home/forge/taxes.com.ar/vendor/laravel/framework/src/Illuminate/Container/Container.php(596): Illuminate\\Container\\BoundMethod::call(Object(Illuminate\\Foundation\\Application), Array, Array, NULL)\n#11 /home/forge/taxes.com.ar/vendor/laravel/framework/src/Illuminate/Console/Command.php(134): Illuminate\\Container\\Container->call(Array)\n#12 /home/forge/taxes.com.ar/vendor/symfony/console/Command/Command.php(256): Illuminate\\Console\\Command->execute(Object(Symfony\\Component\\Console\\Input\\ArgvInput), Object(Illuminate\\Console\\OutputStyle))\n#13 /home/forge/taxes.com.ar/vendor/laravel/framework/src/Illuminate/Console/Command.php(121): Symfony\\Component\\Console\\Command\\Command->run(Object(Symfony\\Component\\Console\\Input\\ArgvInput), Object(Illuminate\\Console\\OutputStyle))\n#14 /home/forge/taxes.com.ar/vendor/symfony/console/Application.php(971): Illuminate\\Console\\Command->run(Object(Symfony\\Component\\Console\\Input\\ArgvInput), Object(Symfony\\Component\\Console\\Output\\ConsoleOutput))\n#15 /home/forge/taxes.com.ar/vendor/symfony/console/Application.php(290): Symfony\\Component\\Console\\Application->doRunCommand(Object(Illuminate\\Queue\\Console\\WorkCommand), Object(Symfony\\Component\\Console\\Input\\ArgvInput), Object(Symfony\\Component\\Console\\Output\\ConsoleOutput))\n#16 /home/forge/taxes.com.ar/vendor/symfony/console/Application.php(166): Symfony\\Component\\Console\\Application->doRun(Object(Symfony\\Component\\Console\\Input\\ArgvInput), Object(Symfony\\Component\\Console\\Output\\ConsoleOutput))\n#17 /home/forge/taxes.com.ar/vendor/laravel/framework/src/Illuminate/Console/Application.php(93): Symfony\\Component\\Console\\Application->run(Object(Symfony\\Component\\Console\\Input\\ArgvInput), Object(Symfony\\Component\\Console\\Output\\ConsoleOutput))\n#18 /home/forge/taxes.com.ar/vendor/laravel/framework/src/Illuminate/Foundation/Console/Kernel.php(129): Illuminate\\Console\\Application->run(Object(Symfony\\Component\\Console\\Input\\ArgvInput), Object(Symfony\\Component\\Console\\Output\\ConsoleOutput))\n#19 /home/forge/taxes.com.ar/artisan(35): Illuminate\\Foundation\\Console\\Kernel->handle(Object(Symfony\\Component\\Console\\Input\\ArgvInput), Object(Symfony\\Component\\Console\\Output\\ConsoleOutput))\n#20 {main}','2021-04-17 14:54:12',NULL);
INSERT INTO `failed_jobs` VALUES (13,NULL,'database','default','{\"uuid\":\"89516b4d-ea86-4319-b2ce-1e4e2ac6212b\",\"displayName\":\"App\\\\Mail\\\\EmailGenerico\",\"job\":\"Illuminate\\\\Queue\\\\CallQueuedHandler@call\",\"maxTries\":null,\"maxExceptions\":null,\"delay\":null,\"timeout\":null,\"timeoutAt\":null,\"data\":{\"commandName\":\"Illuminate\\\\Mail\\\\SendQueuedMailable\",\"command\":\"O:34:\\\"Illuminate\\\\Mail\\\\SendQueuedMailable\\\":3:{s:8:\\\"mailable\\\";O:22:\\\"App\\\\Mail\\\\EmailGenerico\\\":27:{s:4:\\\"info\\\";a:5:{s:6:\\\"nombre\\\";s:7:\\\"Ignacio\\\";s:8:\\\"apellido\\\";s:7:\\\"Sarachu\\\";s:5:\\\"email\\\";s:25:\\\"nacho_sarachu@hotmail.com\\\";s:7:\\\"celular\\\";s:10:\\\"2901466834\\\";s:4:\\\"cuit\\\";s:13:\\\"20-38785017-2\\\";}s:31:\\\"\\u0000App\\\\Mail\\\\EmailGenerico\\u0000options\\\";O:29:\\\"Illuminate\\\\Support\\\\Collection\\\":5:{s:8:\\\"\\u0000*\\u0000items\\\";a:0:{}s:4:\\\"from\\\";s:19:\\\"hernan@taxes.com.ar\\\";s:4:\\\"name\\\";s:24:\\\"Hernan de Taxes Software\\\";s:5:\\\"vista\\\";s:52:\\\"landing2.view.prueba_gratis.mail_confirmacion_correo\\\";s:7:\\\"subject\\\";s:39:\\\"Confirmacion de Correo - Taxes Software\\\";}s:6:\\\"locale\\\";N;s:4:\\\"from\\\";a:0:{}s:2:\\\"to\\\";a:1:{i:0;a:2:{s:4:\\\"name\\\";N;s:7:\\\"address\\\";s:25:\\\"nacho_sarachu@hotmail.com\\\";}}s:2:\\\"cc\\\";a:0:{}s:3:\\\"bcc\\\";a:0:{}s:7:\\\"replyTo\\\";a:0:{}s:7:\\\"subject\\\";N;s:11:\\\"\\u0000*\\u0000markdown\\\";N;s:7:\\\"\\u0000*\\u0000html\\\";N;s:4:\\\"view\\\";N;s:8:\\\"textView\\\";N;s:8:\\\"viewData\\\";a:0:{}s:11:\\\"attachments\\\";a:0:{}s:14:\\\"rawAttachments\\\";a:0:{}s:15:\\\"diskAttachments\\\";a:0:{}s:9:\\\"callbacks\\\";a:0:{}s:5:\\\"theme\\\";N;s:6:\\\"mailer\\\";s:8:\\\"sendgrid\\\";s:10:\\\"connection\\\";N;s:5:\\\"queue\\\";N;s:15:\\\"chainConnection\\\";N;s:10:\\\"chainQueue\\\";N;s:5:\\\"delay\\\";N;s:10:\\\"middleware\\\";a:0:{}s:7:\\\"chained\\\";a:0:{}}s:5:\\\"tries\\\";N;s:7:\\\"timeout\\\";N;}\"}}','Illuminate\\Queue\\MaxAttemptsExceededException: App\\Mail\\EmailGenerico has been attempted too many times or run too long. The job may have previously timed out. in /home/forge/taxes.com.ar/vendor/laravel/framework/src/Illuminate/Queue/Worker.php:648\nStack trace:\n#0 /home/forge/taxes.com.ar/vendor/laravel/framework/src/Illuminate/Queue/Worker.php(436): Illuminate\\Queue\\Worker->maxAttemptsExceededException(Object(App\\Queue\\DatabaseJob))\n#1 /home/forge/taxes.com.ar/vendor/laravel/framework/src/Illuminate/Queue/Worker.php(346): Illuminate\\Queue\\Worker->markJobAsFailedIfAlreadyExceedsMaxAttempts(\'database\', Object(App\\Queue\\DatabaseJob), 3)\n#2 /home/forge/taxes.com.ar/vendor/laravel/framework/src/Illuminate/Queue/Worker.php(306): Illuminate\\Queue\\Worker->process(\'database\', Object(App\\Queue\\DatabaseJob), Object(Illuminate\\Queue\\WorkerOptions))\n#3 /home/forge/taxes.com.ar/vendor/laravel/framework/src/Illuminate/Queue/Worker.php(132): Illuminate\\Queue\\Worker->runJob(Object(App\\Queue\\DatabaseJob), \'database\', Object(Illuminate\\Queue\\WorkerOptions))\n#4 /home/forge/taxes.com.ar/vendor/laravel/framework/src/Illuminate/Queue/Console/WorkCommand.php(112): Illuminate\\Queue\\Worker->daemon(\'database\', \'default\', Object(Illuminate\\Queue\\WorkerOptions))\n#5 /home/forge/taxes.com.ar/vendor/laravel/framework/src/Illuminate/Queue/Console/WorkCommand.php(96): Illuminate\\Queue\\Console\\WorkCommand->runWorker(\'database\', \'default\')\n#6 /home/forge/taxes.com.ar/vendor/laravel/framework/src/Illuminate/Container/BoundMethod.php(36): Illuminate\\Queue\\Console\\WorkCommand->handle()\n#7 /home/forge/taxes.com.ar/vendor/laravel/framework/src/Illuminate/Container/Util.php(37): Illuminate\\Container\\BoundMethod::Illuminate\\Container\\{closure}()\n#8 /home/forge/taxes.com.ar/vendor/laravel/framework/src/Illuminate/Container/BoundMethod.php(93): Illuminate\\Container\\Util::unwrapIfClosure(Object(Closure))\n#9 /home/forge/taxes.com.ar/vendor/laravel/framework/src/Illuminate/Container/BoundMethod.php(37): Illuminate\\Container\\BoundMethod::callBoundMethod(Object(Illuminate\\Foundation\\Application), Array, Object(Closure))\n#10 /home/forge/taxes.com.ar/vendor/laravel/framework/src/Illuminate/Container/Container.php(596): Illuminate\\Container\\BoundMethod::call(Object(Illuminate\\Foundation\\Application), Array, Array, NULL)\n#11 /home/forge/taxes.com.ar/vendor/laravel/framework/src/Illuminate/Console/Command.php(134): Illuminate\\Container\\Container->call(Array)\n#12 /home/forge/taxes.com.ar/vendor/symfony/console/Command/Command.php(256): Illuminate\\Console\\Command->execute(Object(Symfony\\Component\\Console\\Input\\ArgvInput), Object(Illuminate\\Console\\OutputStyle))\n#13 /home/forge/taxes.com.ar/vendor/laravel/framework/src/Illuminate/Console/Command.php(121): Symfony\\Component\\Console\\Command\\Command->run(Object(Symfony\\Component\\Console\\Input\\ArgvInput), Object(Illuminate\\Console\\OutputStyle))\n#14 /home/forge/taxes.com.ar/vendor/symfony/console/Application.php(971): Illuminate\\Console\\Command->run(Object(Symfony\\Component\\Console\\Input\\ArgvInput), Object(Symfony\\Component\\Console\\Output\\ConsoleOutput))\n#15 /home/forge/taxes.com.ar/vendor/symfony/console/Application.php(290): Symfony\\Component\\Console\\Application->doRunCommand(Object(Illuminate\\Queue\\Console\\WorkCommand), Object(Symfony\\Component\\Console\\Input\\ArgvInput), Object(Symfony\\Component\\Console\\Output\\ConsoleOutput))\n#16 /home/forge/taxes.com.ar/vendor/symfony/console/Application.php(166): Symfony\\Component\\Console\\Application->doRun(Object(Symfony\\Component\\Console\\Input\\ArgvInput), Object(Symfony\\Component\\Console\\Output\\ConsoleOutput))\n#17 /home/forge/taxes.com.ar/vendor/laravel/framework/src/Illuminate/Console/Application.php(93): Symfony\\Component\\Console\\Application->run(Object(Symfony\\Component\\Console\\Input\\ArgvInput), Object(Symfony\\Component\\Console\\Output\\ConsoleOutput))\n#18 /home/forge/taxes.com.ar/vendor/laravel/framework/src/Illuminate/Foundation/Console/Kernel.php(129): Illuminate\\Console\\Application->run(Object(Symfony\\Component\\Console\\Input\\ArgvInput), Object(Symfony\\Component\\Console\\Output\\ConsoleOutput))\n#19 /home/forge/taxes.com.ar/artisan(35): Illuminate\\Foundation\\Console\\Kernel->handle(Object(Symfony\\Component\\Console\\Input\\ArgvInput), Object(Symfony\\Component\\Console\\Output\\ConsoleOutput))\n#20 {main}','2021-04-17 14:54:12',NULL);
INSERT INTO `failed_jobs` VALUES (14,NULL,'database','default','{\"uuid\":\"4dbc13f3-1239-4b50-8857-a049bc2f1609\",\"displayName\":\"App\\\\Mail\\\\Fact_Electronica\",\"job\":\"Illuminate\\\\Queue\\\\CallQueuedHandler@call\",\"maxTries\":null,\"maxExceptions\":null,\"delay\":null,\"timeout\":null,\"timeoutAt\":null,\"data\":{\"commandName\":\"Illuminate\\\\Mail\\\\SendQueuedMailable\",\"command\":\"O:34:\\\"Illuminate\\\\Mail\\\\SendQueuedMailable\\\":3:{s:8:\\\"mailable\\\";O:25:\\\"App\\\\Mail\\\\Fact_Electronica\\\":27:{s:11:\\\"informacion\\\";a:6:{s:12:\\\"ruta_logo_fa\\\";N;s:4:\\\"mail\\\";s:23:\\\"raul_arturi@hotmail.com\\\";s:18:\\\"name_quien_factura\\\";s:11:\\\"Arturi Raul\\\";s:7:\\\"cliente\\\";O:17:\\\"App\\\\Models\\\\Person\\\":27:{s:10:\\\"\\u0000*\\u0000guarded\\\";a:0:{}s:8:\\\"\\u0000*\\u0000table\\\";s:7:\\\"persons\\\";s:13:\\\"\\u0000*\\u0000connection\\\";s:7:\\\"finance\\\";s:13:\\\"\\u0000*\\u0000primaryKey\\\";s:2:\\\"id\\\";s:10:\\\"\\u0000*\\u0000keyType\\\";s:3:\\\"int\\\";s:12:\\\"incrementing\\\";b:1;s:7:\\\"\\u0000*\\u0000with\\\";a:0:{}s:12:\\\"\\u0000*\\u0000withCount\\\";a:0:{}s:10:\\\"\\u0000*\\u0000perPage\\\";i:15;s:6:\\\"exists\\\";b:1;s:18:\\\"wasRecentlyCreated\\\";b:0;s:13:\\\"\\u0000*\\u0000attributes\\\";a:19:{s:2:\\\"id\\\";i:1989;s:7:\\\"user_id\\\";i:112;s:11:\\\"field_name1\\\";s:16:\\\"Consumidor Final\\\";s:11:\\\"field_name2\\\";N;s:13:\\\"document_type\\\";s:4:\\\"cuit\\\";s:8:\\\"document\\\";s:13:\\\"99-99999999-9\\\";s:10:\\\"country_id\\\";N;s:8:\\\"state_id\\\";i:22;s:7:\\\"zone_id\\\";i:22;s:14:\\\"plan_cuenta_id\\\";i:6;s:10:\\\"created_at\\\";s:19:\\\"2018-05-14 01:28:52\\\";s:10:\\\"updated_at\\\";s:19:\\\"2021-04-07 14:35:08\\\";s:11:\\\"activity_id\\\";N;s:7:\\\"address\\\";s:16:\\\"BILLINGHURST 965\\\";s:14:\\\"person_type_id\\\";i:2;s:19:\\\"fa_iva_condition_id\\\";N;s:16:\\\"fa_codigo_postal\\\";N;s:5:\\\"email\\\";N;s:10:\\\"deleted_at\\\";N;}s:11:\\\"\\u0000*\\u0000original\\\";a:19:{s:2:\\\"id\\\";i:1989;s:7:\\\"user_id\\\";i:112;s:11:\\\"field_name1\\\";s:16:\\\"Consumidor Final\\\";s:11:\\\"field_name2\\\";N;s:13:\\\"document_type\\\";s:4:\\\"cuit\\\";s:8:\\\"document\\\";s:13:\\\"99-99999999-9\\\";s:10:\\\"country_id\\\";N;s:8:\\\"state_id\\\";i:22;s:7:\\\"zone_id\\\";i:22;s:14:\\\"plan_cuenta_id\\\";i:6;s:10:\\\"created_at\\\";s:19:\\\"2018-05-14 01:28:52\\\";s:10:\\\"updated_at\\\";s:19:\\\"2021-04-07 14:35:08\\\";s:11:\\\"activity_id\\\";N;s:7:\\\"address\\\";s:16:\\\"BILLINGHURST 965\\\";s:14:\\\"person_type_id\\\";i:2;s:19:\\\"fa_iva_condition_id\\\";N;s:16:\\\"fa_codigo_postal\\\";N;s:5:\\\"email\\\";N;s:10:\\\"deleted_at\\\";N;}s:10:\\\"\\u0000*\\u0000changes\\\";a:0:{}s:8:\\\"\\u0000*\\u0000casts\\\";a:0:{}s:17:\\\"\\u0000*\\u0000classCastCache\\\";a:0:{}s:8:\\\"\\u0000*\\u0000dates\\\";a:0:{}s:13:\\\"\\u0000*\\u0000dateFormat\\\";N;s:10:\\\"\\u0000*\\u0000appends\\\";a:0:{}s:19:\\\"\\u0000*\\u0000dispatchesEvents\\\";a:0:{}s:14:\\\"\\u0000*\\u0000observables\\\";a:0:{}s:12:\\\"\\u0000*\\u0000relations\\\";a:0:{}s:10:\\\"\\u0000*\\u0000touches\\\";a:0:{}s:10:\\\"timestamps\\\";b:1;s:9:\\\"\\u0000*\\u0000hidden\\\";a:0:{}s:10:\\\"\\u0000*\\u0000visible\\\";a:0:{}s:11:\\\"\\u0000*\\u0000fillable\\\";a:0:{}}s:14:\\\"nombre_del_pdf\\\";s:28:\\\"Factura N\\u00b00006-00025144.pdf\\\";s:9:\\\"body_mail\\\";N;}s:3:\\\"pdf\\\";O:26:\\\"Barryvdh\\\\Snappy\\\\PdfWrapper\\\":4:{s:9:\\\"\\u0000*\\u0000snappy\\\";O:35:\\\"Barryvdh\\\\Snappy\\\\IlluminateSnappyPdf\\\":10:{s:26:\\\"\\u0000*\\u0000optionsWithContentCheck\\\";a:4:{s:11:\\\"header-html\\\";s:4:\\\"html\\\";s:11:\\\"footer-html\\\";s:4:\\\"html\\\";s:5:\\\"cover\\\";s:4:\\\"html\\\";s:15:\\\"xsl-style-sheet\\\";s:3:\\\"xsl\\\";}s:36:\\\"\\u0000Knp\\\\Snappy\\\\AbstractGenerator\\u0000binary\\\";s:76:\\\"\\/home\\/forge\\/taxes.com.ar\\/vendor\\/h4cc\\/wkhtmltopdf-amd64\\/bin\\/wkhtmltopdf-amd64\\\";s:37:\\\"\\u0000Knp\\\\Snappy\\\\AbstractGenerator\\u0000options\\\";a:132:{s:7:\\\"collate\\\";N;s:10:\\\"no-collate\\\";N;s:10:\\\"cookie-jar\\\";N;s:6:\\\"copies\\\";i:1;s:3:\\\"dpi\\\";N;s:13:\\\"extended-help\\\";N;s:9:\\\"grayscale\\\";N;s:4:\\\"help\\\";N;s:7:\\\"htmldoc\\\";N;s:18:\\\"ignore-load-errors\\\";N;s:9:\\\"image-dpi\\\";N;s:13:\\\"image-quality\\\";N;s:7:\\\"license\\\";N;s:9:\\\"log-level\\\";N;s:10:\\\"lowquality\\\";b:1;s:7:\\\"manpage\\\";N;s:13:\\\"margin-bottom\\\";N;s:11:\\\"margin-left\\\";N;s:12:\\\"margin-right\\\";N;s:10:\\\"margin-top\\\";N;s:11:\\\"orientation\\\";N;s:11:\\\"page-height\\\";N;s:9:\\\"page-size\\\";s:2:\\\"a4\\\";s:10:\\\"page-width\\\";N;s:18:\\\"no-pdf-compression\\\";N;s:5:\\\"quiet\\\";N;s:20:\\\"read-args-from-stdin\\\";N;s:6:\\\"readme\\\";N;s:5:\\\"title\\\";N;s:11:\\\"use-xserver\\\";N;s:7:\\\"version\\\";N;s:20:\\\"dump-default-toc-xsl\\\";N;s:12:\\\"dump-outline\\\";N;s:7:\\\"outline\\\";N;s:10:\\\"no-outline\\\";N;s:13:\\\"outline-depth\\\";N;s:13:\\\"output-format\\\";N;s:5:\\\"allow\\\";N;s:10:\\\"background\\\";N;s:13:\\\"no-background\\\";N;s:16:\\\"bypass-proxy-for\\\";N;s:9:\\\"cache-dir\\\";N;s:20:\\\"checkbox-checked-svg\\\";N;s:12:\\\"checkbox-svg\\\";N;s:6:\\\"cookie\\\";N;s:13:\\\"custom-header\\\";N;s:25:\\\"custom-header-propagation\\\";N;s:28:\\\"no-custom-header-propagation\\\";N;s:16:\\\"debug-javascript\\\";N;s:19:\\\"no-debug-javascript\\\";N;s:14:\\\"default-header\\\";N;s:8:\\\"encoding\\\";N;s:22:\\\"disable-external-links\\\";N;s:21:\\\"enable-external-links\\\";N;s:13:\\\"disable-forms\\\";N;s:12:\\\"enable-forms\\\";N;s:6:\\\"images\\\";N;s:9:\\\"no-images\\\";N;s:22:\\\"disable-internal-links\\\";N;s:21:\\\"enable-internal-links\\\";N;s:18:\\\"disable-javascript\\\";N;s:17:\\\"enable-javascript\\\";N;s:16:\\\"javascript-delay\\\";N;s:19:\\\"keep-relative-links\\\";N;s:19:\\\"load-error-handling\\\";N;s:25:\\\"load-media-error-handling\\\";N;s:25:\\\"disable-local-file-access\\\";N;s:24:\\\"enable-local-file-access\\\";N;s:17:\\\"minimum-font-size\\\";N;s:20:\\\"exclude-from-outline\\\";N;s:18:\\\"include-in-outline\\\";N;s:11:\\\"page-offset\\\";N;s:8:\\\"password\\\";N;s:15:\\\"disable-plugins\\\";N;s:14:\\\"enable-plugins\\\";N;s:4:\\\"post\\\";N;s:9:\\\"post-file\\\";N;s:16:\\\"print-media-type\\\";N;s:19:\\\"no-print-media-type\\\";N;s:5:\\\"proxy\\\";N;s:21:\\\"proxy-hostname-lookup\\\";N;s:23:\\\"radiobutton-checked-svg\\\";N;s:15:\\\"radiobutton-svg\\\";N;s:14:\\\"redirect-delay\\\";N;s:22:\\\"resolve-relative-links\\\";N;s:10:\\\"run-script\\\";N;s:23:\\\"disable-smart-shrinking\\\";N;s:22:\\\"enable-smart-shrinking\\\";N;s:12:\\\"ssl-crt-path\\\";N;s:16:\\\"ssl-key-password\\\";N;s:12:\\\"ssl-key-path\\\";N;s:17:\\\"stop-slow-scripts\\\";N;s:20:\\\"no-stop-slow-scripts\\\";N;s:22:\\\"disable-toc-back-links\\\";N;s:21:\\\"enable-toc-back-links\\\";N;s:16:\\\"user-style-sheet\\\";N;s:8:\\\"username\\\";N;s:13:\\\"viewport-size\\\";N;s:13:\\\"window-status\\\";N;s:4:\\\"zoom\\\";N;s:13:\\\"footer-center\\\";s:25:\\\"Pagina [page] de [toPage]\\\";s:16:\\\"footer-font-name\\\";N;s:16:\\\"footer-font-size\\\";i:8;s:11:\\\"footer-html\\\";N;s:11:\\\"footer-left\\\";s:0:\\\"\\\";s:11:\\\"footer-line\\\";N;s:14:\\\"no-footer-line\\\";N;s:12:\\\"footer-right\\\";N;s:14:\\\"footer-spacing\\\";N;s:13:\\\"header-center\\\";N;s:16:\\\"header-font-name\\\";N;s:16:\\\"header-font-size\\\";N;s:11:\\\"header-html\\\";N;s:11:\\\"header-left\\\";N;s:11:\\\"header-line\\\";N;s:14:\\\"no-header-line\\\";N;s:12:\\\"header-right\\\";N;s:14:\\\"header-spacing\\\";N;s:7:\\\"replace\\\";N;s:5:\\\"cover\\\";N;s:3:\\\"toc\\\";N;s:20:\\\"disable-dotted-lines\\\";N;s:9:\\\"toc-depth\\\";N;s:13:\\\"toc-font-name\\\";N;s:16:\\\"toc-l1-font-size\\\";N;s:15:\\\"toc-header-text\\\";N;s:20:\\\"toc-header-font-name\\\";N;s:20:\\\"toc-header-font-size\\\";N;s:21:\\\"toc-level-indentation\\\";N;s:17:\\\"disable-toc-links\\\";N;s:20:\\\"toc-text-size-shrink\\\";N;s:15:\\\"xsl-style-sheet\\\";N;}s:33:\\\"\\u0000Knp\\\\Snappy\\\\AbstractGenerator\\u0000env\\\";N;s:37:\\\"\\u0000Knp\\\\Snappy\\\\AbstractGenerator\\u0000timeout\\\";b:0;s:46:\\\"\\u0000Knp\\\\Snappy\\\\AbstractGenerator\\u0000defaultExtension\\\";s:3:\\\"pdf\\\";s:18:\\\"\\u0000*\\u0000temporaryFolder\\\";N;s:14:\\\"temporaryFiles\\\";a:0:{}s:36:\\\"\\u0000Knp\\\\Snappy\\\\AbstractGenerator\\u0000logger\\\";O:18:\\\"Psr\\\\Log\\\\NullLogger\\\":0:{}s:2:\\\"fs\\\";O:32:\\\"Illuminate\\\\Filesystem\\\\Filesystem\\\":0:{}}s:10:\\\"\\u0000*\\u0000options\\\";a:0:{}s:4:\\\"html\\\";s:22886:\\\"<!DOCTYPE html>\\n<html lang=\\\"en\\\">\\n    <head>\\n        <meta charset=\\\"utf-8\\\">\\n    <\\/head>\\n    <style>\\n        .subtotales_conceptos{\\n            width:30%;\\n            text-align: right;\\n        }\\n        .subtotales_importes{\\n            text-align: right;\\n        }\\n        .table-totales, .table-totales tr, .table-totales th{\\n            border: 1px solid;\\n        }\\n\\n    <\\/style>\\n    <body>\\n    <div style=\\\"max-height:840px\\\">\\n        <div style=\\\"width: 100%; height:270px\\\"> <!-- Datos de la empresa -->\\n            <table class=\\\"display\\\" cellspacing=\\\"0\\\" width=\\\"100%\\\" style=\\\"border:  1px solid;\\\">\\n                <tr style=\\\"\\\">\\n                    <th colspan=\\\"2\\\" rowspan=\\\"2\\\" style=\\\"width:45%;margin:0;height:150px;\\\">\\n                                                <img src=\\\"\\/home\\/forge\\/taxes.com.ar\\/public\\/storage\\/img\\/\\/20102658060\\/logo_punto_venta_0006.jpeg\\\"\\/>\\n                                            <\\/th>\\n                    <th style=\\\"border:  1px solid;text-align: center; width:10%\\\" colspan=\\\"2\\\">\\n                        <span style=\\\"font-size: 60px;\\\">B<\\/span> <br \\/> <span style=\\\"font-size: 14px;\\\">cod. 06<\\/span>\\n                    <\\/th>\\n                    <th colspan=\\\"2\\\" style=\\\"font-size: 28px;text-align: center;width:45%\\\">\\n                        Factura\\n                        <br>\\n                        0006 - 00025144\\n                    <\\/th>\\n                <\\/tr>\\n                <tr>\\n                    <th><\\/th>\\n                    <th style=\\\"border:  1px 1px 1px 0px solid;\\\" colspan=\\\"2\\\"><\\/th>\\n                    <th><\\/th>\\n                <\\/tr>\\n                <tr>\\n\\n                    <th colspan=\\\"2\\\" style=\\\"text-align:left\\\">\\n                                                    Raz&oacute;n Social:\\n                            <span style=\\\"font-weight: normal;\\\">ARTURI RAUL\\n\\n<\\/span>\\n                                            <\\/th>\\n                    <th style=\\\"border-right: 1px solid;\\\"><\\/th>\\n                    <th><\\/th>\\n                    <th colspan=\\\"2\\\" style=\\\"text-align:left\\\">Fecha de Emisi&oacute;n: <span style=\\\"font-weight: normal;\\\">12\\/04\\/2021<\\/span><\\/th>\\n                <\\/tr>\\n                <tr>\\n                    <th colspan=\\\"2\\\" style=\\\"text-align:left\\\">\\n                        Domicilio Comercial: <span style=\\\"font-weight: normal;\\\">LOPE DE VEGA AV. 2278, C.P.:1417,\\n                        Capital Federal<\\/span>\\n                    <\\/th>\\n                    <th style=\\\"border-right: 1px solid;\\\"><\\/th>\\n                    <th><\\/th>\\n                    <th colspan=\\\"2\\\" style=\\\"text-align:left\\\">CUIT: <span style=\\\"font-weight: normal;\\\">20-10265806-0<\\/span><\\/th>\\n                <\\/tr>\\n                <tr>\\n                    <th colspan=\\\"2\\\" style=\\\"text-align:left\\\">\\n                        Condici&oacute;n frente al IVA: <span style=\\\"font-weight: normal;\\\">Responsable Inscripto<\\/span>\\n                    <\\/th>\\n                    <th style=\\\"border-right: 1px solid;\\\"><\\/th>\\n                    <th><\\/th>\\n                    <th colspan=\\\"2\\\" style=\\\"text-align:left\\\">\\n                        Ingresos Brutos: <span style=\\\"font-weight: normal;\\\">20-10265806-0<\\/span>\\n                        <br>\\n                        Fecha de Inicio de Actividades: <span style=\\\"font-weight: normal;\\\">01\\/12\\/2018<\\/span>\\n                    <\\/th>\\n                <\\/tr>\\n            <\\/table>\\n        <\\/div>\\n\\n        <table style=\\\"text-align: center; width: 100%;border: solid 1px;\\\"> <!-- Fechas -->\\n            <thead>\\n                <tr>\\n                    <th style=\\\"width: 33%;font-size: 14px;text-align: center;\\\"><small>Per\\u00edodo Facturado Desde: 12\\/04\\/2021<\\/small><\\/th>\\n                    <th style=\\\"width: 33%;font-size: 14px;text-align: center;\\\"><small>Per\\u00edodo Facturado Hasta: 12\\/04\\/2021<\\/small><\\/th>\\n                    <th style=\\\"width: 33%;font-size: 14px;text-align: center;\\\"><small>Fecha Vto. Pago: 12\\/04\\/2021<\\/small><\\/th>\\n                <\\/tr>\\n            <\\/thead>\\n        <\\/table>\\n        \\n        <table style=\\\"width: 100%; margin-top: 1%;border: solid 1px;\\\"> <!-- Datos Clientes -->\\n            <tr>\\n                <th style=\\\"text-align:left;\\\"colspan=\\\"12\\\">\\n                    CUIT: <span style=\\\"font-weight: normal;\\\">99-99999999-9<\\/span>\\n                    &nbsp;&nbsp;&nbsp;&nbsp;&nbsp;&nbsp;&nbsp;&nbsp;&nbsp;&nbsp;&nbsp;&nbsp;&nbsp;&nbsp;\\n                    Apellido y Nombre \\/ Raz&oacute;n Social: <span style=\\\"font-weight: normal;\\\">\\n                    Consumidor Final<\\/span>\\n                <\\/th>\\n            <\\/tr>\\n            <tr>\\n                <th style=\\\"text-align:left; width:50%\\\">\\n                    Condici&oacute;n Frente al IVA: <span style=\\\"font-weight: normal;\\\">Consumidor Final<\\/span>\\n                <\\/th>\\n                <th style=\\\"text-align:left; width:50%\\\" colspan=\\\"4\\\">\\n                    Domicilio Comercial:\\n                    <span style=\\\"font-weight: normal;\\\">\\n                    BILLINGHURST 965\\n                    <\\/span>\\n                <\\/th>\\n            <\\/tr>\\n            <tr style=\\\"text-align:left\\\">\\n                <th>Condici&oacute;n de Venta: <span style=\\\"font-weight: normal;\\\">Cuenta Corriente<\\/span><\\/th>\\n            <\\/tr>\\n        <\\/table>\\n\\n        <div style=\\\"border: 1px solid;margin-top: 1%;min-height:600px;\\\">\\n        <table style=\\\"text-align: center; width: 100%; margin-top: 1%;\\\"> <!-- Body -->\\n            <tr style=\\\"border-bottom: 1px solid;font-size: 15px\\\">\\n                <th>C&oacute;digo<\\/th>\\n                <th style=\\\"width: 25%;\\\">Detalle<\\/th>\\n                <th>Cantidad<\\/th>\\n                <th>U.Medida<\\/th>\\n                <th>Precio U.<\\/th>\\n                <th>Bonif. (%)<\\/th>\\n                <th>Precio Bonif.<\\/th>\\n                <th>Subtotal<\\/th>\\n                            <\\/tr>\\n            <tbody>\\n                                                                                <tr style=\\\"font-size: 12px;\\\">\\n                        <td>\\n                            \\n                        <\\/td>\\n                        <td>\\n                            Cable Red Utp Rj45 15 Mts Metros Categoria 5 .... Anri Tv\\n                        <\\/td>\\n                        <td>\\n                            1.00\\n                        <\\/td>\\n                        <td>\\n                            Unidades\\n                        <\\/td>\\n                        <td>                            479,00\\n                                                    <\\/td>\\n                        <td>\\n                            0,00%\\n                        <\\/td>\\n                        <td>\\n                            0,00\\n                        <\\/td>\\n                        <td>\\n                            479,00\\n                        <\\/td>\\n                                            <\\/tr>\\n                    \\n            <\\/tbody>\\n        <\\/table>\\n        <\\/div>\\n\\n        \\n\\n        <div style=\\\"height:200px;margin-top: 1%;\\\"> <!-- Totales -->\\n              <!-- Es factura B o C -->\\n                <table class=\\\"table-totales\\\" cellspacing=\\\"0\\\" width=\\\"100%\\\">\\n                    <tr>\\n                        <th style=\\\"width:50%; text-align:left;\\\">\\n\\n<!--                                <span style=\\\"width:100%;\\\"><img src=\\\"\\/home\\/forge\\/taxes.com.ar\\/public\\/storage\\/barcodes\\/71160836853786.png\\\"><\\/span>\\n                                <span style=\\\"text-align:center;\\\">2010265806006000671160836853786202104223<\\/span>-->\\n                        <\\/th>\\n                        <th class=\\\"subtotales_conceptos\\\">TOTAL:<\\/th>\\n                        <th class=\\\"subtotales_importes\\\">$ 479,00<\\/th>\\n                    <\\/tr>\\n                <\\/table>\\n                <br>\\n                <table cellspacing=\\\"0\\\" width=\\\"100%\\\" style=\\\"border: none\\\">\\n                    <tr>\\n                        <th style=\\\"width:50%; text-align:left;\\\">\\n\\n                            <?xml version=\\\"1.0\\\" encoding=\\\"UTF-8\\\"?>\\n<svg xmlns=\\\"http:\\/\\/www.w3.org\\/2000\\/svg\\\" version=\\\"1.1\\\" width=\\\"100\\\" height=\\\"100\\\" viewBox=\\\"0 0 100 100\\\"><rect x=\\\"0\\\" y=\\\"0\\\" width=\\\"100\\\" height=\\\"100\\\" fill=\\\"#ffffff\\\"\\/><g transform=\\\"scale(1.754)\\\"><g transform=\\\"translate(0,0)\\\"><path fill-rule=\\\"evenodd\\\" d=\\\"M12 0L12 1L10 1L10 2L9 2L9 1L8 1L8 2L9 2L9 3L8 3L8 4L10 4L10 7L11 7L11 6L12 6L12 8L13 8L13 6L12 6L12 5L13 5L13 4L14 4L14 8L15 8L15 6L16 6L16 9L14 9L14 10L15 10L15 13L18 13L18 15L19 15L19 13L22 13L22 14L20 14L20 15L22 15L22 14L23 14L23 13L22 13L22 12L23 12L23 11L22 11L22 12L21 12L21 10L20 10L20 9L19 9L19 6L20 6L20 7L21 7L21 9L22 9L22 10L23 10L23 9L24 9L24 10L25 10L25 11L26 11L26 10L25 10L25 9L27 9L27 12L26 12L26 13L24 13L24 16L23 16L23 17L22 17L22 16L18 16L18 17L21 17L21 21L19 21L19 19L20 19L20 18L18 18L18 19L15 19L15 17L13 17L13 16L12 16L12 17L13 17L13 19L12 19L12 20L11 20L11 19L9 19L9 17L10 17L10 18L11 18L11 17L10 17L10 16L9 16L9 15L10 15L10 14L9 14L9 15L8 15L8 13L10 13L10 10L11 10L11 9L10 9L10 10L9 10L9 8L6 8L6 9L8 9L8 10L6 10L6 11L8 11L8 13L7 13L7 12L6 12L6 13L4 13L4 12L3 12L3 11L2 11L2 10L3 10L3 9L4 9L4 10L5 10L5 8L0 8L0 10L1 10L1 11L2 11L2 12L1 12L1 13L0 13L0 14L1 14L1 16L2 16L2 17L1 17L1 19L0 19L0 21L2 21L2 22L0 22L0 23L2 23L2 25L1 25L1 24L0 24L0 25L1 25L1 27L0 27L0 34L2 34L2 36L1 36L1 35L0 35L0 36L1 36L1 37L3 37L3 39L4 39L4 40L2 40L2 41L1 41L1 39L0 39L0 41L1 41L1 42L2 42L2 41L4 41L4 42L3 42L3 43L1 43L1 45L2 45L2 44L3 44L3 45L5 45L5 44L6 44L6 45L7 45L7 46L5 46L5 47L3 47L3 46L2 46L2 47L1 47L1 46L0 46L0 48L5 48L5 47L7 47L7 48L6 48L6 49L7 49L7 48L9 48L9 49L8 49L8 51L11 51L11 54L10 54L10 55L9 55L9 53L10 53L10 52L8 52L8 57L10 57L10 56L13 56L13 57L14 57L14 56L13 56L13 55L14 55L14 54L13 54L13 52L16 52L16 51L18 51L18 53L19 53L19 54L18 54L18 55L19 55L19 54L20 54L20 55L21 55L21 56L20 56L20 57L21 57L21 56L25 56L25 57L26 57L26 54L25 54L25 53L27 53L27 54L29 54L29 55L30 55L30 56L29 56L29 57L30 57L30 56L31 56L31 57L32 57L32 56L33 56L33 55L31 55L31 52L33 52L33 53L32 53L32 54L34 54L34 55L35 55L35 54L34 54L34 53L35 53L35 51L40 51L40 52L41 52L41 53L42 53L42 54L44 54L44 56L43 56L43 55L42 55L42 56L41 56L41 55L40 55L40 54L38 54L38 55L40 55L40 56L41 56L41 57L44 57L44 56L45 56L45 57L46 57L46 56L45 56L45 55L47 55L47 56L49 56L49 57L52 57L52 55L51 55L51 54L50 54L50 53L52 53L52 54L53 54L53 55L54 55L54 56L53 56L53 57L54 57L54 56L55 56L55 57L56 57L56 56L55 56L55 54L53 54L53 51L54 51L54 52L55 52L55 50L57 50L57 48L56 48L56 46L57 46L57 44L56 44L56 43L55 43L55 42L57 42L57 41L54 41L54 40L56 40L56 39L55 39L55 38L53 38L53 39L49 39L49 38L50 38L50 37L51 37L51 38L52 38L52 37L53 37L53 36L55 36L55 33L53 33L53 32L52 32L52 31L53 31L53 29L54 29L54 32L55 32L55 31L56 31L56 30L57 30L57 28L56 28L56 27L55 27L55 25L56 25L56 26L57 26L57 25L56 25L56 24L55 24L55 23L56 23L56 22L57 22L57 21L56 21L56 22L53 22L53 21L54 21L54 20L55 20L55 19L53 19L53 18L49 18L49 17L50 17L50 16L51 16L51 17L52 17L52 16L53 16L53 17L54 17L54 18L57 18L57 15L56 15L56 14L57 14L57 12L56 12L56 11L55 11L55 10L57 10L57 9L56 9L56 8L55 8L55 10L54 10L54 11L52 11L52 10L53 10L53 9L54 9L54 8L53 8L53 9L52 9L52 8L51 8L51 10L49 10L49 9L50 9L50 8L49 8L49 6L48 6L48 8L49 8L49 9L48 9L48 10L49 10L49 11L47 11L47 10L46 10L46 9L47 9L47 8L46 8L46 7L47 7L47 5L48 5L48 0L45 0L45 2L44 2L44 1L43 1L43 0L39 0L39 1L36 1L36 2L35 2L35 1L34 1L34 2L35 2L35 4L37 4L37 5L36 5L36 7L37 7L37 5L38 5L38 4L37 4L37 3L36 3L36 2L39 2L39 3L42 3L42 2L40 2L40 1L43 1L43 2L44 2L44 3L43 3L43 4L39 4L39 5L43 5L43 6L42 6L42 8L41 8L41 6L40 6L40 8L39 8L39 6L38 6L38 9L39 9L39 10L38 10L38 11L37 11L37 10L36 10L36 9L37 9L37 8L35 8L35 5L34 5L34 9L35 9L35 10L33 10L33 9L32 9L32 11L30 11L30 12L31 12L31 13L30 13L30 14L28 14L28 13L27 13L27 12L29 12L29 11L28 11L28 10L31 10L31 6L32 6L32 8L33 8L33 5L31 5L31 2L29 2L29 0L28 0L28 2L27 2L27 1L26 1L26 0L24 0L24 1L26 1L26 2L27 2L27 3L30 3L30 4L26 4L26 7L25 7L25 6L24 6L24 5L25 5L25 4L24 4L24 3L25 3L25 2L24 2L24 3L23 3L23 2L22 2L22 1L23 1L23 0L22 0L22 1L20 1L20 2L21 2L21 4L22 4L22 5L21 5L21 6L20 6L20 5L18 5L18 4L20 4L20 3L19 3L19 1L17 1L17 3L18 3L18 4L16 4L16 3L15 3L15 4L14 4L14 2L16 2L16 0L14 0L14 2L12 2L12 1L13 1L13 0ZM30 0L30 1L31 1L31 0ZM46 1L46 2L47 2L47 1ZM11 2L11 3L10 3L10 4L11 4L11 3L12 3L12 2ZM32 2L32 3L33 3L33 4L34 4L34 3L33 3L33 2ZM22 3L22 4L23 4L23 5L24 5L24 4L23 4L23 3ZM44 3L44 4L45 4L45 5L44 5L44 6L43 6L43 8L42 8L42 9L43 9L43 8L44 8L44 9L45 9L45 7L46 7L46 5L47 5L47 3L46 3L46 4L45 4L45 3ZM15 4L15 5L16 5L16 4ZM8 5L8 7L9 7L9 5ZM27 5L27 8L30 8L30 5ZM17 6L17 8L18 8L18 6ZM21 6L21 7L22 7L22 9L23 9L23 8L24 8L24 9L25 9L25 8L24 8L24 6L23 6L23 7L22 7L22 6ZM28 6L28 7L29 7L29 6ZM44 6L44 7L45 7L45 6ZM40 8L40 9L41 9L41 8ZM1 9L1 10L2 10L2 9ZM12 9L12 11L11 11L11 14L12 14L12 11L13 11L13 12L14 12L14 11L13 11L13 9ZM16 9L16 10L18 10L18 11L16 11L16 12L18 12L18 13L19 13L19 9ZM35 10L35 11L33 11L33 12L32 12L32 13L31 13L31 14L30 14L30 15L29 15L29 16L28 16L28 15L26 15L26 14L25 14L25 15L26 15L26 16L28 16L28 17L31 17L31 16L30 16L30 15L33 15L33 16L32 16L32 18L36 18L36 19L35 19L35 21L34 21L34 22L35 22L35 23L33 23L33 20L32 20L32 19L31 19L31 18L27 18L27 17L25 17L25 16L24 16L24 17L23 17L23 20L22 20L22 21L23 21L23 22L22 22L22 25L23 25L23 27L22 27L22 29L19 29L19 30L18 30L18 31L17 31L17 29L18 29L18 28L17 28L17 27L18 27L18 26L19 26L19 28L21 28L21 27L20 27L20 26L21 26L21 25L20 25L20 24L19 24L19 23L20 23L20 22L19 22L19 21L18 21L18 20L15 20L15 21L13 21L13 20L14 20L14 19L13 19L13 20L12 20L12 21L11 21L11 22L10 22L10 21L8 21L8 20L7 20L7 19L5 19L5 17L6 17L6 18L8 18L8 17L6 17L6 16L8 16L8 15L6 15L6 14L7 14L7 13L6 13L6 14L5 14L5 17L4 17L4 18L3 18L3 19L4 19L4 24L3 24L3 25L2 25L2 28L1 28L1 29L3 29L3 30L2 30L2 31L1 31L1 33L2 33L2 34L3 34L3 36L4 36L4 38L5 38L5 40L4 40L4 41L5 41L5 42L4 42L4 43L3 43L3 44L4 44L4 43L6 43L6 44L8 44L8 46L7 46L7 47L8 47L8 46L9 46L9 47L10 47L10 48L11 48L11 49L9 49L9 50L11 50L11 49L12 49L12 48L13 48L13 50L12 50L12 51L16 51L16 50L19 50L19 51L20 51L20 52L21 52L21 50L22 50L22 53L20 53L20 54L22 54L22 55L25 55L25 54L24 54L24 53L25 53L25 52L26 52L26 51L25 51L25 50L24 50L24 49L25 49L25 48L24 48L24 47L25 47L25 46L26 46L26 48L32 48L32 49L33 49L33 50L40 50L40 51L41 51L41 52L42 52L42 51L43 51L43 50L45 50L45 48L44 48L44 47L45 47L45 46L48 46L48 48L47 48L47 47L46 47L46 48L47 48L47 49L46 49L46 50L47 50L47 49L48 49L48 48L49 48L49 47L52 47L52 48L54 48L54 49L55 49L55 48L54 48L54 47L53 47L53 45L52 45L52 44L53 44L53 43L54 43L54 42L53 42L53 41L52 41L52 40L51 40L51 41L52 41L52 42L53 42L53 43L52 43L52 44L50 44L50 46L48 46L48 44L47 44L47 43L46 43L46 42L48 42L48 43L49 43L49 42L48 42L48 41L49 41L49 40L47 40L47 39L46 39L46 40L47 40L47 41L45 41L45 40L44 40L44 42L43 42L43 43L42 43L42 42L41 42L41 41L42 41L42 40L40 40L40 39L45 39L45 36L44 36L44 35L45 35L45 34L44 34L44 33L45 33L45 32L44 32L44 33L43 33L43 32L40 32L40 31L36 31L36 30L37 30L37 29L35 29L35 28L37 28L37 27L41 27L41 28L40 28L40 29L41 29L41 31L43 31L43 30L42 30L42 29L43 29L43 28L44 28L44 30L48 30L48 25L49 25L49 26L51 26L51 25L50 25L50 24L52 24L52 26L53 26L53 27L54 27L54 26L53 26L53 24L54 24L54 25L55 25L55 24L54 24L54 23L53 23L53 24L52 24L52 23L50 23L50 22L51 22L51 21L49 21L49 19L46 19L46 18L48 18L48 17L49 17L49 16L50 16L50 15L49 15L49 14L51 14L51 13L50 13L50 12L51 12L51 11L49 11L49 12L47 12L47 13L45 13L45 12L46 12L46 11L45 11L45 12L44 12L44 11L43 11L43 10L40 10L40 11L38 11L38 13L36 13L36 14L35 14L35 13L33 13L33 12L35 12L35 11L36 11L36 12L37 12L37 11L36 11L36 10ZM41 11L41 13L39 13L39 14L38 14L38 15L39 15L39 18L37 18L37 16L36 16L36 18L37 18L37 20L36 20L36 21L35 21L35 22L36 22L36 21L37 21L37 23L38 23L38 19L39 19L39 20L41 20L41 21L40 21L40 23L39 23L39 24L38 24L38 25L37 25L37 24L35 24L35 25L37 25L37 26L36 26L36 27L37 27L37 26L38 26L38 25L39 25L39 26L40 26L40 24L41 24L41 26L43 26L43 25L44 25L44 24L45 24L45 27L44 27L44 28L46 28L46 27L47 27L47 26L46 26L46 24L47 24L47 25L48 25L48 23L47 23L47 22L46 22L46 19L44 19L44 20L43 20L43 17L44 17L44 16L45 16L45 15L46 15L46 16L49 16L49 15L48 15L48 14L49 14L49 13L48 13L48 14L45 14L45 13L44 13L44 12L43 12L43 13L42 13L42 11ZM2 12L2 13L1 13L1 14L2 14L2 13L3 13L3 15L2 15L2 16L4 16L4 13L3 13L3 12ZM52 12L52 13L53 13L53 16L54 16L54 17L55 17L55 16L54 16L54 15L55 15L55 14L54 14L54 13L55 13L55 12L54 12L54 13L53 13L53 12ZM13 13L13 14L14 14L14 13ZM32 13L32 14L33 14L33 15L35 15L35 14L33 14L33 13ZM15 14L15 15L14 15L14 16L16 16L16 17L17 17L17 16L16 16L16 15L17 15L17 14ZM36 14L36 15L37 15L37 14ZM40 14L40 15L42 15L42 17L43 17L43 14ZM51 15L51 16L52 16L52 15ZM33 16L33 17L34 17L34 16ZM40 16L40 17L41 17L41 16ZM24 17L24 20L23 20L23 21L24 21L24 22L23 22L23 25L24 25L24 26L25 26L25 27L24 27L24 28L23 28L23 29L22 29L22 31L23 31L23 33L22 33L22 32L19 32L19 31L18 31L18 33L22 33L22 34L21 34L21 35L20 35L20 34L17 34L17 35L18 35L18 37L16 37L16 36L15 36L15 35L14 35L14 34L13 34L13 33L17 33L17 31L16 31L16 29L17 29L17 28L16 28L16 27L17 27L17 26L16 26L16 25L19 25L19 26L20 26L20 25L19 25L19 24L18 24L18 21L17 21L17 24L16 24L16 23L15 23L15 22L16 22L16 21L15 21L15 22L14 22L14 23L13 23L13 21L12 21L12 23L10 23L10 25L9 25L9 26L8 26L8 25L7 25L7 24L6 24L6 25L5 25L5 24L4 24L4 25L3 25L3 27L4 27L4 28L3 28L3 29L4 29L4 31L5 31L5 32L3 32L3 31L2 31L2 33L4 33L4 36L5 36L5 33L7 33L7 32L6 32L6 31L9 31L9 29L11 29L11 28L9 28L9 27L10 27L10 25L12 25L12 27L13 27L13 29L15 29L15 30L13 30L13 31L12 31L12 30L10 30L10 32L9 32L9 34L10 34L10 35L8 35L8 34L6 34L6 35L7 35L7 36L6 36L6 37L5 37L5 38L6 38L6 39L10 39L10 44L9 44L9 40L6 40L6 41L7 41L7 42L6 42L6 43L8 43L8 44L9 44L9 45L11 45L11 46L10 46L10 47L13 47L13 48L14 48L14 50L15 50L15 48L16 48L16 49L19 49L19 48L16 48L16 47L17 47L17 46L16 46L16 45L18 45L18 47L19 47L19 45L21 45L21 48L20 48L20 49L22 49L22 50L23 50L23 49L24 49L24 48L23 48L23 49L22 49L22 46L23 46L23 47L24 47L24 46L25 46L25 45L26 45L26 44L27 44L27 47L31 47L31 46L32 46L32 45L31 45L31 44L30 44L30 43L32 43L32 44L33 44L33 49L34 49L34 47L36 47L36 46L37 46L37 47L39 47L39 49L40 49L40 48L42 48L42 49L41 49L41 50L43 50L43 47L40 47L40 46L43 46L43 45L44 45L44 46L45 46L45 45L47 45L47 44L45 44L45 42L44 42L44 44L43 44L43 45L40 45L40 44L42 44L42 43L40 43L40 44L39 44L39 46L38 46L38 44L36 44L36 46L34 46L34 45L35 45L35 44L34 44L34 43L36 43L36 42L37 42L37 41L38 41L38 39L40 39L40 38L43 38L43 35L42 35L42 34L43 34L43 33L40 33L40 32L39 32L39 34L36 34L36 35L35 35L35 34L34 34L34 35L31 35L31 34L33 34L33 33L32 33L32 32L35 32L35 30L34 30L34 31L33 31L33 30L31 30L31 24L33 24L33 25L32 25L32 26L33 26L33 27L32 27L32 28L33 28L33 27L34 27L34 26L33 26L33 25L34 25L34 24L33 24L33 23L31 23L31 24L29 24L29 23L30 23L30 22L32 22L32 21L30 21L30 22L29 22L29 23L27 23L27 24L25 24L25 21L26 21L26 22L28 22L28 21L26 21L26 19L27 19L27 20L29 20L29 19L27 19L27 18L25 18L25 17ZM45 17L45 18L46 18L46 17ZM1 19L1 20L2 20L2 19ZM30 19L30 20L31 20L31 19ZM56 19L56 20L57 20L57 19ZM6 20L6 21L7 21L7 22L6 22L6 23L8 23L8 24L9 24L9 23L8 23L8 21L7 21L7 20ZM24 20L24 21L25 21L25 20ZM44 20L44 21L43 21L43 22L41 22L41 23L42 23L42 25L43 25L43 24L44 24L44 23L43 23L43 22L44 22L44 21L45 21L45 20ZM47 20L47 21L48 21L48 22L49 22L49 21L48 21L48 20ZM52 20L52 21L53 21L53 20ZM45 23L45 24L46 24L46 23ZM49 23L49 24L50 24L50 23ZM14 24L14 25L13 25L13 26L14 26L14 25L15 25L15 24ZM24 24L24 25L25 25L25 26L27 26L27 25L25 25L25 24ZM28 24L28 26L29 26L29 24ZM4 25L4 26L5 26L5 25ZM6 25L6 26L7 26L7 25ZM15 26L15 27L14 27L14 28L15 28L15 27L16 27L16 26ZM5 27L5 30L8 30L8 27ZM25 27L25 28L24 28L24 29L25 29L25 30L26 30L26 27ZM27 27L27 30L30 30L30 27ZM42 27L42 28L43 28L43 27ZM49 27L49 30L52 30L52 27ZM6 28L6 29L7 29L7 28ZM28 28L28 29L29 29L29 28ZM50 28L50 29L51 29L51 28ZM54 28L54 29L55 29L55 30L56 30L56 28ZM38 29L38 30L39 30L39 29ZM11 31L11 32L12 32L12 33L10 33L10 34L11 34L11 35L10 35L10 36L11 36L11 35L12 35L12 33L13 33L13 32L12 32L12 31ZM15 31L15 32L16 32L16 31ZM24 31L24 33L23 33L23 34L22 34L22 35L23 35L23 36L22 36L22 37L21 37L21 36L19 36L19 37L18 37L18 38L17 38L17 39L18 39L18 40L19 40L19 39L18 39L18 38L20 38L20 39L22 39L22 41L23 41L23 42L21 42L21 41L20 41L20 42L18 42L18 43L17 43L17 41L15 41L15 40L16 40L16 39L15 39L15 40L14 40L14 39L13 39L13 40L11 40L11 44L12 44L12 46L13 46L13 47L14 47L14 46L13 46L13 43L12 43L12 41L13 41L13 40L14 40L14 44L18 44L18 45L19 45L19 43L20 43L20 42L21 42L21 43L23 43L23 44L22 44L22 45L25 45L25 44L24 44L24 43L25 43L25 42L26 42L26 43L27 43L27 44L28 44L28 42L29 42L29 43L30 43L30 42L32 42L32 43L34 43L34 42L36 42L36 40L37 40L37 39L38 39L38 38L39 38L39 37L36 37L36 39L34 39L34 38L35 38L35 37L34 37L34 38L33 38L33 39L34 39L34 40L32 40L32 37L33 37L33 36L31 36L31 35L30 35L30 34L31 34L31 33L30 33L30 34L29 34L29 33L27 33L27 32L28 32L28 31L27 31L27 32L26 32L26 31ZM30 31L30 32L32 32L32 31ZM46 31L46 34L47 34L47 35L46 35L46 36L47 36L47 37L46 37L46 38L49 38L49 37L50 37L50 36L47 36L47 35L52 35L52 36L51 36L51 37L52 37L52 36L53 36L53 35L54 35L54 34L53 34L53 33L52 33L52 32L50 32L50 33L49 33L49 31L48 31L48 32L47 32L47 31ZM25 32L25 33L24 33L24 34L25 34L25 35L24 35L24 36L23 36L23 37L22 37L22 39L23 39L23 37L24 37L24 39L27 39L27 41L26 41L26 40L25 40L25 41L24 41L24 42L23 42L23 43L24 43L24 42L25 42L25 41L26 41L26 42L27 42L27 41L28 41L28 39L27 39L27 38L28 38L28 37L31 37L31 36L30 36L30 35L29 35L29 34L28 34L28 35L27 35L27 34L25 34L25 33L26 33L26 32ZM36 32L36 33L37 33L37 32ZM47 33L47 34L48 34L48 33ZM51 33L51 34L52 34L52 35L53 35L53 34L52 34L52 33ZM56 33L56 34L57 34L57 33ZM40 34L40 35L41 35L41 34ZM13 35L13 36L12 36L12 37L11 37L11 38L10 38L10 39L12 39L12 37L13 37L13 38L16 38L16 37L13 37L13 36L14 36L14 35ZM25 35L25 36L24 36L24 37L25 37L25 38L27 38L27 37L28 37L28 36L29 36L29 35L28 35L28 36L27 36L27 35ZM34 35L34 36L35 36L35 35ZM36 35L36 36L39 36L39 35ZM56 35L56 37L57 37L57 35ZM8 36L8 37L6 37L6 38L9 38L9 36ZM25 36L25 37L26 37L26 36ZM40 36L40 37L42 37L42 36ZM29 38L29 39L31 39L31 38ZM53 39L53 40L54 40L54 39ZM38 42L38 43L39 43L39 42ZM50 42L50 43L51 43L51 42ZM29 44L29 45L28 45L28 46L30 46L30 44ZM44 44L44 45L45 45L45 44ZM54 44L54 46L55 46L55 45L56 45L56 44ZM51 45L51 46L52 46L52 45ZM36 48L36 49L37 49L37 48ZM27 49L27 52L30 52L30 49ZM49 49L49 52L52 52L52 49ZM28 50L28 51L29 51L29 50ZM50 50L50 51L51 51L51 50ZM24 51L24 52L23 52L23 53L22 53L22 54L23 54L23 53L24 53L24 52L25 52L25 51ZM45 51L45 52L44 52L44 54L45 54L45 52L46 52L46 54L47 54L47 55L48 55L48 54L49 54L49 53L48 53L48 52L46 52L46 51ZM56 51L56 52L57 52L57 51ZM36 52L36 53L37 53L37 52ZM38 52L38 53L39 53L39 52ZM15 53L15 54L16 54L16 53ZM29 53L29 54L30 54L30 53ZM11 54L11 55L13 55L13 54ZM36 54L36 55L37 55L37 54ZM15 55L15 57L19 57L19 56L16 56L16 55ZM49 55L49 56L51 56L51 55ZM36 56L36 57L37 57L37 56ZM38 56L38 57L39 57L39 56ZM0 0L0 7L7 7L7 0ZM1 1L1 6L6 6L6 1ZM2 2L2 5L5 5L5 2ZM50 0L50 7L57 7L57 0ZM51 1L51 6L56 6L56 1ZM52 2L52 5L55 5L55 2ZM0 50L0 57L7 57L7 50ZM1 51L1 56L6 56L6 51ZM2 52L2 55L5 55L5 52Z\\\" fill=\\\"#000000\\\"\\/><\\/g><\\/g><\\/svg>\\n\\n                            <span style=\\\"width:50%;\\\">\\n                                <img style=\\\"max-height: 70px\\\"\\n                                     src=\\\"\\/home\\/forge\\/taxes.com.ar\\/public\\/storage\\/img\\/AfipComprobanteAutorizado.png\\\">\\n                            <\\/span>\\n                        <\\/th>\\n                        <th style=\\\"text-align:right;\\\">\\n                            <p>CAE N&#186;: 71160836853786<br>\\n                                Fecha Vto. CAE:  22\\/04\\/2021\\n                            <\\/p>\\n                        <\\/th>\\n                    <\\/tr>\\n                <\\/table>\\n                    <\\/div>\\n    <\\/div>\\n\\n    <\\/body>\\n<\\/html>\\\";s:4:\\\"file\\\";N;}s:6:\\\"locale\\\";N;s:4:\\\"from\\\";a:0:{}s:2:\\\"to\\\";a:1:{i:0;a:2:{s:4:\\\"name\\\";N;s:7:\\\"address\\\";s:20:\\\"prueba@prueba.com.ar\\\";}}s:2:\\\"cc\\\";a:0:{}s:3:\\\"bcc\\\";a:1:{i:0;a:2:{s:4:\\\"name\\\";N;s:7:\\\"address\\\";s:23:\\\"raul_arturi@hotmail.com\\\";}}s:7:\\\"replyTo\\\";a:0:{}s:7:\\\"subject\\\";N;s:11:\\\"\\u0000*\\u0000markdown\\\";N;s:7:\\\"\\u0000*\\u0000html\\\";N;s:4:\\\"view\\\";N;s:8:\\\"textView\\\";N;s:8:\\\"viewData\\\";a:0:{}s:11:\\\"attachments\\\";a:0:{}s:14:\\\"rawAttachments\\\";a:0:{}s:15:\\\"diskAttachments\\\";a:0:{}s:9:\\\"callbacks\\\";a:0:{}s:5:\\\"theme\\\";N;s:6:\\\"mailer\\\";s:8:\\\"sendgrid\\\";s:10:\\\"connection\\\";N;s:5:\\\"queue\\\";N;s:15:\\\"chainConnection\\\";N;s:10:\\\"chainQueue\\\";N;s:5:\\\"delay\\\";N;s:10:\\\"middleware\\\";a:0:{}s:7:\\\"chained\\\";a:0:{}}s:5:\\\"tries\\\";N;s:7:\\\"timeout\\\";N;}\"}}','Illuminate\\Queue\\MaxAttemptsExceededException: App\\Mail\\Fact_Electronica has been attempted too many times or run too long. The job may have previously timed out. in /home/forge/taxes.com.ar/vendor/laravel/framework/src/Illuminate/Queue/Worker.php:648\nStack trace:\n#0 /home/forge/taxes.com.ar/vendor/laravel/framework/src/Illuminate/Queue/Worker.php(436): Illuminate\\Queue\\Worker->maxAttemptsExceededException(Object(App\\Queue\\DatabaseJob))\n#1 /home/forge/taxes.com.ar/vendor/laravel/framework/src/Illuminate/Queue/Worker.php(346): Illuminate\\Queue\\Worker->markJobAsFailedIfAlreadyExceedsMaxAttempts(\'database\', Object(App\\Queue\\DatabaseJob), 1)\n#2 /home/forge/taxes.com.ar/vendor/laravel/framework/src/Illuminate/Queue/Worker.php(306): Illuminate\\Queue\\Worker->process(\'database\', Object(App\\Queue\\DatabaseJob), Object(Illuminate\\Queue\\WorkerOptions))\n#3 /home/forge/taxes.com.ar/vendor/laravel/framework/src/Illuminate/Queue/Worker.php(132): Illuminate\\Queue\\Worker->runJob(Object(App\\Queue\\DatabaseJob), \'database\', Object(Illuminate\\Queue\\WorkerOptions))\n#4 /home/forge/taxes.com.ar/vendor/laravel/framework/src/Illuminate/Queue/Console/WorkCommand.php(112): Illuminate\\Queue\\Worker->daemon(\'database\', \'default\', Object(Illuminate\\Queue\\WorkerOptions))\n#5 /home/forge/taxes.com.ar/vendor/laravel/framework/src/Illuminate/Queue/Console/WorkCommand.php(96): Illuminate\\Queue\\Console\\WorkCommand->runWorker(\'database\', \'default\')\n#6 /home/forge/taxes.com.ar/vendor/laravel/framework/src/Illuminate/Container/BoundMethod.php(36): Illuminate\\Queue\\Console\\WorkCommand->handle()\n#7 /home/forge/taxes.com.ar/vendor/laravel/framework/src/Illuminate/Container/Util.php(37): Illuminate\\Container\\BoundMethod::Illuminate\\Container\\{closure}()\n#8 /home/forge/taxes.com.ar/vendor/laravel/framework/src/Illuminate/Container/BoundMethod.php(93): Illuminate\\Container\\Util::unwrapIfClosure(Object(Closure))\n#9 /home/forge/taxes.com.ar/vendor/laravel/framework/src/Illuminate/Container/BoundMethod.php(37): Illuminate\\Container\\BoundMethod::callBoundMethod(Object(Illuminate\\Foundation\\Application), Array, Object(Closure))\n#10 /home/forge/taxes.com.ar/vendor/laravel/framework/src/Illuminate/Container/Container.php(596): Illuminate\\Container\\BoundMethod::call(Object(Illuminate\\Foundation\\Application), Array, Array, NULL)\n#11 /home/forge/taxes.com.ar/vendor/laravel/framework/src/Illuminate/Console/Command.php(134): Illuminate\\Container\\Container->call(Array)\n#12 /home/forge/taxes.com.ar/vendor/symfony/console/Command/Command.php(256): Illuminate\\Console\\Command->execute(Object(Symfony\\Component\\Console\\Input\\ArgvInput), Object(Illuminate\\Console\\OutputStyle))\n#13 /home/forge/taxes.com.ar/vendor/laravel/framework/src/Illuminate/Console/Command.php(121): Symfony\\Component\\Console\\Command\\Command->run(Object(Symfony\\Component\\Console\\Input\\ArgvInput), Object(Illuminate\\Console\\OutputStyle))\n#14 /home/forge/taxes.com.ar/vendor/symfony/console/Application.php(971): Illuminate\\Console\\Command->run(Object(Symfony\\Component\\Console\\Input\\ArgvInput), Object(Symfony\\Component\\Console\\Output\\ConsoleOutput))\n#15 /home/forge/taxes.com.ar/vendor/symfony/console/Application.php(290): Symfony\\Component\\Console\\Application->doRunCommand(Object(Illuminate\\Queue\\Console\\WorkCommand), Object(Symfony\\Component\\Console\\Input\\ArgvInput), Object(Symfony\\Component\\Console\\Output\\ConsoleOutput))\n#16 /home/forge/taxes.com.ar/vendor/symfony/console/Application.php(166): Symfony\\Component\\Console\\Application->doRun(Object(Symfony\\Component\\Console\\Input\\ArgvInput), Object(Symfony\\Component\\Console\\Output\\ConsoleOutput))\n#17 /home/forge/taxes.com.ar/vendor/laravel/framework/src/Illuminate/Console/Application.php(93): Symfony\\Component\\Console\\Application->run(Object(Symfony\\Component\\Console\\Input\\ArgvInput), Object(Symfony\\Component\\Console\\Output\\ConsoleOutput))\n#18 /home/forge/taxes.com.ar/vendor/laravel/framework/src/Illuminate/Foundation/Console/Kernel.php(129): Illuminate\\Console\\Application->run(Object(Symfony\\Component\\Console\\Input\\ArgvInput), Object(Symfony\\Component\\Console\\Output\\ConsoleOutput))\n#19 /home/forge/taxes.com.ar/artisan(35): Illuminate\\Foundation\\Console\\Kernel->handle(Object(Symfony\\Component\\Console\\Input\\ArgvInput), Object(Symfony\\Component\\Console\\Output\\ConsoleOutput))\n#20 {main}','2021-04-17 19:19:15',NULL);
INSERT INTO `failed_jobs` VALUES (15,NULL,'database','default','{\"uuid\":\"4dbc13f3-1239-4b50-8857-a049bc2f1609\",\"displayName\":\"App\\\\Mail\\\\Fact_Electronica\",\"job\":\"Illuminate\\\\Queue\\\\CallQueuedHandler@call\",\"maxTries\":null,\"maxExceptions\":null,\"delay\":null,\"timeout\":null,\"timeoutAt\":null,\"data\":{\"commandName\":\"Illuminate\\\\Mail\\\\SendQueuedMailable\",\"command\":\"O:34:\\\"Illuminate\\\\Mail\\\\SendQueuedMailable\\\":3:{s:8:\\\"mailable\\\";O:25:\\\"App\\\\Mail\\\\Fact_Electronica\\\":27:{s:11:\\\"informacion\\\";a:6:{s:12:\\\"ruta_logo_fa\\\";N;s:4:\\\"mail\\\";s:23:\\\"raul_arturi@hotmail.com\\\";s:18:\\\"name_quien_factura\\\";s:11:\\\"Arturi Raul\\\";s:7:\\\"cliente\\\";O:17:\\\"App\\\\Models\\\\Person\\\":27:{s:10:\\\"\\u0000*\\u0000guarded\\\";a:0:{}s:8:\\\"\\u0000*\\u0000table\\\";s:7:\\\"persons\\\";s:13:\\\"\\u0000*\\u0000connection\\\";s:7:\\\"finance\\\";s:13:\\\"\\u0000*\\u0000primaryKey\\\";s:2:\\\"id\\\";s:10:\\\"\\u0000*\\u0000keyType\\\";s:3:\\\"int\\\";s:12:\\\"incrementing\\\";b:1;s:7:\\\"\\u0000*\\u0000with\\\";a:0:{}s:12:\\\"\\u0000*\\u0000withCount\\\";a:0:{}s:10:\\\"\\u0000*\\u0000perPage\\\";i:15;s:6:\\\"exists\\\";b:1;s:18:\\\"wasRecentlyCreated\\\";b:0;s:13:\\\"\\u0000*\\u0000attributes\\\";a:19:{s:2:\\\"id\\\";i:1989;s:7:\\\"user_id\\\";i:112;s:11:\\\"field_name1\\\";s:16:\\\"Consumidor Final\\\";s:11:\\\"field_name2\\\";N;s:13:\\\"document_type\\\";s:4:\\\"cuit\\\";s:8:\\\"document\\\";s:13:\\\"99-99999999-9\\\";s:10:\\\"country_id\\\";N;s:8:\\\"state_id\\\";i:22;s:7:\\\"zone_id\\\";i:22;s:14:\\\"plan_cuenta_id\\\";i:6;s:10:\\\"created_at\\\";s:19:\\\"2018-05-14 01:28:52\\\";s:10:\\\"updated_at\\\";s:19:\\\"2021-04-07 14:35:08\\\";s:11:\\\"activity_id\\\";N;s:7:\\\"address\\\";s:16:\\\"BILLINGHURST 965\\\";s:14:\\\"person_type_id\\\";i:2;s:19:\\\"fa_iva_condition_id\\\";N;s:16:\\\"fa_codigo_postal\\\";N;s:5:\\\"email\\\";N;s:10:\\\"deleted_at\\\";N;}s:11:\\\"\\u0000*\\u0000original\\\";a:19:{s:2:\\\"id\\\";i:1989;s:7:\\\"user_id\\\";i:112;s:11:\\\"field_name1\\\";s:16:\\\"Consumidor Final\\\";s:11:\\\"field_name2\\\";N;s:13:\\\"document_type\\\";s:4:\\\"cuit\\\";s:8:\\\"document\\\";s:13:\\\"99-99999999-9\\\";s:10:\\\"country_id\\\";N;s:8:\\\"state_id\\\";i:22;s:7:\\\"zone_id\\\";i:22;s:14:\\\"plan_cuenta_id\\\";i:6;s:10:\\\"created_at\\\";s:19:\\\"2018-05-14 01:28:52\\\";s:10:\\\"updated_at\\\";s:19:\\\"2021-04-07 14:35:08\\\";s:11:\\\"activity_id\\\";N;s:7:\\\"address\\\";s:16:\\\"BILLINGHURST 965\\\";s:14:\\\"person_type_id\\\";i:2;s:19:\\\"fa_iva_condition_id\\\";N;s:16:\\\"fa_codigo_postal\\\";N;s:5:\\\"email\\\";N;s:10:\\\"deleted_at\\\";N;}s:10:\\\"\\u0000*\\u0000changes\\\";a:0:{}s:8:\\\"\\u0000*\\u0000casts\\\";a:0:{}s:17:\\\"\\u0000*\\u0000classCastCache\\\";a:0:{}s:8:\\\"\\u0000*\\u0000dates\\\";a:0:{}s:13:\\\"\\u0000*\\u0000dateFormat\\\";N;s:10:\\\"\\u0000*\\u0000appends\\\";a:0:{}s:19:\\\"\\u0000*\\u0000dispatchesEvents\\\";a:0:{}s:14:\\\"\\u0000*\\u0000observables\\\";a:0:{}s:12:\\\"\\u0000*\\u0000relations\\\";a:0:{}s:10:\\\"\\u0000*\\u0000touches\\\";a:0:{}s:10:\\\"timestamps\\\";b:1;s:9:\\\"\\u0000*\\u0000hidden\\\";a:0:{}s:10:\\\"\\u0000*\\u0000visible\\\";a:0:{}s:11:\\\"\\u0000*\\u0000fillable\\\";a:0:{}}s:14:\\\"nombre_del_pdf\\\";s:28:\\\"Factura N\\u00b00006-00025144.pdf\\\";s:9:\\\"body_mail\\\";N;}s:3:\\\"pdf\\\";O:26:\\\"Barryvdh\\\\Snappy\\\\PdfWrapper\\\":4:{s:9:\\\"\\u0000*\\u0000snappy\\\";O:35:\\\"Barryvdh\\\\Snappy\\\\IlluminateSnappyPdf\\\":10:{s:26:\\\"\\u0000*\\u0000optionsWithContentCheck\\\";a:4:{s:11:\\\"header-html\\\";s:4:\\\"html\\\";s:11:\\\"footer-html\\\";s:4:\\\"html\\\";s:5:\\\"cover\\\";s:4:\\\"html\\\";s:15:\\\"xsl-style-sheet\\\";s:3:\\\"xsl\\\";}s:36:\\\"\\u0000Knp\\\\Snappy\\\\AbstractGenerator\\u0000binary\\\";s:76:\\\"\\/home\\/forge\\/taxes.com.ar\\/vendor\\/h4cc\\/wkhtmltopdf-amd64\\/bin\\/wkhtmltopdf-amd64\\\";s:37:\\\"\\u0000Knp\\\\Snappy\\\\AbstractGenerator\\u0000options\\\";a:132:{s:7:\\\"collate\\\";N;s:10:\\\"no-collate\\\";N;s:10:\\\"cookie-jar\\\";N;s:6:\\\"copies\\\";i:1;s:3:\\\"dpi\\\";N;s:13:\\\"extended-help\\\";N;s:9:\\\"grayscale\\\";N;s:4:\\\"help\\\";N;s:7:\\\"htmldoc\\\";N;s:18:\\\"ignore-load-errors\\\";N;s:9:\\\"image-dpi\\\";N;s:13:\\\"image-quality\\\";N;s:7:\\\"license\\\";N;s:9:\\\"log-level\\\";N;s:10:\\\"lowquality\\\";b:1;s:7:\\\"manpage\\\";N;s:13:\\\"margin-bottom\\\";N;s:11:\\\"margin-left\\\";N;s:12:\\\"margin-right\\\";N;s:10:\\\"margin-top\\\";N;s:11:\\\"orientation\\\";N;s:11:\\\"page-height\\\";N;s:9:\\\"page-size\\\";s:2:\\\"a4\\\";s:10:\\\"page-width\\\";N;s:18:\\\"no-pdf-compression\\\";N;s:5:\\\"quiet\\\";N;s:20:\\\"read-args-from-stdin\\\";N;s:6:\\\"readme\\\";N;s:5:\\\"title\\\";N;s:11:\\\"use-xserver\\\";N;s:7:\\\"version\\\";N;s:20:\\\"dump-default-toc-xsl\\\";N;s:12:\\\"dump-outline\\\";N;s:7:\\\"outline\\\";N;s:10:\\\"no-outline\\\";N;s:13:\\\"outline-depth\\\";N;s:13:\\\"output-format\\\";N;s:5:\\\"allow\\\";N;s:10:\\\"background\\\";N;s:13:\\\"no-background\\\";N;s:16:\\\"bypass-proxy-for\\\";N;s:9:\\\"cache-dir\\\";N;s:20:\\\"checkbox-checked-svg\\\";N;s:12:\\\"checkbox-svg\\\";N;s:6:\\\"cookie\\\";N;s:13:\\\"custom-header\\\";N;s:25:\\\"custom-header-propagation\\\";N;s:28:\\\"no-custom-header-propagation\\\";N;s:16:\\\"debug-javascript\\\";N;s:19:\\\"no-debug-javascript\\\";N;s:14:\\\"default-header\\\";N;s:8:\\\"encoding\\\";N;s:22:\\\"disable-external-links\\\";N;s:21:\\\"enable-external-links\\\";N;s:13:\\\"disable-forms\\\";N;s:12:\\\"enable-forms\\\";N;s:6:\\\"images\\\";N;s:9:\\\"no-images\\\";N;s:22:\\\"disable-internal-links\\\";N;s:21:\\\"enable-internal-links\\\";N;s:18:\\\"disable-javascript\\\";N;s:17:\\\"enable-javascript\\\";N;s:16:\\\"javascript-delay\\\";N;s:19:\\\"keep-relative-links\\\";N;s:19:\\\"load-error-handling\\\";N;s:25:\\\"load-media-error-handling\\\";N;s:25:\\\"disable-local-file-access\\\";N;s:24:\\\"enable-local-file-access\\\";N;s:17:\\\"minimum-font-size\\\";N;s:20:\\\"exclude-from-outline\\\";N;s:18:\\\"include-in-outline\\\";N;s:11:\\\"page-offset\\\";N;s:8:\\\"password\\\";N;s:15:\\\"disable-plugins\\\";N;s:14:\\\"enable-plugins\\\";N;s:4:\\\"post\\\";N;s:9:\\\"post-file\\\";N;s:16:\\\"print-media-type\\\";N;s:19:\\\"no-print-media-type\\\";N;s:5:\\\"proxy\\\";N;s:21:\\\"proxy-hostname-lookup\\\";N;s:23:\\\"radiobutton-checked-svg\\\";N;s:15:\\\"radiobutton-svg\\\";N;s:14:\\\"redirect-delay\\\";N;s:22:\\\"resolve-relative-links\\\";N;s:10:\\\"run-script\\\";N;s:23:\\\"disable-smart-shrinking\\\";N;s:22:\\\"enable-smart-shrinking\\\";N;s:12:\\\"ssl-crt-path\\\";N;s:16:\\\"ssl-key-password\\\";N;s:12:\\\"ssl-key-path\\\";N;s:17:\\\"stop-slow-scripts\\\";N;s:20:\\\"no-stop-slow-scripts\\\";N;s:22:\\\"disable-toc-back-links\\\";N;s:21:\\\"enable-toc-back-links\\\";N;s:16:\\\"user-style-sheet\\\";N;s:8:\\\"username\\\";N;s:13:\\\"viewport-size\\\";N;s:13:\\\"window-status\\\";N;s:4:\\\"zoom\\\";N;s:13:\\\"footer-center\\\";s:25:\\\"Pagina [page] de [toPage]\\\";s:16:\\\"footer-font-name\\\";N;s:16:\\\"footer-font-size\\\";i:8;s:11:\\\"footer-html\\\";N;s:11:\\\"footer-left\\\";s:0:\\\"\\\";s:11:\\\"footer-line\\\";N;s:14:\\\"no-footer-line\\\";N;s:12:\\\"footer-right\\\";N;s:14:\\\"footer-spacing\\\";N;s:13:\\\"header-center\\\";N;s:16:\\\"header-font-name\\\";N;s:16:\\\"header-font-size\\\";N;s:11:\\\"header-html\\\";N;s:11:\\\"header-left\\\";N;s:11:\\\"header-line\\\";N;s:14:\\\"no-header-line\\\";N;s:12:\\\"header-right\\\";N;s:14:\\\"header-spacing\\\";N;s:7:\\\"replace\\\";N;s:5:\\\"cover\\\";N;s:3:\\\"toc\\\";N;s:20:\\\"disable-dotted-lines\\\";N;s:9:\\\"toc-depth\\\";N;s:13:\\\"toc-font-name\\\";N;s:16:\\\"toc-l1-font-size\\\";N;s:15:\\\"toc-header-text\\\";N;s:20:\\\"toc-header-font-name\\\";N;s:20:\\\"toc-header-font-size\\\";N;s:21:\\\"toc-level-indentation\\\";N;s:17:\\\"disable-toc-links\\\";N;s:20:\\\"toc-text-size-shrink\\\";N;s:15:\\\"xsl-style-sheet\\\";N;}s:33:\\\"\\u0000Knp\\\\Snappy\\\\AbstractGenerator\\u0000env\\\";N;s:37:\\\"\\u0000Knp\\\\Snappy\\\\AbstractGenerator\\u0000timeout\\\";b:0;s:46:\\\"\\u0000Knp\\\\Snappy\\\\AbstractGenerator\\u0000defaultExtension\\\";s:3:\\\"pdf\\\";s:18:\\\"\\u0000*\\u0000temporaryFolder\\\";N;s:14:\\\"temporaryFiles\\\";a:0:{}s:36:\\\"\\u0000Knp\\\\Snappy\\\\AbstractGenerator\\u0000logger\\\";O:18:\\\"Psr\\\\Log\\\\NullLogger\\\":0:{}s:2:\\\"fs\\\";O:32:\\\"Illuminate\\\\Filesystem\\\\Filesystem\\\":0:{}}s:10:\\\"\\u0000*\\u0000options\\\";a:0:{}s:4:\\\"html\\\";s:22886:\\\"<!DOCTYPE html>\\n<html lang=\\\"en\\\">\\n    <head>\\n        <meta charset=\\\"utf-8\\\">\\n    <\\/head>\\n    <style>\\n        .subtotales_conceptos{\\n            width:30%;\\n            text-align: right;\\n        }\\n        .subtotales_importes{\\n            text-align: right;\\n        }\\n        .table-totales, .table-totales tr, .table-totales th{\\n            border: 1px solid;\\n        }\\n\\n    <\\/style>\\n    <body>\\n    <div style=\\\"max-height:840px\\\">\\n        <div style=\\\"width: 100%; height:270px\\\"> <!-- Datos de la empresa -->\\n            <table class=\\\"display\\\" cellspacing=\\\"0\\\" width=\\\"100%\\\" style=\\\"border:  1px solid;\\\">\\n                <tr style=\\\"\\\">\\n                    <th colspan=\\\"2\\\" rowspan=\\\"2\\\" style=\\\"width:45%;margin:0;height:150px;\\\">\\n                                                <img src=\\\"\\/home\\/forge\\/taxes.com.ar\\/public\\/storage\\/img\\/\\/20102658060\\/logo_punto_venta_0006.jpeg\\\"\\/>\\n                                            <\\/th>\\n                    <th style=\\\"border:  1px solid;text-align: center; width:10%\\\" colspan=\\\"2\\\">\\n                        <span style=\\\"font-size: 60px;\\\">B<\\/span> <br \\/> <span style=\\\"font-size: 14px;\\\">cod. 06<\\/span>\\n                    <\\/th>\\n                    <th colspan=\\\"2\\\" style=\\\"font-size: 28px;text-align: center;width:45%\\\">\\n                        Factura\\n                        <br>\\n                        0006 - 00025144\\n                    <\\/th>\\n                <\\/tr>\\n                <tr>\\n                    <th><\\/th>\\n                    <th style=\\\"border:  1px 1px 1px 0px solid;\\\" colspan=\\\"2\\\"><\\/th>\\n                    <th><\\/th>\\n                <\\/tr>\\n                <tr>\\n\\n                    <th colspan=\\\"2\\\" style=\\\"text-align:left\\\">\\n                                                    Raz&oacute;n Social:\\n                            <span style=\\\"font-weight: normal;\\\">ARTURI RAUL\\n\\n<\\/span>\\n                                            <\\/th>\\n                    <th style=\\\"border-right: 1px solid;\\\"><\\/th>\\n                    <th><\\/th>\\n                    <th colspan=\\\"2\\\" style=\\\"text-align:left\\\">Fecha de Emisi&oacute;n: <span style=\\\"font-weight: normal;\\\">12\\/04\\/2021<\\/span><\\/th>\\n                <\\/tr>\\n                <tr>\\n                    <th colspan=\\\"2\\\" style=\\\"text-align:left\\\">\\n                        Domicilio Comercial: <span style=\\\"font-weight: normal;\\\">LOPE DE VEGA AV. 2278, C.P.:1417,\\n                        Capital Federal<\\/span>\\n                    <\\/th>\\n                    <th style=\\\"border-right: 1px solid;\\\"><\\/th>\\n                    <th><\\/th>\\n                    <th colspan=\\\"2\\\" style=\\\"text-align:left\\\">CUIT: <span style=\\\"font-weight: normal;\\\">20-10265806-0<\\/span><\\/th>\\n                <\\/tr>\\n                <tr>\\n                    <th colspan=\\\"2\\\" style=\\\"text-align:left\\\">\\n                        Condici&oacute;n frente al IVA: <span style=\\\"font-weight: normal;\\\">Responsable Inscripto<\\/span>\\n                    <\\/th>\\n                    <th style=\\\"border-right: 1px solid;\\\"><\\/th>\\n                    <th><\\/th>\\n                    <th colspan=\\\"2\\\" style=\\\"text-align:left\\\">\\n                        Ingresos Brutos: <span style=\\\"font-weight: normal;\\\">20-10265806-0<\\/span>\\n                        <br>\\n                        Fecha de Inicio de Actividades: <span style=\\\"font-weight: normal;\\\">01\\/12\\/2018<\\/span>\\n                    <\\/th>\\n                <\\/tr>\\n            <\\/table>\\n        <\\/div>\\n\\n        <table style=\\\"text-align: center; width: 100%;border: solid 1px;\\\"> <!-- Fechas -->\\n            <thead>\\n                <tr>\\n                    <th style=\\\"width: 33%;font-size: 14px;text-align: center;\\\"><small>Per\\u00edodo Facturado Desde: 12\\/04\\/2021<\\/small><\\/th>\\n                    <th style=\\\"width: 33%;font-size: 14px;text-align: center;\\\"><small>Per\\u00edodo Facturado Hasta: 12\\/04\\/2021<\\/small><\\/th>\\n                    <th style=\\\"width: 33%;font-size: 14px;text-align: center;\\\"><small>Fecha Vto. Pago: 12\\/04\\/2021<\\/small><\\/th>\\n                <\\/tr>\\n            <\\/thead>\\n        <\\/table>\\n        \\n        <table style=\\\"width: 100%; margin-top: 1%;border: solid 1px;\\\"> <!-- Datos Clientes -->\\n            <tr>\\n                <th style=\\\"text-align:left;\\\"colspan=\\\"12\\\">\\n                    CUIT: <span style=\\\"font-weight: normal;\\\">99-99999999-9<\\/span>\\n                    &nbsp;&nbsp;&nbsp;&nbsp;&nbsp;&nbsp;&nbsp;&nbsp;&nbsp;&nbsp;&nbsp;&nbsp;&nbsp;&nbsp;\\n                    Apellido y Nombre \\/ Raz&oacute;n Social: <span style=\\\"font-weight: normal;\\\">\\n                    Consumidor Final<\\/span>\\n                <\\/th>\\n            <\\/tr>\\n            <tr>\\n                <th style=\\\"text-align:left; width:50%\\\">\\n                    Condici&oacute;n Frente al IVA: <span style=\\\"font-weight: normal;\\\">Consumidor Final<\\/span>\\n                <\\/th>\\n                <th style=\\\"text-align:left; width:50%\\\" colspan=\\\"4\\\">\\n                    Domicilio Comercial:\\n                    <span style=\\\"font-weight: normal;\\\">\\n                    BILLINGHURST 965\\n                    <\\/span>\\n                <\\/th>\\n            <\\/tr>\\n            <tr style=\\\"text-align:left\\\">\\n                <th>Condici&oacute;n de Venta: <span style=\\\"font-weight: normal;\\\">Cuenta Corriente<\\/span><\\/th>\\n            <\\/tr>\\n        <\\/table>\\n\\n        <div style=\\\"border: 1px solid;margin-top: 1%;min-height:600px;\\\">\\n        <table style=\\\"text-align: center; width: 100%; margin-top: 1%;\\\"> <!-- Body -->\\n            <tr style=\\\"border-bottom: 1px solid;font-size: 15px\\\">\\n                <th>C&oacute;digo<\\/th>\\n                <th style=\\\"width: 25%;\\\">Detalle<\\/th>\\n                <th>Cantidad<\\/th>\\n                <th>U.Medida<\\/th>\\n                <th>Precio U.<\\/th>\\n                <th>Bonif. (%)<\\/th>\\n                <th>Precio Bonif.<\\/th>\\n                <th>Subtotal<\\/th>\\n                            <\\/tr>\\n            <tbody>\\n                                                                                <tr style=\\\"font-size: 12px;\\\">\\n                        <td>\\n                            \\n                        <\\/td>\\n                        <td>\\n                            Cable Red Utp Rj45 15 Mts Metros Categoria 5 .... Anri Tv\\n                        <\\/td>\\n                        <td>\\n                            1.00\\n                        <\\/td>\\n                        <td>\\n                            Unidades\\n                        <\\/td>\\n                        <td>                            479,00\\n                                                    <\\/td>\\n                        <td>\\n                            0,00%\\n                        <\\/td>\\n                        <td>\\n                            0,00\\n                        <\\/td>\\n                        <td>\\n                            479,00\\n                        <\\/td>\\n                                            <\\/tr>\\n                    \\n            <\\/tbody>\\n        <\\/table>\\n        <\\/div>\\n\\n        \\n\\n        <div style=\\\"height:200px;margin-top: 1%;\\\"> <!-- Totales -->\\n              <!-- Es factura B o C -->\\n                <table class=\\\"table-totales\\\" cellspacing=\\\"0\\\" width=\\\"100%\\\">\\n                    <tr>\\n                        <th style=\\\"width:50%; text-align:left;\\\">\\n\\n<!--                                <span style=\\\"width:100%;\\\"><img src=\\\"\\/home\\/forge\\/taxes.com.ar\\/public\\/storage\\/barcodes\\/71160836853786.png\\\"><\\/span>\\n                                <span style=\\\"text-align:center;\\\">2010265806006000671160836853786202104223<\\/span>-->\\n                        <\\/th>\\n                        <th class=\\\"subtotales_conceptos\\\">TOTAL:<\\/th>\\n                        <th class=\\\"subtotales_importes\\\">$ 479,00<\\/th>\\n                    <\\/tr>\\n                <\\/table>\\n                <br>\\n                <table cellspacing=\\\"0\\\" width=\\\"100%\\\" style=\\\"border: none\\\">\\n                    <tr>\\n                        <th style=\\\"width:50%; text-align:left;\\\">\\n\\n                            <?xml version=\\\"1.0\\\" encoding=\\\"UTF-8\\\"?>\\n<svg xmlns=\\\"http:\\/\\/www.w3.org\\/2000\\/svg\\\" version=\\\"1.1\\\" width=\\\"100\\\" height=\\\"100\\\" viewBox=\\\"0 0 100 100\\\"><rect x=\\\"0\\\" y=\\\"0\\\" width=\\\"100\\\" height=\\\"100\\\" fill=\\\"#ffffff\\\"\\/><g transform=\\\"scale(1.754)\\\"><g transform=\\\"translate(0,0)\\\"><path fill-rule=\\\"evenodd\\\" d=\\\"M12 0L12 1L10 1L10 2L9 2L9 1L8 1L8 2L9 2L9 3L8 3L8 4L10 4L10 7L11 7L11 6L12 6L12 8L13 8L13 6L12 6L12 5L13 5L13 4L14 4L14 8L15 8L15 6L16 6L16 9L14 9L14 10L15 10L15 13L18 13L18 15L19 15L19 13L22 13L22 14L20 14L20 15L22 15L22 14L23 14L23 13L22 13L22 12L23 12L23 11L22 11L22 12L21 12L21 10L20 10L20 9L19 9L19 6L20 6L20 7L21 7L21 9L22 9L22 10L23 10L23 9L24 9L24 10L25 10L25 11L26 11L26 10L25 10L25 9L27 9L27 12L26 12L26 13L24 13L24 16L23 16L23 17L22 17L22 16L18 16L18 17L21 17L21 21L19 21L19 19L20 19L20 18L18 18L18 19L15 19L15 17L13 17L13 16L12 16L12 17L13 17L13 19L12 19L12 20L11 20L11 19L9 19L9 17L10 17L10 18L11 18L11 17L10 17L10 16L9 16L9 15L10 15L10 14L9 14L9 15L8 15L8 13L10 13L10 10L11 10L11 9L10 9L10 10L9 10L9 8L6 8L6 9L8 9L8 10L6 10L6 11L8 11L8 13L7 13L7 12L6 12L6 13L4 13L4 12L3 12L3 11L2 11L2 10L3 10L3 9L4 9L4 10L5 10L5 8L0 8L0 10L1 10L1 11L2 11L2 12L1 12L1 13L0 13L0 14L1 14L1 16L2 16L2 17L1 17L1 19L0 19L0 21L2 21L2 22L0 22L0 23L2 23L2 25L1 25L1 24L0 24L0 25L1 25L1 27L0 27L0 34L2 34L2 36L1 36L1 35L0 35L0 36L1 36L1 37L3 37L3 39L4 39L4 40L2 40L2 41L1 41L1 39L0 39L0 41L1 41L1 42L2 42L2 41L4 41L4 42L3 42L3 43L1 43L1 45L2 45L2 44L3 44L3 45L5 45L5 44L6 44L6 45L7 45L7 46L5 46L5 47L3 47L3 46L2 46L2 47L1 47L1 46L0 46L0 48L5 48L5 47L7 47L7 48L6 48L6 49L7 49L7 48L9 48L9 49L8 49L8 51L11 51L11 54L10 54L10 55L9 55L9 53L10 53L10 52L8 52L8 57L10 57L10 56L13 56L13 57L14 57L14 56L13 56L13 55L14 55L14 54L13 54L13 52L16 52L16 51L18 51L18 53L19 53L19 54L18 54L18 55L19 55L19 54L20 54L20 55L21 55L21 56L20 56L20 57L21 57L21 56L25 56L25 57L26 57L26 54L25 54L25 53L27 53L27 54L29 54L29 55L30 55L30 56L29 56L29 57L30 57L30 56L31 56L31 57L32 57L32 56L33 56L33 55L31 55L31 52L33 52L33 53L32 53L32 54L34 54L34 55L35 55L35 54L34 54L34 53L35 53L35 51L40 51L40 52L41 52L41 53L42 53L42 54L44 54L44 56L43 56L43 55L42 55L42 56L41 56L41 55L40 55L40 54L38 54L38 55L40 55L40 56L41 56L41 57L44 57L44 56L45 56L45 57L46 57L46 56L45 56L45 55L47 55L47 56L49 56L49 57L52 57L52 55L51 55L51 54L50 54L50 53L52 53L52 54L53 54L53 55L54 55L54 56L53 56L53 57L54 57L54 56L55 56L55 57L56 57L56 56L55 56L55 54L53 54L53 51L54 51L54 52L55 52L55 50L57 50L57 48L56 48L56 46L57 46L57 44L56 44L56 43L55 43L55 42L57 42L57 41L54 41L54 40L56 40L56 39L55 39L55 38L53 38L53 39L49 39L49 38L50 38L50 37L51 37L51 38L52 38L52 37L53 37L53 36L55 36L55 33L53 33L53 32L52 32L52 31L53 31L53 29L54 29L54 32L55 32L55 31L56 31L56 30L57 30L57 28L56 28L56 27L55 27L55 25L56 25L56 26L57 26L57 25L56 25L56 24L55 24L55 23L56 23L56 22L57 22L57 21L56 21L56 22L53 22L53 21L54 21L54 20L55 20L55 19L53 19L53 18L49 18L49 17L50 17L50 16L51 16L51 17L52 17L52 16L53 16L53 17L54 17L54 18L57 18L57 15L56 15L56 14L57 14L57 12L56 12L56 11L55 11L55 10L57 10L57 9L56 9L56 8L55 8L55 10L54 10L54 11L52 11L52 10L53 10L53 9L54 9L54 8L53 8L53 9L52 9L52 8L51 8L51 10L49 10L49 9L50 9L50 8L49 8L49 6L48 6L48 8L49 8L49 9L48 9L48 10L49 10L49 11L47 11L47 10L46 10L46 9L47 9L47 8L46 8L46 7L47 7L47 5L48 5L48 0L45 0L45 2L44 2L44 1L43 1L43 0L39 0L39 1L36 1L36 2L35 2L35 1L34 1L34 2L35 2L35 4L37 4L37 5L36 5L36 7L37 7L37 5L38 5L38 4L37 4L37 3L36 3L36 2L39 2L39 3L42 3L42 2L40 2L40 1L43 1L43 2L44 2L44 3L43 3L43 4L39 4L39 5L43 5L43 6L42 6L42 8L41 8L41 6L40 6L40 8L39 8L39 6L38 6L38 9L39 9L39 10L38 10L38 11L37 11L37 10L36 10L36 9L37 9L37 8L35 8L35 5L34 5L34 9L35 9L35 10L33 10L33 9L32 9L32 11L30 11L30 12L31 12L31 13L30 13L30 14L28 14L28 13L27 13L27 12L29 12L29 11L28 11L28 10L31 10L31 6L32 6L32 8L33 8L33 5L31 5L31 2L29 2L29 0L28 0L28 2L27 2L27 1L26 1L26 0L24 0L24 1L26 1L26 2L27 2L27 3L30 3L30 4L26 4L26 7L25 7L25 6L24 6L24 5L25 5L25 4L24 4L24 3L25 3L25 2L24 2L24 3L23 3L23 2L22 2L22 1L23 1L23 0L22 0L22 1L20 1L20 2L21 2L21 4L22 4L22 5L21 5L21 6L20 6L20 5L18 5L18 4L20 4L20 3L19 3L19 1L17 1L17 3L18 3L18 4L16 4L16 3L15 3L15 4L14 4L14 2L16 2L16 0L14 0L14 2L12 2L12 1L13 1L13 0ZM30 0L30 1L31 1L31 0ZM46 1L46 2L47 2L47 1ZM11 2L11 3L10 3L10 4L11 4L11 3L12 3L12 2ZM32 2L32 3L33 3L33 4L34 4L34 3L33 3L33 2ZM22 3L22 4L23 4L23 5L24 5L24 4L23 4L23 3ZM44 3L44 4L45 4L45 5L44 5L44 6L43 6L43 8L42 8L42 9L43 9L43 8L44 8L44 9L45 9L45 7L46 7L46 5L47 5L47 3L46 3L46 4L45 4L45 3ZM15 4L15 5L16 5L16 4ZM8 5L8 7L9 7L9 5ZM27 5L27 8L30 8L30 5ZM17 6L17 8L18 8L18 6ZM21 6L21 7L22 7L22 9L23 9L23 8L24 8L24 9L25 9L25 8L24 8L24 6L23 6L23 7L22 7L22 6ZM28 6L28 7L29 7L29 6ZM44 6L44 7L45 7L45 6ZM40 8L40 9L41 9L41 8ZM1 9L1 10L2 10L2 9ZM12 9L12 11L11 11L11 14L12 14L12 11L13 11L13 12L14 12L14 11L13 11L13 9ZM16 9L16 10L18 10L18 11L16 11L16 12L18 12L18 13L19 13L19 9ZM35 10L35 11L33 11L33 12L32 12L32 13L31 13L31 14L30 14L30 15L29 15L29 16L28 16L28 15L26 15L26 14L25 14L25 15L26 15L26 16L28 16L28 17L31 17L31 16L30 16L30 15L33 15L33 16L32 16L32 18L36 18L36 19L35 19L35 21L34 21L34 22L35 22L35 23L33 23L33 20L32 20L32 19L31 19L31 18L27 18L27 17L25 17L25 16L24 16L24 17L23 17L23 20L22 20L22 21L23 21L23 22L22 22L22 25L23 25L23 27L22 27L22 29L19 29L19 30L18 30L18 31L17 31L17 29L18 29L18 28L17 28L17 27L18 27L18 26L19 26L19 28L21 28L21 27L20 27L20 26L21 26L21 25L20 25L20 24L19 24L19 23L20 23L20 22L19 22L19 21L18 21L18 20L15 20L15 21L13 21L13 20L14 20L14 19L13 19L13 20L12 20L12 21L11 21L11 22L10 22L10 21L8 21L8 20L7 20L7 19L5 19L5 17L6 17L6 18L8 18L8 17L6 17L6 16L8 16L8 15L6 15L6 14L7 14L7 13L6 13L6 14L5 14L5 17L4 17L4 18L3 18L3 19L4 19L4 24L3 24L3 25L2 25L2 28L1 28L1 29L3 29L3 30L2 30L2 31L1 31L1 33L2 33L2 34L3 34L3 36L4 36L4 38L5 38L5 40L4 40L4 41L5 41L5 42L4 42L4 43L3 43L3 44L4 44L4 43L6 43L6 44L8 44L8 46L7 46L7 47L8 47L8 46L9 46L9 47L10 47L10 48L11 48L11 49L9 49L9 50L11 50L11 49L12 49L12 48L13 48L13 50L12 50L12 51L16 51L16 50L19 50L19 51L20 51L20 52L21 52L21 50L22 50L22 53L20 53L20 54L22 54L22 55L25 55L25 54L24 54L24 53L25 53L25 52L26 52L26 51L25 51L25 50L24 50L24 49L25 49L25 48L24 48L24 47L25 47L25 46L26 46L26 48L32 48L32 49L33 49L33 50L40 50L40 51L41 51L41 52L42 52L42 51L43 51L43 50L45 50L45 48L44 48L44 47L45 47L45 46L48 46L48 48L47 48L47 47L46 47L46 48L47 48L47 49L46 49L46 50L47 50L47 49L48 49L48 48L49 48L49 47L52 47L52 48L54 48L54 49L55 49L55 48L54 48L54 47L53 47L53 45L52 45L52 44L53 44L53 43L54 43L54 42L53 42L53 41L52 41L52 40L51 40L51 41L52 41L52 42L53 42L53 43L52 43L52 44L50 44L50 46L48 46L48 44L47 44L47 43L46 43L46 42L48 42L48 43L49 43L49 42L48 42L48 41L49 41L49 40L47 40L47 39L46 39L46 40L47 40L47 41L45 41L45 40L44 40L44 42L43 42L43 43L42 43L42 42L41 42L41 41L42 41L42 40L40 40L40 39L45 39L45 36L44 36L44 35L45 35L45 34L44 34L44 33L45 33L45 32L44 32L44 33L43 33L43 32L40 32L40 31L36 31L36 30L37 30L37 29L35 29L35 28L37 28L37 27L41 27L41 28L40 28L40 29L41 29L41 31L43 31L43 30L42 30L42 29L43 29L43 28L44 28L44 30L48 30L48 25L49 25L49 26L51 26L51 25L50 25L50 24L52 24L52 26L53 26L53 27L54 27L54 26L53 26L53 24L54 24L54 25L55 25L55 24L54 24L54 23L53 23L53 24L52 24L52 23L50 23L50 22L51 22L51 21L49 21L49 19L46 19L46 18L48 18L48 17L49 17L49 16L50 16L50 15L49 15L49 14L51 14L51 13L50 13L50 12L51 12L51 11L49 11L49 12L47 12L47 13L45 13L45 12L46 12L46 11L45 11L45 12L44 12L44 11L43 11L43 10L40 10L40 11L38 11L38 13L36 13L36 14L35 14L35 13L33 13L33 12L35 12L35 11L36 11L36 12L37 12L37 11L36 11L36 10ZM41 11L41 13L39 13L39 14L38 14L38 15L39 15L39 18L37 18L37 16L36 16L36 18L37 18L37 20L36 20L36 21L35 21L35 22L36 22L36 21L37 21L37 23L38 23L38 19L39 19L39 20L41 20L41 21L40 21L40 23L39 23L39 24L38 24L38 25L37 25L37 24L35 24L35 25L37 25L37 26L36 26L36 27L37 27L37 26L38 26L38 25L39 25L39 26L40 26L40 24L41 24L41 26L43 26L43 25L44 25L44 24L45 24L45 27L44 27L44 28L46 28L46 27L47 27L47 26L46 26L46 24L47 24L47 25L48 25L48 23L47 23L47 22L46 22L46 19L44 19L44 20L43 20L43 17L44 17L44 16L45 16L45 15L46 15L46 16L49 16L49 15L48 15L48 14L49 14L49 13L48 13L48 14L45 14L45 13L44 13L44 12L43 12L43 13L42 13L42 11ZM2 12L2 13L1 13L1 14L2 14L2 13L3 13L3 15L2 15L2 16L4 16L4 13L3 13L3 12ZM52 12L52 13L53 13L53 16L54 16L54 17L55 17L55 16L54 16L54 15L55 15L55 14L54 14L54 13L55 13L55 12L54 12L54 13L53 13L53 12ZM13 13L13 14L14 14L14 13ZM32 13L32 14L33 14L33 15L35 15L35 14L33 14L33 13ZM15 14L15 15L14 15L14 16L16 16L16 17L17 17L17 16L16 16L16 15L17 15L17 14ZM36 14L36 15L37 15L37 14ZM40 14L40 15L42 15L42 17L43 17L43 14ZM51 15L51 16L52 16L52 15ZM33 16L33 17L34 17L34 16ZM40 16L40 17L41 17L41 16ZM24 17L24 20L23 20L23 21L24 21L24 22L23 22L23 25L24 25L24 26L25 26L25 27L24 27L24 28L23 28L23 29L22 29L22 31L23 31L23 33L22 33L22 32L19 32L19 31L18 31L18 33L22 33L22 34L21 34L21 35L20 35L20 34L17 34L17 35L18 35L18 37L16 37L16 36L15 36L15 35L14 35L14 34L13 34L13 33L17 33L17 31L16 31L16 29L17 29L17 28L16 28L16 27L17 27L17 26L16 26L16 25L19 25L19 26L20 26L20 25L19 25L19 24L18 24L18 21L17 21L17 24L16 24L16 23L15 23L15 22L16 22L16 21L15 21L15 22L14 22L14 23L13 23L13 21L12 21L12 23L10 23L10 25L9 25L9 26L8 26L8 25L7 25L7 24L6 24L6 25L5 25L5 24L4 24L4 25L3 25L3 27L4 27L4 28L3 28L3 29L4 29L4 31L5 31L5 32L3 32L3 31L2 31L2 33L4 33L4 36L5 36L5 33L7 33L7 32L6 32L6 31L9 31L9 29L11 29L11 28L9 28L9 27L10 27L10 25L12 25L12 27L13 27L13 29L15 29L15 30L13 30L13 31L12 31L12 30L10 30L10 32L9 32L9 34L10 34L10 35L8 35L8 34L6 34L6 35L7 35L7 36L6 36L6 37L5 37L5 38L6 38L6 39L10 39L10 44L9 44L9 40L6 40L6 41L7 41L7 42L6 42L6 43L8 43L8 44L9 44L9 45L11 45L11 46L10 46L10 47L13 47L13 48L14 48L14 50L15 50L15 48L16 48L16 49L19 49L19 48L16 48L16 47L17 47L17 46L16 46L16 45L18 45L18 47L19 47L19 45L21 45L21 48L20 48L20 49L22 49L22 50L23 50L23 49L24 49L24 48L23 48L23 49L22 49L22 46L23 46L23 47L24 47L24 46L25 46L25 45L26 45L26 44L27 44L27 47L31 47L31 46L32 46L32 45L31 45L31 44L30 44L30 43L32 43L32 44L33 44L33 49L34 49L34 47L36 47L36 46L37 46L37 47L39 47L39 49L40 49L40 48L42 48L42 49L41 49L41 50L43 50L43 47L40 47L40 46L43 46L43 45L44 45L44 46L45 46L45 45L47 45L47 44L45 44L45 42L44 42L44 44L43 44L43 45L40 45L40 44L42 44L42 43L40 43L40 44L39 44L39 46L38 46L38 44L36 44L36 46L34 46L34 45L35 45L35 44L34 44L34 43L36 43L36 42L37 42L37 41L38 41L38 39L40 39L40 38L43 38L43 35L42 35L42 34L43 34L43 33L40 33L40 32L39 32L39 34L36 34L36 35L35 35L35 34L34 34L34 35L31 35L31 34L33 34L33 33L32 33L32 32L35 32L35 30L34 30L34 31L33 31L33 30L31 30L31 24L33 24L33 25L32 25L32 26L33 26L33 27L32 27L32 28L33 28L33 27L34 27L34 26L33 26L33 25L34 25L34 24L33 24L33 23L31 23L31 24L29 24L29 23L30 23L30 22L32 22L32 21L30 21L30 22L29 22L29 23L27 23L27 24L25 24L25 21L26 21L26 22L28 22L28 21L26 21L26 19L27 19L27 20L29 20L29 19L27 19L27 18L25 18L25 17ZM45 17L45 18L46 18L46 17ZM1 19L1 20L2 20L2 19ZM30 19L30 20L31 20L31 19ZM56 19L56 20L57 20L57 19ZM6 20L6 21L7 21L7 22L6 22L6 23L8 23L8 24L9 24L9 23L8 23L8 21L7 21L7 20ZM24 20L24 21L25 21L25 20ZM44 20L44 21L43 21L43 22L41 22L41 23L42 23L42 25L43 25L43 24L44 24L44 23L43 23L43 22L44 22L44 21L45 21L45 20ZM47 20L47 21L48 21L48 22L49 22L49 21L48 21L48 20ZM52 20L52 21L53 21L53 20ZM45 23L45 24L46 24L46 23ZM49 23L49 24L50 24L50 23ZM14 24L14 25L13 25L13 26L14 26L14 25L15 25L15 24ZM24 24L24 25L25 25L25 26L27 26L27 25L25 25L25 24ZM28 24L28 26L29 26L29 24ZM4 25L4 26L5 26L5 25ZM6 25L6 26L7 26L7 25ZM15 26L15 27L14 27L14 28L15 28L15 27L16 27L16 26ZM5 27L5 30L8 30L8 27ZM25 27L25 28L24 28L24 29L25 29L25 30L26 30L26 27ZM27 27L27 30L30 30L30 27ZM42 27L42 28L43 28L43 27ZM49 27L49 30L52 30L52 27ZM6 28L6 29L7 29L7 28ZM28 28L28 29L29 29L29 28ZM50 28L50 29L51 29L51 28ZM54 28L54 29L55 29L55 30L56 30L56 28ZM38 29L38 30L39 30L39 29ZM11 31L11 32L12 32L12 33L10 33L10 34L11 34L11 35L10 35L10 36L11 36L11 35L12 35L12 33L13 33L13 32L12 32L12 31ZM15 31L15 32L16 32L16 31ZM24 31L24 33L23 33L23 34L22 34L22 35L23 35L23 36L22 36L22 37L21 37L21 36L19 36L19 37L18 37L18 38L17 38L17 39L18 39L18 40L19 40L19 39L18 39L18 38L20 38L20 39L22 39L22 41L23 41L23 42L21 42L21 41L20 41L20 42L18 42L18 43L17 43L17 41L15 41L15 40L16 40L16 39L15 39L15 40L14 40L14 39L13 39L13 40L11 40L11 44L12 44L12 46L13 46L13 47L14 47L14 46L13 46L13 43L12 43L12 41L13 41L13 40L14 40L14 44L18 44L18 45L19 45L19 43L20 43L20 42L21 42L21 43L23 43L23 44L22 44L22 45L25 45L25 44L24 44L24 43L25 43L25 42L26 42L26 43L27 43L27 44L28 44L28 42L29 42L29 43L30 43L30 42L32 42L32 43L34 43L34 42L36 42L36 40L37 40L37 39L38 39L38 38L39 38L39 37L36 37L36 39L34 39L34 38L35 38L35 37L34 37L34 38L33 38L33 39L34 39L34 40L32 40L32 37L33 37L33 36L31 36L31 35L30 35L30 34L31 34L31 33L30 33L30 34L29 34L29 33L27 33L27 32L28 32L28 31L27 31L27 32L26 32L26 31ZM30 31L30 32L32 32L32 31ZM46 31L46 34L47 34L47 35L46 35L46 36L47 36L47 37L46 37L46 38L49 38L49 37L50 37L50 36L47 36L47 35L52 35L52 36L51 36L51 37L52 37L52 36L53 36L53 35L54 35L54 34L53 34L53 33L52 33L52 32L50 32L50 33L49 33L49 31L48 31L48 32L47 32L47 31ZM25 32L25 33L24 33L24 34L25 34L25 35L24 35L24 36L23 36L23 37L22 37L22 39L23 39L23 37L24 37L24 39L27 39L27 41L26 41L26 40L25 40L25 41L24 41L24 42L23 42L23 43L24 43L24 42L25 42L25 41L26 41L26 42L27 42L27 41L28 41L28 39L27 39L27 38L28 38L28 37L31 37L31 36L30 36L30 35L29 35L29 34L28 34L28 35L27 35L27 34L25 34L25 33L26 33L26 32ZM36 32L36 33L37 33L37 32ZM47 33L47 34L48 34L48 33ZM51 33L51 34L52 34L52 35L53 35L53 34L52 34L52 33ZM56 33L56 34L57 34L57 33ZM40 34L40 35L41 35L41 34ZM13 35L13 36L12 36L12 37L11 37L11 38L10 38L10 39L12 39L12 37L13 37L13 38L16 38L16 37L13 37L13 36L14 36L14 35ZM25 35L25 36L24 36L24 37L25 37L25 38L27 38L27 37L28 37L28 36L29 36L29 35L28 35L28 36L27 36L27 35ZM34 35L34 36L35 36L35 35ZM36 35L36 36L39 36L39 35ZM56 35L56 37L57 37L57 35ZM8 36L8 37L6 37L6 38L9 38L9 36ZM25 36L25 37L26 37L26 36ZM40 36L40 37L42 37L42 36ZM29 38L29 39L31 39L31 38ZM53 39L53 40L54 40L54 39ZM38 42L38 43L39 43L39 42ZM50 42L50 43L51 43L51 42ZM29 44L29 45L28 45L28 46L30 46L30 44ZM44 44L44 45L45 45L45 44ZM54 44L54 46L55 46L55 45L56 45L56 44ZM51 45L51 46L52 46L52 45ZM36 48L36 49L37 49L37 48ZM27 49L27 52L30 52L30 49ZM49 49L49 52L52 52L52 49ZM28 50L28 51L29 51L29 50ZM50 50L50 51L51 51L51 50ZM24 51L24 52L23 52L23 53L22 53L22 54L23 54L23 53L24 53L24 52L25 52L25 51ZM45 51L45 52L44 52L44 54L45 54L45 52L46 52L46 54L47 54L47 55L48 55L48 54L49 54L49 53L48 53L48 52L46 52L46 51ZM56 51L56 52L57 52L57 51ZM36 52L36 53L37 53L37 52ZM38 52L38 53L39 53L39 52ZM15 53L15 54L16 54L16 53ZM29 53L29 54L30 54L30 53ZM11 54L11 55L13 55L13 54ZM36 54L36 55L37 55L37 54ZM15 55L15 57L19 57L19 56L16 56L16 55ZM49 55L49 56L51 56L51 55ZM36 56L36 57L37 57L37 56ZM38 56L38 57L39 57L39 56ZM0 0L0 7L7 7L7 0ZM1 1L1 6L6 6L6 1ZM2 2L2 5L5 5L5 2ZM50 0L50 7L57 7L57 0ZM51 1L51 6L56 6L56 1ZM52 2L52 5L55 5L55 2ZM0 50L0 57L7 57L7 50ZM1 51L1 56L6 56L6 51ZM2 52L2 55L5 55L5 52Z\\\" fill=\\\"#000000\\\"\\/><\\/g><\\/g><\\/svg>\\n\\n                            <span style=\\\"width:50%;\\\">\\n                                <img style=\\\"max-height: 70px\\\"\\n                                     src=\\\"\\/home\\/forge\\/taxes.com.ar\\/public\\/storage\\/img\\/AfipComprobanteAutorizado.png\\\">\\n                            <\\/span>\\n                        <\\/th>\\n                        <th style=\\\"text-align:right;\\\">\\n                            <p>CAE N&#186;: 71160836853786<br>\\n                                Fecha Vto. CAE:  22\\/04\\/2021\\n                            <\\/p>\\n                        <\\/th>\\n                    <\\/tr>\\n                <\\/table>\\n                    <\\/div>\\n    <\\/div>\\n\\n    <\\/body>\\n<\\/html>\\\";s:4:\\\"file\\\";N;}s:6:\\\"locale\\\";N;s:4:\\\"from\\\";a:0:{}s:2:\\\"to\\\";a:1:{i:0;a:2:{s:4:\\\"name\\\";N;s:7:\\\"address\\\";s:20:\\\"prueba@prueba.com.ar\\\";}}s:2:\\\"cc\\\";a:0:{}s:3:\\\"bcc\\\";a:1:{i:0;a:2:{s:4:\\\"name\\\";N;s:7:\\\"address\\\";s:23:\\\"raul_arturi@hotmail.com\\\";}}s:7:\\\"replyTo\\\";a:0:{}s:7:\\\"subject\\\";N;s:11:\\\"\\u0000*\\u0000markdown\\\";N;s:7:\\\"\\u0000*\\u0000html\\\";N;s:4:\\\"view\\\";N;s:8:\\\"textView\\\";N;s:8:\\\"viewData\\\";a:0:{}s:11:\\\"attachments\\\";a:0:{}s:14:\\\"rawAttachments\\\";a:0:{}s:15:\\\"diskAttachments\\\";a:0:{}s:9:\\\"callbacks\\\";a:0:{}s:5:\\\"theme\\\";N;s:6:\\\"mailer\\\";s:8:\\\"sendgrid\\\";s:10:\\\"connection\\\";N;s:5:\\\"queue\\\";N;s:15:\\\"chainConnection\\\";N;s:10:\\\"chainQueue\\\";N;s:5:\\\"delay\\\";N;s:10:\\\"middleware\\\";a:0:{}s:7:\\\"chained\\\";a:0:{}}s:5:\\\"tries\\\";N;s:7:\\\"timeout\\\";N;}\"}}','ErrorException: Trying to get property \'id\' of non-object in /home/forge/taxes.com.ar/app/Queue/DatabaseJob.php:16\nStack trace:\n#0 /home/forge/taxes.com.ar/app/Queue/DatabaseJob.php(16): Illuminate\\Foundation\\Bootstrap\\HandleExceptions->handleError(8, \'Trying to get p...\', \'/home/forge/tax...\', 16, Array)\n#1 /home/forge/taxes.com.ar/vendor/laravel/framework/src/Illuminate/Queue/Worker.php(356): App\\Queue\\DatabaseJob->fire()\n#2 /home/forge/taxes.com.ar/vendor/laravel/framework/src/Illuminate/Queue/Worker.php(306): Illuminate\\Queue\\Worker->process(\'database\', Object(App\\Queue\\DatabaseJob), Object(Illuminate\\Queue\\WorkerOptions))\n#3 /home/forge/taxes.com.ar/vendor/laravel/framework/src/Illuminate/Queue/Worker.php(132): Illuminate\\Queue\\Worker->runJob(Object(App\\Queue\\DatabaseJob), \'database\', Object(Illuminate\\Queue\\WorkerOptions))\n#4 /home/forge/taxes.com.ar/vendor/laravel/framework/src/Illuminate/Queue/Console/WorkCommand.php(112): Illuminate\\Queue\\Worker->daemon(\'database\', \'default\', Object(Illuminate\\Queue\\WorkerOptions))\n#5 /home/forge/taxes.com.ar/vendor/laravel/framework/src/Illuminate/Queue/Console/WorkCommand.php(96): Illuminate\\Queue\\Console\\WorkCommand->runWorker(\'database\', \'default\')\n#6 /home/forge/taxes.com.ar/vendor/laravel/framework/src/Illuminate/Container/BoundMethod.php(36): Illuminate\\Queue\\Console\\WorkCommand->handle()\n#7 /home/forge/taxes.com.ar/vendor/laravel/framework/src/Illuminate/Container/Util.php(37): Illuminate\\Container\\BoundMethod::Illuminate\\Container\\{closure}()\n#8 /home/forge/taxes.com.ar/vendor/laravel/framework/src/Illuminate/Container/BoundMethod.php(93): Illuminate\\Container\\Util::unwrapIfClosure(Object(Closure))\n#9 /home/forge/taxes.com.ar/vendor/laravel/framework/src/Illuminate/Container/BoundMethod.php(37): Illuminate\\Container\\BoundMethod::callBoundMethod(Object(Illuminate\\Foundation\\Application), Array, Object(Closure))\n#10 /home/forge/taxes.com.ar/vendor/laravel/framework/src/Illuminate/Container/Container.php(596): Illuminate\\Container\\BoundMethod::call(Object(Illuminate\\Foundation\\Application), Array, Array, NULL)\n#11 /home/forge/taxes.com.ar/vendor/laravel/framework/src/Illuminate/Console/Command.php(134): Illuminate\\Container\\Container->call(Array)\n#12 /home/forge/taxes.com.ar/vendor/symfony/console/Command/Command.php(256): Illuminate\\Console\\Command->execute(Object(Symfony\\Component\\Console\\Input\\ArgvInput), Object(Illuminate\\Console\\OutputStyle))\n#13 /home/forge/taxes.com.ar/vendor/laravel/framework/src/Illuminate/Console/Command.php(121): Symfony\\Component\\Console\\Command\\Command->run(Object(Symfony\\Component\\Console\\Input\\ArgvInput), Object(Illuminate\\Console\\OutputStyle))\n#14 /home/forge/taxes.com.ar/vendor/symfony/console/Application.php(971): Illuminate\\Console\\Command->run(Object(Symfony\\Component\\Console\\Input\\ArgvInput), Object(Symfony\\Component\\Console\\Output\\ConsoleOutput))\n#15 /home/forge/taxes.com.ar/vendor/symfony/console/Application.php(290): Symfony\\Component\\Console\\Application->doRunCommand(Object(Illuminate\\Queue\\Console\\WorkCommand), Object(Symfony\\Component\\Console\\Input\\ArgvInput), Object(Symfony\\Component\\Console\\Output\\ConsoleOutput))\n#16 /home/forge/taxes.com.ar/vendor/symfony/console/Application.php(166): Symfony\\Component\\Console\\Application->doRun(Object(Symfony\\Component\\Console\\Input\\ArgvInput), Object(Symfony\\Component\\Console\\Output\\ConsoleOutput))\n#17 /home/forge/taxes.com.ar/vendor/laravel/framework/src/Illuminate/Console/Application.php(93): Symfony\\Component\\Console\\Application->run(Object(Symfony\\Component\\Console\\Input\\ArgvInput), Object(Symfony\\Component\\Console\\Output\\ConsoleOutput))\n#18 /home/forge/taxes.com.ar/vendor/laravel/framework/src/Illuminate/Foundation/Console/Kernel.php(129): Illuminate\\Console\\Application->run(Object(Symfony\\Component\\Console\\Input\\ArgvInput), Object(Symfony\\Component\\Console\\Output\\ConsoleOutput))\n#19 /home/forge/taxes.com.ar/artisan(35): Illuminate\\Foundation\\Console\\Kernel->handle(Object(Symfony\\Component\\Console\\Input\\ArgvInput), Object(Symfony\\Component\\Console\\Output\\ConsoleOutput))\n#20 {main}','2021-04-17 19:19:15',NULL);
INSERT INTO `failed_jobs` VALUES (16,NULL,'database','default','{\"uuid\":\"83beffc6-302d-4719-8e77-711774ea920e\",\"displayName\":\"App\\\\Mail\\\\Fact_Electronica\",\"job\":\"Illuminate\\\\Queue\\\\CallQueuedHandler@call\",\"maxTries\":null,\"maxExceptions\":null,\"delay\":null,\"timeout\":null,\"timeoutAt\":null,\"data\":{\"commandName\":\"Illuminate\\\\Mail\\\\SendQueuedMailable\",\"command\":\"O:34:\\\"Illuminate\\\\Mail\\\\SendQueuedMailable\\\":3:{s:8:\\\"mailable\\\";O:25:\\\"App\\\\Mail\\\\Fact_Electronica\\\":27:{s:11:\\\"informacion\\\";a:6:{s:12:\\\"ruta_logo_fa\\\";N;s:4:\\\"mail\\\";s:23:\\\"raul_arturi@hotmail.com\\\";s:18:\\\"name_quien_factura\\\";s:11:\\\"Arturi Raul\\\";s:7:\\\"cliente\\\";O:17:\\\"App\\\\Models\\\\Person\\\":27:{s:10:\\\"\\u0000*\\u0000guarded\\\";a:0:{}s:8:\\\"\\u0000*\\u0000table\\\";s:7:\\\"persons\\\";s:13:\\\"\\u0000*\\u0000connection\\\";s:7:\\\"finance\\\";s:13:\\\"\\u0000*\\u0000primaryKey\\\";s:2:\\\"id\\\";s:10:\\\"\\u0000*\\u0000keyType\\\";s:3:\\\"int\\\";s:12:\\\"incrementing\\\";b:1;s:7:\\\"\\u0000*\\u0000with\\\";a:0:{}s:12:\\\"\\u0000*\\u0000withCount\\\";a:0:{}s:10:\\\"\\u0000*\\u0000perPage\\\";i:15;s:6:\\\"exists\\\";b:1;s:18:\\\"wasRecentlyCreated\\\";b:0;s:13:\\\"\\u0000*\\u0000attributes\\\";a:19:{s:2:\\\"id\\\";i:1989;s:7:\\\"user_id\\\";i:112;s:11:\\\"field_name1\\\";s:16:\\\"Consumidor Final\\\";s:11:\\\"field_name2\\\";N;s:13:\\\"document_type\\\";s:4:\\\"cuit\\\";s:8:\\\"document\\\";s:13:\\\"99-99999999-9\\\";s:10:\\\"country_id\\\";N;s:8:\\\"state_id\\\";i:22;s:7:\\\"zone_id\\\";i:22;s:14:\\\"plan_cuenta_id\\\";i:6;s:10:\\\"created_at\\\";s:19:\\\"2018-05-14 01:28:52\\\";s:10:\\\"updated_at\\\";s:19:\\\"2021-04-07 14:35:08\\\";s:11:\\\"activity_id\\\";N;s:7:\\\"address\\\";s:16:\\\"BILLINGHURST 965\\\";s:14:\\\"person_type_id\\\";i:2;s:19:\\\"fa_iva_condition_id\\\";N;s:16:\\\"fa_codigo_postal\\\";N;s:5:\\\"email\\\";N;s:10:\\\"deleted_at\\\";N;}s:11:\\\"\\u0000*\\u0000original\\\";a:19:{s:2:\\\"id\\\";i:1989;s:7:\\\"user_id\\\";i:112;s:11:\\\"field_name1\\\";s:16:\\\"Consumidor Final\\\";s:11:\\\"field_name2\\\";N;s:13:\\\"document_type\\\";s:4:\\\"cuit\\\";s:8:\\\"document\\\";s:13:\\\"99-99999999-9\\\";s:10:\\\"country_id\\\";N;s:8:\\\"state_id\\\";i:22;s:7:\\\"zone_id\\\";i:22;s:14:\\\"plan_cuenta_id\\\";i:6;s:10:\\\"created_at\\\";s:19:\\\"2018-05-14 01:28:52\\\";s:10:\\\"updated_at\\\";s:19:\\\"2021-04-07 14:35:08\\\";s:11:\\\"activity_id\\\";N;s:7:\\\"address\\\";s:16:\\\"BILLINGHURST 965\\\";s:14:\\\"person_type_id\\\";i:2;s:19:\\\"fa_iva_condition_id\\\";N;s:16:\\\"fa_codigo_postal\\\";N;s:5:\\\"email\\\";N;s:10:\\\"deleted_at\\\";N;}s:10:\\\"\\u0000*\\u0000changes\\\";a:0:{}s:8:\\\"\\u0000*\\u0000casts\\\";a:0:{}s:17:\\\"\\u0000*\\u0000classCastCache\\\";a:0:{}s:8:\\\"\\u0000*\\u0000dates\\\";a:0:{}s:13:\\\"\\u0000*\\u0000dateFormat\\\";N;s:10:\\\"\\u0000*\\u0000appends\\\";a:0:{}s:19:\\\"\\u0000*\\u0000dispatchesEvents\\\";a:0:{}s:14:\\\"\\u0000*\\u0000observables\\\";a:0:{}s:12:\\\"\\u0000*\\u0000relations\\\";a:0:{}s:10:\\\"\\u0000*\\u0000touches\\\";a:0:{}s:10:\\\"timestamps\\\";b:1;s:9:\\\"\\u0000*\\u0000hidden\\\";a:0:{}s:10:\\\"\\u0000*\\u0000visible\\\";a:0:{}s:11:\\\"\\u0000*\\u0000fillable\\\";a:0:{}}s:14:\\\"nombre_del_pdf\\\";s:28:\\\"Factura N\\u00b00006-00025152.pdf\\\";s:9:\\\"body_mail\\\";N;}s:3:\\\"pdf\\\";O:26:\\\"Barryvdh\\\\Snappy\\\\PdfWrapper\\\":4:{s:9:\\\"\\u0000*\\u0000snappy\\\";O:35:\\\"Barryvdh\\\\Snappy\\\\IlluminateSnappyPdf\\\":10:{s:26:\\\"\\u0000*\\u0000optionsWithContentCheck\\\";a:4:{s:11:\\\"header-html\\\";s:4:\\\"html\\\";s:11:\\\"footer-html\\\";s:4:\\\"html\\\";s:5:\\\"cover\\\";s:4:\\\"html\\\";s:15:\\\"xsl-style-sheet\\\";s:3:\\\"xsl\\\";}s:36:\\\"\\u0000Knp\\\\Snappy\\\\AbstractGenerator\\u0000binary\\\";s:76:\\\"\\/home\\/forge\\/taxes.com.ar\\/vendor\\/h4cc\\/wkhtmltopdf-amd64\\/bin\\/wkhtmltopdf-amd64\\\";s:37:\\\"\\u0000Knp\\\\Snappy\\\\AbstractGenerator\\u0000options\\\";a:132:{s:7:\\\"collate\\\";N;s:10:\\\"no-collate\\\";N;s:10:\\\"cookie-jar\\\";N;s:6:\\\"copies\\\";i:1;s:3:\\\"dpi\\\";N;s:13:\\\"extended-help\\\";N;s:9:\\\"grayscale\\\";N;s:4:\\\"help\\\";N;s:7:\\\"htmldoc\\\";N;s:18:\\\"ignore-load-errors\\\";N;s:9:\\\"image-dpi\\\";N;s:13:\\\"image-quality\\\";N;s:7:\\\"license\\\";N;s:9:\\\"log-level\\\";N;s:10:\\\"lowquality\\\";b:1;s:7:\\\"manpage\\\";N;s:13:\\\"margin-bottom\\\";N;s:11:\\\"margin-left\\\";N;s:12:\\\"margin-right\\\";N;s:10:\\\"margin-top\\\";N;s:11:\\\"orientation\\\";N;s:11:\\\"page-height\\\";N;s:9:\\\"page-size\\\";s:2:\\\"a4\\\";s:10:\\\"page-width\\\";N;s:18:\\\"no-pdf-compression\\\";N;s:5:\\\"quiet\\\";N;s:20:\\\"read-args-from-stdin\\\";N;s:6:\\\"readme\\\";N;s:5:\\\"title\\\";N;s:11:\\\"use-xserver\\\";N;s:7:\\\"version\\\";N;s:20:\\\"dump-default-toc-xsl\\\";N;s:12:\\\"dump-outline\\\";N;s:7:\\\"outline\\\";N;s:10:\\\"no-outline\\\";N;s:13:\\\"outline-depth\\\";N;s:13:\\\"output-format\\\";N;s:5:\\\"allow\\\";N;s:10:\\\"background\\\";N;s:13:\\\"no-background\\\";N;s:16:\\\"bypass-proxy-for\\\";N;s:9:\\\"cache-dir\\\";N;s:20:\\\"checkbox-checked-svg\\\";N;s:12:\\\"checkbox-svg\\\";N;s:6:\\\"cookie\\\";N;s:13:\\\"custom-header\\\";N;s:25:\\\"custom-header-propagation\\\";N;s:28:\\\"no-custom-header-propagation\\\";N;s:16:\\\"debug-javascript\\\";N;s:19:\\\"no-debug-javascript\\\";N;s:14:\\\"default-header\\\";N;s:8:\\\"encoding\\\";N;s:22:\\\"disable-external-links\\\";N;s:21:\\\"enable-external-links\\\";N;s:13:\\\"disable-forms\\\";N;s:12:\\\"enable-forms\\\";N;s:6:\\\"images\\\";N;s:9:\\\"no-images\\\";N;s:22:\\\"disable-internal-links\\\";N;s:21:\\\"enable-internal-links\\\";N;s:18:\\\"disable-javascript\\\";N;s:17:\\\"enable-javascript\\\";N;s:16:\\\"javascript-delay\\\";N;s:19:\\\"keep-relative-links\\\";N;s:19:\\\"load-error-handling\\\";N;s:25:\\\"load-media-error-handling\\\";N;s:25:\\\"disable-local-file-access\\\";N;s:24:\\\"enable-local-file-access\\\";N;s:17:\\\"minimum-font-size\\\";N;s:20:\\\"exclude-from-outline\\\";N;s:18:\\\"include-in-outline\\\";N;s:11:\\\"page-offset\\\";N;s:8:\\\"password\\\";N;s:15:\\\"disable-plugins\\\";N;s:14:\\\"enable-plugins\\\";N;s:4:\\\"post\\\";N;s:9:\\\"post-file\\\";N;s:16:\\\"print-media-type\\\";N;s:19:\\\"no-print-media-type\\\";N;s:5:\\\"proxy\\\";N;s:21:\\\"proxy-hostname-lookup\\\";N;s:23:\\\"radiobutton-checked-svg\\\";N;s:15:\\\"radiobutton-svg\\\";N;s:14:\\\"redirect-delay\\\";N;s:22:\\\"resolve-relative-links\\\";N;s:10:\\\"run-script\\\";N;s:23:\\\"disable-smart-shrinking\\\";N;s:22:\\\"enable-smart-shrinking\\\";N;s:12:\\\"ssl-crt-path\\\";N;s:16:\\\"ssl-key-password\\\";N;s:12:\\\"ssl-key-path\\\";N;s:17:\\\"stop-slow-scripts\\\";N;s:20:\\\"no-stop-slow-scripts\\\";N;s:22:\\\"disable-toc-back-links\\\";N;s:21:\\\"enable-toc-back-links\\\";N;s:16:\\\"user-style-sheet\\\";N;s:8:\\\"username\\\";N;s:13:\\\"viewport-size\\\";N;s:13:\\\"window-status\\\";N;s:4:\\\"zoom\\\";N;s:13:\\\"footer-center\\\";s:25:\\\"Pagina [page] de [toPage]\\\";s:16:\\\"footer-font-name\\\";N;s:16:\\\"footer-font-size\\\";i:8;s:11:\\\"footer-html\\\";N;s:11:\\\"footer-left\\\";s:0:\\\"\\\";s:11:\\\"footer-line\\\";N;s:14:\\\"no-footer-line\\\";N;s:12:\\\"footer-right\\\";N;s:14:\\\"footer-spacing\\\";N;s:13:\\\"header-center\\\";N;s:16:\\\"header-font-name\\\";N;s:16:\\\"header-font-size\\\";N;s:11:\\\"header-html\\\";N;s:11:\\\"header-left\\\";N;s:11:\\\"header-line\\\";N;s:14:\\\"no-header-line\\\";N;s:12:\\\"header-right\\\";N;s:14:\\\"header-spacing\\\";N;s:7:\\\"replace\\\";N;s:5:\\\"cover\\\";N;s:3:\\\"toc\\\";N;s:20:\\\"disable-dotted-lines\\\";N;s:9:\\\"toc-depth\\\";N;s:13:\\\"toc-font-name\\\";N;s:16:\\\"toc-l1-font-size\\\";N;s:15:\\\"toc-header-text\\\";N;s:20:\\\"toc-header-font-name\\\";N;s:20:\\\"toc-header-font-size\\\";N;s:21:\\\"toc-level-indentation\\\";N;s:17:\\\"disable-toc-links\\\";N;s:20:\\\"toc-text-size-shrink\\\";N;s:15:\\\"xsl-style-sheet\\\";N;}s:33:\\\"\\u0000Knp\\\\Snappy\\\\AbstractGenerator\\u0000env\\\";N;s:37:\\\"\\u0000Knp\\\\Snappy\\\\AbstractGenerator\\u0000timeout\\\";b:0;s:46:\\\"\\u0000Knp\\\\Snappy\\\\AbstractGenerator\\u0000defaultExtension\\\";s:3:\\\"pdf\\\";s:18:\\\"\\u0000*\\u0000temporaryFolder\\\";N;s:14:\\\"temporaryFiles\\\";a:0:{}s:36:\\\"\\u0000Knp\\\\Snappy\\\\AbstractGenerator\\u0000logger\\\";O:18:\\\"Psr\\\\Log\\\\NullLogger\\\":0:{}s:2:\\\"fs\\\";O:32:\\\"Illuminate\\\\Filesystem\\\\Filesystem\\\":0:{}}s:10:\\\"\\u0000*\\u0000options\\\";a:0:{}s:4:\\\"html\\\";s:22948:\\\"<!DOCTYPE html>\\n<html lang=\\\"en\\\">\\n    <head>\\n        <meta charset=\\\"utf-8\\\">\\n    <\\/head>\\n    <style>\\n        .subtotales_conceptos{\\n            width:30%;\\n            text-align: right;\\n        }\\n        .subtotales_importes{\\n            text-align: right;\\n        }\\n        .table-totales, .table-totales tr, .table-totales th{\\n            border: 1px solid;\\n        }\\n\\n    <\\/style>\\n    <body>\\n    <div style=\\\"max-height:840px\\\">\\n        <div style=\\\"width: 100%; height:270px\\\"> <!-- Datos de la empresa -->\\n            <table class=\\\"display\\\" cellspacing=\\\"0\\\" width=\\\"100%\\\" style=\\\"border:  1px solid;\\\">\\n                <tr style=\\\"\\\">\\n                    <th colspan=\\\"2\\\" rowspan=\\\"2\\\" style=\\\"width:45%;margin:0;height:150px;\\\">\\n                                                <img src=\\\"\\/home\\/forge\\/taxes.com.ar\\/public\\/storage\\/img\\/\\/20102658060\\/logo_punto_venta_0006.jpeg\\\"\\/>\\n                                            <\\/th>\\n                    <th style=\\\"border:  1px solid;text-align: center; width:10%\\\" colspan=\\\"2\\\">\\n                        <span style=\\\"font-size: 60px;\\\">B<\\/span> <br \\/> <span style=\\\"font-size: 14px;\\\">cod. 06<\\/span>\\n                    <\\/th>\\n                    <th colspan=\\\"2\\\" style=\\\"font-size: 28px;text-align: center;width:45%\\\">\\n                        Factura\\n                        <br>\\n                        0006 - 00025152\\n                    <\\/th>\\n                <\\/tr>\\n                <tr>\\n                    <th><\\/th>\\n                    <th style=\\\"border:  1px 1px 1px 0px solid;\\\" colspan=\\\"2\\\"><\\/th>\\n                    <th><\\/th>\\n                <\\/tr>\\n                <tr>\\n\\n                    <th colspan=\\\"2\\\" style=\\\"text-align:left\\\">\\n                                                    Raz&oacute;n Social:\\n                            <span style=\\\"font-weight: normal;\\\">ARTURI RAUL\\n\\n<\\/span>\\n                                            <\\/th>\\n                    <th style=\\\"border-right: 1px solid;\\\"><\\/th>\\n                    <th><\\/th>\\n                    <th colspan=\\\"2\\\" style=\\\"text-align:left\\\">Fecha de Emisi&oacute;n: <span style=\\\"font-weight: normal;\\\">12\\/04\\/2021<\\/span><\\/th>\\n                <\\/tr>\\n                <tr>\\n                    <th colspan=\\\"2\\\" style=\\\"text-align:left\\\">\\n                        Domicilio Comercial: <span style=\\\"font-weight: normal;\\\">LOPE DE VEGA AV. 2278, C.P.:1417,\\n                        Capital Federal<\\/span>\\n                    <\\/th>\\n                    <th style=\\\"border-right: 1px solid;\\\"><\\/th>\\n                    <th><\\/th>\\n                    <th colspan=\\\"2\\\" style=\\\"text-align:left\\\">CUIT: <span style=\\\"font-weight: normal;\\\">20-10265806-0<\\/span><\\/th>\\n                <\\/tr>\\n                <tr>\\n                    <th colspan=\\\"2\\\" style=\\\"text-align:left\\\">\\n                        Condici&oacute;n frente al IVA: <span style=\\\"font-weight: normal;\\\">Responsable Inscripto<\\/span>\\n                    <\\/th>\\n                    <th style=\\\"border-right: 1px solid;\\\"><\\/th>\\n                    <th><\\/th>\\n                    <th colspan=\\\"2\\\" style=\\\"text-align:left\\\">\\n                        Ingresos Brutos: <span style=\\\"font-weight: normal;\\\">20-10265806-0<\\/span>\\n                        <br>\\n                        Fecha de Inicio de Actividades: <span style=\\\"font-weight: normal;\\\">01\\/12\\/2018<\\/span>\\n                    <\\/th>\\n                <\\/tr>\\n            <\\/table>\\n        <\\/div>\\n\\n        <table style=\\\"text-align: center; width: 100%;border: solid 1px;\\\"> <!-- Fechas -->\\n            <thead>\\n                <tr>\\n                    <th style=\\\"width: 33%;font-size: 14px;text-align: center;\\\"><small>Per\\u00edodo Facturado Desde: 12\\/04\\/2021<\\/small><\\/th>\\n                    <th style=\\\"width: 33%;font-size: 14px;text-align: center;\\\"><small>Per\\u00edodo Facturado Hasta: 12\\/04\\/2021<\\/small><\\/th>\\n                    <th style=\\\"width: 33%;font-size: 14px;text-align: center;\\\"><small>Fecha Vto. Pago: 12\\/04\\/2021<\\/small><\\/th>\\n                <\\/tr>\\n            <\\/thead>\\n        <\\/table>\\n        \\n        <table style=\\\"width: 100%; margin-top: 1%;border: solid 1px;\\\"> <!-- Datos Clientes -->\\n            <tr>\\n                <th style=\\\"text-align:left;\\\"colspan=\\\"12\\\">\\n                    CUIT: <span style=\\\"font-weight: normal;\\\">99-99999999-9<\\/span>\\n                    &nbsp;&nbsp;&nbsp;&nbsp;&nbsp;&nbsp;&nbsp;&nbsp;&nbsp;&nbsp;&nbsp;&nbsp;&nbsp;&nbsp;\\n                    Apellido y Nombre \\/ Raz&oacute;n Social: <span style=\\\"font-weight: normal;\\\">\\n                    Consumidor Final<\\/span>\\n                <\\/th>\\n            <\\/tr>\\n            <tr>\\n                <th style=\\\"text-align:left; width:50%\\\">\\n                    Condici&oacute;n Frente al IVA: <span style=\\\"font-weight: normal;\\\">Consumidor Final<\\/span>\\n                <\\/th>\\n                <th style=\\\"text-align:left; width:50%\\\" colspan=\\\"4\\\">\\n                    Domicilio Comercial:\\n                    <span style=\\\"font-weight: normal;\\\">\\n                    BILLINGHURST 965\\n                    <\\/span>\\n                <\\/th>\\n            <\\/tr>\\n            <tr style=\\\"text-align:left\\\">\\n                <th>Condici&oacute;n de Venta: <span style=\\\"font-weight: normal;\\\">Cuenta Corriente<\\/span><\\/th>\\n            <\\/tr>\\n        <\\/table>\\n\\n        <div style=\\\"border: 1px solid;margin-top: 1%;min-height:600px;\\\">\\n        <table style=\\\"text-align: center; width: 100%; margin-top: 1%;\\\"> <!-- Body -->\\n            <tr style=\\\"border-bottom: 1px solid;font-size: 15px\\\">\\n                <th>C&oacute;digo<\\/th>\\n                <th style=\\\"width: 25%;\\\">Detalle<\\/th>\\n                <th>Cantidad<\\/th>\\n                <th>U.Medida<\\/th>\\n                <th>Precio U.<\\/th>\\n                <th>Bonif. (%)<\\/th>\\n                <th>Precio Bonif.<\\/th>\\n                <th>Subtotal<\\/th>\\n                            <\\/tr>\\n            <tbody>\\n                                                                                <tr style=\\\"font-size: 12px;\\\">\\n                        <td>\\n                            \\n                        <\\/td>\\n                        <td>\\n                            Cable Red Utp Rj45 20 Mts Metros Categoria 5 .... Anri Tv\\n                        <\\/td>\\n                        <td>\\n                            1.00\\n                        <\\/td>\\n                        <td>\\n                            Unidades\\n                        <\\/td>\\n                        <td>                            630,00\\n                                                    <\\/td>\\n                        <td>\\n                            0,00%\\n                        <\\/td>\\n                        <td>\\n                            0,00\\n                        <\\/td>\\n                        <td>\\n                            630,00\\n                        <\\/td>\\n                                            <\\/tr>\\n                    \\n            <\\/tbody>\\n        <\\/table>\\n        <\\/div>\\n\\n        \\n\\n        <div style=\\\"height:200px;margin-top: 1%;\\\"> <!-- Totales -->\\n              <!-- Es factura B o C -->\\n                <table class=\\\"table-totales\\\" cellspacing=\\\"0\\\" width=\\\"100%\\\">\\n                    <tr>\\n                        <th style=\\\"width:50%; text-align:left;\\\">\\n\\n<!--                                <span style=\\\"width:100%;\\\"><img src=\\\"\\/home\\/forge\\/taxes.com.ar\\/public\\/storage\\/barcodes\\/71160836890154.png\\\"><\\/span>\\n                                <span style=\\\"text-align:center;\\\">2010265806006000671160836890154202104221<\\/span>-->\\n                        <\\/th>\\n                        <th class=\\\"subtotales_conceptos\\\">TOTAL:<\\/th>\\n                        <th class=\\\"subtotales_importes\\\">$ 630,00<\\/th>\\n                    <\\/tr>\\n                <\\/table>\\n                <br>\\n                <table cellspacing=\\\"0\\\" width=\\\"100%\\\" style=\\\"border: none\\\">\\n                    <tr>\\n                        <th style=\\\"width:50%; text-align:left;\\\">\\n\\n                            <?xml version=\\\"1.0\\\" encoding=\\\"UTF-8\\\"?>\\n<svg xmlns=\\\"http:\\/\\/www.w3.org\\/2000\\/svg\\\" version=\\\"1.1\\\" width=\\\"100\\\" height=\\\"100\\\" viewBox=\\\"0 0 100 100\\\"><rect x=\\\"0\\\" y=\\\"0\\\" width=\\\"100\\\" height=\\\"100\\\" fill=\\\"#ffffff\\\"\\/><g transform=\\\"scale(1.754)\\\"><g transform=\\\"translate(0,0)\\\"><path fill-rule=\\\"evenodd\\\" d=\\\"M10 0L10 1L8 1L8 2L9 2L9 3L8 3L8 4L9 4L9 3L11 3L11 4L10 4L10 7L11 7L11 8L13 8L13 5L12 5L12 4L14 4L14 8L15 8L15 6L16 6L16 9L14 9L14 10L15 10L15 13L18 13L18 15L19 15L19 13L22 13L22 14L20 14L20 15L22 15L22 14L23 14L23 13L22 13L22 12L21 12L21 11L22 11L22 10L23 10L23 9L24 9L24 10L25 10L25 11L26 11L26 10L25 10L25 9L27 9L27 12L26 12L26 13L24 13L24 16L23 16L23 17L22 17L22 16L18 16L18 17L21 17L21 21L19 21L19 19L20 19L20 18L18 18L18 19L15 19L15 17L13 17L13 14L14 14L14 13L13 13L13 12L14 12L14 11L13 11L13 9L12 9L12 11L11 11L11 12L12 12L12 13L13 13L13 14L12 14L12 16L11 16L11 15L10 15L10 14L11 14L11 13L10 13L10 11L9 11L9 10L8 10L8 9L9 9L9 8L6 8L6 9L5 9L5 8L0 8L0 11L1 11L1 10L2 10L2 9L3 9L3 14L1 14L1 13L2 13L2 12L0 12L0 14L1 14L1 16L2 16L2 17L1 17L1 19L0 19L0 22L1 22L1 23L0 23L0 24L1 24L1 23L2 23L2 22L3 22L3 24L2 24L2 26L1 26L1 25L0 25L0 26L1 26L1 28L3 28L3 30L4 30L4 31L5 31L5 33L7 33L7 32L8 32L8 31L9 31L9 35L8 35L8 34L6 34L6 35L7 35L7 36L5 36L5 34L4 34L4 36L3 36L3 34L2 34L2 33L4 33L4 32L2 32L2 33L1 33L1 31L2 31L2 29L1 29L1 30L0 30L0 36L1 36L1 35L2 35L2 38L1 38L1 37L0 37L0 43L1 43L1 44L0 44L0 48L5 48L5 47L7 47L7 46L6 46L6 45L7 45L7 44L8 44L8 45L9 45L9 46L8 46L8 48L9 48L9 46L11 46L11 49L8 49L8 51L9 51L9 52L8 52L8 57L10 57L10 56L13 56L13 57L14 57L14 56L13 56L13 55L14 55L14 54L16 54L16 53L15 53L15 52L16 52L16 51L17 51L17 50L16 50L16 51L15 51L15 49L14 49L14 48L12 48L12 46L11 46L11 45L12 45L12 44L9 44L9 43L10 43L10 42L11 42L11 39L10 39L10 36L11 36L11 35L10 35L10 32L11 32L11 34L13 34L13 33L12 33L12 32L11 32L11 31L9 31L9 28L10 28L10 27L9 27L9 26L10 26L10 25L12 25L12 27L13 27L13 28L11 28L11 30L12 30L12 31L14 31L14 32L15 32L15 33L14 33L14 35L12 35L12 36L13 36L13 38L12 38L12 37L11 37L11 38L12 38L12 39L14 39L14 40L13 40L13 41L12 41L12 43L13 43L13 46L14 46L14 45L15 45L15 48L16 48L16 49L19 49L19 48L16 48L16 47L17 47L17 46L16 46L16 45L18 45L18 47L19 47L19 45L21 45L21 48L20 48L20 49L22 49L22 50L21 50L21 52L20 52L20 51L19 51L19 50L18 50L18 51L19 51L19 52L18 52L18 53L19 53L19 54L18 54L18 55L19 55L19 54L20 54L20 55L21 55L21 56L20 56L20 57L21 57L21 56L25 56L25 57L26 57L26 54L25 54L25 53L27 53L27 54L29 54L29 55L30 55L30 56L29 56L29 57L30 57L30 56L31 56L31 57L32 57L32 56L33 56L33 55L31 55L31 52L33 52L33 53L32 53L32 54L34 54L34 55L35 55L35 54L34 54L34 53L35 53L35 51L40 51L40 52L41 52L41 53L42 53L42 54L44 54L44 56L43 56L43 55L42 55L42 56L41 56L41 55L40 55L40 54L38 54L38 55L40 55L40 56L41 56L41 57L44 57L44 56L45 56L45 57L46 57L46 56L45 56L45 55L47 55L47 56L49 56L49 57L52 57L52 55L51 55L51 54L48 54L48 55L47 55L47 54L46 54L46 52L48 52L48 53L52 53L52 54L53 54L53 55L54 55L54 56L53 56L53 57L54 57L54 56L55 56L55 57L56 57L56 56L55 56L55 54L53 54L53 51L54 51L54 52L55 52L55 50L57 50L57 48L56 48L56 46L57 46L57 44L56 44L56 43L55 43L55 42L57 42L57 41L54 41L54 40L56 40L56 39L55 39L55 38L53 38L53 39L49 39L49 38L50 38L50 37L51 37L51 38L52 38L52 37L53 37L53 36L55 36L55 33L53 33L53 32L52 32L52 31L53 31L53 29L54 29L54 32L55 32L55 31L56 31L56 30L57 30L57 28L56 28L56 27L55 27L55 25L56 25L56 26L57 26L57 25L56 25L56 24L55 24L55 23L56 23L56 22L57 22L57 21L56 21L56 22L53 22L53 21L54 21L54 20L55 20L55 19L53 19L53 18L49 18L49 17L50 17L50 16L51 16L51 17L52 17L52 16L53 16L53 17L54 17L54 18L57 18L57 15L56 15L56 14L57 14L57 12L56 12L56 11L55 11L55 10L57 10L57 9L56 9L56 8L55 8L55 10L54 10L54 11L52 11L52 10L53 10L53 9L54 9L54 8L53 8L53 9L52 9L52 8L51 8L51 10L49 10L49 9L50 9L50 8L49 8L49 6L48 6L48 8L49 8L49 9L48 9L48 10L49 10L49 11L47 11L47 10L46 10L46 9L47 9L47 8L46 8L46 7L47 7L47 5L48 5L48 0L45 0L45 2L44 2L44 1L43 1L43 0L39 0L39 1L36 1L36 2L35 2L35 1L34 1L34 2L35 2L35 4L37 4L37 5L36 5L36 7L37 7L37 5L38 5L38 4L37 4L37 3L36 3L36 2L39 2L39 3L42 3L42 2L40 2L40 1L43 1L43 2L44 2L44 3L43 3L43 4L39 4L39 5L43 5L43 6L42 6L42 8L41 8L41 6L40 6L40 8L39 8L39 6L38 6L38 9L39 9L39 10L38 10L38 11L37 11L37 10L36 10L36 9L37 9L37 8L35 8L35 5L34 5L34 9L35 9L35 10L33 10L33 9L32 9L32 11L30 11L30 12L31 12L31 13L30 13L30 14L28 14L28 13L27 13L27 12L29 12L29 11L28 11L28 10L31 10L31 6L32 6L32 8L33 8L33 5L31 5L31 2L29 2L29 0L28 0L28 2L27 2L27 1L26 1L26 0L24 0L24 1L26 1L26 2L27 2L27 3L30 3L30 4L26 4L26 7L25 7L25 4L24 4L24 3L25 3L25 2L24 2L24 3L23 3L23 2L22 2L22 1L23 1L23 0L22 0L22 1L20 1L20 2L21 2L21 4L22 4L22 5L21 5L21 6L20 6L20 5L18 5L18 4L20 4L20 3L19 3L19 1L17 1L17 3L18 3L18 4L16 4L16 3L15 3L15 4L14 4L14 2L16 2L16 0L14 0L14 2L12 2L12 1L13 1L13 0L12 0L12 1L11 1L11 0ZM30 0L30 1L31 1L31 0ZM10 1L10 2L11 2L11 3L12 3L12 2L11 2L11 1ZM46 1L46 2L47 2L47 1ZM32 2L32 3L33 3L33 4L34 4L34 3L33 3L33 2ZM22 3L22 4L23 4L23 7L22 7L22 6L21 6L21 7L20 7L20 6L19 6L19 9L16 9L16 10L18 10L18 11L16 11L16 12L18 12L18 13L19 13L19 9L20 9L20 10L22 10L22 9L23 9L23 8L24 8L24 9L25 9L25 8L24 8L24 4L23 4L23 3ZM44 3L44 4L45 4L45 5L44 5L44 6L43 6L43 8L42 8L42 9L43 9L43 8L44 8L44 9L45 9L45 7L46 7L46 5L47 5L47 3L46 3L46 4L45 4L45 3ZM15 4L15 5L16 5L16 4ZM8 5L8 7L9 7L9 5ZM11 5L11 7L12 7L12 5ZM27 5L27 8L30 8L30 5ZM17 6L17 8L18 8L18 6ZM28 6L28 7L29 7L29 6ZM44 6L44 7L45 7L45 6ZM21 7L21 9L22 9L22 7ZM40 8L40 9L41 9L41 8ZM6 9L6 10L5 10L5 11L4 11L4 12L5 12L5 11L6 11L6 12L7 12L7 13L4 13L4 14L3 14L3 15L2 15L2 16L4 16L4 17L6 17L6 18L7 18L7 19L5 19L5 18L3 18L3 19L4 19L4 21L3 21L3 20L2 20L2 19L1 19L1 20L2 20L2 21L1 21L1 22L2 22L2 21L3 21L3 22L4 22L4 24L5 24L5 26L9 26L9 25L10 25L10 23L11 23L11 22L12 22L12 20L14 20L14 19L13 19L13 17L11 17L11 18L10 18L10 16L7 16L7 15L5 15L5 16L4 16L4 14L7 14L7 13L8 13L8 15L9 15L9 14L10 14L10 13L8 13L8 10L7 10L7 9ZM10 9L10 10L11 10L11 9ZM6 10L6 11L7 11L7 10ZM35 10L35 11L33 11L33 12L32 12L32 13L31 13L31 14L30 14L30 15L29 15L29 16L28 16L28 15L26 15L26 14L25 14L25 15L26 15L26 16L28 16L28 17L31 17L31 16L30 16L30 15L33 15L33 16L32 16L32 18L36 18L36 19L35 19L35 21L34 21L34 22L35 22L35 23L33 23L33 20L32 20L32 19L31 19L31 18L27 18L27 17L25 17L25 16L24 16L24 17L23 17L23 20L22 20L22 21L23 21L23 22L22 22L22 25L23 25L23 26L21 26L21 25L20 25L20 24L19 24L19 23L20 23L20 22L19 22L19 21L18 21L18 20L15 20L15 21L13 21L13 23L14 23L14 22L15 22L15 23L16 23L16 24L17 24L17 21L18 21L18 24L19 24L19 25L16 25L16 26L15 26L15 27L14 27L14 25L15 25L15 24L14 24L14 25L13 25L13 27L14 27L14 28L13 28L13 30L14 30L14 31L15 31L15 32L16 32L16 31L17 31L17 33L15 33L15 35L14 35L14 37L15 37L15 38L16 38L16 37L18 37L18 38L17 38L17 39L18 39L18 40L19 40L19 39L18 39L18 38L20 38L20 39L22 39L22 41L23 41L23 42L21 42L21 41L20 41L20 42L18 42L18 43L17 43L17 41L15 41L15 40L16 40L16 39L15 39L15 40L14 40L14 42L13 42L13 43L14 43L14 42L15 42L15 44L18 44L18 45L19 45L19 43L20 43L20 42L21 42L21 43L22 43L22 45L25 45L25 46L24 46L24 47L23 47L23 46L22 46L22 49L23 49L23 50L22 50L22 53L20 53L20 54L22 54L22 55L25 55L25 54L24 54L24 53L25 53L25 52L26 52L26 51L25 51L25 50L24 50L24 49L25 49L25 48L24 48L24 47L25 47L25 46L26 46L26 48L32 48L32 49L33 49L33 50L40 50L40 51L41 51L41 52L42 52L42 51L43 51L43 50L45 50L45 48L44 48L44 47L45 47L45 46L48 46L48 48L47 48L47 47L46 47L46 48L47 48L47 49L46 49L46 50L47 50L47 49L48 49L48 48L49 48L49 47L52 47L52 48L54 48L54 49L55 49L55 48L54 48L54 47L53 47L53 45L52 45L52 44L53 44L53 43L54 43L54 42L53 42L53 41L52 41L52 40L51 40L51 41L52 41L52 42L53 42L53 43L52 43L52 44L50 44L50 46L48 46L48 44L47 44L47 43L49 43L49 42L48 42L48 40L47 40L47 39L46 39L46 40L47 40L47 41L45 41L45 40L44 40L44 42L43 42L43 43L42 43L42 42L41 42L41 41L42 41L42 40L40 40L40 39L45 39L45 36L44 36L44 35L45 35L45 34L44 34L44 33L45 33L45 32L44 32L44 33L43 33L43 32L40 32L40 31L36 31L36 30L37 30L37 29L35 29L35 28L37 28L37 27L41 27L41 28L40 28L40 29L41 29L41 31L43 31L43 30L42 30L42 29L43 29L43 28L44 28L44 30L48 30L48 25L49 25L49 26L51 26L51 25L50 25L50 24L52 24L52 26L53 26L53 27L54 27L54 26L53 26L53 24L54 24L54 25L55 25L55 24L54 24L54 23L53 23L53 24L52 24L52 23L50 23L50 22L51 22L51 21L49 21L49 19L46 19L46 18L48 18L48 17L49 17L49 16L50 16L50 15L49 15L49 14L51 14L51 13L50 13L50 12L51 12L51 11L49 11L49 12L47 12L47 13L45 13L45 12L46 12L46 11L45 11L45 12L44 12L44 11L43 11L43 10L40 10L40 11L38 11L38 13L36 13L36 14L35 14L35 13L33 13L33 12L35 12L35 11L36 11L36 12L37 12L37 11L36 11L36 10ZM12 11L12 12L13 12L13 11ZM41 11L41 13L39 13L39 14L38 14L38 15L39 15L39 18L37 18L37 16L36 16L36 18L37 18L37 20L36 20L36 21L35 21L35 22L36 22L36 21L37 21L37 23L38 23L38 19L39 19L39 20L41 20L41 21L40 21L40 23L39 23L39 24L38 24L38 25L37 25L37 24L35 24L35 25L37 25L37 26L36 26L36 27L37 27L37 26L38 26L38 25L39 25L39 26L40 26L40 24L41 24L41 26L43 26L43 25L44 25L44 24L45 24L45 27L44 27L44 28L46 28L46 27L47 27L47 26L46 26L46 24L47 24L47 25L48 25L48 23L47 23L47 22L46 22L46 19L44 19L44 20L43 20L43 17L44 17L44 16L45 16L45 15L46 15L46 16L49 16L49 15L48 15L48 14L49 14L49 13L48 13L48 14L45 14L45 13L44 13L44 12L43 12L43 13L42 13L42 11ZM52 12L52 13L53 13L53 16L54 16L54 17L55 17L55 16L54 16L54 15L55 15L55 14L54 14L54 13L55 13L55 12L54 12L54 13L53 13L53 12ZM32 13L32 14L33 14L33 15L35 15L35 14L33 14L33 13ZM15 14L15 15L14 15L14 16L16 16L16 17L17 17L17 16L16 16L16 15L17 15L17 14ZM36 14L36 15L37 15L37 14ZM40 14L40 15L42 15L42 17L43 17L43 14ZM51 15L51 16L52 16L52 15ZM6 16L6 17L7 17L7 18L8 18L8 17L7 17L7 16ZM33 16L33 17L34 17L34 16ZM40 16L40 17L41 17L41 16ZM24 17L24 20L23 20L23 21L24 21L24 22L23 22L23 23L25 23L25 21L26 21L26 22L28 22L28 21L26 21L26 19L27 19L27 20L29 20L29 19L27 19L27 18L25 18L25 17ZM45 17L45 18L46 18L46 17ZM11 18L11 20L9 20L9 19L8 19L8 20L9 20L9 21L7 21L7 20L6 20L6 21L7 21L7 22L6 22L6 23L7 23L7 24L6 24L6 25L7 25L7 24L9 24L9 23L7 23L7 22L9 22L9 21L10 21L10 22L11 22L11 20L12 20L12 18ZM30 19L30 20L31 20L31 19ZM56 19L56 20L57 20L57 19ZM24 20L24 21L25 21L25 20ZM44 20L44 21L43 21L43 22L41 22L41 23L42 23L42 25L43 25L43 24L44 24L44 23L43 23L43 22L44 22L44 21L45 21L45 20ZM47 20L47 21L48 21L48 22L49 22L49 21L48 21L48 20ZM52 20L52 21L53 21L53 20ZM15 21L15 22L16 22L16 21ZM30 21L30 22L29 22L29 23L27 23L27 24L25 24L25 25L24 25L24 24L23 24L23 25L24 25L24 26L25 26L25 27L24 27L24 28L23 28L23 29L22 29L22 28L19 28L19 26L20 26L20 27L21 27L21 26L20 26L20 25L19 25L19 26L18 26L18 27L17 27L17 26L16 26L16 27L15 27L15 28L14 28L14 29L15 29L15 31L16 31L16 29L17 29L17 31L18 31L18 33L22 33L22 34L21 34L21 35L20 35L20 34L17 34L17 36L18 36L18 37L19 37L19 36L21 36L21 37L22 37L22 39L23 39L23 37L24 37L24 39L27 39L27 41L26 41L26 40L25 40L25 41L24 41L24 42L23 42L23 43L24 43L24 44L25 44L25 45L26 45L26 44L27 44L27 47L31 47L31 46L32 46L32 45L31 45L31 44L30 44L30 43L32 43L32 44L33 44L33 49L34 49L34 47L36 47L36 46L37 46L37 47L39 47L39 49L40 49L40 48L42 48L42 49L41 49L41 50L43 50L43 47L40 47L40 46L43 46L43 45L44 45L44 46L45 46L45 45L47 45L47 44L45 44L45 42L44 42L44 44L43 44L43 45L40 45L40 44L42 44L42 43L40 43L40 44L39 44L39 46L38 46L38 44L36 44L36 46L34 46L34 45L35 45L35 44L34 44L34 43L36 43L36 42L37 42L37 41L38 41L38 39L40 39L40 38L43 38L43 35L42 35L42 34L43 34L43 33L40 33L40 32L39 32L39 34L36 34L36 35L35 35L35 34L34 34L34 35L31 35L31 34L33 34L33 33L32 33L32 32L35 32L35 30L34 30L34 31L33 31L33 30L31 30L31 24L33 24L33 25L32 25L32 26L33 26L33 27L32 27L32 28L33 28L33 27L34 27L34 26L33 26L33 25L34 25L34 24L33 24L33 23L31 23L31 24L29 24L29 23L30 23L30 22L32 22L32 21ZM45 23L45 24L46 24L46 23ZM49 23L49 24L50 24L50 23ZM28 24L28 26L29 26L29 24ZM25 25L25 26L27 26L27 25ZM3 27L3 28L4 28L4 27ZM5 27L5 30L8 30L8 27ZM16 27L16 28L17 28L17 29L18 29L18 28L17 28L17 27ZM25 27L25 28L24 28L24 29L25 29L25 30L26 30L26 27ZM27 27L27 30L30 30L30 27ZM42 27L42 28L43 28L43 27ZM49 27L49 30L52 30L52 27ZM6 28L6 29L7 29L7 28ZM28 28L28 29L29 29L29 28ZM50 28L50 29L51 29L51 28ZM54 28L54 29L55 29L55 30L56 30L56 28ZM19 29L19 30L18 30L18 31L19 31L19 32L22 32L22 33L23 33L23 34L22 34L22 35L23 35L23 36L22 36L22 37L23 37L23 36L24 36L24 37L25 37L25 38L27 38L27 39L28 39L28 41L27 41L27 42L26 42L26 41L25 41L25 42L24 42L24 43L25 43L25 42L26 42L26 43L27 43L27 44L28 44L28 42L29 42L29 43L30 43L30 42L32 42L32 43L34 43L34 42L36 42L36 40L37 40L37 39L38 39L38 38L39 38L39 37L36 37L36 39L34 39L34 38L35 38L35 37L34 37L34 38L33 38L33 39L34 39L34 40L32 40L32 37L33 37L33 36L31 36L31 35L30 35L30 34L31 34L31 33L30 33L30 34L29 34L29 33L27 33L27 32L28 32L28 31L27 31L27 32L26 32L26 31L24 31L24 33L23 33L23 31L22 31L22 29ZM38 29L38 30L39 30L39 29ZM6 31L6 32L7 32L7 31ZM30 31L30 32L32 32L32 31ZM46 31L46 34L47 34L47 35L46 35L46 36L47 36L47 37L46 37L46 38L49 38L49 37L50 37L50 36L47 36L47 35L52 35L52 36L51 36L51 37L52 37L52 36L53 36L53 35L54 35L54 34L53 34L53 33L52 33L52 32L50 32L50 33L49 33L49 31L48 31L48 32L47 32L47 31ZM25 32L25 33L24 33L24 34L25 34L25 35L24 35L24 36L25 36L25 37L26 37L26 36L25 36L25 35L27 35L27 36L28 36L28 37L27 37L27 38L28 38L28 37L31 37L31 36L30 36L30 35L29 35L29 34L28 34L28 35L27 35L27 34L25 34L25 33L26 33L26 32ZM36 32L36 33L37 33L37 32ZM47 33L47 34L48 34L48 33ZM50 33L50 34L52 34L52 35L53 35L53 34L52 34L52 33ZM56 33L56 34L57 34L57 33ZM40 34L40 35L41 35L41 34ZM28 35L28 36L29 36L29 35ZM34 35L34 36L35 36L35 35ZM36 35L36 36L39 36L39 35ZM56 35L56 37L57 37L57 35ZM7 36L7 37L3 37L3 38L5 38L5 39L6 39L6 40L4 40L4 39L3 39L3 40L2 40L2 41L1 41L1 43L2 43L2 44L1 44L1 47L2 47L2 44L3 44L3 47L5 47L5 46L4 46L4 45L6 45L6 44L7 44L7 43L6 43L6 42L8 42L8 43L9 43L9 42L10 42L10 39L8 39L8 40L7 40L7 39L6 39L6 38L9 38L9 36ZM15 36L15 37L16 37L16 36ZM40 36L40 37L42 37L42 36ZM29 38L29 39L31 39L31 38ZM53 39L53 40L54 40L54 39ZM3 40L3 41L4 41L4 42L2 42L2 43L3 43L3 44L6 44L6 43L4 43L4 42L5 42L5 41L4 41L4 40ZM6 40L6 41L7 41L7 40ZM8 40L8 41L9 41L9 40ZM38 42L38 43L39 43L39 42ZM46 42L46 43L47 43L47 42ZM50 42L50 43L51 43L51 42ZM29 44L29 45L28 45L28 46L30 46L30 44ZM44 44L44 45L45 45L45 44ZM54 44L54 46L55 46L55 45L56 45L56 44ZM51 45L51 46L52 46L52 45ZM6 48L6 49L7 49L7 48ZM23 48L23 49L24 49L24 48ZM36 48L36 49L37 49L37 48ZM13 49L13 50L14 50L14 49ZM27 49L27 52L30 52L30 49ZM49 49L49 52L52 52L52 49ZM9 50L9 51L11 51L11 52L9 52L9 53L10 53L10 54L9 54L9 55L10 55L10 54L11 54L11 53L12 53L12 51L11 51L11 50ZM28 50L28 51L29 51L29 50ZM50 50L50 51L51 51L51 50ZM13 51L13 52L14 52L14 51ZM24 51L24 52L23 52L23 53L22 53L22 54L23 54L23 53L24 53L24 52L25 52L25 51ZM45 51L45 52L44 52L44 54L45 54L45 52L46 52L46 51ZM56 51L56 52L57 52L57 51ZM36 52L36 53L37 53L37 52ZM38 52L38 53L39 53L39 52ZM29 53L29 54L30 54L30 53ZM12 54L12 55L13 55L13 54ZM36 54L36 55L37 55L37 54ZM15 55L15 57L19 57L19 56L16 56L16 55ZM49 55L49 56L51 56L51 55ZM36 56L36 57L37 57L37 56ZM38 56L38 57L39 57L39 56ZM0 0L0 7L7 7L7 0ZM1 1L1 6L6 6L6 1ZM2 2L2 5L5 5L5 2ZM50 0L50 7L57 7L57 0ZM51 1L51 6L56 6L56 1ZM52 2L52 5L55 5L55 2ZM0 50L0 57L7 57L7 50ZM1 51L1 56L6 56L6 51ZM2 52L2 55L5 55L5 52Z\\\" fill=\\\"#000000\\\"\\/><\\/g><\\/g><\\/svg>\\n\\n                            <span style=\\\"width:50%;\\\">\\n                                <img style=\\\"max-height: 70px\\\"\\n                                     src=\\\"\\/home\\/forge\\/taxes.com.ar\\/public\\/storage\\/img\\/AfipComprobanteAutorizado.png\\\">\\n                            <\\/span>\\n                        <\\/th>\\n                        <th style=\\\"text-align:right;\\\">\\n                            <p>CAE N&#186;: 71160836890154<br>\\n                                Fecha Vto. CAE:  22\\/04\\/2021\\n                            <\\/p>\\n                        <\\/th>\\n                    <\\/tr>\\n                <\\/table>\\n                    <\\/div>\\n    <\\/div>\\n\\n    <\\/body>\\n<\\/html>\\\";s:4:\\\"file\\\";N;}s:6:\\\"locale\\\";N;s:4:\\\"from\\\";a:0:{}s:2:\\\"to\\\";a:1:{i:0;a:2:{s:4:\\\"name\\\";N;s:7:\\\"address\\\";s:20:\\\"prueba@prueba.com.ar\\\";}}s:2:\\\"cc\\\";a:0:{}s:3:\\\"bcc\\\";a:1:{i:0;a:2:{s:4:\\\"name\\\";N;s:7:\\\"address\\\";s:23:\\\"raul_arturi@hotmail.com\\\";}}s:7:\\\"replyTo\\\";a:0:{}s:7:\\\"subject\\\";N;s:11:\\\"\\u0000*\\u0000markdown\\\";N;s:7:\\\"\\u0000*\\u0000html\\\";N;s:4:\\\"view\\\";N;s:8:\\\"textView\\\";N;s:8:\\\"viewData\\\";a:0:{}s:11:\\\"attachments\\\";a:0:{}s:14:\\\"rawAttachments\\\";a:0:{}s:15:\\\"diskAttachments\\\";a:0:{}s:9:\\\"callbacks\\\";a:0:{}s:5:\\\"theme\\\";N;s:6:\\\"mailer\\\";s:8:\\\"sendgrid\\\";s:10:\\\"connection\\\";N;s:5:\\\"queue\\\";N;s:15:\\\"chainConnection\\\";N;s:10:\\\"chainQueue\\\";N;s:5:\\\"delay\\\";N;s:10:\\\"middleware\\\";a:0:{}s:7:\\\"chained\\\";a:0:{}}s:5:\\\"tries\\\";N;s:7:\\\"timeout\\\";N;}\"}}','ErrorException: Trying to get property \'id\' of non-object in /home/forge/taxes.com.ar/app/Queue/DatabaseJob.php:16\nStack trace:\n#0 /home/forge/taxes.com.ar/app/Queue/DatabaseJob.php(16): Illuminate\\Foundation\\Bootstrap\\HandleExceptions->handleError(8, \'Trying to get p...\', \'/home/forge/tax...\', 16, Array)\n#1 /home/forge/taxes.com.ar/vendor/laravel/framework/src/Illuminate/Queue/Worker.php(356): App\\Queue\\DatabaseJob->fire()\n#2 /home/forge/taxes.com.ar/vendor/laravel/framework/src/Illuminate/Queue/Worker.php(306): Illuminate\\Queue\\Worker->process(\'database\', Object(App\\Queue\\DatabaseJob), Object(Illuminate\\Queue\\WorkerOptions))\n#3 /home/forge/taxes.com.ar/vendor/laravel/framework/src/Illuminate/Queue/Worker.php(132): Illuminate\\Queue\\Worker->runJob(Object(App\\Queue\\DatabaseJob), \'database\', Object(Illuminate\\Queue\\WorkerOptions))\n#4 /home/forge/taxes.com.ar/vendor/laravel/framework/src/Illuminate/Queue/Console/WorkCommand.php(112): Illuminate\\Queue\\Worker->daemon(\'database\', \'default\', Object(Illuminate\\Queue\\WorkerOptions))\n#5 /home/forge/taxes.com.ar/vendor/laravel/framework/src/Illuminate/Queue/Console/WorkCommand.php(96): Illuminate\\Queue\\Console\\WorkCommand->runWorker(\'database\', \'default\')\n#6 /home/forge/taxes.com.ar/vendor/laravel/framework/src/Illuminate/Container/BoundMethod.php(36): Illuminate\\Queue\\Console\\WorkCommand->handle()\n#7 /home/forge/taxes.com.ar/vendor/laravel/framework/src/Illuminate/Container/Util.php(37): Illuminate\\Container\\BoundMethod::Illuminate\\Container\\{closure}()\n#8 /home/forge/taxes.com.ar/vendor/laravel/framework/src/Illuminate/Container/BoundMethod.php(93): Illuminate\\Container\\Util::unwrapIfClosure(Object(Closure))\n#9 /home/forge/taxes.com.ar/vendor/laravel/framework/src/Illuminate/Container/BoundMethod.php(37): Illuminate\\Container\\BoundMethod::callBoundMethod(Object(Illuminate\\Foundation\\Application), Array, Object(Closure))\n#10 /home/forge/taxes.com.ar/vendor/laravel/framework/src/Illuminate/Container/Container.php(596): Illuminate\\Container\\BoundMethod::call(Object(Illuminate\\Foundation\\Application), Array, Array, NULL)\n#11 /home/forge/taxes.com.ar/vendor/laravel/framework/src/Illuminate/Console/Command.php(134): Illuminate\\Container\\Container->call(Array)\n#12 /home/forge/taxes.com.ar/vendor/symfony/console/Command/Command.php(256): Illuminate\\Console\\Command->execute(Object(Symfony\\Component\\Console\\Input\\ArgvInput), Object(Illuminate\\Console\\OutputStyle))\n#13 /home/forge/taxes.com.ar/vendor/laravel/framework/src/Illuminate/Console/Command.php(121): Symfony\\Component\\Console\\Command\\Command->run(Object(Symfony\\Component\\Console\\Input\\ArgvInput), Object(Illuminate\\Console\\OutputStyle))\n#14 /home/forge/taxes.com.ar/vendor/symfony/console/Application.php(971): Illuminate\\Console\\Command->run(Object(Symfony\\Component\\Console\\Input\\ArgvInput), Object(Symfony\\Component\\Console\\Output\\ConsoleOutput))\n#15 /home/forge/taxes.com.ar/vendor/symfony/console/Application.php(290): Symfony\\Component\\Console\\Application->doRunCommand(Object(Illuminate\\Queue\\Console\\WorkCommand), Object(Symfony\\Component\\Console\\Input\\ArgvInput), Object(Symfony\\Component\\Console\\Output\\ConsoleOutput))\n#16 /home/forge/taxes.com.ar/vendor/symfony/console/Application.php(166): Symfony\\Component\\Console\\Application->doRun(Object(Symfony\\Component\\Console\\Input\\ArgvInput), Object(Symfony\\Component\\Console\\Output\\ConsoleOutput))\n#17 /home/forge/taxes.com.ar/vendor/laravel/framework/src/Illuminate/Console/Application.php(93): Symfony\\Component\\Console\\Application->run(Object(Symfony\\Component\\Console\\Input\\ArgvInput), Object(Symfony\\Component\\Console\\Output\\ConsoleOutput))\n#18 /home/forge/taxes.com.ar/vendor/laravel/framework/src/Illuminate/Foundation/Console/Kernel.php(129): Illuminate\\Console\\Application->run(Object(Symfony\\Component\\Console\\Input\\ArgvInput), Object(Symfony\\Component\\Console\\Output\\ConsoleOutput))\n#19 /home/forge/taxes.com.ar/artisan(35): Illuminate\\Foundation\\Console\\Kernel->handle(Object(Symfony\\Component\\Console\\Input\\ArgvInput), Object(Symfony\\Component\\Console\\Output\\ConsoleOutput))\n#20 {main}','2021-04-17 19:20:25',NULL);
INSERT INTO `failed_jobs` VALUES (17,NULL,'database','default','{\"uuid\":\"554c4c0a-adbd-4bd7-9bbc-1a2fbd909fbf\",\"displayName\":\"App\\\\Mail\\\\EmailGenerico\",\"job\":\"Illuminate\\\\Queue\\\\CallQueuedHandler@call\",\"maxTries\":null,\"maxExceptions\":null,\"delay\":null,\"timeout\":null,\"timeoutAt\":null,\"data\":{\"commandName\":\"Illuminate\\\\Mail\\\\SendQueuedMailable\",\"command\":\"O:34:\\\"Illuminate\\\\Mail\\\\SendQueuedMailable\\\":3:{s:8:\\\"mailable\\\";O:22:\\\"App\\\\Mail\\\\EmailGenerico\\\":27:{s:4:\\\"info\\\";O:29:\\\"Illuminate\\\\Support\\\\Collection\\\":4:{s:8:\\\"\\u0000*\\u0000items\\\";a:0:{}s:7:\\\"empresa\\\";s:11:\\\"Arturi Raul\\\";s:7:\\\"proceso\\\";s:18:\\\"Facturacion Masiva\\\";s:5:\\\"notas\\\";a:0:{}}s:31:\\\"\\u0000App\\\\Mail\\\\EmailGenerico\\u0000options\\\";O:29:\\\"Illuminate\\\\Support\\\\Collection\\\":6:{s:8:\\\"\\u0000*\\u0000items\\\";a:0:{}s:2:\\\"to\\\";s:23:\\\"raul_arturi@hotmail.com\\\";s:4:\\\"from\\\";s:24:\\\"informacion@taxes.com.ar\\\";s:4:\\\"name\\\";s:14:\\\"Taxes Software\\\";s:5:\\\"vista\\\";s:23:\\\"emails.mail_fin_proceso\\\";s:7:\\\"subject\\\";s:39:\\\"Facturacion Masiva - Proceso Finalizado\\\";}s:6:\\\"locale\\\";N;s:4:\\\"from\\\";a:0:{}s:2:\\\"to\\\";a:1:{i:0;a:2:{s:4:\\\"name\\\";N;s:7:\\\"address\\\";s:23:\\\"raul_arturi@hotmail.com\\\";}}s:2:\\\"cc\\\";a:0:{}s:3:\\\"bcc\\\";a:0:{}s:7:\\\"replyTo\\\";a:0:{}s:7:\\\"subject\\\";N;s:11:\\\"\\u0000*\\u0000markdown\\\";N;s:7:\\\"\\u0000*\\u0000html\\\";N;s:4:\\\"view\\\";N;s:8:\\\"textView\\\";N;s:8:\\\"viewData\\\";a:0:{}s:11:\\\"attachments\\\";a:0:{}s:14:\\\"rawAttachments\\\";a:0:{}s:15:\\\"diskAttachments\\\";a:0:{}s:9:\\\"callbacks\\\";a:0:{}s:5:\\\"theme\\\";N;s:6:\\\"mailer\\\";s:8:\\\"sendgrid\\\";s:10:\\\"connection\\\";N;s:5:\\\"queue\\\";N;s:15:\\\"chainConnection\\\";N;s:10:\\\"chainQueue\\\";N;s:5:\\\"delay\\\";N;s:10:\\\"middleware\\\";a:0:{}s:7:\\\"chained\\\";a:0:{}}s:5:\\\"tries\\\";N;s:7:\\\"timeout\\\";N;}\"}}','Illuminate\\Queue\\MaxAttemptsExceededException: App\\Mail\\EmailGenerico has been attempted too many times or run too long. The job may have previously timed out. in /home/forge/taxes.com.ar/vendor/laravel/framework/src/Illuminate/Queue/Worker.php:648\nStack trace:\n#0 /home/forge/taxes.com.ar/vendor/laravel/framework/src/Illuminate/Queue/Worker.php(436): Illuminate\\Queue\\Worker->maxAttemptsExceededException(Object(App\\Queue\\DatabaseJob))\n#1 /home/forge/taxes.com.ar/vendor/laravel/framework/src/Illuminate/Queue/Worker.php(346): Illuminate\\Queue\\Worker->markJobAsFailedIfAlreadyExceedsMaxAttempts(\'database\', Object(App\\Queue\\DatabaseJob), 1)\n#2 /home/forge/taxes.com.ar/vendor/laravel/framework/src/Illuminate/Queue/Worker.php(306): Illuminate\\Queue\\Worker->process(\'database\', Object(App\\Queue\\DatabaseJob), Object(Illuminate\\Queue\\WorkerOptions))\n#3 /home/forge/taxes.com.ar/vendor/laravel/framework/src/Illuminate/Queue/Worker.php(132): Illuminate\\Queue\\Worker->runJob(Object(App\\Queue\\DatabaseJob), \'database\', Object(Illuminate\\Queue\\WorkerOptions))\n#4 /home/forge/taxes.com.ar/vendor/laravel/framework/src/Illuminate/Queue/Console/WorkCommand.php(112): Illuminate\\Queue\\Worker->daemon(\'database\', \'default\', Object(Illuminate\\Queue\\WorkerOptions))\n#5 /home/forge/taxes.com.ar/vendor/laravel/framework/src/Illuminate/Queue/Console/WorkCommand.php(96): Illuminate\\Queue\\Console\\WorkCommand->runWorker(\'database\', \'default\')\n#6 /home/forge/taxes.com.ar/vendor/laravel/framework/src/Illuminate/Container/BoundMethod.php(36): Illuminate\\Queue\\Console\\WorkCommand->handle()\n#7 /home/forge/taxes.com.ar/vendor/laravel/framework/src/Illuminate/Container/Util.php(37): Illuminate\\Container\\BoundMethod::Illuminate\\Container\\{closure}()\n#8 /home/forge/taxes.com.ar/vendor/laravel/framework/src/Illuminate/Container/BoundMethod.php(93): Illuminate\\Container\\Util::unwrapIfClosure(Object(Closure))\n#9 /home/forge/taxes.com.ar/vendor/laravel/framework/src/Illuminate/Container/BoundMethod.php(37): Illuminate\\Container\\BoundMethod::callBoundMethod(Object(Illuminate\\Foundation\\Application), Array, Object(Closure))\n#10 /home/forge/taxes.com.ar/vendor/laravel/framework/src/Illuminate/Container/Container.php(596): Illuminate\\Container\\BoundMethod::call(Object(Illuminate\\Foundation\\Application), Array, Array, NULL)\n#11 /home/forge/taxes.com.ar/vendor/laravel/framework/src/Illuminate/Console/Command.php(134): Illuminate\\Container\\Container->call(Array)\n#12 /home/forge/taxes.com.ar/vendor/symfony/console/Command/Command.php(256): Illuminate\\Console\\Command->execute(Object(Symfony\\Component\\Console\\Input\\ArgvInput), Object(Illuminate\\Console\\OutputStyle))\n#13 /home/forge/taxes.com.ar/vendor/laravel/framework/src/Illuminate/Console/Command.php(121): Symfony\\Component\\Console\\Command\\Command->run(Object(Symfony\\Component\\Console\\Input\\ArgvInput), Object(Illuminate\\Console\\OutputStyle))\n#14 /home/forge/taxes.com.ar/vendor/symfony/console/Application.php(971): Illuminate\\Console\\Command->run(Object(Symfony\\Component\\Console\\Input\\ArgvInput), Object(Symfony\\Component\\Console\\Output\\ConsoleOutput))\n#15 /home/forge/taxes.com.ar/vendor/symfony/console/Application.php(290): Symfony\\Component\\Console\\Application->doRunCommand(Object(Illuminate\\Queue\\Console\\WorkCommand), Object(Symfony\\Component\\Console\\Input\\ArgvInput), Object(Symfony\\Component\\Console\\Output\\ConsoleOutput))\n#16 /home/forge/taxes.com.ar/vendor/symfony/console/Application.php(166): Symfony\\Component\\Console\\Application->doRun(Object(Symfony\\Component\\Console\\Input\\ArgvInput), Object(Symfony\\Component\\Console\\Output\\ConsoleOutput))\n#17 /home/forge/taxes.com.ar/vendor/laravel/framework/src/Illuminate/Console/Application.php(93): Symfony\\Component\\Console\\Application->run(Object(Symfony\\Component\\Console\\Input\\ArgvInput), Object(Symfony\\Component\\Console\\Output\\ConsoleOutput))\n#18 /home/forge/taxes.com.ar/vendor/laravel/framework/src/Illuminate/Foundation/Console/Kernel.php(129): Illuminate\\Console\\Application->run(Object(Symfony\\Component\\Console\\Input\\ArgvInput), Object(Symfony\\Component\\Console\\Output\\ConsoleOutput))\n#19 /home/forge/taxes.com.ar/artisan(35): Illuminate\\Foundation\\Console\\Kernel->handle(Object(Symfony\\Component\\Console\\Input\\ArgvInput), Object(Symfony\\Component\\Console\\Output\\ConsoleOutput))\n#20 {main}','2021-04-17 19:25:35',NULL);
INSERT INTO `failed_jobs` VALUES (18,NULL,'database','default','{\"uuid\":\"554c4c0a-adbd-4bd7-9bbc-1a2fbd909fbf\",\"displayName\":\"App\\\\Mail\\\\EmailGenerico\",\"job\":\"Illuminate\\\\Queue\\\\CallQueuedHandler@call\",\"maxTries\":null,\"maxExceptions\":null,\"delay\":null,\"timeout\":null,\"timeoutAt\":null,\"data\":{\"commandName\":\"Illuminate\\\\Mail\\\\SendQueuedMailable\",\"command\":\"O:34:\\\"Illuminate\\\\Mail\\\\SendQueuedMailable\\\":3:{s:8:\\\"mailable\\\";O:22:\\\"App\\\\Mail\\\\EmailGenerico\\\":27:{s:4:\\\"info\\\";O:29:\\\"Illuminate\\\\Support\\\\Collection\\\":4:{s:8:\\\"\\u0000*\\u0000items\\\";a:0:{}s:7:\\\"empresa\\\";s:11:\\\"Arturi Raul\\\";s:7:\\\"proceso\\\";s:18:\\\"Facturacion Masiva\\\";s:5:\\\"notas\\\";a:0:{}}s:31:\\\"\\u0000App\\\\Mail\\\\EmailGenerico\\u0000options\\\";O:29:\\\"Illuminate\\\\Support\\\\Collection\\\":6:{s:8:\\\"\\u0000*\\u0000items\\\";a:0:{}s:2:\\\"to\\\";s:23:\\\"raul_arturi@hotmail.com\\\";s:4:\\\"from\\\";s:24:\\\"informacion@taxes.com.ar\\\";s:4:\\\"name\\\";s:14:\\\"Taxes Software\\\";s:5:\\\"vista\\\";s:23:\\\"emails.mail_fin_proceso\\\";s:7:\\\"subject\\\";s:39:\\\"Facturacion Masiva - Proceso Finalizado\\\";}s:6:\\\"locale\\\";N;s:4:\\\"from\\\";a:0:{}s:2:\\\"to\\\";a:1:{i:0;a:2:{s:4:\\\"name\\\";N;s:7:\\\"address\\\";s:23:\\\"raul_arturi@hotmail.com\\\";}}s:2:\\\"cc\\\";a:0:{}s:3:\\\"bcc\\\";a:0:{}s:7:\\\"replyTo\\\";a:0:{}s:7:\\\"subject\\\";N;s:11:\\\"\\u0000*\\u0000markdown\\\";N;s:7:\\\"\\u0000*\\u0000html\\\";N;s:4:\\\"view\\\";N;s:8:\\\"textView\\\";N;s:8:\\\"viewData\\\";a:0:{}s:11:\\\"attachments\\\";a:0:{}s:14:\\\"rawAttachments\\\";a:0:{}s:15:\\\"diskAttachments\\\";a:0:{}s:9:\\\"callbacks\\\";a:0:{}s:5:\\\"theme\\\";N;s:6:\\\"mailer\\\";s:8:\\\"sendgrid\\\";s:10:\\\"connection\\\";N;s:5:\\\"queue\\\";N;s:15:\\\"chainConnection\\\";N;s:10:\\\"chainQueue\\\";N;s:5:\\\"delay\\\";N;s:10:\\\"middleware\\\";a:0:{}s:7:\\\"chained\\\";a:0:{}}s:5:\\\"tries\\\";N;s:7:\\\"timeout\\\";N;}\"}}','Illuminate\\Queue\\MaxAttemptsExceededException: App\\Mail\\EmailGenerico has been attempted too many times or run too long. The job may have previously timed out. in /home/forge/taxes.com.ar/vendor/laravel/framework/src/Illuminate/Queue/Worker.php:648\nStack trace:\n#0 /home/forge/taxes.com.ar/vendor/laravel/framework/src/Illuminate/Queue/Worker.php(436): Illuminate\\Queue\\Worker->maxAttemptsExceededException(Object(App\\Queue\\DatabaseJob))\n#1 /home/forge/taxes.com.ar/vendor/laravel/framework/src/Illuminate/Queue/Worker.php(346): Illuminate\\Queue\\Worker->markJobAsFailedIfAlreadyExceedsMaxAttempts(\'database\', Object(App\\Queue\\DatabaseJob), 1)\n#2 /home/forge/taxes.com.ar/vendor/laravel/framework/src/Illuminate/Queue/Worker.php(306): Illuminate\\Queue\\Worker->process(\'database\', Object(App\\Queue\\DatabaseJob), Object(Illuminate\\Queue\\WorkerOptions))\n#3 /home/forge/taxes.com.ar/vendor/laravel/framework/src/Illuminate/Queue/Worker.php(132): Illuminate\\Queue\\Worker->runJob(Object(App\\Queue\\DatabaseJob), \'database\', Object(Illuminate\\Queue\\WorkerOptions))\n#4 /home/forge/taxes.com.ar/vendor/laravel/framework/src/Illuminate/Queue/Console/WorkCommand.php(112): Illuminate\\Queue\\Worker->daemon(\'database\', \'default\', Object(Illuminate\\Queue\\WorkerOptions))\n#5 /home/forge/taxes.com.ar/vendor/laravel/framework/src/Illuminate/Queue/Console/WorkCommand.php(96): Illuminate\\Queue\\Console\\WorkCommand->runWorker(\'database\', \'default\')\n#6 /home/forge/taxes.com.ar/vendor/laravel/framework/src/Illuminate/Container/BoundMethod.php(36): Illuminate\\Queue\\Console\\WorkCommand->handle()\n#7 /home/forge/taxes.com.ar/vendor/laravel/framework/src/Illuminate/Container/Util.php(37): Illuminate\\Container\\BoundMethod::Illuminate\\Container\\{closure}()\n#8 /home/forge/taxes.com.ar/vendor/laravel/framework/src/Illuminate/Container/BoundMethod.php(93): Illuminate\\Container\\Util::unwrapIfClosure(Object(Closure))\n#9 /home/forge/taxes.com.ar/vendor/laravel/framework/src/Illuminate/Container/BoundMethod.php(37): Illuminate\\Container\\BoundMethod::callBoundMethod(Object(Illuminate\\Foundation\\Application), Array, Object(Closure))\n#10 /home/forge/taxes.com.ar/vendor/laravel/framework/src/Illuminate/Container/Container.php(596): Illuminate\\Container\\BoundMethod::call(Object(Illuminate\\Foundation\\Application), Array, Array, NULL)\n#11 /home/forge/taxes.com.ar/vendor/laravel/framework/src/Illuminate/Console/Command.php(134): Illuminate\\Container\\Container->call(Array)\n#12 /home/forge/taxes.com.ar/vendor/symfony/console/Command/Command.php(256): Illuminate\\Console\\Command->execute(Object(Symfony\\Component\\Console\\Input\\ArgvInput), Object(Illuminate\\Console\\OutputStyle))\n#13 /home/forge/taxes.com.ar/vendor/laravel/framework/src/Illuminate/Console/Command.php(121): Symfony\\Component\\Console\\Command\\Command->run(Object(Symfony\\Component\\Console\\Input\\ArgvInput), Object(Illuminate\\Console\\OutputStyle))\n#14 /home/forge/taxes.com.ar/vendor/symfony/console/Application.php(971): Illuminate\\Console\\Command->run(Object(Symfony\\Component\\Console\\Input\\ArgvInput), Object(Symfony\\Component\\Console\\Output\\ConsoleOutput))\n#15 /home/forge/taxes.com.ar/vendor/symfony/console/Application.php(290): Symfony\\Component\\Console\\Application->doRunCommand(Object(Illuminate\\Queue\\Console\\WorkCommand), Object(Symfony\\Component\\Console\\Input\\ArgvInput), Object(Symfony\\Component\\Console\\Output\\ConsoleOutput))\n#16 /home/forge/taxes.com.ar/vendor/symfony/console/Application.php(166): Symfony\\Component\\Console\\Application->doRun(Object(Symfony\\Component\\Console\\Input\\ArgvInput), Object(Symfony\\Component\\Console\\Output\\ConsoleOutput))\n#17 /home/forge/taxes.com.ar/vendor/laravel/framework/src/Illuminate/Console/Application.php(93): Symfony\\Component\\Console\\Application->run(Object(Symfony\\Component\\Console\\Input\\ArgvInput), Object(Symfony\\Component\\Console\\Output\\ConsoleOutput))\n#18 /home/forge/taxes.com.ar/vendor/laravel/framework/src/Illuminate/Foundation/Console/Kernel.php(129): Illuminate\\Console\\Application->run(Object(Symfony\\Component\\Console\\Input\\ArgvInput), Object(Symfony\\Component\\Console\\Output\\ConsoleOutput))\n#19 /home/forge/taxes.com.ar/artisan(35): Illuminate\\Foundation\\Console\\Kernel->handle(Object(Symfony\\Component\\Console\\Input\\ArgvInput), Object(Symfony\\Component\\Console\\Output\\ConsoleOutput))\n#20 {main}','2021-04-17 19:25:35',NULL);
