-- Table structure for table `blogs`
--

CREATE TABLE `blogs` (
  `id` int(10) unsigned NOT NULL AUTO_INCREMENT,
  `user_id` int(10) unsigned DEFAULT NULL,
  `fecha` date NOT NULL,
  `file` varchar(191) COLLATE utf8mb4_unicode_ci DEFAULT NULL,
  `blogs_categoria_id` int(10) unsigned NOT NULL,
  `blogs_categoria_sub_id` int(10) unsigned NOT NULL,
  `path` varchar(191) COLLATE utf8mb4_unicode_ci NOT NULL,
  `titulo` varchar(191) COLLATE utf8mb4_unicode_ci NOT NULL,
  `contenido` longtext COLLATE utf8mb4_unicode_ci NOT NULL,
  `autor` varchar(191) COLLATE utf8mb4_unicode_ci NOT NULL,
  `publicar` tinyint(1) NOT NULL DEFAULT '0',
  `created_at` timestamp NULL DEFAULT NULL,
  `updated_at` timestamp NULL DEFAULT NULL,
  `deleted_at` timestamp NULL DEFAULT NULL,
  PRIMARY KEY (`id`),
  KEY `blogs_blogs_categoria_id_foreign` (`blogs_categoria_id`),
  KEY `blogs_blogs_categoria_sub_id_foreign` (`blogs_categoria_sub_id`),
  CONSTRAINT `blogs_blogs_categoria_id_foreign` FOREIGN KEY (`blogs_categoria_id`) REFERENCES `blogs_categorias` (`id`),
  CONSTRAINT `blogs_blogs_categoria_sub_id_foreign` FOREIGN KEY (`blogs_categoria_sub_id`) REFERENCES `blogs_categorias_sub` (`id`)
) ENGINE=InnoDB DEFAULT CHARSET=utf8mb4 COLLATE=utf8mb4_unicode_ci;

--
-- Dumping data for table `blogs`
--


--
-- Table structure for table `blogs_categorias`
--

CREATE TABLE `blogs_categorias` (
  `id` int(10) unsigned NOT NULL AUTO_INCREMENT,
  `user_id` int(10) unsigned DEFAULT NULL,
  `descripcion` varchar(191) COLLATE utf8mb4_unicode_ci DEFAULT NULL,
  `created_at` timestamp NULL DEFAULT NULL,
  `updated_at` timestamp NULL DEFAULT NULL,
  `deleted_at` timestamp NULL DEFAULT NULL,
  PRIMARY KEY (`id`)
) ENGINE=InnoDB DEFAULT CHARSET=utf8mb4 COLLATE=utf8mb4_unicode_ci;

--
-- Dumping data for table `blogs_categorias`
--


--
-- Table structure for table `blogs_categorias_sub`
--

CREATE TABLE `blogs_categorias_sub` (
  `id` int(10) unsigned NOT NULL AUTO_INCREMENT,
  `user_id` int(10) unsigned DEFAULT NULL,
  `blogs_categoria_id` int(10) unsigned NOT NULL,
  `descripcion` varchar(191) COLLATE utf8mb4_unicode_ci NOT NULL,
  `created_at` timestamp NULL DEFAULT NULL,
  `updated_at` timestamp NULL DEFAULT NULL,
  `deleted_at` timestamp NULL DEFAULT NULL,
  PRIMARY KEY (`id`),
  KEY `blogs_categorias_sub_blogs_categoria_id_foreign` (`blogs_categoria_id`),
  CONSTRAINT `blogs_categorias_sub_blogs_categoria_id_foreign` FOREIGN KEY (`blogs_categoria_id`) REFERENCES `blogs_categorias` (`id`)
) ENGINE=InnoDB DEFAULT CHARSET=utf8mb4 COLLATE=utf8mb4_unicode_ci;

--
-- Dumping data for table `blogs_categorias_sub`
--


--
-- Table structure for table `bs_per_alicuotas`
--

CREATE TABLE `bs_per_alicuotas` (
  `id` int(10) unsigned NOT NULL AUTO_INCREMENT,
  `anio` int(10) unsigned NOT NULL,
  `min_no_imponible` decimal(16,2) NOT NULL DEFAULT '0.00',
  `desde` decimal(16,2) NOT NULL DEFAULT '0.00',
  `hasta` decimal(16,2) NOT NULL DEFAULT '0.00',
  `impuesto` decimal(16,2) NOT NULL DEFAULT '0.00',
  `mas_porcentaje` decimal(16,4) NOT NULL DEFAULT '0.0000',
  `excedente` decimal(16,2) NOT NULL DEFAULT '0.00',
  `created_at` timestamp NULL DEFAULT NULL,
  `updated_at` timestamp NULL DEFAULT NULL,
  `deleted_at` timestamp NULL DEFAULT NULL,
  PRIMARY KEY (`id`)
) ENGINE=InnoDB AUTO_INCREMENT=15 DEFAULT CHARSET=utf8mb4 COLLATE=utf8mb4_unicode_ci;

--
-- Dumping data for table `bs_per_alicuotas`
--

INSERT INTO `bs_per_alicuotas` VALUES (1,2017,950000.00,0.00,999999999.99,0.00,0.0050,950000.00,'2019-11-19 21:09:50','2019-11-19 21:09:50',NULL),(2,2018,1050000.00,0.00,999999999.99,0.00,0.0025,1050000.00,'2019-11-19 21:09:50','2019-11-19 21:09:50',NULL),(3,2019,2000000.00,0.00,3000000.00,0.00,0.0050,0.00,'2019-11-19 21:09:50','2020-09-08 13:04:10',NULL),(4,2019,2000000.00,3000000.00,6500000.00,15000.00,0.0075,3000000.00,'2019-11-19 21:09:50','2020-09-08 13:04:10',NULL),(5,2019,2000000.00,6500000.00,18000000.00,41250.00,0.0100,6500000.00,'2019-11-19 21:09:50','2020-09-08 13:04:10',NULL),(6,2019,2000000.00,18000000.00,999999999.99,156250.00,0.0125,18000000.00,'2020-09-08 13:04:10','2020-09-08 13:04:10',NULL),(7,2020,2000000.00,0.00,3000000.00,0.00,0.0050,0.00,'2021-06-15 17:43:37','2021-06-30 10:14:02',NULL),(8,2020,2000000.00,3000000.00,6500000.00,15000.00,0.0075,3000000.00,'2021-06-15 17:43:37','2021-06-30 10:14:02',NULL),(9,2020,2000000.00,6500000.00,18000000.00,41250.00,0.0100,6500000.00,'2021-06-15 17:43:37','2021-06-30 10:14:02',NULL),(10,2020,2000000.00,18000000.00,999999999.99,156250.00,0.0125,18000000.00,'2021-06-15 17:43:37','2021-06-30 10:14:02',NULL),(11,2021,6000000.00,0.00,3000000.00,0.00,0.0050,0.00,'2022-05-17 16:28:07','2022-05-17 16:28:07',NULL),(12,2021,6000000.00,3000000.00,6500000.00,15000.00,0.0075,3000000.00,'2022-05-17 16:28:07','2022-05-17 16:28:07',NULL),(13,2021,6000000.00,6500000.00,18000000.00,41250.00,0.0100,6500000.00,'2022-05-17 16:28:07','2022-05-17 16:28:07',NULL),(14,2021,6000000.00,18000000.00,999999999.99,156250.00,0.0125,18000000.00,'2022-05-17 16:28:07','2022-05-17 16:28:07',NULL);

--
-- Table structure for table `bs_per_ddjjs`
--

CREATE TABLE `bs_per_ddjjs` (
  `id` int(10) unsigned NOT NULL AUTO_INCREMENT,
  `user_id` int(10) unsigned DEFAULT NULL,
  `anio` int(10) unsigned NOT NULL,
  `person_id` int(10) unsigned NOT NULL,
  `total_bienes_gravados` decimal(16,2) NOT NULL DEFAULT '0.00',
  `total_bienes_exentos` decimal(16,2) NOT NULL DEFAULT '0.00',
  `min_no_imponible` decimal(16,2) NOT NULL DEFAULT '0.00',
  `base_imponible` decimal(16,2) NOT NULL DEFAULT '0.00',
  `impuesto_determinado` decimal(16,2) NOT NULL DEFAULT '0.00',
  `saldo_a_pagar` decimal(16,2) NOT NULL DEFAULT '0.00',
  `saldo_a_favor` decimal(16,2) NOT NULL DEFAULT '0.00',
  `comentario` varchar(191) COLLATE utf8mb4_unicode_ci DEFAULT NULL,
  `created_at` timestamp NULL DEFAULT NULL,
  `updated_at` timestamp NULL DEFAULT NULL,
  `deleted_at` timestamp NULL DEFAULT NULL,
  PRIMARY KEY (`id`),
  KEY `bs_per_ddjjs_person_id_foreign` (`person_id`),
  CONSTRAINT `bs_per_ddjjs_person_id_foreign` FOREIGN KEY (`person_id`) REFERENCES `persons` (`id`)
) ENGINE=InnoDB DEFAULT CHARSET=utf8mb4 COLLATE=utf8mb4_unicode_ci;

--
-- Dumping data for table `bs_per_ddjjs`
--


--
-- Table structure for table `bs_pers_conceptos`
--

CREATE TABLE `bs_pers_conceptos` (
  `id` int(10) unsigned NOT NULL AUTO_INCREMENT,
  `nombre` varchar(191) COLLATE utf8mb4_unicode_ci NOT NULL,
  `status` tinyint(1) NOT NULL DEFAULT '1',
  `created_at` timestamp NULL DEFAULT NULL,
  `updated_at` timestamp NULL DEFAULT NULL,
  `deleted_at` timestamp NULL DEFAULT NULL,
  PRIMARY KEY (`id`)
) ENGINE=InnoDB AUTO_INCREMENT=12 DEFAULT CHARSET=utf8mb4 COLLATE=utf8mb4_unicode_ci;

--
-- Dumping data for table `bs_pers_conceptos`
--

INSERT INTO `bs_pers_conceptos` VALUES (1,'Inmuebles',1,'2019-11-19 21:09:50','2019-11-19 21:09:50',NULL),(2,'Derechos Reales',1,'2019-11-19 21:09:50','2019-11-19 21:09:50',NULL),(3,'Naves y Aeronaves',1,'2019-11-19 21:09:50','2019-11-19 21:09:50',NULL),(4,'Automotores y otros rodados',1,'2019-11-19 21:09:50','2019-11-19 21:09:50',NULL),(5,'Dinero y depósitos en dinero',1,'2019-11-19 21:09:50','2019-11-19 21:09:50',NULL),(6,'Títulos, acciones, cuotas o participaciones sociales y otros títulos valores',1,'2019-11-19 21:09:50','2019-11-19 21:09:50',NULL),(7,'Patrimonio de empresas o explotaciones unipersonales',1,'2019-11-19 21:09:50','2019-11-19 21:09:50',NULL),(8,'Créditos y debentures',1,'2019-11-19 21:09:50','2019-11-19 21:09:50',NULL),(9,'Derechos de propiedad científica, literaria o artística, marcas, patentes y sus licencias',1,'2019-11-19 21:09:50','2019-11-19 21:09:50',NULL),(10,'Otros Bienes (incluye semovientes, antigüedades, objetos de colección, objetos de arte, ...)',1,'2019-11-19 21:09:50','2019-11-19 21:09:50',NULL),(11,'Objetos Personales y del Hogar',1,'2019-11-19 21:09:50','2019-11-19 21:09:50',NULL);

--
-- Table structure for table `bs_pers_detail_anticipos`
--

CREATE TABLE `bs_pers_detail_anticipos` (
  `id` int(10) unsigned NOT NULL AUTO_INCREMENT,
  `bs_per_ddjj_id` int(10) unsigned NOT NULL,
  `person_id` int(10) unsigned NOT NULL,
  `ganan_concepto_anticipo_id` int(10) unsigned NOT NULL,
  `importe` decimal(16,2) NOT NULL DEFAULT '0.00',
  `created_at` timestamp NULL DEFAULT NULL,
  `updated_at` timestamp NULL DEFAULT NULL,
  `deleted_at` timestamp NULL DEFAULT NULL,
  PRIMARY KEY (`id`),
  KEY `bs_pers_detail_anticipos_bs_per_ddjj_id_foreign` (`bs_per_ddjj_id`),
  KEY `bs_pers_detail_anticipos_person_id_foreign` (`person_id`),
  KEY `bs_pers_detail_anticipos_ganan_concepto_anticipo_id_foreign` (`ganan_concepto_anticipo_id`),
  CONSTRAINT `bs_pers_detail_anticipos_bs_per_ddjj_id_foreign` FOREIGN KEY (`bs_per_ddjj_id`) REFERENCES `bs_per_ddjjs` (`id`),
  CONSTRAINT `bs_pers_detail_anticipos_ganan_concepto_anticipo_id_foreign` FOREIGN KEY (`ganan_concepto_anticipo_id`) REFERENCES `ganan_conceptos_anticipos` (`id`),
  CONSTRAINT `bs_pers_detail_anticipos_person_id_foreign` FOREIGN KEY (`person_id`) REFERENCES `persons` (`id`)
) ENGINE=InnoDB DEFAULT CHARSET=utf8mb4 COLLATE=utf8mb4_unicode_ci;

--
-- Dumping data for table `bs_pers_detail_anticipos`
--


--
-- Table structure for table `bs_pers_detail_bienes`
--

CREATE TABLE `bs_pers_detail_bienes` (
  `id` int(10) unsigned NOT NULL AUTO_INCREMENT,
  `bs_per_ddjj_id` int(10) unsigned NOT NULL,
  `person_id` int(10) unsigned NOT NULL,
  `bs_pers_concepto_id` int(10) unsigned NOT NULL,
  `concepto` varchar(191) COLLATE utf8mb4_unicode_ci DEFAULT NULL,
  `importe_gravado` decimal(16,2) NOT NULL DEFAULT '0.00',
  `importe_exento` decimal(16,2) NOT NULL DEFAULT '0.00',
  `comentario` varchar(191) COLLATE utf8mb4_unicode_ci DEFAULT NULL,
  `created_at` timestamp NULL DEFAULT NULL,
  `updated_at` timestamp NULL DEFAULT NULL,
  `deleted_at` timestamp NULL DEFAULT NULL,
  PRIMARY KEY (`id`),
  KEY `bs_pers_detail_bienes_bs_per_ddjj_id_foreign` (`bs_per_ddjj_id`),
  KEY `bs_pers_detail_bienes_person_id_foreign` (`person_id`),
  KEY `bs_pers_detail_bienes_bs_pers_concepto_id_foreign` (`bs_pers_concepto_id`),
  CONSTRAINT `bs_pers_detail_bienes_bs_per_ddjj_id_foreign` FOREIGN KEY (`bs_per_ddjj_id`) REFERENCES `bs_per_ddjjs` (`id`),
  CONSTRAINT `bs_pers_detail_bienes_bs_pers_concepto_id_foreign` FOREIGN KEY (`bs_pers_concepto_id`) REFERENCES `bs_pers_conceptos` (`id`),
  CONSTRAINT `bs_pers_detail_bienes_person_id_foreign` FOREIGN KEY (`person_id`) REFERENCES `persons` (`id`)
) ENGINE=InnoDB DEFAULT CHARSET=utf8mb4 COLLATE=utf8mb4_unicode_ci;

--
-- Dumping data for table `bs_pers_detail_bienes`
--


--
-- Table structure for table `calle`
--

CREATE TABLE `calle` (
  `id` int(10) unsigned NOT NULL AUTO_INCREMENT,
  `user_id` int(10) unsigned DEFAULT NULL,
  `localidad_id` int(10) unsigned NOT NULL,
  `descripcion` varchar(191) COLLATE utf8mb4_unicode_ci NOT NULL,
  `desdealt` int(10) unsigned DEFAULT NULL,
  `hastaalt` int(10) unsigned DEFAULT NULL,
  `codpostal` int(10) unsigned DEFAULT NULL,
  `habilitado` tinyint(1) NOT NULL DEFAULT '1',
  `created_at` timestamp NULL DEFAULT NULL,
  `updated_at` timestamp NULL DEFAULT NULL,
  `deleted_at` timestamp NULL DEFAULT NULL,
  PRIMARY KEY (`id`),
  KEY `calle_localidad_id_foreign` (`localidad_id`),
  CONSTRAINT `calle_localidad_id_foreign` FOREIGN KEY (`localidad_id`) REFERENCES `localidad` (`id`)
) ENGINE=InnoDB AUTO_INCREMENT=2 DEFAULT CHARSET=utf8mb4 COLLATE=utf8mb4_unicode_ci;

--
-- Dumping data for table `calle`
--

INSERT INTO `calle` VALUES (1,NULL,1,'Ramon Falcon',6800,7500,1408,1,'2020-05-28 20:55:23','2020-05-28 20:55:23',NULL);

--
-- Table structure for table `categorias_iibb`
--

CREATE TABLE `categorias_iibb` (
  `id` int(10) unsigned NOT NULL AUTO_INCREMENT,
  `categoria` varchar(255) COLLATE utf8mb4_unicode_ci DEFAULT NULL,
  `impuesto` decimal(16,2) DEFAULT NULL,
  `anual` decimal(16,2) DEFAULT NULL,
  `facAnual` decimal(16,2) DEFAULT NULL,
  `superficie` int(11) DEFAULT NULL,
  `energia` int(11) DEFAULT NULL,
  `comentario` varchar(255) COLLATE utf8mb4_unicode_ci DEFAULT NULL,
  `vigente` varchar(255) COLLATE utf8mb4_unicode_ci NOT NULL DEFAULT '1',
  `created_at` timestamp NULL DEFAULT NULL,
  `updated_at` timestamp NULL DEFAULT NULL,
  `deleted_at` timestamp NULL DEFAULT NULL,
  PRIMARY KEY (`id`)
) ENGINE=InnoDB AUTO_INCREMENT=9 DEFAULT CHARSET=utf8mb4 COLLATE=utf8mb4_unicode_ci;

--
-- Dumping data for table `categorias_iibb`
--

INSERT INTO `categorias_iibb` VALUES (1,'A',1045.00,6270.00,208739.25,30,3300,NULL,'1',NULL,NULL,NULL),(2,'B',1565.00,9390.00,313108.87,45,5000,NULL,'1',NULL,NULL,NULL),(3,'C',2090.00,12540.00,417478.51,60,6700,NULL,'1',NULL,NULL,NULL),(4,'D',3130.00,18780.00,626217.78,85,10000,NULL,'1',NULL,NULL,NULL),(5,'E',4175.00,25050.00,834957.00,110,13000,NULL,'1',NULL,NULL,NULL),(6,'F',5220.00,31320.00,1043696.27,150,16500,NULL,'1',NULL,NULL,NULL),(7,'G',6260.00,37560.00,1252435.53,200,20000,NULL,'1',NULL,NULL,NULL),(8,'H',8700.00,52200.00,1739493.79,200,20000,NULL,'1',NULL,NULL,NULL);

--
-- Table structure for table `categorias_monotributo`
--

CREATE TABLE `categorias_monotributo` (
  `id` int(10) unsigned NOT NULL AUTO_INCREMENT,
  `categoria` varchar(255) COLLATE utf8mb4_unicode_ci DEFAULT NULL,
  `facAnual` decimal(16,2) DEFAULT NULL,
  `facMensual` decimal(16,2) DEFAULT NULL,
  `actividad` varchar(255) COLLATE utf8mb4_unicode_ci DEFAULT NULL,
  `empleados` varchar(255) COLLATE utf8mb4_unicode_ci DEFAULT NULL,
  `superficie` int(11) DEFAULT NULL,
  `energia` int(11) DEFAULT NULL,
  `alquileres` decimal(16,2) DEFAULT NULL,
  `impuesto_servicio` decimal(16,2) DEFAULT NULL,
  `impuesto_venta` decimal(16,2) DEFAULT NULL,
  `sipa` decimal(16,2) DEFAULT NULL,
  `obraSocial` decimal(16,2) DEFAULT NULL,
  `totalServicio` decimal(16,2) DEFAULT NULL,
  `totalVenta` decimal(16,2) DEFAULT NULL,
  `comentario` varchar(255) COLLATE utf8mb4_unicode_ci DEFAULT NULL,
  `desde` date DEFAULT NULL,
  `hasta` date DEFAULT NULL,
  `vigente` varchar(255) COLLATE utf8mb4_unicode_ci NOT NULL DEFAULT '0',
  `created_at` timestamp NULL DEFAULT NULL,
  `updated_at` timestamp NULL DEFAULT NULL,
  `deleted_at` timestamp NULL DEFAULT NULL,
  PRIMARY KEY (`id`)
) ENGINE=InnoDB AUTO_INCREMENT=13 DEFAULT CHARSET=utf8mb4 COLLATE=utf8mb4_unicode_ci;

--
-- Dumping data for table `categorias_monotributo`
--

INSERT INTO `categorias_monotributo` VALUES (1,'A',748382.07,62365.17,'No Excluida','0',30,3330,133455.58,288.07,288.07,1270.99,1775.18,3334.24,3334.24,NULL,'2018-01-01',NULL,'1',NULL,NULL,NULL),(2,'B',1112459.83,92704.99,'No Excluida','0',45,5000,133455.58,555.02,555.02,1398.09,1775.18,3728.29,3728.29,NULL,'2018-01-01',NULL,'1',NULL,NULL,NULL),(3,'C',1557443.75,129786.98,'No Excluida','0',60,6700,266911.14,949.02,876.97,1537.91,1775.18,4262.11,4190.06,NULL,'2018-01-01',NULL,'1',NULL,NULL,NULL),(4,'D',1934273.04,161189.42,'No Excluida','0',85,10000,266911.14,1559.09,1440.47,1691.69,1775.18,5025.96,4907.34,NULL,'2018-01-01',NULL,'1',NULL,NULL,NULL),(5,'E',2277684.56,189807.05,'No Excluida','0',110,13000,332579.74,2965.66,2300.50,1860.87,1775.18,6601.71,5936.55,NULL,'2018-01-01',NULL,'1',NULL,NULL,NULL),(6,'F',2847105.70,237258.81,'No Excluida','0',150,16500,333638.90,4079.93,3003.79,2046.95,1775.18,7902.06,6825.92,NULL,'2018-01-01',NULL,'1',NULL,NULL,NULL),(7,'G',3416526.83,284710.57,'No Excluida','0',200,20000,400366.71,5189.94,3745.19,2251.64,1775.18,9216.76,7772.01,NULL,'2018-01-01',NULL,'1',NULL,NULL,NULL),(8,'H',4229985.60,352498.80,'No Excluida','0',200,20000,533822.27,11862.69,9193.62,2476.80,1775.18,16114.68,13445.60,NULL,'2018-01-01',NULL,'1',NULL,NULL,NULL),(9,'I',4734330.03,394527.50,'Venta de Bs Muebles','0',200,20000,533822.27,NULL,14828.38,2724.49,1775.18,NULL,19328.05,NULL,'2018-01-01',NULL,'1',NULL,NULL,NULL),(10,'J',5425770.00,452147.50,'Venta de Bs Muebles','0',200,20000,533822.27,NULL,17425.48,2996.96,1775.18,NULL,22197.62,NULL,'2018-01-01',NULL,'1',NULL,NULL,NULL),(11,'K',6019594.89,501632.91,'Venta de Bs Muebles','0',200,20000,533822.27,NULL,20018.33,3296.62,1775.18,NULL,25090.13,NULL,'2018-01-01',NULL,'1',NULL,NULL,NULL),(12,'Monotributo Social',208739.25,17394.94,'No Excluida','0',0,0,0.00,0.00,0.00,0.00,0.00,0.00,0.00,NULL,'2018-01-01',NULL,'1','2020-02-27 02:46:40','2020-02-27 02:46:40',NULL);

--
-- Table structure for table `charlas_details`
--

CREATE TABLE `charlas_details` (
  `id` int(10) unsigned NOT NULL AUTO_INCREMENT,
  `user_id` int(10) unsigned DEFAULT NULL,
  `charla` longtext COLLATE utf8mb4_unicode_ci NOT NULL,
  `person_id` int(10) unsigned NOT NULL,
  `status` int(10) unsigned NOT NULL DEFAULT '1',
  `created_at` timestamp NULL DEFAULT NULL,
  `updated_at` timestamp NULL DEFAULT NULL,
  `deleted_at` timestamp NULL DEFAULT NULL,
  PRIMARY KEY (`id`),
  KEY `charlas_details_person_id_foreign` (`person_id`),
  CONSTRAINT `charlas_details_person_id_foreign` FOREIGN KEY (`person_id`) REFERENCES `persons` (`id`)
) ENGINE=InnoDB AUTO_INCREMENT=93 DEFAULT CHARSET=utf8mb4 COLLATE=utf8mb4_unicode_ci;

--
-- Dumping data for table `charlas_details`
--

INSERT INTO `charlas_details` VALUES (59,906,'20177470873',40778,1,'2021-01-10 15:42:00','2021-01-10 15:42:00',NULL),(66,906,'23326550809',40749,1,'2021-01-12 19:39:40','2021-01-12 19:39:40',NULL),(68,906,'20944071335',40764,1,'2021-01-15 13:39:33','2021-01-15 13:39:33',NULL),(73,906,'20349855969',40732,1,'2021-01-22 15:23:17','2021-01-22 15:23:17',NULL),(76,906,'20-29129999-8',41573,1,'2021-02-11 15:46:27','2021-02-11 15:46:27',NULL),(79,906,'27-20514686-0',40733,1,'2021-02-22 10:46:17','2021-02-22 10:46:17',NULL),(80,906,'20-94488209-0',40734,1,'2021-03-15 01:37:57','2021-03-15 01:37:57',NULL),(81,906,'27-34600239-0',40735,1,'2021-03-15 01:41:03','2021-03-15 01:41:03',NULL),(82,906,'27-20464355-0',40736,1,'2021-03-15 01:46:32','2021-03-15 01:46:32',NULL),(83,906,'27-28439945-0',40737,1,'2021-03-15 01:51:55','2021-03-15 01:51:55',NULL),(84,906,'27-18458898-1',40738,1,'2021-03-15 01:56:03','2021-03-15 01:56:03',NULL),(85,906,'27-16381128-1',40739,1,'2021-03-15 01:59:47','2021-03-15 01:59:47',NULL),(86,906,'20-37198665-1',41591,1,'2021-03-15 02:04:35','2021-03-15 02:04:35',NULL),(87,906,'20-21459468-5',41954,1,'2021-03-16 23:28:20','2021-03-16 23:28:20',NULL),(89,906,'23-34835592-9',40754,1,'2021-04-06 01:00:32','2021-04-06 01:00:32',NULL),(90,906,'20-38097664-2',40720,1,'2021-04-08 23:19:12','2021-04-08 23:19:12',NULL),(91,906,'20-32264713-2',40740,1,'2021-04-10 00:22:51','2021-04-10 00:22:51',NULL),(92,1230,'20 38845009 7',41668,1,'2021-05-03 15:50:54','2021-05-03 15:50:54',NULL);
DELIMITER ;;
/*!50003 CREATE*/ /*!50017 DEFINER=`forge`@`%`*/ /*!50003 TRIGGER `CharlaDetail_BD` BEFORE DELETE ON `charlas_details` FOR EACH ROW insert into back_up_charlas_details (charla,person_id,modificado)
values(old.charla,old.person_id,now()) */;;
DELIMITER ;

--
-- Table structure for table `claves`
--

CREATE TABLE `claves` (
  `id` int(10) unsigned NOT NULL AUTO_INCREMENT,
  `name` varchar(255) COLLATE utf8mb4_unicode_ci NOT NULL,
  `created_at` timestamp NULL DEFAULT NULL,
  `updated_at` timestamp NULL DEFAULT NULL,
  PRIMARY KEY (`id`)
) ENGINE=InnoDB AUTO_INCREMENT=44 DEFAULT CHARSET=utf8mb4 COLLATE=utf8mb4_unicode_ci;

--
-- Dumping data for table `claves`
--

INSERT INTO `claves` VALUES (1,'Clave Fiscal',NULL,NULL),(2,'Clave Ciudad',NULL,NULL),(3,'Clave ARBA',NULL,NULL),(4,'Clave ANSES',NULL,NULL),(5,'Catedral',NULL,NULL),(6,'CEMIBA',NULL,NULL),(7,'COMPRA ARG',NULL,NULL),(8,'Consejo Ciencias Economicas',NULL,NULL),(9,'Correo',NULL,NULL),(10,'CUR',NULL,NULL),(11,'Firma Digital',NULL,NULL),(12,'Interbanking',NULL,NULL),(13,'Banco Citibank',NULL,NULL),(14,'Banco Ciudad',NULL,NULL),(15,'Banco Frances',NULL,NULL),(16,'Banco Galicia',NULL,NULL),(17,'Banco HSBC',NULL,NULL),(18,'Banco Itau',NULL,NULL),(19,'Banco Nacion',NULL,NULL),(20,'Banco Macro',NULL,NULL),(21,'Banco Patagonia',NULL,NULL),(22,'Banco Provincia',NULL,NULL),(23,'Banco Santander',NULL,NULL),(24,'Banco Supervielle',NULL,NULL),(25,'Seguridad e Higiene',NULL,NULL),(26,'Sindicato - ANSES',NULL,NULL),(27,'Sindicato - AOT',NULL,NULL),(28,'Sindicato - ATSA',NULL,NULL),(29,'Sindicato - Camioneros',NULL,NULL),(30,'Sindicato - Guinchero',NULL,NULL),(31,'Sindicato - IERIC',NULL,NULL),(32,'Sindicato - La Estrella',NULL,NULL),(33,'Sindicato - Nemesis',NULL,NULL),(34,'Sindicato - Pasta',NULL,NULL),(35,'Sindicato - SEC',NULL,NULL),(36,'Sindicato - SICOP',NULL,NULL),(37,'Sindicato - SOCAYA',NULL,NULL),(38,'Sindicato - UTHGRA',NULL,NULL),(39,'Sindicato - INACAP',NULL,NULL),(40,'Sindicato - Otro',NULL,NULL),(41,'Otra',NULL,NULL),(42,'Prisma - Firma Digital',NULL,NULL),(43,'Sindicato - FATSA',NULL,NULL);

--
-- Table structure for table `claves_details`
--

CREATE TABLE `claves_details` (
  `id` int(10) unsigned NOT NULL AUTO_INCREMENT,
  `user_id` int(10) unsigned DEFAULT NULL,
  `clave` varchar(255) COLLATE utf8mb4_unicode_ci DEFAULT NULL,
  `valor` varchar(255) COLLATE utf8mb4_unicode_ci NOT NULL,
  `comentario` varchar(255) COLLATE utf8mb4_unicode_ci DEFAULT NULL,
  `clave_id` int(10) unsigned NOT NULL,
  `person_id` int(10) unsigned NOT NULL,
  `status` int(10) unsigned NOT NULL DEFAULT '1',
  `created_at` timestamp NULL DEFAULT NULL,
  `updated_at` timestamp NULL DEFAULT NULL,
  `deleted_at` timestamp NULL DEFAULT NULL,
  PRIMARY KEY (`id`),
  KEY `claves_details_clave_id_foreign` (`clave_id`),
  KEY `claves_details_person_id_foreign` (`person_id`),
  CONSTRAINT `claves_details_clave_id_foreign` FOREIGN KEY (`clave_id`) REFERENCES `claves` (`id`),
  CONSTRAINT `claves_details_person_id_foreign` FOREIGN KEY (`person_id`) REFERENCES `persons` (`id`)
) ENGINE=InnoDB AUTO_INCREMENT=738 DEFAULT CHARSET=utf8mb4 COLLATE=utf8mb4_unicode_ci;

--
-- Dumping data for table `claves_details`
--

INSERT INTO `claves_details` VALUES (306,906,'AFIP','Cristian14121990',NULL,1,40719,1,'2020-11-29 19:47:37','2020-11-29 19:47:37',NULL),(307,906,'ARBA','Cristian14121990','-',3,40719,1,'2020-11-29 19:47:37','2020-11-29 19:47:37',NULL),(315,906,'AFIP','Pedro00111','-',1,40821,1,'2020-12-03 14:09:49','2020-12-03 14:09:49',NULL),(316,906,'AFIP','Sergio17232','-',1,40820,1,'2020-12-03 14:10:13','2020-12-03 14:10:13',NULL),(317,906,'AFIP','DiasPires397','-',1,40819,1,'2020-12-03 14:10:29','2020-12-03 14:10:29',NULL),(318,906,'ARBA','Sol38705439','-',3,40819,1,'2020-12-03 14:10:29','2020-12-03 14:10:29',NULL),(346,906,'AFIP','ams7738AMS','-',1,40755,1,'2020-12-03 14:49:30','2020-12-03 14:49:30',NULL),(379,906,'AFIP','Joluco40911','-',1,40758,1,'2020-12-08 14:47:46','2020-12-08 14:47:46',NULL),(380,906,'Otro','Josema01','-',41,40758,1,'2020-12-08 14:47:46','2020-12-08 14:47:46',NULL),(532,906,'AFIP','DiasPires873',NULL,1,40778,1,'2021-01-10 15:42:00','2021-01-10 15:42:00',NULL),(533,906,'Clave CIT','697697',NULL,3,40778,1,'2021-01-10 15:42:00','2021-01-10 15:42:00',NULL),(534,906,NULL,'Marce77777',NULL,1,40765,1,'2021-01-10 15:50:03','2021-01-10 15:50:03',NULL),(579,906,'AFIP','Riospablo19916',NULL,1,40750,1,'2021-01-12 14:19:47','2021-01-12 14:19:47',NULL),(580,906,'Clave CIT','Riv091218',NULL,3,40750,1,'2021-01-12 14:19:47','2021-01-12 14:19:47',NULL),(587,906,'AFIP','Samaca6237',NULL,1,40766,1,'2021-01-12 19:33:35','2021-01-12 19:33:35',NULL),(588,906,'Clave CIT','301279',NULL,3,40766,1,'2021-01-12 19:33:35','2021-01-12 19:33:35',NULL),(589,906,'Clave Municipal','Ahem877575',NULL,25,40766,1,'2021-01-12 19:33:35','2021-01-12 19:33:35',NULL),(590,906,'AFIP','Damian3264261','-',1,40749,1,'2021-01-12 19:39:40','2021-01-12 19:39:40',NULL),(591,906,'ARBA','Damian326426','-',3,40749,1,'2021-01-12 19:39:40','2021-01-12 19:39:40',NULL),(596,906,'AFIP','Guillermo2021',NULL,1,40761,1,'2021-01-13 22:41:49','2021-01-13 22:41:49',NULL),(597,906,'Clave CIT','Balbi273',NULL,3,40761,1,'2021-01-13 22:41:49','2021-01-13 22:41:49',NULL),(614,906,'AFIP','Comavi3045',NULL,1,40762,1,'2021-01-15 13:17:49','2021-01-15 13:17:49',NULL),(615,906,'Clave CIT','Comavi304',NULL,3,40762,1,'2021-01-15 13:17:49','2021-01-15 13:17:49',NULL),(616,906,'AFIP','Garcia19597','-',1,40764,1,'2021-01-15 13:39:33','2021-01-15 13:39:33',NULL),(617,906,'Clave CIT','407133',NULL,3,40764,1,'2021-01-15 13:39:33','2021-01-15 13:39:33',NULL),(618,906,'Municipal','MGB335',NULL,41,40764,1,'2021-01-15 13:39:33','2021-01-15 13:39:33',NULL),(619,906,'AFIP','García8986',NULL,1,40763,1,'2021-01-19 13:11:45','2021-01-19 13:11:45',NULL),(620,906,'Clave CIT','Ganiez8986',NULL,3,40763,1,'2021-01-19 13:11:45','2021-01-19 13:11:45',NULL),(621,906,'AFIP','Goroda7246','-',1,40760,1,'2021-01-19 13:21:21','2021-01-19 13:21:21',NULL),(622,906,'ARBA','Goroda246','-',3,40760,1,'2021-01-19 13:21:21','2021-01-19 13:21:21',NULL),(637,906,'AFIP','Silmace627','-',1,40756,1,'2021-01-19 14:44:00','2021-01-19 14:44:00',NULL),(638,906,'ARBA','379627','-',3,40756,1,'2021-01-19 14:44:00','2021-01-19 14:44:00',NULL),(641,906,'AFIP','KarenAB2298AA','-',1,41592,1,'2021-01-19 14:56:12','2021-01-19 14:56:12',NULL),(642,906,'ARBA','BeKa2298','-',3,41592,1,'2021-01-19 14:56:12','2021-01-19 14:56:12',NULL),(651,906,'Clave CIT','CustomPro1962','-',3,40732,1,'2021-01-22 15:23:17','2021-01-22 15:23:17',NULL),(652,906,'Clave AFIP','CustomPro1969','-',1,40732,1,'2021-01-22 15:23:17','2021-01-22 15:23:17',NULL),(679,906,'Clave CIT','Eupica2292',NULL,3,40822,1,'2021-01-29 21:42:07','2021-01-29 21:42:07',NULL),(680,906,'AFIP','Eupica2292',NULL,1,40822,1,'2021-01-29 21:42:07','2021-01-29 21:42:07',NULL),(684,906,'AFIP','arqUBA0992','-',1,41924,1,'2021-02-09 18:00:56','2021-02-09 18:00:56',NULL),(685,906,'ARBA','Ana2021ARBA','-',3,41924,1,'2021-02-09 18:00:56','2021-02-09 18:00:56',NULL),(687,906,'AFIP','Osichiesa0701','-',1,41573,1,'2021-02-11 15:46:27','2021-02-11 15:46:27',NULL),(688,906,'INACAP','Chdh9998',NULL,39,41573,1,'2021-02-11 15:46:27','2021-02-11 15:46:27',NULL);
INSERT INTO `claves_details` VALUES (689,906,'Clave CIT','Chiesa2021',NULL,3,41573,1,'2021-02-11 15:46:27','2021-02-11 15:46:27',NULL),(690,906,'Faecys','Chiesa2021',NULL,41,41573,1,'2021-02-11 15:46:27','2021-02-11 15:46:27',NULL),(691,906,'cl20291299998','sigma1','Clave ART SMG',41,41573,1,'2021-02-11 15:46:27','2021-02-11 15:46:27',NULL),(696,906,'Clave CIT','Gri20514686','-',3,40733,1,'2021-02-22 10:46:17','2021-02-22 10:46:17',NULL),(697,906,'Clave AFIP','Debrabandere6867','-',1,40733,1,'2021-02-22 10:46:17','2021-02-22 10:46:17',NULL),(700,906,'Clave CIT','Garciarotela209','-',3,40734,1,'2021-03-15 01:37:57','2021-03-15 01:37:57',NULL),(701,906,'Clave AFIP','Garciarotela0706','-',1,40734,1,'2021-03-15 01:37:57','2021-03-15 01:37:57',NULL),(702,906,'Clave CIT','Rucomajo390',NULL,3,40735,1,'2021-03-15 01:41:03','2021-03-15 01:41:03',NULL),(703,906,'Clave AFIP','Russocornara89',NULL,1,40735,1,'2021-03-15 01:41:03','2021-03-15 01:41:03',NULL),(704,906,'Clave CIT','Trejo20464355','-',3,40736,1,'2021-03-15 01:46:32','2021-03-15 01:46:32',NULL),(705,906,'Clave AFIP','TrejoLS3550','-',1,40736,1,'2021-03-15 01:46:32','2021-03-15 01:46:32',NULL),(706,906,'Clave CIT','Vajepa450',NULL,3,40737,1,'2021-03-15 01:51:55','2021-03-15 01:51:55',NULL),(707,906,'Clave AFIP','Afip2847745',NULL,1,40737,1,'2021-03-15 01:51:55','2021-03-15 01:51:55',NULL),(708,906,'Clave CIT','Silvestre981','-',3,40738,1,'2021-03-15 01:56:03','2021-03-15 01:56:03',NULL),(709,906,'Clave AFIP','Silvestre981','-',1,40738,1,'2021-03-15 01:56:03','2021-03-15 01:56:03',NULL),(710,906,'Clave CIT','381128','-',3,40739,1,'2021-03-15 01:59:47','2021-03-15 01:59:47',NULL),(711,906,'Clave AFIP','Pequeños20','-',1,40739,1,'2021-03-15 01:59:47','2021-03-15 01:59:47',NULL),(712,906,'Municipalidad de San Miguel','GCS281','https://autogestion.msm.gov.ar/',25,40739,1,'2021-03-15 01:59:47','2021-03-15 01:59:47',NULL),(713,906,'AFIP','Lautaronueva2020','-',1,41591,1,'2021-03-15 02:04:35','2021-03-15 02:04:35',NULL),(714,906,'ARBA','198665','-',3,41591,1,'2021-03-15 02:04:35','2021-03-15 02:04:35',NULL),(715,906,'AFIP','Marcoss270986','-',1,40759,1,'2021-03-16 13:05:26','2021-03-16 13:05:26',NULL),(716,906,'ARBA','Ben94289387','-',3,40759,1,'2021-03-16 13:05:26','2021-03-16 13:05:26',NULL),(717,906,NULL,'Agostina2018',NULL,1,41926,1,'2021-03-16 18:54:17','2021-03-16 18:54:17',NULL),(718,906,NULL,'Legaca4685',NULL,3,41954,1,'2021-03-16 23:28:20','2021-03-16 23:28:20',NULL),(719,906,NULL,'Papinos922',NULL,1,41954,1,'2021-03-16 23:28:20','2021-03-16 23:28:20',NULL),(724,906,'AFIP','DYnamo9595','-',1,40748,1,'2021-03-17 00:24:04','2021-03-17 00:24:04',NULL),(725,906,'Clave CIT','Facami422',NULL,3,40748,1,'2021-03-17 00:24:04','2021-03-17 00:24:04',NULL),(728,906,'AFIP','1Thiago2016','-',1,40754,1,'2021-04-06 01:00:32','2021-04-06 01:00:32',NULL),(729,906,NULL,'Otemcl592',NULL,3,40754,1,'2021-04-06 01:00:32','2021-04-06 01:00:32',NULL),(730,906,'.','Lucas00001','.',1,40720,1,'2021-04-08 23:19:12','2021-04-08 23:19:12',NULL),(731,906,'.','Lucas00001','.',3,40720,1,'2021-04-08 23:19:12','2021-04-08 23:19:12',NULL),(732,906,'Clave CIT','Columa7132','-',3,40740,1,'2021-04-10 00:22:51','2021-04-10 00:22:51',NULL),(733,906,'Clave AFIP','Lumaco7132','-',1,40740,1,'2021-04-10 00:22:51','2021-04-10 00:22:51',NULL),(734,1230,'AFIP','Pollos8888','-',1,40757,1,'2021-04-16 16:10:48','2021-04-16 16:10:48',NULL),(735,1230,'ARBA','Pollos8888','-',3,40757,1,'2021-04-16 16:10:48','2021-04-16 16:10:48',NULL),(736,1230,'AFIP','Normandy95',NULL,1,41668,1,'2021-05-03 15:50:54','2021-05-03 15:50:54',NULL),(737,1230,'Clave CIT','Agocri009',NULL,3,41668,1,'2021-05-03 15:50:54','2021-05-03 15:50:54',NULL);
DELIMITER ;;
/*!50003 CREATE*/ /*!50017 DEFINER=`forge`@`%`*/ /*!50003 TRIGGER `ClavesDetail_BD` BEFORE DELETE ON `claves_details` FOR EACH ROW insert into back_up_claves_details (clave,valor,comentario,clave_id,person_id,modificado)
values(old.clave,old.valor,old.comentario,old.clave_id,old.person_id,now()) */;;
DELIMITER ;

--
-- Table structure for table `claves_mails`
--

CREATE TABLE `claves_mails` (
  `id` int(10) unsigned NOT NULL AUTO_INCREMENT,
  `description` varchar(180) COLLATE utf8mb4_unicode_ci NOT NULL,
  `class` int(10) unsigned NOT NULL,
  `class_description` varchar(180) COLLATE utf8mb4_unicode_ci NOT NULL,
  `path` varchar(255) COLLATE utf8mb4_unicode_ci DEFAULT NULL,
  `created_at` timestamp NULL DEFAULT NULL,
  `updated_at` timestamp NULL DEFAULT NULL,
  PRIMARY KEY (`id`)
) ENGINE=InnoDB AUTO_INCREMENT=6 DEFAULT CHARSET=utf8mb4 COLLATE=utf8mb4_unicode_ci;

--
-- Dumping data for table `claves_mails`
--

INSERT INTO `claves_mails` VALUES (1,'Listado de Claves',1,'Claves','claves_mails/claves_listado',NULL,NULL),(3,'Listado de Mails',2,'Mails','claves_mails/mails_listado',NULL,NULL),(5,'Listado de Charlas',3,'Charlas','claves_mails/charlas_listado',NULL,NULL);

--
-- Table structure for table `cm_articulos_regimenes`
--

CREATE TABLE `cm_articulos_regimenes` (
  `id` int(10) unsigned NOT NULL AUTO_INCREMENT,
  `user_id` int(11) DEFAULT NULL,
  `descripcion` longtext COLLATE utf8mb4_unicode_ci,
  `codigo` int(11) DEFAULT NULL,
  `habilitado` tinyint(1) NOT NULL DEFAULT '0',
  `created_at` timestamp NULL DEFAULT NULL,
  `updated_at` timestamp NULL DEFAULT NULL,
  `deleted_at` timestamp NULL DEFAULT NULL,
  PRIMARY KEY (`id`)
) ENGINE=InnoDB AUTO_INCREMENT=11 DEFAULT CHARSET=utf8mb4 COLLATE=utf8mb4_unicode_ci;

--
-- Dumping data for table `cm_articulos_regimenes`
--

INSERT INTO `cm_articulos_regimenes` VALUES (1,NULL,'Articulo 2',2,1,'2021-07-26 00:48:30','2021-07-29 05:44:37',NULL),(2,NULL,'Articulo 6',6,0,'2021-07-26 00:48:30','2021-07-29 05:44:38',NULL),(3,NULL,'Articulo 7',7,0,'2021-07-26 00:48:30','2021-07-29 05:44:38',NULL),(4,NULL,'Articulo 8',8,0,'2021-07-26 00:48:30','2021-07-29 05:44:38',NULL),(5,NULL,'Articulo 9',9,0,'2021-07-26 00:48:30','2021-07-29 05:44:38',NULL),(6,NULL,'Articulo 10',10,0,'2021-07-26 00:48:30','2021-07-29 05:44:38',NULL),(7,NULL,'Articulo 11',11,0,'2021-07-26 00:48:30','2021-07-29 05:44:38',NULL),(8,NULL,'Articulo 12',12,0,'2021-07-26 00:48:30','2021-07-29 05:44:38',NULL),(9,NULL,'Articulo 13',13,0,'2021-07-26 00:48:30','2021-07-29 05:44:38',NULL),(10,NULL,'Articulo 14',14,1,'2021-07-26 00:48:30','2021-07-29 05:44:38',NULL);

--
-- Table structure for table `condicion_frente_al_iva`
--

CREATE TABLE `condicion_frente_al_iva` (
  `id` int(10) unsigned NOT NULL AUTO_INCREMENT,
  `user_id` int(10) unsigned DEFAULT NULL,
  `codigo_afip` int(11) DEFAULT NULL,
  `descripcion` text COLLATE utf8mb4_unicode_ci NOT NULL,
  `show_comprobantes_a` tinyint(1) NOT NULL DEFAULT '0',
  `show_comprobantes_b` tinyint(1) NOT NULL DEFAULT '0',
  `habilitado` tinyint(1) NOT NULL DEFAULT '1',
  `created_at` timestamp NULL DEFAULT NULL,
  `updated_at` timestamp NULL DEFAULT NULL,
  `deleted_at` timestamp NULL DEFAULT NULL,
  PRIMARY KEY (`id`)
) ENGINE=InnoDB AUTO_INCREMENT=17 DEFAULT CHARSET=utf8mb4 COLLATE=utf8mb4_unicode_ci;

--
-- Dumping data for table `condicion_frente_al_iva`
--

INSERT INTO `condicion_frente_al_iva` VALUES (1,NULL,1,'IVA Responsable Inscripto',1,0,1,NULL,NULL,NULL),(2,NULL,2,'IVA Responsable no Inscripto',0,0,1,NULL,NULL,NULL),(3,NULL,3,'IVA no Responsable',0,0,1,NULL,NULL,NULL),(4,NULL,4,'IVA Sujeto Exento',0,1,1,NULL,NULL,NULL),(5,NULL,5,'Consumidor Final',0,1,1,NULL,NULL,NULL),(6,NULL,6,'Responsable Monotributo',1,0,1,NULL,NULL,NULL),(7,NULL,7,'Sujeto no Categorizado',0,1,1,NULL,NULL,NULL),(8,NULL,8,'Proveedor del Exterior',0,1,1,NULL,NULL,NULL),(9,NULL,9,'Cliente del Exterior',0,1,1,NULL,NULL,NULL),(10,NULL,10,'IVA Liberado – Ley Nº 19.640',0,1,1,NULL,NULL,NULL),(11,NULL,11,'IVA Responsable Inscripto – Agente de Percepción',0,0,1,NULL,NULL,NULL),(12,NULL,12,'Pequeño Contribuyente Eventual',0,0,1,NULL,NULL,NULL),(13,NULL,13,'Monotributista Social',1,0,1,NULL,NULL,NULL),(14,NULL,14,'Pequeño Contribuyente Eventual Social',0,0,1,NULL,NULL,NULL),(15,NULL,NULL,'Monotributista Trabajador Independiente Promovido',1,0,1,NULL,NULL,NULL),(16,NULL,NULL,'IVA No Alcanzado',0,1,1,NULL,NULL,NULL);

--
-- Table structure for table `condiciones_venta`
--

CREATE TABLE `condiciones_venta` (
  `id` int(10) unsigned NOT NULL AUTO_INCREMENT,
  `descripcion` varchar(100) COLLATE utf8mb4_unicode_ci NOT NULL,
  `created_at` timestamp NULL DEFAULT NULL,
  `updated_at` timestamp NULL DEFAULT NULL,
  PRIMARY KEY (`id`)
) ENGINE=InnoDB AUTO_INCREMENT=9 DEFAULT CHARSET=utf8mb4 COLLATE=utf8mb4_unicode_ci;

--
-- Dumping data for table `condiciones_venta`
--

INSERT INTO `condiciones_venta` VALUES (1,'Contado',NULL,NULL),(2,'Tarjeta de Debito',NULL,NULL),(3,'Tarjeta de Credito',NULL,NULL),(4,'Cuenta Corriente',NULL,NULL),(5,'Cheque',NULL,NULL),(6,'Ticket',NULL,NULL),(7,'Transferencia',NULL,NULL),(8,'Otra',NULL,NULL);

--
-- Table structure for table `consultas`
--

CREATE TABLE `consultas` (
  `id` int(10) unsigned NOT NULL AUTO_INCREMENT,
  `user_id` int(11) DEFAULT NULL,
  `descripcion` varchar(191) COLLATE utf8mb4_unicode_ci DEFAULT NULL,
  `habilitado` tinyint(1) NOT NULL DEFAULT '1',
  `created_at` timestamp NULL DEFAULT NULL,
  `updated_at` timestamp NULL DEFAULT NULL,
  `deleted_at` timestamp NULL DEFAULT NULL,
  PRIMARY KEY (`id`)
) ENGINE=InnoDB AUTO_INCREMENT=3 DEFAULT CHARSET=utf8mb4 COLLATE=utf8mb4_unicode_ci;

--
-- Dumping data for table `consultas`
--

INSERT INTO `consultas` VALUES (1,NULL,'Estado Liquidaciones',1,NULL,NULL,NULL),(2,NULL,'Consumo',1,NULL,NULL,NULL);

--
-- Table structure for table `consultas_aux`
--

CREATE TABLE `consultas_aux` (
  `id` int(10) unsigned NOT NULL AUTO_INCREMENT,
  `user_id` int(11) DEFAULT NULL,
  `consulta_id` int(10) unsigned NOT NULL,
  `person_id` int(10) unsigned DEFAULT NULL,
  `descripcion` longtext COLLATE utf8mb4_unicode_ci,
  `estado` tinyint(1) NOT NULL DEFAULT '0',
  `created_at` timestamp NULL DEFAULT NULL,
  `updated_at` timestamp NULL DEFAULT NULL,
  `deleted_at` timestamp NULL DEFAULT NULL,
  PRIMARY KEY (`id`),
  KEY `consultas_aux_consulta_id_foreign` (`consulta_id`),
  KEY `consultas_aux_person_id_foreign` (`person_id`),
  CONSTRAINT `consultas_aux_consulta_id_foreign` FOREIGN KEY (`consulta_id`) REFERENCES `consultas` (`id`),
  CONSTRAINT `consultas_aux_person_id_foreign` FOREIGN KEY (`person_id`) REFERENCES `persons` (`id`)
) ENGINE=InnoDB DEFAULT CHARSET=utf8mb4 COLLATE=utf8mb4_unicode_ci;

--
-- Dumping data for table `consultas_aux`
--


--
-- Table structure for table `conta_asientos`
--

CREATE TABLE `conta_asientos` (
  `id` int(10) unsigned NOT NULL AUTO_INCREMENT,
  `user_id` int(10) unsigned DEFAULT NULL,
  `person_id` int(10) unsigned DEFAULT NULL,
  `period_id` int(10) unsigned DEFAULT NULL,
  `tipo_asiento_id` int(10) unsigned NOT NULL,
  `debe_cta_cte_tesoreria_cuenta_id` int(10) unsigned DEFAULT NULL,
  `haber_cta_cte_tesoreria_cuenta_id` int(10) unsigned DEFAULT NULL,
  `ctactecheque_id` int(10) unsigned DEFAULT NULL,
  `num_asiento` int(11) DEFAULT NULL,
  `fecha_registracion` date DEFAULT NULL,
  `fecha_vencimiento` date DEFAULT NULL,
  `total` decimal(16,2) NOT NULL,
  `adjunto` text COLLATE utf8mb4_unicode_ci,
  `comentario` varchar(255) COLLATE utf8mb4_unicode_ci DEFAULT NULL,
  `radioChecked` int(11) DEFAULT NULL,
  `status` int(11) NOT NULL DEFAULT '1',
  `CuentaTipo_id` int(10) unsigned DEFAULT NULL,
  `CentroCosto_id` int(10) unsigned DEFAULT NULL,
  `pagado` int(10) unsigned DEFAULT NULL,
  `created_at` timestamp NULL DEFAULT NULL,
  `updated_at` timestamp NULL DEFAULT NULL,
  `deleted_at` timestamp NULL DEFAULT NULL,
  PRIMARY KEY (`id`),
  KEY `conta_asientos_person_id_foreign` (`person_id`),
  KEY `conta_asientos_period_id_foreign` (`period_id`),
  KEY `conta_asientos_tipo_asiento_id_foreign` (`tipo_asiento_id`),
  KEY `conta_asientos_cuentatipo_id_foreign` (`CuentaTipo_id`),
  KEY `conta_asientos_centrocosto_id_foreign` (`CentroCosto_id`),
  KEY `conta_asientos_ctactecheque_id_foreign` (`ctactecheque_id`),
  KEY `conta_asientos_haber_cta_cte_tesoreria_cuenta_id_foreign` (`haber_cta_cte_tesoreria_cuenta_id`),
  KEY `conta_asientos_debe_cta_cte_tesoreria_cuenta_id_foreign` (`debe_cta_cte_tesoreria_cuenta_id`),
  CONSTRAINT `conta_asientos_centrocosto_id_foreign` FOREIGN KEY (`CentroCosto_id`) REFERENCES `ctactegastos_centrocosto` (`id`),
  CONSTRAINT `conta_asientos_ctactecheque_id_foreign` FOREIGN KEY (`ctactecheque_id`) REFERENCES `ctacte_cheques` (`id`),
  CONSTRAINT `conta_asientos_cuentatipo_id_foreign` FOREIGN KEY (`CuentaTipo_id`) REFERENCES `ctactegastos_cuenta_tipo` (`idCuentaTipo`),
  CONSTRAINT `conta_asientos_debe_cta_cte_tesoreria_cuenta_id_foreign` FOREIGN KEY (`debe_cta_cte_tesoreria_cuenta_id`) REFERENCES `cta_cte_tesoreria_cuentas` (`id`),
  CONSTRAINT `conta_asientos_haber_cta_cte_tesoreria_cuenta_id_foreign` FOREIGN KEY (`haber_cta_cte_tesoreria_cuenta_id`) REFERENCES `cta_cte_tesoreria_cuentas` (`id`),
  CONSTRAINT `conta_asientos_period_id_foreign` FOREIGN KEY (`period_id`) REFERENCES `periods` (`id`),
  CONSTRAINT `conta_asientos_person_id_foreign` FOREIGN KEY (`person_id`) REFERENCES `persons` (`id`),
  CONSTRAINT `conta_asientos_tipo_asiento_id_foreign` FOREIGN KEY (`tipo_asiento_id`) REFERENCES `conta_tipo_asientos` (`id`)
) ENGINE=InnoDB AUTO_INCREMENT=61 DEFAULT CHARSET=utf8mb4 COLLATE=utf8mb4_unicode_ci;

--
-- Dumping data for table `conta_asientos`
--

INSERT INTO `conta_asientos` VALUES (1,906,40719,NULL,2,13,480,NULL,NULL,'2020-09-10','2020-09-10',10.00,NULL,NULL,1,1,NULL,NULL,NULL,'2020-09-10 20:14:04','2020-11-26 23:03:25','2020-11-26 23:03:25'),(2,906,40761,NULL,2,NULL,NULL,NULL,NULL,'2020-11-26','2020-11-26',1200.00,NULL,'Honorario Mensual Noviembre 2020',1,1,NULL,NULL,NULL,'2020-11-26 23:08:46','2020-12-08 15:07:41','2020-12-08 15:07:41'),(3,906,40759,NULL,2,NULL,NULL,NULL,NULL,'2020-11-26','2020-11-26',1200.00,NULL,'Honorario Mensual Noviembre 2020',1,1,NULL,NULL,NULL,'2020-11-26 23:08:46','2020-12-08 15:07:35','2020-12-08 15:07:35'),(4,906,41573,NULL,2,NULL,NULL,NULL,NULL,'2020-11-26','2020-11-26',10000.00,NULL,'Honorario Mensual Noviembre 2020',1,1,NULL,NULL,NULL,'2020-11-26 23:08:46','2020-11-26 23:18:56','2020-11-26 23:18:56'),(5,906,40740,NULL,2,NULL,NULL,NULL,NULL,'2020-11-26','2020-11-26',540.00,NULL,'Honorario Mensual Noviembre 2020',1,1,NULL,NULL,NULL,'2020-11-26 23:08:46','2020-12-08 15:07:24','2020-12-08 15:07:24'),(6,906,40762,NULL,2,NULL,NULL,NULL,NULL,'2020-11-26','2020-11-26',1000.00,NULL,'Honorario Mensual Noviembre 2020',1,1,NULL,NULL,NULL,'2020-11-26 23:08:46','2020-12-08 15:07:20','2020-12-08 15:07:20'),(7,906,40733,NULL,2,NULL,NULL,NULL,NULL,'2020-11-26','2020-11-26',1500.00,NULL,'Honorario Mensual Noviembre 2020',1,1,NULL,NULL,NULL,'2020-11-26 23:08:46','2020-12-08 15:07:15','2020-12-08 15:07:15'),(8,906,40764,NULL,2,NULL,NULL,NULL,NULL,'2020-11-26','2020-11-26',3600.00,NULL,'Honorario Mensual Noviembre 2020',1,1,NULL,NULL,NULL,'2020-11-26 23:08:46','2020-12-08 15:07:10','2020-12-08 15:07:10'),(9,906,40763,NULL,2,NULL,NULL,NULL,NULL,'2020-11-26','2020-11-26',900.00,NULL,'Honorario Mensual Noviembre 2020',1,1,NULL,NULL,NULL,'2020-11-26 23:08:46','2020-12-08 15:06:59','2020-12-08 15:06:59'),(10,906,40734,NULL,2,NULL,NULL,NULL,NULL,'2020-11-26','2020-11-26',1200.00,NULL,'Honorario Mensual Noviembre 2020',1,1,NULL,NULL,NULL,'2020-11-26 23:08:46','2020-12-08 15:07:04','2020-12-08 15:07:04'),(11,906,40760,NULL,2,NULL,NULL,NULL,NULL,'2020-11-26','2020-11-26',1200.00,NULL,'Honorario Mensual Noviembre 2020',1,1,NULL,NULL,NULL,'2020-11-26 23:08:46','2020-12-08 15:06:55','2020-12-08 15:06:55'),(12,906,41592,NULL,2,NULL,NULL,NULL,NULL,'2020-11-26','2020-11-26',750.00,NULL,'Honorario Mensual Noviembre 2020',1,1,NULL,NULL,NULL,'2020-11-26 23:08:46','2020-12-08 15:06:50','2020-12-08 15:06:50'),(13,906,40754,NULL,2,NULL,NULL,NULL,NULL,'2020-11-26','2020-11-26',900.00,NULL,'Honorario Mensual Noviembre 2020',1,1,NULL,NULL,NULL,'2020-11-26 23:08:46','2020-12-08 15:06:45','2020-12-08 15:06:45'),(14,906,40765,NULL,2,NULL,NULL,NULL,NULL,'2020-11-26','2020-11-26',5000.00,NULL,'Honorario Mensual Noviembre 2020',1,1,NULL,NULL,NULL,'2020-11-26 23:08:46','2020-12-08 15:06:41','2020-12-08 15:06:41'),(15,906,40750,NULL,2,NULL,NULL,NULL,NULL,'2020-11-26','2020-11-26',1200.00,NULL,'Honorario Mensual Noviembre 2020',1,1,NULL,NULL,NULL,'2020-11-26 23:08:46','2020-12-08 15:06:37','2020-12-08 15:06:37'),(16,906,40735,NULL,2,NULL,NULL,NULL,NULL,'2020-11-26','2020-11-26',1200.00,NULL,'Honorario Mensual Noviembre 2020',1,1,NULL,NULL,NULL,'2020-11-26 23:08:46','2020-12-08 15:06:33','2020-12-08 15:06:33'),(17,906,40757,NULL,2,NULL,NULL,NULL,NULL,'2020-11-26','2020-11-26',1200.00,NULL,'Honorario Mensual Noviembre 2020',1,1,NULL,NULL,NULL,'2020-11-26 23:08:46','2020-12-08 15:06:27','2020-12-08 15:06:27'),(18,906,40749,NULL,2,NULL,NULL,NULL,NULL,'2020-11-26','2020-11-26',1200.00,NULL,'Honorario Mensual Noviembre 2020',1,1,NULL,NULL,NULL,'2020-11-26 23:08:46','2020-12-08 15:06:23','2020-12-08 15:06:23'),(19,906,40720,NULL,2,NULL,NULL,NULL,NULL,'2020-11-26','2020-11-26',4000.00,NULL,'Honorario Mensual Noviembre 2020',1,1,NULL,NULL,NULL,'2020-11-26 23:08:46','2020-12-08 15:06:08','2020-12-08 15:06:08'),(20,906,40739,NULL,2,NULL,NULL,NULL,NULL,'2020-11-26','2020-11-26',1200.00,NULL,'Honorario Mensual Noviembre 2020',1,1,NULL,NULL,NULL,'2020-11-26 23:08:46','2020-12-08 15:06:04','2020-12-08 15:06:04');
INSERT INTO `conta_asientos` VALUES (21,906,40756,NULL,2,NULL,NULL,NULL,NULL,'2020-11-26','2020-11-26',1200.00,NULL,'Honorario Mensual Noviembre 2020',1,1,NULL,NULL,NULL,'2020-11-26 23:08:46','2020-12-08 15:05:58','2020-12-08 15:05:58'),(22,906,41591,NULL,2,NULL,NULL,NULL,NULL,'2020-11-26','2020-11-26',750.00,NULL,'Honorario Mensual Noviembre 2020',1,1,NULL,NULL,NULL,'2020-11-26 23:08:46','2020-12-08 15:05:53','2020-12-08 15:05:53'),(23,906,40736,NULL,2,NULL,NULL,NULL,NULL,'2020-11-26','2020-11-26',1200.00,NULL,'Honorario Mensual Noviembre 2020',1,1,NULL,NULL,NULL,'2020-11-26 23:08:46','2020-12-08 15:05:36','2020-12-08 15:05:36'),(24,906,41573,NULL,2,13,480,NULL,NULL,'2020-11-26','2020-11-26',10000.00,NULL,'Honorario por alta en impuestos y dos empleados',1,1,NULL,NULL,NULL,'2020-11-26 23:18:56','2020-11-26 23:21:38','2020-11-26 23:21:38'),(25,906,41573,NULL,2,13,480,NULL,NULL,'2020-11-20','2020-11-26',10000.00,NULL,'Honorario por alta en impuestos y dos empleados',1,1,NULL,NULL,NULL,'2020-11-26 23:21:38','2020-12-08 15:07:30','2020-12-08 15:07:30'),(26,906,40720,NULL,2,13,480,NULL,NULL,'2020-10-30','2020-11-26',4000.00,NULL,'Honorarios mensuales Octubre 2020',1,1,NULL,NULL,NULL,'2020-11-26 23:49:20','2020-12-08 15:06:13','2020-12-08 15:06:13'),(27,906,40720,NULL,2,757,13,NULL,NULL,'2020-11-12','2020-11-26',4000.00,NULL,'Cancelación H. M. 10-2020',2,1,NULL,NULL,NULL,'2020-11-26 23:58:58','2020-12-08 15:06:18','2020-12-08 15:06:18'),(28,906,41646,NULL,5,13,757,NULL,NULL,'2020-11-27','2020-11-26',100.00,NULL,NULL,2,1,NULL,NULL,NULL,'2020-11-27 02:21:26','2020-11-27 02:24:02','2020-11-27 02:24:02'),(29,906,NULL,NULL,5,533,757,NULL,NULL,'2020-11-27','2020-11-26',100.00,NULL,NULL,2,1,NULL,NULL,NULL,'2020-11-27 02:24:02','2020-12-10 00:02:07','2020-12-10 00:02:07'),(30,906,41591,NULL,2,13,480,NULL,NULL,'2020-11-30','2020-12-08',750.00,NULL,'Honorarios Noviembre 2020',1,1,NULL,NULL,NULL,'2020-12-08 15:25:12','2020-12-09 23:49:14','2020-12-09 23:49:14'),(31,906,41592,NULL,2,13,480,NULL,NULL,'2020-11-30','2020-12-08',750.00,NULL,'Honorarios Noviembre 2020',1,1,NULL,NULL,NULL,'2020-12-08 15:26:07','2020-12-08 15:26:07',NULL),(32,906,40720,NULL,2,13,480,NULL,NULL,'2020-11-30','2020-12-08',4000.00,NULL,'Honorarios Noviembre 2020',1,1,NULL,NULL,NULL,'2020-12-08 15:27:12','2020-12-08 15:27:12',NULL),(33,906,41573,NULL,2,13,480,NULL,NULL,'2020-11-21','2020-12-08',10000.00,NULL,'Honorarios por alta en impuestos y dos empleados',1,1,NULL,NULL,NULL,'2020-12-08 15:33:13','2020-12-08 15:33:13',NULL),(34,906,41591,NULL,2,13,480,NULL,NULL,'2020-07-31','2020-12-09',1000.00,NULL,'Honorarios por puesta a punto',1,1,NULL,NULL,NULL,'2020-12-09 23:46:55','2020-12-09 23:46:55',NULL),(35,906,41591,NULL,2,13,480,NULL,NULL,'2020-08-31','2020-12-09',750.00,NULL,'Honorarios 08/2020',1,1,NULL,NULL,NULL,'2020-12-09 23:48:11','2020-12-09 23:48:11',NULL),(36,906,41591,NULL,2,13,480,NULL,NULL,'2020-09-30','2020-12-09',750.00,NULL,'Honorarios 09/2020',1,1,NULL,NULL,NULL,'2020-12-09 23:48:29','2020-12-09 23:48:29',NULL),(37,906,41591,NULL,2,13,480,NULL,NULL,'2020-10-31','2020-12-09',750.00,NULL,'Honorarios 10/2020',1,1,NULL,NULL,NULL,'2020-12-09 23:48:46','2020-12-09 23:48:46',NULL),(38,906,41591,NULL,2,13,480,NULL,NULL,'2020-11-30','2020-12-09',750.00,NULL,'Honorarios 11/2020',1,1,NULL,NULL,NULL,'2020-12-09 23:49:14','2020-12-09 23:49:14',NULL),(39,906,41592,NULL,2,13,480,NULL,NULL,'2020-08-31','2020-12-09',750.00,NULL,'Honorarios 08/2020',1,1,NULL,NULL,NULL,'2020-12-09 23:56:05','2020-12-09 23:56:05',NULL),(40,906,41592,NULL,2,13,480,NULL,NULL,'2020-09-30','2020-12-09',750.00,NULL,'Honorarios 09/2020',1,1,NULL,NULL,NULL,'2020-12-09 23:56:23','2020-12-09 23:56:23',NULL),(41,906,41592,NULL,2,13,480,NULL,NULL,'2020-10-31','2020-12-09',750.00,NULL,'Honorarios 10/2020',1,1,NULL,NULL,NULL,'2020-12-09 23:57:08','2020-12-09 23:57:08',NULL),(42,906,41591,NULL,2,760,13,NULL,NULL,'2020-08-03','2020-12-10',1000.00,NULL,NULL,2,1,NULL,NULL,NULL,'2020-12-10 23:11:15','2020-12-10 23:12:51','2020-12-10 23:12:51');
INSERT INTO `conta_asientos` VALUES (43,906,41591,NULL,2,760,13,NULL,NULL,'2020-09-02','2020-12-10',750.00,NULL,'Cancelación H. 08/2020',2,1,NULL,NULL,NULL,'2020-12-10 23:12:24','2020-12-10 23:12:24',NULL),(44,906,41591,NULL,2,760,13,NULL,NULL,'2020-08-03','2020-12-10',1000.00,NULL,'Cancelación de puesta a punto',2,1,NULL,NULL,NULL,'2020-12-10 23:12:51','2020-12-10 23:12:51',NULL),(45,906,41591,NULL,2,760,13,NULL,NULL,'2020-10-02','2020-12-10',750.00,NULL,'Cancelación H. 09/2020',2,1,NULL,NULL,NULL,'2020-12-10 23:13:22','2020-12-10 23:13:22',NULL),(46,906,41591,NULL,2,760,13,NULL,NULL,'2020-11-02','2020-12-10',750.00,NULL,'Cancelación 10/2020',2,1,NULL,NULL,NULL,'2020-12-10 23:13:45','2020-12-10 23:13:45',NULL),(47,906,41591,NULL,2,760,13,NULL,NULL,'2020-12-02','2020-12-10',750.00,NULL,'Cancelación H. 11/2020',2,1,NULL,NULL,NULL,'2020-12-10 23:14:04','2020-12-10 23:14:04',NULL),(48,906,41592,NULL,2,760,13,NULL,NULL,'2020-09-02','2020-12-10',750.00,NULL,'Cancelación H. 08/2020',2,1,NULL,NULL,NULL,'2020-12-10 23:16:03','2020-12-10 23:16:03',NULL),(49,906,41592,NULL,2,760,13,NULL,NULL,'2020-10-02','2020-12-10',750.00,NULL,'Cancelación H. 09/2020',2,1,NULL,NULL,NULL,'2020-12-10 23:16:18','2020-12-10 23:16:18',NULL),(50,906,41592,NULL,2,760,13,NULL,NULL,'2020-11-02','2020-12-10',750.00,NULL,'Cancelación H. 10/2020',2,1,NULL,NULL,NULL,'2020-12-10 23:16:31','2020-12-10 23:16:31',NULL),(51,906,41592,NULL,2,760,13,NULL,NULL,'2020-12-02','2020-12-10',750.00,NULL,'Cancelación H. 11/2020',2,1,NULL,NULL,NULL,'2020-12-10 23:16:46','2020-12-10 23:16:46',NULL),(52,906,40720,NULL,2,758,13,NULL,NULL,'2020-12-09','2020-12-10',4000.00,NULL,'Cancelación H. 11/2020',2,1,NULL,NULL,NULL,'2020-12-10 23:18:20','2020-12-10 23:18:20',NULL),(53,906,40720,NULL,2,13,480,NULL,NULL,'2020-08-31','2020-12-10',4000.00,NULL,'Honorarios 08/2020',1,1,NULL,NULL,NULL,'2020-12-10 23:35:11','2020-12-10 23:35:11',NULL),(54,906,40720,NULL,2,13,480,NULL,NULL,'2020-09-30','2020-12-10',4000.00,NULL,'Honorarios 09/2020',1,1,NULL,NULL,NULL,'2020-12-10 23:36:22','2020-12-10 23:36:22',NULL),(55,906,40720,NULL,2,13,480,NULL,NULL,'2020-10-31','2020-12-10',4000.00,NULL,'Honorarios 10/2020',1,1,NULL,NULL,NULL,'2020-12-10 23:36:51','2020-12-10 23:36:51',NULL),(56,906,40720,NULL,2,757,13,NULL,NULL,'2020-11-12','2020-12-10',4000.00,NULL,'Cancelación H.  10/2020',2,1,NULL,NULL,NULL,'2020-12-10 23:38:17','2020-12-10 23:38:17',NULL),(57,906,40720,NULL,2,758,13,NULL,NULL,'2020-09-12','2020-12-10',4000.00,NULL,'Cancelación H. 08/2020',2,1,NULL,NULL,NULL,'2020-12-10 23:41:01','2020-12-10 23:41:01',NULL),(58,906,40720,NULL,2,758,13,NULL,NULL,'2020-10-01','2020-12-10',4000.00,NULL,'Cancelación H. 09/2020',2,1,NULL,NULL,NULL,'2020-12-10 23:41:45','2020-12-10 23:41:45',NULL),(59,906,NULL,NULL,5,359,757,NULL,NULL,'2020-10-14','2020-12-10',3250.00,NULL,NULL,2,1,NULL,NULL,NULL,'2020-12-10 23:46:22','2020-12-10 23:46:22',NULL),(60,906,NULL,NULL,5,762,359,NULL,NULL,'2020-10-14','2020-12-10',3250.00,NULL,NULL,1,1,NULL,NULL,NULL,'2020-12-10 23:51:37','2020-12-10 23:51:37',NULL);

--
-- Table structure for table `conta_asientos_details`
--

CREATE TABLE `conta_asientos_details` (
  `id` int(10) unsigned NOT NULL AUTO_INCREMENT,
  `user_id` int(10) unsigned DEFAULT NULL,
  `conta_asiento_id` int(10) unsigned NOT NULL,
  `person_id` int(10) unsigned DEFAULT NULL,
  `period_id` int(10) unsigned DEFAULT NULL,
  `tipo_asiento_id` int(10) unsigned NOT NULL,
  `cta_cte_tesoreria_cuenta_id` int(10) unsigned DEFAULT NULL,
  `saldo_id` int(10) unsigned NOT NULL,
  `monto` decimal(16,2) NOT NULL,
  `created_at` timestamp NULL DEFAULT NULL,
  `updated_at` timestamp NULL DEFAULT NULL,
  `deleted_at` timestamp NULL DEFAULT NULL,
  PRIMARY KEY (`id`),
  KEY `conta_asientos_details_conta_asiento_id_foreign` (`conta_asiento_id`),
  KEY `conta_asientos_details_person_id_foreign` (`person_id`),
  KEY `conta_asientos_details_period_id_foreign` (`period_id`),
  KEY `conta_asientos_details_tipo_asiento_id_foreign` (`tipo_asiento_id`),
  KEY `conta_asientos_details_saldo_id_foreign` (`saldo_id`),
  KEY `conta_asientos_details_cta_cte_tesoreria_cuenta_id_foreign` (`cta_cte_tesoreria_cuenta_id`),
  CONSTRAINT `conta_asientos_details_conta_asiento_id_foreign` FOREIGN KEY (`conta_asiento_id`) REFERENCES `conta_asientos` (`id`),
  CONSTRAINT `conta_asientos_details_cta_cte_tesoreria_cuenta_id_foreign` FOREIGN KEY (`cta_cte_tesoreria_cuenta_id`) REFERENCES `cta_cte_tesoreria_cuentas` (`id`),
  CONSTRAINT `conta_asientos_details_period_id_foreign` FOREIGN KEY (`period_id`) REFERENCES `periods` (`id`),
  CONSTRAINT `conta_asientos_details_person_id_foreign` FOREIGN KEY (`person_id`) REFERENCES `persons` (`id`),
  CONSTRAINT `conta_asientos_details_saldo_id_foreign` FOREIGN KEY (`saldo_id`) REFERENCES `conta_tipo_saldos` (`id`),
  CONSTRAINT `conta_asientos_details_tipo_asiento_id_foreign` FOREIGN KEY (`tipo_asiento_id`) REFERENCES `conta_tipo_asientos` (`id`)
) ENGINE=InnoDB AUTO_INCREMENT=121 DEFAULT CHARSET=utf8mb4 COLLATE=utf8mb4_unicode_ci;

--
-- Dumping data for table `conta_asientos_details`
--

INSERT INTO `conta_asientos_details` VALUES (1,906,1,40719,NULL,2,13,1,10.00,'2020-09-10 20:14:04','2020-11-26 23:03:25','2020-11-26 23:03:25'),(2,906,1,40719,NULL,2,480,2,10.00,'2020-09-10 20:14:04','2020-11-26 23:03:25','2020-11-26 23:03:25'),(3,906,2,40761,NULL,2,13,1,1200.00,'2020-11-26 23:08:46','2020-12-08 15:07:41','2020-12-08 15:07:41'),(4,906,2,40761,NULL,2,480,2,1200.00,'2020-11-26 23:08:46','2020-12-08 15:07:41','2020-12-08 15:07:41'),(5,906,3,40759,NULL,2,13,1,1200.00,'2020-11-26 23:08:46','2020-12-08 15:07:35','2020-12-08 15:07:35'),(6,906,3,40759,NULL,2,480,2,1200.00,'2020-11-26 23:08:46','2020-12-08 15:07:35','2020-12-08 15:07:35'),(7,906,4,41573,NULL,2,13,1,10000.00,'2020-11-26 23:08:46','2020-11-26 23:18:56','2020-11-26 23:18:56'),(8,906,4,41573,NULL,2,480,2,10000.00,'2020-11-26 23:08:46','2020-11-26 23:18:56','2020-11-26 23:18:56'),(9,906,5,40740,NULL,2,13,1,540.00,'2020-11-26 23:08:46','2020-12-08 15:07:24','2020-12-08 15:07:24'),(10,906,5,40740,NULL,2,480,2,540.00,'2020-11-26 23:08:46','2020-12-08 15:07:24','2020-12-08 15:07:24'),(11,906,6,40762,NULL,2,13,1,1000.00,'2020-11-26 23:08:46','2020-12-08 15:07:20','2020-12-08 15:07:20'),(12,906,6,40762,NULL,2,480,2,1000.00,'2020-11-26 23:08:46','2020-12-08 15:07:20','2020-12-08 15:07:20'),(13,906,7,40733,NULL,2,13,1,1500.00,'2020-11-26 23:08:46','2020-12-08 15:07:15','2020-12-08 15:07:15'),(14,906,7,40733,NULL,2,480,2,1500.00,'2020-11-26 23:08:46','2020-12-08 15:07:15','2020-12-08 15:07:15'),(15,906,8,40764,NULL,2,13,1,3600.00,'2020-11-26 23:08:46','2020-12-08 15:07:10','2020-12-08 15:07:10'),(16,906,8,40764,NULL,2,480,2,3600.00,'2020-11-26 23:08:46','2020-12-08 15:07:10','2020-12-08 15:07:10'),(17,906,9,40763,NULL,2,13,1,900.00,'2020-11-26 23:08:46','2020-12-08 15:06:59','2020-12-08 15:06:59'),(18,906,9,40763,NULL,2,480,2,900.00,'2020-11-26 23:08:46','2020-12-08 15:06:59','2020-12-08 15:06:59'),(19,906,10,40734,NULL,2,13,1,1200.00,'2020-11-26 23:08:46','2020-12-08 15:07:04','2020-12-08 15:07:04'),(20,906,10,40734,NULL,2,480,2,1200.00,'2020-11-26 23:08:46','2020-12-08 15:07:04','2020-12-08 15:07:04'),(21,906,11,40760,NULL,2,13,1,1200.00,'2020-11-26 23:08:46','2020-12-08 15:06:55','2020-12-08 15:06:55'),(22,906,11,40760,NULL,2,480,2,1200.00,'2020-11-26 23:08:46','2020-12-08 15:06:55','2020-12-08 15:06:55'),(23,906,12,41592,NULL,2,13,1,750.00,'2020-11-26 23:08:46','2020-12-08 15:06:50','2020-12-08 15:06:50'),(24,906,12,41592,NULL,2,480,2,750.00,'2020-11-26 23:08:46','2020-12-08 15:06:50','2020-12-08 15:06:50'),(25,906,13,40754,NULL,2,13,1,900.00,'2020-11-26 23:08:46','2020-12-08 15:06:45','2020-12-08 15:06:45'),(26,906,13,40754,NULL,2,480,2,900.00,'2020-11-26 23:08:46','2020-12-08 15:06:45','2020-12-08 15:06:45'),(27,906,14,40765,NULL,2,13,1,5000.00,'2020-11-26 23:08:46','2020-12-08 15:06:41','2020-12-08 15:06:41'),(28,906,14,40765,NULL,2,480,2,5000.00,'2020-11-26 23:08:46','2020-12-08 15:06:41','2020-12-08 15:06:41'),(29,906,15,40750,NULL,2,13,1,1200.00,'2020-11-26 23:08:46','2020-12-08 15:06:37','2020-12-08 15:06:37'),(30,906,15,40750,NULL,2,480,2,1200.00,'2020-11-26 23:08:46','2020-12-08 15:06:37','2020-12-08 15:06:37'),(31,906,16,40735,NULL,2,13,1,1200.00,'2020-11-26 23:08:46','2020-12-08 15:06:33','2020-12-08 15:06:33'),(32,906,16,40735,NULL,2,480,2,1200.00,'2020-11-26 23:08:46','2020-12-08 15:06:33','2020-12-08 15:06:33'),(33,906,17,40757,NULL,2,13,1,1200.00,'2020-11-26 23:08:46','2020-12-08 15:06:27','2020-12-08 15:06:27'),(34,906,17,40757,NULL,2,480,2,1200.00,'2020-11-26 23:08:46','2020-12-08 15:06:27','2020-12-08 15:06:27'),(35,906,18,40749,NULL,2,13,1,1200.00,'2020-11-26 23:08:46','2020-12-08 15:06:23','2020-12-08 15:06:23'),(36,906,18,40749,NULL,2,480,2,1200.00,'2020-11-26 23:08:46','2020-12-08 15:06:23','2020-12-08 15:06:23'),(37,906,19,40720,NULL,2,13,1,4000.00,'2020-11-26 23:08:46','2020-12-08 15:06:08','2020-12-08 15:06:08'),(38,906,19,40720,NULL,2,480,2,4000.00,'2020-11-26 23:08:46','2020-12-08 15:06:08','2020-12-08 15:06:08');
INSERT INTO `conta_asientos_details` VALUES (39,906,20,40739,NULL,2,13,1,1200.00,'2020-11-26 23:08:46','2020-12-08 15:06:04','2020-12-08 15:06:04'),(40,906,20,40739,NULL,2,480,2,1200.00,'2020-11-26 23:08:46','2020-12-08 15:06:04','2020-12-08 15:06:04'),(41,906,21,40756,NULL,2,13,1,1200.00,'2020-11-26 23:08:46','2020-12-08 15:05:58','2020-12-08 15:05:58'),(42,906,21,40756,NULL,2,480,2,1200.00,'2020-11-26 23:08:46','2020-12-08 15:05:58','2020-12-08 15:05:58'),(43,906,22,41591,NULL,2,13,1,750.00,'2020-11-26 23:08:46','2020-12-08 15:05:53','2020-12-08 15:05:53'),(44,906,22,41591,NULL,2,480,2,750.00,'2020-11-26 23:08:46','2020-12-08 15:05:53','2020-12-08 15:05:53'),(45,906,23,40736,NULL,2,13,1,1200.00,'2020-11-26 23:08:46','2020-12-08 15:05:36','2020-12-08 15:05:36'),(46,906,23,40736,NULL,2,480,2,1200.00,'2020-11-26 23:08:46','2020-12-08 15:05:36','2020-12-08 15:05:36'),(47,906,24,41573,NULL,2,13,1,10000.00,'2020-11-26 23:18:56','2020-11-26 23:21:38','2020-11-26 23:21:38'),(48,906,24,41573,NULL,2,480,2,10000.00,'2020-11-26 23:18:56','2020-11-26 23:21:38','2020-11-26 23:21:38'),(49,906,25,41573,NULL,2,13,1,10000.00,'2020-11-26 23:21:38','2020-12-08 15:07:30','2020-12-08 15:07:30'),(50,906,25,41573,NULL,2,480,2,10000.00,'2020-11-26 23:21:38','2020-12-08 15:07:30','2020-12-08 15:07:30'),(51,906,26,40720,NULL,2,13,1,4000.00,'2020-11-26 23:49:20','2020-12-08 15:06:13','2020-12-08 15:06:13'),(52,906,26,40720,NULL,2,480,2,4000.00,'2020-11-26 23:49:20','2020-12-08 15:06:13','2020-12-08 15:06:13'),(53,906,27,40720,NULL,2,757,1,4000.00,'2020-11-26 23:58:58','2020-12-08 15:06:18','2020-12-08 15:06:18'),(54,906,27,40720,NULL,2,13,2,4000.00,'2020-11-26 23:58:58','2020-12-08 15:06:18','2020-12-08 15:06:18'),(55,906,28,41646,NULL,5,13,1,100.00,'2020-11-27 02:21:26','2020-11-27 02:24:02','2020-11-27 02:24:02'),(56,906,28,41646,NULL,5,757,2,100.00,'2020-11-27 02:21:26','2020-11-27 02:24:02','2020-11-27 02:24:02'),(57,906,29,NULL,NULL,5,533,1,100.00,'2020-11-27 02:24:02','2020-12-10 00:02:07','2020-12-10 00:02:07'),(58,906,29,NULL,NULL,5,757,2,100.00,'2020-11-27 02:24:02','2020-12-10 00:02:07','2020-12-10 00:02:07'),(59,906,30,41591,NULL,2,13,1,750.00,'2020-12-08 15:25:12','2020-12-09 23:49:14','2020-12-09 23:49:14'),(60,906,30,41591,NULL,2,480,2,750.00,'2020-12-08 15:25:12','2020-12-09 23:49:14','2020-12-09 23:49:14'),(61,906,31,41592,NULL,2,13,1,750.00,'2020-12-08 15:26:07','2020-12-08 15:26:07',NULL),(62,906,31,41592,NULL,2,480,2,750.00,'2020-12-08 15:26:07','2020-12-08 15:26:07',NULL),(63,906,32,40720,NULL,2,13,1,4000.00,'2020-12-08 15:27:12','2020-12-08 15:27:12',NULL),(64,906,32,40720,NULL,2,480,2,4000.00,'2020-12-08 15:27:12','2020-12-08 15:27:12',NULL),(65,906,33,41573,NULL,2,13,1,10000.00,'2020-12-08 15:33:13','2020-12-08 15:33:13',NULL),(66,906,33,41573,NULL,2,480,2,10000.00,'2020-12-08 15:33:13','2020-12-08 15:33:13',NULL),(67,906,34,41591,NULL,2,13,1,1000.00,'2020-12-09 23:46:55','2020-12-09 23:46:55',NULL),(68,906,34,41591,NULL,2,480,2,1000.00,'2020-12-09 23:46:55','2020-12-09 23:46:55',NULL),(69,906,35,41591,NULL,2,13,1,750.00,'2020-12-09 23:48:11','2020-12-09 23:48:11',NULL),(70,906,35,41591,NULL,2,480,2,750.00,'2020-12-09 23:48:11','2020-12-09 23:48:11',NULL),(71,906,36,41591,NULL,2,13,1,750.00,'2020-12-09 23:48:29','2020-12-09 23:48:29',NULL),(72,906,36,41591,NULL,2,480,2,750.00,'2020-12-09 23:48:29','2020-12-09 23:48:29',NULL),(73,906,37,41591,NULL,2,13,1,750.00,'2020-12-09 23:48:46','2020-12-09 23:48:46',NULL),(74,906,37,41591,NULL,2,480,2,750.00,'2020-12-09 23:48:46','2020-12-09 23:48:46',NULL),(75,906,38,41591,NULL,2,13,1,750.00,'2020-12-09 23:49:14','2020-12-09 23:49:14',NULL),(76,906,38,41591,NULL,2,480,2,750.00,'2020-12-09 23:49:14','2020-12-09 23:49:14',NULL),(77,906,39,41592,NULL,2,13,1,750.00,'2020-12-09 23:56:05','2020-12-09 23:56:05',NULL),(78,906,39,41592,NULL,2,480,2,750.00,'2020-12-09 23:56:06','2020-12-09 23:56:06',NULL),(79,906,40,41592,NULL,2,13,1,750.00,'2020-12-09 23:56:23','2020-12-09 23:56:23',NULL);
INSERT INTO `conta_asientos_details` VALUES (80,906,40,41592,NULL,2,480,2,750.00,'2020-12-09 23:56:23','2020-12-09 23:56:23',NULL),(81,906,41,41592,NULL,2,13,1,750.00,'2020-12-09 23:57:08','2020-12-09 23:57:08',NULL),(82,906,41,41592,NULL,2,480,2,750.00,'2020-12-09 23:57:08','2020-12-09 23:57:08',NULL),(83,906,42,41591,NULL,2,760,1,1000.00,'2020-12-10 23:11:15','2020-12-10 23:12:51','2020-12-10 23:12:51'),(84,906,42,41591,NULL,2,13,2,1000.00,'2020-12-10 23:11:15','2020-12-10 23:12:51','2020-12-10 23:12:51'),(85,906,43,41591,NULL,2,760,1,750.00,'2020-12-10 23:12:24','2020-12-10 23:12:24',NULL),(86,906,43,41591,NULL,2,13,2,750.00,'2020-12-10 23:12:24','2020-12-10 23:12:24',NULL),(87,906,44,41591,NULL,2,760,1,1000.00,'2020-12-10 23:12:51','2020-12-10 23:12:51',NULL),(88,906,44,41591,NULL,2,13,2,1000.00,'2020-12-10 23:12:51','2020-12-10 23:12:51',NULL),(89,906,45,41591,NULL,2,760,1,750.00,'2020-12-10 23:13:22','2020-12-10 23:13:22',NULL),(90,906,45,41591,NULL,2,13,2,750.00,'2020-12-10 23:13:22','2020-12-10 23:13:22',NULL),(91,906,46,41591,NULL,2,760,1,750.00,'2020-12-10 23:13:45','2020-12-10 23:13:45',NULL),(92,906,46,41591,NULL,2,13,2,750.00,'2020-12-10 23:13:45','2020-12-10 23:13:45',NULL),(93,906,47,41591,NULL,2,760,1,750.00,'2020-12-10 23:14:04','2020-12-10 23:14:04',NULL),(94,906,47,41591,NULL,2,13,2,750.00,'2020-12-10 23:14:04','2020-12-10 23:14:04',NULL),(95,906,48,41592,NULL,2,760,1,750.00,'2020-12-10 23:16:03','2020-12-10 23:16:03',NULL),(96,906,48,41592,NULL,2,13,2,750.00,'2020-12-10 23:16:03','2020-12-10 23:16:03',NULL),(97,906,49,41592,NULL,2,760,1,750.00,'2020-12-10 23:16:18','2020-12-10 23:16:18',NULL),(98,906,49,41592,NULL,2,13,2,750.00,'2020-12-10 23:16:18','2020-12-10 23:16:18',NULL),(99,906,50,41592,NULL,2,760,1,750.00,'2020-12-10 23:16:31','2020-12-10 23:16:31',NULL),(100,906,50,41592,NULL,2,13,2,750.00,'2020-12-10 23:16:31','2020-12-10 23:16:31',NULL),(101,906,51,41592,NULL,2,760,1,750.00,'2020-12-10 23:16:46','2020-12-10 23:16:46',NULL),(102,906,51,41592,NULL,2,13,2,750.00,'2020-12-10 23:16:46','2020-12-10 23:16:46',NULL),(103,906,52,40720,NULL,2,758,1,4000.00,'2020-12-10 23:18:20','2020-12-10 23:18:20',NULL),(104,906,52,40720,NULL,2,13,2,4000.00,'2020-12-10 23:18:20','2020-12-10 23:18:20',NULL),(105,906,53,40720,NULL,2,13,1,4000.00,'2020-12-10 23:35:11','2020-12-10 23:35:11',NULL),(106,906,53,40720,NULL,2,480,2,4000.00,'2020-12-10 23:35:11','2020-12-10 23:35:11',NULL),(107,906,54,40720,NULL,2,13,1,4000.00,'2020-12-10 23:36:22','2020-12-10 23:36:22',NULL),(108,906,54,40720,NULL,2,480,2,4000.00,'2020-12-10 23:36:22','2020-12-10 23:36:22',NULL),(109,906,55,40720,NULL,2,13,1,4000.00,'2020-12-10 23:36:51','2020-12-10 23:36:51',NULL),(110,906,55,40720,NULL,2,480,2,4000.00,'2020-12-10 23:36:51','2020-12-10 23:36:51',NULL),(111,906,56,40720,NULL,2,757,1,4000.00,'2020-12-10 23:38:17','2020-12-10 23:38:17',NULL),(112,906,56,40720,NULL,2,13,2,4000.00,'2020-12-10 23:38:17','2020-12-10 23:38:17',NULL),(113,906,57,40720,NULL,2,758,1,4000.00,'2020-12-10 23:41:01','2020-12-10 23:41:01',NULL),(114,906,57,40720,NULL,2,13,2,4000.00,'2020-12-10 23:41:01','2020-12-10 23:41:01',NULL),(115,906,58,40720,NULL,2,758,1,4000.00,'2020-12-10 23:41:45','2020-12-10 23:41:45',NULL),(116,906,58,40720,NULL,2,13,2,4000.00,'2020-12-10 23:41:45','2020-12-10 23:41:45',NULL),(117,906,59,NULL,NULL,5,359,1,3250.00,'2020-12-10 23:46:22','2020-12-10 23:46:22',NULL),(118,906,59,NULL,NULL,5,757,2,3250.00,'2020-12-10 23:46:22','2020-12-10 23:46:22',NULL),(119,906,60,NULL,NULL,5,762,1,3250.00,'2020-12-10 23:51:37','2020-12-10 23:51:37',NULL),(120,906,60,NULL,NULL,5,359,2,3250.00,'2020-12-10 23:51:37','2020-12-10 23:51:37',NULL);

--
-- Table structure for table `conta_centro_costo_plan_cuenta`
--

CREATE TABLE `conta_centro_costo_plan_cuenta` (
  `id` bigint(20) unsigned NOT NULL AUTO_INCREMENT,
  `user_id` int(10) unsigned DEFAULT NULL,
  `conta_centro_costo_id` bigint(20) unsigned DEFAULT NULL,
  `conta_plan_cuenta_id` int(10) unsigned NOT NULL,
  `created_at` timestamp NULL DEFAULT NULL,
  `updated_at` timestamp NULL DEFAULT NULL,
  `deleted_at` timestamp NULL DEFAULT NULL,
  PRIMARY KEY (`id`),
  KEY `conta_centro_costo_plan_cuenta_conta_centro_costo_id_foreign` (`conta_centro_costo_id`),
  KEY `conta_centro_costo_plan_cuenta_conta_plan_cuenta_id_foreign` (`conta_plan_cuenta_id`),
  CONSTRAINT `conta_centro_costo_plan_cuenta_conta_centro_costo_id_foreign` FOREIGN KEY (`conta_centro_costo_id`) REFERENCES `conta_centro_costos` (`id`),
  CONSTRAINT `conta_centro_costo_plan_cuenta_conta_plan_cuenta_id_foreign` FOREIGN KEY (`conta_plan_cuenta_id`) REFERENCES `conta_plan_cuenta` (`id`)
) ENGINE=InnoDB DEFAULT CHARSET=utf8mb4 COLLATE=utf8mb4_unicode_ci;

--
-- Dumping data for table `conta_centro_costo_plan_cuenta`
--


--
-- Table structure for table `conta_centro_costos`
--

CREATE TABLE `conta_centro_costos` (
  `id` bigint(20) unsigned NOT NULL AUTO_INCREMENT,
  `user_id` int(10) unsigned DEFAULT NULL,
  `person_id` int(10) unsigned NOT NULL,
  `descripcion` text COLLATE utf8mb4_unicode_ci NOT NULL,
  `habilitado` tinyint(1) NOT NULL DEFAULT '1',
  `created_at` timestamp NULL DEFAULT NULL,
  `updated_at` timestamp NULL DEFAULT NULL,
  `deleted_at` timestamp NULL DEFAULT NULL,
  PRIMARY KEY (`id`),
  KEY `conta_centro_costos_person_id_foreign` (`person_id`),
  CONSTRAINT `conta_centro_costos_person_id_foreign` FOREIGN KEY (`person_id`) REFERENCES `persons` (`id`)
) ENGINE=InnoDB DEFAULT CHARSET=utf8mb4 COLLATE=utf8mb4_unicode_ci;

--
-- Dumping data for table `conta_centro_costos`
--


--
-- Table structure for table `conta_plan_cuenta`
--

CREATE TABLE `conta_plan_cuenta` (
  `id` int(10) unsigned NOT NULL AUTO_INCREMENT,
  `user_id` int(10) unsigned DEFAULT NULL,
  `codigo` int(11) NOT NULL,
  `tipo_cuenta_id` int(10) unsigned NOT NULL,
  `saldo_id` int(10) unsigned NOT NULL,
  `padre` int(11) NOT NULL,
  `nombre` varchar(255) COLLATE utf8mb4_unicode_ci NOT NULL,
  `rubro` varchar(255) COLLATE utf8mb4_unicode_ci DEFAULT NULL,
  `comentario` varchar(255) COLLATE utf8mb4_unicode_ci DEFAULT NULL,
  `status` int(10) unsigned NOT NULL DEFAULT '1',
  `no_editable` int(11) NOT NULL DEFAULT '1',
  `tes_cta_cte` tinyint(1) NOT NULL DEFAULT '0',
  `tes_cuenta_origen` tinyint(1) NOT NULL DEFAULT '0',
  `tes_cuenta_destino` tinyint(1) NOT NULL DEFAULT '0',
  `conta_asientos` tinyint(1) NOT NULL DEFAULT '0',
  `deleted_at` timestamp NULL DEFAULT NULL,
  PRIMARY KEY (`id`),
  KEY `conta_plan_cuenta_tipo_cuenta_id_foreign` (`tipo_cuenta_id`),
  KEY `conta_plan_cuenta_saldo_id_foreign` (`saldo_id`),
  CONSTRAINT `conta_plan_cuenta_saldo_id_foreign` FOREIGN KEY (`saldo_id`) REFERENCES `conta_tipo_saldos` (`id`),
  CONSTRAINT `conta_plan_cuenta_tipo_cuenta_id_foreign` FOREIGN KEY (`tipo_cuenta_id`) REFERENCES `conta_tipo_cuentas` (`id`)
) ENGINE=InnoDB AUTO_INCREMENT=483 DEFAULT CHARSET=utf8mb4 COLLATE=utf8mb4_unicode_ci;

--
-- Dumping data for table `conta_plan_cuenta`
--

INSERT INTO `conta_plan_cuenta` VALUES (1,NULL,1000000,1,1,0,'ACTIVO','Activo',NULL,1,1,0,0,0,0,NULL),(2,NULL,1100000,2,1,1000000,'ACTIVO CORRIENTE','Activo',NULL,1,1,0,0,0,0,NULL),(3,NULL,1110000,3,1,1100000,'CAJA Y BANCOS','Activo',NULL,1,1,0,0,0,0,NULL),(4,NULL,1110100,4,1,1110000,'CAJAS','Activo',NULL,1,1,0,0,0,0,NULL),(5,NULL,1110101,5,1,1110100,'Caja Oficina','Activo',NULL,0,1,0,0,0,0,NULL),(6,NULL,1110102,5,1,1110100,'Caja Casa','Activo',NULL,0,1,0,0,0,0,NULL),(7,NULL,1110103,5,1,1110100,'Caja Dolares Casa','Activo',NULL,0,1,0,0,0,0,NULL),(8,NULL,1110104,5,1,1110100,'Banco Santander 015-372795/5','Activo',NULL,0,1,0,0,0,0,NULL),(9,NULL,1110200,4,1,1110000,'BANCOS','Activo',NULL,1,1,0,0,0,0,NULL),(10,NULL,1110201,5,1,1110200,'Banco Santander Rio Cta Corriente','Activo',NULL,1,2,1,1,1,0,NULL),(11,NULL,1110202,5,1,1110200,'Banco Santander Rio Cta Corriente DOLARES','Activo',NULL,1,2,1,1,1,0,NULL),(12,NULL,1130000,3,1,1100000,'CREDITOS POR VENTAS','Activo',NULL,1,1,0,0,0,0,NULL),(13,NULL,1130101,5,1,1130100,'Clientes - Deudores','Activo',NULL,1,2,0,0,0,1,NULL),(14,NULL,1130102,5,1,1130100,'Deudores por ventas comunes','Activo',NULL,1,1,0,0,0,1,NULL),(15,NULL,1130103,5,1,1130100,'Deudores por ventas morosos','Activo',NULL,1,1,0,0,0,1,NULL),(16,NULL,1130104,5,1,1130100,'Deudores en gestión judicial','Activo',NULL,1,1,0,0,0,1,NULL),(17,NULL,1130105,5,1,1130100,'Previsión deudores incobrables','Activo',NULL,1,1,0,0,0,1,NULL),(18,NULL,1140000,3,1,1100000,'OTROS CREDITOS','Activo',NULL,1,1,0,0,0,0,NULL),(19,NULL,1140100,4,1,1140000,'Retenciones Sufridas','Activo',NULL,1,1,0,0,0,0,NULL),(20,NULL,1140301,5,1,1140300,'Anticipos Impuesto a las Ganancias','Activo',NULL,1,2,0,0,1,1,NULL),(21,NULL,1140102,5,1,1140100,'Retenciones Ingr. Brutos','Activo',NULL,0,1,0,0,0,0,NULL),(22,NULL,1140329,5,1,1140300,'Anticipo Impto.Ganancia Mínima Presunta','Activo',NULL,1,1,0,0,0,1,NULL),(23,NULL,1140105,5,1,1140100,'Retenciones Impuesto a las Ganancias','Activo',NULL,1,2,1,0,0,1,NULL),(24,NULL,1140106,5,1,1140100,'Impuesto a las Ganancias (Saldo a favor)','Activo',NULL,1,1,0,0,0,1,NULL),(25,NULL,1140107,5,1,1140100,'Retenciones de IVA','Activo',NULL,1,2,1,0,0,1,NULL),(26,NULL,1140200,4,1,1140000,'CREDITOS DIVERSOS','Activo',NULL,1,1,0,0,0,0,NULL),(27,NULL,1140201,5,1,1140200,'Anticipos de proveedores','Activo',NULL,1,1,0,0,0,1,NULL),(28,NULL,1140205,5,1,1140200,'Depósito en garantía alquileres','Activo',NULL,1,1,0,0,0,1,NULL),(29,NULL,1140206,5,1,1140200,'Derechos adquiridos a devengar','Activo',NULL,1,1,0,0,0,1,NULL),(30,NULL,1140207,5,1,1140200,'Intereses a devengar','Activo',NULL,1,1,0,0,0,1,NULL),(31,NULL,1140208,5,1,1140200,'Cuentas a rendir - Directores','Activo',NULL,1,1,0,0,0,1,NULL),(32,NULL,1140210,5,1,1140200,'Alquileres no devengados','Activo',NULL,1,1,0,0,0,1,NULL),(33,NULL,1150000,3,1,1100000,'BIENES DE CAMBIO','Activo',NULL,1,1,0,0,0,0,NULL),(34,NULL,1150400,4,1,1150000,'MERCADERIA DE REVENTA','Activo',NULL,1,1,0,0,0,0,NULL),(35,NULL,1200000,2,1,1000000,'ACTIVO NO CORRIENTE','Activo',NULL,1,1,0,0,0,0,NULL),(36,NULL,1220000,3,1,1200000,'BIENES DE USO','Activo',NULL,1,1,0,0,0,0,NULL),(37,NULL,1220100,4,1,1220000,'EQUIPOS DE COMPUTACION','Activo',NULL,1,1,0,0,0,0,NULL),(38,NULL,1220101,5,1,1220100,'Equipos de computación valores históricos','Activo',NULL,1,1,0,0,0,1,NULL),(39,NULL,1220102,5,1,1220100,'Equipos de computación ajuste','Activo',NULL,1,1,0,0,0,1,NULL),(40,NULL,1220108,5,1,1220100,'Amortización Acumulada Equipos de comput.','Activo',NULL,1,1,0,0,0,1,NULL),(41,NULL,1220200,4,1,1220000,'INSTALACIONES','Activo',NULL,1,1,0,0,0,0,NULL),(42,NULL,1220201,5,1,1220200,'Instalaciones valores históricos','Activo',NULL,1,1,0,0,0,1,NULL),(43,NULL,1220202,5,1,1220200,'Instalaciones ajuste','Activo',NULL,1,1,0,0,0,1,NULL),(44,NULL,1220206,5,1,1220200,'Amortización Acumulada Instalaciones','Activo',NULL,1,1,0,0,0,1,NULL),(45,NULL,1220300,4,1,1220000,'MUEBLES Y UTILES','Activo',NULL,1,1,0,0,0,0,NULL);
INSERT INTO `conta_plan_cuenta` VALUES (46,NULL,1220301,5,1,1220300,'Muebles y utiles valores históricos','Activo',NULL,1,1,0,0,0,1,NULL),(47,NULL,1220302,5,1,1220300,'Muebles y utiles ajuste','Activo',NULL,1,1,0,0,0,1,NULL),(48,NULL,1220306,5,1,1220300,'Amortización Acumulada Muebles y Útiles','Activo',NULL,1,1,0,0,0,1,NULL),(49,NULL,1230000,3,1,1200000,'ACTIVOS INTANGIBLES','Activo',NULL,1,1,0,0,0,0,NULL),(50,NULL,1230101,5,1,1230100,'Gastos de organización valores historicos','Activo',NULL,1,1,0,0,0,1,NULL),(51,NULL,1230102,5,1,1230100,'Gastos de organización ajuste','Activo',NULL,1,1,0,0,0,1,NULL),(52,NULL,1230103,5,1,1230100,'Amortización acumulada gs. de organización','Activo',NULL,1,1,0,0,0,1,NULL),(53,NULL,2000000,1,2,0,'PASIVO','Pasivo',NULL,1,1,0,0,0,0,NULL),(54,NULL,2100000,2,2,2000000,'PASIVO CORRIENTE','Pasivo',NULL,1,1,0,0,0,0,NULL),(55,NULL,2110000,3,2,2100000,'Deudas','Pasivo',NULL,1,1,0,0,0,0,NULL),(56,NULL,2110100,4,2,2110000,'Comerciales','Pasivo',NULL,1,1,0,0,0,0,NULL),(57,NULL,2110101,5,2,2110100,'Proveedores en Cta. Cte. locales','Pasivo',NULL,1,2,0,0,0,1,NULL),(58,NULL,2110102,5,2,2110100,'Proveedores en cta. cte. exterior','Pasivo',NULL,1,1,0,0,0,1,NULL),(59,NULL,2110103,5,2,2110100,'Derechos de exhibición a devengar','Pasivo',NULL,1,1,0,0,0,1,NULL),(60,NULL,2110104,5,2,2110100,'Cheques emitidos ','Pasivo',NULL,1,2,1,1,1,1,NULL),(61,NULL,2110200,4,2,2110000,'REMUNERACIONES Y CARGAS SOCIALES','Pasivo',NULL,1,1,0,0,0,0,NULL),(62,NULL,2110201,5,2,2110200,'Sueldos y Jornales a pagar','Pasivo',NULL,1,2,0,0,1,1,NULL),(63,NULL,2110202,5,2,2110200,'Cargas sociales a pagar','Pasivo',NULL,1,1,0,0,0,1,NULL),(64,NULL,2110203,5,2,2110200,'Sindicatos a Pagar','Pasivo',NULL,1,1,0,0,0,1,NULL),(65,NULL,2110300,4,2,2110000,'CARGAS FISCALES','Pasivo',NULL,1,1,0,0,0,0,NULL),(67,NULL,2110301,5,2,2110300,'IVA Debito Fiscal','Pasivo',NULL,1,2,0,0,0,1,NULL),(68,NULL,1140222,5,1,1140200,'IVA Credito Fiscal','Activo',NULL,1,2,0,0,0,1,NULL),(69,NULL,2110303,5,2,2110300,'Impuestos Internos','Pasivo',NULL,1,1,0,0,0,1,NULL),(70,NULL,2110304,5,2,2110300,'Impuestos al Combustible','Pasivo',NULL,1,1,0,0,0,1,NULL),(71,NULL,2110601,5,2,2110600,'IVA Retenciones de terceros','Pasivo',NULL,1,1,0,0,0,1,NULL),(72,NULL,2110306,5,2,2110300,'IVA Percepciones realiz.por terceros','Pasivo',NULL,1,2,0,0,0,1,NULL),(73,NULL,2110307,5,2,2110300,'IVA Saldo a favor','Pasivo',NULL,1,1,0,0,0,1,NULL),(74,NULL,2110308,5,2,2110300,'IVA a pagar','Pasivo',NULL,1,2,0,0,0,1,NULL),(75,NULL,2110309,5,2,2110300,'Percepciones Ingresos Brutos','Pasivo',NULL,1,1,0,0,0,1,NULL),(76,NULL,2110310,5,2,2110300,'Otros Pagos AFIP','Pasivo',NULL,1,1,0,0,0,1,NULL),(78,NULL,2110350,5,2,2110300,'Impuesto a los Ingresos Brutos Pasivo','Pasivo',NULL,1,1,0,0,0,1,NULL),(79,NULL,2110313,5,2,2110300,'Impuesto a las Ganancias','Pasivo',NULL,1,1,0,0,0,1,NULL),(80,NULL,2110314,5,2,2110300,'Impuesto a la Ganancia Mínima Presunta','Pasivo',NULL,1,1,0,0,0,1,NULL),(81,NULL,2110602,5,2,2110600,'AFIP - Retenciones Impuesto a las Ganancias','Pasivo',NULL,1,1,0,0,0,1,NULL),(82,NULL,2110316,5,2,2110300,'AFIP - Plan de Facilidades Decreto 338/02','Pasivo',NULL,1,1,0,0,0,1,NULL),(83,NULL,2200000,2,2,2000000,'PASIVO NO CORRIENTE','Pasivo',NULL,1,1,0,0,0,0,NULL),(84,NULL,3000000,1,2,0,'PATRIMONIO NETO','Patrimonio Neto',NULL,1,1,0,0,0,0,NULL),(85,NULL,3100000,2,2,3000000,'APORTE DE LOS PROPIETARIOS','Patrimonio Neto',NULL,1,1,0,0,0,0,NULL),(86,NULL,3110100,4,2,3110000,'CAPITAL SOCIAL','Patrimonio Neto',NULL,1,1,0,0,0,0,NULL),(87,NULL,3110101,5,2,3110100,'Acciones en circulación','Patrimonio Neto',NULL,1,1,0,0,0,1,NULL),(88,NULL,3110102,5,2,3110100,'Ajuste del Capital','Patrimonio Neto',NULL,1,2,0,0,0,1,NULL),(89,NULL,3110103,5,2,3110100,'Aportes Irrevocables Futuras Suscripciones','Patrimonio Neto',NULL,1,1,0,0,0,1,NULL),(90,NULL,3400000,2,2,3000000,'RESULTADOS','Patrimonio Neto',NULL,1,1,0,0,0,0,NULL),(91,NULL,3410101,5,2,3410100,'Resultado del ejercicio','Patrimonio Neto',NULL,1,1,0,0,0,1,NULL);
INSERT INTO `conta_plan_cuenta` VALUES (92,NULL,3410102,5,2,3410100,'Resultado ejercicios anteriores','Patrimonio Neto',NULL,1,1,0,0,0,1,NULL),(93,NULL,3410103,5,2,3410100,'A.R.E.A.','Patrimonio Neto',NULL,1,1,0,0,0,1,NULL),(94,NULL,4000000,1,2,0,'INGRESOS','Result. Positivo',NULL,1,1,0,0,0,0,NULL),(95,NULL,4100000,2,2,4000000,'INGRESOS ORDINARIOS','Result. Positivo',NULL,1,1,0,0,0,0,NULL),(96,NULL,4110101,5,2,4110100,'VENTAS','Result. Positivo',NULL,1,2,0,0,0,1,NULL),(97,NULL,4110102,5,2,4110100,'Honorarios','Result. Positivo',NULL,1,1,0,0,0,1,NULL),(98,NULL,4110103,5,2,4110100,'Sueldo Vane','Result. Positivo',NULL,0,1,0,0,0,0,NULL),(99,NULL,4110104,5,2,4110100,'Descuentos obtenidos','Result. Positivo',NULL,1,1,0,0,0,1,NULL),(100,NULL,4110105,5,2,4110100,'Reintegros por exportaciones','Result. Positivo',NULL,1,1,0,0,0,1,NULL),(101,NULL,4120000,3,2,4100000,'OTROS INGRESOS','Result. Positivo',NULL,1,1,0,0,0,0,NULL),(102,NULL,4120101,5,2,4120100,'Intereses Cobrados','Result. Positivo',NULL,1,1,0,0,0,1,NULL),(103,NULL,4120102,5,2,4120100,'Diferencias de cambio','Result. Positivo',NULL,1,1,0,0,0,1,NULL),(104,NULL,4120103,5,2,4120100,'Descuentos obtenidos','Result. Positivo',NULL,1,1,0,0,0,1,NULL),(107,NULL,5000000,1,1,0,'GASTOS','Result. Negativo',NULL,1,1,0,0,0,0,NULL),(108,NULL,5100000,2,1,5000000,'GASTOS ORDINARIOS','Result. Negativo',NULL,1,1,0,0,0,0,NULL),(109,NULL,5110100,4,1,5110000,'ASIENTO DE SUELDO','Result. Negativo',NULL,1,1,0,0,0,0,NULL),(110,NULL,5110101,5,1,5110100,'Sueldos','Result. Negativo',NULL,1,1,0,0,0,1,NULL),(111,NULL,5110102,5,1,5110100,'Contribuciones','Result. Negativo',NULL,1,1,0,0,0,1,NULL),(112,NULL,5110103,5,1,5110100,'Sindicato','Result. Negativo',NULL,1,1,0,0,0,1,NULL),(113,NULL,5120100,4,1,5120000,'GASTOS DE OPERACION','Result. Negativo',NULL,1,1,0,0,0,0,NULL),(114,NULL,5120101,5,1,5120100,'ACA','Result. Negativo',NULL,1,1,0,0,0,1,NULL),(115,NULL,5120102,5,1,5120100,'Aereos','Result. Negativo',NULL,1,1,0,0,0,1,NULL),(116,NULL,5120103,5,1,5120100,'Alquiler','Result. Negativo',NULL,1,1,0,0,0,1,NULL),(117,NULL,5120104,5,1,5120100,'AGUA AYSA','Result. Negativo',NULL,1,1,0,0,0,1,NULL),(118,NULL,5120105,5,1,5120100,'TV Cablevision','Result. Negativo',NULL,1,1,0,0,0,1,NULL),(119,NULL,5120106,5,1,5120100,'Caja Jubilacion Consejo','Result. Negativo',NULL,1,1,0,0,0,1,NULL),(120,NULL,5120107,5,1,5120100,'Celulares','Result. Negativo',NULL,1,1,0,0,0,1,NULL),(121,NULL,5120108,5,1,5120100,'Cheques','Result. Negativo',NULL,1,1,0,0,0,1,NULL),(122,NULL,5120109,5,1,5120100,'Club la Nacion','Result. Negativo',NULL,0,1,0,0,0,0,NULL),(123,NULL,5120110,5,1,5120100,'Comida','Result. Negativo',NULL,1,1,0,0,0,1,NULL),(124,NULL,5120111,5,1,5120100,'Diario Clarin','Result. Negativo',NULL,0,1,0,0,0,0,NULL),(125,NULL,5120112,5,1,5120100,'Digital Ocean','Result. Negativo',NULL,0,1,0,0,0,0,NULL),(126,NULL,5120113,5,1,5120100,'Fletes y acarreos','Result. Negativo',NULL,1,1,0,0,0,1,NULL),(127,NULL,5120114,5,1,5120100,'Luz Edesur','Result. Negativo',NULL,1,1,0,0,0,1,NULL),(128,NULL,5120115,5,1,5120100,'Movilidad y Viáticos','Result. Negativo',NULL,1,1,0,0,0,1,NULL),(129,NULL,5120116,5,1,5120100,'Mantenimiento','Result. Negativo',NULL,1,1,0,0,0,1,NULL),(130,NULL,5120117,5,1,5120100,'IVA No Computable','Result. Negativo',NULL,1,1,0,0,0,1,NULL),(131,NULL,5120118,5,1,5120100,'Entretenimiento','Result. Negativo',NULL,1,1,0,0,0,1,NULL),(132,NULL,5120119,5,1,5120100,'Amortización Bienes de Uso','Result. Negativo',NULL,1,1,0,0,0,1,NULL),(133,NULL,5120120,5,1,5120100,'Errepar','Result. Negativo',NULL,0,1,0,0,0,0,NULL),(134,NULL,5120121,5,1,5120100,'Hosting Página Web To Webs','Result. Negativo',NULL,0,1,0,0,0,0,NULL),(135,NULL,5120122,5,1,5120100,'Gastos varios','Result. Negativo',NULL,1,1,0,0,0,1,NULL),(136,NULL,5120123,5,1,5120100,'Ajuste por redondeo','Result. Negativo',NULL,1,2,0,0,0,1,NULL),(137,NULL,5120124,5,1,5120100,'Deudores Incobrables','Result. Negativo',NULL,1,1,0,0,0,1,NULL),(138,NULL,5120125,5,1,5120100,'Faby Goncalves','Result. Negativo',NULL,0,1,0,0,0,0,NULL);
INSERT INTO `conta_plan_cuenta` VALUES (139,NULL,5130100,4,1,5130000,'GASTOS FINANCIEROS','Result. Negativo',NULL,1,1,0,0,0,0,NULL),(140,NULL,5130101,5,1,5130100,'Intereses y Gastos bancarios','Result. Negativo',NULL,1,2,0,0,1,1,NULL),(141,NULL,5130102,5,1,5130100,'Intereses Proveedores','Result. Negativo',NULL,1,1,0,0,0,1,NULL),(142,NULL,5130103,5,1,5130100,'Damian Financiera','Result. Negativo',NULL,0,1,0,0,0,0,NULL),(143,NULL,5130104,5,1,5130100,'Diferencias de cambio','Result. Negativo',NULL,1,1,0,0,0,1,NULL),(144,NULL,5130105,5,1,5130100,'Diferencia de Cambio Bces. en M.Extranjera','Result. Negativo',NULL,1,1,0,0,0,1,NULL),(145,NULL,5130106,5,1,5130100,'Diferencia tipo cambio Vendedor/Comprador','Result. Negativo',NULL,1,1,0,0,0,1,NULL),(146,NULL,5130107,5,1,5130100,'Diferencia por conversion en Bce. en Mon. Extranj.','Result. Negativo',NULL,1,1,0,0,0,1,NULL),(147,NULL,5130108,5,1,5130100,'Diferencia de cambio CMV','Result. Negativo',NULL,1,1,0,0,0,1,NULL),(148,NULL,5130109,5,1,5130100,'Diferencia de cambio PT','Result. Negativo',NULL,1,1,0,0,0,1,NULL),(149,NULL,5130110,5,1,5130100,'Resultado por Exposición a la Inflación','Result. Negativo',NULL,1,1,0,0,0,1,NULL),(150,NULL,5130111,5,1,5130100,'Diferencia de cambio PE','Result. Negativo',NULL,1,1,0,0,0,1,NULL),(151,NULL,5130112,5,1,5130100,'Diferencia de cambio Ds.Vtas.','Result. Negativo',NULL,1,1,0,0,0,1,NULL),(152,NULL,5130113,5,1,5130100,'Diferencia de cambio ME','Result. Negativo',NULL,1,1,0,0,0,1,NULL),(153,NULL,5130114,5,1,5130100,'Descuentos otorgados','Result. Negativo',NULL,1,1,0,0,0,1,NULL),(154,NULL,5140100,4,1,5140000,'IMPUESTOS','Result. Negativo',NULL,1,1,0,0,0,0,NULL),(155,NULL,5140101,5,1,5140100,'Impuesto a las Ganancias','Result. Negativo',NULL,1,1,0,0,0,1,NULL),(156,NULL,5140164,5,1,5140100,'Impuesto a los Ingresos Brutos','Result. Negativo',NULL,1,2,0,0,0,1,NULL),(157,NULL,5140102,5,1,5140100,'Impuesto al Debito y Credito Bancario','Result. Negativo',NULL,1,1,0,0,0,1,NULL),(158,NULL,5200000,2,1,5000000,'GASTOS EXTRAORDINARIOS','Result. Negativo',NULL,1,1,0,0,0,0,NULL),(159,NULL,5210101,5,1,5210100,'Pérdida por venta bienes de uso','Result. Negativo',NULL,1,1,0,0,0,1,NULL),(160,NULL,5210102,5,1,5210100,'Inversiones','Result. Negativo',NULL,1,1,0,0,0,1,NULL),(161,NULL,5210103,5,1,5210100,'Amortizaciones extraordinarias','Result. Negativo',NULL,1,1,0,0,0,1,NULL),(162,NULL,1140103,5,1,1140100,'Retenciones SUSS','Activo',NULL,1,2,1,0,0,1,NULL),(163,NULL,1110122,5,1,1110100,'Banco Patagonia Cta. Cte.','Activo',NULL,0,1,0,0,0,0,NULL),(164,NULL,1110106,5,1,1110100,'Banco HSBC','Activo',NULL,0,1,0,0,0,0,NULL),(165,NULL,1110123,5,1,1110100,'Banco Ciudad Cta. Cte.','Activo',NULL,0,1,0,0,0,0,NULL),(166,NULL,1110124,5,1,1110100,'Banco Nacion Cta. Cte.','Activo',NULL,0,1,0,0,0,0,NULL),(167,NULL,1110109,5,1,1110100,'Banco Galicia Vane','Activo',NULL,0,1,0,0,0,0,NULL),(168,NULL,1110110,5,1,1110100,'Banco Frances Vane','Activo',NULL,0,1,0,0,0,0,NULL),(169,NULL,1110111,5,1,1110100,'Banco Patagonia In Time SRL','Activo',NULL,0,1,0,0,0,0,NULL),(170,NULL,1110112,5,1,1110100,'Banco Ciudad In Time SRL','Activo',NULL,0,1,0,0,0,0,NULL),(171,NULL,1110113,5,1,1110100,'Banco Provincia In Time SRL','Activo',NULL,0,1,0,0,0,0,NULL),(172,NULL,1110114,5,1,1110100,'Banco Macro PedimeOnline','Activo',NULL,0,1,0,0,0,0,NULL),(173,NULL,1110115,5,1,1110100,'Banco Patagonia Problema Resuelto','Activo',NULL,0,1,0,0,0,0,NULL),(174,NULL,1110116,5,1,1110100,'Banco Patagonia Graciela','Activo',NULL,0,1,0,0,0,0,NULL),(175,NULL,1110117,5,1,1110100,'Banco Patagonia Omar','Activo',NULL,0,1,0,0,0,0,NULL),(176,NULL,1110118,5,1,1110100,'Cheques','Activo',NULL,1,2,1,1,1,0,NULL),(177,NULL,5120126,5,1,5120100,'Gisela Larzabal','Result. Negativo',NULL,0,1,0,0,0,0,NULL),(178,NULL,5120127,5,1,5120100,'Google','Result. Negativo',NULL,1,1,0,0,0,1,NULL),(179,NULL,5120128,5,1,5120100,'Seguro Moto','Result. Negativo',NULL,0,1,0,0,0,0,NULL),(180,NULL,5120129,5,1,5120100,'Sueldo Agustina','Result. Negativo',NULL,0,1,0,0,0,0,NULL);
INSERT INTO `conta_plan_cuenta` VALUES (181,NULL,5120130,5,1,5120100,'Sueldo Betty','Result. Negativo',NULL,0,1,0,0,0,0,NULL),(182,NULL,5120131,5,1,5120100,'Sueldo Elizabet','Result. Negativo',NULL,0,1,0,0,0,0,NULL),(183,NULL,5120132,5,1,5120100,'Sueldo Florencia','Result. Negativo',NULL,0,1,0,0,0,0,NULL),(184,NULL,5120133,5,1,5120100,'Sueldo Graciela','Result. Negativo',NULL,0,1,0,0,0,0,NULL),(185,NULL,5120134,5,1,5120100,'Sueldo Franco Sanchez','Result. Negativo',NULL,0,1,0,0,0,0,NULL),(186,NULL,5120135,5,1,5120100,'Sueldo Santiago Sanchez','Result. Negativo',NULL,0,1,0,0,0,0,NULL),(187,NULL,5120136,5,1,5120100,'Sueldo Jose Luis','Result. Negativo',NULL,0,1,0,0,0,0,NULL),(188,NULL,5120137,5,1,5120100,'Publicidad','Result. Negativo',NULL,1,1,0,0,0,1,NULL),(189,NULL,5120138,5,1,5120100,'Las Nieves','Result. Negativo',NULL,0,1,0,0,0,0,NULL),(190,NULL,5120139,5,1,5120100,'Sueldo Lidia','Result. Negativo',NULL,0,1,0,0,0,0,NULL),(191,NULL,5120140,5,1,5120100,'Cargas Sociales','Result. Negativo',NULL,1,1,0,0,0,1,NULL),(192,NULL,5120141,5,1,5120100,'Honorarios','Result. Negativo',NULL,1,1,0,0,0,1,NULL),(193,NULL,5120142,5,1,5120100,'Telefono Fijo','Result. Negativo',NULL,1,1,0,0,0,1,NULL),(194,NULL,5120143,5,1,5120100,'ONE DRIVE','Result. Negativo',NULL,0,1,0,0,0,0,NULL),(195,NULL,5120144,5,1,5120100,'OSDE','Result. Negativo',NULL,0,1,0,0,0,0,NULL),(196,NULL,5120145,5,1,5120100,'SAS Constitucion','Result. Negativo',NULL,0,1,0,0,0,0,NULL),(197,NULL,5120146,5,1,5120100,'Seguro de Vida Zurich','Result. Negativo',NULL,0,1,0,0,0,0,NULL),(198,NULL,5120147,5,1,5120100,'Seguros','Result. Negativo',NULL,1,1,0,0,0,1,NULL),(199,NULL,5120148,5,1,5120100,'Internet','Result. Negativo',NULL,1,1,0,0,0,1,NULL),(200,NULL,5120149,5,1,5120100,'Seguro de Retiro Zurich','Result. Negativo',NULL,0,1,0,0,0,0,NULL),(201,NULL,5140165,5,1,5140100,'Monotributo','Result. Negativo',NULL,1,2,0,0,1,1,NULL),(202,NULL,5140104,5,1,5140100,'IVA In Time SRL','Result. Negativo',NULL,0,1,0,0,0,0,NULL),(203,NULL,5140105,5,1,5140100,'Autonomos','Result. Negativo',NULL,1,2,0,0,1,1,NULL),(204,NULL,5140106,5,1,5140100,'Multas Impositivas','Result. Negativo',NULL,1,1,0,0,0,1,NULL),(207,NULL,5120150,5,1,5120100,'Vanesa Gastos','Result. Negativo',NULL,0,1,0,0,0,0,NULL),(208,NULL,5140166,5,1,5140100,'Impuesto a los Ingresos Brutos - BS AS','Result. Negativo',NULL,1,1,0,0,0,1,NULL),(209,NULL,5140107,5,1,5140100,'SIRCREB','Result. Negativo',NULL,1,1,0,0,0,1,NULL),(210,NULL,5140108,5,1,5140100,'Consejo Ciencias Economicas','Result. Negativo',NULL,0,1,0,0,0,0,NULL),(211,NULL,5120152,5,1,5120100,'Albano Andres','Result. Negativo',NULL,0,1,0,0,0,0,NULL),(212,NULL,5120153,5,1,5120100,'Tarjeta Visa','Result. Negativo',NULL,1,1,0,0,0,1,NULL),(213,NULL,5120154,5,1,5120100,'Tarjeta American Express','Result. Negativo',NULL,1,1,0,0,0,1,NULL),(214,NULL,5120155,5,1,5120100,'Tarjeta Mastercard','Result. Negativo',NULL,1,1,0,0,0,1,NULL),(215,NULL,5120156,5,1,5120100,'Tarjeta Shopping','Result. Negativo',NULL,1,1,0,0,0,1,NULL),(216,NULL,5120157,5,1,5120100,'Tarjeta Cencosud','Result. Negativo',NULL,1,1,0,0,0,1,NULL),(217,NULL,5120158,5,1,5120100,'Compras','Result. Negativo',NULL,1,2,0,0,0,1,NULL),(218,NULL,4110106,5,2,4110100,'Ventas No Gravadas','Result. Positivo',NULL,1,2,0,0,0,1,NULL),(219,NULL,6110103,5,1,6110100,'Pagos AFIP','Movimiento',NULL,1,2,0,0,1,1,NULL),(220,NULL,5140167,5,1,5140100,'Perc IVA -RG3337','Result. Negativo',NULL,1,2,0,0,0,1,NULL),(221,NULL,5140109,5,1,5140100,'Imps. Internos','Result. Negativo',NULL,1,2,0,0,0,1,NULL),(222,NULL,5140110,5,1,5140100,'Imp. Gasoil','Result. Negativo',NULL,1,2,0,0,0,1,NULL),(223,NULL,5140111,5,1,5140100,'Imp. Hídricos','Result. Negativo',NULL,1,2,0,0,0,1,NULL),(224,NULL,5140112,5,1,5140100,'ITC','Result. Negativo',NULL,1,2,0,0,0,1,NULL),(225,NULL,5140113,5,1,5140100,'Perc IIBB  Buenos Aires','Result. Negativo',NULL,1,2,0,0,0,1,NULL),(226,NULL,5140114,5,1,5140100,'Perc IIBB  Capital Federal','Result. Negativo',NULL,1,2,0,0,0,1,NULL);
INSERT INTO `conta_plan_cuenta` VALUES (227,NULL,5140115,5,1,5140100,'Perc IIBB  Catamarca','Result. Negativo',NULL,1,2,0,0,0,1,NULL),(228,NULL,5140116,5,1,5140100,'Perc IIBB  Chaco','Result. Negativo',NULL,1,2,0,0,0,1,NULL),(229,NULL,5140117,5,1,5140100,'Perc IIBB  Chubut','Result. Negativo',NULL,1,2,0,0,0,1,NULL),(230,NULL,5140118,5,1,5140100,'Perc IIBB  Córdoba','Result. Negativo',NULL,1,2,0,0,0,1,NULL),(231,NULL,5140119,5,1,5140100,'Perc IIBB  Corrientes','Result. Negativo',NULL,1,2,0,0,0,1,NULL),(232,NULL,5140120,5,1,5140100,'Perc IIBB  Entre Ríos','Result. Negativo',NULL,1,2,0,0,0,1,NULL),(233,NULL,5140121,5,1,5140100,'Perc IIBB  Formosa','Result. Negativo',NULL,1,2,0,0,0,1,NULL),(234,NULL,5140122,5,1,5140100,'Perc IIBB  Jujuy','Result. Negativo',NULL,1,2,0,0,0,1,NULL),(235,NULL,5140123,5,1,5140100,'Perc IIBB  La Pampa','Result. Negativo',NULL,1,2,0,0,0,1,NULL),(236,NULL,5140124,5,1,5140100,'Perc IIBB  La Rioja','Result. Negativo',NULL,1,2,0,0,0,1,NULL),(237,NULL,5140125,5,1,5140100,'Perc IIBB  Mendoza','Result. Negativo',NULL,1,2,0,0,0,1,NULL),(238,NULL,5140126,5,1,5140100,'Perc IIBB  Misiones','Result. Negativo',NULL,1,2,0,0,0,1,NULL),(239,NULL,5140127,5,1,5140100,'Perc IIBB  Neuquén','Result. Negativo',NULL,1,2,0,0,0,1,NULL),(240,NULL,5140128,5,1,5140100,'Perc IIBB  Pascua Lama','Result. Negativo',NULL,1,2,0,0,0,1,NULL),(241,NULL,5140129,5,1,5140100,'Perc IIBB  Río Negro','Result. Negativo',NULL,1,2,0,0,0,1,NULL),(242,NULL,5140130,5,1,5140100,'Perc IIBB  Salta','Result. Negativo',NULL,1,2,0,0,0,1,NULL),(243,NULL,5140131,5,1,5140100,'Perc IIBB  San Juan','Result. Negativo',NULL,1,2,0,0,0,1,NULL),(244,NULL,5140132,5,1,5140100,'Perc IIBB  San Luis','Result. Negativo',NULL,1,2,0,0,0,1,NULL),(245,NULL,5140133,5,1,5140100,'Perc IIBB  Santa Cruz','Result. Negativo',NULL,1,2,0,0,0,1,NULL),(246,NULL,5140134,5,1,5140100,'Perc IIBB  Santa Fe','Result. Negativo',NULL,1,2,0,0,0,1,NULL),(247,NULL,5140135,5,1,5140100,'Perc IIBB  Santiago del Estero','Result. Negativo',NULL,1,2,0,0,0,1,NULL),(248,NULL,5140136,5,1,5140100,'Perc IIBB  Tierra del Fuego','Result. Negativo',NULL,1,2,0,0,0,1,NULL),(249,NULL,5140137,5,1,5140100,'Perc IIBB  Tucuman','Result. Negativo',NULL,1,2,0,0,0,1,NULL),(250,NULL,5140138,5,1,5140100,'Compras No Gravadas','Result. Negativo',NULL,1,2,0,0,0,1,NULL),(251,NULL,1140108,5,1,1140100,'Retenciones de IIBB Buenos Aires','Activo',NULL,1,2,1,0,0,1,NULL),(252,NULL,1140109,5,1,1140100,'Retenciones de IIBB Capital Federal','Activo',NULL,1,2,1,0,0,1,NULL),(253,NULL,1140110,5,1,1140100,'Retenciones de IIBB Catamarca','Activo',NULL,1,2,1,0,0,1,NULL),(254,NULL,1140111,5,1,1140100,'Retenciones de IIBB Chaco','Activo',NULL,1,2,1,0,0,1,NULL),(255,NULL,1140112,5,1,1140100,'Retenciones de IIBB Chubut','Activo',NULL,1,2,1,0,0,1,NULL),(256,NULL,1140113,5,1,1140100,'Retenciones de IIBB Córdoba','Activo',NULL,1,2,1,0,0,1,NULL),(257,NULL,1140114,5,1,1140100,'Retenciones de IIBB Corrientes','Activo',NULL,1,2,1,0,0,1,NULL),(258,NULL,1140115,5,1,1140100,'Retenciones de IIBB Entre Ríos','Activo',NULL,1,2,1,0,0,1,NULL),(259,NULL,1140116,5,1,1140100,'Retenciones de IIBB Formosa','Activo',NULL,1,2,1,0,0,1,NULL),(260,NULL,1140117,5,1,1140100,'Retenciones de IIBB Jujuy','Activo',NULL,1,2,1,0,0,1,NULL),(261,NULL,1140118,5,1,1140100,'Retenciones de IIBB La Pampa','Activo',NULL,1,2,1,0,0,1,NULL),(262,NULL,1140119,5,1,1140100,'Retenciones de IIBB La Rioja','Activo',NULL,1,2,1,0,0,1,NULL),(263,NULL,1140120,5,1,1140100,'Retenciones de IIBB Mendoza','Activo',NULL,1,2,1,0,0,1,NULL),(264,NULL,1140121,5,1,1140100,'Retenciones de IIBB Misiones','Activo',NULL,1,2,1,0,0,1,NULL),(265,NULL,1140122,5,1,1140100,'Retenciones de IIBB Neuquén','Activo',NULL,1,2,1,0,0,1,NULL),(266,NULL,1140123,5,1,1140100,'Retenciones de IIBB Pascua Lama','Activo',NULL,1,2,1,0,0,1,NULL),(267,NULL,1140124,5,1,1140100,'Retenciones de IIBB Río Negro','Activo',NULL,1,2,1,0,0,1,NULL),(268,NULL,1140125,5,1,1140100,'Retenciones de IIBB Salta','Activo',NULL,1,2,1,0,0,1,NULL);
INSERT INTO `conta_plan_cuenta` VALUES (269,NULL,1140126,5,1,1140100,'Retenciones de IIBB San Juan','Activo',NULL,1,2,1,0,0,1,NULL),(270,NULL,1140127,5,1,1140100,'Retenciones de IIBB San Luis','Activo',NULL,1,2,1,0,0,1,NULL),(271,NULL,1140128,5,1,1140100,'Retenciones de IIBB Santa Cruz','Activo',NULL,1,2,1,0,0,1,NULL),(272,NULL,1140129,5,1,1140100,'Retenciones de IIBB Santa Fe','Activo',NULL,1,2,1,0,0,1,NULL),(273,NULL,1140130,5,1,1140100,'Retenciones de IIBB Santiago del Estero','Activo',NULL,1,2,1,0,0,1,NULL),(274,NULL,1140131,5,1,1140100,'Retenciones de IIBB Tierra del Fuego','Activo',NULL,1,2,1,0,0,1,NULL),(275,NULL,1140132,5,1,1140100,'Retenciones de IIBB Tucuman','Activo',NULL,1,2,1,0,0,1,NULL),(276,NULL,5140168,5,1,5140100,'SIRCREB Buenos Aires','Result. Negativo',NULL,1,2,0,0,0,1,NULL),(277,NULL,5140139,5,1,5140100,'SIRCREB Capital Federal','Result. Negativo',NULL,1,2,0,0,0,1,NULL),(278,NULL,5140140,5,1,5140100,'SIRCREB Catamarca','Result. Negativo',NULL,1,2,0,0,0,1,NULL),(279,NULL,5140141,5,1,5140100,'SIRCREB Chaco','Result. Negativo',NULL,1,2,0,0,0,1,NULL),(280,NULL,5140142,5,1,5140100,'SIRCREB Chubut','Result. Negativo',NULL,1,2,0,0,0,1,NULL),(281,NULL,5140143,5,1,5140100,'SIRCREB Córdoba','Result. Negativo',NULL,1,2,0,0,0,1,NULL),(282,NULL,5140144,5,1,5140100,'SIRCREB Corrientes','Result. Negativo',NULL,1,2,0,0,0,1,NULL),(283,NULL,5140145,5,1,5140100,'SIRCREB Entre Ríos','Result. Negativo',NULL,1,2,0,0,0,1,NULL),(284,NULL,5140146,5,1,5140100,'SIRCREB Formosa','Result. Negativo',NULL,1,2,0,0,0,1,NULL),(285,NULL,5140147,5,1,5140100,'SIRCREB Jujuy','Result. Negativo',NULL,1,2,0,0,0,1,NULL),(286,NULL,5140148,5,1,5140100,'SIRCREB La Pampa','Result. Negativo',NULL,1,2,0,0,0,1,NULL),(287,NULL,5140149,5,1,5140100,'SIRCREB La Rioja','Result. Negativo',NULL,1,2,0,0,0,1,NULL),(288,NULL,5140150,5,1,5140100,'SIRCREB Mendoza','Result. Negativo',NULL,1,2,0,0,0,1,NULL),(289,NULL,5140151,5,1,5140100,'SIRCREB Misiones','Result. Negativo',NULL,1,2,0,0,0,1,NULL),(290,NULL,5140152,5,1,5140100,'SIRCREB Neuquén','Result. Negativo',NULL,1,2,0,0,0,1,NULL),(291,NULL,5140153,5,1,5140100,'SIRCREB Pascua Lama','Result. Negativo',NULL,1,2,0,0,0,1,NULL),(292,NULL,5140154,5,1,5140100,'SIRCREB Río Negro','Result. Negativo',NULL,1,2,0,0,0,1,NULL),(293,NULL,5140155,5,1,5140100,'SIRCREB Salta','Result. Negativo',NULL,1,2,0,0,0,1,NULL),(294,NULL,5140156,5,1,5140100,'SIRCREB San Juan','Result. Negativo',NULL,1,2,0,0,0,1,NULL),(295,NULL,5140157,5,1,5140100,'SIRCREB San Luis','Result. Negativo',NULL,1,2,0,0,0,1,NULL),(296,NULL,5140158,5,1,5140100,'SIRCREB Santa Cruz','Result. Negativo',NULL,1,2,0,0,0,1,NULL),(297,NULL,5140159,5,1,5140100,'SIRCREB Santa Fe','Result. Negativo',NULL,1,2,0,0,0,1,NULL),(298,NULL,5140160,5,1,5140100,'SIRCREB Santiago del Estero','Result. Negativo',NULL,1,2,0,0,0,1,NULL),(299,NULL,5140161,5,1,5140100,'SIRCREB Tierra del Fuego','Result. Negativo',NULL,1,2,0,0,0,1,NULL),(300,NULL,5140162,5,1,5140100,'SIRCREB Tucuman','Result. Negativo',NULL,1,2,0,0,0,1,NULL),(301,NULL,1140326,5,1,1140300,'IIBB a Favor Buenos Aires','Activo',NULL,1,2,0,0,0,1,NULL),(302,NULL,1140302,5,1,1140300,'IIBB a Favor Capital Federal','Activo',NULL,1,2,0,0,0,1,NULL),(303,NULL,1140303,5,1,1140300,'IIBB a Favor Catamarca','Activo',NULL,1,2,0,0,0,1,NULL),(304,NULL,1140304,5,1,1140300,'IIBB a Favor Chaco','Activo',NULL,1,2,0,0,0,1,NULL),(305,NULL,1140305,5,1,1140300,'IIBB a Favor Chubut','Activo',NULL,1,2,0,0,0,1,NULL),(306,NULL,1140306,5,1,1140300,'IIBB a Favor Córdoba','Activo',NULL,1,2,0,0,0,1,NULL),(307,NULL,1140307,5,1,1140300,'IIBB a Favor Corrientes','Activo',NULL,1,2,0,0,0,1,NULL),(308,NULL,1140308,5,1,1140300,'IIBB a Favor Entre Ríos','Activo',NULL,1,2,0,0,0,1,NULL),(309,NULL,1140309,5,1,1140300,'IIBB a Favor Formosa','Activo',NULL,1,2,0,0,0,1,NULL),(310,NULL,1140310,5,1,1140300,'IIBB a Favor Jujuy','Activo',NULL,1,2,0,0,0,1,NULL),(311,NULL,1140311,5,1,1140300,'IIBB a Favor La Pampa','Activo',NULL,1,2,0,0,0,1,NULL);
INSERT INTO `conta_plan_cuenta` VALUES (312,NULL,1140312,5,1,1140300,'IIBB a Favor La Rioja','Activo',NULL,1,2,0,0,0,1,NULL),(313,NULL,1140313,5,1,1140300,'IIBB a Favor Mendoza','Activo',NULL,1,2,0,0,0,1,NULL),(314,NULL,1140314,5,1,1140300,'IIBB a Favor Misiones','Activo',NULL,1,2,0,0,0,1,NULL),(315,NULL,1140315,5,1,1140300,'IIBB a Favor Neuquén','Activo',NULL,1,2,0,0,0,1,NULL),(316,NULL,1140316,5,1,1140300,'IIBB a Favor Pascua Lama','Activo',NULL,1,2,0,0,0,1,NULL),(317,NULL,1140317,5,1,1140300,'IIBB a Favor Río Negro','Activo',NULL,1,2,0,0,0,1,NULL),(318,NULL,1140318,5,1,1140300,'IIBB a Favor Salta','Activo',NULL,1,2,0,0,0,1,NULL),(319,NULL,1140319,5,1,1140300,'IIBB a Favor San Juan','Activo',NULL,1,2,0,0,0,1,NULL),(320,NULL,1140320,5,1,1140300,'IIBB a Favor San Luis','Activo',NULL,1,2,0,0,0,1,NULL),(321,NULL,1140321,5,1,1140300,'IIBB a Favor Santa Cruz','Activo',NULL,1,2,0,0,0,1,NULL),(322,NULL,1140322,5,1,1140300,'IIBB a Favor Santa Fe','Activo',NULL,1,2,0,0,0,1,NULL),(323,NULL,1140323,5,1,1140300,'IIBB a Favor Santiago del Estero','Activo',NULL,1,2,0,0,0,1,NULL),(324,NULL,1140324,5,1,1140300,'IIBB a Favor Tierra del Fuego','Activo',NULL,1,2,0,0,0,1,NULL),(325,NULL,1140325,5,1,1140300,'IIBB a Favor Tucuman','Activo',NULL,1,2,0,0,0,1,NULL),(326,NULL,2110317,5,2,2110300,'IIBB a Pagar Buenos Aires','Pasivo',NULL,1,2,0,0,0,1,NULL),(327,NULL,2110318,5,2,2110300,'IIBB a Pagar Capital Federal','Pasivo',NULL,1,2,0,0,0,1,NULL),(328,NULL,2110319,5,2,2110300,'IIBB a Pagar Catamarca','Pasivo',NULL,1,2,0,0,0,1,NULL),(329,NULL,2110320,5,2,2110300,'IIBB a Pagar Chaco','Pasivo',NULL,1,2,0,0,0,1,NULL),(330,NULL,2110321,5,2,2110300,'IIBB a Pagar Chubut','Pasivo',NULL,1,2,0,0,0,1,NULL),(331,NULL,2110322,5,2,2110300,'IIBB a Pagar Córdoba','Pasivo',NULL,1,2,0,0,0,1,NULL),(332,NULL,2110323,5,2,2110300,'IIBB a Pagar Corrientes','Pasivo',NULL,1,2,0,0,0,1,NULL),(333,NULL,2110324,5,2,2110300,'IIBB a Pagar Entre Ríos','Pasivo',NULL,1,2,0,0,0,1,NULL),(334,NULL,2110325,5,2,2110300,'IIBB a Pagar Formosa','Pasivo',NULL,1,2,0,0,0,1,NULL),(335,NULL,2110326,5,2,2110300,'IIBB a Pagar Jujuy','Pasivo',NULL,1,2,0,0,0,1,NULL),(336,NULL,2110327,5,2,2110300,'IIBB a Pagar La Pampa','Pasivo',NULL,1,2,0,0,0,1,NULL),(337,NULL,2110328,5,2,2110300,'IIBB a Pagar La Rioja','Pasivo',NULL,1,2,0,0,0,1,NULL),(338,NULL,2110329,5,2,2110300,'IIBB a Pagar Mendoza','Pasivo',NULL,1,2,0,0,0,1,NULL),(339,NULL,2110330,5,2,2110300,'IIBB a Pagar Misiones','Pasivo',NULL,1,2,0,0,0,1,NULL),(340,NULL,2110331,5,2,2110300,'IIBB a Pagar Neuquén','Pasivo',NULL,1,2,0,0,0,1,NULL),(341,NULL,2110332,5,2,2110300,'IIBB a Pagar Pascua Lama','Pasivo',NULL,1,2,0,0,0,1,NULL),(342,NULL,2110333,5,2,2110300,'IIBB a Pagar Río Negro','Pasivo',NULL,1,2,0,0,0,1,NULL),(343,NULL,2110334,5,2,2110300,'IIBB a Pagar Salta','Pasivo',NULL,1,2,0,0,0,1,NULL),(344,NULL,2110335,5,2,2110300,'IIBB a Pagar San Juan','Pasivo',NULL,1,2,0,0,0,1,NULL),(345,NULL,2110336,5,2,2110300,'IIBB a Pagar San Luis','Pasivo',NULL,1,2,0,0,0,1,NULL),(346,NULL,2110337,5,2,2110300,'IIBB a Pagar Santa Cruz','Pasivo',NULL,1,2,0,0,0,1,NULL),(347,NULL,2110338,5,2,2110300,'IIBB a Pagar Santa Fe','Pasivo',NULL,1,2,0,0,0,1,NULL),(348,NULL,2110339,5,2,2110300,'IIBB a Pagar Santiago del Estero','Pasivo',NULL,1,2,0,0,0,1,NULL),(349,NULL,2110340,5,2,2110300,'IIBB a Pagar Tierra del Fuego','Pasivo',NULL,1,2,0,0,0,1,NULL),(350,NULL,2110341,5,2,2110300,'IIBB a Pagar Tucuman','Pasivo',NULL,1,2,0,0,0,1,NULL),(351,NULL,6110101,5,1,6110100,'BANCO SIRCREB','Movimiento',NULL,1,2,0,0,1,1,NULL),(352,NULL,6110102,5,1,6110100,'Compensacion','Movimiento',NULL,1,2,0,0,0,1,NULL),(353,NULL,1140327,5,1,1140300,'IVA Saldo Tecnico','Activo',NULL,1,2,0,0,0,1,NULL),(354,NULL,1140328,5,1,1140300,'IVA Saldo Libre Disponibilidad','Activo',NULL,1,2,0,0,0,1,NULL),(355,NULL,6000000,1,1,0,'Movimiento','Movimiento',NULL,1,1,0,0,0,0,NULL),(356,NULL,6100000,2,1,6000000,'Movimiento','Movimiento',NULL,1,1,0,0,0,0,NULL),(357,NULL,6110000,3,1,6100000,'Movimiento','Movimiento',NULL,1,1,0,0,0,0,NULL);
INSERT INTO `conta_plan_cuenta` VALUES (358,NULL,4110000,3,2,4100000,'Ingresos Operativos','Result. Positivo',NULL,1,1,0,0,0,0,NULL),(359,NULL,1110120,5,1,1110100,'Caja en Pesos','Activo',NULL,1,2,1,1,1,0,NULL),(360,NULL,1140211,5,1,1140200,'Retenciones Bancarias de Ganancias a Favor','Activo',NULL,1,2,0,0,1,1,NULL),(361,NULL,1220104,5,1,1220100,'Equipos de Computación','Activo',NULL,1,1,0,0,0,1,NULL),(362,NULL,1220105,5,1,1220100,'Computadoras','Activo',NULL,1,1,0,0,0,1,NULL),(363,NULL,1220304,5,1,1220300,'Muebles y Utiles','Activo',NULL,1,1,0,0,0,1,NULL),(364,NULL,2110105,5,2,2110100,'Anticipo de Clientes','Pasivo',NULL,1,2,0,0,1,1,NULL),(365,NULL,2110401,5,2,2110400,'Provision Honorarios','Pasivo',NULL,1,1,0,0,0,1,NULL),(366,NULL,2110106,5,2,2110100,'Cta. Cte Directores','Pasivo',NULL,1,1,0,0,0,1,NULL),(367,NULL,2110107,5,2,2110100,'Provisión Honorarios Directores','Pasivo',NULL,1,1,0,0,0,1,NULL),(368,NULL,2110110,5,2,2110100,'Cuenta Particular Socio 1','Pasivo',NULL,1,1,0,0,0,1,NULL),(369,NULL,3110104,5,2,3110100,'Capital','Patrimonio Neto',NULL,1,1,0,0,0,1,NULL),(370,NULL,1120000,3,1,1100000,'INVERSIONES','Activo',NULL,1,1,0,0,0,0,NULL),(371,NULL,1160000,3,1,1100000,'OTROS ACTIVOS','Activo',NULL,1,1,0,0,0,0,NULL),(372,NULL,1160100,4,1,1160000,'OTROS','Activo',NULL,1,1,0,0,0,0,NULL),(373,NULL,2110400,4,2,2110000,'Provision de Honorarios','Pasivo',NULL,1,1,0,0,0,0,NULL),(374,NULL,3410100,4,1,3410000,'RESULTADOS ACUMULADOS','Patrimonio Neto',NULL,1,1,0,0,0,0,NULL),(375,NULL,3420000,3,1,3400000,'GANACIAS RESERVADAS','Patrimonio Neto',NULL,1,1,0,0,0,0,NULL),(376,NULL,3420100,4,1,3420000,'Rerva Legal','Patrimonio Neto',NULL,1,1,0,0,0,0,NULL),(377,NULL,1220400,4,1,1220000,'INMUEBLES','Activo',NULL,1,1,0,0,0,0,NULL),(378,NULL,1220500,4,1,1220000,'RODADOS','Activo',NULL,1,1,0,0,0,0,NULL),(379,NULL,1220600,4,1,1220000,'MAQUINARIAS','Activo',NULL,1,1,0,0,0,0,NULL),(380,NULL,1220204,5,1,1220200,'Instalaciones','Activo',NULL,1,1,0,0,0,1,NULL),(381,NULL,3420101,5,2,3420100,'Reserva Legal','Patrimonio Neto',NULL,1,1,0,0,0,1,NULL),(382,NULL,3420102,5,2,3420100,'Reserva Legal','Patrimonio Neto',NULL,1,1,0,0,0,1,NULL),(383,NULL,3410105,5,2,3410100,'Resultado no asignado','Patrimonio Neto',NULL,1,1,0,0,0,1,NULL),(384,NULL,1110121,5,1,1110100,'Caja en Dolares','Activo',NULL,1,2,1,1,1,0,NULL),(385,NULL,1120100,4,1,1120000,'TEMPORARIAS','Activo',NULL,1,1,0,0,0,0,NULL),(386,NULL,1120101,5,1,1120100,'PLAZO FIJO','Activo',NULL,1,1,0,0,0,1,NULL),(387,NULL,1120200,4,1,1120000,'PERMANENTES','Activo',NULL,1,1,0,0,0,0,NULL),(388,NULL,1120201,5,1,1120200,'ACCIONES','Activo',NULL,1,1,0,0,0,1,NULL),(389,NULL,1220401,5,1,1220400,'Inmuebles','Activo',NULL,1,1,0,0,0,1,NULL),(390,NULL,1220501,5,1,1220500,'Vehiculos','Activo',NULL,1,1,0,0,0,1,NULL),(391,NULL,1220601,5,1,1220600,'Maquinarias','Activo',NULL,1,1,0,0,0,1,NULL),(392,NULL,1150401,5,1,1150400,'MERCADERIAS','Activo',NULL,1,1,0,0,0,1,NULL),(393,NULL,1160101,5,1,1160100,'OTROS','Activo',NULL,1,1,0,0,0,1,NULL),(394,NULL,1230100,4,1,1230000,'INTANGIBLES','Activo',NULL,1,1,0,0,0,0,NULL),(395,NULL,2110119,5,2,2110100,'Cuenta Particular Socio 2','Pasivo',NULL,1,1,0,0,0,1,NULL),(396,NULL,5120160,5,1,5120100,'Comisiones Y gastos Bancarios','Result. Negativo',NULL,1,1,0,0,0,1,NULL),(397,NULL,4110100,4,2,4110000,'Ingresos Operativos','Result. Positivo',NULL,1,1,0,0,0,0,NULL),(398,NULL,4120100,4,2,4120000,'OTROS INGRESOS','Result. Positivo',NULL,1,1,0,0,0,0,NULL),(399,NULL,5110000,3,1,5100000,'GASTOS ORDINARIOS','Result. Negativo',NULL,1,1,0,0,0,0,NULL),(400,NULL,5120000,3,1,5100000,'GASTOS DE OPERACION','Result. Negativo',NULL,1,1,0,0,0,0,NULL),(401,NULL,5130000,3,1,5100000,'GASTOS DE OPERACION','Result. Negativo',NULL,1,1,0,0,0,0,NULL),(402,NULL,5140000,3,1,5100000,'GASTOS DE OPERACION','Result. Negativo',NULL,1,1,0,0,0,0,NULL),(403,NULL,5210000,3,1,5200000,'GASTOS EXTRAORDINARIOS','Result. Negativo',NULL,1,1,0,0,0,0,NULL),(404,NULL,5210100,4,1,5210000,'GASTOS EXTRAORDINARIOS','Result. Negativo',NULL,1,1,0,0,0,0,NULL);
INSERT INTO `conta_plan_cuenta` VALUES (405,NULL,6110100,4,1,6110000,'Movimiento','Movimiento',NULL,1,1,0,0,0,0,NULL),(406,NULL,1130100,4,1,1130000,'Operaciones Ordinarias','Activo',NULL,1,1,0,0,0,0,NULL),(407,NULL,3110000,3,2,3100000,'CAPITAL SOCIAL','Patrimonio Neto',NULL,1,1,0,0,0,0,NULL),(408,NULL,3410000,3,2,3400000,'RESULTADOS ANTERIORES','Patrimonio Neto',NULL,1,1,0,0,0,0,NULL),(409,NULL,5110101,5,2,5110000,'IVA Crédito Fiscal No computable','Result. Negativo',NULL,1,2,0,0,1,1,NULL),(410,NULL,1110203,5,1,1110200,'Banco ICBC Cta. Cte.','Activo',NULL,1,2,1,1,1,0,NULL),(411,NULL,2110342,5,2,2110300,'Provisión Impuesto a las Ganancias','Pasivo',NULL,1,1,0,0,0,1,NULL),(412,NULL,5120107,5,2,5120000,'Amortización Muebles y Útiles','Result. Negativo',NULL,1,1,0,0,0,1,NULL),(413,NULL,5120102,5,2,5120000,'Amortización Equipos','Result. Negativo',NULL,1,1,0,0,0,1,NULL),(414,NULL,1220109,5,1,1220100,'Amortizacion Acumulada Equipos','Activo',NULL,1,1,0,0,0,1,NULL),(415,NULL,1220602,5,1,1220600,'Amortización Acumulada Maquinarias','Activo',NULL,1,1,0,0,0,1,NULL),(416,NULL,1160102,5,1,1160100,'Materias Primas','Activo',NULL,1,1,0,0,0,1,NULL),(417,NULL,1110204,5,1,1110200,'Banco Itaú Cta. Cte.','Activo',NULL,1,2,1,1,1,0,NULL),(418,NULL,2110113,5,2,2110100,'Deudas Bancarias','Pasivo',NULL,1,2,0,1,1,1,NULL),(419,NULL,1220502,5,1,1220500,'Rodados','Activo',NULL,1,1,0,0,0,1,NULL),(420,NULL,1220503,5,1,1220500,'Amortización Acumulada Rodados','Activo',NULL,1,1,0,0,0,1,NULL),(421,NULL,5120105,5,2,5120000,'Amortización Rodados','Result. Negativo',NULL,1,1,0,0,0,1,NULL),(422,NULL,5120109,5,2,5120000,'Amortización Maquinarias','Result. Negativo',NULL,1,1,0,0,0,1,NULL),(423,NULL,1220504,5,1,1220500,'Accesorios','Activo',NULL,1,1,0,0,0,1,NULL),(424,NULL,1220505,5,1,1220500,'Amortización Acumulada Accesorios','Activo',NULL,1,1,0,0,0,1,NULL),(425,NULL,1110205,5,1,1110200,'Banco Galicia Cta. Cte.','Activo',NULL,1,2,1,1,1,0,NULL),(426,NULL,3420101,5,2,3420000,'Reserva Facultativa','Patrimonio Neto',NULL,1,1,0,0,0,1,NULL),(427,NULL,1140212,5,1,1140200,'Créditos por Impuestos Diferidos','Activo',NULL,1,1,0,0,0,1,NULL),(428,NULL,1160103,5,1,1160100,'Fondo de Comercio','Activo',NULL,1,1,0,0,0,1,NULL),(429,NULL,1160104,5,1,1160100,'Amortizacion Acumulada Fondo de Comercio','Activo',NULL,1,1,0,0,0,1,NULL),(430,NULL,1140213,5,1,1140200,'Intereses a devengar AGIP','Activo',NULL,1,1,0,0,0,1,NULL),(431,NULL,2110343,5,2,2110300,'PFP IIBB','Pasivo',NULL,1,1,0,0,0,1,NULL),(432,NULL,1140330,5,1,1140300,'Pago a Cuenta ITC','Activo',NULL,1,2,0,0,0,1,NULL),(433,NULL,2110114,5,2,2110100,'Préstamo','Pasivo',NULL,1,2,0,1,1,1,NULL),(434,NULL,1160106,5,1,1160100,'Productos','Activo',NULL,1,1,0,0,0,1,NULL),(435,NULL,2110345,5,2,2110300,'Intereses a devengar PFP','Pasivo',NULL,1,1,0,0,0,1,NULL),(436,NULL,1110206,5,1,1110200,'Banco Provincia Cta. Cte.','Activo',NULL,1,2,1,1,1,0,NULL),(437,NULL,1140215,5,1,1140200,'Imp. Ley 25413 Cred 0.6%','Activo',NULL,1,1,0,0,0,1,NULL),(438,NULL,2110402,5,2,2110400,'Honorarios Directorio a Pagar','Pasivo',NULL,1,1,0,0,0,1,NULL),(439,NULL,3110101,5,2,3110100,'Reserva para Futuras Inversiones','Patrimonio Neto',NULL,1,1,0,0,0,1,NULL),(440,NULL,1130106,5,1,1130100,'TEAC - Trabajos Ejecutados a Certificar','Activo',NULL,1,1,0,0,0,1,NULL),(441,NULL,2110115,5,2,2110100,'Leasing','Pasivo',NULL,1,2,0,1,1,1,NULL),(442,NULL,1110207,5,1,1110200,'Banco Comafi Cta. Cte','Activo',NULL,1,2,1,1,1,0,NULL),(443,NULL,2110500,4,2,2110000,'Deudas Financieras','Pasivo',NULL,1,1,0,0,0,0,NULL),(444,NULL,2110501,5,2,2110500,'Banco Santander Rio Cta Cte','Pasivo',NULL,1,1,0,0,0,1,NULL),(446,NULL,2210000,3,2,2200000,'Deudas','Pasivo',NULL,1,1,0,0,0,0,NULL),(447,NULL,2210100,4,2,2210000,'Otras Deudas','Pasivo',NULL,1,1,0,0,0,0,NULL),(448,NULL,2210101,5,2,2210100,'Planes de Pagos AFIP','Pasivo',NULL,1,2,0,1,1,1,NULL),(449,NULL,2110502,5,2,2110500,'Leasing','Pasivo',NULL,1,1,0,0,0,1,NULL),(450,NULL,6110101,5,1,6110000,'Cheques Rechazados','Movimiento',NULL,1,2,0,0,1,1,NULL);
INSERT INTO `conta_plan_cuenta` VALUES (451,NULL,1110208,5,1,1110200,'Banco Patagonia Taxes Software','Activo',NULL,1,2,1,1,1,0,NULL),(452,NULL,1110209,5,1,1110200,'Banco Macro Cta. Cte.','Activo',NULL,1,2,1,1,1,0,NULL),(453,NULL,1120202,5,1,1120200,'Inversión Central Caribe','Activo',NULL,1,1,0,0,0,1,NULL),(454,NULL,1120102,5,1,1120100,'Otras Inversiones','Activo',NULL,1,1,0,0,0,1,NULL),(455,NULL,1140216,5,1,1140200,'Otros Créditos','Activo',NULL,1,1,0,0,0,1,NULL),(456,NULL,2110403,5,2,2110400,'Provisión Honorarios Socio Gerente','Pasivo',NULL,1,1,0,0,0,1,NULL),(457,NULL,1110210,5,1,1110200,'Cheque Diferido Banco Santander Rio','Activo',NULL,1,2,1,1,1,0,NULL),(458,NULL,1110211,5,1,1110200,'Cheque Diferido Banco Macro','Activo',NULL,1,2,1,1,1,0,NULL),(459,NULL,2110204,5,2,2110200,'Moratoria SUSS a pagar','Pasivo',NULL,1,1,0,0,0,1,NULL),(460,NULL,2110344,5,2,2110300,'Impuestos Municipales a Pagar','Pasivo',NULL,1,1,0,0,0,1,NULL),(461,NULL,5110103,5,2,5110000,'Amortización Instalaciones','Result. Negativo',NULL,1,1,0,0,0,1,NULL),(462,NULL,5120110,5,2,5120000,'Amortización Equipos de comput.','Result. Negativo',NULL,1,1,0,0,0,1,NULL),(463,NULL,2110118,5,2,2110100,'Cuenta Particular Socio 3','Pasivo',NULL,1,1,0,0,0,1,NULL),(464,NULL,2110120,5,2,2110100,'Cuenta Particular Socio 4','Pasivo',NULL,1,1,0,0,0,1,NULL),(465,NULL,3110102,5,2,3110100,'Otras Reservas','Patrimonio Neto',NULL,1,1,0,0,0,1,NULL),(466,NULL,1140331,5,1,1140300,'IGMP (Saldo a Favor)','Activo',NULL,1,1,0,0,0,1,NULL),(467,NULL,5110104,5,2,5110000,'Interés','Result. Negativo',NULL,1,2,0,0,1,1,NULL),(468,NULL,1150402,5,1,1150400,'Productos en Proceso','Activo',NULL,1,1,0,0,0,1,NULL),(469,NULL,2110205,5,2,2110200,'Depósitos en Garantía Socio Gerente','Pasivo',NULL,1,1,0,0,0,1,NULL),(470,NULL,2110346,5,2,2110300,'Fondos Embargados','Pasivo',NULL,1,1,0,0,0,1,NULL),(471,NULL,2110347,5,2,2110300,'Cuota Solid.','Pasivo',NULL,1,1,0,0,0,1,NULL),(472,NULL,1140332,5,1,1140300,'Anticipo Honorarios Directores','Activo',NULL,1,1,0,0,0,1,NULL),(473,NULL,2110348,5,2,2110300,'SICORE a Pagar','Pasivo',NULL,1,1,0,0,0,1,NULL),(474,NULL,1110212,5,1,1110200,'Banco Credicoop Cta. Cte.','Activo',NULL,1,2,1,1,1,0,NULL),(475,NULL,1110213,5,1,1110200,'Banco Superville Cta. Cte.','Activo',NULL,1,2,1,1,1,0,NULL),(476,NULL,5110105,5,2,5110000,'RECPAM','Result. Negativo',NULL,1,2,0,0,0,1,NULL),(477,NULL,1110125,5,1,1110100,'Caja Reales','Activo',NULL,1,2,1,1,1,0,NULL),(478,NULL,5140169,5,1,5140100,'CO2 - Imp. Al Carbono','Result. Negativo',NULL,1,2,0,0,0,1,NULL),(479,NULL,1140300,4,1,1140000,'Anticipo de Impuestos','Activo',NULL,1,1,0,0,0,0,NULL),(480,NULL,2110600,4,2,2110000,'Retenciones Efectuadas','Pasivo',NULL,1,1,0,0,0,0,NULL),(481,906,5120111,5,2,5120000,'Gastos de Combustible','Result. Negativo',NULL,1,1,0,0,0,0,NULL),(482,NULL,4200000,2,2,4000000,'INGRESOS EXTRAORDINARIOS','Result. Positivo',NULL,1,1,0,0,0,0,NULL);

--
-- Table structure for table `conta_tipo_asientos`
--

CREATE TABLE `conta_tipo_asientos` (
  `id` int(10) unsigned NOT NULL AUTO_INCREMENT,
  `nombre` varchar(255) COLLATE utf8mb4_unicode_ci DEFAULT NULL,
  `created_at` timestamp NULL DEFAULT NULL,
  `updated_at` timestamp NULL DEFAULT NULL,
  `deleted_at` timestamp NULL DEFAULT NULL,
  `orden` int(11) DEFAULT NULL,
  PRIMARY KEY (`id`)
) ENGINE=InnoDB AUTO_INCREMENT=24 DEFAULT CHARSET=utf8mb4 COLLATE=utf8mb4_unicode_ci;

--
-- Dumping data for table `conta_tipo_asientos`
--

INSERT INTO `conta_tipo_asientos` VALUES (1,'Sueldos',NULL,NULL,NULL,11),(2,'Ingresos',NULL,NULL,NULL,9),(3,'Egresos',NULL,NULL,NULL,10),(4,'Amortizaciones',NULL,NULL,NULL,4),(5,'Banco',NULL,NULL,NULL,15),(6,'Ganancias',NULL,NULL,NULL,12),(7,'Retenciones',NULL,NULL,NULL,13),(8,'SIRCREB',NULL,NULL,NULL,14),(9,'Compensaciones',NULL,NULL,NULL,16),(10,'Pagos AFIP',NULL,NULL,NULL,17),(11,'Ajustes',NULL,NULL,NULL,3),(12,'Saldos Iniciales',NULL,NULL,NULL,1),(13,'Cancelacion de Iniciales',NULL,NULL,NULL,2),(14,'Patrimonio Neto',NULL,NULL,NULL,8),(15,'Liquidaciones IVA',NULL,NULL,NULL,18),(16,'Liquidacion IIBB',NULL,NULL,NULL,19),(17,'Asientos de Cierre',NULL,NULL,NULL,5),(18,'Reclasificacion',NULL,NULL,NULL,6),(19,'Otros',NULL,NULL,NULL,7),(20,'Cobranzas','2019-10-02 03:20:37','2019-10-02 03:20:37',NULL,NULL),(21,'Pagos','2019-10-02 03:20:37','2019-10-02 03:20:37',NULL,NULL),(22,'Tesoreria','2019-10-19 02:10:24','2019-10-19 02:10:24',NULL,NULL),(23,'Ajuste por Inflacion','2020-03-01 06:39:20','2020-03-01 06:39:20',NULL,NULL);

--
-- Table structure for table `conta_tipo_cuentas`
--

CREATE TABLE `conta_tipo_cuentas` (
  `id` int(10) unsigned NOT NULL AUTO_INCREMENT,
  `tipo_cuenta` varchar(255) COLLATE utf8mb4_unicode_ci DEFAULT NULL,
  `created_at` timestamp NULL DEFAULT NULL,
  `updated_at` timestamp NULL DEFAULT NULL,
  `deleted_at` timestamp NULL DEFAULT NULL,
  PRIMARY KEY (`id`)
) ENGINE=InnoDB AUTO_INCREMENT=6 DEFAULT CHARSET=utf8mb4 COLLATE=utf8mb4_unicode_ci;

--
-- Dumping data for table `conta_tipo_cuentas`
--

INSERT INTO `conta_tipo_cuentas` VALUES (1,'Rubro',NULL,NULL,NULL),(2,'SubRubro',NULL,NULL,NULL),(3,'Grupo',NULL,NULL,NULL),(4,'SubGrupo',NULL,NULL,NULL),(5,'Cuenta',NULL,NULL,NULL);

--
-- Table structure for table `conta_tipo_saldos`
--

CREATE TABLE `conta_tipo_saldos` (
  `id` int(10) unsigned NOT NULL AUTO_INCREMENT,
  `saldo` varchar(255) COLLATE utf8mb4_unicode_ci DEFAULT NULL,
  `created_at` timestamp NULL DEFAULT NULL,
  `updated_at` timestamp NULL DEFAULT NULL,
  `deleted_at` timestamp NULL DEFAULT NULL,
  PRIMARY KEY (`id`)
) ENGINE=InnoDB AUTO_INCREMENT=3 DEFAULT CHARSET=utf8mb4 COLLATE=utf8mb4_unicode_ci;

--
-- Dumping data for table `conta_tipo_saldos`
--

INSERT INTO `conta_tipo_saldos` VALUES (1,'Deudor',NULL,NULL,NULL),(2,'Acreedor',NULL,NULL,NULL);

--
-- Table structure for table `control_cuits_afip`
--

CREATE TABLE `control_cuits_afip` (
  `id` int(10) unsigned NOT NULL AUTO_INCREMENT,
  `user_id` int(10) unsigned DEFAULT NULL,
  `person_id` int(10) unsigned NOT NULL,
  `field_name1` varchar(191) COLLATE utf8mb4_unicode_ci DEFAULT NULL,
  `cuit` varchar(191) COLLATE utf8mb4_unicode_ci DEFAULT NULL,
  `error` varchar(191) COLLATE utf8mb4_unicode_ci DEFAULT NULL,
  `created_at` timestamp NULL DEFAULT NULL,
  `updated_at` timestamp NULL DEFAULT NULL,
  `deleted_at` timestamp NULL DEFAULT NULL,
  PRIMARY KEY (`id`),
  KEY `control_cuits_afip_person_id_foreign` (`person_id`),
  CONSTRAINT `control_cuits_afip_person_id_foreign` FOREIGN KEY (`person_id`) REFERENCES `persons` (`id`)
) ENGINE=InnoDB DEFAULT CHARSET=utf8mb4 COLLATE=utf8mb4_unicode_ci;

--
-- Dumping data for table `control_cuits_afip`
--


--
-- Table structure for table `control_general`
--

CREATE TABLE `control_general` (
  `id` int(10) unsigned NOT NULL AUTO_INCREMENT,
  `description` varchar(180) COLLATE utf8mb4_unicode_ci NOT NULL,
  `class` int(10) unsigned NOT NULL,
  `class_description` varchar(180) COLLATE utf8mb4_unicode_ci NOT NULL,
  `path` varchar(255) COLLATE utf8mb4_unicode_ci DEFAULT NULL,
  `created_at` timestamp NULL DEFAULT NULL,
  `updated_at` timestamp NULL DEFAULT NULL,
  PRIMARY KEY (`id`),
  UNIQUE KEY `control_general_description_unique` (`description`)
) ENGINE=InnoDB AUTO_INCREMENT=6 DEFAULT CHARSET=utf8mb4 COLLATE=utf8mb4_unicode_ci;

--
-- Dumping data for table `control_general`
--

INSERT INTO `control_general` VALUES (1,'Ingresos - Egresos - Resultado',1,'Proyeccion Ganancias','control_general/proyecGanancias',NULL,NULL),(2,'IVA',2,'IVA','control_general/iva',NULL,NULL),(3,'IIBB',3,'IIBB','control_general/iibb',NULL,NULL),(4,'Por Mes',4,'Vto. Impuestos','control_general/vto',NULL,NULL),(5,'Por Impuesto',4,'Vto. Impuestos','control_general/vtoPorImpuestos',NULL,NULL);

--
-- Table structure for table `cta_cte_cliente`
--

CREATE TABLE `cta_cte_cliente` (
  `id` int(10) unsigned NOT NULL AUTO_INCREMENT,
  `user_id` int(10) unsigned DEFAULT NULL,
  `tipo_asiento_id` int(10) unsigned NOT NULL,
  `person_id` int(10) unsigned NOT NULL,
  `person_id_relationed` int(10) unsigned NOT NULL,
  `cta_cte_tesoreria_cuenta_id` int(10) unsigned DEFAULT NULL,
  `period_id` int(10) unsigned NOT NULL,
  `saldo_id` int(10) unsigned NOT NULL,
  `compensado` tinyint(1) NOT NULL DEFAULT '0',
  `fecha` date DEFAULT NULL,
  `total` decimal(16,2) NOT NULL,
  `comentario` varchar(191) COLLATE utf8mb4_unicode_ci DEFAULT NULL,
  `file` varchar(191) COLLATE utf8mb4_unicode_ci DEFAULT NULL,
  `created_at` timestamp NULL DEFAULT NULL,
  `updated_at` timestamp NULL DEFAULT NULL,
  `deleted_at` timestamp NULL DEFAULT NULL,
  PRIMARY KEY (`id`),
  KEY `cta_cte_cliente_person_id_foreign` (`person_id`),
  KEY `cta_cte_cliente_person_id_relationed_foreign` (`person_id_relationed`),
  KEY `cta_cte_cliente_period_id_foreign` (`period_id`),
  KEY `cta_cte_cliente_saldo_id_foreign` (`saldo_id`),
  KEY `cta_cte_cliente_tipo_asiento_id_foreign` (`tipo_asiento_id`),
  KEY `cta_cte_cliente_cta_cte_tesoreria_cuenta_id_foreign` (`cta_cte_tesoreria_cuenta_id`),
  CONSTRAINT `cta_cte_cliente_cta_cte_tesoreria_cuenta_id_foreign` FOREIGN KEY (`cta_cte_tesoreria_cuenta_id`) REFERENCES `cta_cte_tesoreria_cuentas` (`id`),
  CONSTRAINT `cta_cte_cliente_period_id_foreign` FOREIGN KEY (`period_id`) REFERENCES `periods` (`id`),
  CONSTRAINT `cta_cte_cliente_person_id_foreign` FOREIGN KEY (`person_id`) REFERENCES `persons` (`id`),
  CONSTRAINT `cta_cte_cliente_person_id_relationed_foreign` FOREIGN KEY (`person_id_relationed`) REFERENCES `persons` (`id`),
  CONSTRAINT `cta_cte_cliente_saldo_id_foreign` FOREIGN KEY (`saldo_id`) REFERENCES `conta_tipo_saldos` (`id`),
  CONSTRAINT `cta_cte_cliente_tipo_asiento_id_foreign` FOREIGN KEY (`tipo_asiento_id`) REFERENCES `conta_tipo_asientos` (`id`)
) ENGINE=InnoDB AUTO_INCREMENT=4089 DEFAULT CHARSET=utf8mb4 COLLATE=utf8mb4_unicode_ci;

--
-- Dumping data for table `cta_cte_cliente`
--

INSERT INTO `cta_cte_cliente` VALUES (1,906,2,40720,40721,13,31792,1,0,'2020-08-06',134552.00,'Factura A N°: 0002-00000039',NULL,'2020-09-20 04:53:09','2020-09-20 04:53:09',NULL),(2,906,2,40720,40722,13,31792,1,0,'2020-08-06',46129.00,'Factura A N°: 0002-00000040',NULL,'2020-09-20 04:53:09','2020-09-20 04:53:09',NULL),(3,906,3,40720,40723,57,31792,2,0,'2020-08-06',7990.00,'Factura B N°: 0004-00001888',NULL,'2020-09-20 05:00:06','2020-09-20 05:00:06',NULL),(4,906,3,40720,40724,57,31792,2,0,'2020-08-15',402.25,'Factura B N°: 0629-09250945',NULL,'2020-09-20 05:00:06','2020-09-20 05:00:06',NULL),(5,906,3,40720,40725,57,31792,2,0,'2020-08-15',416.25,'Factura B N°: 0711-05992999',NULL,'2020-09-20 05:00:06','2020-09-20 05:00:06',NULL),(6,906,3,40720,40726,57,31792,2,0,'2020-08-15',850.00,'Factura A N°: 0007-00000063',NULL,'2020-09-20 05:00:06','2020-09-20 05:00:06',NULL),(7,906,3,40720,40727,57,31792,2,0,'2020-08-19',1039.00,'Factura B N°: 5015-00053677',NULL,'2020-09-20 05:00:06','2020-09-20 05:00:06',NULL),(8,906,3,40720,40726,57,31792,2,0,'2020-08-22',3700.00,'Factura A N°: 0007-00000081',NULL,'2020-09-20 05:00:06','2020-09-20 05:00:06',NULL),(9,906,3,40720,40726,57,31792,2,0,'2020-08-25',7000.00,'Factura A N°: 0007-00000090',NULL,'2020-09-20 05:00:06','2020-09-20 05:00:06',NULL),(10,906,3,40720,40728,57,31792,2,0,'2020-08-02',9139.57,'Tique Factura A N°: 0027-00024575',NULL,'2020-09-21 10:57:03','2020-09-21 22:32:03','2020-09-21 22:32:03'),(11,906,3,40720,40728,57,31792,2,0,'2020-08-09',6570.83,'Tique Factura A N°: 0027-00024655',NULL,'2020-09-21 10:59:08','2020-09-21 22:34:18','2020-09-21 22:34:18'),(12,906,3,40720,40728,57,31792,2,0,'2020-08-17',6138.41,'Tique Factura A N°: 0027-00024795',NULL,'2020-09-21 11:00:40','2020-09-21 22:36:38','2020-09-21 22:36:38'),(13,906,3,40720,40728,57,31792,2,0,'2020-08-30',8840.27,'Tique Factura A N°: 0027-00024991',NULL,'2020-09-21 11:09:04','2020-09-21 22:42:23','2020-09-21 22:42:23'),(14,906,3,40720,40729,57,31792,2,0,'2020-08-21',3020.71,'Tique Factura A N°: 0023-00046884',NULL,'2020-09-21 11:13:45','2020-09-21 22:40:37','2020-09-21 22:40:37'),(15,906,3,40720,40730,57,31792,2,0,'2020-08-21',3010.29,'Tique Factura A N°: 0026-00003949',NULL,'2020-09-21 11:16:16','2020-09-21 11:16:16',NULL),(16,906,3,40720,40731,57,31792,2,0,'2020-08-29',5017.16,'Tique Factura A N°: 3206-00100383',NULL,'2020-09-21 11:21:42','2020-09-21 22:41:39','2020-09-21 22:41:39'),(17,906,3,40720,40728,57,31792,2,0,'2020-08-02',9139.57,'Tique Factura A N°: 0027-00024575',NULL,'2020-09-21 22:32:03','2020-09-22 01:26:35','2020-09-22 01:26:35'),(18,906,3,40720,40728,57,31792,2,0,'2020-08-09',6570.83,'Tique Factura A N°: 0027-00024655',NULL,'2020-09-21 22:34:18','2020-09-21 22:34:18',NULL),(19,906,3,40720,40728,57,31792,2,0,'2020-08-17',6138.41,'Tique Factura A N°: 0027-00024795',NULL,'2020-09-21 22:36:38','2020-09-21 22:36:38',NULL),(20,906,3,40720,40729,57,31792,2,0,'2020-08-21',3020.71,'Tique Factura A N°: 0023-00046884',NULL,'2020-09-21 22:40:37','2020-09-21 22:40:37',NULL),(21,906,3,40720,40731,57,31792,2,0,'2020-08-29',5017.16,'Tique Factura A N°: 3206-00100383',NULL,'2020-09-21 22:41:39','2020-09-21 22:41:39',NULL),(22,906,3,40720,40728,57,31792,2,0,'2020-08-30',8840.27,'Tique Factura A N°: 0027-00024991',NULL,'2020-09-21 22:42:23','2020-09-21 22:42:23',NULL),(23,906,3,40720,40728,57,31792,2,0,'2020-08-02',10139.57,'Tique Factura A N°: 0027-00024575',NULL,'2020-09-22 01:26:35','2020-09-22 01:30:21','2020-09-22 01:30:21'),(24,906,3,40720,40728,57,31792,2,0,'2020-08-02',10139.57,'Tique Factura A N°: 0027-00024575',NULL,'2020-09-22 01:30:21','2020-09-22 01:32:37','2020-09-22 01:32:37'),(25,906,3,40720,40728,57,31792,2,0,'2020-08-02',9139.57,'Tique Factura A N°: 0027-00024575',NULL,'2020-09-22 01:32:37','2020-09-22 01:32:37',NULL),(26,906,2,40720,40721,13,31793,1,0,'2020-09-09',115192.00,'Factura A N°: 0002-00000041',NULL,'2020-10-08 20:27:45','2020-10-08 20:27:45',NULL);
INSERT INTO `cta_cte_cliente` VALUES (27,906,2,40720,40722,13,31793,1,0,'2020-09-09',66429.00,'Factura A N°: 0002-00000042',NULL,'2020-10-08 20:27:45','2020-10-08 20:27:45',NULL),(28,906,3,40720,40724,57,31793,2,0,'2020-09-15',445.80,'Factura B N°: 0629-09412411',NULL,'2020-10-08 20:28:07','2020-10-08 20:28:07',NULL),(29,906,3,40720,40741,57,31793,2,0,'2020-09-15',998.02,'Factura B N°: 0004-00006870',NULL,'2020-10-08 20:28:07','2020-10-08 20:28:07',NULL),(30,906,3,40720,40725,57,31793,2,0,'2020-09-15',1905.35,'Factura B N°: 0711-06242105',NULL,'2020-10-08 20:28:07','2020-10-08 20:28:07',NULL),(31,906,3,40720,40727,57,31793,2,0,'2020-09-17',1249.00,'Factura B N°: 5015-00078055',NULL,'2020-10-08 20:28:07','2020-10-08 20:28:07',NULL),(32,906,3,40720,40742,57,31793,2,0,'2020-09-20',108.00,'Factura B N°: 0113-07507676',NULL,'2020-10-08 20:28:07','2020-10-08 20:28:07',NULL),(33,906,3,40720,40743,57,31793,2,0,'2020-09-24',31.92,'Factura B N°: 0002-03380703',NULL,'2020-10-08 20:28:07','2020-10-08 20:28:07',NULL),(34,906,2,40733,40744,13,34940,1,0,'2020-09-02',46500.00,'Factura C N°: 0003-00000051',NULL,'2020-10-12 20:22:19','2020-10-12 20:27:23','2020-10-12 20:27:23'),(35,906,2,40733,40745,13,34940,1,0,'2020-09-02',3500.00,'Factura C N°: 0003-00000052',NULL,'2020-10-12 20:22:19','2020-10-12 20:23:42','2020-10-12 20:23:42'),(36,906,3,40733,40746,57,34940,2,0,'2020-09-01',14720.81,'Factura B N°: 0010-00216809',NULL,'2020-10-12 20:22:32','2020-10-12 20:22:32',NULL),(37,906,3,40733,40747,57,34940,2,0,'2020-09-29',2671.00,'Factura B N°: 0003-00078335',NULL,'2020-10-12 20:22:32','2020-10-12 20:22:32',NULL),(38,906,2,40733,40745,13,34940,1,0,'2020-09-02',3500.00,'Factura C N°: 0003-00000052',NULL,'2020-10-12 20:23:42','2020-10-12 20:23:42',NULL),(39,906,2,40733,40744,13,34940,1,0,'2020-09-02',46500.00,'Factura C N°: 0003-00000051',NULL,'2020-10-12 20:27:23','2020-10-12 20:27:23',NULL),(40,906,2,40733,40745,13,34939,1,0,'2020-08-04',2000.00,'Factura C N°: 0003-00000048',NULL,'2020-10-12 20:46:55','2020-10-12 20:52:48','2020-10-12 20:52:48'),(41,906,2,40733,40744,13,34939,1,0,'2020-08-04',45000.00,'Factura C N°: 0003-00000049',NULL,'2020-10-12 20:46:55','2020-10-12 20:46:55',NULL),(42,906,2,40733,40745,13,34939,1,0,'2020-08-06',3000.00,'Factura C N°: 0003-00000050',NULL,'2020-10-12 20:46:55','2020-10-12 20:55:00','2020-10-12 20:55:00'),(43,906,3,40733,40746,57,34939,2,0,'2020-08-01',14720.81,'Factura B N°: 0010-00215031',NULL,'2020-10-12 20:47:13','2020-10-12 20:47:13',NULL),(44,906,2,40733,40745,13,34939,1,0,'2020-08-04',2000.00,'Factura C N°: 0003-00000048',NULL,'2020-10-12 20:52:48','2020-10-12 20:52:48',NULL),(45,906,2,40733,40745,13,34939,1,0,'2020-08-06',3000.00,'Factura C N°: 0003-00000050',NULL,'2020-10-12 20:55:00','2020-10-12 20:55:00',NULL),(46,906,2,40749,40751,13,48569,2,0,'2020-09-28',135787.59,'Nota de crédito C N°: 0002-00000002',NULL,'2020-10-17 00:06:35','2020-10-17 00:06:35',NULL),(47,906,2,40749,40751,13,48569,1,0,'2020-09-28',135787.59,'Factura C N°: 0002-00000047',NULL,'2020-10-17 00:06:35','2020-10-17 00:06:35',NULL),(48,906,2,40749,40751,13,48569,1,0,'2020-09-28',135787.59,'Factura C N°: 0002-00000048',NULL,'2020-10-17 00:06:35','2020-10-17 00:06:35',NULL),(49,906,3,40749,40724,57,48569,2,0,'2020-09-15',3944.10,'Factura B N°: 0629-09438039',NULL,'2020-10-17 00:06:49','2020-10-17 00:06:49',NULL),(50,906,3,40749,40725,57,48569,2,0,'2020-09-15',1055.05,'Factura B N°: 0711-06269588',NULL,'2020-10-17 00:06:49','2020-10-17 00:06:49',NULL),(51,906,3,40749,40727,57,48569,2,0,'2020-09-17',2537.01,'Factura B N°: 5009-00237189',NULL,'2020-10-17 00:06:49','2020-10-17 00:06:49',NULL),(52,906,3,40749,40742,57,48569,2,0,'2020-09-20',657.60,'Factura B N°: 0113-07527609',NULL,'2020-10-17 00:06:49','2020-10-17 00:06:49',NULL),(53,906,3,40749,40752,57,48569,2,0,'2020-09-22',663.90,'Factura B N°: 0050-08981949',NULL,'2020-10-17 00:06:49','2020-10-17 00:06:49',NULL);
INSERT INTO `cta_cte_cliente` VALUES (54,906,3,40749,40743,57,48569,2,0,'2020-09-24',256.54,'Factura B N°: 0002-03370379',NULL,'2020-10-17 00:06:49','2020-10-17 00:06:49',NULL),(55,906,3,40749,40753,57,48569,2,0,'2020-09-26',2445.00,'RECIBO B N°: 0002-00000100',NULL,'2020-10-17 00:06:49','2020-10-17 00:06:49',NULL),(56,906,2,40761,40767,13,62190,1,0,'2020-01-23',12000.00,'Factura C N°: 0002-00000114',NULL,'2020-10-25 15:36:25','2020-10-25 15:36:25',NULL),(57,906,2,40761,40768,13,62190,1,0,'2020-01-23',13000.00,'Factura C N°: 0002-00000115',NULL,'2020-10-25 15:36:25','2020-10-25 15:36:25',NULL),(58,906,2,40761,40769,13,62190,1,0,'2020-01-29',8000.00,'Factura C N°: 0002-00000116',NULL,'2020-10-25 15:36:25','2020-10-25 15:36:25',NULL),(59,906,2,40761,40770,13,62190,1,0,'2020-01-29',13000.00,'Factura C N°: 0002-00000117',NULL,'2020-10-25 15:36:25','2020-10-25 15:36:25',NULL),(60,906,2,40761,40770,13,62190,1,0,'2020-01-29',2800.00,'Factura C N°: 0002-00000118',NULL,'2020-10-25 15:36:25','2020-10-25 15:36:25',NULL),(61,906,2,40761,40771,13,62190,1,0,'2020-01-31',35000.00,'Factura C N°: 0002-00000119',NULL,'2020-10-25 15:36:25','2020-10-25 15:36:25',NULL),(62,906,3,40761,40772,57,62190,2,0,'2020-01-08',3126.63,'Factura B N°: 1043-11858597',NULL,'2020-10-25 15:36:40','2020-10-25 15:36:40',NULL),(63,906,3,40761,40773,57,62190,2,0,'2020-01-16',3990.28,'Factura B N°: 0004-00000082',NULL,'2020-10-25 15:36:40','2020-10-25 15:36:40',NULL),(64,906,2,40761,40745,13,62191,1,0,'2020-02-03',6000.00,'Factura C N°: 0002-00000120',NULL,'2020-10-25 15:37:45','2020-10-25 15:37:45',NULL),(65,906,2,40761,40745,13,62191,1,0,'2020-02-03',6000.00,'Factura C N°: 0002-00000121',NULL,'2020-10-25 15:37:45','2020-10-25 15:37:45',NULL),(66,906,2,40761,40774,13,62191,1,0,'2020-02-17',20000.00,'Factura C N°: 0002-00000122',NULL,'2020-10-25 15:37:45','2020-10-25 15:37:45',NULL),(67,906,2,40761,40774,13,62191,1,0,'2020-02-17',20000.00,'RECIBO C N°: 0002-00000001',NULL,'2020-10-25 15:37:45','2020-10-25 15:37:45',NULL),(68,906,2,40761,40775,13,62191,1,0,'2020-02-17',20000.00,'Factura C N°: 0002-00000123',NULL,'2020-10-25 15:37:45','2020-10-25 15:37:45',NULL),(69,906,2,40761,40775,13,62191,1,0,'2020-02-17',20000.00,'RECIBO C N°: 0002-00000002',NULL,'2020-10-25 15:37:45','2020-10-25 15:37:45',NULL),(70,906,2,40761,40776,13,62191,1,0,'2020-02-18',7000.00,'Factura C N°: 0002-00000124',NULL,'2020-10-25 15:37:45','2020-10-25 15:37:45',NULL),(71,906,2,40761,40777,13,62191,1,0,'2020-02-19',18500.00,'Factura C N°: 0002-00000125',NULL,'2020-10-25 15:37:45','2020-10-25 15:37:45',NULL),(72,906,2,40761,40774,13,62191,2,0,'2020-02-20',40000.00,'Nota de crédito C N°: 0002-00000001',NULL,'2020-10-25 15:37:45','2020-10-25 15:37:45',NULL),(73,906,2,40761,40775,13,62191,2,0,'2020-02-20',20000.00,'Nota de crédito C N°: 0002-00000002',NULL,'2020-10-25 15:37:45','2020-10-25 15:37:45',NULL),(74,906,3,40761,40772,57,62191,2,0,'2020-02-08',3803.42,'Factura B N°: 1043-17463017',NULL,'2020-10-25 15:37:55','2020-10-25 15:37:55',NULL),(75,906,2,40761,40779,13,62192,1,0,'2020-03-03',34200.00,'Factura C N°: 0002-00000126',NULL,'2020-10-25 15:39:02','2020-10-25 15:39:02',NULL),(76,906,2,40761,40771,13,62192,1,0,'2020-03-03',31000.00,'Factura C N°: 0002-00000127',NULL,'2020-10-25 15:39:02','2020-10-25 15:39:02',NULL),(77,906,2,40761,40775,13,62192,1,0,'2020-03-05',20000.00,'RECIBO C N°: 0002-00000003',NULL,'2020-10-25 15:39:02','2020-10-25 15:39:02',NULL),(78,906,2,40761,40780,13,62192,1,0,'2020-03-09',18000.00,'Factura C N°: 0002-00000128',NULL,'2020-10-25 15:39:02','2020-10-25 15:39:02',NULL),(79,906,2,40761,40767,13,62192,1,0,'2020-03-13',15000.00,'Factura C N°: 0002-00000129',NULL,'2020-10-25 15:39:02','2020-10-25 15:39:02',NULL),(80,906,2,40761,40781,13,62192,1,0,'2020-03-17',15000.00,'Factura C N°: 0002-00000130',NULL,'2020-10-25 15:39:02','2020-10-25 15:39:02',NULL),(81,906,2,40761,40777,13,62192,1,0,'2020-03-17',18500.00,'Factura C N°: 0002-00000131',NULL,'2020-10-25 15:39:02','2020-10-25 15:39:02',NULL);
INSERT INTO `cta_cte_cliente` VALUES (82,906,2,40761,40782,13,62192,1,0,'2020-03-17',6500.00,'Factura C N°: 0002-00000132',NULL,'2020-10-25 15:39:02','2020-10-25 15:39:02',NULL),(83,906,2,40761,40783,13,62192,1,0,'2020-03-26',25000.00,'Factura C N°: 0002-00000133',NULL,'2020-10-25 15:39:02','2020-10-25 15:39:02',NULL),(84,906,2,40761,40784,13,62192,1,0,'2020-03-26',15000.00,'Factura C N°: 0002-00000134',NULL,'2020-10-25 15:39:02','2020-10-25 15:39:02',NULL),(85,906,2,40761,40785,13,62192,1,0,'2020-03-26',5000.00,'Factura C N°: 0002-00000135',NULL,'2020-10-25 15:39:02','2020-10-25 15:39:02',NULL),(86,906,2,40761,40786,13,62192,1,0,'2020-03-26',80000.00,'Factura C N°: 0002-00000136',NULL,'2020-10-25 15:39:02','2020-10-25 15:39:02',NULL),(87,906,2,40761,40787,13,62192,1,0,'2020-03-26',8000.00,'Factura C N°: 0002-00000137',NULL,'2020-10-25 15:39:02','2020-10-25 15:39:02',NULL),(88,906,2,40761,40788,13,62192,1,0,'2020-03-26',13000.00,'Factura C N°: 0002-00000138',NULL,'2020-10-25 15:39:02','2020-10-25 15:39:02',NULL),(89,906,2,40761,40786,13,62192,1,0,'2020-03-26',3000.00,'Factura C N°: 0002-00000139',NULL,'2020-10-25 15:39:02','2020-10-25 15:39:02',NULL),(90,906,2,40761,40788,13,62192,1,0,'2020-03-26',10000.00,'Factura C N°: 0002-00000140',NULL,'2020-10-25 15:39:02','2020-10-25 15:39:02',NULL),(91,906,2,40761,40789,13,62192,1,0,'2020-03-26',3500.00,'Factura C N°: 0002-00000141',NULL,'2020-10-25 15:39:02','2020-10-25 15:39:02',NULL),(92,906,2,40761,40786,13,62192,1,0,'2020-03-26',40000.00,'Factura C N°: 0002-00000142',NULL,'2020-10-25 15:39:02','2020-10-25 15:39:02',NULL),(93,906,2,40761,40786,13,62192,1,0,'2020-03-26',25000.00,'Factura C N°: 0002-00000143',NULL,'2020-10-25 15:39:02','2020-10-25 15:39:02',NULL),(94,906,2,40761,40786,13,62192,1,0,'2020-03-26',12000.00,'Factura C N°: 0002-00000144',NULL,'2020-10-25 15:39:02','2020-10-25 15:39:02',NULL),(95,906,2,40761,40781,13,62192,1,0,'2020-03-26',40000.00,'Factura C N°: 0002-00000145',NULL,'2020-10-25 15:39:02','2020-10-25 15:39:02',NULL),(96,906,2,40761,40783,13,62192,1,0,'2020-03-26',20000.00,'Factura C N°: 0002-00000146',NULL,'2020-10-25 15:39:02','2020-10-25 15:39:02',NULL),(97,906,3,40761,40772,57,62192,2,0,'2020-03-08',5723.98,'Factura B N°: 1043-23099713',NULL,'2020-10-25 15:39:15','2020-10-25 15:39:15',NULL),(98,906,3,40761,40790,57,62192,2,0,'2020-03-12',5943.51,'Factura B N°: 2184-01534017',NULL,'2020-10-25 15:39:15','2020-10-25 15:39:15',NULL),(99,906,2,40761,40771,13,62193,1,0,'2020-04-23',31000.00,'Factura C N°: 0002-00000147',NULL,'2020-10-25 15:40:06','2020-10-25 15:40:06',NULL),(100,906,2,40761,40767,13,62193,1,0,'2020-04-23',54000.00,'Factura C N°: 0002-00000148',NULL,'2020-10-25 15:40:06','2020-10-25 15:40:06',NULL),(101,906,2,40761,40791,13,62193,1,0,'2020-04-23',13000.00,'Factura C N°: 0002-00000149',NULL,'2020-10-25 15:40:06','2020-10-25 15:40:06',NULL),(102,906,3,40761,40772,57,62193,2,0,'2020-04-08',4774.98,'Factura B N°: 1043-28215651',NULL,'2020-10-25 15:40:16','2020-10-25 15:40:16',NULL),(103,906,2,40761,40771,13,62194,1,0,'2020-05-12',31000.00,'Factura C N°: 0002-00000150',NULL,'2020-10-25 15:40:34','2020-10-25 15:40:34',NULL),(104,906,2,40761,40792,13,62194,1,0,'2020-05-12',15000.00,'Factura C N°: 0002-00000151',NULL,'2020-10-25 15:40:34','2020-10-25 15:40:34',NULL),(105,906,2,40761,40793,13,62194,1,0,'2020-05-12',20000.00,'Factura C N°: 0002-00000152',NULL,'2020-10-25 15:40:34','2020-10-25 15:40:34',NULL),(106,906,2,40761,40794,13,62194,1,0,'2020-05-12',10000.00,'Factura C N°: 0002-00000153',NULL,'2020-10-25 15:40:34','2020-10-25 15:40:34',NULL),(107,906,2,40761,40771,13,62194,1,0,'2020-05-12',20000.00,'Factura C N°: 0002-00000154',NULL,'2020-10-25 15:40:34','2020-10-25 15:40:34',NULL),(108,906,2,40761,40771,13,62194,1,0,'2020-05-12',6000.00,'Factura C N°: 0002-00000155',NULL,'2020-10-25 15:40:34','2020-10-25 15:40:34',NULL),(109,906,2,40761,40795,13,62194,1,0,'2020-05-13',7000.00,'Factura C N°: 0002-00000156',NULL,'2020-10-25 15:40:34','2020-10-25 15:40:34',NULL);
INSERT INTO `cta_cte_cliente` VALUES (110,906,2,40761,40795,13,62194,1,0,'2020-05-13',15000.00,'Factura C N°: 0002-00000157',NULL,'2020-10-25 15:40:34','2020-10-25 15:40:34',NULL),(111,906,2,40761,40795,13,62194,1,0,'2020-05-13',10000.00,'Factura C N°: 0002-00000158',NULL,'2020-10-25 15:40:34','2020-10-25 15:40:34',NULL),(112,906,2,40761,40796,13,62194,1,0,'2020-05-13',15000.00,'Factura C N°: 0002-00000159',NULL,'2020-10-25 15:40:34','2020-10-25 15:40:34',NULL),(113,906,2,40761,40797,13,62194,1,0,'2020-05-13',2500.00,'Factura C N°: 0002-00000160',NULL,'2020-10-25 15:40:34','2020-10-25 15:40:34',NULL),(114,906,2,40761,40797,13,62194,1,0,'2020-05-13',2500.00,'Factura C N°: 0002-00000161',NULL,'2020-10-25 15:40:34','2020-10-25 15:40:34',NULL),(115,906,2,40761,40798,13,62194,1,0,'2020-05-27',10000.00,'Factura C N°: 0002-00000162',NULL,'2020-10-25 15:40:34','2020-10-25 15:40:34',NULL),(116,906,2,40761,40799,13,62194,1,0,'2020-05-27',3800.00,'Factura C N°: 0002-00000163',NULL,'2020-10-25 15:40:34','2020-10-25 15:40:34',NULL),(117,906,2,40761,40800,13,62194,1,0,'2020-05-27',8000.00,'Factura C N°: 0002-00000164',NULL,'2020-10-25 15:40:34','2020-10-25 15:40:34',NULL),(118,906,2,40761,40775,13,62194,1,0,'2020-05-27',15000.00,'Factura C N°: 0002-00000165',NULL,'2020-10-25 15:40:34','2020-10-25 15:40:34',NULL),(119,906,2,40761,40801,13,62194,1,0,'2020-05-27',7500.00,'Factura C N°: 0002-00000166',NULL,'2020-10-25 15:40:34','2020-10-25 15:40:34',NULL),(120,906,2,40761,40771,13,62195,1,0,'2020-06-18',20000.00,'Factura C N°: 0002-00000167',NULL,'2020-10-25 15:41:13','2020-10-25 15:41:13',NULL),(121,906,2,40761,40771,13,62195,1,0,'2020-06-18',6000.00,'Factura C N°: 0002-00000168',NULL,'2020-10-25 15:41:13','2020-10-25 15:41:13',NULL),(122,906,2,40761,40797,13,62195,1,0,'2020-06-24',12000.00,'Factura C N°: 0002-00000169',NULL,'2020-10-25 15:41:14','2020-10-25 15:41:14',NULL),(123,906,2,40761,40797,13,62195,1,0,'2020-06-24',15000.00,'Factura C N°: 0002-00000170',NULL,'2020-10-25 15:41:14','2020-10-25 15:41:14',NULL),(124,906,2,40761,40782,13,62195,1,0,'2020-06-24',12000.00,'Factura C N°: 0002-00000171',NULL,'2020-10-25 15:41:14','2020-10-25 15:41:14',NULL),(125,906,2,40761,40777,13,62195,1,0,'2020-06-24',4500.00,'Factura C N°: 0002-00000172',NULL,'2020-10-25 15:41:14','2020-10-25 15:41:14',NULL),(126,906,2,40761,40782,13,62195,1,0,'2020-06-24',7000.00,'Factura C N°: 0002-00000173',NULL,'2020-10-25 15:41:14','2020-10-25 15:41:14',NULL),(127,906,2,40761,40775,13,62195,1,0,'2020-06-24',4500.00,'Factura C N°: 0002-00000174',NULL,'2020-10-25 15:41:14','2020-10-25 15:41:14',NULL),(128,906,2,40761,40801,13,62195,1,0,'2020-06-24',11000.00,'Factura C N°: 0002-00000175',NULL,'2020-10-25 15:41:14','2020-10-25 15:41:14',NULL),(129,906,3,40761,40802,57,62195,1,0,'2020-06-26',76.40,'Nota de crédito B N°: 1144-04341394',NULL,'2020-10-25 15:41:26','2020-10-25 15:41:26',NULL),(130,906,2,40761,40786,13,62196,1,0,'2020-07-06',10000.00,'Factura C N°: 0002-00000181',NULL,'2020-10-25 15:41:40','2020-10-25 15:41:40',NULL),(131,906,2,40761,40803,13,62196,1,0,'2020-07-06',42000.00,'Factura C N°: 0002-00000182',NULL,'2020-10-25 15:41:40','2020-10-25 15:41:40',NULL),(132,906,2,40761,40784,13,62196,1,0,'2020-07-06',25000.00,'Factura C N°: 0002-00000183',NULL,'2020-10-25 15:41:40','2020-10-25 15:41:40',NULL),(133,906,2,40761,40803,13,62196,1,0,'2020-07-06',19000.00,'Factura C N°: 0002-00000184',NULL,'2020-10-25 15:41:40','2020-10-25 15:41:40',NULL),(134,906,2,40761,40781,13,62196,1,0,'2020-07-06',9000.00,'Factura C N°: 0002-00000185',NULL,'2020-10-25 15:41:40','2020-10-25 15:41:40',NULL),(135,906,2,40761,40786,13,62196,1,0,'2020-07-06',3500.00,'Factura C N°: 0002-00000186',NULL,'2020-10-25 15:41:40','2020-10-25 15:41:40',NULL),(136,906,2,40761,40786,13,62196,1,0,'2020-07-06',80000.00,'Factura C N°: 0002-00000187',NULL,'2020-10-25 15:41:40','2020-10-25 15:41:40',NULL),(137,906,2,40761,40783,13,62196,1,0,'2020-07-06',4000.00,'Factura C N°: 0002-00000188',NULL,'2020-10-25 15:41:40','2020-10-25 15:41:40',NULL);
INSERT INTO `cta_cte_cliente` VALUES (138,906,2,40761,40787,13,62196,1,0,'2020-07-06',3500.00,'Factura C N°: 0002-00000189',NULL,'2020-10-25 15:41:40','2020-10-25 15:41:40',NULL),(139,906,2,40761,40804,13,62196,1,0,'2020-07-06',3800.00,'Factura C N°: 0002-00000176',NULL,'2020-10-25 15:41:40','2020-10-25 15:41:40',NULL),(140,906,2,40761,40803,13,62196,1,0,'2020-07-06',2500.00,'Factura C N°: 0002-00000177',NULL,'2020-10-25 15:41:40','2020-10-25 15:41:40',NULL),(141,906,2,40761,40786,13,62196,1,0,'2020-07-06',10000.00,'Factura C N°: 0002-00000178',NULL,'2020-10-25 15:41:40','2020-10-25 15:41:40',NULL),(142,906,2,40761,40805,13,62196,1,0,'2020-07-06',5000.00,'Factura C N°: 0002-00000179',NULL,'2020-10-25 15:41:40','2020-10-25 15:41:40',NULL),(143,906,2,40761,40805,13,62196,1,0,'2020-07-06',20000.00,'Factura C N°: 0002-00000180',NULL,'2020-10-25 15:41:40','2020-10-25 15:41:40',NULL),(144,906,2,40761,40806,13,62196,1,0,'2020-07-13',19000.00,'Factura C N°: 0002-00000190',NULL,'2020-10-25 15:41:40','2020-10-25 15:41:40',NULL),(145,906,2,40761,40791,13,62196,1,0,'2020-07-13',7000.00,'Factura C N°: 0002-00000191',NULL,'2020-10-25 15:41:40','2020-10-25 15:41:40',NULL),(146,906,2,40761,40806,13,62196,1,0,'2020-07-24',19000.00,'Factura C N°: 0002-00000192',NULL,'2020-10-25 15:41:40','2020-10-25 15:41:40',NULL),(147,906,2,40761,40793,13,62196,1,0,'2020-07-30',8000.00,'Factura C N°: 0002-00000193',NULL,'2020-10-25 15:41:40','2020-10-25 15:41:40',NULL),(148,906,2,40761,40807,13,62196,1,0,'2020-07-30',17000.00,'Factura C N°: 0002-00000194',NULL,'2020-10-25 15:41:40','2020-10-25 15:41:40',NULL),(149,906,2,40761,40808,13,62196,1,0,'2020-07-30',7000.00,'Factura C N°: 0002-00000195',NULL,'2020-10-25 15:41:41','2020-10-25 15:41:41',NULL),(150,906,2,40761,40809,13,62196,1,0,'2020-07-30',5000.00,'Factura C N°: 0002-00000196',NULL,'2020-10-25 15:41:41','2020-10-25 15:41:41',NULL),(151,906,2,40761,40791,13,62196,1,0,'2020-07-30',12000.00,'Factura C N°: 0002-00000197',NULL,'2020-10-25 15:41:41','2020-10-25 15:41:41',NULL),(152,906,3,40761,40802,57,62196,1,0,'2020-07-01',57.09,'Nota de crédito B N°: 1144-04505071',NULL,'2020-10-25 15:42:26','2020-10-25 15:42:26',NULL),(153,906,3,40761,40802,57,62196,1,0,'2020-07-16',107.88,'Nota de crédito B N°: 1144-04755841',NULL,'2020-10-25 15:42:26','2020-10-25 15:42:26',NULL),(154,906,3,40761,40802,57,62196,1,0,'2020-07-16',60.10,'Nota de crédito B N°: 1144-04755842',NULL,'2020-10-25 15:42:26','2020-10-25 15:42:26',NULL),(155,906,3,40761,40802,57,62196,1,0,'2020-07-23',61.17,'Nota de crédito B N°: 1144-05204156',NULL,'2020-10-25 15:42:26','2020-10-25 15:42:26',NULL),(156,906,3,40761,40810,57,62196,2,0,'2020-07-30',1180.00,'Factura B N°: 0007-00003539',NULL,'2020-10-25 15:42:26','2020-10-25 15:42:26',NULL),(157,906,2,40761,40811,13,62197,1,0,'2020-08-06',3500.00,'Factura C N°: 0002-00000198',NULL,'2020-10-25 15:42:51','2020-10-25 15:42:51',NULL),(158,906,2,40761,40795,13,62197,1,0,'2020-08-20',20000.00,'Factura C N°: 0002-00000199',NULL,'2020-10-25 15:42:51','2020-10-25 15:42:51',NULL),(159,906,2,40761,40791,13,62197,1,0,'2020-08-20',15000.00,'Factura C N°: 0002-00000200',NULL,'2020-10-25 15:42:51','2020-10-25 15:42:51',NULL),(160,906,2,40761,40807,13,62197,1,0,'2020-08-26',51600.00,'Factura C N°: 0002-00000201',NULL,'2020-10-25 15:42:51','2020-10-25 15:42:51',NULL),(161,906,3,40761,40812,57,62197,2,0,'2020-08-05',22122.11,'Factura B N°: 0010-00024111',NULL,'2020-10-25 15:43:02','2020-10-25 15:43:02',NULL),(162,906,3,40761,40812,57,62197,2,0,'2020-08-10',9085.53,'Factura B N°: 0010-00024302',NULL,'2020-10-25 15:43:02','2020-10-25 15:43:02',NULL),(163,906,3,40761,40813,57,62197,1,0,'2020-08-25',0.01,'Nota de crédito B N°: 6430-00296277',NULL,'2020-10-25 15:43:02','2020-10-25 15:43:02',NULL),(164,906,2,40761,40814,13,62198,1,0,'2020-09-14',15000.00,'Factura C N°: 0002-00000202',NULL,'2020-10-25 15:43:14','2020-10-25 15:43:14',NULL);
INSERT INTO `cta_cte_cliente` VALUES (165,906,2,40761,40806,13,62198,1,0,'2020-09-14',5000.00,'Factura C N°: 0002-00000203',NULL,'2020-10-25 15:43:14','2020-10-25 15:43:14',NULL),(166,906,2,40761,40806,13,62198,1,0,'2020-09-14',5000.00,'Factura C N°: 0002-00000204',NULL,'2020-10-25 15:43:14','2020-10-25 15:43:14',NULL),(167,906,2,40761,40806,13,62198,1,0,'2020-09-14',3500.00,'Factura C N°: 0002-00000205',NULL,'2020-10-25 15:43:14','2020-10-25 15:43:14',NULL),(168,906,2,40761,40815,13,62198,1,0,'2020-09-14',3500.00,'Factura C N°: 0002-00000206',NULL,'2020-10-25 15:43:14','2020-10-25 15:43:14',NULL),(169,906,2,40761,40815,13,62198,1,0,'2020-09-14',3500.00,'Factura C N°: 0002-00000207',NULL,'2020-10-25 15:43:14','2020-10-25 15:43:14',NULL),(170,906,2,40761,40771,13,62198,1,0,'2020-09-14',7000.00,'Factura C N°: 0002-00000208',NULL,'2020-10-25 15:43:14','2020-10-25 15:43:14',NULL),(171,906,2,40761,40816,13,62198,1,0,'2020-09-15',25000.00,'Factura C N°: 0002-00000209',NULL,'2020-10-25 15:43:14','2020-10-25 15:43:14',NULL),(172,906,2,40761,40767,13,62198,1,0,'2020-09-19',6000.00,'Factura C N°: 0002-00000210',NULL,'2020-10-25 15:43:14','2020-10-25 15:43:14',NULL),(173,906,2,40761,40817,13,62198,1,0,'2020-09-19',5000.00,'Factura C N°: 0002-00000211',NULL,'2020-10-25 15:43:14','2020-10-25 15:43:14',NULL),(174,906,2,40761,40797,13,62198,1,0,'2020-09-23',25000.00,'Factura C N°: 0002-00000212',NULL,'2020-10-25 15:43:14','2020-10-25 15:43:14',NULL),(175,906,2,40761,40797,13,62198,1,0,'2020-09-23',4500.00,'Factura C N°: 0002-00000213',NULL,'2020-10-25 15:43:14','2020-10-25 15:43:14',NULL),(176,906,2,40761,40795,13,62198,1,0,'2020-09-23',5000.00,'Factura C N°: 0002-00000214',NULL,'2020-10-25 15:43:14','2020-10-25 15:43:14',NULL),(177,906,2,40761,40770,13,62198,1,0,'2020-09-23',6000.00,'Factura C N°: 0002-00000215',NULL,'2020-10-25 15:43:14','2020-10-25 15:43:14',NULL),(178,906,2,40761,40818,13,62198,1,0,'2020-09-26',7000.00,'Factura C N°: 0002-00000216',NULL,'2020-10-25 15:43:14','2020-10-25 15:43:14',NULL),(179,906,3,40761,40802,57,62198,1,0,'2020-09-04',90.20,'Nota de crédito B N°: 1144-06135496',NULL,'2020-10-25 15:43:23','2020-10-25 15:43:23',NULL),(180,906,3,40761,40802,57,62198,1,0,'2020-09-04',37.29,'Nota de crédito B N°: 1144-06135497',NULL,'2020-10-25 15:43:23','2020-10-25 15:43:23',NULL),(181,906,2,40733,40745,13,34932,1,0,'2020-01-03',2500.00,'Factura C N°: 0003-00000032',NULL,'2020-10-25 20:45:43','2020-10-25 20:45:43',NULL),(182,906,2,40733,40744,13,34932,1,0,'2020-01-03',45000.00,'Factura C N°: 0003-00000033',NULL,'2020-10-25 20:45:43','2020-10-25 20:45:43',NULL),(183,906,2,40733,40745,13,34932,1,0,'2020-01-03',2500.00,'Factura C N°: 0003-00000034',NULL,'2020-10-25 20:45:43','2020-10-25 20:45:43',NULL),(184,906,2,40733,40744,13,34933,1,0,'2020-02-25',50000.00,'Factura C N°: 0003-00000035',NULL,'2020-10-25 20:47:04','2020-10-25 20:47:04',NULL),(185,906,2,40733,40745,13,34934,1,0,'2020-03-02',5000.00,'Factura C N°: 0003-00000036',NULL,'2020-10-25 20:47:22','2020-10-25 20:47:22',NULL),(186,906,2,40733,40745,13,34934,1,0,'2020-03-02',2000.00,'Factura C N°: 0003-00000037',NULL,'2020-10-25 20:47:22','2020-10-25 20:47:22',NULL),(187,906,2,40733,40744,13,34934,1,0,'2020-03-06',43000.00,'Factura C N°: 0003-00000038',NULL,'2020-10-25 20:47:22','2020-10-25 20:47:22',NULL),(188,906,2,40733,40745,13,34935,1,0,'2020-04-01',2000.00,'Factura C N°: 0003-00000039',NULL,'2020-10-25 20:47:49','2020-10-25 20:47:49',NULL),(189,906,2,40733,40744,13,34935,1,0,'2020-04-07',48000.00,'Factura C N°: 0003-00000040',NULL,'2020-10-25 20:47:49','2020-10-25 20:47:49',NULL),(190,906,2,40733,40745,13,34936,1,0,'2020-05-23',7500.00,'Factura C N°: 0003-00000041',NULL,'2020-10-25 20:48:23','2020-10-25 20:48:23',NULL),(191,906,2,40733,40745,13,34936,1,0,'2020-05-29',6500.00,'Factura C N°: 0003-00000042',NULL,'2020-10-25 20:48:23','2020-10-25 20:48:23',NULL),(192,906,2,40733,40744,13,34936,1,0,'2020-05-29',36000.00,'Factura C N°: 0003-00000043',NULL,'2020-10-25 20:48:23','2020-10-25 20:48:23',NULL);
INSERT INTO `cta_cte_cliente` VALUES (193,906,2,40733,40745,13,34937,1,0,'2020-06-01',7500.00,'Factura C N°: 0003-00000044',NULL,'2020-10-25 20:48:44','2020-10-25 20:48:44',NULL),(194,906,2,40733,40744,13,34937,1,0,'2020-06-02',42500.00,'Factura C N°: 0003-00000045',NULL,'2020-10-25 20:48:44','2020-10-25 20:48:44',NULL),(195,906,2,40733,40745,13,34938,1,0,'2020-07-07',6500.00,'Factura C N°: 0003-00000046',NULL,'2020-10-25 20:49:05','2020-10-25 20:49:05',NULL),(196,906,2,40733,40744,13,34938,1,0,'2020-07-07',43500.00,'Factura C N°: 0003-00000047',NULL,'2020-10-25 20:49:05','2020-10-25 20:49:05',NULL),(197,906,3,40733,40746,57,34932,2,0,'2020-01-01',14720.81,'Factura B N°: 0010-00197831',NULL,'2020-10-25 20:49:32','2020-10-25 20:49:32',NULL),(201,906,3,40733,40746,57,34934,2,0,'2020-03-01',14720.81,'Factura B N°: 0010-00202113',NULL,'2020-10-25 20:59:36','2020-10-25 20:59:36',NULL),(202,906,3,40733,40746,57,34935,2,0,'2020-04-01',14720.81,'Factura B N°: 0010-00205655',NULL,'2020-10-25 20:59:50','2020-10-25 20:59:50',NULL),(203,906,3,40733,40746,57,34936,2,0,'2020-05-01',14720.81,'Factura B N°: 0010-00207663',NULL,'2020-10-25 21:00:05','2020-10-25 21:00:05',NULL),(204,906,3,40733,40746,57,34937,2,0,'2020-06-01',14720.81,'Factura B N°: 0010-00210117',NULL,'2020-10-25 21:00:25','2020-10-25 21:00:25',NULL),(205,906,3,40733,40746,57,34938,2,0,'2020-07-01',14720.81,'Factura B N°: 0010-00212252',NULL,'2020-10-25 21:00:39','2020-10-25 21:00:39',NULL),(206,906,3,40733,40746,57,34933,2,0,'2020-02-01',14720.81,'Factura B N°: 0010-00199419',NULL,'2020-10-25 21:03:39','2020-10-25 21:03:39',NULL),(207,906,3,40733,40826,57,34933,2,0,'1969-12-31',199.00,'Factura B N°: 0301-00022385',NULL,'2020-10-25 21:03:39','2020-10-25 21:06:21','2020-10-25 21:06:21'),(208,906,3,40733,40826,57,34933,2,0,'2020-02-28',199.00,'Factura B N°: 0301-00022385',NULL,'2020-10-25 21:06:21','2020-10-25 21:06:21',NULL),(209,1230,2,40733,40745,13,77334,1,0,'2019-10-04',2000.00,'Factura C N°: 0003-00000024',NULL,'2020-10-25 21:20:06','2020-10-25 21:20:06',NULL),(210,1230,2,40733,40745,13,77334,1,0,'2019-10-04',3000.00,'Factura C N°: 0003-00000025',NULL,'2020-10-25 21:20:06','2020-10-25 21:20:06',NULL),(211,1230,2,40733,40744,13,77334,1,0,'2019-10-04',35000.00,'Factura C N°: 0003-00000026',NULL,'2020-10-25 21:20:06','2020-10-25 21:20:06',NULL),(212,1230,2,40733,40745,13,77335,1,0,'2019-11-01',3500.00,'Factura C N°: 0003-00000027',NULL,'2020-10-25 21:20:22','2020-10-25 21:20:22',NULL),(213,1230,2,40733,40745,13,77335,1,0,'2019-11-01',1500.00,'Factura C N°: 0003-00000028',NULL,'2020-10-25 21:20:22','2020-10-25 21:20:22',NULL),(214,1230,2,40733,40744,13,77335,1,0,'2019-11-01',35000.00,'Factura C N°: 0003-00000029',NULL,'2020-10-25 21:20:22','2020-10-25 21:20:22',NULL),(215,1230,2,40733,40745,13,77336,1,0,'2019-12-02',5000.00,'Factura C N°: 0003-00000030',NULL,'2020-10-25 21:20:38','2020-10-25 21:20:38',NULL),(216,1230,2,40733,40744,13,77336,1,0,'2019-12-02',45000.00,'Factura C N°: 0003-00000031',NULL,'2020-10-25 21:20:38','2020-10-25 21:20:38',NULL),(217,1230,3,40733,40746,57,77334,2,0,'2019-10-01',12637.89,'Factura B N°: 0010-00190200',NULL,'2020-10-25 21:20:56','2020-10-25 21:20:56',NULL),(218,1230,3,40733,40746,57,77335,2,0,'2019-11-01',13142.87,'Factura B N°: 0010-00192037',NULL,'2020-10-25 21:21:10','2020-10-25 21:21:10',NULL),(219,1230,3,40733,40732,57,77335,2,0,'2019-11-01',1000.00,'Factura C N°: 0001-00000152',NULL,'2020-10-25 21:21:10','2020-10-25 21:21:10',NULL),(220,1230,3,40733,40746,57,77336,2,0,'2019-12-01',14720.81,'Factura B N°: 0010-00194108',NULL,'2020-10-25 21:21:22','2020-10-25 21:21:22',NULL),(221,1229,2,40759,40830,13,77337,1,0,'2019-10-17',12800.00,'Factura C N°: 0002-00000025',NULL,'2020-10-25 21:30:56','2020-10-25 21:30:56',NULL),(222,1229,3,40759,40831,57,77337,2,0,'2019-10-01',750.34,'Factura B N°: 0012-10475372',NULL,'2020-10-25 21:31:09','2020-10-25 21:31:09',NULL);
INSERT INTO `cta_cte_cliente` VALUES (223,1229,3,40759,40831,57,77337,2,0,'2019-10-05',455.00,'Factura B N°: 0011-05218688',NULL,'2020-10-25 21:31:09','2020-10-25 21:31:09',NULL),(224,1229,3,40759,40832,57,77337,2,0,'2019-10-28',545.00,'Factura B N°: 0001-00007354',NULL,'2020-10-25 21:31:09','2020-10-25 21:31:09',NULL),(225,1229,2,40759,40834,13,77338,1,0,'2019-11-13',9000.00,'Factura C N°: 0002-00000026',NULL,'2020-10-25 21:33:04','2020-10-25 21:33:04',NULL),(226,1229,3,40759,40831,57,77338,2,0,'2019-11-01',1729.36,'Factura B N°: 0012-10589937',NULL,'2020-10-25 21:33:26','2020-10-25 21:33:26',NULL),(227,1229,3,40759,40831,57,77338,2,0,'2019-11-05',975.00,'Factura B N°: 0011-05372163',NULL,'2020-10-25 21:33:26','2020-10-25 21:33:26',NULL),(228,1229,2,40759,40835,13,77339,1,0,'2019-12-11',7000.00,'Factura C N°: 0002-00000027',NULL,'2020-10-25 21:35:15','2020-10-25 21:35:15',NULL),(229,1229,2,40759,40836,13,77339,1,0,'2019-12-18',10000.00,'Factura C N°: 0002-00000028',NULL,'2020-10-25 21:35:15','2020-10-25 21:35:15',NULL),(230,1229,2,40759,40837,13,77339,1,0,'2019-12-26',65000.00,'Factura C N°: 0002-00000029',NULL,'2020-10-25 21:35:15','2020-10-25 21:35:15',NULL),(231,1229,2,40759,40838,13,77339,1,0,'2019-12-31',25600.00,'Factura C N°: 0002-00000030',NULL,'2020-10-25 21:35:15','2020-10-25 21:35:15',NULL),(232,1229,3,40759,40839,57,77339,2,0,'2019-12-03',1470.00,'Factura C N°: 0400-02969980',NULL,'2020-10-25 21:35:28','2020-10-25 21:35:28',NULL),(233,1229,2,40759,40840,13,59163,1,0,'2020-01-25',900.00,'Factura C N°: 0002-00000031',NULL,'2020-10-25 21:35:43','2020-10-25 21:35:43',NULL),(234,1229,2,40759,40841,13,59163,1,0,'2020-01-25',6500.00,'Factura C N°: 0002-00000032',NULL,'2020-10-25 21:35:43','2020-10-25 21:35:43',NULL),(235,1229,2,40759,40734,13,59163,1,0,'2020-01-25',3000.00,'Factura C N°: 0002-00000033',NULL,'2020-10-25 21:35:43','2020-10-25 21:35:43',NULL),(236,1229,2,40759,40842,13,59163,1,0,'2020-01-28',12000.00,'Factura C N°: 0002-00000034',NULL,'2020-10-25 21:35:43','2020-10-25 21:35:43',NULL),(237,1229,2,40759,40837,13,59163,1,0,'2020-01-30',65000.00,'Factura C N°: 0002-00000035',NULL,'2020-10-25 21:35:43','2020-10-25 21:35:43',NULL),(238,1229,2,40759,40843,13,59163,1,0,'2020-01-31',5500.00,'Factura C N°: 0002-00000036',NULL,'2020-10-25 21:35:43','2020-10-25 21:35:43',NULL),(239,1229,3,40759,40831,57,59163,2,0,'2020-01-08',2184.00,'Factura B N°: 0011-05692105',NULL,'2020-10-25 21:35:58','2020-10-25 21:35:58',NULL),(240,1229,3,40759,40790,57,59163,2,0,'2020-01-19',4568.04,'Factura B N°: 2131-01229216',NULL,'2020-10-25 21:35:58','2020-10-25 21:35:58',NULL),(241,1229,3,40759,40831,57,59164,2,0,'2020-02-04',2242.00,'Factura B N°: 0011-05806337',NULL,'2020-10-25 21:36:19','2020-10-25 21:36:19',NULL),(242,1229,3,40759,40844,57,59164,2,0,'2020-02-11',499.99,'Factura B N°: 0001-02442638',NULL,'2020-10-25 21:36:19','2020-10-25 21:36:19',NULL),(243,1229,3,40759,40831,57,59164,2,0,'2020-02-17',1537.30,'Factura B N°: 0012-10901072',NULL,'2020-10-25 21:36:19','2020-10-25 21:36:19',NULL),(244,1229,2,40759,40845,13,59165,1,0,'2020-03-17',7000.00,'Factura C N°: 0002-00000037',NULL,'2020-10-25 21:36:35','2020-10-25 21:36:35',NULL),(245,1229,3,40759,40831,57,59165,2,0,'2020-03-01',168.80,'Factura B N°: 0012-11064494',NULL,'2020-10-25 21:36:45','2020-10-25 21:36:45',NULL),(246,1229,3,40759,40844,57,59165,1,0,'2020-03-04',499.99,'Nota de crédito B N°: 0001-00260788',NULL,'2020-10-25 21:36:45','2020-10-25 21:36:45',NULL),(247,1229,3,40759,40831,57,59165,2,0,'2020-03-08',3976.00,'Factura B N°: 0011-05967715',NULL,'2020-10-25 21:36:45','2020-10-25 21:36:45',NULL),(248,1229,3,40759,40846,57,59167,2,0,'2020-05-30',28060.52,'Factura B N°: 0006-00063464',NULL,'2020-10-25 21:37:25','2020-10-25 21:37:25',NULL),(249,1229,2,40759,40847,13,59168,1,0,'2020-06-06',6000.00,'Factura C N°: 0002-00000038',NULL,'2020-10-25 21:37:38','2020-10-25 21:37:38',NULL);
INSERT INTO `cta_cte_cliente` VALUES (250,1229,2,40759,40847,13,59168,2,0,'2020-06-06',6000.00,'Nota de crédito C N°: 0002-00000002',NULL,'2020-10-25 21:37:38','2020-10-25 21:37:38',NULL),(251,1229,2,40759,40847,13,59168,1,0,'2020-06-06',6000.00,'Factura C N°: 0002-00000039',NULL,'2020-10-25 21:37:38','2020-10-25 21:37:38',NULL),(252,1229,3,40759,40831,57,59168,2,0,'2020-06-08',6089.00,'Factura B N°: 0011-06355221',NULL,'2020-10-25 21:37:46','2020-10-25 21:37:46',NULL),(253,1229,2,40759,40848,13,59169,1,0,'2020-07-23',7000.00,'Factura C N°: 0002-00000040',NULL,'2020-10-25 21:38:01','2020-10-25 21:38:01',NULL),(254,1229,3,40759,40846,57,59170,2,0,'2020-08-03',17866.09,'Factura B N°: 0006-00066948',NULL,'2020-10-25 21:38:36','2020-10-25 21:38:36',NULL),(255,1229,3,40759,40790,57,59170,2,0,'2020-08-30',5681.69,'Factura B N°: 2131-01909952',NULL,'2020-10-25 21:38:36','2020-10-25 21:38:36',NULL),(256,1230,2,40734,40850,13,77341,1,0,'2019-11-01',53112.00,'Factura C N°: 0001-00000001',NULL,'2020-10-25 21:55:19','2020-10-25 21:55:19',NULL),(257,1230,2,40734,40850,13,77342,1,0,'2019-12-02',67912.00,'Factura C N°: 0001-00000002',NULL,'2020-10-25 21:55:35','2020-10-25 21:55:35',NULL),(258,1230,2,40734,40850,13,36447,1,0,'2020-01-02',96083.00,'Factura C N°: 0001-00000003',NULL,'2020-10-25 21:55:50','2020-10-25 21:55:50',NULL),(259,1230,2,40734,40850,13,36448,1,0,'2020-02-03',158560.00,'Factura C N°: 0001-00000004',NULL,'2020-10-25 21:56:02','2020-10-25 21:56:02',NULL),(260,1230,2,40734,40850,13,36448,2,0,'2020-02-03',2759.00,'Nota de crédito C N°: 0001-00000001',NULL,'2020-10-25 21:56:02','2020-10-25 21:56:02',NULL),(261,1230,2,40734,40850,13,36449,1,0,'2020-03-01',110985.00,'Factura C N°: 0001-00000005',NULL,'2020-10-25 21:56:15','2020-10-25 21:56:15',NULL),(262,1230,2,40734,40850,13,36450,1,0,'2020-04-23',119608.00,'Factura C N°: 0001-00000006',NULL,'2020-10-25 21:56:26','2020-10-25 21:56:26',NULL),(263,1230,2,40734,40850,13,36451,1,0,'2020-05-19',40426.00,'Factura C N°: 0001-00000007',NULL,'2020-10-25 21:56:39','2020-10-25 21:56:39',NULL),(264,1230,2,40734,40850,13,36452,1,0,'2020-06-04',31150.00,'Factura C N°: 0001-00000008',NULL,'2020-10-25 21:56:55','2020-10-25 21:56:55',NULL),(265,1230,2,40734,40850,13,36452,1,0,'2020-06-30',28610.00,'Factura C N°: 0001-00000009',NULL,'2020-10-25 21:56:55','2020-10-25 21:56:55',NULL),(266,1230,2,40734,40850,13,36454,1,0,'2020-08-01',7989.00,'Factura C N°: 0001-00000010',NULL,'2020-10-25 21:57:12','2020-10-25 21:57:12',NULL),(267,1230,2,40734,40851,13,36454,1,0,'2020-08-24',150000.00,'Factura C N°: 0001-00000011',NULL,'2020-10-25 21:57:12','2020-10-25 21:57:12',NULL),(268,1230,3,40734,40772,57,77340,2,0,'2019-10-01',50.00,'Factura B N°: 1041-33503339',NULL,'2020-10-25 21:58:01','2020-10-25 21:58:01',NULL),(269,1230,3,40734,40852,57,77340,2,0,'2019-10-01',1687.37,'Factura B N°: 0013-13759801',NULL,'2020-10-25 21:58:01','2020-10-25 21:58:01',NULL),(270,1230,3,40734,40772,57,77340,2,0,'2019-10-02',50.00,'Factura B N°: 1041-33709281',NULL,'2020-10-25 21:58:01','2020-10-25 21:58:01',NULL),(271,1230,3,40734,40772,57,77340,2,0,'2019-10-02',50.00,'Factura B N°: 1041-33877797',NULL,'2020-10-25 21:58:01','2020-10-25 21:58:01',NULL),(272,1230,3,40734,40772,57,77340,2,0,'2019-10-04',50.00,'Factura B N°: 1041-34494888',NULL,'2020-10-25 21:58:01','2020-10-25 21:58:01',NULL),(273,1230,3,40734,40772,57,77340,2,0,'2019-10-04',50.00,'Factura B N°: 1041-34540100',NULL,'2020-10-25 21:58:01','2020-10-25 21:58:01',NULL),(274,1230,3,40734,40772,57,77340,2,0,'2019-10-05',50.00,'Factura B N°: 1041-35217798',NULL,'2020-10-25 21:58:01','2020-10-25 21:58:01',NULL),(275,1230,3,40734,40790,57,77340,2,0,'2019-10-06',4443.65,'Factura B N°: 2131-00733569',NULL,'2020-10-25 21:58:01','2020-10-25 21:58:01',NULL),(276,1230,3,40734,40772,57,77340,2,0,'2019-10-07',50.00,'Factura B N°: 1041-36054822',NULL,'2020-10-25 21:58:01','2020-10-25 21:58:01',NULL);
INSERT INTO `cta_cte_cliente` VALUES (277,1230,3,40734,40772,57,77340,2,0,'2019-10-07',50.00,'Factura B N°: 1041-35781470',NULL,'2020-10-25 21:58:01','2020-10-25 21:58:01',NULL),(278,1230,3,40734,40772,57,77340,2,0,'2019-10-08',50.00,'Factura B N°: 1041-36486526',NULL,'2020-10-25 21:58:01','2020-10-25 21:58:01',NULL),(279,1230,3,40734,40772,57,77340,2,0,'2019-10-09',50.00,'Factura B N°: 1041-36826757',NULL,'2020-10-25 21:58:01','2020-10-25 21:58:01',NULL),(280,1230,3,40734,40772,57,77340,2,0,'2019-10-10',50.00,'Factura B N°: 1041-37267800',NULL,'2020-10-25 21:58:01','2020-10-25 21:58:01',NULL),(281,1230,3,40734,40772,57,77340,2,0,'2019-10-11',50.00,'Factura B N°: 1041-37659349',NULL,'2020-10-25 21:58:01','2020-10-25 21:58:01',NULL),(282,1230,3,40734,40772,57,77340,2,0,'2019-10-14',50.00,'Factura B N°: 1041-38872998',NULL,'2020-10-25 21:58:01','2020-10-25 21:58:01',NULL),(283,1230,3,40734,40772,57,77340,2,0,'2019-10-15',50.00,'Factura B N°: 1041-39168788',NULL,'2020-10-25 21:58:01','2020-10-25 21:58:01',NULL),(284,1230,3,40734,40772,57,77340,2,0,'2019-10-15',100.00,'Factura B N°: 1041-39603922',NULL,'2020-10-25 21:58:01','2020-10-25 21:58:01',NULL),(285,1230,3,40734,40772,57,77340,2,0,'2019-10-17',50.00,'Factura B N°: 1041-40339552',NULL,'2020-10-25 21:58:01','2020-10-25 21:58:01',NULL),(286,1230,3,40734,40772,57,77340,2,0,'2019-10-18',50.00,'Factura B N°: 1041-40594203',NULL,'2020-10-25 21:58:01','2020-10-25 21:58:01',NULL),(287,1230,3,40734,40772,57,77340,2,0,'2019-10-19',50.00,'Factura B N°: 1041-41519488',NULL,'2020-10-25 21:58:01','2020-10-25 21:58:01',NULL),(288,1230,3,40734,40831,57,77340,2,0,'2019-10-22',3328.00,'Factura B N°: 0011-05289659',NULL,'2020-10-25 21:58:01','2020-10-25 21:58:01',NULL),(289,1230,3,40734,40772,57,77340,2,0,'2019-10-22',1500.01,'Factura B N°: 1029-94509112',NULL,'2020-10-25 21:58:01','2020-10-25 21:58:01',NULL),(290,1230,3,40734,40772,57,77340,2,0,'2019-10-22',584.95,'Factura B N°: 1029-94773368',NULL,'2020-10-25 21:58:01','2020-10-25 21:58:01',NULL),(291,1230,3,40734,40790,57,77341,2,0,'2019-11-01',5586.39,'Factura B N°: 2131-00839837',NULL,'2020-10-25 21:58:15','2020-10-25 21:58:15',NULL),(292,1230,3,40734,40852,57,77341,2,0,'2019-11-01',1864.28,'Factura B N°: 0013-13878218',NULL,'2020-10-25 21:58:15','2020-10-25 21:58:15',NULL),(293,1230,3,40734,40772,57,77341,2,0,'2019-11-04',50.00,'Factura B N°: 1041-47826244',NULL,'2020-10-25 21:58:15','2020-10-25 21:58:15',NULL),(294,1230,3,40734,40772,57,77341,2,0,'2019-11-06',50.00,'Factura B N°: 1041-48401534',NULL,'2020-10-25 21:58:15','2020-10-25 21:58:15',NULL),(295,1230,3,40734,40772,57,77341,2,0,'2019-11-08',100.00,'Factura B N°: 1041-49475139',NULL,'2020-10-25 21:58:15','2020-10-25 21:58:15',NULL),(296,1230,3,40734,40831,57,77341,2,0,'2019-11-10',2670.00,'Factura B N°: 0011-05439047',NULL,'2020-10-25 21:58:15','2020-10-25 21:58:15',NULL),(297,1230,3,40734,40772,57,77341,2,0,'2019-11-10',50.00,'Factura B N°: 1041-50403252',NULL,'2020-10-25 21:58:15','2020-10-25 21:58:15',NULL),(298,1230,3,40734,40772,57,77341,2,0,'2019-11-10',50.00,'Factura B N°: 1041-50404662',NULL,'2020-10-25 21:58:15','2020-10-25 21:58:15',NULL),(299,1230,3,40734,40772,57,77341,2,0,'2019-11-12',50.00,'Factura B N°: 1041-51204900',NULL,'2020-10-25 21:58:15','2020-10-25 21:58:15',NULL),(300,1230,3,40734,40772,57,77341,2,0,'2019-11-14',50.00,'Factura B N°: 1041-51837022',NULL,'2020-10-25 21:58:15','2020-10-25 21:58:15',NULL),(301,1230,3,40734,40772,57,77341,2,0,'2019-11-15',50.00,'Factura B N°: 1041-52502634',NULL,'2020-10-25 21:58:15','2020-10-25 21:58:15',NULL),(302,1230,3,40734,40772,57,77341,2,0,'2019-11-18',50.00,'Factura B N°: 1041-53575538',NULL,'2020-10-25 21:58:15','2020-10-25 21:58:15',NULL),(303,1230,3,40734,40772,57,77341,2,0,'2019-11-19',50.00,'Factura B N°: 1041-54420187',NULL,'2020-10-25 21:58:15','2020-10-25 21:58:15',NULL),(304,1230,3,40734,40772,57,77341,2,0,'2019-11-20',50.00,'Factura B N°: 1041-54669578',NULL,'2020-10-25 21:58:15','2020-10-25 21:58:15',NULL);
INSERT INTO `cta_cte_cliente` VALUES (305,1230,3,40734,40772,57,77341,2,0,'2019-11-20',50.00,'Factura B N°: 1041-54431821',NULL,'2020-10-25 21:58:15','2020-10-25 21:58:15',NULL),(306,1230,3,40734,40772,57,77341,2,0,'2019-11-20',50.00,'Factura B N°: 1041-54440561',NULL,'2020-10-25 21:58:15','2020-10-25 21:58:15',NULL),(307,1230,3,40734,40772,57,77341,2,0,'2019-11-21',50.00,'Factura B N°: 1041-54865474',NULL,'2020-10-25 21:58:15','2020-10-25 21:58:15',NULL),(308,1230,3,40734,40772,57,77341,2,0,'2019-11-22',1641.53,'Factura B N°: 1043-03021077',NULL,'2020-10-25 21:58:16','2020-10-25 21:58:16',NULL),(309,1230,3,40734,40772,57,77341,2,0,'2019-11-22',667.79,'Factura B N°: 1043-02934071',NULL,'2020-10-25 21:58:16','2020-10-25 21:58:16',NULL),(310,1230,3,40734,40772,57,77341,2,0,'2019-11-29',50.00,'Factura B N°: 1041-58317683',NULL,'2020-10-25 21:58:16','2020-10-25 21:58:16',NULL),(311,1230,3,40734,40772,57,77342,2,0,'2019-12-01',50.00,'Factura B N°: 1041-59238046',NULL,'2020-10-25 21:58:28','2020-10-25 21:58:28',NULL),(312,1230,3,40734,40852,57,77342,2,0,'2019-12-01',2138.83,'Factura B N°: 0013-13984630',NULL,'2020-10-25 21:58:28','2020-10-25 21:58:28',NULL),(313,1230,3,40734,40772,57,77342,2,0,'2019-12-02',50.00,'Factura B N°: 1041-59449742',NULL,'2020-10-25 21:58:28','2020-10-25 21:58:28',NULL),(314,1230,3,40734,40772,57,77342,2,0,'2019-12-04',100.00,'Factura B N°: 1041-60250373',NULL,'2020-10-25 21:58:28','2020-10-25 21:58:28',NULL),(315,1230,3,40734,40772,57,77342,2,0,'2019-12-06',50.00,'Factura B N°: 1041-61330116',NULL,'2020-10-25 21:58:28','2020-10-25 21:58:28',NULL),(316,1230,3,40734,40772,57,77342,2,0,'2019-12-07',50.00,'Factura B N°: 1041-61785915',NULL,'2020-10-25 21:58:28','2020-10-25 21:58:28',NULL),(317,1230,3,40734,40772,57,77342,2,0,'2019-12-08',50.00,'Factura B N°: 1041-62421832',NULL,'2020-10-25 21:58:28','2020-10-25 21:58:28',NULL),(318,1230,3,40734,40772,57,77342,2,0,'2019-12-09',50.00,'Factura B N°: 1041-62605013',NULL,'2020-10-25 21:58:28','2020-10-25 21:58:28',NULL),(319,1230,3,40734,40772,57,77342,2,0,'2019-12-13',50.00,'Factura B N°: 1041-64285472',NULL,'2020-10-25 21:58:28','2020-10-25 21:58:28',NULL),(320,1230,3,40734,40772,57,77342,2,0,'2019-12-14',50.00,'Factura B N°: 1041-64729714',NULL,'2020-10-25 21:58:28','2020-10-25 21:58:28',NULL),(321,1230,3,40734,40772,57,77342,2,0,'2019-12-14',50.00,'Factura B N°: 1041-64727442',NULL,'2020-10-25 21:58:28','2020-10-25 21:58:28',NULL),(322,1230,3,40734,40772,57,77342,2,0,'2019-12-16',50.00,'Factura B N°: 1041-65502995',NULL,'2020-10-25 21:58:28','2020-10-25 21:58:28',NULL),(323,1230,3,40734,40772,57,77342,2,0,'2019-12-16',100.00,'Factura B N°: 1041-65609401',NULL,'2020-10-25 21:58:28','2020-10-25 21:58:28',NULL),(324,1230,3,40734,40772,57,77342,2,0,'2019-12-17',50.00,'Factura B N°: 1041-65908287',NULL,'2020-10-25 21:58:28','2020-10-25 21:58:28',NULL),(325,1230,3,40734,40772,57,77342,2,0,'2019-12-18',50.00,'Factura B N°: 1041-66337439',NULL,'2020-10-25 21:58:28','2020-10-25 21:58:28',NULL),(326,1230,3,40734,40772,57,77342,2,0,'2019-12-18',50.00,'Factura B N°: 1041-66517570',NULL,'2020-10-25 21:58:28','2020-10-25 21:58:28',NULL),(327,1230,3,40734,40772,57,77342,2,0,'2019-12-19',50.00,'Factura B N°: 1041-66930109',NULL,'2020-10-25 21:58:28','2020-10-25 21:58:28',NULL),(328,1230,3,40734,40772,57,77342,2,0,'2019-12-20',50.00,'Factura B N°: 1041-67332899',NULL,'2020-10-25 21:58:28','2020-10-25 21:58:28',NULL),(329,1230,3,40734,40772,57,77342,2,0,'2019-12-22',50.00,'Factura B N°: 1041-68483424',NULL,'2020-10-25 21:58:28','2020-10-25 21:58:28',NULL),(330,1230,3,40734,40772,57,77342,2,0,'2019-12-22',667.45,'Factura B N°: 1043-08741235',NULL,'2020-10-25 21:58:28','2020-10-25 21:58:28',NULL),(331,1230,3,40734,40772,57,77342,2,0,'2019-12-22',1769.94,'Factura B N°: 1043-08501443',NULL,'2020-10-25 21:58:28','2020-10-25 21:58:28',NULL),(332,1230,3,40734,40772,57,77342,2,0,'2019-12-23',50.00,'Factura B N°: 1041-68846491',NULL,'2020-10-25 21:58:28','2020-10-25 21:58:28',NULL);
INSERT INTO `cta_cte_cliente` VALUES (333,1230,3,40734,40772,57,77342,2,0,'2019-12-24',100.00,'Factura B N°: 1041-69547407',NULL,'2020-10-25 21:58:28','2020-10-25 21:58:28',NULL),(334,1230,3,40734,40772,57,77342,2,0,'2019-12-30',50.00,'Factura B N°: 1041-71736419',NULL,'2020-10-25 21:58:28','2020-10-25 21:58:28',NULL),(335,1230,3,40734,40852,57,36447,2,0,'2020-01-01',1812.00,'Factura B N°: 0013-14089752',NULL,'2020-10-25 21:58:42','2020-10-25 21:58:42',NULL),(336,1230,3,40734,40831,57,36447,2,0,'2020-01-01',844.00,'Factura B N°: 0025-01305752',NULL,'2020-10-25 21:58:42','2020-10-25 21:58:42',NULL),(337,1230,3,40734,40853,57,36447,2,0,'2020-01-02',320000.00,'Factura B N°: 0004-00002311',NULL,'2020-10-25 21:58:42','2020-10-25 21:58:42',NULL),(338,1230,3,40734,40772,57,36447,2,0,'2020-01-02',100.00,'Factura B N°: 1041-73154703',NULL,'2020-10-25 21:58:42','2020-10-25 21:58:42',NULL),(339,1230,3,40734,40772,57,36447,2,0,'2020-01-02',50.00,'Factura B N°: 1041-72921399',NULL,'2020-10-25 21:58:42','2020-10-25 21:58:42',NULL),(340,1230,3,40734,40772,57,36447,2,0,'2020-01-03',200.00,'Factura B N°: 1041-73551622',NULL,'2020-10-25 21:58:42','2020-10-25 21:58:42',NULL),(341,1230,3,40734,40831,57,36447,2,0,'2020-01-10',1833.00,'Factura B N°: 0011-05742093',NULL,'2020-10-25 21:58:42','2020-10-25 21:58:42',NULL),(342,1230,3,40734,40772,57,36447,2,0,'2020-01-13',50.00,'Factura B N°: 1041-77613735',NULL,'2020-10-25 21:58:42','2020-10-25 21:58:42',NULL),(343,1230,3,40734,40772,57,36447,2,0,'2020-01-22',1691.44,'Factura B N°: 1043-14146132',NULL,'2020-10-25 21:58:42','2020-10-25 21:58:42',NULL),(344,1230,3,40734,40772,57,36447,2,0,'2020-01-22',665.65,'Factura B N°: 1043-14423279',NULL,'2020-10-25 21:58:42','2020-10-25 21:58:42',NULL),(345,1230,3,40734,40772,57,36447,2,0,'2020-01-23',50.00,'Factura B N°: 1041-81727908',NULL,'2020-10-25 21:58:42','2020-10-25 21:58:42',NULL),(346,1230,3,40734,40759,57,36447,2,0,'2020-01-25',3000.00,'Factura C N°: 0002-00000033',NULL,'2020-10-25 21:58:42','2020-10-25 21:58:42',NULL),(347,1230,3,40734,40852,57,36448,2,0,'2020-02-01',2220.82,'Factura B N°: 0013-14195791',NULL,'2020-10-25 21:58:55','2020-10-25 21:58:55',NULL),(348,1230,3,40734,40772,57,36448,2,0,'2020-02-02',50.00,'Factura B N°: 1041-85712538',NULL,'2020-10-25 21:58:55','2020-10-25 21:58:55',NULL),(349,1230,3,40734,40772,57,36448,2,0,'2020-02-05',50.00,'Factura B N°: 1041-86931584',NULL,'2020-10-25 21:58:55','2020-10-25 21:58:55',NULL),(350,1230,3,40734,40772,57,36448,2,0,'2020-02-05',50.00,'Factura B N°: 1041-87174823',NULL,'2020-10-25 21:58:55','2020-10-25 21:58:55',NULL),(351,1230,3,40734,40772,57,36448,2,0,'2020-02-07',50.00,'Factura B N°: 1041-87685577',NULL,'2020-10-25 21:58:55','2020-10-25 21:58:55',NULL),(352,1230,3,40734,40831,57,36448,2,0,'2020-02-10',3666.00,'Factura B N°: 0011-05884035',NULL,'2020-10-25 21:58:55','2020-10-25 21:58:55',NULL),(353,1230,3,40734,40772,57,36448,2,0,'2020-02-10',50.00,'Factura B N°: 1041-89204155',NULL,'2020-10-25 21:58:55','2020-10-25 21:58:55',NULL),(354,1230,3,40734,40772,57,36448,2,0,'2020-02-11',50.00,'Factura B N°: 1041-89626276',NULL,'2020-10-25 21:58:55','2020-10-25 21:58:55',NULL),(355,1230,3,40734,40772,57,36448,2,0,'2020-02-14',50.00,'Factura B N°: 1041-90963458',NULL,'2020-10-25 21:58:55','2020-10-25 21:58:55',NULL),(356,1230,3,40734,40772,57,36448,2,0,'2020-02-14',50.00,'Factura B N°: 1041-90673751',NULL,'2020-10-25 21:58:55','2020-10-25 21:58:55',NULL),(357,1230,3,40734,40853,57,36448,1,0,'2020-02-20',320000.00,'Nota de crédito B N°: 0004-00000263',NULL,'2020-10-25 21:58:55','2020-10-25 21:58:55',NULL),(358,1230,3,40734,40853,57,36448,2,0,'2020-02-20',320000.00,'Factura B N°: 0004-00002446',NULL,'2020-10-25 21:58:55','2020-10-25 21:58:55',NULL),(359,1230,3,40734,40772,57,36448,2,0,'2020-02-22',1870.01,'Factura B N°: 1043-19801565',NULL,'2020-10-25 21:58:55','2020-10-25 21:58:55',NULL),(360,1230,3,40734,40772,57,36448,2,0,'2020-02-22',670.48,'Factura B N°: 1043-20026403',NULL,'2020-10-25 21:58:55','2020-10-25 21:58:55',NULL);
INSERT INTO `cta_cte_cliente` VALUES (361,1230,3,40734,40852,57,36449,2,0,'2020-03-01',2119.29,'Factura B N°: 0013-14300330',NULL,'2020-10-25 21:59:10','2020-10-25 21:59:10',NULL),(362,1230,3,40734,40772,57,36449,2,0,'2020-03-02',50.00,'Factura B N°: 1041-97878963',NULL,'2020-10-25 21:59:10','2020-10-25 21:59:10',NULL),(363,1230,3,40734,40772,57,36449,2,0,'2020-03-04',50.00,'Factura B N°: 1046-00227717',NULL,'2020-10-25 21:59:10','2020-10-25 21:59:10',NULL),(364,1230,3,40734,40772,57,36449,2,0,'2020-03-04',50.00,'Factura B N°: 1046-00225233',NULL,'2020-10-25 21:59:10','2020-10-25 21:59:10',NULL),(365,1230,3,40734,40772,57,36449,2,0,'2020-03-06',50.00,'Factura B N°: 1046-00983923',NULL,'2020-10-25 21:59:10','2020-10-25 21:59:10',NULL),(366,1230,3,40734,40772,57,36449,2,0,'2020-03-07',50.00,'Factura B N°: 1046-01461230',NULL,'2020-10-25 21:59:10','2020-10-25 21:59:10',NULL),(367,1230,3,40734,40772,57,36449,2,0,'2020-03-07',100.00,'Factura B N°: 1046-01805608',NULL,'2020-10-25 21:59:10','2020-10-25 21:59:10',NULL),(368,1230,3,40734,40772,57,36449,2,0,'2020-03-09',100.00,'Factura B N°: 1046-02328639',NULL,'2020-10-25 21:59:10','2020-10-25 21:59:10',NULL),(369,1230,3,40734,40772,57,36449,2,0,'2020-03-10',50.00,'Factura B N°: 1046-02848610',NULL,'2020-10-25 21:59:10','2020-10-25 21:59:10',NULL),(370,1230,3,40734,40772,57,36449,2,0,'2020-03-12',100.00,'Factura B N°: 1046-03537820',NULL,'2020-10-25 21:59:10','2020-10-25 21:59:10',NULL),(371,1230,3,40734,40772,57,36449,2,0,'2020-03-16',50.00,'Factura B N°: 1046-05241749',NULL,'2020-10-25 21:59:11','2020-10-25 21:59:11',NULL),(372,1230,3,40734,40772,57,36449,2,0,'2020-03-16',50.00,'Factura B N°: 1046-05338735',NULL,'2020-10-25 21:59:11','2020-10-25 21:59:11',NULL),(373,1230,3,40734,40772,57,36449,2,0,'2020-03-17',100.00,'Factura B N°: 1046-05669232',NULL,'2020-10-25 21:59:11','2020-10-25 21:59:11',NULL),(374,1230,3,40734,40831,57,36449,2,0,'2020-03-19',1181.60,'Factura B N°: 0025-01448153',NULL,'2020-10-25 21:59:11','2020-10-25 21:59:11',NULL),(375,1230,3,40734,40831,57,36449,2,0,'2020-03-20',2145.00,'Factura B N°: 0011-06041877',NULL,'2020-10-25 21:59:11','2020-10-25 21:59:11',NULL),(376,1230,3,40734,40772,57,36449,2,0,'2020-03-21',50.00,'Factura B N°: 1046-07621563',NULL,'2020-10-25 21:59:11','2020-10-25 21:59:11',NULL),(377,1230,3,40734,40772,57,36449,2,0,'2020-03-22',2033.58,'Factura B N°: 1043-25461442',NULL,'2020-10-25 21:59:11','2020-10-25 21:59:11',NULL),(378,1230,3,40734,40772,57,36449,2,0,'2020-03-22',794.85,'Factura B N°: 1043-25782779',NULL,'2020-10-25 21:59:11','2020-10-25 21:59:11',NULL),(379,1230,3,40734,40854,57,36449,2,0,'2020-03-30',1296.56,'Nota de débito B N°: 0064-00055951',NULL,'2020-10-25 21:59:11','2020-10-25 21:59:11',NULL),(380,1230,3,40734,40852,57,36450,2,0,'2020-04-01',1781.58,'Factura B N°: 0013-14394616',NULL,'2020-10-25 21:59:25','2020-10-25 21:59:25',NULL),(381,1230,3,40734,40852,57,36451,2,0,'2020-05-01',2593.16,'Factura B N°: 0013-14505407',NULL,'2020-10-25 21:59:38','2020-10-25 21:59:38',NULL),(382,1230,3,40734,40852,57,36452,2,0,'2020-06-01',2301.20,'Factura B N°: 0013-14607115',NULL,'2020-10-25 21:59:55','2020-10-25 21:59:55',NULL),(383,1230,3,40734,40855,57,36452,2,0,'2020-06-10',3978.88,'Factura B N°: 0102-00011073',NULL,'2020-10-25 21:59:55','2020-10-25 21:59:55',NULL),(384,1230,3,40734,40856,57,36453,2,0,'2020-07-07',2757.71,'Factura B N°: 0006-00002441',NULL,'2020-10-25 22:00:05','2020-10-25 22:00:05',NULL),(385,1230,3,40734,40790,57,36453,2,0,'2020-07-12',4453.53,'Factura B N°: 2131-01786580',NULL,'2020-10-25 22:00:05','2020-10-25 22:00:05',NULL),(386,1230,3,40734,40790,57,36453,2,0,'2020-07-12',33299.10,'Factura B N°: 2131-01786697',NULL,'2020-10-25 22:00:05','2020-10-25 22:00:05',NULL),(387,1230,3,40734,40790,57,36453,2,0,'2020-07-12',2948.90,'Factura B N°: 2131-01786682',NULL,'2020-10-25 22:00:05','2020-10-25 22:00:05',NULL),(388,1230,3,40734,40857,57,36453,2,0,'2020-07-29',3400.00,'Factura B N°: 0005-00002864',NULL,'2020-10-25 22:00:05','2020-10-25 22:00:05',NULL);
INSERT INTO `cta_cte_cliente` VALUES (389,1230,3,40734,40852,57,36454,2,0,'2020-08-01',0.01,'Factura B N°: 0013-14837797',NULL,'2020-10-25 22:00:23','2020-10-25 22:00:23',NULL),(390,1230,3,40734,40852,57,36455,2,0,'2020-09-01',0.01,'Factura B N°: 0013-14924733',NULL,'2020-10-25 22:00:40','2020-10-25 22:00:40',NULL),(391,1230,2,40735,40858,13,77343,1,0,'2019-10-03',32055.00,'Factura C N°: 0001-00000017',NULL,'2020-10-25 22:22:40','2020-10-25 22:22:40',NULL),(392,1230,2,40735,40858,13,77344,1,0,'2019-11-02',25175.00,'Factura C N°: 0001-00000018',NULL,'2020-10-25 22:22:52','2020-10-25 22:22:52',NULL),(393,1230,2,40735,40858,13,77345,1,0,'2019-12-03',32760.00,'Factura C N°: 0001-00000019',NULL,'2020-10-25 22:23:11','2020-10-25 22:23:11',NULL),(394,1230,2,40735,40859,13,77345,1,0,'2019-12-05',510.00,'Factura C N°: 0001-00000020',NULL,'2020-10-25 22:23:11','2020-10-25 22:23:11',NULL),(395,1230,2,40735,40860,13,77345,1,0,'2019-12-05',1119.00,'Factura C N°: 0001-00000021',NULL,'2020-10-25 22:23:11','2020-10-25 22:23:11',NULL),(396,1230,2,40735,40858,13,37962,1,0,'2020-01-03',23845.00,'Factura C N°: 0001-00000022',NULL,'2020-10-25 22:23:24','2020-10-25 22:23:24',NULL),(397,1230,2,40735,40858,13,37964,1,0,'2020-03-06',15330.00,'Factura C N°: 0001-00000023',NULL,'2020-10-25 22:23:53','2020-10-25 22:23:53',NULL),(398,1230,2,40735,40858,13,37965,1,0,'2020-04-01',25500.00,'Factura C N°: 0001-00000024',NULL,'2020-10-25 22:24:15','2020-10-25 22:24:15',NULL),(399,1230,2,40735,40858,13,37966,1,0,'2020-05-04',35475.00,'Factura C N°: 0001-00000025',NULL,'2020-10-25 22:24:48','2020-10-25 22:24:48',NULL),(400,1230,2,40735,40858,13,37967,1,0,'2020-06-03',20115.00,'Factura C N°: 0001-00000026',NULL,'2020-10-25 22:25:10','2020-10-25 22:25:10',NULL),(401,1230,2,40735,40858,13,37968,1,0,'2020-07-03',20010.00,'Factura C N°: 0001-00000027',NULL,'2020-10-25 22:25:24','2020-10-25 22:25:24',NULL),(402,1230,2,40735,40858,13,37969,1,0,'2020-08-03',16485.00,'Factura C N°: 0001-00000028',NULL,'2020-10-25 22:26:22','2020-10-25 22:26:22',NULL),(403,1230,2,40735,40858,13,37970,1,0,'2020-09-04',19905.00,'Factura C N°: 0001-00000029',NULL,'2020-10-25 22:26:35','2020-10-25 22:26:35',NULL),(404,1230,3,40735,40861,57,77343,2,0,'2019-10-04',0.00,'Factura B N°: 0021-09258756',NULL,'2020-10-25 22:27:38','2020-10-25 22:27:38',NULL),(405,1230,3,40735,40862,57,77343,1,0,'2019-10-22',200.00,'Nota de crédito B N°: 0157-05756728',NULL,'2020-10-25 22:27:38','2020-10-25 22:27:38',NULL),(406,1230,3,40735,40862,57,77343,2,0,'2019-10-22',1279.00,'Factura B N°: 0157-44567803',NULL,'2020-10-25 22:27:38','2020-10-25 22:27:38',NULL),(407,1230,3,40735,40862,57,77343,2,0,'2019-10-22',200.00,'Factura B N°: 0157-44567804',NULL,'2020-10-25 22:27:38','2020-10-25 22:27:38',NULL),(408,1230,3,40735,40732,57,77343,2,0,'2019-10-28',900.00,'Factura C N°: 0001-00000148',NULL,'2020-10-25 22:27:38','2020-10-25 22:27:38',NULL),(409,1230,3,40735,40861,57,77344,2,0,'2019-11-04',298.99,'Factura B N°: 0021-09419906',NULL,'2020-10-25 22:27:49','2020-10-25 22:27:49',NULL),(410,1230,3,40735,40732,57,77344,2,0,'2019-11-11',900.00,'Factura C N°: 0001-00000158',NULL,'2020-10-25 22:27:49','2020-10-25 22:27:49',NULL),(411,1230,3,40735,40863,57,77344,2,0,'2019-11-13',890.00,'Factura B N°: 0004-00000221',NULL,'2020-10-25 22:27:49','2020-10-25 22:27:49',NULL),(412,1230,3,40735,40862,57,77344,1,0,'2019-11-23',220.00,'Nota de crédito B N°: 0157-06074569',NULL,'2020-10-25 22:27:49','2020-10-25 22:27:49',NULL),(413,1230,3,40735,40862,57,77344,2,0,'2019-11-23',1450.00,'Factura B N°: 0157-45184306',NULL,'2020-10-25 22:27:49','2020-10-25 22:27:49',NULL),(414,1230,3,40735,40862,57,77344,2,0,'2019-11-23',220.00,'Factura B N°: 0157-45184307',NULL,'2020-10-25 22:27:49','2020-10-25 22:27:49',NULL),(415,1230,3,40735,40864,57,77344,2,0,'2019-11-27',1154.00,'Factura B N°: 0003-05444419',NULL,'2020-10-25 22:27:49','2020-10-25 22:27:49',NULL);
INSERT INTO `cta_cte_cliente` VALUES (416,1230,3,40735,40865,57,77345,2,0,'2019-12-02',7500.00,'Factura B N°: 0002-00005379',NULL,'2020-10-25 22:28:01','2020-10-25 22:28:01',NULL),(417,1230,3,40735,40861,57,77345,2,0,'2019-12-04',4874.00,'Factura B N°: 0021-09577704',NULL,'2020-10-25 22:28:01','2020-10-25 22:28:01',NULL),(418,1230,3,40735,40862,57,77345,2,0,'2019-12-19',1290.00,'Factura B N°: 0157-45853636',NULL,'2020-10-25 22:28:01','2020-10-25 22:28:01',NULL),(419,1230,3,40735,40862,57,77345,2,0,'2019-12-19',220.00,'Factura B N°: 0157-45853637',NULL,'2020-10-25 22:28:01','2020-10-25 22:28:01',NULL),(420,1230,3,40735,40862,57,77345,1,0,'2019-12-20',220.00,'Nota de crédito B N°: 0157-06323833',NULL,'2020-10-25 22:28:01','2020-10-25 22:28:01',NULL),(421,1230,3,40735,40861,57,37962,2,0,'2020-01-04',4874.00,'Factura B N°: 0021-09733409',NULL,'2020-10-25 22:28:14','2020-10-25 22:28:14',NULL),(422,1230,3,40735,40862,57,37962,2,0,'2020-01-22',1298.00,'Factura B N°: 0157-46508214',NULL,'2020-10-25 22:28:14','2020-10-25 22:28:14',NULL),(423,1230,3,40735,40862,57,37962,2,0,'2020-01-22',220.00,'Factura B N°: 0157-46508215',NULL,'2020-10-25 22:28:14','2020-10-25 22:28:14',NULL),(424,1230,3,40735,40862,57,37962,1,0,'2020-01-23',220.00,'Nota de crédito B N°: 0157-06572406',NULL,'2020-10-25 22:28:14','2020-10-25 22:28:14',NULL),(425,1230,3,40735,40866,57,37963,2,0,'2020-02-14',1134.00,'Factura B N°: 1067-00678778',NULL,'2020-10-25 22:28:33','2020-10-25 22:28:33',NULL),(426,1230,3,40735,40861,57,37963,2,0,'2020-02-18',5385.77,'Factura B N°: 0020-00144203',NULL,'2020-10-25 22:28:33','2020-10-25 22:28:33',NULL),(427,1230,3,40735,40862,57,37963,2,0,'2020-02-19',1525.00,'Factura B N°: 0157-47315192',NULL,'2020-10-25 22:28:33','2020-10-25 22:28:33',NULL),(428,1230,3,40735,40862,57,37963,2,0,'2020-02-19',270.00,'Factura B N°: 0157-47315193',NULL,'2020-10-25 22:28:33','2020-10-25 22:28:33',NULL),(429,1230,3,40735,40862,57,37963,1,0,'2020-02-20',270.00,'Nota de crédito B N°: 0157-06780304',NULL,'2020-10-25 22:28:33','2020-10-25 22:28:33',NULL),(430,1230,3,40735,40861,57,37964,2,0,'2020-03-02',5385.77,'Factura B N°: 0021-09962445',NULL,'2020-10-25 22:28:48','2020-10-25 22:28:48',NULL),(431,1230,3,40735,40866,57,37964,2,0,'2020-03-05',1419.50,'Factura B N°: 1067-00696932',NULL,'2020-10-25 22:28:48','2020-10-25 22:28:48',NULL),(432,1230,3,40735,40862,57,37964,2,0,'2020-03-19',1582.00,'Factura B N°: 0157-47999365',NULL,'2020-10-25 22:28:48','2020-10-25 22:28:48',NULL),(433,1230,3,40735,40862,57,37964,2,0,'2020-03-19',270.00,'Factura B N°: 0157-47999366',NULL,'2020-10-25 22:28:48','2020-10-25 22:28:48',NULL),(434,1230,3,40735,40862,57,37964,1,0,'2020-03-20',270.00,'Nota de crédito B N°: 0157-06996698',NULL,'2020-10-25 22:28:48','2020-10-25 22:28:48',NULL),(435,1230,3,40735,40861,57,37965,2,0,'2020-04-01',12406.95,'Factura B N°: 0021-10107452',NULL,'2020-10-25 22:29:16','2020-10-25 22:29:16',NULL),(436,1230,3,40735,40867,57,37965,2,0,'2020-04-16',1348.76,'Factura B N°: 0005-00012493',NULL,'2020-10-25 22:29:16','2020-10-25 22:29:16',NULL),(437,1230,3,40735,40862,57,37965,2,0,'2020-04-21',1638.00,'Factura B N°: 0157-48957162',NULL,'2020-10-25 22:29:16','2020-10-25 22:29:16',NULL),(438,1230,3,40735,40862,57,37965,2,0,'2020-04-21',270.00,'Factura B N°: 0157-48957163',NULL,'2020-10-25 22:29:16','2020-10-25 22:29:16',NULL),(439,1230,3,40735,40862,57,37965,1,0,'2020-04-21',270.00,'Nota de crédito B N°: 0157-07179193',NULL,'2020-10-25 22:29:16','2020-10-25 22:29:16',NULL),(440,1230,3,40735,40861,57,37966,2,0,'2020-05-04',8896.36,'Factura B N°: 0021-10254763',NULL,'2020-10-25 22:29:42','2020-10-25 22:29:42',NULL),(441,1230,3,40735,40866,57,37966,2,0,'2020-05-21',974.80,'Factura B N°: 1067-00799096',NULL,'2020-10-25 22:29:42','2020-10-25 22:29:42',NULL),(442,1230,3,40735,40862,57,37966,2,0,'2020-05-22',1671.00,'Factura B N°: 0157-49595537',NULL,'2020-10-25 22:29:42','2020-10-25 22:29:42',NULL);
INSERT INTO `cta_cte_cliente` VALUES (443,1230,3,40735,40862,57,37966,2,0,'2020-05-22',300.00,'Factura B N°: 0157-49595538',NULL,'2020-10-25 22:29:42','2020-10-25 22:29:42',NULL),(444,1230,3,40735,40862,57,37966,1,0,'2020-05-22',300.00,'Nota de crédito B N°: 0157-07458511',NULL,'2020-10-25 22:29:42','2020-10-25 22:29:42',NULL),(445,1230,3,40735,40861,57,37967,2,0,'2020-06-01',8896.36,'Factura B N°: 0021-10400898',NULL,'2020-10-25 22:29:58','2020-10-25 22:29:58',NULL),(446,1230,3,40735,40862,57,37967,2,0,'2020-06-24',1610.00,'Factura B N°: 0157-50171130',NULL,'2020-10-25 22:29:58','2020-10-25 22:29:58',NULL),(447,1230,3,40735,40862,57,37967,2,0,'2020-06-24',300.00,'Factura B N°: 0157-50171131',NULL,'2020-10-25 22:29:58','2020-10-25 22:29:58',NULL),(448,1230,3,40735,40862,57,37967,1,0,'2020-06-24',300.00,'Nota de crédito B N°: 0157-07687917',NULL,'2020-10-25 22:29:58','2020-10-25 22:29:58',NULL),(449,1230,3,40735,40861,57,37968,2,0,'2020-07-02',8896.36,'Factura B N°: 0021-10553609',NULL,'2020-10-25 22:30:14','2020-10-25 22:30:14',NULL),(450,1230,3,40735,40866,57,37968,2,0,'2020-07-03',974.80,'Factura B N°: 1067-00864509',NULL,'2020-10-25 22:30:14','2020-10-25 22:30:14',NULL),(451,1230,3,40735,40862,57,37968,2,0,'2020-07-22',1956.00,'Factura B N°: 0157-50998178',NULL,'2020-10-25 22:30:14','2020-10-25 22:30:14',NULL),(452,1230,3,40735,40862,57,37968,2,0,'2020-07-22',300.00,'Factura B N°: 0157-50998179',NULL,'2020-10-25 22:30:14','2020-10-25 22:30:14',NULL),(453,1230,3,40735,40862,57,37968,1,0,'2020-07-23',300.00,'Nota de crédito B N°: 0157-07899623',NULL,'2020-10-25 22:30:14','2020-10-25 22:30:14',NULL),(454,1230,3,40735,40868,57,37968,1,0,'2020-07-31',1738.01,'Nota de crédito B N°: 1219-00001392',NULL,'2020-10-25 22:30:14','2020-10-25 22:30:14',NULL),(455,1230,3,40735,40868,57,37968,2,0,'2020-07-31',1738.00,'Factura B N°: 1219-00010942',NULL,'2020-10-25 22:30:14','2020-10-25 22:30:14',NULL),(456,1230,3,40735,40861,57,37969,2,0,'2020-08-03',8896.36,'Factura B N°: 0050-00004968',NULL,'2020-10-25 22:30:28','2020-10-25 22:30:28',NULL),(457,1230,3,40735,40862,57,37969,2,0,'2020-08-20',1960.00,'Factura B N°: 0157-52145049',NULL,'2020-10-25 22:30:28','2020-10-25 22:30:28',NULL),(458,1230,3,40735,40862,57,37969,2,0,'2020-08-20',300.00,'Factura B N°: 0157-52145050',NULL,'2020-10-25 22:30:28','2020-10-25 22:30:28',NULL),(459,1230,3,40735,40862,57,37969,1,0,'2020-08-21',300.00,'Nota de crédito B N°: 0157-08030316',NULL,'2020-10-25 22:30:28','2020-10-25 22:30:28',NULL),(460,1230,3,40735,40862,57,37970,2,0,'2020-09-22',1806.00,'Factura B N°: 0157-52708496',NULL,'2020-10-25 22:30:50','2020-10-25 22:30:50',NULL),(461,1230,3,40735,40862,57,37970,2,0,'2020-09-22',340.00,'Factura B N°: 0157-52708497',NULL,'2020-10-25 22:30:50','2020-10-25 22:30:50',NULL),(462,1230,3,40735,40862,57,37970,1,0,'2020-09-23',340.00,'Nota de crédito B N°: 0157-08243925',NULL,'2020-10-25 22:30:50','2020-10-25 22:30:50',NULL),(463,906,2,40749,40751,13,48561,1,0,'2020-01-28',63460.24,'Factura C N°: 0002-00000033',NULL,'2020-10-26 01:03:43','2020-10-26 01:03:43',NULL),(464,906,2,40749,40751,13,48562,1,0,'2020-02-27',62033.73,'Factura C N°: 0002-00000034',NULL,'2020-10-26 01:06:38','2020-10-26 01:06:38',NULL),(465,906,2,40749,40869,13,48563,1,0,'2020-03-09',3500.00,'Factura C N°: 0002-00000035',NULL,'2020-10-26 01:07:49','2020-10-26 01:07:49',NULL),(466,906,2,40749,40751,13,48563,1,0,'2020-03-25',34832.28,'Factura C N°: 0002-00000036',NULL,'2020-10-26 01:07:49','2020-10-26 01:07:49',NULL),(467,906,2,40749,40870,13,48565,1,0,'2020-05-08',9081.04,'Factura C N°: 0002-00000037',NULL,'2020-10-26 01:09:07','2020-10-26 01:09:07',NULL),(468,906,2,40749,40870,13,48565,1,0,'2020-05-14',4540.52,'Factura C N°: 0002-00000038',NULL,'2020-10-26 01:09:07','2020-10-26 01:09:07',NULL),(469,906,2,40749,40870,13,48565,1,0,'2020-05-15',9081.04,'Factura C N°: 0002-00000039',NULL,'2020-10-26 01:09:07','2020-10-26 01:09:07',NULL);
INSERT INTO `cta_cte_cliente` VALUES (470,906,2,40749,40870,13,48565,1,0,'2020-05-21',9081.04,'Factura C N°: 0002-00000040',NULL,'2020-10-26 01:09:07','2020-10-26 01:09:07',NULL),(471,906,2,40749,40751,13,48565,1,0,'2020-05-28',66031.56,'Factura C N°: 0002-00000041',NULL,'2020-10-26 01:09:07','2020-10-26 01:09:07',NULL),(472,906,2,40749,40870,13,48566,1,0,'2020-06-16',4540.52,'Factura C N°: 0002-00000042',NULL,'2020-10-26 01:09:45','2020-10-26 01:09:45',NULL),(473,906,2,40749,40751,13,48566,1,0,'2020-06-30',92617.64,'Factura C N°: 0002-00000043',NULL,'2020-10-26 01:09:45','2020-10-26 01:09:45',NULL),(474,906,2,40749,40751,13,48567,1,0,'2020-07-27',63015.36,'Factura C N°: 0002-00000044',NULL,'2020-10-26 01:10:37','2020-10-26 01:10:37',NULL),(475,906,2,40749,40751,13,48568,1,0,'2020-08-24',88077.12,'Factura C N°: 0002-00000045',NULL,'2020-10-26 01:11:20','2020-10-26 01:11:20',NULL),(476,906,2,40749,40751,13,48568,1,0,'2020-08-27',101698.68,'Factura C N°: 0002-00000046',NULL,'2020-10-26 01:11:20','2020-10-26 01:11:20',NULL),(477,906,2,40749,40751,13,48568,2,0,'2020-08-31',88077.12,'Nota de crédito C N°: 0002-00000001',NULL,'2020-10-26 01:11:20','2020-10-26 01:11:20',NULL),(478,906,3,40749,40743,57,48561,2,0,'2020-01-13',19.53,'Nota de débito B N°: 0002-00012671',NULL,'2020-10-26 01:18:51','2020-10-26 01:18:51',NULL),(479,906,3,40749,40724,57,48561,2,0,'2020-01-15',1343.70,'Factura B N°: 0629-08356461',NULL,'2020-10-26 01:18:51','2020-10-26 01:18:51',NULL),(480,906,3,40749,40725,57,48561,2,0,'2020-01-15',630.90,'Factura B N°: 0711-04520552',NULL,'2020-10-26 01:18:51','2020-10-26 01:18:51',NULL),(481,906,3,40749,40742,57,48561,2,0,'2020-01-20',550.00,'Factura B N°: 0113-07051745',NULL,'2020-10-26 01:18:51','2020-10-26 01:18:51',NULL),(482,906,3,40749,40743,57,48561,2,0,'2020-01-23',250.16,'Factura B N°: 0002-02720257',NULL,'2020-10-26 01:18:51','2020-10-26 01:18:51',NULL),(483,906,3,40749,40727,57,48561,2,0,'2020-01-25',565.50,'Factura B N°: 5005-27993003',NULL,'2020-10-26 01:18:51','2020-10-26 01:18:51',NULL),(484,906,3,40749,40724,57,48562,2,0,'2020-02-15',3621.60,'Factura B N°: 0629-08601711',NULL,'2020-10-26 01:20:46','2020-10-26 01:20:46',NULL),(485,906,3,40749,40725,57,48562,2,0,'2020-02-15',1278.60,'Factura B N°: 0711-04925863',NULL,'2020-10-26 01:20:46','2020-10-26 01:20:46',NULL),(486,906,3,40749,40727,57,48562,2,0,'2020-02-17',872.00,'Factura B N°: 5005-28047730',NULL,'2020-10-26 01:20:46','2020-10-26 01:20:46',NULL),(487,906,3,40749,40742,57,48562,2,0,'2020-02-19',1088.00,'Factura B N°: 0113-07167677',NULL,'2020-10-26 01:20:46','2020-10-26 01:20:46',NULL),(488,906,3,40749,40752,57,48562,2,0,'2020-02-20',370.80,'Factura B N°: 0050-08363101',NULL,'2020-10-26 01:20:46','2020-10-26 01:20:46',NULL),(489,906,3,40749,40743,57,48562,2,0,'2020-02-20',227.71,'Factura B N°: 0114-00211600',NULL,'2020-10-26 01:20:46','2020-10-26 01:20:46',NULL),(490,906,3,40749,40743,57,48562,2,0,'2020-02-25',396.97,'Factura B N°: 0002-02902355',NULL,'2020-10-26 01:20:46','2020-10-26 01:20:46',NULL),(491,906,3,40749,40732,57,48562,2,0,'2020-02-27',2100.00,'Factura C N°: 0001-00000182',NULL,'2020-10-26 01:20:46','2020-10-26 01:20:46',NULL),(492,906,3,40749,40724,57,48563,2,0,'2020-03-15',1153.20,'Factura B N°: 0629-08851232',NULL,'2020-10-26 01:21:15','2020-10-26 01:21:15',NULL),(493,906,3,40749,40725,57,48563,2,0,'2020-03-15',484.50,'Factura B N°: 0711-05327107',NULL,'2020-10-26 01:21:15','2020-10-26 01:21:15',NULL),(494,906,3,40749,40727,57,48563,2,0,'2020-03-16',525.01,'Factura B N°: 5008-00107474',NULL,'2020-10-26 01:21:15','2020-10-26 01:21:15',NULL),(495,906,3,40749,40742,57,48563,2,0,'2020-03-19',322.80,'Factura B N°: 0113-07280352',NULL,'2020-10-26 01:21:15','2020-10-26 01:21:15',NULL),(496,906,3,40749,40743,57,48563,2,0,'2020-03-25',256.54,'Factura B N°: 0002-03074442',NULL,'2020-10-26 01:21:15','2020-10-26 01:21:15',NULL),(497,906,3,40749,40724,57,48564,2,0,'2020-04-15',314.70,'Factura B N°: 0629-08920615',NULL,'2020-10-26 01:22:12','2020-10-26 01:22:12',NULL);
INSERT INTO `cta_cte_cliente` VALUES (498,906,3,40749,40727,57,48564,2,0,'2020-04-16',171.00,'Factura B N°: 5008-00132222',NULL,'2020-10-26 01:22:12','2020-10-26 01:22:12',NULL),(499,906,3,40749,40727,57,48564,1,0,'2020-04-17',171.00,'Nota de crédito B N°: 5008-00007846',NULL,'2020-10-26 01:22:12','2020-10-26 01:22:12',NULL),(500,906,3,40749,40727,57,48564,2,0,'2020-04-18',171.00,'Factura B N°: 5008-00179123',NULL,'2020-10-26 01:22:12','2020-10-26 01:22:12',NULL),(501,906,3,40749,40813,57,48564,1,0,'2020-04-24',506.51,'Nota de crédito B N°: 6496-01515448',NULL,'2020-10-26 01:22:12','2020-10-26 01:22:12',NULL),(502,906,3,40749,40813,57,48564,1,0,'2020-04-24',506.51,'Nota de crédito B N°: 6496-01515449',NULL,'2020-10-26 01:22:12','2020-10-26 01:22:12',NULL),(503,906,3,40749,40813,57,48564,1,0,'2020-04-24',591.67,'Nota de crédito B N°: 6496-01515456',NULL,'2020-10-26 01:22:12','2020-10-26 01:22:12',NULL),(504,906,3,40749,40813,57,48564,1,0,'2020-04-24',591.67,'Nota de crédito B N°: 6496-01515457',NULL,'2020-10-26 01:22:12','2020-10-26 01:22:12',NULL),(505,906,3,40749,40724,57,48566,2,0,'2020-06-15',1735.50,'Factura B N°: 0629-09038572',NULL,'2020-10-26 01:23:18','2020-10-26 01:23:18',NULL),(506,906,3,40749,40725,57,48566,2,0,'2020-06-15',357.00,'Factura B N°: 0711-05649250',NULL,'2020-10-26 01:23:18','2020-10-26 01:23:18',NULL),(507,906,3,40749,40727,57,48566,2,0,'2020-06-18',646.50,'Factura B N°: 5009-00159181',NULL,'2020-10-26 01:23:18','2020-10-26 01:23:18',NULL),(508,906,3,40749,40742,57,48566,2,0,'2020-06-20',550.00,'Factura B N°: 0113-07353584',NULL,'2020-10-26 01:23:18','2020-10-26 01:23:18',NULL),(509,906,3,40749,40724,57,48567,2,0,'2020-07-15',3204.30,'Factura B N°: 0629-09144294',NULL,'2020-10-26 01:23:58','2020-10-26 01:23:58',NULL),(510,906,3,40749,40725,57,48567,2,0,'2020-07-15',732.25,'Factura B N°: 0711-05824187',NULL,'2020-10-26 01:23:58','2020-10-26 01:23:58',NULL),(511,906,3,40749,40727,57,48567,2,0,'2020-07-17',427.50,'Factura B N°: 5009-00181833',NULL,'2020-10-26 01:23:58','2020-10-26 01:23:58',NULL),(512,906,3,40749,40742,57,48567,2,0,'2020-07-19',430.40,'Factura B N°: 0113-07399692',NULL,'2020-10-26 01:23:58','2020-10-26 01:23:58',NULL),(513,906,3,40749,40752,57,48567,2,0,'2020-07-22',370.80,'Factura B N°: 0050-08818885',NULL,'2020-10-26 01:23:58','2020-10-26 01:23:58',NULL),(514,906,3,40749,40732,57,48567,2,0,'2020-07-31',3000.00,'Factura C N°: 0001-00000210',NULL,'2020-10-26 01:23:58','2020-10-26 01:23:58',NULL),(515,906,3,40749,40724,57,48568,2,0,'2020-08-15',3604.50,'Factura B N°: 0629-09273400',NULL,'2020-10-26 01:24:39','2020-10-26 01:24:39',NULL),(516,906,3,40749,40725,57,48568,2,0,'2020-08-15',582.55,'Factura B N°: 0711-06014849',NULL,'2020-10-26 01:24:39','2020-10-26 01:24:39',NULL),(517,906,3,40749,40727,57,48568,2,0,'2020-08-19',1601.51,'Factura B N°: 5009-00205083',NULL,'2020-10-26 01:24:39','2020-10-26 01:24:39',NULL),(518,906,3,40749,40752,57,48568,2,0,'2020-08-20',370.80,'Factura B N°: 0050-08886178',NULL,'2020-10-26 01:24:39','2020-10-26 01:24:39',NULL),(519,906,3,40749,40742,57,48568,2,0,'2020-08-20',269.20,'Factura B N°: 0113-07454471',NULL,'2020-10-26 01:24:39','2020-10-26 01:24:39',NULL),(520,906,3,40749,40743,57,48568,2,0,'2020-08-25',390.59,'Factura B N°: 0002-03276198',NULL,'2020-10-26 01:24:39','2020-10-26 01:24:39',NULL),(521,906,2,40749,40751,13,77346,1,0,'2019-09-30',95407.04,'Factura C N°: 0002-00000029',NULL,'2020-10-27 00:19:07','2020-10-27 00:19:07',NULL),(522,906,2,40749,40751,13,77347,1,0,'2019-10-30',81834.39,'Factura C N°: 0002-00000030',NULL,'2020-10-27 00:20:22','2020-10-27 00:20:22',NULL),(523,906,2,40749,40751,13,77348,1,0,'2019-11-30',94433.39,'Factura C N°: 0002-00000031',NULL,'2020-10-27 00:20:53','2020-10-27 00:20:53',NULL),(524,906,2,40749,40751,13,77349,1,0,'2019-12-31',73148.70,'Factura C N°: 0002-00000032',NULL,'2020-10-27 00:21:22','2020-10-27 00:21:22',NULL);
INSERT INTO `cta_cte_cliente` VALUES (525,906,3,40749,40724,57,77346,2,0,'2019-09-15',3930.30,'Factura B N°: 0629-07397645',NULL,'2020-10-27 00:22:08','2020-10-27 00:22:08',NULL),(526,906,3,40749,40725,57,77346,2,0,'2019-09-15',1040.40,'Factura B N°: 0711-03011644',NULL,'2020-10-27 00:22:08','2020-10-27 00:22:08',NULL),(527,906,3,40749,40752,57,77346,2,0,'2019-09-20',278.10,'Factura B N°: 0050-07319622',NULL,'2020-10-27 00:22:08','2020-10-27 00:22:08',NULL),(528,906,3,40749,40742,57,77346,2,0,'2019-09-20',430.40,'Factura B N°: 0113-06581933',NULL,'2020-10-27 00:22:08','2020-10-27 00:22:08',NULL),(529,906,3,40749,40743,57,77346,2,0,'2019-09-21',390.59,'Factura B N°: 0002-02038162',NULL,'2020-10-27 00:22:08','2020-10-27 00:22:08',NULL),(530,906,3,40749,40727,57,77346,2,0,'2019-09-23',916.50,'Factura B N°: 5005-26205449',NULL,'2020-10-27 00:22:08','2020-10-27 00:22:08',NULL),(531,906,3,40749,40743,57,77346,2,0,'2019-09-27',23.68,'Nota de débito B N°: 0002-00010076',NULL,'2020-10-27 00:22:08','2020-10-27 00:22:08',NULL),(532,906,3,40749,40724,57,77346,2,0,'2019-09-30',175.96,'Nota de débito B N°: 0628-00062130',NULL,'2020-10-27 00:22:08','2020-10-27 00:22:08',NULL),(533,906,3,40749,40727,57,77346,2,0,'2019-09-30',39.47,'Nota de débito B N°: 5005-00304315',NULL,'2020-10-27 00:22:08','2020-10-27 00:22:08',NULL),(534,906,3,40749,40724,57,77347,2,0,'2019-10-15',2427.73,'Factura B N°: 0629-07623516',NULL,'2020-10-27 00:22:47','2020-10-27 00:22:47',NULL),(535,906,3,40749,40725,57,77347,2,0,'2019-10-15',994.80,'Factura B N°: 0711-03411409',NULL,'2020-10-27 00:22:47','2020-10-27 00:22:47',NULL),(536,906,3,40749,40742,57,77347,2,0,'2019-10-18',100.04,'Nota de débito B N°: 0113-00023930',NULL,'2020-10-27 00:22:47','2020-10-27 00:22:47',NULL),(537,906,3,40749,40742,57,77347,2,0,'2019-10-18',23.20,'Nota de débito B N°: 0113-00023931',NULL,'2020-10-27 00:22:47','2020-10-27 00:22:47',NULL),(538,906,3,40749,40752,57,77347,2,0,'2019-10-21',15.09,'Nota de débito B N°: 0055-00050168',NULL,'2020-10-27 00:22:47','2020-10-27 00:22:47',NULL),(539,906,3,40749,40742,57,77347,2,0,'2019-10-21',322.80,'Factura B N°: 0113-06598347',NULL,'2020-10-27 00:22:47','2020-10-27 00:22:47',NULL),(540,906,3,40749,40732,57,77347,2,0,'2019-10-22',4700.00,'Factura C N°: 0001-00000144',NULL,'2020-10-27 00:22:47','2020-10-27 00:22:47',NULL),(541,906,3,40749,40727,57,77347,2,0,'2019-10-24',46.55,'Nota de débito B N°: 5005-00308048',NULL,'2020-10-27 00:22:47','2020-10-27 00:22:47',NULL),(542,906,3,40749,40727,57,77347,2,0,'2019-10-24',541.00,'Factura B N°: 5005-26623760',NULL,'2020-10-27 00:22:47','2020-10-27 00:22:47',NULL),(543,906,3,40749,40743,57,77347,2,0,'2019-10-24',89.36,'Factura B N°: 0002-02199772',NULL,'2020-10-27 00:22:47','2020-10-27 00:22:47',NULL),(544,906,3,40749,40724,57,77348,2,0,'2019-11-15',3478.20,'Factura B N°: 0629-07854656',NULL,'2020-10-27 00:23:23','2020-10-27 00:23:23',NULL),(545,906,3,40749,40725,57,77348,2,0,'2019-11-15',876.00,'Factura B N°: 0711-03734454',NULL,'2020-10-27 00:23:23','2020-10-27 00:23:23',NULL),(546,906,3,40749,40742,57,77348,2,0,'2019-11-20',215.20,'Factura B N°: 0113-06809704',NULL,'2020-10-27 00:23:23','2020-10-27 00:23:23',NULL),(547,906,3,40749,40743,57,77348,2,0,'2019-11-22',390.58,'Factura B N°: 0002-02367388',NULL,'2020-10-27 00:23:23','2020-10-27 00:23:23',NULL),(548,906,3,40749,40727,57,77348,2,0,'2019-11-25',1272.50,'Factura B N°: 5005-27059333',NULL,'2020-10-27 00:23:23','2020-10-27 00:23:23',NULL),(549,906,3,40749,40871,57,77348,2,0,'2019-11-27',6050.00,'Factura B N°: 0011-00075089',NULL,'2020-10-27 00:23:23','2020-10-27 00:23:23',NULL),(550,906,3,40749,40724,57,77349,2,0,'2019-12-15',4140.00,'Factura B N°: 0629-08105054',NULL,'2020-10-27 00:24:06','2020-10-27 00:24:06',NULL),(551,906,3,40749,40725,57,77349,2,0,'2019-12-15',1846.20,'Factura B N°: 0711-04123839',NULL,'2020-10-27 00:24:06','2020-10-27 00:24:06',NULL);
INSERT INTO `cta_cte_cliente` VALUES (552,906,3,40749,40727,57,77349,2,0,'2019-12-18',732.00,'Factura B N°: 5005-27502825',NULL,'2020-10-27 00:24:07','2020-10-27 00:24:07',NULL),(553,906,3,40749,40742,57,77349,2,0,'2019-12-19',1410.80,'Factura B N°: 0113-06931370',NULL,'2020-10-27 00:24:07','2020-10-27 00:24:07',NULL),(554,906,3,40749,40743,57,77349,2,0,'2019-12-24',236.17,'Factura B N°: 0002-02539085',NULL,'2020-10-27 00:24:07','2020-10-27 00:24:07',NULL),(555,906,3,40749,40732,57,77349,2,0,'2019-12-26',900.00,'Factura C N°: 0001-00000172',NULL,'2020-10-27 00:24:07','2020-10-27 00:24:07',NULL),(556,906,3,40749,40871,57,77349,2,0,'2019-12-30',450.00,'Factura B N°: 0011-00075886',NULL,'2020-10-27 00:24:07','2020-10-27 00:24:07',NULL),(557,1230,2,40736,40745,13,77350,1,0,'2019-10-09',4200.00,'Factura C N°: 0002-00000010',NULL,'2020-10-28 15:40:30','2020-10-28 15:40:30',NULL),(558,1230,2,40736,40745,13,77350,1,0,'2019-10-11',3750.00,'Factura C N°: 0002-00000011',NULL,'2020-10-28 15:40:30','2020-10-28 15:40:30',NULL),(559,1230,2,40736,40745,13,77352,1,0,'2019-12-30',4100.00,'Factura C N°: 0002-00000012',NULL,'2020-10-28 15:40:58','2020-10-28 15:40:58',NULL),(560,1230,2,40736,40745,13,77352,1,0,'2019-12-30',7100.00,'Factura C N°: 0002-00000013',NULL,'2020-10-28 15:40:58','2020-10-28 15:40:58',NULL),(561,1230,2,40736,40745,13,77352,1,0,'2019-12-30',6400.00,'Factura C N°: 0002-00000014',NULL,'2020-10-28 15:40:59','2020-10-28 15:40:59',NULL),(562,1230,2,40736,40745,13,77352,1,0,'2019-12-30',9800.00,'Factura C N°: 0002-00000015',NULL,'2020-10-28 15:40:59','2020-10-28 15:40:59',NULL),(563,1230,2,40736,40745,13,77352,1,0,'2019-12-30',8000.00,'Factura C N°: 0002-00000016',NULL,'2020-10-28 15:40:59','2020-10-28 15:40:59',NULL),(564,1230,2,40736,40745,13,77352,1,0,'2019-12-30',7600.00,'Factura C N°: 0002-00000017',NULL,'2020-10-28 15:40:59','2020-10-28 15:40:59',NULL),(565,1230,2,40736,40745,13,77352,1,0,'2019-12-30',7200.00,'Factura C N°: 0002-00000018',NULL,'2020-10-28 15:40:59','2020-10-28 15:40:59',NULL),(566,1230,2,40736,40745,13,77352,1,0,'2019-12-30',5800.00,'Factura C N°: 0002-00000019',NULL,'2020-10-28 15:40:59','2020-10-28 15:40:59',NULL),(567,1230,2,40736,40745,13,39477,1,0,'2020-01-31',9000.00,'Factura C N°: 0002-00000020',NULL,'2020-10-28 15:42:37','2020-10-28 15:42:37',NULL),(568,1230,2,40736,40745,13,39477,1,0,'2020-01-31',9000.00,'Factura C N°: 0002-00000021',NULL,'2020-10-28 15:42:37','2020-10-28 15:42:37',NULL),(569,1230,2,40736,40745,13,39477,1,0,'2020-01-31',9000.00,'Factura C N°: 0002-00000022',NULL,'2020-10-28 15:42:37','2020-10-28 15:42:37',NULL),(570,1230,2,40736,40745,13,39477,1,0,'2020-01-31',7000.00,'Factura C N°: 0002-00000023',NULL,'2020-10-28 15:42:37','2020-10-28 15:42:37',NULL),(571,1230,2,40736,40872,13,39478,1,0,'2020-02-26',1760.00,'Factura C N°: 0002-00000024',NULL,'2020-10-28 15:42:58','2020-10-28 15:42:58',NULL),(572,1230,2,40736,40745,13,39478,1,0,'1969-12-31',7500.00,'Factura C N°: 0002-00000025',NULL,'2020-10-28 15:42:58','2020-10-28 15:42:58',NULL),(573,1230,2,40736,40745,13,39478,1,0,'1969-12-31',6800.00,'Factura C N°: 0002-00000026',NULL,'2020-10-28 15:42:58','2020-10-28 15:42:58',NULL),(574,1230,2,40736,40745,13,39478,1,0,'1969-12-31',4000.00,'Factura C N°: 0002-00000027',NULL,'2020-10-28 15:42:58','2020-10-28 15:42:58',NULL),(575,1230,2,40736,40873,13,39480,1,0,'2020-04-06',10000.00,'Factura C N°: 0002-00000028',NULL,'2020-10-28 15:43:17','2020-10-28 15:43:17',NULL),(576,1230,2,40736,40745,13,39480,1,0,'2020-04-06',2000.00,'Factura C N°: 0002-00000029',NULL,'2020-10-28 15:43:17','2020-10-28 15:43:17',NULL),(577,1230,2,40736,40745,13,39481,1,0,'2020-05-28',7500.00,'Factura C N°: 0002-00000030',NULL,'2020-10-28 15:43:35','2020-10-28 15:43:35',NULL),(578,1230,2,40736,40745,13,39481,1,0,'2020-05-29',6500.00,'Factura C N°: 0002-00000031',NULL,'2020-10-28 15:43:35','2020-10-28 15:43:35',NULL),(579,1230,2,40736,40745,13,39481,1,0,'2020-05-30',3000.00,'Factura C N°: 0002-00000032',NULL,'2020-10-28 15:43:35','2020-10-28 15:43:35',NULL);
INSERT INTO `cta_cte_cliente` VALUES (580,1230,2,40736,40745,13,39482,1,0,'2020-06-10',3400.00,'Factura C N°: 0002-00000033',NULL,'2020-10-28 15:43:50','2020-10-28 15:43:50',NULL),(581,1230,2,40736,40745,13,39482,1,0,'2020-06-11',5000.00,'Factura C N°: 0002-00000034',NULL,'2020-10-28 15:43:51','2020-10-28 15:43:51',NULL),(582,1230,2,40736,40745,13,39482,1,0,'2020-06-12',4600.00,'Factura C N°: 0002-00000035',NULL,'2020-10-28 15:43:51','2020-10-28 15:43:51',NULL),(583,1230,2,40736,40745,13,39483,1,0,'2020-07-13',2800.00,'Factura C N°: 0002-00000036',NULL,'2020-10-28 15:44:09','2020-10-28 15:44:09',NULL),(584,1230,2,40736,40745,13,39483,1,0,'2020-07-13',3200.00,'Factura C N°: 0002-00000037',NULL,'2020-10-28 15:44:09','2020-10-28 15:44:09',NULL),(585,1230,2,40736,40745,13,39483,1,0,'2020-07-15',5300.00,'Factura C N°: 0002-00000038',NULL,'2020-10-28 15:44:09','2020-10-28 15:44:09',NULL),(586,1230,2,40736,40745,13,39483,1,0,'2020-07-15',3500.00,'Factura C N°: 0002-00000039',NULL,'2020-10-28 15:44:10','2020-10-28 15:44:10',NULL),(587,1230,2,40736,40745,13,39483,1,0,'2020-07-29',4500.00,'Factura C N°: 0002-00000040',NULL,'2020-10-28 15:44:10','2020-10-28 15:44:10',NULL),(588,1230,2,40736,40745,13,39483,1,0,'2020-07-29',1800.00,'Factura C N°: 0002-00000041',NULL,'2020-10-28 15:44:10','2020-10-28 15:44:10',NULL),(589,1230,2,40736,40745,13,39483,1,0,'2020-07-30',7200.00,'Factura C N°: 0002-00000042',NULL,'2020-10-28 15:44:10','2020-10-28 15:44:10',NULL),(590,1230,2,40736,40745,13,39483,1,0,'2020-07-30',2100.00,'Factura C N°: 0002-00000043',NULL,'2020-10-28 15:44:10','2020-10-28 15:44:10',NULL),(591,1230,2,40736,40745,13,39483,1,0,'2020-07-31',6200.00,'Factura C N°: 0002-00000044',NULL,'2020-10-28 15:44:10','2020-10-28 15:44:10',NULL),(592,1230,2,40736,40745,13,39484,1,0,'2020-08-10',5400.00,'Factura C N°: 0002-00000045',NULL,'2020-10-28 15:44:48','2020-10-28 15:44:48',NULL),(593,1230,2,40736,40745,13,39484,1,0,'2020-08-11',4100.00,'Factura C N°: 0002-00000046',NULL,'2020-10-28 15:44:48','2020-10-28 15:44:48',NULL),(594,1230,2,40736,40745,13,39484,1,0,'2020-08-12',1800.00,'Factura C N°: 0002-00000047',NULL,'2020-10-28 15:44:48','2020-10-28 15:44:48',NULL),(595,1230,2,40736,40745,13,39484,1,0,'2020-08-14',3800.00,'Factura C N°: 0002-00000048',NULL,'2020-10-28 15:44:48','2020-10-28 15:44:48',NULL),(596,1230,2,40736,40745,13,39485,1,0,'2020-09-03',5200.00,'Factura C N°: 0002-00000049',NULL,'2020-10-28 15:45:05','2020-10-28 15:45:05',NULL),(597,1230,2,40736,40745,13,39485,1,0,'2020-09-03',3100.00,'Factura C N°: 0002-00000050',NULL,'2020-10-28 15:45:05','2020-10-28 15:45:05',NULL),(598,1230,2,40736,40745,13,39485,1,0,'2020-09-04',1500.00,'Factura C N°: 0002-00000051',NULL,'2020-10-28 15:45:05','2020-10-28 15:45:05',NULL),(599,1230,2,40736,40745,13,39485,1,0,'2020-09-08',4800.00,'Factura C N°: 0002-00000052',NULL,'2020-10-28 15:45:05','2020-10-28 15:45:05',NULL),(600,1230,2,40736,40745,13,39485,1,0,'2020-09-17',1800.00,'Factura C N°: 0002-00000053',NULL,'2020-10-28 15:45:05','2020-10-28 15:45:05',NULL),(601,1230,2,40736,40745,13,39485,1,0,'2020-09-17',500.00,'Factura C N°: 0002-00000054',NULL,'2020-10-28 15:45:05','2020-10-28 15:45:05',NULL),(602,1230,2,40736,40745,13,39485,1,0,'2020-09-18',2100.00,'Factura C N°: 0002-00000055',NULL,'2020-10-28 15:45:05','2020-10-28 15:45:05',NULL),(603,1230,2,40736,40745,13,39485,1,0,'2020-09-18',3950.00,'Factura C N°: 0002-00000056',NULL,'2020-10-28 15:45:05','2020-10-28 15:45:05',NULL),(604,1230,2,40736,40745,13,39485,1,0,'2020-09-19',4200.00,'Factura C N°: 0002-00000057',NULL,'2020-10-28 15:45:05','2020-10-28 15:45:05',NULL),(605,1230,2,40736,40745,13,39485,1,0,'2020-09-21',1730.00,'Factura C N°: 0002-00000058',NULL,'2020-10-28 15:45:05','2020-10-28 15:45:05',NULL),(606,1230,2,40736,40745,13,39485,1,0,'2020-09-21',2900.00,'Factura C N°: 0002-00000059',NULL,'2020-10-28 15:45:05','2020-10-28 15:45:05',NULL);
INSERT INTO `cta_cte_cliente` VALUES (607,1230,3,40736,40772,57,77350,2,0,'2019-10-19',540.10,'Factura B N°: 1029-93791313',NULL,'2020-10-28 15:46:15','2020-10-28 15:46:15',NULL),(608,1230,3,40736,40874,57,77350,2,0,'2019-10-19',18871.00,'Factura B N°: 0010-00005647',NULL,'2020-10-28 15:46:15','2020-10-28 15:46:15',NULL),(609,1230,3,40736,40875,57,77350,2,0,'2019-10-19',7632.00,'Factura B N°: 0011-00002737',NULL,'2020-10-28 15:46:15','2020-10-28 15:46:15',NULL),(610,1230,3,40736,40876,57,77350,2,0,'2019-10-29',2289.24,'Factura C N°: 0005-00004283',NULL,'2020-10-28 15:46:15','2020-10-28 15:46:15',NULL),(611,1230,3,40736,40772,57,77351,2,0,'2019-11-19',640.10,'Factura B N°: 1043-02491187',NULL,'2020-10-28 15:48:34','2020-10-28 15:48:34',NULL),(612,1230,3,40736,40874,57,77352,2,0,'2019-12-18',6925.00,'Factura B N°: 0010-00005897',NULL,'2020-10-28 15:48:56','2020-10-28 15:48:56',NULL),(613,1230,3,40736,40772,57,77352,2,0,'2019-12-19',640.10,'Factura B N°: 1043-07899069',NULL,'2020-10-28 15:48:56','2020-10-28 15:48:56',NULL),(614,1230,3,40736,40877,57,39477,2,0,'2020-01-09',25492.00,'Factura B N°: 0013-00000919',NULL,'2020-10-28 15:49:20','2020-10-28 15:49:20',NULL),(615,1230,3,40736,40772,57,39477,2,0,'2020-01-19',640.10,'Factura B N°: 1043-13490887',NULL,'2020-10-28 15:49:20','2020-10-28 15:49:20',NULL),(616,1230,3,40736,40772,57,39478,2,0,'2020-02-19',640.10,'Factura B N°: 1043-19077687',NULL,'2020-10-28 15:49:34','2020-10-28 15:49:34',NULL),(617,1230,3,40736,40874,57,39478,2,0,'2020-02-20',14010.00,'Factura B N°: 0010-00006113',NULL,'2020-10-28 15:49:34','2020-10-28 15:49:34',NULL),(618,1230,3,40736,40876,57,39478,2,0,'2020-02-25',6473.16,'Factura C N°: 0005-00004513',NULL,'2020-10-28 15:49:34','2020-10-28 15:49:34',NULL),(619,1230,3,40736,40878,57,39479,2,0,'2020-03-01',461.25,'Factura B N°: 0121-00272379',NULL,'2020-10-28 15:49:47','2020-10-28 15:49:47',NULL),(620,1230,3,40736,40772,57,39479,2,0,'2020-03-19',760.10,'Factura B N°: 1043-24711004',NULL,'2020-10-28 15:49:47','2020-10-28 15:49:47',NULL),(621,1230,3,40736,40772,57,39480,2,0,'2020-04-19',760.10,'Factura B N°: 1043-30400558',NULL,'2020-10-28 15:50:03','2020-10-28 15:50:03',NULL),(622,1230,3,40736,40878,57,39480,2,0,'2020-04-28',7281.62,'Factura B N°: 0121-00348651',NULL,'2020-10-28 15:50:03','2020-10-28 15:50:03',NULL),(623,1230,3,40736,40879,57,39482,1,0,'2020-06-18',23.72,'Nota de crédito B N°: 2524-24295467',NULL,'2020-10-28 15:50:22','2020-10-28 15:50:22',NULL),(624,1230,3,40736,40879,57,39482,1,0,'2020-06-19',9.79,'Nota de crédito B N°: 2524-24393185',NULL,'2020-10-28 15:50:22','2020-10-28 15:50:22',NULL),(625,1230,2,40737,40745,13,40994,1,0,'2020-03-31',500.00,'Factura C N°: 0001-00000001',NULL,'2020-10-28 16:58:41','2020-10-28 16:58:41',NULL),(626,1230,2,40737,40745,13,40994,1,0,'2020-03-31',640.00,'Factura C N°: 0001-00000002',NULL,'2020-10-28 16:58:41','2020-10-28 16:58:41',NULL),(627,1230,2,40737,40745,13,40994,1,0,'2020-03-31',500.00,'Factura C N°: 0001-00000003',NULL,'2020-10-28 16:58:41','2020-10-28 16:58:41',NULL),(628,1230,2,40737,40745,13,40996,1,0,'2020-05-31',790.00,'Factura C N°: 0001-00000004',NULL,'2020-10-28 16:59:08','2020-10-28 16:59:08',NULL),(629,1230,2,40737,40745,13,40996,1,0,'2020-05-31',850.00,'Factura C N°: 0001-00000005',NULL,'2020-10-28 16:59:08','2020-10-28 16:59:08',NULL),(630,1230,2,40737,40745,13,40996,1,0,'2020-05-31',710.00,'Factura C N°: 0001-00000006',NULL,'2020-10-28 16:59:08','2020-10-28 16:59:08',NULL),(631,1230,2,40737,40745,13,40996,1,0,'2020-05-31',895.00,'Factura C N°: 0001-00000007',NULL,'2020-10-28 16:59:08','2020-10-28 16:59:08',NULL),(632,1230,2,40737,40745,13,40996,1,0,'2020-05-31',850.00,'Factura C N°: 0001-00000008',NULL,'2020-10-28 16:59:08','2020-10-28 16:59:08',NULL),(633,1230,2,40737,40745,13,40997,1,0,'2020-06-30',980.00,'Factura C N°: 0001-00000009',NULL,'2020-10-28 16:59:27','2020-10-28 16:59:27',NULL);
INSERT INTO `cta_cte_cliente` VALUES (634,1230,2,40737,40745,13,40997,1,0,'2020-06-30',880.00,'Factura C N°: 0001-00000010',NULL,'2020-10-28 16:59:27','2020-10-28 16:59:27',NULL),(635,1230,2,40737,40745,13,40997,1,0,'2020-06-30',460.00,'Factura C N°: 0001-00000011',NULL,'2020-10-28 16:59:27','2020-10-28 16:59:27',NULL),(636,1230,2,40737,40745,13,40997,1,0,'2020-06-30',550.00,'Factura C N°: 0001-00000012',NULL,'2020-10-28 16:59:27','2020-10-28 16:59:27',NULL),(637,1230,2,40737,40745,13,40997,1,0,'2020-06-30',880.00,'Factura C N°: 0001-00000013',NULL,'2020-10-28 16:59:27','2020-10-28 16:59:27',NULL),(638,1230,2,40737,40745,13,40997,1,0,'2020-06-30',870.00,'Factura C N°: 0001-00000014',NULL,'2020-10-28 16:59:27','2020-10-28 16:59:27',NULL),(639,1230,2,40737,40745,13,40998,1,0,'2020-07-31',460.00,'Factura C N°: 0001-00000015',NULL,'2020-10-28 16:59:39','2020-10-28 16:59:39',NULL),(640,1230,2,40737,40745,13,40998,1,0,'2020-07-31',770.00,'Factura C N°: 0001-00000016',NULL,'2020-10-28 16:59:39','2020-10-28 16:59:39',NULL),(641,1230,2,40737,40745,13,40998,1,0,'2020-07-31',900.00,'Factura C N°: 0001-00000017',NULL,'2020-10-28 16:59:39','2020-10-28 16:59:39',NULL),(642,1230,2,40737,40745,13,40998,1,0,'2020-07-31',900.00,'Factura C N°: 0001-00000018',NULL,'2020-10-28 16:59:39','2020-10-28 16:59:39',NULL),(643,1230,2,40737,40745,13,40998,1,0,'2020-07-31',450.00,'Factura C N°: 0001-00000019',NULL,'2020-10-28 16:59:39','2020-10-28 16:59:39',NULL),(644,1230,2,40737,40745,13,40998,1,0,'2020-07-31',265.00,'Factura C N°: 0001-00000020',NULL,'2020-10-28 16:59:39','2020-10-28 16:59:39',NULL),(645,1230,2,40737,40745,13,40998,1,0,'2020-07-31',900.00,'Factura C N°: 0001-00000021',NULL,'2020-10-28 16:59:39','2020-10-28 16:59:39',NULL),(646,1230,2,40737,40745,13,40998,1,0,'2020-07-31',580.00,'Factura C N°: 0001-00000022',NULL,'2020-10-28 16:59:39','2020-10-28 16:59:39',NULL),(647,1230,2,40737,40745,13,40998,1,0,'2020-07-31',585.00,'Factura C N°: 0001-00000023',NULL,'2020-10-28 16:59:39','2020-10-28 16:59:39',NULL),(648,1230,2,40737,40745,13,40998,1,0,'2020-07-31',486.00,'Factura C N°: 0001-00000024',NULL,'2020-10-28 16:59:39','2020-10-28 16:59:39',NULL),(649,1230,2,40737,40745,13,40998,1,0,'2020-07-31',510.00,'Factura C N°: 0001-00000025',NULL,'2020-10-28 16:59:40','2020-10-28 16:59:40',NULL),(650,1230,2,40737,40880,13,40999,1,0,'2020-08-03',350.00,'Factura C N°: 0001-00000026',NULL,'2020-10-28 16:59:53','2020-10-28 16:59:53',NULL),(651,1230,2,40737,40880,13,40999,1,0,'2020-08-19',750.00,'Factura C N°: 0001-00000027',NULL,'2020-10-28 16:59:53','2020-10-28 16:59:53',NULL),(652,1230,2,40737,40880,13,40999,2,0,'2020-08-19',750.00,'Nota de crédito C N°: 0001-00000001',NULL,'2020-10-28 16:59:53','2020-10-28 16:59:53',NULL),(653,1230,2,40737,40880,13,40999,1,0,'2020-08-19',750.00,'Factura C N°: 0001-00000028',NULL,'2020-10-28 16:59:53','2020-10-28 16:59:53',NULL),(654,1230,2,40737,40881,13,40999,1,0,'2020-08-19',750.00,'Factura C N°: 0001-00000029',NULL,'2020-10-28 16:59:53','2020-10-28 16:59:53',NULL),(655,1230,2,40737,40880,13,40999,2,0,'2020-08-19',750.00,'Nota de crédito C N°: 0001-00000002',NULL,'2020-10-28 16:59:53','2020-10-28 16:59:53',NULL),(656,1230,2,40737,40745,13,40999,1,0,'2020-08-31',720.00,'Factura C N°: 0001-00000036',NULL,'2020-10-28 16:59:53','2020-10-28 16:59:53',NULL),(657,1230,2,40737,40745,13,40999,1,0,'2020-08-31',702.00,'Factura C N°: 0001-00000037',NULL,'2020-10-28 16:59:53','2020-10-28 16:59:53',NULL),(658,1230,2,40737,40745,13,40999,1,0,'2020-08-31',491.00,'Factura C N°: 0001-00000038',NULL,'2020-10-28 16:59:53','2020-10-28 16:59:53',NULL),(659,1230,2,40737,40745,13,40999,1,0,'2020-08-31',880.00,'Factura C N°: 0001-00000030',NULL,'2020-10-28 16:59:53','2020-10-28 16:59:53',NULL),(660,1230,2,40737,40745,13,40999,1,0,'2020-08-31',740.00,'Factura C N°: 0001-00000031',NULL,'2020-10-28 16:59:53','2020-10-28 16:59:53',NULL),(661,1230,2,40737,40745,13,40999,1,0,'2020-08-31',800.00,'Factura C N°: 0001-00000032',NULL,'2020-10-28 16:59:53','2020-10-28 16:59:53',NULL);
INSERT INTO `cta_cte_cliente` VALUES (662,1230,2,40737,40745,13,40999,1,0,'2020-08-31',664.00,'Factura C N°: 0001-00000033',NULL,'2020-10-28 16:59:53','2020-10-28 16:59:53',NULL),(663,1230,2,40737,40745,13,40999,1,0,'2020-08-31',880.00,'Factura C N°: 0001-00000034',NULL,'2020-10-28 16:59:53','2020-10-28 16:59:53',NULL),(664,1230,2,40737,40745,13,40999,1,0,'2020-08-31',920.00,'Factura C N°: 0001-00000035',NULL,'2020-10-28 16:59:53','2020-10-28 16:59:53',NULL),(665,1230,2,40737,40745,13,41000,1,0,'2020-09-30',885.00,'Factura C N°: 0001-00000039',NULL,'2020-10-28 17:00:17','2020-10-28 17:00:17',NULL),(666,1230,2,40737,40745,13,41000,1,0,'2020-09-30',740.00,'Factura C N°: 0001-00000040',NULL,'2020-10-28 17:00:17','2020-10-28 17:00:17',NULL),(667,1230,2,40737,40745,13,41000,1,0,'2020-09-30',740.00,'Factura C N°: 0001-00000041',NULL,'2020-10-28 17:00:17','2020-10-28 17:00:17',NULL),(668,1230,2,40737,40745,13,41000,1,0,'2020-09-30',650.00,'Factura C N°: 0001-00000042',NULL,'2020-10-28 17:00:17','2020-10-28 17:00:17',NULL),(669,1230,2,40737,40745,13,41000,1,0,'2020-09-30',400.00,'Factura C N°: 0001-00000043',NULL,'2020-10-28 17:00:17','2020-10-28 17:00:17',NULL),(670,1230,2,40737,40745,13,41000,1,0,'2020-09-30',810.00,'Factura C N°: 0001-00000044',NULL,'2020-10-28 17:00:17','2020-10-28 17:00:17',NULL),(671,1230,2,40737,40745,13,41000,1,0,'2020-09-30',900.00,'Factura C N°: 0001-00000045',NULL,'2020-10-28 17:00:17','2020-10-28 17:00:17',NULL),(672,1230,2,40737,40745,13,41000,1,0,'2020-09-30',940.00,'Factura C N°: 0001-00000046',NULL,'2020-10-28 17:00:17','2020-10-28 17:00:17',NULL),(673,1230,2,40737,40745,13,41000,1,0,'2020-09-30',1000.00,'Factura C N°: 0001-00000047',NULL,'2020-10-28 17:00:17','2020-10-28 17:00:17',NULL),(674,1230,2,40737,40745,13,41000,1,0,'2020-09-30',1150.00,'Factura C N°: 0001-00000048',NULL,'2020-10-28 17:00:17','2020-10-28 17:00:17',NULL),(675,1230,2,40737,40745,13,41000,1,0,'2020-09-30',1085.00,'Factura C N°: 0001-00000049',NULL,'2020-10-28 17:00:17','2020-10-28 17:00:17',NULL),(676,1230,3,40737,40882,57,40994,2,0,'2020-03-07',1508.65,'Factura B N°: 0003-00113627',NULL,'2020-10-28 17:00:57','2020-10-28 17:00:57',NULL),(677,1230,3,40737,40883,57,40994,2,0,'2020-03-18',820.89,'Factura B N°: 0002-00000083',NULL,'2020-10-28 17:00:57','2020-10-28 17:00:57',NULL),(678,1230,3,40737,40883,57,40995,2,0,'2020-04-14',3000.00,'Factura B N°: 0002-00000092',NULL,'2020-10-28 17:01:11','2020-10-28 17:01:11',NULL),(679,1230,3,40737,40883,57,40995,2,0,'2020-04-21',6436.93,'Factura B N°: 0002-00000095',NULL,'2020-10-28 17:01:11','2020-10-28 17:01:11',NULL),(680,1230,3,40737,40882,57,40995,2,0,'2020-04-22',462.52,'Factura B N°: 0003-00117572',NULL,'2020-10-28 17:01:11','2020-10-28 17:01:11',NULL),(681,1230,3,40737,40884,57,40995,2,0,'2020-04-22',465.85,'Factura B N°: 0001-00000010',NULL,'2020-10-28 17:01:11','2020-10-28 17:01:11',NULL),(682,1230,3,40737,40885,57,40995,2,0,'2020-04-24',2100.00,'Factura B N°: 0010-00000580',NULL,'2020-10-28 17:01:11','2020-10-28 17:01:11',NULL),(683,1230,3,40737,40886,57,40995,2,0,'2020-04-27',1200.00,'Factura B N°: 0002-00000001',NULL,'2020-10-28 17:01:11','2020-10-28 17:01:11',NULL),(684,1230,3,40737,40882,57,40995,2,0,'2020-04-30',443.57,'Factura B N°: 0003-00118372',NULL,'2020-10-28 17:01:11','2020-10-28 17:01:11',NULL),(685,1230,3,40737,40882,57,40996,2,0,'2020-05-06',107.99,'Factura B N°: 0003-00118993',NULL,'2020-10-28 17:01:29','2020-10-28 17:01:29',NULL),(686,1230,3,40737,40882,57,40996,2,0,'2020-05-06',884.43,'Factura B N°: 0003-00118983',NULL,'2020-10-28 17:01:29','2020-10-28 17:01:29',NULL),(687,1230,3,40737,40885,57,40996,2,0,'2020-05-12',840.00,'Factura B N°: 0010-00000591',NULL,'2020-10-28 17:01:29','2020-10-28 17:01:29',NULL),(688,1230,3,40737,40885,57,40996,2,0,'2020-05-12',1610.00,'Factura B N°: 0010-00000592',NULL,'2020-10-28 17:01:29','2020-10-28 17:01:29',NULL),(689,1230,3,40737,40882,57,40996,2,0,'2020-05-13',1429.52,'Factura B N°: 0003-00119889',NULL,'2020-10-28 17:01:29','2020-10-28 17:01:29',NULL);
INSERT INTO `cta_cte_cliente` VALUES (690,1230,3,40737,40884,57,40996,2,0,'2020-05-14',5949.30,'Factura B N°: 0001-00000028',NULL,'2020-10-28 17:01:29','2020-10-28 17:01:29',NULL),(691,1230,3,40737,40882,57,40996,2,0,'2020-05-18',825.74,'Factura B N°: 0003-00120240',NULL,'2020-10-28 17:01:29','2020-10-28 17:01:29',NULL),(692,1230,3,40737,40882,57,40996,2,0,'2020-05-26',1273.22,'Factura B N°: 0003-00121188',NULL,'2020-10-28 17:01:29','2020-10-28 17:01:29',NULL),(693,1230,3,40737,40882,57,40996,2,0,'2020-05-30',686.68,'Factura B N°: 0003-00121675',NULL,'2020-10-28 17:01:29','2020-10-28 17:01:29',NULL),(694,1230,3,40737,40882,57,40997,2,0,'2020-06-03',2416.69,'Factura B N°: 0003-00122140',NULL,'2020-10-28 17:01:41','2020-10-28 17:01:41',NULL),(695,1230,3,40737,40884,57,40997,2,0,'2020-06-04',4652.46,'Factura B N°: 0001-00000073',NULL,'2020-10-28 17:01:41','2020-10-28 17:01:41',NULL),(696,1230,3,40737,40882,57,40997,2,0,'2020-06-06',1510.89,'Factura B N°: 0003-00122452',NULL,'2020-10-28 17:01:41','2020-10-28 17:01:41',NULL),(697,1230,3,40737,40884,57,40997,2,0,'2020-06-09',4928.33,'Factura B N°: 0001-00000081',NULL,'2020-10-28 17:01:41','2020-10-28 17:01:41',NULL),(698,1230,3,40737,40882,57,40997,2,0,'2020-06-16',2286.49,'Factura B N°: 0003-00123426',NULL,'2020-10-28 17:01:41','2020-10-28 17:01:41',NULL),(699,1230,3,40737,40882,57,40997,2,0,'2020-06-22',2366.67,'Factura B N°: 0003-00124108',NULL,'2020-10-28 17:01:41','2020-10-28 17:01:41',NULL),(700,1230,3,40737,40884,57,40997,2,0,'2020-06-25',3333.55,'Factura B N°: 0001-00000127',NULL,'2020-10-28 17:01:41','2020-10-28 17:01:41',NULL),(701,1230,3,40737,40882,57,40998,2,0,'2020-07-01',2181.59,'Factura B N°: 0003-00125207',NULL,'2020-10-28 17:01:53','2020-10-28 17:01:53',NULL),(702,1230,3,40737,40885,57,40998,2,0,'2020-07-06',4199.99,'Factura B N°: 0010-00000618',NULL,'2020-10-28 17:01:53','2020-10-28 17:01:53',NULL),(703,1230,3,40737,40882,57,40998,2,0,'2020-07-07',2545.66,'Factura B N°: 0003-00125715',NULL,'2020-10-28 17:01:53','2020-10-28 17:01:53',NULL),(704,1230,3,40737,40887,57,40998,2,0,'2020-07-08',1285.00,'Factura B N°: 0005-00000736',NULL,'2020-10-28 17:01:53','2020-10-28 17:01:53',NULL),(705,1230,3,40737,40885,57,40998,2,0,'2020-07-10',2100.00,'Factura B N°: 0010-00000620',NULL,'2020-10-28 17:01:53','2020-10-28 17:01:53',NULL),(706,1230,3,40737,40888,57,40998,2,0,'2020-07-15',1380.00,'Factura B N°: 0004-00005311',NULL,'2020-10-28 17:01:53','2020-10-28 17:01:53',NULL),(707,1230,3,40737,40882,57,40998,2,0,'2020-07-17',126.14,'Factura B N°: 0003-00126960',NULL,'2020-10-28 17:01:53','2020-10-28 17:01:53',NULL),(708,1230,3,40737,40882,57,40998,2,0,'2020-07-17',3958.94,'Factura B N°: 0003-00126958',NULL,'2020-10-28 17:01:53','2020-10-28 17:01:53',NULL),(709,1230,3,40737,40882,57,40998,1,0,'2020-07-17',811.06,'Nota de crédito B N°: 0003-00005886',NULL,'2020-10-28 17:01:53','2020-10-28 17:01:53',NULL),(710,1230,3,40737,40882,57,40998,2,0,'2020-07-22',156.75,'Factura B N°: 0003-00127569',NULL,'2020-10-28 17:01:53','2020-10-28 17:01:53',NULL),(711,1230,3,40737,40882,57,40998,2,0,'2020-07-29',906.16,'Factura B N°: 0003-00128316',NULL,'2020-10-28 17:01:53','2020-10-28 17:01:53',NULL),(712,1230,3,40737,40889,57,40998,2,0,'2020-07-29',2090.29,'Factura B N°: 0003-00002063',NULL,'2020-10-28 17:01:53','2020-10-28 17:01:53',NULL),(713,1230,3,40737,40890,57,40998,2,0,'2020-07-31',3050.00,'Factura C N°: 0002-00000004',NULL,'2020-10-28 17:01:53','2020-10-28 17:01:53',NULL),(714,1230,3,40737,40885,57,40999,2,0,'2020-08-03',5665.01,'Factura B N°: 0010-00000634',NULL,'2020-10-28 17:02:06','2020-10-28 17:02:06',NULL),(715,1230,3,40737,40882,57,40999,2,0,'2020-08-03',392.85,'Factura B N°: 0003-00128769',NULL,'2020-10-28 17:02:06','2020-10-28 17:02:06',NULL),(716,1230,3,40737,40882,57,40999,2,0,'2020-08-03',1729.73,'Factura B N°: 0003-00128770',NULL,'2020-10-28 17:02:06','2020-10-28 17:02:06',NULL);
INSERT INTO `cta_cte_cliente` VALUES (717,1230,3,40737,40882,57,40999,2,0,'2020-08-05',689.03,'Factura B N°: 0003-00129145',NULL,'2020-10-28 17:02:06','2020-10-28 17:02:06',NULL),(718,1230,3,40737,40882,57,40999,2,0,'2020-08-12',1882.18,'Factura B N°: 0003-00129894',NULL,'2020-10-28 17:02:06','2020-10-28 17:02:06',NULL),(719,1230,3,40737,40884,57,40999,2,0,'2020-08-12',7881.63,'Factura B N°: 0001-00000295',NULL,'2020-10-28 17:02:06','2020-10-28 17:02:06',NULL),(720,1230,3,40737,40891,57,40999,2,0,'2020-08-13',8120.00,'Factura B N°: 0001-00000026',NULL,'2020-10-28 17:02:06','2020-10-28 17:02:06',NULL),(721,1230,3,40737,40724,57,40999,2,0,'2020-08-15',165.30,'Factura B N°: 0629-09192401',NULL,'2020-10-28 17:02:06','2020-10-28 17:02:06',NULL),(722,1230,3,40737,40882,57,40999,2,0,'2020-08-19',2013.15,'Factura B N°: 0003-00130598',NULL,'2020-10-28 17:02:06','2020-10-28 17:02:06',NULL),(723,1230,3,40737,40892,57,40999,2,0,'2020-08-28',1909.38,'Factura B N°: 0001-00000036',NULL,'2020-10-28 17:02:06','2020-10-28 17:02:06',NULL),(724,1230,3,40737,40882,57,41000,2,0,'2020-09-02',1843.25,'Factura B N°: 0003-00132067',NULL,'2020-10-28 17:02:19','2020-10-28 17:02:19',NULL),(725,1230,3,40737,40892,57,41000,2,0,'2020-09-07',3678.40,'Factura B N°: 0001-00000069',NULL,'2020-10-28 17:02:19','2020-10-28 17:02:19',NULL),(726,1230,3,40737,40882,57,41000,2,0,'2020-09-09',141.82,'Factura B N°: 0003-00132928',NULL,'2020-10-28 17:02:19','2020-10-28 17:02:19',NULL),(727,1230,3,40737,40882,57,41000,2,0,'2020-09-09',522.12,'Factura B N°: 0003-00132880',NULL,'2020-10-28 17:02:19','2020-10-28 17:02:19',NULL),(728,1230,3,40737,40892,57,41000,2,0,'2020-09-25',2305.05,'Factura B N°: 0001-00000144',NULL,'2020-10-28 17:02:19','2020-10-28 17:02:19',NULL),(729,1230,3,40737,40893,57,41000,2,0,'2020-09-30',3499.00,'Factura B N°: 0005-00010553',NULL,'2020-10-28 17:02:19','2020-10-28 17:02:19',NULL),(730,1230,3,40737,40882,57,41000,2,0,'2020-09-30',5318.91,'Factura B N°: 0003-00135140',NULL,'2020-10-28 17:02:19','2020-10-28 17:02:19',NULL),(731,1230,2,40738,40894,13,77353,1,0,'2019-10-31',17072.00,'Factura C N°: 0001-00000006',NULL,'2020-10-28 23:11:36','2020-10-28 23:11:36',NULL),(732,1230,2,40738,40894,13,77354,1,0,'2019-11-29',6004.00,'Factura C N°: 0001-00000007',NULL,'2020-10-28 23:11:55','2020-10-28 23:11:55',NULL),(733,1230,2,40738,40894,13,77354,1,0,'2019-11-29',6004.00,'Factura C N°: 0001-00000008',NULL,'2020-10-28 23:11:55','2020-10-28 23:11:55',NULL),(734,1230,2,40738,40894,13,77354,1,0,'2019-11-29',6004.00,'Factura C N°: 0001-00000009',NULL,'2020-10-28 23:11:55','2020-10-28 23:11:55',NULL),(735,1230,2,40738,40894,13,77355,1,0,'2019-12-19',6004.00,'Factura C N°: 0001-00000010',NULL,'2020-10-28 23:12:08','2020-10-28 23:12:08',NULL),(736,1230,2,40738,40894,13,77355,1,0,'2019-12-19',6004.00,'Factura C N°: 0001-00000011',NULL,'2020-10-28 23:12:08','2020-10-28 23:12:08',NULL),(737,1230,2,40738,40894,13,77355,1,0,'2019-12-19',6004.00,'Factura C N°: 0001-00000012',NULL,'2020-10-28 23:12:08','2020-10-28 23:12:08',NULL),(738,1230,3,40738,40895,57,77353,2,0,'2019-10-03',9751.04,'Factura B N°: 0123-00000832',NULL,'2020-10-28 23:12:34','2020-10-28 23:12:34',NULL),(739,1230,3,40738,40839,57,77353,2,0,'2019-10-04',1500.00,'Factura C N°: 0400-02794749',NULL,'2020-10-28 23:12:34','2020-10-28 23:12:34',NULL),(740,1230,3,40738,40896,57,77353,2,0,'2019-10-11',220.00,'Factura C N°: 0122-00067916',NULL,'2020-10-28 23:12:34','2020-10-28 23:12:34',NULL),(741,1230,3,40738,40897,57,77353,2,0,'2019-10-30',150.00,'Factura B N°: 0014-00014517',NULL,'2020-10-28 23:12:34','2020-10-28 23:12:34',NULL),(742,1230,3,40738,40898,57,77354,2,0,'2019-11-02',380.00,'Factura C N°: 0002-00000112',NULL,'2020-10-28 23:12:49','2020-10-28 23:12:49',NULL),(743,1230,3,40738,40899,57,42511,2,0,'2020-05-28',516.00,'Factura C N°: 0002-00001479',NULL,'2020-10-28 23:13:22','2020-10-28 23:13:22',NULL),(744,1230,3,40738,40900,57,42515,2,0,'2020-09-23',2000.00,'Factura C N°: 0002-00000488',NULL,'2020-10-28 23:13:44','2020-10-28 23:13:44',NULL);
INSERT INTO `cta_cte_cliente` VALUES (796,1230,2,40739,41047,13,44022,1,0,'2020-01-02',750.00,'Factura C N°: 0002-00000467',NULL,'2020-10-28 23:42:09','2020-10-28 23:42:09',NULL),(797,1230,2,40739,41048,13,44022,1,0,'2020-01-03',2250.00,'Factura C N°: 0002-00000468',NULL,'2020-10-28 23:42:09','2020-10-28 23:42:09',NULL),(798,1230,2,40739,41049,13,44022,1,0,'2020-01-03',390.00,'Factura C N°: 0002-00000469',NULL,'2020-10-28 23:42:09','2020-10-28 23:42:09',NULL),(799,1230,2,40739,41050,13,44022,1,0,'2020-01-03',490.00,'Factura C N°: 0002-00000470',NULL,'2020-10-28 23:42:09','2020-10-28 23:42:09',NULL),(800,1230,2,40739,41051,13,44022,1,0,'2020-01-03',440.00,'Factura C N°: 0002-00000471',NULL,'2020-10-28 23:42:09','2020-10-28 23:42:09',NULL),(801,1230,2,40739,41052,13,44022,1,0,'2020-01-04',1990.00,'Factura C N°: 0002-00000472',NULL,'2020-10-28 23:42:09','2020-10-28 23:42:09',NULL),(802,1230,2,40739,41053,13,44022,1,0,'2020-01-04',490.00,'Factura C N°: 0002-00000473',NULL,'2020-10-28 23:42:09','2020-10-28 23:42:09',NULL),(803,1230,2,40739,41054,13,44022,1,0,'2020-01-04',2350.00,'Factura C N°: 0002-00000474',NULL,'2020-10-28 23:42:09','2020-10-28 23:42:09',NULL),(804,1230,2,40739,41055,13,44022,1,0,'2020-01-06',1080.00,'Factura C N°: 0002-00000475',NULL,'2020-10-28 23:42:09','2020-10-28 23:42:09',NULL),(805,1230,2,40739,41056,13,44022,1,0,'2020-01-06',1170.00,'Factura C N°: 0002-00000476',NULL,'2020-10-28 23:42:09','2020-10-28 23:42:09',NULL),(806,1230,2,40739,41057,13,44022,1,0,'2020-01-07',2000.00,'Factura C N°: 0002-00000477',NULL,'2020-10-28 23:42:09','2020-10-28 23:42:09',NULL),(807,1230,2,40739,41058,13,44022,1,0,'2020-01-08',1300.00,'Factura C N°: 0002-00000478',NULL,'2020-10-28 23:42:09','2020-10-28 23:42:09',NULL),(808,1230,2,40739,41059,13,44022,1,0,'2020-01-10',1300.00,'Factura C N°: 0002-00000479',NULL,'2020-10-28 23:42:09','2020-10-28 23:42:09',NULL),(809,1230,2,40739,41060,13,44022,1,0,'2020-01-10',600.00,'Factura C N°: 0002-00000480',NULL,'2020-10-28 23:42:09','2020-10-28 23:42:09',NULL),(810,1230,2,40739,41061,13,44022,1,0,'2020-01-11',500.00,'Factura C N°: 0002-00000481',NULL,'2020-10-28 23:42:09','2020-10-28 23:42:09',NULL),(811,1230,2,40739,41062,13,44022,1,0,'2020-01-11',1300.00,'Factura C N°: 0002-00000482',NULL,'2020-10-28 23:42:09','2020-10-28 23:42:09',NULL),(812,1230,2,40739,41063,13,44022,1,0,'2020-01-15',350.00,'Factura C N°: 0002-00000483',NULL,'2020-10-28 23:42:09','2020-10-28 23:42:09',NULL),(813,1230,2,40739,41058,13,44022,1,0,'2020-01-15',600.00,'Factura C N°: 0002-00000484',NULL,'2020-10-28 23:42:09','2020-10-28 23:42:09',NULL),(814,1230,2,40739,41064,13,44022,1,0,'2020-01-15',1100.00,'Factura C N°: 0002-00000485',NULL,'2020-10-28 23:42:09','2020-10-28 23:42:09',NULL),(815,1230,2,40739,41065,13,44022,1,0,'2020-01-15',2600.00,'Factura C N°: 0002-00000486',NULL,'2020-10-28 23:42:09','2020-10-28 23:42:09',NULL),(816,1230,2,40739,40745,13,44022,1,0,'2020-01-15',250.00,'Factura C N°: 0002-00000487',NULL,'2020-10-28 23:42:09','2020-10-28 23:42:09',NULL),(817,1230,2,40739,40745,13,44022,1,0,'2020-01-16',350.00,'Factura C N°: 0002-00000488',NULL,'2020-10-28 23:42:09','2020-10-28 23:42:09',NULL),(818,1230,2,40739,41066,13,44022,1,0,'2020-01-17',1900.00,'Factura C N°: 0002-00000489',NULL,'2020-10-28 23:42:09','2020-10-28 23:42:09',NULL),(819,1230,2,40739,41067,13,44022,1,0,'2020-01-17',390.00,'Factura C N°: 0002-00000490',NULL,'2020-10-28 23:42:09','2020-10-28 23:42:09',NULL),(820,1230,2,40739,40745,13,44022,1,0,'2020-01-18',600.00,'Factura C N°: 0002-00000491',NULL,'2020-10-28 23:42:09','2020-10-28 23:42:09',NULL),(821,1230,2,40739,41068,13,44022,1,0,'2020-01-22',890.00,'Factura C N°: 0002-00000492',NULL,'2020-10-28 23:42:09','2020-10-28 23:42:09',NULL),(822,1230,2,40739,40745,13,44022,1,0,'2020-01-22',790.00,'Factura C N°: 0002-00000493',NULL,'2020-10-28 23:42:09','2020-10-28 23:42:09',NULL),(823,1230,2,40739,41069,13,44022,1,0,'2020-01-23',840.00,'Factura C N°: 0002-00000494',NULL,'2020-10-28 23:42:10','2020-10-28 23:42:10',NULL);
INSERT INTO `cta_cte_cliente` VALUES (824,1230,2,40739,41070,13,44022,1,0,'2020-01-23',1040.00,'Factura C N°: 0002-00000495',NULL,'2020-10-28 23:42:10','2020-10-28 23:42:10',NULL),(825,1230,2,40739,41071,13,44022,1,0,'2020-01-24',1890.00,'Factura C N°: 0002-00000496',NULL,'2020-10-28 23:42:10','2020-10-28 23:42:10',NULL),(826,1230,2,40739,41072,13,44022,1,0,'2020-01-24',400.00,'Factura C N°: 0002-00000497',NULL,'2020-10-28 23:42:10','2020-10-28 23:42:10',NULL),(827,1230,2,40739,41073,13,44022,1,0,'2020-01-24',1240.00,'Factura C N°: 0002-00000498',NULL,'2020-10-28 23:42:10','2020-10-28 23:42:10',NULL),(828,1230,2,40739,41052,13,44022,1,0,'2020-01-30',1850.00,'Factura C N°: 0002-00000499',NULL,'2020-10-28 23:42:10','2020-10-28 23:42:10',NULL),(829,1230,2,40739,41074,13,44022,1,0,'2020-01-30',1300.00,'Factura C N°: 0002-00000500',NULL,'2020-10-28 23:42:10','2020-10-28 23:42:10',NULL),(830,1230,2,40739,41075,13,44022,1,0,'2020-01-31',950.00,'Factura C N°: 0002-00000501',NULL,'2020-10-28 23:42:10','2020-10-28 23:42:10',NULL),(831,1230,2,40739,41076,13,44022,1,0,'2020-01-31',950.00,'Factura C N°: 0002-00000502',NULL,'2020-10-28 23:42:10','2020-10-28 23:42:10',NULL),(832,1230,2,40739,41077,13,44023,1,0,'2020-02-18',890.00,'Factura C N°: 0002-00000503',NULL,'2020-10-28 23:42:28','2020-10-28 23:42:28',NULL),(833,1230,2,40739,40745,13,44023,1,0,'2020-02-19',550.00,'Factura C N°: 0002-00000504',NULL,'2020-10-28 23:42:28','2020-10-28 23:42:28',NULL),(834,1230,2,40739,41078,13,44023,1,0,'2020-02-21',2800.00,'Factura C N°: 0002-00000505',NULL,'2020-10-28 23:42:28','2020-10-28 23:42:28',NULL),(835,1230,2,40739,41079,13,44023,1,0,'2020-02-22',2530.00,'Factura C N°: 0002-00000506',NULL,'2020-10-28 23:42:28','2020-10-28 23:42:28',NULL),(836,1230,2,40739,41080,13,44023,1,0,'2020-02-26',2.37,'Factura C N°: 0002-00000507',NULL,'2020-10-28 23:42:28','2020-10-28 23:42:28',NULL),(837,1230,2,40739,41080,13,44023,1,0,'2020-02-26',447.00,'Factura C N°: 0002-00000508',NULL,'2020-10-28 23:42:28','2020-10-28 23:42:28',NULL),(838,1230,2,40739,41081,13,44023,1,0,'2020-02-27',490.00,'Factura C N°: 0002-00000509',NULL,'2020-10-28 23:42:28','2020-10-28 23:42:28',NULL),(839,1230,2,40739,41050,13,44023,1,0,'2020-02-27',880.00,'Factura C N°: 0002-00000510',NULL,'2020-10-28 23:42:28','2020-10-28 23:42:28',NULL),(840,1230,2,40739,41082,13,44023,1,0,'2020-02-28',550.00,'Factura C N°: 0002-00000511',NULL,'2020-10-28 23:42:28','2020-10-28 23:42:28',NULL),(841,1230,2,40739,41083,13,44023,1,0,'2020-02-28',1530.00,'Factura C N°: 0002-00000512',NULL,'2020-10-28 23:42:28','2020-10-28 23:42:28',NULL),(842,1230,2,40739,41084,13,44023,1,0,'1969-12-31',1050.00,'Factura C N°: 0002-00000513',NULL,'2020-10-28 23:42:28','2020-10-28 23:42:28',NULL),(843,1230,2,40739,41085,13,44023,1,0,'1969-12-31',520.00,'Factura C N°: 0002-00000514',NULL,'2020-10-28 23:42:28','2020-10-28 23:42:28',NULL),(844,1230,2,40739,41086,13,44023,1,0,'1969-12-31',860.00,'Factura C N°: 0002-00000515',NULL,'2020-10-28 23:42:28','2020-10-28 23:42:28',NULL),(845,1230,2,40739,41087,13,44023,1,0,'1969-12-31',680.00,'Factura C N°: 0002-00000516',NULL,'2020-10-28 23:42:28','2020-10-28 23:42:28',NULL),(846,1230,2,40739,41088,13,44023,1,0,'1969-12-31',590.00,'Factura C N°: 0002-00000517',NULL,'2020-10-28 23:42:28','2020-10-28 23:42:28',NULL),(848,1230,2,40739,41060,13,44026,1,0,'2020-05-07',3888.00,'Factura C N°: 0002-00000531',NULL,'2020-10-28 23:43:43','2020-10-28 23:43:43',NULL),(849,1230,2,40739,41099,13,44026,1,0,'2020-05-12',2400.00,'Factura C N°: 0002-00000532',NULL,'2020-10-28 23:43:43','2020-10-28 23:43:43',NULL),(850,1230,2,40739,41100,13,44026,1,0,'2020-05-22',1400.00,'Factura C N°: 0002-00000533',NULL,'2020-10-28 23:43:43','2020-10-28 23:43:43',NULL),(851,1230,2,40739,41101,13,44026,1,0,'2020-05-28',1100.00,'Factura C N°: 0002-00000534',NULL,'2020-10-28 23:43:43','2020-10-28 23:43:43',NULL),(852,1230,2,40739,41102,13,44026,1,0,'2020-05-28',4960.00,'Factura C N°: 0002-00000535',NULL,'2020-10-28 23:43:43','2020-10-28 23:43:43',NULL);
INSERT INTO `cta_cte_cliente` VALUES (853,1230,2,40739,41060,13,44026,1,0,'2020-05-29',4500.00,'Factura C N°: 0002-00000536',NULL,'2020-10-28 23:43:43','2020-10-28 23:43:43',NULL),(868,1230,2,40739,41133,13,77363,1,0,'2019-10-05',450.00,'Factura C N°: 0002-00000319',NULL,'2020-10-28 23:46:19','2020-10-28 23:46:19',NULL),(869,1230,2,40739,41087,13,77363,1,0,'2019-10-05',400.00,'Factura C N°: 0002-00000320',NULL,'2020-10-28 23:46:19','2020-10-28 23:46:19',NULL),(870,1230,2,40739,41134,13,77363,1,0,'2019-10-05',1000.00,'Factura C N°: 0002-00000321',NULL,'2020-10-28 23:46:19','2020-10-28 23:46:19',NULL),(871,1230,2,40739,41135,13,77363,1,0,'2019-10-05',1140.00,'Factura C N°: 0002-00000322',NULL,'2020-10-28 23:46:19','2020-10-28 23:46:19',NULL),(872,1230,2,40739,41136,13,77363,1,0,'2019-10-05',1600.00,'Factura C N°: 0002-00000323',NULL,'2020-10-28 23:46:19','2020-10-28 23:46:19',NULL),(873,1230,2,40739,41137,13,77363,1,0,'2019-10-07',590.00,'Factura C N°: 0002-00000324',NULL,'2020-10-28 23:46:19','2020-10-28 23:46:19',NULL),(874,1230,2,40739,41137,13,77363,1,0,'2019-10-07',980.00,'Factura C N°: 0002-00000325',NULL,'2020-10-28 23:46:19','2020-10-28 23:46:19',NULL),(875,1230,2,40739,41138,13,77363,1,0,'2019-10-07',350.00,'Factura C N°: 0002-00000326',NULL,'2020-10-28 23:46:19','2020-10-28 23:46:19',NULL),(876,1230,2,40739,41139,13,77363,1,0,'2019-10-07',140.00,'Factura C N°: 0002-00000327',NULL,'2020-10-28 23:46:19','2020-10-28 23:46:19',NULL),(877,1230,2,40739,40745,13,77363,1,0,'2019-10-09',1050.00,'Factura C N°: 0002-00000328',NULL,'2020-10-28 23:46:19','2020-10-28 23:46:19',NULL),(878,1230,2,40739,41140,13,77363,1,0,'2019-10-09',1340.00,'Factura C N°: 0002-00000329',NULL,'2020-10-28 23:46:19','2020-10-28 23:46:19',NULL),(879,1230,2,40739,41141,13,77363,1,0,'2019-10-09',490.00,'Factura C N°: 0002-00000330',NULL,'2020-10-28 23:46:19','2020-10-28 23:46:19',NULL),(880,1230,2,40739,41142,13,77363,1,0,'2019-10-10',1370.00,'Factura C N°: 0002-00000331',NULL,'2020-10-28 23:46:19','2020-10-28 23:46:19',NULL),(881,1230,2,40739,40745,13,77363,1,0,'2019-10-11',400.00,'Factura C N°: 0002-00000332',NULL,'2020-10-28 23:46:19','2020-10-28 23:46:19',NULL),(882,1230,2,40739,40745,13,77363,1,0,'2019-10-11',490.00,'Factura C N°: 0002-00000333',NULL,'2020-10-28 23:46:19','2020-10-28 23:46:19',NULL),(883,1230,2,40739,41143,13,77363,1,0,'2019-10-12',1480.00,'Factura C N°: 0002-00000334',NULL,'2020-10-28 23:46:19','2020-10-28 23:46:19',NULL),(884,1230,2,40739,41144,13,77363,1,0,'2019-10-15',790.00,'Factura C N°: 0002-00000335',NULL,'2020-10-28 23:46:19','2020-10-28 23:46:19',NULL),(885,1230,2,40739,41136,13,77363,1,0,'2019-10-15',740.00,'Factura C N°: 0002-00000336',NULL,'2020-10-28 23:46:19','2020-10-28 23:46:19',NULL),(886,1230,2,40739,41145,13,77363,1,0,'2019-10-16',980.00,'Factura C N°: 0002-00000337',NULL,'2020-10-28 23:46:19','2020-10-28 23:46:19',NULL),(887,1230,2,40739,41146,13,77363,1,0,'2019-10-17',200.00,'Factura C N°: 0002-00000338',NULL,'2020-10-28 23:46:19','2020-10-28 23:46:19',NULL),(888,1230,2,40739,41147,13,77363,1,0,'2019-10-18',1830.00,'Factura C N°: 0002-00000339',NULL,'2020-10-28 23:46:19','2020-10-28 23:46:19',NULL),(889,1230,2,40739,41148,13,77363,1,0,'2019-10-18',3120.00,'Factura C N°: 0002-00000340',NULL,'2020-10-28 23:46:19','2020-10-28 23:46:19',NULL),(890,1230,2,40739,41058,13,77363,1,0,'2019-10-19',390.00,'Factura C N°: 0002-00000341',NULL,'2020-10-28 23:46:19','2020-10-28 23:46:19',NULL),(891,1230,2,40739,41058,13,77363,1,0,'2019-10-21',450.00,'Factura C N°: 0002-00000342',NULL,'2020-10-28 23:46:19','2020-10-28 23:46:19',NULL),(892,1230,2,40739,41149,13,77363,1,0,'2019-10-21',1180.00,'Factura C N°: 0002-00000343',NULL,'2020-10-28 23:46:19','2020-10-28 23:46:19',NULL),(893,1230,2,40739,41150,13,77363,1,0,'2019-10-21',890.00,'Factura C N°: 0002-00000344',NULL,'2020-10-28 23:46:19','2020-10-28 23:46:19',NULL),(894,1230,2,40739,41151,13,77363,1,0,'2019-10-21',890.00,'Factura C N°: 0002-00000345',NULL,'2020-10-28 23:46:19','2020-10-28 23:46:19',NULL);
INSERT INTO `cta_cte_cliente` VALUES (895,1230,2,40739,41152,13,77363,1,0,'2019-10-21',590.00,'Factura C N°: 0002-00000346',NULL,'2020-10-28 23:46:19','2020-10-28 23:46:19',NULL),(896,1230,2,40739,40745,13,77363,1,0,'2019-10-21',890.00,'Factura C N°: 0002-00000347',NULL,'2020-10-28 23:46:19','2020-10-28 23:46:19',NULL),(897,1230,2,40739,41153,13,77363,1,0,'2019-10-24',890.00,'Factura C N°: 0002-00000348',NULL,'2020-10-28 23:46:19','2020-10-28 23:46:19',NULL),(898,1230,2,40739,41154,13,77363,1,0,'2019-10-24',990.00,'Factura C N°: 0002-00000349',NULL,'2020-10-28 23:46:19','2020-10-28 23:46:19',NULL),(899,1230,2,40739,41087,13,77363,1,0,'2019-10-25',2380.00,'Factura C N°: 0002-00000350',NULL,'2020-10-28 23:46:19','2020-10-28 23:46:19',NULL),(900,1230,2,40739,41155,13,77363,1,0,'2019-10-25',850.00,'Factura C N°: 0002-00000351',NULL,'2020-10-28 23:46:19','2020-10-28 23:46:19',NULL),(901,1230,2,40739,41155,13,77363,1,0,'2019-10-25',1150.00,'Factura C N°: 0002-00000352',NULL,'2020-10-28 23:46:19','2020-10-28 23:46:19',NULL),(902,1230,2,40739,41156,13,77363,1,0,'2019-10-26',670.00,'Factura C N°: 0002-00000353',NULL,'2020-10-28 23:46:19','2020-10-28 23:46:19',NULL),(903,1230,2,40739,41157,13,77363,1,0,'2019-10-26',700.00,'Factura C N°: 0002-00000354',NULL,'2020-10-28 23:46:19','2020-10-28 23:46:19',NULL),(904,1230,2,40739,41158,13,77363,1,0,'2019-10-26',790.00,'Factura C N°: 0002-00000355',NULL,'2020-10-28 23:46:19','2020-10-28 23:46:19',NULL),(905,1230,2,40739,41159,13,77363,1,0,'2019-10-30',2000.00,'Factura C N°: 0002-00000356',NULL,'2020-10-28 23:46:19','2020-10-28 23:46:19',NULL),(906,1230,2,40739,41160,13,77363,1,0,'2019-10-30',1040.00,'Factura C N°: 0002-00000357',NULL,'2020-10-28 23:46:19','2020-10-28 23:46:19',NULL),(907,1230,2,40739,41161,13,77363,1,0,'2019-10-30',1040.00,'Factura C N°: 0002-00000358',NULL,'2020-10-28 23:46:19','2020-10-28 23:46:19',NULL),(908,1230,2,40739,41162,13,77363,1,0,'2019-10-30',1120.00,'Factura C N°: 0002-00000359',NULL,'2020-10-28 23:46:19','2020-10-28 23:46:19',NULL),(909,1230,2,40739,41163,13,77363,1,0,'2019-10-31',490.00,'Factura C N°: 0002-00000360',NULL,'2020-10-28 23:46:19','2020-10-28 23:46:19',NULL),(910,1230,2,40739,41164,13,77364,1,0,'2019-11-01',750.00,'Factura C N°: 0002-00000361',NULL,'2020-10-28 23:49:52','2020-10-28 23:49:52',NULL),(911,1230,2,40739,41165,13,77364,1,0,'2019-11-01',990.00,'Factura C N°: 0002-00000362',NULL,'2020-10-28 23:49:52','2020-10-28 23:49:52',NULL),(912,1230,2,40739,41166,13,77364,1,0,'2019-11-01',2490.00,'Factura C N°: 0002-00000363',NULL,'2020-10-28 23:49:52','2020-10-28 23:49:52',NULL),(913,1230,2,40739,41058,13,77364,1,0,'2019-11-01',3170.00,'Factura C N°: 0002-00000364',NULL,'2020-10-28 23:49:52','2020-10-28 23:49:52',NULL),(914,1230,2,40739,41167,13,77364,1,0,'2019-11-02',1400.00,'Factura C N°: 0002-00000365',NULL,'2020-10-28 23:49:52','2020-10-28 23:49:52',NULL),(915,1230,2,40739,41168,13,77364,1,0,'2019-11-02',1850.00,'Factura C N°: 0002-00000366',NULL,'2020-10-28 23:49:52','2020-10-28 23:49:52',NULL),(916,1230,2,40739,41169,13,77364,1,0,'2019-11-02',4560.00,'Factura C N°: 0002-00000367',NULL,'2020-10-28 23:49:52','2020-10-28 23:49:52',NULL),(917,1230,2,40739,41155,13,77364,1,0,'2019-11-02',1720.00,'Factura C N°: 0002-00000368',NULL,'2020-10-28 23:49:52','2020-10-28 23:49:52',NULL),(918,1230,2,40739,41063,13,77364,1,0,'2019-11-02',399.00,'Factura C N°: 0002-00000369',NULL,'2020-10-28 23:49:52','2020-10-28 23:49:52',NULL),(919,1230,2,40739,41170,13,77364,1,0,'2019-11-02',550.00,'Factura C N°: 0002-00000370',NULL,'2020-10-28 23:49:52','2020-10-28 23:49:52',NULL),(920,1230,2,40739,41171,13,77364,1,0,'2019-11-02',550.00,'Factura C N°: 0002-00000371',NULL,'2020-10-28 23:49:52','2020-10-28 23:49:52',NULL),(921,1230,2,40739,41172,13,77364,1,0,'2019-11-02',1340.00,'Factura C N°: 0002-00000372',NULL,'2020-10-28 23:49:53','2020-10-28 23:49:53',NULL),(922,1230,2,40739,41167,13,77364,1,0,'2019-11-04',1440.00,'Factura C N°: 0002-00000373',NULL,'2020-10-28 23:49:53','2020-10-28 23:49:53',NULL);
INSERT INTO `cta_cte_cliente` VALUES (923,1230,2,40739,41173,13,77364,1,0,'2019-11-05',1200.00,'Factura C N°: 0002-00000374',NULL,'2020-10-28 23:49:53','2020-10-28 23:49:53',NULL),(924,1230,2,40739,41174,13,77364,1,0,'2019-11-06',390.00,'Factura C N°: 0002-00000375',NULL,'2020-10-28 23:49:53','2020-10-28 23:49:53',NULL),(925,1230,2,40739,41175,13,77364,1,0,'2019-11-06',350.00,'Factura C N°: 0002-00000376',NULL,'2020-10-28 23:49:53','2020-10-28 23:49:53',NULL),(926,1230,2,40739,41176,13,77364,1,0,'2019-11-06',940.00,'Factura C N°: 0002-00000377',NULL,'2020-10-28 23:49:53','2020-10-28 23:49:53',NULL),(927,1230,2,40739,41177,13,77364,1,0,'2019-11-08',1439.00,'Factura C N°: 0002-00000378',NULL,'2020-10-28 23:49:53','2020-10-28 23:49:53',NULL),(928,1230,2,40739,41178,13,77364,1,0,'2019-11-08',650.00,'Factura C N°: 0002-00000379',NULL,'2020-10-28 23:49:53','2020-10-28 23:49:53',NULL),(929,1230,2,40739,41179,13,77364,1,0,'2019-11-08',840.00,'Factura C N°: 0002-00000380',NULL,'2020-10-28 23:49:53','2020-10-28 23:49:53',NULL),(930,1230,2,40739,41180,13,77364,1,0,'2019-11-09',1760.00,'Factura C N°: 0002-00000381',NULL,'2020-10-28 23:49:53','2020-10-28 23:49:53',NULL),(931,1230,2,40739,41181,13,77364,1,0,'2019-11-11',500.00,'Factura C N°: 0002-00000382',NULL,'2020-10-28 23:49:53','2020-10-28 23:49:53',NULL),(932,1230,2,40739,41182,13,77364,1,0,'2019-11-11',490.00,'Factura C N°: 0002-00000383',NULL,'2020-10-28 23:49:53','2020-10-28 23:49:53',NULL),(933,1230,2,40739,41183,13,77364,1,0,'2019-11-11',790.00,'Factura C N°: 0002-00000384',NULL,'2020-10-28 23:49:53','2020-10-28 23:49:53',NULL),(934,1230,2,40739,40745,13,77364,1,0,'2019-11-13',1340.00,'Factura C N°: 0002-00000385',NULL,'2020-10-28 23:49:53','2020-10-28 23:49:53',NULL),(935,1230,2,40739,41184,13,77364,1,0,'2019-11-14',1430.00,'Factura C N°: 0002-00000386',NULL,'2020-10-28 23:49:53','2020-10-28 23:49:53',NULL),(936,1230,2,40739,40745,13,77364,1,0,'2019-11-15',790.00,'Factura C N°: 0002-00000387',NULL,'2020-10-28 23:49:53','2020-10-28 23:49:53',NULL),(937,1230,2,40739,41185,13,77364,1,0,'2019-11-16',790.00,'Factura C N°: 0002-00000388',NULL,'2020-10-28 23:49:53','2020-10-28 23:49:53',NULL),(938,1230,2,40739,40745,13,77364,1,0,'2019-11-16',350.00,'Factura C N°: 0002-00000389',NULL,'2020-10-28 23:49:53','2020-10-28 23:49:53',NULL),(939,1230,2,40739,41186,13,77364,1,0,'2019-11-19',590.00,'Factura C N°: 0002-00000390',NULL,'2020-10-28 23:49:53','2020-10-28 23:49:53',NULL),(940,1230,2,40739,41187,13,77364,1,0,'2019-11-19',980.00,'Factura C N°: 0002-00000391',NULL,'2020-10-28 23:49:53','2020-10-28 23:49:53',NULL),(941,1230,2,40739,41188,13,77364,1,0,'2019-11-20',500.00,'Factura C N°: 0002-00000392',NULL,'2020-10-28 23:49:53','2020-10-28 23:49:53',NULL),(942,1230,2,40739,41189,13,77364,1,0,'2019-11-20',350.00,'Factura C N°: 0002-00000393',NULL,'2020-10-28 23:49:53','2020-10-28 23:49:53',NULL),(943,1230,2,40739,40745,13,77364,1,0,'2019-11-20',940.00,'Factura C N°: 0002-00000394',NULL,'2020-10-28 23:49:53','2020-10-28 23:49:53',NULL),(944,1230,2,40739,41060,13,77364,1,0,'2019-11-21',1200.00,'Factura C N°: 0002-00000395',NULL,'2020-10-28 23:49:53','2020-10-28 23:49:53',NULL),(945,1230,2,40739,41190,13,77364,1,0,'2019-11-22',540.00,'Factura C N°: 0002-00000396',NULL,'2020-10-28 23:49:53','2020-10-28 23:49:53',NULL),(946,1230,2,40739,41191,13,77364,1,0,'2019-11-22',710.00,'Factura C N°: 0002-00000397',NULL,'2020-10-28 23:49:53','2020-10-28 23:49:53',NULL),(947,1230,2,40739,41192,13,77364,1,0,'2019-11-25',990.00,'Factura C N°: 0002-00000398',NULL,'2020-10-28 23:49:53','2020-10-28 23:49:53',NULL),(948,1230,2,40739,40745,13,77364,1,0,'2019-11-25',350.00,'Factura C N°: 0002-00000399',NULL,'2020-10-28 23:49:53','2020-10-28 23:49:53',NULL),(949,1230,2,40739,41193,13,77364,1,0,'2019-11-26',1380.00,'Factura C N°: 0002-00000400',NULL,'2020-10-28 23:49:53','2020-10-28 23:49:53',NULL),(950,1230,2,40739,41194,13,77364,1,0,'2019-11-26',450.00,'Factura C N°: 0002-00000401',NULL,'2020-10-28 23:49:53','2020-10-28 23:49:53',NULL);
INSERT INTO `cta_cte_cliente` VALUES (951,1230,2,40739,41195,13,77364,1,0,'2019-11-26',110.00,'Factura C N°: 0002-00000402',NULL,'2020-10-28 23:49:53','2020-10-28 23:49:53',NULL),(952,1230,2,40739,40745,13,77364,1,0,'2019-11-27',550.00,'Factura C N°: 0002-00000403',NULL,'2020-10-28 23:49:53','2020-10-28 23:49:53',NULL),(953,1230,2,40739,41196,13,77364,1,0,'2019-11-28',690.00,'Factura C N°: 0002-00000404',NULL,'2020-10-28 23:49:53','2020-10-28 23:49:53',NULL),(954,1230,2,40739,41197,13,77364,1,0,'2019-11-28',1690.00,'Factura C N°: 0002-00000405',NULL,'2020-10-28 23:49:53','2020-10-28 23:49:53',NULL),(955,1230,2,40739,41198,13,77364,1,0,'2019-11-29',690.00,'Factura C N°: 0002-00000406',NULL,'2020-10-28 23:49:53','2020-10-28 23:49:53',NULL),(956,1230,2,40739,41199,13,77364,1,0,'2019-11-29',1690.00,'Factura C N°: 0002-00000407',NULL,'2020-10-28 23:49:53','2020-10-28 23:49:53',NULL),(957,1230,2,40739,41200,13,77364,1,0,'2019-11-29',2190.00,'Factura C N°: 0002-00000408',NULL,'2020-10-28 23:49:53','2020-10-28 23:49:53',NULL),(958,1230,2,40739,41201,13,77364,1,0,'2019-11-30',650.00,'Factura C N°: 0002-00000409',NULL,'2020-10-28 23:49:53','2020-10-28 23:49:53',NULL),(959,1230,2,40739,41052,13,77365,1,0,'2019-12-03',1190.00,'Factura C N°: 0002-00000410',NULL,'2020-10-28 23:50:37','2020-10-28 23:50:37',NULL),(960,1230,2,40739,41202,13,77365,1,0,'2019-12-04',890.00,'Factura C N°: 0002-00000411',NULL,'2020-10-28 23:50:37','2020-10-28 23:50:37',NULL),(961,1230,2,40739,41203,13,77365,1,0,'2019-12-05',890.00,'Factura C N°: 0002-00000412',NULL,'2020-10-28 23:50:37','2020-10-28 23:50:37',NULL),(962,1230,2,40739,41168,13,77365,1,0,'2019-12-05',3780.00,'Factura C N°: 0002-00000413',NULL,'2020-10-28 23:50:37','2020-10-28 23:50:37',NULL),(963,1230,2,40739,41204,13,77365,1,0,'2019-12-05',590.00,'Factura C N°: 0002-00000414',NULL,'2020-10-28 23:50:37','2020-10-28 23:50:37',NULL),(964,1230,2,40739,41205,13,77365,1,0,'2019-12-05',790.00,'Factura C N°: 0002-00000415',NULL,'2020-10-28 23:50:38','2020-10-28 23:50:38',NULL),(965,1230,2,40739,41206,13,77365,1,0,'2019-12-06',2040.00,'Factura C N°: 0002-00000416',NULL,'2020-10-28 23:50:38','2020-10-28 23:50:38',NULL),(966,1230,2,40739,41205,13,77365,1,0,'2019-12-06',1630.00,'Factura C N°: 0002-00000417',NULL,'2020-10-28 23:50:38','2020-10-28 23:50:38',NULL),(967,1230,2,40739,41207,13,77365,1,0,'2019-12-06',490.00,'Factura C N°: 0002-00000418',NULL,'2020-10-28 23:50:38','2020-10-28 23:50:38',NULL),(968,1230,2,40739,41197,13,77365,1,0,'2019-12-06',590.00,'Factura C N°: 0002-00000419',NULL,'2020-10-28 23:50:38','2020-10-28 23:50:38',NULL),(969,1230,2,40739,41052,13,77365,1,0,'2019-12-07',4390.00,'Factura C N°: 0002-00000420',NULL,'2020-10-28 23:50:38','2020-10-28 23:50:38',NULL),(970,1230,2,40739,41208,13,77365,1,0,'2019-12-07',530.00,'Factura C N°: 0002-00000421',NULL,'2020-10-28 23:50:38','2020-10-28 23:50:38',NULL),(971,1230,2,40739,41209,13,77365,1,0,'2019-12-07',2870.00,'Factura C N°: 0002-00000422',NULL,'2020-10-28 23:50:38','2020-10-28 23:50:38',NULL),(972,1230,2,40739,41078,13,77365,1,0,'2019-12-07',1090.00,'Factura C N°: 0002-00000423',NULL,'2020-10-28 23:50:38','2020-10-28 23:50:38',NULL),(973,1230,2,40739,41210,13,77365,1,0,'2019-12-07',3100.00,'Factura C N°: 0002-00000424',NULL,'2020-10-28 23:50:38','2020-10-28 23:50:38',NULL),(974,1230,2,40739,41211,13,77365,1,0,'2019-12-07',390.00,'Factura C N°: 0002-00000425',NULL,'2020-10-28 23:50:38','2020-10-28 23:50:38',NULL),(975,1230,2,40739,41212,13,77365,1,0,'2019-12-07',350.00,'Factura C N°: 0002-00000426',NULL,'2020-10-28 23:50:38','2020-10-28 23:50:38',NULL),(976,1230,2,40739,41213,13,77365,1,0,'2019-12-11',790.00,'Factura C N°: 0002-00000427',NULL,'2020-10-28 23:50:38','2020-10-28 23:50:38',NULL),(977,1230,2,40739,41214,13,77365,1,0,'2019-12-11',670.00,'Factura C N°: 0002-00000428',NULL,'2020-10-28 23:50:38','2020-10-28 23:50:38',NULL),(978,1230,2,40739,41215,13,77365,1,0,'2019-12-11',790.00,'Factura C N°: 0002-00000429',NULL,'2020-10-28 23:50:38','2020-10-28 23:50:38',NULL);
INSERT INTO `cta_cte_cliente` VALUES (979,1230,2,40739,41216,13,77365,1,0,'2019-12-11',790.00,'Factura C N°: 0002-00000430',NULL,'2020-10-28 23:50:38','2020-10-28 23:50:38',NULL),(980,1230,2,40739,41217,13,77365,1,0,'2019-12-12',260.00,'Factura C N°: 0002-00000431',NULL,'2020-10-28 23:50:38','2020-10-28 23:50:38',NULL),(981,1230,2,40739,41218,13,77365,1,0,'2019-12-12',1180.00,'Factura C N°: 0002-00000432',NULL,'2020-10-28 23:50:38','2020-10-28 23:50:38',NULL),(982,1230,2,40739,41219,13,77365,1,0,'2019-12-13',990.00,'Factura C N°: 0002-00000433',NULL,'2020-10-28 23:50:38','2020-10-28 23:50:38',NULL),(983,1230,2,40739,41208,13,77365,1,0,'2019-12-14',740.00,'Factura C N°: 0002-00000434',NULL,'2020-10-28 23:50:38','2020-10-28 23:50:38',NULL),(984,1230,2,40739,41220,13,77365,1,0,'2019-12-16',690.00,'Factura C N°: 0002-00000435',NULL,'2020-10-28 23:50:38','2020-10-28 23:50:38',NULL),(985,1230,2,40739,41050,13,77365,1,0,'2019-12-16',390.00,'Factura C N°: 0002-00000436',NULL,'2020-10-28 23:50:38','2020-10-28 23:50:38',NULL),(986,1230,2,40739,40745,13,77365,1,0,'2019-12-17',890.00,'Factura C N°: 0002-00000437',NULL,'2020-10-28 23:50:38','2020-10-28 23:50:38',NULL),(987,1230,2,40739,41221,13,77365,1,0,'2019-12-17',1230.00,'Factura C N°: 0002-00000438',NULL,'2020-10-28 23:50:38','2020-10-28 23:50:38',NULL),(988,1230,2,40739,41222,13,77365,1,0,'2019-12-18',990.00,'Factura C N°: 0002-00000439',NULL,'2020-10-28 23:50:38','2020-10-28 23:50:38',NULL),(989,1230,2,40739,41222,13,77365,1,0,'2019-12-18',1490.00,'Factura C N°: 0002-00000440',NULL,'2020-10-28 23:50:38','2020-10-28 23:50:38',NULL),(990,1230,2,40739,41055,13,77365,1,0,'2019-12-19',2290.00,'Factura C N°: 0002-00000441',NULL,'2020-10-28 23:50:38','2020-10-28 23:50:38',NULL),(991,1230,2,40739,41223,13,77365,1,0,'2019-12-19',690.00,'Factura C N°: 0002-00000442',NULL,'2020-10-28 23:50:38','2020-10-28 23:50:38',NULL),(992,1230,2,40739,41058,13,77365,1,0,'2019-12-20',2000.00,'Factura C N°: 0002-00000443',NULL,'2020-10-28 23:50:38','2020-10-28 23:50:38',NULL),(993,1230,2,40739,41224,13,77365,1,0,'2019-12-21',1380.00,'Factura C N°: 0002-00000444',NULL,'2020-10-28 23:50:38','2020-10-28 23:50:38',NULL),(994,1230,2,40739,41194,13,77365,1,0,'2019-12-21',1350.00,'Factura C N°: 0002-00000445',NULL,'2020-10-28 23:50:38','2020-10-28 23:50:38',NULL),(995,1230,2,40739,41225,13,77365,1,0,'2019-12-21',1050.00,'Factura C N°: 0002-00000446',NULL,'2020-10-28 23:50:38','2020-10-28 23:50:38',NULL),(996,1230,2,40739,41226,13,77365,1,0,'2019-12-21',1630.00,'Factura C N°: 0002-00000447',NULL,'2020-10-28 23:50:38','2020-10-28 23:50:38',NULL),(997,1230,2,40739,41227,13,77365,1,0,'2019-12-21',300.00,'Factura C N°: 0002-00000448',NULL,'2020-10-28 23:50:38','2020-10-28 23:50:38',NULL),(998,1230,2,40739,41228,13,77365,1,0,'2019-12-21',390.00,'Factura C N°: 0002-00000449',NULL,'2020-10-28 23:50:38','2020-10-28 23:50:38',NULL),(999,1230,2,40739,41229,13,77365,1,0,'2019-12-21',2000.00,'Factura C N°: 0002-00000450',NULL,'2020-10-28 23:50:38','2020-10-28 23:50:38',NULL),(1000,1230,2,40739,41230,13,77365,1,0,'2019-12-21',1490.00,'Factura C N°: 0002-00000451',NULL,'2020-10-28 23:50:38','2020-10-28 23:50:38',NULL),(1001,1230,2,40739,41231,13,77365,1,0,'2019-12-23',1630.00,'Factura C N°: 0002-00000452',NULL,'2020-10-28 23:50:38','2020-10-28 23:50:38',NULL),(1002,1230,2,40739,41232,13,77365,1,0,'2019-12-23',6.90,'Factura C N°: 0002-00000453',NULL,'2020-10-28 23:50:38','2020-10-28 23:50:38',NULL),(1003,1230,2,40739,41232,13,77365,1,0,'2019-12-23',683.00,'Factura C N°: 0002-00000454',NULL,'2020-10-28 23:50:38','2020-10-28 23:50:38',NULL),(1004,1230,2,40739,41233,13,77365,1,0,'2019-12-23',790.00,'Factura C N°: 0002-00000455',NULL,'2020-10-28 23:50:38','2020-10-28 23:50:38',NULL),(1005,1230,2,40739,41201,13,77365,1,0,'2019-12-23',390.00,'Factura C N°: 0002-00000456',NULL,'2020-10-28 23:50:38','2020-10-28 23:50:38',NULL),(1006,1230,2,40739,41234,13,77365,1,0,'2019-12-23',1780.00,'Factura C N°: 0002-00000457',NULL,'2020-10-28 23:50:38','2020-10-28 23:50:38',NULL);
INSERT INTO `cta_cte_cliente` VALUES (1007,1230,2,40739,41235,13,77365,1,0,'2019-12-24',1090.00,'Factura C N°: 0002-00000458',NULL,'2020-10-28 23:50:38','2020-10-28 23:50:38',NULL),(1008,1230,2,40739,41236,13,77365,1,0,'2019-12-24',390.00,'Factura C N°: 0002-00000459',NULL,'2020-10-28 23:50:38','2020-10-28 23:50:38',NULL),(1009,1230,2,40739,41237,13,77365,1,0,'2019-12-24',2970.00,'Factura C N°: 0002-00000460',NULL,'2020-10-28 23:50:38','2020-10-28 23:50:38',NULL),(1010,1230,2,40739,41238,13,77365,1,0,'2019-12-24',800.00,'Factura C N°: 0002-00000461',NULL,'2020-10-28 23:50:38','2020-10-28 23:50:38',NULL),(1011,1230,2,40739,41060,13,77365,1,0,'2019-12-24',2390.00,'Factura C N°: 0002-00000462',NULL,'2020-10-28 23:50:38','2020-10-28 23:50:38',NULL),(1012,1230,2,40739,41239,13,77365,1,0,'2019-12-24',1100.00,'Factura C N°: 0002-00000463',NULL,'2020-10-28 23:50:38','2020-10-28 23:50:38',NULL),(1013,1230,2,40739,41240,13,77365,1,0,'2019-12-27',2240.00,'Factura C N°: 0002-00000464',NULL,'2020-10-28 23:50:38','2020-10-28 23:50:38',NULL),(1014,1230,2,40739,41241,13,77365,1,0,'2019-12-27',690.00,'Factura C N°: 0002-00000465',NULL,'2020-10-28 23:50:38','2020-10-28 23:50:38',NULL),(1015,1230,2,40739,40745,13,77365,1,0,'2019-12-30',990.00,'Factura C N°: 0002-00000466',NULL,'2020-10-28 23:50:38','2020-10-28 23:50:38',NULL),(1016,1230,2,40739,41242,13,44024,1,0,'2020-03-03',800.00,'Factura C N°: 0002-00000518',NULL,'2020-10-28 23:52:37','2020-10-28 23:52:37',NULL),(1017,1230,2,40739,40745,13,44024,1,0,'2020-03-04',4410.00,'Factura C N°: 0002-00000519',NULL,'2020-10-28 23:52:37','2020-10-28 23:52:37',NULL),(1018,1230,2,40739,41243,13,44024,1,0,'2020-03-05',450.00,'Factura C N°: 0002-00000520',NULL,'2020-10-28 23:52:37','2020-10-28 23:52:37',NULL),(1019,1230,2,40739,41244,13,44024,1,0,'2020-03-05',1630.00,'Factura C N°: 0002-00000521',NULL,'2020-10-28 23:52:37','2020-10-28 23:52:37',NULL),(1020,1230,2,40739,41245,13,44024,1,0,'2020-03-06',800.00,'Factura C N°: 0002-00000522',NULL,'2020-10-28 23:52:37','2020-10-28 23:52:37',NULL),(1021,1230,2,40739,41246,13,44024,1,0,'2020-03-07',450.00,'Factura C N°: 0002-00000523',NULL,'2020-10-28 23:52:37','2020-10-28 23:52:37',NULL),(1022,1230,2,40739,41247,13,44024,1,0,'2020-03-07',5000.00,'Factura C N°: 0002-00000524',NULL,'2020-10-28 23:52:37','2020-10-28 23:52:37',NULL),(1023,1230,2,40739,41078,13,44024,1,0,'2020-03-09',1050.00,'Factura C N°: 0002-00000525',NULL,'2020-10-28 23:52:37','2020-10-28 23:52:37',NULL),(1024,1230,2,40739,41197,13,44024,1,0,'2020-03-09',750.00,'Factura C N°: 0002-00000526',NULL,'2020-10-28 23:52:37','2020-10-28 23:52:37',NULL),(1025,1230,2,40739,41070,13,44024,1,0,'2020-03-10',490.00,'Factura C N°: 0002-00000527',NULL,'2020-10-28 23:52:37','2020-10-28 23:52:37',NULL),(1026,1230,2,40739,41248,13,44024,1,0,'2020-03-14',590.00,'Factura C N°: 0002-00000528',NULL,'2020-10-28 23:52:37','2020-10-28 23:52:37',NULL),(1027,1230,2,40739,40745,13,44024,1,0,'2020-03-16',490.00,'Factura C N°: 0002-00000529',NULL,'2020-10-28 23:52:37','2020-10-28 23:52:37',NULL),(1028,1230,2,40739,41249,13,44024,1,0,'2020-03-17',1010.00,'Factura C N°: 0002-00000530',NULL,'2020-10-28 23:52:37','2020-10-28 23:52:37',NULL),(1029,906,2,40754,41250,13,51596,1,0,'2020-09-02',18000.00,'Factura C N°: 0001-00000001',NULL,'2020-10-28 23:54:17','2020-10-28 23:54:17',NULL),(1030,1230,2,40739,41251,13,44027,1,0,'2020-06-02',6950.00,'Factura C N°: 0002-00000537',NULL,'2020-10-28 23:54:46','2020-10-28 23:54:46',NULL),(1031,1230,2,40739,41099,13,44027,1,0,'2020-06-03',1830.00,'Factura C N°: 0002-00000538',NULL,'2020-10-28 23:54:46','2020-10-28 23:54:46',NULL),(1032,1230,2,40739,41252,13,44027,1,0,'2020-06-04',1090.00,'Factura C N°: 0002-00000539',NULL,'2020-10-28 23:54:46','2020-10-28 23:54:46',NULL),(1033,1230,2,40739,41253,13,44027,1,0,'2020-06-05',490.00,'Factura C N°: 0002-00000540',NULL,'2020-10-28 23:54:46','2020-10-28 23:54:46',NULL);
INSERT INTO `cta_cte_cliente` VALUES (1034,1230,2,40739,41254,13,44027,1,0,'2020-06-06',350.00,'Factura C N°: 0002-00000541',NULL,'2020-10-28 23:54:46','2020-10-28 23:54:46',NULL),(1035,1230,2,40739,41255,13,44027,1,0,'2020-06-06',650.00,'Factura C N°: 0002-00000542',NULL,'2020-10-28 23:54:46','2020-10-28 23:54:46',NULL),(1036,1230,2,40739,41256,13,44027,1,0,'2020-06-10',1320.00,'Factura C N°: 0002-00000543',NULL,'2020-10-28 23:54:46','2020-10-28 23:54:46',NULL),(1037,1230,2,40739,41058,13,44027,1,0,'2020-06-11',4050.00,'Factura C N°: 0002-00000544',NULL,'2020-10-28 23:54:46','2020-10-28 23:54:46',NULL),(1038,1230,2,40739,41257,13,44027,1,0,'2020-06-12',1410.00,'Factura C N°: 0002-00000546',NULL,'2020-10-28 23:54:46','2020-10-28 23:54:46',NULL),(1039,1230,2,40739,41257,13,44027,1,0,'2020-06-12',3890.00,'Factura C N°: 0002-00000545',NULL,'2020-10-28 23:54:46','2020-10-28 23:54:46',NULL),(1040,1230,2,40739,41258,13,44027,1,0,'2020-06-13',1210.00,'Factura C N°: 0002-00000547',NULL,'2020-10-28 23:54:46','2020-10-28 23:54:46',NULL),(1041,1230,2,40739,40745,13,44027,1,0,'2020-06-16',1080.00,'Factura C N°: 0002-00000548',NULL,'2020-10-28 23:54:46','2020-10-28 23:54:46',NULL),(1042,1230,2,40739,40745,13,44027,1,0,'2020-06-16',1150.00,'Factura C N°: 0002-00000549',NULL,'2020-10-28 23:54:46','2020-10-28 23:54:46',NULL),(1043,1230,2,40739,41259,13,44027,1,0,'2020-06-17',590.00,'Factura C N°: 0002-00000550',NULL,'2020-10-28 23:54:46','2020-10-28 23:54:46',NULL),(1044,1230,2,40739,41152,13,44027,1,0,'2020-06-17',1100.00,'Factura C N°: 0002-00000551',NULL,'2020-10-28 23:54:46','2020-10-28 23:54:46',NULL),(1045,1230,2,40739,41260,13,44027,1,0,'2020-06-27',2740.00,'Factura C N°: 0002-00000552',NULL,'2020-10-28 23:54:46','2020-10-28 23:54:46',NULL),(1046,1230,2,40739,41194,13,44027,1,0,'2020-06-27',1630.00,'Factura C N°: 0002-00000553',NULL,'2020-10-28 23:54:46','2020-10-28 23:54:46',NULL),(1047,1230,2,40739,41168,13,44027,1,0,'2020-06-27',3980.00,'Factura C N°: 0002-00000554',NULL,'2020-10-28 23:54:47','2020-10-28 23:54:47',NULL),(1048,1230,2,40739,41261,13,44027,1,0,'2020-06-27',390.00,'Factura C N°: 0002-00000555',NULL,'2020-10-28 23:54:47','2020-10-28 23:54:47',NULL),(1049,1230,2,40739,41151,13,44027,1,0,'2020-06-29',590.00,'Factura C N°: 0002-00000556',NULL,'2020-10-28 23:54:47','2020-10-28 23:54:47',NULL),(1053,906,3,40754,40772,57,51588,2,0,'2020-01-08',594.27,'Factura B N°: 1043-11695250',NULL,'2020-10-28 23:55:15','2020-10-28 23:55:15',NULL),(1054,906,3,40754,40772,57,51588,2,0,'2020-01-12',592.13,'Factura B N°: 1043-12373953',NULL,'2020-10-28 23:55:15','2020-10-28 23:55:15',NULL),(1055,906,3,40754,40772,57,51589,2,0,'2020-02-08',594.30,'Factura B N°: 1043-16879969',NULL,'2020-10-28 23:55:58','2020-10-28 23:55:58',NULL),(1056,906,3,40754,40772,57,51589,2,0,'2020-02-12',874.30,'Factura B N°: 1043-18005810',NULL,'2020-10-28 23:55:58','2020-10-28 23:55:58',NULL),(1057,906,3,40754,41273,57,51589,2,0,'2020-02-12',350.00,'Factura C N°: 0004-00000221',NULL,'2020-10-28 23:55:58','2020-10-28 23:55:58',NULL),(1058,906,3,40754,41274,57,51589,2,0,'2020-02-27',500.00,'Factura C N°: 0003-00001950',NULL,'2020-10-28 23:55:58','2020-10-28 23:55:58',NULL),(1059,906,3,40754,40772,57,51590,2,0,'2020-03-08',681.43,'Factura B N°: 1043-22871866',NULL,'2020-10-28 23:56:38','2020-10-28 23:56:38',NULL),(1060,906,3,40754,40772,57,51590,2,0,'2020-03-12',960.25,'Factura B N°: 1043-23574633',NULL,'2020-10-28 23:56:38','2020-10-28 23:56:38',NULL),(1061,906,3,40754,41275,57,51590,2,0,'2020-03-13',2512.38,'Factura B N°: 0004-00012196',NULL,'2020-10-28 23:56:38','2020-10-28 23:56:38',NULL),(1062,906,3,40754,40772,57,51591,2,0,'2020-04-08',675.00,'Factura B N°: 1043-28593115',NULL,'2020-10-28 23:57:14','2020-10-28 23:57:14',NULL),(1063,906,3,40754,40772,57,51591,2,0,'2020-04-12',675.00,'Factura B N°: 1043-29207177',NULL,'2020-10-28 23:57:14','2020-10-28 23:57:14',NULL);
INSERT INTO `cta_cte_cliente` VALUES (1064,906,3,40754,41276,57,51592,2,0,'2020-05-28',2216.49,'Factura B N°: 0001-00006435',NULL,'2020-10-28 23:57:41','2020-10-28 23:57:41',NULL),(1065,906,3,40754,40790,57,51594,2,0,'2020-07-04',3832.05,'Factura B N°: 2184-01803347',NULL,'2020-10-28 23:58:49','2020-10-28 23:58:49',NULL),(1066,906,3,40754,41277,57,51594,2,0,'2020-07-24',10095.93,'Factura B N°: 0002-00002892',NULL,'2020-10-28 23:58:49','2020-10-28 23:58:49',NULL),(1067,906,3,40754,40790,57,51594,2,0,'2020-07-25',3328.22,'Factura B N°: 2184-01854871',NULL,'2020-10-28 23:58:49','2020-10-28 23:58:49',NULL),(1068,906,3,40754,40852,57,51595,2,0,'2020-08-01',2564.74,'Factura B N°: 0013-14766382',NULL,'2020-10-28 23:59:16','2020-10-28 23:59:16',NULL),(1069,906,3,40754,41278,57,51595,2,0,'2020-08-14',35677.00,'Factura B N°: 0003-00191812',NULL,'2020-10-28 23:59:16','2020-10-28 23:59:16',NULL),(1070,906,3,40754,40852,57,51596,1,0,'2020-09-01',172.52,'Nota de crédito B N°: 0013-00211057',NULL,'2020-10-28 23:59:51','2020-10-28 23:59:51',NULL),(1071,906,3,40754,40852,57,51596,2,0,'2020-09-01',1649.00,'Factura B N°: 0013-14949159',NULL,'2020-10-28 23:59:51','2020-10-28 23:59:51',NULL),(1072,906,3,40754,40725,57,51596,2,0,'2020-09-15',425.75,'Factura B N°: 0711-06166130',NULL,'2020-10-28 23:59:51','2020-10-28 23:59:51',NULL),(1073,906,3,40754,40727,57,51596,2,0,'2020-09-17',201.00,'Factura B N°: 5007-00272643',NULL,'2020-10-28 23:59:51','2020-10-28 23:59:51',NULL),(1074,906,3,40754,40879,57,51596,2,0,'2020-09-18',0.00,'Factura B N°: 2229-08238322',NULL,'2020-10-28 23:59:51','2020-10-28 23:59:51',NULL),(1075,906,3,40754,40732,57,51596,2,0,'2020-09-30',900.00,'Factura C N°: 0001-00000225',NULL,'2020-10-28 23:59:51','2020-10-28 23:59:51',NULL),(1076,1230,2,40739,41058,13,44028,1,0,'2020-07-11',7290.00,'Factura C N°: 0002-00000557',NULL,'2020-10-29 00:00:55','2020-10-29 00:00:55',NULL),(1077,1230,2,40739,41279,13,44028,1,0,'2020-07-21',1780.00,'Factura C N°: 0002-00000558',NULL,'2020-10-29 00:00:55','2020-10-29 00:00:55',NULL),(1078,1230,2,40739,41280,13,44028,1,0,'2020-07-22',3500.00,'Factura C N°: 0002-00000559',NULL,'2020-10-29 00:00:55','2020-10-29 00:00:55',NULL),(1079,1230,2,40739,40745,13,44028,1,0,'2020-07-23',1800.00,'Factura C N°: 0002-00000560',NULL,'2020-10-29 00:00:55','2020-10-29 00:00:55',NULL),(1080,1230,2,40739,41281,13,44028,1,0,'2020-07-23',450.00,'Factura C N°: 0002-00000561',NULL,'2020-10-29 00:00:55','2020-10-29 00:00:55',NULL),(1081,1230,2,40739,41173,13,44028,1,0,'2020-07-23',700.00,'Factura C N°: 0002-00000562',NULL,'2020-10-29 00:00:56','2020-10-29 00:00:56',NULL),(1082,1230,2,40739,41144,13,44028,1,0,'2020-07-23',2390.00,'Factura C N°: 0002-00000563',NULL,'2020-10-29 00:00:56','2020-10-29 00:00:56',NULL),(1083,1230,2,40739,41282,13,44028,1,0,'2020-07-25',1980.00,'Factura C N°: 0002-00000564',NULL,'2020-10-29 00:00:56','2020-10-29 00:00:56',NULL),(1084,1230,2,40739,41283,13,44028,1,0,'2020-07-25',1290.00,'Factura C N°: 0002-00000565',NULL,'2020-10-29 00:00:56','2020-10-29 00:00:56',NULL),(1085,1230,2,40739,41284,13,44028,1,0,'2020-07-25',3520.00,'Factura C N°: 0002-00000566',NULL,'2020-10-29 00:00:56','2020-10-29 00:00:56',NULL),(1086,1230,2,40739,41285,13,44028,1,0,'2020-07-28',2250.00,'Factura C N°: 0002-00000567',NULL,'2020-10-29 00:00:56','2020-10-29 00:00:56',NULL),(1087,1230,2,40739,41286,13,44028,1,0,'2020-07-28',1880.00,'Factura C N°: 0002-00000568',NULL,'2020-10-29 00:00:56','2020-10-29 00:00:56',NULL),(1088,1230,2,40739,41287,13,44028,1,0,'2020-07-29',570.00,'Factura C N°: 0002-00000569',NULL,'2020-10-29 00:00:56','2020-10-29 00:00:56',NULL),(1089,1230,2,40739,41168,13,44028,1,0,'2020-07-29',1460.00,'Factura C N°: 0002-00000570',NULL,'2020-10-29 00:00:56','2020-10-29 00:00:56',NULL),(1090,1230,2,40739,41288,13,44028,1,0,'2020-07-30',450.00,'Factura C N°: 0002-00000571',NULL,'2020-10-29 00:00:56','2020-10-29 00:00:56',NULL);
INSERT INTO `cta_cte_cliente` VALUES (1091,1230,2,40739,41258,13,44029,1,0,'2020-08-04',170.00,'Factura C N°: 0002-00000572',NULL,'2020-10-29 01:26:48','2020-10-29 01:26:48',NULL),(1092,1230,2,40739,41289,13,44029,1,0,'2020-08-04',980.00,'Factura C N°: 0002-00000573',NULL,'2020-10-29 01:26:48','2020-10-29 01:26:48',NULL),(1093,1230,2,40739,41290,13,44029,1,0,'2020-08-05',2320.00,'Factura C N°: 0002-00000574',NULL,'2020-10-29 01:26:48','2020-10-29 01:26:48',NULL),(1094,1230,2,40739,41291,13,44029,1,0,'2020-08-07',1290.00,'Factura C N°: 0002-00000575',NULL,'2020-10-29 01:26:48','2020-10-29 01:26:48',NULL),(1095,1230,2,40739,41292,13,44029,1,0,'2020-08-10',2650.00,'Factura C N°: 0002-00000576',NULL,'2020-10-29 01:26:48','2020-10-29 01:26:48',NULL),(1096,1230,2,40739,41255,13,44029,1,0,'2020-08-10',400.00,'Factura C N°: 0002-00000577',NULL,'2020-10-29 01:26:48','2020-10-29 01:26:48',NULL),(1097,1230,2,40739,41293,13,44029,1,0,'2020-08-10',1140.00,'Factura C N°: 0002-00000578',NULL,'2020-10-29 01:26:48','2020-10-29 01:26:48',NULL),(1098,1230,2,40739,41294,13,44029,1,0,'2020-08-11',650.00,'Factura C N°: 0002-00000579',NULL,'2020-10-29 01:26:48','2020-10-29 01:26:48',NULL),(1099,1230,2,40739,41293,13,44029,1,0,'2020-08-12',790.00,'Factura C N°: 0002-00000580',NULL,'2020-10-29 01:26:48','2020-10-29 01:26:48',NULL),(1100,1230,2,40739,41295,13,44029,1,0,'2020-08-12',1540.00,'Factura C N°: 0002-00000581',NULL,'2020-10-29 01:26:48','2020-10-29 01:26:48',NULL),(1101,1230,2,40739,41296,13,44029,1,0,'2020-08-13',690.00,'Factura C N°: 0002-00000582',NULL,'2020-10-29 01:26:48','2020-10-29 01:26:48',NULL),(1102,1230,2,40739,41297,13,44029,1,0,'2020-08-14',2370.00,'Factura C N°: 0002-00000583',NULL,'2020-10-29 01:26:48','2020-10-29 01:26:48',NULL),(1103,1230,2,40739,41298,13,44029,1,0,'2020-08-14',500.00,'Factura C N°: 0002-00000584',NULL,'2020-10-29 01:26:48','2020-10-29 01:26:48',NULL),(1104,1230,2,40739,41078,13,44029,1,0,'2020-08-14',2220.00,'Factura C N°: 0002-00000585',NULL,'2020-10-29 01:26:48','2020-10-29 01:26:48',NULL),(1105,1230,2,40739,41299,13,44029,1,0,'2020-08-14',4470.00,'Factura C N°: 0002-00000586',NULL,'2020-10-29 01:26:48','2020-10-29 01:26:48',NULL),(1106,1230,2,40739,41299,13,44029,1,0,'2020-08-14',5000.00,'Factura C N°: 0002-00000587',NULL,'2020-10-29 01:26:48','2020-10-29 01:26:48',NULL),(1107,1230,2,40739,41300,13,44029,1,0,'2020-08-15',1470.00,'Factura C N°: 0002-00000588',NULL,'2020-10-29 01:26:48','2020-10-29 01:26:48',NULL),(1108,1230,2,40739,41240,13,44029,1,0,'2020-08-15',2500.00,'Factura C N°: 0002-00000589',NULL,'2020-10-29 01:26:48','2020-10-29 01:26:48',NULL),(1109,1230,2,40739,41301,13,44029,1,0,'2020-08-15',1490.00,'Factura C N°: 0002-00000590',NULL,'2020-10-29 01:26:48','2020-10-29 01:26:48',NULL),(1110,1230,2,40739,41302,13,44029,1,0,'2020-08-15',2030.00,'Factura C N°: 0002-00000591',NULL,'2020-10-29 01:26:48','2020-10-29 01:26:48',NULL),(1111,1230,2,40739,41230,13,44029,1,0,'2020-08-15',2440.00,'Factura C N°: 0002-00000592',NULL,'2020-10-29 01:26:48','2020-10-29 01:26:48',NULL),(1112,1230,2,40739,41303,13,44029,1,0,'2020-08-15',1820.00,'Factura C N°: 0002-00000593',NULL,'2020-10-29 01:26:48','2020-10-29 01:26:48',NULL),(1113,1230,2,40739,41304,13,44029,1,0,'2020-08-15',1590.00,'Factura C N°: 0002-00000594',NULL,'2020-10-29 01:26:48','2020-10-29 01:26:48',NULL),(1114,1230,2,40739,41305,13,44029,1,0,'2020-08-18',1590.00,'Factura C N°: 0002-00000595',NULL,'2020-10-29 01:26:48','2020-10-29 01:26:48',NULL),(1115,1230,2,40739,41297,13,44029,1,0,'2020-08-19',700.00,'Factura C N°: 0002-00000596',NULL,'2020-10-29 01:26:48','2020-10-29 01:26:48',NULL),(1116,1230,2,40739,41058,13,44029,1,0,'2020-08-19',3800.00,'Factura C N°: 0002-00000597',NULL,'2020-10-29 01:26:48','2020-10-29 01:26:48',NULL),(1117,1230,2,40739,41306,13,44029,1,0,'2020-08-20',1890.00,'Factura C N°: 0002-00000598',NULL,'2020-10-29 01:26:48','2020-10-29 01:26:48',NULL);
INSERT INTO `cta_cte_cliente` VALUES (1118,1230,2,40739,41307,13,44029,1,0,'2020-08-21',1580.00,'Factura C N°: 0002-00000599',NULL,'2020-10-29 01:26:48','2020-10-29 01:26:48',NULL),(1119,1230,2,40739,41281,13,44029,1,0,'2020-08-21',1870.00,'Factura C N°: 0002-00000600',NULL,'2020-10-29 01:26:48','2020-10-29 01:26:48',NULL),(1120,1230,2,40739,41308,13,44029,1,0,'2020-08-21',590.00,'Factura C N°: 0002-00000601',NULL,'2020-10-29 01:26:48','2020-10-29 01:26:48',NULL),(1121,1230,2,40739,41309,13,44029,1,0,'2020-08-22',440.00,'Factura C N°: 0002-00000602',NULL,'2020-10-29 01:26:48','2020-10-29 01:26:48',NULL),(1122,1230,2,40739,41310,13,44029,1,0,'2020-08-22',1690.00,'Factura C N°: 0002-00000603',NULL,'2020-10-29 01:26:48','2020-10-29 01:26:48',NULL),(1123,1230,2,40739,41311,13,44029,1,0,'2020-08-22',1380.00,'Factura C N°: 0002-00000604',NULL,'2020-10-29 01:26:49','2020-10-29 01:26:49',NULL),(1124,1230,2,40739,41312,13,44029,1,0,'2020-08-27',1590.00,'Factura C N°: 0002-00000605',NULL,'2020-10-29 01:26:49','2020-10-29 01:26:49',NULL),(1125,1230,2,40739,41313,13,44029,1,0,'2020-08-29',290.00,'Factura C N°: 0002-00000606',NULL,'2020-10-29 01:26:49','2020-10-29 01:26:49',NULL),(1126,1230,2,40739,41314,13,44029,1,0,'2020-08-31',1300.00,'Factura C N°: 0002-00000607',NULL,'2020-10-29 01:26:49','2020-10-29 01:26:49',NULL),(1127,1230,2,40739,41315,13,44030,1,0,'2020-09-01',830.00,'Factura C N°: 0002-00000608',NULL,'2020-10-29 01:27:41','2020-10-29 01:27:41',NULL),(1128,1230,2,40739,41316,13,44030,1,0,'2020-09-02',890.00,'Factura C N°: 0002-00000609',NULL,'2020-10-29 01:27:41','2020-10-29 01:27:41',NULL),(1129,1230,2,40739,41279,13,44030,1,0,'2020-09-05',1750.00,'Factura C N°: 0002-00000610',NULL,'2020-10-29 01:27:42','2020-10-29 01:27:42',NULL),(1130,1230,2,40739,41201,13,44030,1,0,'2020-09-09',990.00,'Factura C N°: 0002-00000611',NULL,'2020-10-29 01:27:42','2020-10-29 01:27:42',NULL),(1131,1230,2,40739,41317,13,44030,1,0,'2020-09-10',590.00,'Factura C N°: 0002-00000612',NULL,'2020-10-29 01:27:42','2020-10-29 01:27:42',NULL),(1132,1230,2,40739,41318,13,44030,1,0,'2020-09-11',1690.00,'Factura C N°: 0002-00000613',NULL,'2020-10-29 01:27:42','2020-10-29 01:27:42',NULL),(1133,1230,2,40739,41058,13,44030,1,0,'2020-09-11',1640.00,'Factura C N°: 0002-00000614',NULL,'2020-10-29 01:27:42','2020-10-29 01:27:42',NULL),(1134,1230,2,40739,41319,13,44030,1,0,'2020-09-12',2980.00,'Factura C N°: 0002-00000615',NULL,'2020-10-29 01:27:42','2020-10-29 01:27:42',NULL),(1135,1230,2,40739,41320,13,44030,1,0,'2020-09-12',3040.00,'Factura C N°: 0002-00000616',NULL,'2020-10-29 01:27:42','2020-10-29 01:27:42',NULL),(1136,1230,2,40739,41321,13,44030,1,0,'2020-09-15',590.00,'Factura C N°: 0002-00000617',NULL,'2020-10-29 01:27:42','2020-10-29 01:27:42',NULL),(1137,1230,2,40739,41322,13,44030,1,0,'2020-09-16',1820.00,'Factura C N°: 0002-00000618',NULL,'2020-10-29 01:27:42','2020-10-29 01:27:42',NULL),(1138,1230,2,40739,41323,13,44030,1,0,'2020-09-16',170.00,'Factura C N°: 0002-00000619',NULL,'2020-10-29 01:27:42','2020-10-29 01:27:42',NULL),(1139,1230,2,40739,41324,13,44030,1,0,'2020-09-16',1240.00,'Factura C N°: 0002-00000620',NULL,'2020-10-29 01:27:42','2020-10-29 01:27:42',NULL),(1140,1230,2,40739,41325,13,44030,1,0,'2020-09-18',840.00,'Factura C N°: 0002-00000621',NULL,'2020-10-29 01:27:42','2020-10-29 01:27:42',NULL),(1141,1230,2,40739,41326,13,44030,1,0,'2020-09-19',890.00,'Factura C N°: 0002-00000622',NULL,'2020-10-29 01:27:42','2020-10-29 01:27:42',NULL),(1142,1230,2,40739,41327,13,44030,1,0,'2020-09-19',1840.00,'Factura C N°: 0002-00000623',NULL,'2020-10-29 01:27:42','2020-10-29 01:27:42',NULL),(1143,1230,2,40739,41328,13,44030,1,0,'2020-09-19',980.00,'Factura C N°: 0002-00000624',NULL,'2020-10-29 01:27:42','2020-10-29 01:27:42',NULL),(1144,1230,2,40739,41329,13,44030,1,0,'2020-09-19',1280.00,'Factura C N°: 0002-00000625',NULL,'2020-10-29 01:27:42','2020-10-29 01:27:42',NULL);
INSERT INTO `cta_cte_cliente` VALUES (1145,1230,2,40739,41330,13,44030,1,0,'2020-09-21',1080.00,'Factura C N°: 0002-00000626',NULL,'2020-10-29 01:27:42','2020-10-29 01:27:42',NULL),(1146,1230,2,40739,41331,13,44030,1,0,'2020-09-21',940.00,'Factura C N°: 0002-00000627',NULL,'2020-10-29 01:27:42','2020-10-29 01:27:42',NULL),(1147,1230,2,40739,41332,13,44030,1,0,'2020-09-21',890.00,'Factura C N°: 0002-00000628',NULL,'2020-10-29 01:27:42','2020-10-29 01:27:42',NULL),(1148,1230,2,40739,41333,13,44030,1,0,'2020-09-23',3020.00,'Factura C N°: 0002-00000629',NULL,'2020-10-29 01:27:42','2020-10-29 01:27:42',NULL),(1149,1230,2,40739,41334,13,44030,1,0,'2020-09-25',2280.00,'Factura C N°: 0002-00000630',NULL,'2020-10-29 01:27:42','2020-10-29 01:27:42',NULL),(1150,1230,2,40739,41335,13,44030,1,0,'2020-09-25',2630.00,'Factura C N°: 0002-00000631',NULL,'2020-10-29 01:27:42','2020-10-29 01:27:42',NULL),(1151,1230,2,40739,41336,13,44030,1,0,'2020-09-25',4080.00,'Factura C N°: 0002-00000632',NULL,'2020-10-29 01:27:42','2020-10-29 01:27:42',NULL),(1152,1230,2,40739,41337,13,44030,1,0,'2020-09-25',2330.00,'Factura C N°: 0002-00000633',NULL,'2020-10-29 01:27:42','2020-10-29 01:27:42',NULL),(1153,1230,2,40739,41338,13,44030,1,0,'2020-09-25',990.00,'Factura C N°: 0002-00000634',NULL,'2020-10-29 01:27:42','2020-10-29 01:27:42',NULL),(1154,1230,2,40739,41339,13,44030,1,0,'2020-09-25',990.00,'Factura C N°: 0002-00000635',NULL,'2020-10-29 01:27:42','2020-10-29 01:27:42',NULL),(1155,1230,2,40739,41340,13,44030,1,0,'2020-09-26',490.00,'Factura C N°: 0002-00000636',NULL,'2020-10-29 01:27:42','2020-10-29 01:27:42',NULL),(1156,1230,2,40739,41144,13,44030,1,0,'2020-09-28',1490.00,'Factura C N°: 0002-00000637',NULL,'2020-10-29 01:27:42','2020-10-29 01:27:42',NULL),(1157,1230,2,40739,41341,13,44030,1,0,'2020-09-28',3250.00,'Factura C N°: 0002-00000638',NULL,'2020-10-29 01:27:42','2020-10-29 01:27:42',NULL),(1158,1230,2,40739,41342,13,44030,1,0,'2020-09-30',450.00,'Factura C N°: 0002-00000639',NULL,'2020-10-29 01:27:42','2020-10-29 01:27:42',NULL),(1159,1230,2,40739,41338,13,44030,1,0,'2020-09-30',980.00,'Factura C N°: 0002-00000640',NULL,'2020-10-29 01:27:42','2020-10-29 01:27:42',NULL),(1160,1230,3,40739,40852,57,77363,2,0,'2019-10-01',1562.00,'Factura B N°: 0013-13715138',NULL,'2020-10-29 01:28:12','2020-10-29 01:28:12',NULL),(1161,1230,3,40739,41343,57,77363,2,0,'2019-10-10',1223.51,'Factura A N°: 0006-07494236',NULL,'2020-10-29 01:28:12','2020-10-29 01:28:12',NULL),(1162,1230,3,40739,40732,57,77363,2,0,'2019-10-22',900.00,'Factura C N°: 0001-00000145',NULL,'2020-10-29 01:28:12','2020-10-29 01:28:12',NULL),(1163,1230,3,40739,41344,57,77363,2,0,'2019-10-29',10000.00,'Factura C N°: 0005-00000017',NULL,'2020-10-29 01:28:12','2020-10-29 01:28:12',NULL),(1164,1230,3,40739,40852,57,77364,2,0,'2019-11-01',1562.00,'Factura B N°: 0013-13823099',NULL,'2020-10-29 01:28:27','2020-10-29 01:28:27',NULL),(1165,1230,3,40739,41343,57,77364,2,0,'2019-11-10',1223.51,'Factura A N°: 0006-07638310',NULL,'2020-10-29 01:28:27','2020-10-29 01:28:27',NULL),(1166,1230,3,40739,40852,57,77365,2,0,'2019-12-01',1812.00,'Factura B N°: 0013-13930471',NULL,'2020-10-29 01:28:48','2020-10-29 01:28:48',NULL),(1167,1230,3,40739,41345,57,77365,2,0,'2019-12-05',4268.00,'Factura B N°: 0005-00000735',NULL,'2020-10-29 01:28:48','2020-10-29 01:28:48',NULL),(1168,1230,3,40739,41346,57,77365,2,0,'2019-12-05',2900.00,'Factura B N°: 0006-00002906',NULL,'2020-10-29 01:28:48','2020-10-29 01:28:48',NULL),(1169,1230,3,40739,41343,57,77365,2,0,'2019-12-10',1223.51,'Factura A N°: 0006-07781256',NULL,'2020-10-29 01:28:48','2020-10-29 01:28:48',NULL),(1170,1230,3,40739,40852,57,44022,2,0,'2020-01-01',1812.00,'Factura B N°: 0013-14037081',NULL,'2020-10-29 01:29:15','2020-10-29 01:29:15',NULL),(1171,1230,3,40739,40813,57,44022,1,0,'2020-01-02',596.06,'Nota de crédito B N°: 6496-01371324',NULL,'2020-10-29 01:29:15','2020-10-29 01:29:15',NULL);
INSERT INTO `cta_cte_cliente` VALUES (1172,1230,3,40739,41343,57,44022,2,0,'2020-01-10',1223.51,'Factura A N°: 0006-07932822',NULL,'2020-10-29 01:29:15','2020-10-29 01:29:15',NULL),(1173,1230,3,40739,41345,57,44022,2,0,'2020-01-30',4482.00,'Factura B N°: 0005-00000819',NULL,'2020-10-29 01:29:15','2020-10-29 01:29:15',NULL),(1174,1230,3,40739,40852,57,44023,2,0,'2020-02-01',1812.00,'Factura B N°: 0013-14143426',NULL,'2020-10-29 01:29:30','2020-10-29 01:29:30',NULL),(1175,1230,3,40739,41343,57,44023,2,0,'2020-02-10',1223.51,'Factura A N°: 0006-08084776',NULL,'2020-10-29 01:29:30','2020-10-29 01:29:30',NULL),(1176,1230,3,40739,40852,57,44024,2,0,'2020-03-01',1812.00,'Factura B N°: 0013-14248946',NULL,'2020-10-29 01:29:49','2020-10-29 01:29:49',NULL),(1177,1230,3,40739,41346,57,44024,2,0,'2020-03-04',3920.00,'Factura B N°: 0006-00003034',NULL,'2020-10-29 01:29:49','2020-10-29 01:29:49',NULL),(1178,1230,3,40739,41343,57,44024,2,0,'2020-03-10',1223.51,'Factura A N°: 0006-08236777',NULL,'2020-10-29 01:29:49','2020-10-29 01:29:49',NULL),(1179,1230,3,40739,41345,57,44024,2,0,'2020-03-12',2250.00,'Factura B N°: 0005-00000866',NULL,'2020-10-29 01:29:49','2020-10-29 01:29:49',NULL),(1180,1230,3,40739,40852,57,44025,2,0,'2020-04-01',1993.00,'Factura B N°: 0013-14353675',NULL,'2020-10-29 01:30:16','2020-10-29 01:30:16',NULL),(1181,1230,3,40739,41343,57,44025,2,0,'2020-04-10',1223.51,'Factura A N°: 0006-08391293',NULL,'2020-10-29 01:30:16','2020-10-29 01:30:16',NULL),(1182,1230,3,40739,40852,57,44026,2,0,'2020-05-01',1993.00,'Factura B N°: 0013-14456890',NULL,'2020-10-29 01:30:44','2020-10-29 01:30:44',NULL),(1183,1230,3,40739,40852,57,44027,2,0,'2020-06-01',1993.00,'Factura B N°: 0013-14557689',NULL,'2020-10-29 01:31:30','2020-10-29 01:31:30',NULL),(1184,1230,3,40739,40790,57,44027,2,0,'2020-06-06',4289.87,'Factura B N°: 2123-00446816',NULL,'2020-10-29 01:31:30','2020-10-29 01:31:30',NULL),(1185,1230,3,40739,41343,57,44027,2,0,'2020-06-10',1223.51,'Factura A N°: 0006-08624993',NULL,'2020-10-29 01:31:30','2020-10-29 01:31:30',NULL),(1186,1230,3,40739,41343,57,44027,2,0,'2020-06-24',1223.51,'Factura A N°: 0006-08706723',NULL,'2020-10-29 01:31:30','2020-10-29 01:31:30',NULL),(1187,1230,3,40739,40852,57,44028,2,0,'2020-07-01',1993.00,'Factura B N°: 0013-14661661',NULL,'2020-10-29 01:31:47','2020-10-29 01:31:47',NULL),(1188,1230,3,40739,41343,57,44028,2,0,'2020-07-10',1223.51,'Factura A N°: 0006-08888132',NULL,'2020-10-29 01:31:47','2020-10-29 01:31:47',NULL),(1189,1230,3,40739,40852,57,44029,2,0,'2020-08-01',1993.00,'Factura B N°: 0013-14787834',NULL,'2020-10-29 01:32:02','2020-10-29 01:32:02',NULL),(1190,1230,3,40739,41343,57,44029,2,0,'2020-08-10',1210.94,'Factura A N°: 0006-09042954',NULL,'2020-10-29 01:32:02','2020-10-29 01:32:02',NULL),(1191,1230,3,40739,40790,57,44029,2,0,'2020-08-15',1737.08,'Factura B N°: 2123-00488664',NULL,'2020-10-29 01:32:02','2020-10-29 01:32:02',NULL),(1192,1230,3,40739,40790,57,44029,2,0,'2020-08-29',2435.42,'Factura B N°: 2123-00497182',NULL,'2020-10-29 01:32:02','2020-10-29 01:32:02',NULL),(1193,1230,3,40739,40852,57,44030,2,0,'2020-09-01',1993.00,'Factura B N°: 0013-14875296',NULL,'2020-10-29 01:32:17','2020-10-29 01:32:17',NULL),(1194,1230,3,40739,41347,57,44030,2,0,'2020-09-07',4440.00,'Factura B N°: 0003-00000081',NULL,'2020-10-29 01:32:17','2020-10-29 01:32:17',NULL),(1195,1230,3,40739,41345,57,44030,2,0,'2020-09-08',7380.00,'Factura B N°: 0005-00000900',NULL,'2020-10-29 01:32:17','2020-10-29 01:32:17',NULL),(1196,1230,3,40739,41345,57,44030,2,0,'2020-09-08',7014.00,'Factura B N°: 0005-00000901',NULL,'2020-10-29 01:32:18','2020-10-29 01:32:18',NULL),(1197,1230,3,40739,41345,57,44030,1,0,'2020-09-08',7014.00,'Nota de crédito B N°: 0005-00000003',NULL,'2020-10-29 01:32:18','2020-10-29 01:32:18',NULL),(1198,1230,3,40739,41343,57,44030,2,0,'2020-09-10',1199.43,'Factura A N°: 0006-09166849',NULL,'2020-10-29 01:32:18','2020-10-29 01:32:18',NULL);
INSERT INTO `cta_cte_cliente` VALUES (1199,1230,3,40739,41345,57,44030,2,0,'2020-09-29',7002.00,'Factura B N°: 0005-00000907',NULL,'2020-10-29 01:32:18','2020-10-29 01:32:18',NULL),(1200,1230,3,40739,41346,57,44030,2,0,'2020-09-29',9500.00,'Factura B N°: 0006-00003264',NULL,'2020-10-29 01:32:18','2020-10-29 01:32:18',NULL),(1201,1230,2,40740,41348,13,77366,1,0,'2019-10-17',11740.00,'Factura C N°: 0002-00000066',NULL,'2020-10-29 20:46:32','2020-10-29 20:46:32',NULL),(1202,1230,2,40740,41349,13,77366,1,0,'2019-10-17',4050.00,'Factura C N°: 0002-00000067',NULL,'2020-10-29 20:46:32','2020-10-29 20:46:32',NULL),(1203,1230,2,40740,41350,13,77366,1,0,'2019-10-17',6400.00,'Factura C N°: 0002-00000068',NULL,'2020-10-29 20:46:32','2020-10-29 20:46:32',NULL),(1204,1230,2,40740,41348,13,77367,1,0,'2019-11-01',11740.00,'Factura C N°: 0002-00000069',NULL,'2020-10-29 20:46:44','2020-10-29 20:46:44',NULL),(1205,1230,2,40740,41349,13,77367,1,0,'2019-11-01',5850.00,'Factura C N°: 0002-00000070',NULL,'2020-10-29 20:46:44','2020-10-29 20:46:44',NULL),(1206,1230,2,40740,41350,13,77367,1,0,'2019-11-01',4480.00,'Factura C N°: 0002-00000071',NULL,'2020-10-29 20:46:44','2020-10-29 20:46:44',NULL),(1207,1230,2,40740,41351,13,77367,1,0,'2019-11-29',1930.00,'Factura C N°: 0002-00000072',NULL,'2020-10-29 20:46:44','2020-10-29 20:46:44',NULL),(1208,1230,2,40740,41348,13,77368,1,0,'2019-12-06',10800.00,'Factura C N°: 0002-00000073',NULL,'2020-10-29 20:46:57','2020-10-29 20:46:57',NULL),(1209,1230,2,40740,41349,13,77368,1,0,'2019-12-12',6450.00,'Factura C N°: 0002-00000074',NULL,'2020-10-29 20:46:57','2020-10-29 20:46:57',NULL),(1210,1230,2,40740,41350,13,77368,1,0,'2019-12-12',5320.00,'Factura C N°: 0002-00000075',NULL,'2020-10-29 20:46:57','2020-10-29 20:46:57',NULL),(1211,1230,2,40740,41351,13,77368,1,0,'2019-12-19',3330.00,'Factura C N°: 0002-00000076',NULL,'2020-10-29 20:46:57','2020-10-29 20:46:57',NULL),(1212,1230,2,40740,41350,13,45534,1,0,'2020-01-06',5920.00,'Factura C N°: 0002-00000077',NULL,'2020-10-29 20:47:10','2020-10-29 20:47:10',NULL),(1213,1230,2,40740,41349,13,45534,1,0,'2020-01-06',6750.00,'Factura C N°: 0002-00000078',NULL,'2020-10-29 20:47:10','2020-10-29 20:47:10',NULL),(1214,1230,2,40740,41351,13,45534,1,0,'2020-01-06',3120.00,'Factura C N°: 0002-00000079',NULL,'2020-10-29 20:47:10','2020-10-29 20:47:10',NULL),(1215,1230,2,40740,41348,13,45534,1,0,'2020-01-06',16280.00,'Factura C N°: 0002-00000080',NULL,'2020-10-29 20:47:10','2020-10-29 20:47:10',NULL),(1216,1230,2,40740,41351,13,45535,1,0,'2020-02-07',21080.00,'Factura C N°: 0002-00000081',NULL,'2020-10-29 20:47:22','2020-10-29 20:47:22',NULL),(1217,1230,2,40740,41348,13,45535,1,0,'2020-02-07',21080.00,'Factura C N°: 0002-00000082',NULL,'2020-10-29 20:47:22','2020-10-29 20:47:22',NULL),(1218,1230,2,40740,41349,13,45535,1,0,'2020-02-13',10200.00,'Factura C N°: 0002-00000083',NULL,'2020-10-29 20:47:22','2020-10-29 20:47:22',NULL),(1219,1230,2,40740,41350,13,45535,1,0,'2020-02-13',4960.00,'Factura C N°: 0002-00000084',NULL,'2020-10-29 20:47:22','2020-10-29 20:47:22',NULL),(1220,1230,2,40740,41348,13,45535,1,0,'2020-02-21',12220.00,'Factura C N°: 0002-00000085',NULL,'2020-10-29 20:47:22','2020-10-29 20:47:22',NULL),(1221,1230,2,40740,41352,13,45535,1,0,'2020-02-21',1805.00,'Factura C N°: 0002-00000086',NULL,'2020-10-29 20:47:22','2020-10-29 20:47:22',NULL),(1222,1230,2,40740,41349,13,45536,1,0,'2020-03-10',9750.00,'Factura C N°: 0002-00000087',NULL,'2020-10-29 20:47:34','2020-10-29 20:47:34',NULL),(1223,1230,2,40740,41350,13,45536,1,0,'2020-03-10',3520.00,'Factura C N°: 0002-00000088',NULL,'2020-10-29 20:47:34','2020-10-29 20:47:34',NULL),(1224,1230,2,40740,41348,13,45537,1,0,'2020-04-02',13220.00,'Factura C N°: 0002-00000089',NULL,'2020-10-29 20:47:47','2020-10-29 20:47:47',NULL),(1225,1230,2,40740,41351,13,45537,2,0,'2020-04-10',21080.00,'Nota de crédito C N°: 0002-00000003',NULL,'2020-10-29 20:47:47','2020-10-29 20:47:47',NULL);
INSERT INTO `cta_cte_cliente` VALUES (1226,1230,2,40740,41349,13,45537,1,0,'2020-04-14',14720.00,'Factura C N°: 0002-00000090',NULL,'2020-10-29 20:47:47','2020-10-29 20:47:47',NULL),(1227,1230,2,40740,41350,13,45537,1,0,'2020-04-14',3840.00,'Factura C N°: 0002-00000091',NULL,'2020-10-29 20:47:47','2020-10-29 20:47:47',NULL),(1228,1230,2,40740,41348,13,45538,1,0,'2020-05-07',7410.00,'Factura C N°: 0002-00000092',NULL,'2020-10-29 20:47:59','2020-10-29 20:47:59',NULL),(1229,1230,2,40740,41349,13,45538,1,0,'2020-05-07',13420.00,'Factura C N°: 0002-00000093',NULL,'2020-10-29 20:47:59','2020-10-29 20:47:59',NULL),(1230,1230,2,40740,41350,13,45538,1,0,'2020-05-07',2180.00,'Factura C N°: 0002-00000094',NULL,'2020-10-29 20:47:59','2020-10-29 20:47:59',NULL),(1231,1230,2,40740,41349,13,45539,1,0,'2020-06-16',6240.00,'Factura C N°: 0002-00000095',NULL,'2020-10-29 20:48:13','2020-10-29 20:48:13',NULL),(1232,1230,2,40740,41350,13,45539,1,0,'2020-06-16',3360.00,'Factura C N°: 0002-00000096',NULL,'2020-10-29 20:48:13','2020-10-29 20:48:13',NULL),(1233,1230,2,40740,41349,13,45540,1,0,'2020-07-17',10080.00,'Factura C N°: 0002-00000097',NULL,'2020-10-29 20:48:29','2020-10-29 20:48:29',NULL),(1234,1230,2,40740,41349,13,45541,1,0,'2020-08-24',9120.00,'Factura C N°: 0002-00000098',NULL,'2020-10-29 20:48:46','2020-10-29 20:48:46',NULL),(1235,1230,2,40740,41353,13,45541,1,0,'2020-08-24',3360.00,'Factura C N°: 0002-00000099',NULL,'2020-10-29 20:48:46','2020-10-29 20:48:46',NULL),(1236,1230,2,40740,41349,13,45542,1,0,'2020-09-25',18400.00,'Factura C N°: 0002-00000100',NULL,'2020-10-29 20:49:02','2020-10-29 20:49:02',NULL),(1237,1230,2,40740,41353,13,45542,1,0,'2020-09-28',3360.00,'Factura C N°: 0002-00000101',NULL,'2020-10-29 20:49:02','2020-10-29 20:49:02',NULL),(1238,1230,3,40740,41354,57,45536,2,0,'2020-03-17',2590.00,'Factura C N°: 0002-00000204',NULL,'2020-10-29 20:49:34','2020-10-29 20:49:34',NULL),(1239,1230,3,40740,40790,57,45536,2,0,'2020-03-25',7825.51,'Factura B N°: 2192-00674868',NULL,'2020-10-29 20:49:34','2020-10-29 20:49:34',NULL),(1240,1230,3,40740,41355,57,45538,2,0,'2020-05-19',500.00,'Factura B N°: 0001-00000372',NULL,'2020-10-29 20:49:52','2020-10-29 20:49:52',NULL),(1241,1230,3,40740,41356,57,45541,2,0,'2020-08-20',13800.00,'Factura C N°: 0002-00000288',NULL,'2020-10-29 20:50:10','2020-10-29 20:50:10',NULL),(1242,1230,2,40748,41357,13,77369,1,0,'2019-10-02',13702.38,'Factura C N°: 0001-00000019',NULL,'2020-10-29 21:17:44','2020-10-29 21:17:44',NULL),(1243,1230,2,40748,41358,13,77369,1,0,'2019-10-02',10750.00,'Factura C N°: 0001-00000020',NULL,'2020-10-29 21:17:44','2020-10-29 21:17:44',NULL),(1244,1230,2,40748,41357,13,77369,1,0,'2019-10-02',1576.38,'Factura C N°: 0001-00000021',NULL,'2020-10-29 21:17:44','2020-10-29 21:17:44',NULL),(1245,1230,2,40748,41357,13,77369,2,0,'2019-10-09',13702.38,'Nota de crédito C N°: 0001-00000002',NULL,'2020-10-29 21:17:44','2020-10-29 21:17:44',NULL),(1246,1230,2,40748,41357,13,77369,1,0,'2019-10-09',13017.27,'Factura C N°: 0001-00000022',NULL,'2020-10-29 21:17:44','2020-10-29 21:17:44',NULL),(1247,1230,2,40748,41357,13,77370,1,0,'2019-11-01',16000.00,'Factura C N°: 0001-00000023',NULL,'2020-10-29 21:18:01','2020-10-29 21:18:01',NULL),(1248,1230,2,40748,41357,13,77370,1,0,'2019-11-01',2297.62,'Factura C N°: 0001-00000024',NULL,'2020-10-29 21:18:01','2020-10-29 21:18:01',NULL),(1249,1230,2,40748,41358,13,77370,1,0,'2019-11-29',10500.00,'Factura C N°: 0001-00000025',NULL,'2020-10-29 21:18:01','2020-10-29 21:18:01',NULL),(1250,1230,2,40748,41357,13,77371,1,0,'2019-12-01',17800.00,'Factura C N°: 0001-00000026',NULL,'2020-10-29 21:18:16','2020-10-29 21:18:16',NULL),(1251,1230,2,40748,41358,13,77371,1,0,'2019-12-31',9750.00,'Factura C N°: 0001-00000027',NULL,'2020-10-29 21:18:16','2020-10-29 21:18:16',NULL),(1252,1230,2,40748,41357,13,47046,1,0,'2020-01-04',17800.00,'Factura C N°: 0001-00000028',NULL,'2020-10-29 21:18:43','2020-10-29 21:18:43',NULL);
INSERT INTO `cta_cte_cliente` VALUES (1253,1230,2,40748,41358,13,47047,1,0,'2020-02-14',10432.00,'Factura C N°: 0001-00000029',NULL,'2020-10-29 21:18:58','2020-10-29 21:18:58',NULL),(1254,1230,2,40748,41358,13,47047,1,0,'2020-02-14',15455.00,'Factura C N°: 0001-00000030',NULL,'2020-10-29 21:18:58','2020-10-29 21:18:58',NULL),(1255,1230,2,40748,41358,13,47048,1,0,'2020-03-31',14137.50,'Factura C N°: 0001-00000031',NULL,'2020-10-29 21:19:16','2020-10-29 21:19:16',NULL),(1256,1230,2,40748,41357,13,47049,1,0,'2020-04-01',18300.00,'Factura C N°: 0001-00000032',NULL,'2020-10-29 21:19:31','2020-10-29 21:19:31',NULL),(1257,1230,2,40748,41358,13,47049,1,0,'2020-04-29',7556.00,'Factura C N°: 0001-00000033',NULL,'2020-10-29 21:19:31','2020-10-29 21:19:31',NULL),(1258,1230,2,40748,41358,13,47049,2,0,'2020-04-29',7556.00,'Nota de crédito C N°: 0001-00000003',NULL,'2020-10-29 21:19:31','2020-10-29 21:19:31',NULL),(1259,1230,2,40748,41358,13,47049,1,0,'2020-04-29',7556.00,'Factura C N°: 0001-00000034',NULL,'2020-10-29 21:19:31','2020-10-29 21:19:31',NULL),(1260,1230,2,40748,41357,13,47050,1,0,'2020-05-01',18300.00,'Factura C N°: 0001-00000035',NULL,'2020-10-29 21:19:51','2020-10-29 21:19:51',NULL),(1261,1230,2,40748,41357,13,47051,1,0,'2020-06-02',18300.00,'Factura C N°: 0001-00000036',NULL,'2020-10-29 21:20:06','2020-10-29 21:20:06',NULL),(1262,1230,2,40748,41357,13,47052,1,0,'2020-07-05',18300.00,'Factura C N°: 0001-00000037',NULL,'2020-10-29 21:20:26','2020-10-29 21:20:26',NULL),(1263,1230,2,40748,41357,13,47053,1,0,'2020-08-04',18300.00,'Factura C N°: 0001-00000038',NULL,'2020-10-29 21:20:40','2020-10-29 21:20:40',NULL),(1264,1230,2,40748,41357,13,47054,1,0,'2020-09-03',18300.00,'Factura C N°: 0001-00000039',NULL,'2020-10-29 21:20:52','2020-10-29 21:20:52',NULL),(1265,1230,2,40748,41357,13,47054,2,0,'2020-09-04',18300.00,'Nota de crédito C N°: 0001-00000004',NULL,'2020-10-29 21:20:52','2020-10-29 21:20:52',NULL),(1266,1230,2,40748,41357,13,47054,1,0,'2020-09-04',18300.00,'Factura C N°: 0001-00000040',NULL,'2020-10-29 21:20:53','2020-10-29 21:20:53',NULL),(1267,1230,3,40748,41359,57,77369,2,0,'2019-10-17',270.00,'Factura B N°: 0006-00241497',NULL,'2020-10-29 21:22:58','2020-10-29 21:22:58',NULL),(1268,1230,3,40748,41360,57,77370,2,0,'2019-11-05',150.00,'Factura B N°: 2000-02086602',NULL,'2020-10-29 21:23:12','2020-10-29 21:23:12',NULL),(1269,1230,3,40748,40879,57,77370,2,0,'2019-11-30',400.00,'Factura B N°: 2230-15255264',NULL,'2020-10-29 21:23:12','2020-10-29 21:23:12',NULL),(1270,1230,3,40748,40879,57,47046,2,0,'2020-01-16',400.00,'Factura B N°: 2230-16177536',NULL,'2020-10-29 21:23:32','2020-10-29 21:23:32',NULL),(1271,1230,3,40748,40879,57,47046,2,0,'2020-01-16',300.00,'Factura B N°: 2230-16974055',NULL,'2020-10-29 21:23:32','2020-10-29 21:23:32',NULL),(1272,1230,3,40748,40879,57,47046,2,0,'2020-01-21',200.00,'Factura B N°: 2230-17508067',NULL,'2020-10-29 21:23:32','2020-10-29 21:23:32',NULL),(1273,1230,3,40748,40879,57,47046,2,0,'2020-01-26',200.00,'Factura B N°: 2230-17732391',NULL,'2020-10-29 21:23:32','2020-10-29 21:23:32',NULL),(1274,1230,3,40748,40879,57,47046,2,0,'2020-01-26',200.00,'Factura B N°: 2230-17679471',NULL,'2020-10-29 21:23:32','2020-10-29 21:23:32',NULL),(1275,1230,3,40748,40879,57,47046,2,0,'2020-01-28',200.00,'Factura B N°: 2230-17897170',NULL,'2020-10-29 21:23:32','2020-10-29 21:23:32',NULL),(1276,1230,3,40748,40732,57,47046,2,0,'2020-01-31',2800.00,'Factura C N°: 0001-00000176',NULL,'2020-10-29 21:23:32','2020-10-29 21:23:32',NULL),(1277,1230,3,40748,41360,57,47047,2,0,'2020-02-01',160.00,'Factura B N°: 2000-02229342',NULL,'2020-10-29 21:23:50','2020-10-29 21:23:50',NULL),(1278,1230,3,40748,40879,57,47047,2,0,'2020-02-03',200.00,'Factura B N°: 2230-18169216',NULL,'2020-10-29 21:23:50','2020-10-29 21:23:50',NULL),(1279,1230,3,40748,40879,57,47047,2,0,'2020-02-07',60.00,'Factura B N°: 2230-18353462',NULL,'2020-10-29 21:23:50','2020-10-29 21:23:50',NULL);
INSERT INTO `cta_cte_cliente` VALUES (1280,1230,3,40748,40879,57,47047,2,0,'2020-02-10',195.00,'Factura B N°: 2230-18491080',NULL,'2020-10-29 21:23:50','2020-10-29 21:23:50',NULL),(1281,1230,3,40748,41360,57,47047,2,0,'2020-02-13',100.00,'Factura B N°: 2000-02248053',NULL,'2020-10-29 21:23:50','2020-10-29 21:23:50',NULL),(1282,1230,3,40748,40879,57,47047,2,0,'2020-02-14',200.00,'Factura B N°: 2230-18670770',NULL,'2020-10-29 21:23:50','2020-10-29 21:23:50',NULL),(1283,1230,3,40748,40879,57,47047,2,0,'2020-02-23',150.00,'Factura B N°: 2230-18905954',NULL,'2020-10-29 21:23:50','2020-10-29 21:23:50',NULL),(1284,1230,3,40748,40879,57,47047,2,0,'2020-02-24',150.00,'Factura B N°: 2230-19052358',NULL,'2020-10-29 21:23:50','2020-10-29 21:23:50',NULL),(1285,1230,3,40748,40879,57,47047,2,0,'2020-02-28',100.00,'Factura B N°: 2230-19223581',NULL,'2020-10-29 21:23:50','2020-10-29 21:23:50',NULL),(1286,1230,3,40748,40879,57,47048,2,0,'2020-03-02',68.00,'Factura B N°: 2230-19351071',NULL,'2020-10-29 21:24:08','2020-10-29 21:24:08',NULL),(1287,1230,3,40748,40879,57,47048,2,0,'2020-03-06',100.00,'Factura B N°: 2230-19513788',NULL,'2020-10-29 21:24:08','2020-10-29 21:24:08',NULL),(1288,1230,3,40748,40879,57,47048,2,0,'2020-03-10',394.00,'Factura B N°: 2230-19694324',NULL,'2020-10-29 21:24:08','2020-10-29 21:24:08',NULL),(1289,1230,3,40748,41361,57,47051,2,0,'2020-06-04',2799.00,'Factura B N°: 3326-00047433',NULL,'2020-10-29 21:24:23','2020-10-29 21:24:23',NULL),(1290,1230,3,40748,40879,57,47051,2,0,'2020-06-16',150.00,'Factura B N°: 2230-22991197',NULL,'2020-10-29 21:24:23','2020-10-29 21:24:23',NULL),(1291,1230,3,40748,41362,57,47051,2,0,'2020-06-29',3500.00,'RECIBO C N°: 0004-00000168',NULL,'2020-10-29 21:24:23','2020-10-29 21:24:23',NULL),(1292,1230,3,40748,40879,57,47052,2,0,'2020-07-05',150.00,'Factura B N°: 2230-23766057',NULL,'2020-10-29 21:24:36','2020-10-29 21:24:36',NULL),(1293,1230,3,40748,40879,57,47052,2,0,'2020-07-08',100.00,'Factura B N°: 2230-23961210',NULL,'2020-10-29 21:24:36','2020-10-29 21:24:36',NULL),(1294,1230,3,40748,40879,57,47052,2,0,'2020-07-18',100.00,'Factura B N°: 2230-24418030',NULL,'2020-10-29 21:24:36','2020-10-29 21:24:36',NULL),(1295,1230,3,40748,41362,57,47052,2,0,'2020-07-31',1400.00,'RECIBO C N°: 0004-00000184',NULL,'2020-10-29 21:24:36','2020-10-29 21:24:36',NULL),(1296,1230,3,40748,40879,57,47053,2,0,'2020-08-05',100.00,'Factura B N°: 2230-25273879',NULL,'2020-10-29 21:24:47','2020-10-29 21:24:47',NULL),(1297,1230,3,40748,40879,57,47053,2,0,'2020-08-05',50.00,'Factura B N°: 2230-25275076',NULL,'2020-10-29 21:24:47','2020-10-29 21:24:47',NULL),(1298,1230,3,40748,40879,57,47053,2,0,'2020-08-05',100.00,'Factura B N°: 2230-25275869',NULL,'2020-10-29 21:24:47','2020-10-29 21:24:47',NULL),(1299,1230,3,40748,40879,57,47053,2,0,'2020-08-05',100.00,'Factura B N°: 2230-25277020',NULL,'2020-10-29 21:24:47','2020-10-29 21:24:47',NULL),(1300,1230,3,40748,40879,57,47053,2,0,'2020-08-15',150.00,'Factura B N°: 2230-25771635',NULL,'2020-10-29 21:24:47','2020-10-29 21:24:47',NULL),(1301,1230,3,40748,40879,57,47053,2,0,'2020-08-28',200.00,'Factura B N°: 2230-26373649',NULL,'2020-10-29 21:24:47','2020-10-29 21:24:47',NULL),(1302,1230,3,40748,41362,57,47053,2,0,'2020-08-31',1400.00,'RECIBO C N°: 0004-00000209',NULL,'2020-10-29 21:24:47','2020-10-29 21:24:47',NULL),(1303,1230,3,40748,40732,57,47053,2,0,'2020-08-31',4000.00,'Factura C N°: 0001-00000216',NULL,'2020-10-29 21:24:47','2020-10-29 21:24:47',NULL),(1304,1230,3,40748,41362,57,47054,2,0,'2020-09-16',1400.00,'RECIBO C N°: 0004-00000214',NULL,'2020-10-29 21:25:02','2020-10-29 21:25:02',NULL),(1305,1230,3,40748,40879,57,47054,2,0,'2020-09-29',200.00,'Factura B N°: 2230-27931622',NULL,'2020-10-29 21:25:02','2020-10-29 21:25:02',NULL),(1306,1230,2,40750,41363,13,50078,1,0,'2020-03-09',8000.00,'Factura C N°: 0001-00000001',NULL,'2020-10-29 21:53:18','2020-10-29 21:53:18',NULL);
INSERT INTO `cta_cte_cliente` VALUES (1307,1230,2,40750,41364,13,50078,1,0,'2020-03-11',500.00,'Factura C N°: 0001-00000002',NULL,'2020-10-29 21:53:18','2020-10-29 21:53:18',NULL),(1308,1230,2,40750,41365,13,50078,1,0,'2020-03-13',7000.00,'Factura C N°: 0001-00000003',NULL,'2020-10-29 21:53:18','2020-10-29 21:53:18',NULL),(1309,1230,2,40750,40745,13,50078,1,0,'2020-03-13',5000.00,'Factura C N°: 0001-00000004',NULL,'2020-10-29 21:53:18','2020-10-29 21:53:18',NULL),(1310,1230,2,40750,41366,13,50078,1,0,'2020-03-13',6000.00,'Factura C N°: 0001-00000005',NULL,'2020-10-29 21:53:18','2020-10-29 21:53:18',NULL),(1311,1230,2,40750,40745,13,50078,1,0,'2020-03-16',3000.00,'Factura C N°: 0001-00000006',NULL,'2020-10-29 21:53:18','2020-10-29 21:53:18',NULL),(1312,1230,2,40750,41366,13,50078,1,0,'2020-03-17',6000.00,'Factura C N°: 0001-00000007',NULL,'2020-10-29 21:53:18','2020-10-29 21:53:18',NULL),(1313,1230,2,40750,41367,13,50078,1,0,'2020-03-27',15000.00,'Factura C N°: 0001-00000008',NULL,'2020-10-29 21:53:18','2020-10-29 21:53:18',NULL),(1314,1230,2,40750,40745,13,50080,1,0,'2020-05-04',2500.00,'Factura C N°: 0001-00000009',NULL,'2020-10-29 21:53:32','2020-10-29 21:53:32',NULL),(1315,1230,2,40750,40745,13,50080,1,0,'2020-05-08',6000.00,'Factura C N°: 0001-00000010',NULL,'2020-10-29 21:53:32','2020-10-29 21:53:32',NULL),(1316,1230,2,40750,40745,13,50080,1,0,'2020-05-13',5000.00,'Factura C N°: 0001-00000011',NULL,'2020-10-29 21:53:32','2020-10-29 21:53:32',NULL),(1317,1230,2,40750,41368,13,50080,1,0,'2020-05-26',11000.00,'Factura C N°: 0001-00000012',NULL,'2020-10-29 21:53:32','2020-10-29 21:53:32',NULL),(1318,1230,2,40750,41369,13,50080,1,0,'2020-05-26',4000.00,'Factura C N°: 0001-00000013',NULL,'2020-10-29 21:53:32','2020-10-29 21:53:32',NULL),(1319,1230,2,40750,40745,13,50080,1,0,'2020-05-26',5500.00,'Factura C N°: 0001-00000014',NULL,'2020-10-29 21:53:32','2020-10-29 21:53:32',NULL),(1320,1230,2,40750,40745,13,50081,1,0,'2020-06-11',5000.00,'Factura C N°: 0001-00000015',NULL,'2020-10-29 21:53:43','2020-10-29 21:53:43',NULL),(1321,1230,2,40750,41370,13,50081,1,0,'2020-06-29',13000.00,'Factura C N°: 0001-00000016',NULL,'2020-10-29 21:53:43','2020-10-29 21:53:43',NULL),(1322,1230,2,40750,41371,13,50082,1,0,'2020-07-07',11000.00,'Factura C N°: 0001-00000017',NULL,'2020-10-29 21:53:57','2020-10-29 21:53:57',NULL),(1323,1230,2,40750,40745,13,50082,1,0,'2020-07-07',7000.00,'Factura C N°: 0001-00000018',NULL,'2020-10-29 21:53:57','2020-10-29 21:53:57',NULL),(1324,1230,2,40750,40745,13,50082,1,0,'2020-07-16',7500.00,'Factura C N°: 0001-00000019',NULL,'2020-10-29 21:53:57','2020-10-29 21:53:57',NULL),(1325,1230,2,40750,41372,13,50082,1,0,'2020-07-19',13000.00,'Factura C N°: 0001-00000020',NULL,'2020-10-29 21:53:57','2020-10-29 21:53:57',NULL),(1326,1230,2,40750,41373,13,50082,1,0,'2020-07-27',9500.00,'Factura C N°: 0001-00000021',NULL,'2020-10-29 21:53:57','2020-10-29 21:53:57',NULL),(1327,1230,2,40750,41373,13,50082,1,0,'2020-07-27',13000.00,'Factura C N°: 0001-00000022',NULL,'2020-10-29 21:53:57','2020-10-29 21:53:57',NULL),(1328,1230,2,40750,40745,13,50082,1,0,'2020-07-27',5000.00,'Factura C N°: 0001-00000023',NULL,'2020-10-29 21:53:57','2020-10-29 21:53:57',NULL),(1329,1230,2,40750,41374,13,50082,1,0,'2020-07-27',10000.00,'Factura C N°: 0001-00000024',NULL,'2020-10-29 21:53:57','2020-10-29 21:53:57',NULL),(1330,1230,2,40750,41375,13,50082,1,0,'2020-07-27',6000.00,'Factura C N°: 0001-00000025',NULL,'2020-10-29 21:53:57','2020-10-29 21:53:57',NULL),(1331,1230,2,40750,41374,13,50082,1,0,'2020-07-27',10000.00,'Factura C N°: 0001-00000026',NULL,'2020-10-29 21:53:57','2020-10-29 21:53:57',NULL),(1332,1230,2,40750,41376,13,50082,1,0,'2020-07-27',7500.00,'Factura C N°: 0001-00000027',NULL,'2020-10-29 21:53:57','2020-10-29 21:53:57',NULL),(1333,1230,2,40750,41377,13,50082,1,0,'2020-07-29',8000.00,'Factura C N°: 0001-00000028',NULL,'2020-10-29 21:53:57','2020-10-29 21:53:57',NULL);
INSERT INTO `cta_cte_cliente` VALUES (1334,1230,2,40750,41378,13,50082,1,0,'2020-07-30',8500.00,'Factura C N°: 0001-00000029',NULL,'2020-10-29 21:53:57','2020-10-29 21:53:57',NULL),(1335,1230,2,40750,41379,13,50083,1,0,'2020-08-13',16000.00,'Factura C N°: 0001-00000030',NULL,'2020-10-29 21:54:17','2020-10-29 21:54:17',NULL),(1336,1230,2,40750,40745,13,50083,1,0,'2020-08-31',6500.00,'Factura C N°: 0001-00000031',NULL,'2020-10-29 21:54:17','2020-10-29 21:54:17',NULL),(1337,1230,2,40750,41369,13,50083,1,0,'2020-08-31',10500.00,'Factura C N°: 0001-00000032',NULL,'2020-10-29 21:54:17','2020-10-29 21:54:17',NULL),(1338,1230,2,40750,41380,13,50083,1,0,'2020-08-31',8000.00,'Factura C N°: 0001-00000033',NULL,'2020-10-29 21:54:17','2020-10-29 21:54:17',NULL),(1339,1230,2,40750,41381,13,50083,1,0,'2020-08-31',13500.00,'Factura C N°: 0001-00000034',NULL,'2020-10-29 21:54:17','2020-10-29 21:54:17',NULL),(1340,1230,2,40750,40745,13,50083,1,0,'2020-08-31',8500.00,'Factura C N°: 0001-00000035',NULL,'2020-10-29 21:54:17','2020-10-29 21:54:17',NULL),(1341,1230,2,40750,41382,13,50083,1,0,'2020-08-31',6000.00,'Factura C N°: 0001-00000036',NULL,'2020-10-29 21:54:17','2020-10-29 21:54:17',NULL),(1342,1230,2,40750,41382,13,50083,1,0,'2020-08-31',6500.00,'Factura C N°: 0001-00000037',NULL,'2020-10-29 21:54:17','2020-10-29 21:54:17',NULL),(1343,1230,2,40750,40745,13,50083,1,0,'2020-08-31',6000.00,'Factura C N°: 0001-00000038',NULL,'2020-10-29 21:54:17','2020-10-29 21:54:17',NULL),(1344,1230,2,40750,40745,13,50083,1,0,'2020-08-31',7500.00,'Factura C N°: 0001-00000039',NULL,'2020-10-29 21:54:17','2020-10-29 21:54:17',NULL),(1345,1230,2,40750,41383,13,50084,1,0,'2020-09-09',14000.00,'Factura C N°: 0001-00000040',NULL,'2020-10-29 21:54:28','2020-10-29 21:54:28',NULL),(1346,1230,3,40750,40861,57,50076,2,0,'2020-01-02',2865.27,'Factura B N°: 0021-09657623',NULL,'2020-10-29 21:55:30','2020-10-29 21:55:30',NULL),(1347,1230,3,40750,40861,57,50077,2,0,'2020-02-03',2865.27,'Factura B N°: 0021-09810542',NULL,'2020-10-29 21:55:40','2020-10-29 21:55:40',NULL),(1348,1230,3,40750,40790,57,50077,2,0,'2020-02-24',3601.43,'Factura B N°: 2131-01410246',NULL,'2020-10-29 21:55:40','2020-10-29 21:55:40',NULL),(1349,1230,3,40750,40732,57,50077,2,0,'2020-02-27',1200.00,'Factura C N°: 0001-00000181',NULL,'2020-10-29 21:55:40','2020-10-29 21:55:40',NULL),(1350,1230,3,40750,40861,57,50078,2,0,'2020-03-02',2865.27,'Factura B N°: 0021-09963248',NULL,'2020-10-29 21:55:53','2020-10-29 21:55:53',NULL),(1351,1230,3,40750,40732,57,50078,2,0,'2020-03-17',1200.00,'Factura C N°: 0001-00000191',NULL,'2020-10-29 21:55:53','2020-10-29 21:55:53',NULL),(1352,1230,3,40750,40831,57,50078,2,0,'2020-03-22',2837.00,'Factura B N°: 0011-06092788',NULL,'2020-10-29 21:55:53','2020-10-29 21:55:53',NULL),(1353,1230,3,40750,40790,57,50078,2,0,'2020-03-31',2697.68,'Factura B N°: 2131-01547448',NULL,'2020-10-29 21:55:53','2020-10-29 21:55:53',NULL),(1354,1230,3,40750,40861,57,50079,2,0,'2020-04-01',2865.27,'Factura B N°: 0021-10108573',NULL,'2020-10-29 21:56:05','2020-10-29 21:56:05',NULL),(1355,1230,3,40750,40732,57,50079,2,0,'2020-04-06',1200.00,'Factura C N°: 0001-00000195',NULL,'2020-10-29 21:56:05','2020-10-29 21:56:05',NULL),(1356,1230,3,40750,40790,57,50079,2,0,'2020-04-10',4619.81,'Factura B N°: 2131-01570649',NULL,'2020-10-29 21:56:05','2020-10-29 21:56:05',NULL),(1357,1230,3,40750,40813,57,50079,2,0,'2020-04-15',3160.08,'Factura B N°: 8340-96960606',NULL,'2020-10-29 21:56:05','2020-10-29 21:56:05',NULL),(1358,1230,3,40750,41384,57,50079,2,0,'2020-04-25',5880.00,'Factura C N°: 0003-00000970',NULL,'2020-10-29 21:56:05','2020-10-29 21:56:05',NULL),(1359,1230,3,40750,41384,57,50079,2,0,'2020-04-27',2500.00,'Factura C N°: 0003-00000972',NULL,'2020-10-29 21:56:05','2020-10-29 21:56:05',NULL),(1360,1230,3,40750,41384,57,50079,1,0,'2020-04-27',2500.00,'Nota de crédito C N°: 0003-00000001',NULL,'2020-10-29 21:56:05','2020-10-29 21:56:05',NULL);
INSERT INTO `cta_cte_cliente` VALUES (1361,1230,3,40750,41384,57,50079,1,0,'2020-04-28',6000.00,'Nota de crédito C N°: 0003-00000002',NULL,'2020-10-29 21:56:05','2020-10-29 21:56:05',NULL),(1362,1230,3,40750,41384,57,50079,2,0,'2020-04-28',6000.00,'Factura C N°: 0003-00000974',NULL,'2020-10-29 21:56:05','2020-10-29 21:56:05',NULL),(1363,1230,3,40750,40790,57,50079,2,0,'2020-04-28',5690.04,'Factura B N°: 2131-01608352',NULL,'2020-10-29 21:56:05','2020-10-29 21:56:05',NULL),(1364,1230,3,40750,40861,57,50080,2,0,'2020-05-04',2865.27,'Factura B N°: 0021-10254805',NULL,'2020-10-29 21:56:21','2020-10-29 21:56:21',NULL),(1365,1230,3,40750,40790,57,50080,2,0,'2020-05-10',9492.10,'Factura B N°: 2131-01633406',NULL,'2020-10-29 21:56:21','2020-10-29 21:56:21',NULL),(1366,1230,3,40750,41385,57,50080,2,0,'2020-05-21',2380.00,'Factura B N°: 0336-00261158',NULL,'2020-10-29 21:56:21','2020-10-29 21:56:21',NULL),(1367,1230,3,40750,40732,57,50080,2,0,'2020-05-23',1200.00,'Factura C N°: 0001-00000198',NULL,'2020-10-29 21:56:21','2020-10-29 21:56:21',NULL),(1368,1230,3,40750,40831,57,50081,2,0,'2020-06-01',108.75,'Factura B N°: 0029-01740461',NULL,'2020-10-29 21:56:34','2020-10-29 21:56:34',NULL),(1369,1230,3,40750,40861,57,50081,2,0,'2020-06-01',2865.27,'Factura B N°: 0021-10401737',NULL,'2020-10-29 21:56:34','2020-10-29 21:56:34',NULL),(1370,1230,3,40750,40790,57,50081,2,0,'2020-06-09',6564.57,'Factura B N°: 2131-01703725',NULL,'2020-10-29 21:56:34','2020-10-29 21:56:34',NULL),(1371,1230,3,40750,40732,57,50081,2,0,'2020-06-18',1200.00,'Factura C N°: 0001-00000202',NULL,'2020-10-29 21:56:34','2020-10-29 21:56:34',NULL),(1372,1230,3,40750,41386,57,50082,2,0,'2020-07-02',5490.00,'Factura B N°: 0029-00075315',NULL,'2020-10-29 21:56:48','2020-10-29 21:56:48',NULL),(1373,1230,3,40750,40861,57,50082,2,0,'2020-07-02',2865.27,'Factura B N°: 0021-10553957',NULL,'2020-10-29 21:56:48','2020-10-29 21:56:48',NULL),(1374,1230,3,40750,40790,57,50082,2,0,'2020-07-09',11235.35,'Factura B N°: 2131-01778607',NULL,'2020-10-29 21:56:48','2020-10-29 21:56:48',NULL),(1375,1230,3,40750,40790,57,50083,2,0,'2020-08-02',7498.63,'Factura B N°: 2131-01838138',NULL,'2020-10-29 21:57:02','2020-10-29 21:57:02',NULL),(1376,1230,3,40750,40790,57,50083,2,0,'2020-08-02',3067.84,'Factura B N°: 2131-01837890',NULL,'2020-10-29 21:57:02','2020-10-29 21:57:02',NULL),(1377,1230,3,40750,41361,57,50083,2,0,'2020-08-03',36413.40,'Factura B N°: 3329-00053456',NULL,'2020-10-29 21:57:02','2020-10-29 21:57:02',NULL),(1378,1230,3,40750,40861,57,50083,2,0,'2020-08-03',2865.27,'Factura B N°: 0049-00003914',NULL,'2020-10-29 21:57:02','2020-10-29 21:57:02',NULL),(1379,1230,3,40750,40813,57,50083,1,0,'2020-08-18',3219.36,'Nota de crédito B N°: 6723-01001088',NULL,'2020-10-29 21:57:02','2020-10-29 21:57:02',NULL),(1380,1230,3,40750,40727,57,50083,2,0,'2020-08-19',31.50,'Factura B N°: 5014-00052619',NULL,'2020-10-29 21:57:02','2020-10-29 21:57:02',NULL),(1381,1230,3,40750,40732,57,50083,2,0,'2020-08-31',1200.00,'Factura C N°: 0001-00000217',NULL,'2020-10-29 21:57:02','2020-10-29 21:57:02',NULL),(1382,1230,3,40750,40861,57,50084,2,0,'2020-09-01',2865.27,'Factura B N°: 0048-00011547',NULL,'2020-10-29 21:57:17','2020-10-29 21:57:17',NULL),(1383,1230,3,40750,40790,57,50084,2,0,'2020-09-11',5953.54,'Factura B N°: 2131-01939730',NULL,'2020-10-29 21:57:17','2020-10-29 21:57:17',NULL),(1384,1230,3,40750,41387,57,50084,2,0,'2020-09-16',2429.00,'Factura B N°: 1001-00039085',NULL,'2020-10-29 21:57:17','2020-10-29 21:57:17',NULL),(1385,1230,2,40761,41388,13,77373,1,0,'2019-11-11',11000.00,'Factura C N°: 0002-00000081',NULL,'2020-11-06 12:50:13','2020-11-06 12:50:13',NULL),(1386,1230,2,40761,41389,13,77373,1,0,'2019-11-13',4500.00,'Factura C N°: 0002-00000082',NULL,'2020-11-06 12:50:13','2020-11-06 12:50:13',NULL),(1387,1230,2,40761,40808,13,77373,1,0,'2019-11-13',3500.00,'Factura C N°: 0002-00000083',NULL,'2020-11-06 12:50:13','2020-11-06 12:50:13',NULL);
INSERT INTO `cta_cte_cliente` VALUES (1388,1230,2,40761,40777,13,77373,1,0,'2019-11-13',6500.00,'Factura C N°: 0002-00000084',NULL,'2020-11-06 12:50:13','2020-11-06 12:50:13',NULL),(1389,1230,2,40761,40782,13,77373,1,0,'2019-11-13',8000.00,'Factura C N°: 0002-00000085',NULL,'2020-11-06 12:50:13','2020-11-06 12:50:13',NULL),(1390,1230,2,40761,40770,13,77373,1,0,'2019-11-13',10000.00,'Factura C N°: 0002-00000086',NULL,'2020-11-06 12:50:13','2020-11-06 12:50:13',NULL),(1391,1230,2,40761,40809,13,77373,1,0,'2019-11-14',3500.00,'Factura C N°: 0002-00000087',NULL,'2020-11-06 12:50:13','2020-11-06 12:50:13',NULL),(1392,1230,2,40761,40792,13,77374,1,0,'2019-12-05',2500.00,'Factura C N°: 0002-00000088',NULL,'2020-11-06 12:50:30','2020-11-06 12:50:30',NULL),(1393,1230,2,40761,40796,13,77374,1,0,'2019-12-09',7000.00,'Factura C N°: 0002-00000089',NULL,'2020-11-06 12:50:30','2020-11-06 12:50:30',NULL),(1394,1230,2,40761,40796,13,77374,1,0,'2019-12-09',2500.00,'Factura C N°: 0002-00000090',NULL,'2020-11-06 12:50:30','2020-11-06 12:50:30',NULL),(1395,1230,2,40761,41390,13,77374,1,0,'2019-12-09',37000.00,'Factura C N°: 0002-00000091',NULL,'2020-11-06 12:50:30','2020-11-06 12:50:30',NULL),(1396,1230,2,40761,41391,13,77374,1,0,'2019-12-09',5500.00,'Factura C N°: 0002-00000092',NULL,'2020-11-06 12:50:30','2020-11-06 12:50:30',NULL),(1397,1230,2,40761,40797,13,77374,1,0,'2019-12-09',6500.00,'Factura C N°: 0002-00000093',NULL,'2020-11-06 12:50:30','2020-11-06 12:50:30',NULL),(1398,1230,2,40761,40806,13,77374,1,0,'2019-12-11',30000.00,'Factura C N°: 0002-00000094',NULL,'2020-11-06 12:50:30','2020-11-06 12:50:30',NULL),(1399,1230,2,40761,40806,13,77374,1,0,'2019-12-11',12000.00,'Factura C N°: 0002-00000095',NULL,'2020-11-06 12:50:30','2020-11-06 12:50:30',NULL),(1400,1230,2,40761,40767,13,77374,1,0,'2019-12-12',5500.00,'Factura C N°: 0002-00000096',NULL,'2020-11-06 12:50:30','2020-11-06 12:50:30',NULL),(1401,1230,2,40761,41392,13,77374,1,0,'2019-12-12',5500.00,'Factura C N°: 0002-00000097',NULL,'2020-11-06 12:50:30','2020-11-06 12:50:30',NULL),(1402,1230,2,40761,40803,13,77374,1,0,'2019-12-22',30000.00,'Factura C N°: 0002-00000110',NULL,'2020-11-06 12:50:30','2020-11-06 12:50:30',NULL),(1403,1230,2,40761,40787,13,77374,1,0,'2019-12-22',1800.00,'Factura C N°: 0002-00000111',NULL,'2020-11-06 12:50:30','2020-11-06 12:50:30',NULL),(1404,1230,2,40761,40786,13,77374,1,0,'2019-12-22',2500.00,'Factura C N°: 0002-00000112',NULL,'2020-11-06 12:50:30','2020-11-06 12:50:30',NULL),(1405,1230,2,40761,41393,13,77374,1,0,'2019-12-22',5000.00,'Factura C N°: 0002-00000098',NULL,'2020-11-06 12:50:30','2020-11-06 12:50:30',NULL),(1406,1230,2,40761,40808,13,77374,1,0,'2019-12-22',2500.00,'Factura C N°: 0002-00000099',NULL,'2020-11-06 12:50:30','2020-11-06 12:50:30',NULL),(1407,1230,2,40761,40771,13,77374,1,0,'2019-12-22',25000.00,'Factura C N°: 0002-00000100',NULL,'2020-11-06 12:50:30','2020-11-06 12:50:30',NULL),(1408,1230,2,40761,40781,13,77374,1,0,'2019-12-22',9000.00,'Factura C N°: 0002-00000101',NULL,'2020-11-06 12:50:30','2020-11-06 12:50:30',NULL),(1409,1230,2,40761,40803,13,77374,1,0,'2019-12-22',18000.00,'Factura C N°: 0002-00000102',NULL,'2020-11-06 12:50:30','2020-11-06 12:50:30',NULL),(1410,1230,2,40761,40805,13,77374,1,0,'2019-12-22',18000.00,'Factura C N°: 0002-00000103',NULL,'2020-11-06 12:50:30','2020-11-06 12:50:30',NULL),(1411,1230,2,40761,40786,13,77374,1,0,'2019-12-22',35000.00,'Factura C N°: 0002-00000104',NULL,'2020-11-06 12:50:30','2020-11-06 12:50:30',NULL),(1412,1230,2,40761,40784,13,77374,1,0,'2019-12-22',6500.00,'Factura C N°: 0002-00000105',NULL,'2020-11-06 12:50:30','2020-11-06 12:50:30',NULL),(1413,1230,2,40761,40781,13,77374,1,0,'2019-12-22',9000.00,'Factura C N°: 0002-00000106',NULL,'2020-11-06 12:50:30','2020-11-06 12:50:30',NULL),(1414,1230,2,40761,40786,13,77374,1,0,'2019-12-22',38000.00,'Factura C N°: 0002-00000107',NULL,'2020-11-06 12:50:30','2020-11-06 12:50:30',NULL);
INSERT INTO `cta_cte_cliente` VALUES (1415,1230,2,40761,40787,13,77374,1,0,'2019-12-22',9500.00,'Factura C N°: 0002-00000108',NULL,'2020-11-06 12:50:30','2020-11-06 12:50:30',NULL),(1416,1230,2,40761,41394,13,77374,1,0,'2019-12-22',9500.00,'Factura C N°: 0002-00000109',NULL,'2020-11-06 12:50:30','2020-11-06 12:50:30',NULL),(1417,1230,2,40761,40807,13,77374,1,0,'2019-12-23',12000.00,'Factura C N°: 0002-00000113',NULL,'2020-11-06 12:50:30','2020-11-06 12:50:30',NULL),(1418,1230,3,40761,40772,57,77373,2,0,'2019-11-08',3369.97,'Factura B N°: 1043-00043218',NULL,'2020-11-06 12:50:51','2020-11-06 12:50:51',NULL),(1419,1230,3,40761,40772,57,77374,2,0,'2019-12-08',4055.22,'Factura B N°: 1043-05694684',NULL,'2020-11-06 12:51:02','2020-11-06 12:51:02',NULL),(1420,1230,3,40761,41395,57,77374,2,0,'2019-12-21',3050.00,'Factura C N°: 0002-00000132',NULL,'2020-11-06 12:51:02','2020-11-06 12:51:02',NULL),(1421,1230,2,40778,41399,13,77376,1,0,'2019-11-01',20000.00,'Factura C N°: 0004-00000050',NULL,'2020-11-06 13:31:03','2020-11-06 13:31:03',NULL),(1422,1230,2,40778,41400,13,77376,1,0,'2019-11-15',3500.00,'Factura C N°: 0004-00000051',NULL,'2020-11-06 13:31:03','2020-11-06 13:31:03',NULL),(1423,1230,2,40778,41401,13,77376,1,0,'2019-11-20',10966.00,'Factura C N°: 0004-00000052',NULL,'2020-11-06 13:31:03','2020-11-06 13:31:03',NULL),(1424,1230,2,40778,40745,13,77377,1,0,'2019-12-09',1500.00,'Factura C N°: 0004-00000053',NULL,'2020-11-06 13:31:13','2020-11-06 13:31:13',NULL),(1425,1230,2,40778,40745,13,77377,1,0,'2019-12-30',7600.00,'Factura C N°: 0004-00000054',NULL,'2020-11-06 13:31:13','2020-11-06 13:31:13',NULL),(1426,1230,2,40778,40745,13,77377,1,0,'2019-12-30',5400.00,'Factura C N°: 0004-00000055',NULL,'2020-11-06 13:31:13','2020-11-06 13:31:13',NULL),(1427,1230,2,40778,40745,13,77377,1,0,'2019-12-30',3100.00,'Factura C N°: 0004-00000056',NULL,'2020-11-06 13:31:13','2020-11-06 13:31:13',NULL),(1428,1230,2,40778,40745,13,77377,1,0,'2019-12-30',9000.00,'Factura C N°: 0004-00000057',NULL,'2020-11-06 13:31:13','2020-11-06 13:31:13',NULL),(1429,1230,2,40778,40745,13,77377,1,0,'2019-12-30',7900.00,'Factura C N°: 0004-00000058',NULL,'2020-11-06 13:31:13','2020-11-06 13:31:13',NULL),(1430,1230,2,40778,40745,13,71274,1,0,'2020-01-27',5000.00,'Factura C N°: 0004-00000059',NULL,'2020-11-06 13:31:28','2020-11-06 13:31:28',NULL),(1431,1230,2,40778,40745,13,71274,1,0,'2020-01-27',9700.00,'Factura C N°: 0004-00000060',NULL,'2020-11-06 13:31:28','2020-11-06 13:31:28',NULL),(1432,1230,2,40778,40745,13,71274,1,0,'2020-01-27',2800.00,'Factura C N°: 0004-00000061',NULL,'2020-11-06 13:31:28','2020-11-06 13:31:28',NULL),(1433,1230,2,40778,40745,13,71274,1,0,'2020-01-27',4500.00,'Factura C N°: 0004-00000062',NULL,'2020-11-06 13:31:28','2020-11-06 13:31:28',NULL),(1434,1230,2,40778,40745,13,71274,1,0,'2020-01-30',8100.00,'Factura C N°: 0004-00000063',NULL,'2020-11-06 13:31:28','2020-11-06 13:31:28',NULL),(1435,1230,2,40778,40745,13,71274,1,0,'2020-01-31',9900.00,'Factura C N°: 0004-00000064',NULL,'2020-11-06 13:31:28','2020-11-06 13:31:28',NULL),(1439,1230,2,40778,41402,13,71276,1,0,'2020-03-07',11500.00,'Factura C N°: 0004-00000070',NULL,'2020-11-06 13:31:56','2020-11-06 13:31:56',NULL),(1440,1230,2,40778,40745,13,71276,1,0,'2020-03-12',5600.00,'Factura C N°: 0004-00000071',NULL,'2020-11-06 13:31:56','2020-11-06 13:31:56',NULL),(1441,1230,2,40778,40745,13,71275,1,0,'2020-02-24',4270.00,'Factura C N°: 0004-00000065',NULL,'2020-11-06 13:32:42','2020-11-06 13:32:42',NULL),(1442,1230,2,40778,40745,13,71275,1,0,'2020-02-26',7000.00,'Factura C N°: 0004-00000066',NULL,'2020-11-06 13:32:42','2020-11-06 13:32:42',NULL),(1443,1230,2,40778,40745,13,71275,1,0,'2020-02-28',7500.00,'Factura C N°: 0004-00000067',NULL,'2020-11-06 13:32:42','2020-11-06 13:32:42',NULL),(1444,1230,2,40778,40745,13,71275,1,0,'2020-02-28',6200.00,'Factura C N°: 0004-00000068',NULL,'2020-11-06 13:32:42','2020-11-06 13:32:42',NULL);
INSERT INTO `cta_cte_cliente` VALUES (1445,1230,2,40778,40745,13,71275,1,0,'2020-02-28',5300.00,'Factura C N°: 0004-00000069',NULL,'2020-11-06 13:32:42','2020-11-06 13:32:42',NULL),(1446,1230,2,40778,40745,13,71278,1,0,'2020-05-23',7500.00,'Factura C N°: 0003-00000001',NULL,'2020-11-06 13:32:57','2020-11-06 13:32:57',NULL),(1447,1230,2,40778,40745,13,71278,1,0,'2020-05-23',6500.00,'Factura C N°: 0003-00000002',NULL,'2020-11-06 13:32:57','2020-11-06 13:32:57',NULL),(1448,1230,2,40778,40745,13,71278,1,0,'2020-05-25',7000.00,'Factura C N°: 0003-00000003',NULL,'2020-11-06 13:32:57','2020-11-06 13:32:57',NULL),(1449,1230,2,40778,40745,13,71278,1,0,'2020-05-27',7600.00,'Factura C N°: 0003-00000004',NULL,'2020-11-06 13:32:57','2020-11-06 13:32:57',NULL),(1450,1230,2,40778,40745,13,71278,1,0,'2020-05-30',4000.00,'Factura C N°: 0003-00000005',NULL,'2020-11-06 13:32:57','2020-11-06 13:32:57',NULL),(1451,1230,2,40778,41403,13,71279,1,0,'2020-06-18',31200.00,'Factura C N°: 0003-00000006',NULL,'2020-11-06 13:33:10','2020-11-06 13:33:10',NULL),(1452,1230,2,40778,41404,13,71279,1,0,'2020-06-18',8600.00,'Factura C N°: 0003-00000007',NULL,'2020-11-06 13:33:10','2020-11-06 13:33:10',NULL),(1453,1230,2,40778,41405,13,71279,1,0,'2020-06-18',10600.00,'Factura C N°: 0003-00000008',NULL,'2020-11-06 13:33:10','2020-11-06 13:33:10',NULL),(1454,1230,2,40778,41406,13,71279,1,0,'2020-06-26',3500.00,'Factura C N°: 0003-00000009',NULL,'2020-11-06 13:33:10','2020-11-06 13:33:10',NULL),(1455,1230,3,40778,40861,57,77376,2,0,'2019-11-01',4379.73,'Factura B N°: 0026-00902872',NULL,'2020-11-06 13:33:41','2020-11-06 13:33:41',NULL),(1456,1230,3,40778,40896,57,77376,2,0,'2019-11-07',220.00,'Factura C N°: 0122-00073559',NULL,'2020-11-06 13:33:41','2020-11-06 13:33:41',NULL),(1457,1230,3,40778,40896,57,77376,2,0,'2019-11-15',220.00,'Factura C N°: 0122-00075743',NULL,'2020-11-06 13:33:41','2020-11-06 13:33:41',NULL),(1458,1230,3,40778,40861,57,77377,2,0,'2019-12-02',5105.73,'Factura B N°: 0026-00908142',NULL,'2020-11-06 13:33:52','2020-11-06 13:33:52',NULL),(1459,1230,3,40778,40772,57,77377,2,0,'2019-12-19',0.00,'Factura B N°: 1043-08284415',NULL,'2020-11-06 13:33:52','2020-11-06 13:33:52',NULL),(1460,1230,3,40778,41407,57,77377,2,0,'2019-12-23',5802.84,'Factura B N°: 0016-00000494',NULL,'2020-11-06 13:33:52','2020-11-06 13:33:52',NULL),(1461,1230,3,40778,40861,57,71274,2,0,'2020-01-02',4253.21,'Factura B N°: 0026-00929015',NULL,'2020-11-06 13:34:04','2020-11-06 13:34:04',NULL),(1462,1230,3,40778,40772,57,71274,2,0,'2020-01-19',316.00,'Factura B N°: 1043-13931321',NULL,'2020-11-06 13:34:04','2020-11-06 13:34:04',NULL),(1463,1230,3,40778,40861,57,71275,2,0,'2020-02-03',4538.97,'Factura B N°: 0026-00941976',NULL,'2020-11-06 13:34:15','2020-11-06 13:34:15',NULL),(1464,1230,3,40778,40772,57,71275,2,0,'2020-02-19',316.00,'Factura B N°: 1043-19388635',NULL,'2020-11-06 13:34:15','2020-11-06 13:34:15',NULL),(1465,1230,3,40778,40861,57,71276,2,0,'2020-03-02',4924.69,'Factura B N°: 0026-00954894',NULL,'2020-11-06 13:34:27','2020-11-06 13:34:27',NULL),(1466,1230,3,40778,40772,57,71276,2,0,'2020-03-19',380.00,'Factura B N°: 1043-25097090',NULL,'2020-11-06 13:34:27','2020-11-06 13:34:27',NULL),(1467,1230,3,40778,40861,57,71277,2,0,'2020-04-01',3931.72,'Factura B N°: 0026-00967697',NULL,'2020-11-06 13:34:38','2020-11-06 13:34:38',NULL),(1468,1230,3,40778,41408,57,71277,2,0,'2020-04-08',10979.00,'Factura B N°: 0031-00366994',NULL,'2020-11-06 13:34:38','2020-11-06 13:34:38',NULL),(1469,1230,3,40778,40772,57,71277,2,0,'2020-04-19',380.00,'Factura B N°: 1043-30831982',NULL,'2020-11-06 13:34:38','2020-11-06 13:34:38',NULL),(1470,1230,3,40778,40831,57,71278,2,0,'2020-05-01',5414.84,'Factura B N°: 0026-01664760',NULL,'2020-11-06 13:34:49','2020-11-06 13:34:49',NULL),(1471,1230,3,40778,40861,57,71278,2,0,'2020-05-04',4249.83,'Factura B N°: 0026-00972530',NULL,'2020-11-06 13:34:49','2020-11-06 13:34:49',NULL);
INSERT INTO `cta_cte_cliente` VALUES (1472,1230,3,40778,40861,57,71279,2,0,'2020-06-02',4249.83,'Factura B N°: 0026-00993695',NULL,'2020-11-06 13:35:01','2020-11-06 13:35:01',NULL),(1473,1230,3,40778,41409,57,71279,2,0,'2020-06-17',1090.00,'Factura B N°: 0040-00040197',NULL,'2020-11-06 13:35:01','2020-11-06 13:35:01',NULL),(1474,1230,3,40778,41410,57,71279,2,0,'2020-06-19',14176.00,'Factura B N°: 0003-00000852',NULL,'2020-11-06 13:35:01','2020-11-06 13:35:01',NULL),(1475,1230,3,40778,40802,57,71279,1,0,'2020-06-26',26.33,'Nota de crédito B N°: 1144-04184214',NULL,'2020-11-06 13:35:01','2020-11-06 13:35:01',NULL),(1476,1230,3,40778,40802,57,71279,1,0,'2020-06-26',44.79,'Nota de crédito B N°: 1144-04184216',NULL,'2020-11-06 13:35:01','2020-11-06 13:35:01',NULL),(1477,1230,3,40778,40861,57,71280,2,0,'2020-07-01',4249.83,'Factura B N°: 0026-00998051',NULL,'2020-11-06 13:35:11','2020-11-06 13:35:11',NULL),(1478,1230,3,40778,40802,57,71280,1,0,'2020-07-04',63.94,'Nota de crédito B N°: 0956-00259379',NULL,'2020-11-06 13:35:11','2020-11-06 13:35:11',NULL),(1479,1230,3,40778,40802,57,71280,1,0,'2020-07-16',61.18,'Nota de crédito B N°: 1144-04806701',NULL,'2020-11-06 13:35:11','2020-11-06 13:35:11',NULL),(1480,1230,3,40778,40802,57,71280,1,0,'2020-07-16',35.83,'Nota de crédito B N°: 1144-04806702',NULL,'2020-11-06 13:35:11','2020-11-06 13:35:11',NULL),(1481,1230,3,40778,40802,57,71280,1,0,'2020-07-23',54.35,'Nota de crédito B N°: 1144-05257486',NULL,'2020-11-06 13:35:11','2020-11-06 13:35:11',NULL),(1482,1230,3,40778,41411,57,71280,2,0,'2020-07-27',9605.00,'Factura B N°: 0014-00020439',NULL,'2020-11-06 13:35:11','2020-11-06 13:35:11',NULL),(1483,1230,3,40778,40861,57,71281,2,0,'2020-08-03',4249.83,'Factura B N°: 0026-01021430',NULL,'2020-11-06 13:35:22','2020-11-06 13:35:22',NULL),(1484,1230,3,40778,41412,57,71281,2,0,'2020-08-10',1120.39,'Factura B N°: 0001-00095430',NULL,'2020-11-06 13:35:22','2020-11-06 13:35:22',NULL),(1485,1230,3,40778,41413,57,71281,2,0,'2020-08-14',78435.00,'Factura B N°: 0022-00011110',NULL,'2020-11-06 13:35:22','2020-11-06 13:35:22',NULL),(1486,1230,3,40778,40861,57,71282,2,0,'2020-09-01',4249.83,'Factura B N°: 0026-01035182',NULL,'2020-11-06 13:35:31','2020-11-06 13:35:31',NULL),(1487,1230,3,40778,40802,57,71282,1,0,'2020-09-04',67.06,'Nota de crédito B N°: 1144-06189161',NULL,'2020-11-06 13:35:31','2020-11-06 13:35:31',NULL),(1488,1230,3,40778,41412,57,71282,2,0,'2020-09-24',1745.08,'Factura B N°: 0001-00105334',NULL,'2020-11-06 13:35:31','2020-11-06 13:35:31',NULL),(1489,1230,3,40778,40861,57,71283,2,0,'2020-10-01',4249.83,'Factura B N°: 0026-01047933',NULL,'2020-11-06 13:36:42','2020-11-06 13:36:42',NULL),(1490,1230,2,40720,40721,13,31794,1,0,'2020-10-08',40172.00,'Factura A N°: 0002-00000043',NULL,'2020-11-09 01:34:02','2020-11-09 01:34:02',NULL),(1491,1230,2,40720,40722,13,31794,1,0,'2020-10-08',84942.00,'Factura A N°: 0002-00000044',NULL,'2020-11-09 01:34:02','2020-11-09 01:34:02',NULL),(1492,1230,2,40737,40880,13,41001,1,0,'2020-10-05',330.00,'Factura C N°: 0001-00000050',NULL,'2020-11-13 14:56:22','2020-11-13 14:56:22',NULL),(1493,1230,2,40737,40745,13,41001,1,0,'2020-10-31',800.00,'Factura C N°: 0001-00000051',NULL,'2020-11-13 14:56:22','2020-11-13 14:56:22',NULL),(1494,1230,2,40737,40745,13,41001,1,0,'2020-10-31',890.00,'Factura C N°: 0001-00000052',NULL,'2020-11-13 14:56:22','2020-11-13 14:56:22',NULL),(1495,1230,2,40737,40745,13,41001,1,0,'2020-10-31',340.00,'Factura C N°: 0001-00000053',NULL,'2020-11-13 14:56:22','2020-11-13 14:56:22',NULL),(1496,1230,2,40737,40745,13,41001,1,0,'2020-10-31',600.00,'Factura C N°: 0001-00000054',NULL,'2020-11-13 14:56:22','2020-11-13 14:56:22',NULL),(1497,1230,2,40737,40745,13,41001,1,0,'2020-10-31',915.00,'Factura C N°: 0001-00000055',NULL,'2020-11-13 14:56:22','2020-11-13 14:56:22',NULL),(1498,1230,2,40737,40745,13,41001,1,0,'2020-10-31',720.00,'Factura C N°: 0001-00000056',NULL,'2020-11-13 14:56:22','2020-11-13 14:56:22',NULL);
INSERT INTO `cta_cte_cliente` VALUES (1499,1230,2,40737,40745,13,41001,1,0,'2020-10-31',825.00,'Factura C N°: 0001-00000057',NULL,'2020-11-13 14:56:22','2020-11-13 14:56:22',NULL),(1500,1230,2,40737,40745,13,41001,1,0,'2020-10-31',510.00,'Factura C N°: 0001-00000058',NULL,'2020-11-13 14:56:22','2020-11-13 14:56:22',NULL),(1501,1230,2,40737,40745,13,41001,1,0,'2020-10-31',980.00,'Factura C N°: 0001-00000059',NULL,'2020-11-13 14:56:22','2020-11-13 14:56:22',NULL),(1502,1230,2,40737,40745,13,41001,1,0,'2020-10-31',360.00,'Factura C N°: 0001-00000060',NULL,'2020-11-13 14:56:22','2020-11-13 14:56:22',NULL),(1503,1230,3,40737,41414,57,41001,2,0,'2020-10-14',1535.99,'Factura B N°: 0003-00300150',NULL,'2020-11-13 14:56:47','2020-11-13 14:56:47',NULL),(1504,1230,2,40739,41186,13,44031,1,0,'2020-10-01',2030.00,'Factura C N°: 0002-00000641',NULL,'2020-11-13 15:10:38','2020-11-13 15:10:38',NULL),(1505,1230,2,40739,41292,13,44031,1,0,'2020-10-02',990.00,'Factura C N°: 0002-00000642',NULL,'2020-11-13 15:10:38','2020-11-13 15:10:38',NULL),(1506,1230,2,40739,41292,13,44031,1,0,'2020-10-02',1820.00,'Factura C N°: 0002-00000643',NULL,'2020-11-13 15:10:38','2020-11-13 15:10:38',NULL),(1507,1230,2,40739,41303,13,44031,1,0,'2020-10-02',2440.00,'Factura C N°: 0002-00000644',NULL,'2020-11-13 15:10:38','2020-11-13 15:10:38',NULL),(1508,1230,2,40739,41415,13,44031,1,0,'2020-10-03',1490.00,'Factura C N°: 0002-00000645',NULL,'2020-11-13 15:10:38','2020-11-13 15:10:38',NULL),(1509,1230,2,40739,41102,13,44031,1,0,'2020-10-05',1490.00,'Factura C N°: 0002-00000646',NULL,'2020-11-13 15:10:38','2020-11-13 15:10:38',NULL),(1510,1230,2,40739,41416,13,44031,1,0,'2020-10-05',390.00,'Factura C N°: 0002-00000647',NULL,'2020-11-13 15:10:38','2020-11-13 15:10:38',NULL),(1511,1230,2,40739,41208,13,44031,1,0,'2020-10-06',740.00,'Factura C N°: 0002-00000648',NULL,'2020-11-13 15:10:38','2020-11-13 15:10:38',NULL),(1512,1230,2,40739,41417,13,44031,1,0,'2020-10-06',1890.00,'Factura C N°: 0002-00000649',NULL,'2020-11-13 15:10:38','2020-11-13 15:10:38',NULL),(1513,1230,2,40739,41418,13,44031,1,0,'2020-10-06',3070.00,'Factura C N°: 0002-00000650',NULL,'2020-11-13 15:10:38','2020-11-13 15:10:38',NULL),(1514,1230,2,40739,41419,13,44031,1,0,'2020-10-07',990.00,'Factura C N°: 0002-00000651',NULL,'2020-11-13 15:10:38','2020-11-13 15:10:38',NULL),(1515,1230,2,40739,41420,13,44031,1,0,'2020-10-08',1870.00,'Factura C N°: 0002-00000652',NULL,'2020-11-13 15:10:38','2020-11-13 15:10:38',NULL),(1516,1230,2,40739,41421,13,44031,1,0,'2020-10-08',2120.00,'Factura C N°: 0002-00000653',NULL,'2020-11-13 15:10:38','2020-11-13 15:10:38',NULL),(1517,1230,2,40739,41422,13,44031,1,0,'2020-10-09',1300.00,'Factura C N°: 0002-00000654',NULL,'2020-11-13 15:10:38','2020-11-13 15:10:38',NULL),(1518,1230,2,40739,41423,13,44031,1,0,'2020-10-09',2540.00,'Factura C N°: 0002-00000655',NULL,'2020-11-13 15:10:38','2020-11-13 15:10:38',NULL),(1519,1230,2,40739,41424,13,44031,1,0,'2020-10-10',780.00,'Factura C N°: 0002-00000656',NULL,'2020-11-13 15:10:38','2020-11-13 15:10:38',NULL),(1520,1230,2,40739,41168,13,44031,1,0,'2020-10-10',2780.00,'Factura C N°: 0002-00000657',NULL,'2020-11-13 15:10:38','2020-11-13 15:10:38',NULL),(1521,1230,2,40739,41425,13,44031,1,0,'2020-10-10',2610.00,'Factura C N°: 0002-00000658',NULL,'2020-11-13 15:10:38','2020-11-13 15:10:38',NULL),(1522,1230,2,40739,41426,13,44031,1,0,'2020-10-14',1000.00,'Factura C N°: 0002-00000659',NULL,'2020-11-13 15:10:38','2020-11-13 15:10:38',NULL),(1523,1230,2,40739,41183,13,44031,1,0,'2020-10-14',1080.00,'Factura C N°: 0002-00000660',NULL,'2020-11-13 15:10:38','2020-11-13 15:10:38',NULL),(1524,1230,2,40739,41424,13,44031,1,0,'2020-10-14',1940.00,'Factura C N°: 0002-00000661',NULL,'2020-11-13 15:10:38','2020-11-13 15:10:38',NULL),(1525,1230,2,40739,41427,13,44031,1,0,'2020-10-14',990.00,'Factura C N°: 0002-00000662',NULL,'2020-11-13 15:10:38','2020-11-13 15:10:38',NULL);
INSERT INTO `cta_cte_cliente` VALUES (1526,1230,2,40739,41428,13,44031,1,0,'2020-10-14',2930.00,'Factura C N°: 0002-00000663',NULL,'2020-11-13 15:10:38','2020-11-13 15:10:38',NULL),(1527,1230,2,40739,41429,13,44031,1,0,'2020-10-16',1580.00,'Factura C N°: 0002-00000664',NULL,'2020-11-13 15:10:38','2020-11-13 15:10:38',NULL),(1528,1230,2,40739,41058,13,44031,1,0,'2020-10-17',960.00,'Factura C N°: 0002-00000665',NULL,'2020-11-13 15:10:38','2020-11-13 15:10:38',NULL),(1529,1230,2,40739,41430,13,44031,1,0,'2020-10-21',1190.00,'Factura C N°: 0002-00000666',NULL,'2020-11-13 15:10:38','2020-11-13 15:10:38',NULL),(1530,1230,2,40739,41431,13,44031,1,0,'2020-10-22',1170.00,'Factura C N°: 0002-00000667',NULL,'2020-11-13 15:10:38','2020-11-13 15:10:38',NULL),(1531,1230,2,40739,41432,13,44031,1,0,'2020-10-24',950.00,'Factura C N°: 0002-00000668',NULL,'2020-11-13 15:10:38','2020-11-13 15:10:38',NULL),(1532,1230,2,40739,41333,13,44031,1,0,'2020-10-24',2520.00,'Factura C N°: 0002-00000669',NULL,'2020-11-13 15:10:38','2020-11-13 15:10:38',NULL),(1533,1230,2,40739,41433,13,44031,1,0,'2020-10-27',1490.00,'Factura C N°: 0002-00000670',NULL,'2020-11-13 15:10:38','2020-11-13 15:10:38',NULL),(1534,1230,2,40739,41434,13,44031,1,0,'2020-10-27',1290.00,'Factura C N°: 0002-00000671',NULL,'2020-11-13 15:10:38','2020-11-13 15:10:38',NULL),(1535,1230,2,40739,41173,13,44031,1,0,'2020-10-29',2980.00,'Factura C N°: 0002-00000672',NULL,'2020-11-13 15:10:38','2020-11-13 15:10:38',NULL),(1536,1230,2,40739,41435,13,44031,1,0,'2020-10-30',1390.00,'Factura C N°: 0002-00000673',NULL,'2020-11-13 15:10:38','2020-11-13 15:10:38',NULL),(1537,1230,3,40739,40852,57,44031,2,0,'2020-10-01',1993.00,'Factura B N°: 0013-14982961',NULL,'2020-11-13 15:10:54','2020-11-13 15:10:54',NULL),(1538,1230,3,40739,41343,57,44031,2,0,'2020-10-10',1199.43,'Factura A N°: 0006-09343170',NULL,'2020-11-13 15:10:54','2020-11-13 15:10:54',NULL),(1539,1230,3,40739,41346,57,44031,2,0,'2020-10-24',9500.00,'Factura B N°: 0008-00000905',NULL,'2020-11-13 15:10:54','2020-11-13 15:10:54',NULL),(1540,1230,2,40740,41349,13,45543,1,0,'2020-10-28',14880.00,'Factura C N°: 0002-00000102',NULL,'2020-11-13 16:01:20','2020-11-13 16:01:20',NULL),(1541,1230,2,40740,41350,13,45543,1,0,'2020-10-28',3360.00,'Factura C N°: 0002-00000103',NULL,'2020-11-13 16:01:20','2020-11-13 16:01:20',NULL),(1542,1230,2,40750,41436,13,50085,1,0,'2020-10-05',28500.00,'Factura C N°: 0001-00000041',NULL,'2020-11-14 22:48:40','2020-11-14 22:48:40',NULL),(1543,1230,2,40750,41437,13,50085,1,0,'2020-10-06',12500.00,'Factura C N°: 0001-00000042',NULL,'2020-11-14 22:48:40','2020-11-14 22:48:40',NULL),(1544,1230,2,40750,41438,13,50085,1,0,'2020-10-06',3000.00,'Factura C N°: 0001-00000043',NULL,'2020-11-14 22:48:40','2020-11-14 22:48:40',NULL),(1545,1230,2,40750,41439,13,50085,1,0,'2020-10-06',6000.00,'Factura C N°: 0001-00000044',NULL,'2020-11-14 22:48:40','2020-11-14 22:48:40',NULL),(1546,1230,2,40750,41440,13,50085,1,0,'2020-10-06',11500.00,'Factura C N°: 0001-00000045',NULL,'2020-11-14 22:48:40','2020-11-14 22:48:40',NULL),(1547,1230,2,40750,41439,13,50085,1,0,'2020-10-06',6000.00,'Factura C N°: 0001-00000046',NULL,'2020-11-14 22:48:40','2020-11-14 22:48:40',NULL),(1548,1230,2,40750,41441,13,50085,1,0,'2020-10-06',10000.00,'Factura C N°: 0001-00000047',NULL,'2020-11-14 22:48:40','2020-11-14 22:48:40',NULL),(1549,1230,2,40750,41442,13,50085,1,0,'2020-10-06',45000.00,'Factura C N°: 0001-00000048',NULL,'2020-11-14 22:48:40','2020-11-14 22:48:40',NULL),(1550,1230,2,40750,41383,13,50085,1,0,'2020-10-19',14000.00,'Factura C N°: 0001-00000049',NULL,'2020-11-14 22:48:40','2020-11-14 22:48:40',NULL),(1551,1230,2,40750,41443,13,50085,1,0,'2020-10-20',20000.00,'Factura C N°: 0001-00000050',NULL,'2020-11-14 22:48:40','2020-11-14 22:48:40',NULL),(1552,1230,2,40750,41444,13,50085,1,0,'2020-10-27',18000.00,'Factura C N°: 0001-00000051',NULL,'2020-11-14 22:48:40','2020-11-14 22:48:40',NULL);
INSERT INTO `cta_cte_cliente` VALUES (1553,1230,3,40750,40790,57,50085,2,0,'2020-10-01',13207.04,'Factura B N°: 2131-01988473',NULL,'2020-11-14 22:48:51','2020-11-14 22:48:51',NULL),(1554,1230,3,40750,40861,57,50085,2,0,'2020-10-01',2865.27,'Factura B N°: 0049-00019116',NULL,'2020-11-14 22:48:51','2020-11-14 22:48:51',NULL),(1555,1230,3,40750,41445,57,50085,2,0,'2020-10-24',1290.00,'Factura C N°: 0002-00000085',NULL,'2020-11-14 22:48:51','2020-11-14 22:48:51',NULL),(1556,1230,3,40750,41361,57,50085,2,0,'2020-10-25',31558.20,'Factura B N°: 3095-00097216',NULL,'2020-11-14 22:48:51','2020-11-14 22:48:51',NULL),(1557,1230,3,40750,41446,57,50085,2,0,'2020-10-28',13999.00,'Factura B N°: 0011-00021172',NULL,'2020-11-14 22:48:51','2020-11-14 22:48:51',NULL),(1558,1230,2,40761,41447,13,62199,1,0,'2020-10-01',12500.00,'Factura C N°: 0002-00000217',NULL,'2020-11-14 23:27:57','2020-11-14 23:27:57',NULL),(1559,1230,2,40761,40816,13,62199,1,0,'2020-10-13',25000.00,'Factura C N°: 0002-00000218',NULL,'2020-11-14 23:27:57','2020-11-14 23:27:57',NULL),(1560,1230,2,40761,40808,13,62199,1,0,'2020-10-13',12000.00,'Factura C N°: 0002-00000219',NULL,'2020-11-14 23:27:57','2020-11-14 23:27:57',NULL),(1561,1230,2,40761,40786,13,62199,1,0,'2020-10-16',48000.00,'Factura C N°: 0002-00000220',NULL,'2020-11-14 23:27:57','2020-11-14 23:27:57',NULL),(1562,1230,2,40761,40803,13,62199,1,0,'2020-10-16',50000.00,'Factura C N°: 0002-00000221',NULL,'2020-11-14 23:27:57','2020-11-14 23:27:57',NULL),(1563,1230,2,40761,40784,13,62199,1,0,'2020-10-16',15000.00,'Factura C N°: 0002-00000222',NULL,'2020-11-14 23:27:57','2020-11-14 23:27:57',NULL),(1564,1230,2,40761,40783,13,62199,1,0,'2020-10-16',30000.00,'Factura C N°: 0002-00000223',NULL,'2020-11-14 23:27:57','2020-11-14 23:27:57',NULL),(1565,1230,2,40761,40805,13,62199,1,0,'2020-10-16',6000.00,'Factura C N°: 0002-00000224',NULL,'2020-11-14 23:27:58','2020-11-14 23:27:58',NULL),(1566,1230,2,40761,40788,13,62199,1,0,'2020-10-16',12000.00,'Factura C N°: 0002-00000225',NULL,'2020-11-14 23:27:58','2020-11-14 23:27:58',NULL),(1567,1230,2,40761,40787,13,62199,1,0,'2020-10-16',28000.00,'Factura C N°: 0002-00000226',NULL,'2020-11-14 23:27:58','2020-11-14 23:27:58',NULL),(1568,1230,2,40761,40787,13,62199,1,0,'2020-10-16',7000.00,'Factura C N°: 0002-00000227',NULL,'2020-11-14 23:27:58','2020-11-14 23:27:58',NULL),(1569,1230,2,40761,40805,13,62199,1,0,'2020-10-16',6000.00,'Factura C N°: 0002-00000228',NULL,'2020-11-14 23:27:58','2020-11-14 23:27:58',NULL),(1570,1230,2,40761,40803,13,62199,1,0,'2020-10-16',6000.00,'Factura C N°: 0002-00000229',NULL,'2020-11-14 23:27:58','2020-11-14 23:27:58',NULL),(1571,1230,2,40761,40786,13,62199,1,0,'2020-10-16',25000.00,'Factura C N°: 0002-00000230',NULL,'2020-11-14 23:27:58','2020-11-14 23:27:58',NULL),(1572,1230,2,40761,40786,13,62199,1,0,'2020-10-16',5000.00,'Factura C N°: 0002-00000231',NULL,'2020-11-14 23:27:58','2020-11-14 23:27:58',NULL),(1573,1230,2,40761,40805,13,62199,1,0,'2020-10-16',8000.00,'Factura C N°: 0002-00000232',NULL,'2020-11-14 23:27:58','2020-11-14 23:27:58',NULL),(1574,1230,2,40761,40803,13,62199,1,0,'2020-10-16',20000.00,'Factura C N°: 0002-00000233',NULL,'2020-11-14 23:27:58','2020-11-14 23:27:58',NULL),(1575,1230,2,40761,40786,13,62199,1,0,'2020-10-16',7000.00,'Factura C N°: 0002-00000234',NULL,'2020-11-14 23:27:58','2020-11-14 23:27:58',NULL),(1576,1230,2,40761,40786,13,62199,1,0,'2020-10-16',8000.00,'Factura C N°: 0002-00000235',NULL,'2020-11-14 23:27:58','2020-11-14 23:27:58',NULL),(1577,1230,2,40761,40783,13,62199,1,0,'2020-10-16',4000.00,'Factura C N°: 0002-00000236',NULL,'2020-11-14 23:27:58','2020-11-14 23:27:58',NULL),(1578,1230,2,40761,40787,13,62199,1,0,'2020-10-16',7000.00,'Factura C N°: 0002-00000237',NULL,'2020-11-14 23:27:58','2020-11-14 23:27:58',NULL),(1579,1230,2,40761,40789,13,62199,1,0,'2020-10-16',15000.00,'Factura C N°: 0002-00000238',NULL,'2020-11-14 23:27:58','2020-11-14 23:27:58',NULL);
INSERT INTO `cta_cte_cliente` VALUES (1580,1230,2,40761,41448,13,62199,1,0,'2020-10-22',7000.00,'Factura C N°: 0002-00000239',NULL,'2020-11-14 23:27:58','2020-11-14 23:27:58',NULL),(1581,1230,2,40761,40818,13,62199,2,0,'2020-10-22',7000.00,'Nota de crédito C N°: 0002-00000003',NULL,'2020-11-14 23:27:58','2020-11-14 23:27:58',NULL),(1582,1230,2,40761,41449,13,62199,1,0,'2020-10-23',50000.00,'Factura C N°: 0002-00000240',NULL,'2020-11-14 23:27:58','2020-11-14 23:27:58',NULL),(1583,1230,2,40761,41450,13,62199,1,0,'2020-10-28',26000.00,'Factura C N°: 0002-00000241',NULL,'2020-11-14 23:27:58','2020-11-14 23:27:58',NULL),(1584,1230,3,40761,40813,57,62199,1,0,'2020-10-21',220.00,'Nota de crédito B N°: 6496-01755155',NULL,'2020-11-14 23:28:08','2020-11-14 23:28:08',NULL),(1585,1230,2,40762,41451,13,63714,1,0,'2020-10-14',18000.00,'Factura C N°: 0002-00000019',NULL,'2020-11-14 23:30:42','2020-11-14 23:30:42',NULL),(1586,1230,3,40762,40732,57,63714,2,0,'2020-10-28',2500.00,'Factura C N°: 0001-00000231',NULL,'2020-11-14 23:30:50','2020-11-14 23:30:50',NULL),(1587,1230,3,40762,40732,57,63714,1,0,'2020-10-28',2500.00,'Nota de crédito C N°: 0001-00000002',NULL,'2020-11-14 23:30:50','2020-11-14 23:30:50',NULL),(1588,1230,3,40762,41451,57,63714,2,0,'2020-10-30',7193.38,'Factura B N°: 0009-00086837',NULL,'2020-11-14 23:30:50','2020-11-14 23:30:50',NULL),(1589,1230,3,40762,41451,57,63714,2,0,'2020-10-30',6609.54,'Factura B N°: 0009-00088113',NULL,'2020-11-14 23:30:50','2020-11-14 23:30:50',NULL),(1590,1230,3,40762,41451,57,63714,2,0,'2020-10-31',6464.57,'Factura B N°: 0009-00089432',NULL,'2020-11-14 23:30:50','2020-11-14 23:30:50',NULL),(1591,1230,3,40762,41451,57,63714,2,0,'2020-10-31',6961.09,'Factura B N°: 0009-00089433',NULL,'2020-11-14 23:30:51','2020-11-14 23:30:51',NULL),(1592,1230,3,40762,41451,57,63714,2,0,'2020-10-31',6801.18,'Factura B N°: 0009-00089425',NULL,'2020-11-14 23:30:51','2020-11-14 23:30:51',NULL),(1593,1230,3,40762,41451,57,63714,2,0,'2020-10-31',6908.72,'Factura B N°: 0009-00089426',NULL,'2020-11-14 23:30:51','2020-11-14 23:30:51',NULL),(1594,1230,3,40762,41451,57,63714,2,0,'2020-10-31',6299.32,'Factura B N°: 0009-00089431',NULL,'2020-11-14 23:30:51','2020-11-14 23:30:51',NULL),(1595,1230,3,40762,41451,57,63714,2,0,'2020-10-31',7095.90,'Factura B N°: 0009-00089435',NULL,'2020-11-14 23:30:51','2020-11-14 23:30:51',NULL),(1596,906,3,40754,40861,57,77356,2,0,'2019-09-02',1193.47,'Factura B N°: 0021-09090038',NULL,'2020-11-16 12:37:52','2020-11-16 12:37:52',NULL),(1597,906,3,40754,41452,57,77356,2,0,'2019-09-05',2499.00,'Factura B N°: 0006-00013394',NULL,'2020-11-16 12:37:52','2020-11-16 12:37:52',NULL),(1598,906,3,40754,40772,57,77356,2,0,'2019-09-08',637.83,'Factura B N°: 1029-86729063',NULL,'2020-11-16 12:37:52','2020-11-16 12:37:52',NULL),(1599,906,3,40754,41361,57,77356,2,0,'2019-09-10',19999.00,'Factura B N°: 2855-01612136',NULL,'2020-11-16 12:37:52','2020-11-16 12:37:52',NULL),(1600,906,3,40754,40772,57,77356,2,0,'2019-09-12',515.65,'Factura B N°: 1029-87342990',NULL,'2020-11-16 12:37:52','2020-11-16 12:37:52',NULL),(1601,906,3,40754,41453,57,77356,2,0,'2019-09-18',830.00,'Factura B N°: 0009-00001430',NULL,'2020-11-16 12:37:52','2020-11-16 12:37:52',NULL),(1602,906,3,40754,40861,57,77357,2,0,'2019-10-04',2616.81,'Factura B N°: 0021-09252130',NULL,'2020-11-16 12:39:26','2020-11-16 12:39:26',NULL),(1603,906,3,40754,40772,57,77357,2,0,'2019-10-08',513.56,'Factura B N°: 1029-91641450',NULL,'2020-11-16 12:39:26','2020-11-16 12:39:26',NULL),(1604,906,3,40754,40772,57,77357,2,0,'2019-10-12',510.00,'Factura B N°: 1029-92637827',NULL,'2020-11-16 12:39:26','2020-11-16 12:39:26',NULL),(1605,906,3,40754,40772,57,77358,2,0,'2019-11-08',594.33,'Factura B N°: 1043-00685491',NULL,'2020-11-16 12:39:47','2020-11-16 12:39:47',NULL),(1606,906,3,40754,40772,57,77358,2,0,'2019-11-12',592.46,'Factura B N°: 1043-01406959',NULL,'2020-11-16 12:39:47','2020-11-16 12:39:47',NULL);
INSERT INTO `cta_cte_cliente` VALUES (1607,906,3,40754,40772,57,77359,2,0,'2019-12-08',589.99,'Factura B N°: 1043-06297812',NULL,'2020-11-16 12:40:12','2020-11-16 12:40:12',NULL),(1608,906,3,40754,40772,57,77359,2,0,'2019-12-12',589.99,'Factura B N°: 1043-06412562',NULL,'2020-11-16 12:40:12','2020-11-16 12:40:12',NULL),(1609,906,3,40754,41454,57,77359,2,0,'2019-12-19',2499.00,'Factura B N°: 0011-00002842',NULL,'2020-11-16 12:40:12','2020-11-16 12:40:12',NULL),(1610,906,3,40754,40790,57,77359,2,0,'2019-12-22',105.38,'Factura B N°: 2184-01166035',NULL,'2020-11-16 12:40:12','2020-11-16 12:40:12',NULL),(1611,906,2,40756,41455,13,77378,1,0,'2019-09-05',3000.00,'Factura C N°: 0003-00000025',NULL,'2020-11-16 13:09:57','2020-11-16 13:09:57',NULL),(1612,906,2,40756,41456,13,77379,1,0,'2019-10-23',4800.00,'Factura C N°: 0003-00000026',NULL,'2020-11-16 13:10:55','2020-11-16 13:10:55',NULL),(1613,906,2,40756,41457,13,77379,1,0,'2019-10-23',16250.00,'Factura C N°: 0003-00000027',NULL,'2020-11-16 13:10:55','2020-11-16 13:10:55',NULL),(1614,906,2,40756,41458,13,77379,1,0,'2019-10-23',4950.00,'Factura C N°: 0003-00000028',NULL,'2020-11-16 13:10:55','2020-11-16 13:10:55',NULL),(1615,906,2,40756,41459,13,77380,1,0,'2019-11-13',5520.00,'Factura C N°: 0003-00000029',NULL,'2020-11-16 13:11:30','2020-11-16 13:11:30',NULL),(1616,906,2,40756,41460,13,77380,1,0,'2019-11-13',3400.00,'Factura C N°: 0003-00000030',NULL,'2020-11-16 13:11:30','2020-11-16 13:11:30',NULL),(1617,906,2,40756,41461,13,77380,1,0,'2019-11-22',1650.00,'Factura C N°: 0003-00000031',NULL,'2020-11-16 13:11:30','2020-11-16 13:11:30',NULL),(1618,906,2,40756,41462,13,54618,1,0,'2020-01-02',9000.00,'Factura C N°: 0003-00000032',NULL,'2020-11-16 13:12:58','2020-11-16 13:12:58',NULL),(1619,906,2,40756,41463,13,54619,1,0,'2020-02-19',2520.00,'Factura C N°: 0003-00000033',NULL,'2020-11-16 13:13:37','2020-11-16 13:13:37',NULL),(1620,906,2,40756,41464,13,54619,1,0,'2020-02-19',2000.00,'Factura C N°: 0003-00000034',NULL,'2020-11-16 13:13:37','2020-11-16 13:13:37',NULL),(1621,906,2,40756,41465,13,54619,1,0,'2020-02-19',12600.00,'Factura C N°: 0003-00000035',NULL,'2020-11-16 13:13:37','2020-11-16 13:13:37',NULL),(1622,906,2,40756,41466,13,54620,1,0,'2020-03-18',8000.00,'Factura C N°: 0003-00000036',NULL,'2020-11-16 13:14:01','2020-11-16 13:14:01',NULL),(1623,906,2,40756,41467,13,54620,1,0,'2020-03-18',2000.00,'Factura C N°: 0003-00000037',NULL,'2020-11-16 13:14:01','2020-11-16 13:14:01',NULL),(1624,906,2,40756,41468,13,54620,1,0,'2020-03-18',600.00,'Factura C N°: 0003-00000038',NULL,'2020-11-16 13:14:01','2020-11-16 13:14:01',NULL),(1625,906,2,40756,41466,13,54621,1,0,'2020-04-22',3000.00,'Factura C N°: 0003-00000039',NULL,'2020-11-16 13:15:23','2020-11-16 13:15:23',NULL),(1626,906,2,40756,41469,13,54621,1,0,'2020-04-22',2975.00,'Factura C N°: 0003-00000040',NULL,'2020-11-16 13:15:23','2020-11-16 13:15:23',NULL),(1627,906,2,40756,41470,13,54621,1,0,'2020-04-22',12350.00,'Factura C N°: 0003-00000041',NULL,'2020-11-16 13:15:23','2020-11-16 13:15:23',NULL),(1628,906,2,40756,41466,13,54623,1,0,'2020-06-24',8000.00,'Factura C N°: 0003-00000042',NULL,'2020-11-16 13:16:32','2020-11-16 13:16:32',NULL),(1629,906,2,40756,41471,13,54624,1,0,'2020-07-14',4000.00,'Factura C N°: 0003-00000043',NULL,'2020-11-16 13:16:52','2020-11-16 13:16:52',NULL),(1630,906,2,40756,41466,13,54625,1,0,'2020-08-02',3600.00,'Factura C N°: 0003-00000044',NULL,'2020-11-16 13:17:23','2020-11-16 13:17:23',NULL),(1631,906,2,40756,41472,13,54625,1,0,'2020-08-02',10350.00,'Factura C N°: 0003-00000045',NULL,'2020-11-16 13:17:23','2020-11-16 13:17:23',NULL),(1632,906,2,40756,41473,13,54625,1,0,'2020-08-02',13650.00,'Factura C N°: 0003-00000046',NULL,'2020-11-16 13:17:23','2020-11-16 13:17:23',NULL),(1633,906,2,40756,41474,13,54625,1,0,'2020-08-02',7150.00,'Factura C N°: 0003-00000047',NULL,'2020-11-16 13:17:24','2020-11-16 13:17:24',NULL);
INSERT INTO `cta_cte_cliente` VALUES (1634,906,2,40756,41473,13,54625,1,0,'2020-08-10',13650.00,'Factura C N°: 0003-00000048',NULL,'2020-11-16 13:17:24','2020-11-16 13:17:24',NULL),(1635,906,3,40756,40861,57,77378,2,0,'2019-09-02',3465.91,'Factura B N°: 0021-09096477',NULL,'2020-11-16 13:19:31','2020-11-16 13:19:31',NULL),(1636,906,3,40756,40724,57,77378,2,0,'2019-09-15',180.20,'Factura B N°: 0629-07262575',NULL,'2020-11-16 13:19:31','2020-11-16 13:19:31',NULL),(1637,906,3,40756,40725,57,77378,2,0,'2019-09-15',102.00,'Factura B N°: 0711-02960548',NULL,'2020-11-16 13:19:31','2020-11-16 13:19:31',NULL),(1638,906,3,40756,41475,57,77378,2,0,'2019-09-18',6800.00,'Factura B N°: 0002-00000001',NULL,'2020-11-16 13:19:31','2020-11-16 13:19:31',NULL),(1639,906,3,40756,40742,57,77378,2,0,'2019-09-20',282.00,'Factura B N°: 0113-06539137',NULL,'2020-11-16 13:19:31','2020-11-16 13:19:31',NULL),(1640,906,3,40756,40727,57,77378,2,0,'2019-09-23',54.00,'Factura B N°: 5005-26133997',NULL,'2020-11-16 13:19:31','2020-11-16 13:19:31',NULL),(1641,906,3,40756,40861,57,77379,2,0,'2019-10-04',3626.91,'Factura B N°: 0021-09258763',NULL,'2020-11-16 13:20:10','2020-11-16 13:20:10',NULL),(1642,906,3,40756,41476,57,77379,2,0,'2019-10-08',7798.00,'Factura B N°: 0016-00039704',NULL,'2020-11-16 13:20:10','2020-11-16 13:20:10',NULL),(1643,906,3,40756,40724,57,77379,2,0,'2019-10-15',123.50,'Factura B N°: 0629-07488428',NULL,'2020-11-16 13:20:10','2020-11-16 13:20:10',NULL),(1644,906,3,40756,40725,57,77379,2,0,'2019-10-15',312.00,'Factura B N°: 0711-03316555',NULL,'2020-11-16 13:20:10','2020-11-16 13:20:10',NULL),(1645,906,3,40756,40742,57,77379,2,0,'2019-10-21',444.00,'Factura B N°: 0113-06651370',NULL,'2020-11-16 13:20:10','2020-11-16 13:20:10',NULL),(1646,906,3,40756,40752,57,77379,2,0,'2019-10-22',341.90,'Factura B N°: 0050-07471822',NULL,'2020-11-16 13:20:10','2020-11-16 13:20:10',NULL),(1647,906,3,40756,40727,57,77379,2,0,'2019-10-24',153.00,'Factura B N°: 5005-26551124',NULL,'2020-11-16 13:20:10','2020-11-16 13:20:10',NULL),(1648,906,3,40756,40852,57,77380,2,0,'2019-11-01',2539.74,'Factura B N°: 0013-13895972',NULL,'2020-11-16 13:20:51','2020-11-16 13:20:51',NULL),(1649,906,3,40756,40861,57,77380,2,0,'2019-11-04',3793.91,'Factura B N°: 0021-09419922',NULL,'2020-11-16 13:20:51','2020-11-16 13:20:51',NULL),(1650,906,3,40756,40724,57,77380,2,0,'2019-11-15',45.05,'Factura B N°: 0629-07715679',NULL,'2020-11-16 13:20:51','2020-11-16 13:20:51',NULL),(1651,906,3,40756,40725,57,77380,2,0,'2019-11-15',96.05,'Factura B N°: 0711-03681671',NULL,'2020-11-16 13:20:51','2020-11-16 13:20:51',NULL),(1652,906,3,40756,41477,57,77380,2,0,'2019-11-19',5798.00,'Factura B N°: 0007-00002978',NULL,'2020-11-16 13:20:51','2020-11-16 13:20:51',NULL),(1653,906,3,40756,40742,57,77380,2,0,'2019-11-20',660.00,'Factura B N°: 0113-06765290',NULL,'2020-11-16 13:20:51','2020-11-16 13:20:51',NULL),(1654,906,3,40756,40852,57,77381,2,0,'2019-12-01',2559.00,'Factura B N°: 0013-14001752',NULL,'2020-11-16 13:21:30','2020-11-16 13:21:30',NULL),(1655,906,3,40756,40861,57,77381,2,0,'2019-12-04',4315.91,'Factura B N°: 0021-09577888',NULL,'2020-11-16 13:21:30','2020-11-16 13:21:30',NULL),(1656,906,3,40756,40724,57,77381,2,0,'2019-12-15',106.80,'Factura B N°: 0629-07957051',NULL,'2020-11-16 13:21:30','2020-11-16 13:21:30',NULL),(1657,906,3,40756,40725,57,77381,2,0,'2019-12-15',355.65,'Factura B N°: 0711-04067192',NULL,'2020-11-16 13:21:30','2020-11-16 13:21:30',NULL),(1658,906,3,40756,40742,57,77381,2,0,'2019-12-19',498.00,'Factura B N°: 0113-06884673',NULL,'2020-11-16 13:21:30','2020-11-16 13:21:30',NULL),(1659,906,3,40756,40852,57,54618,1,0,'2020-01-01',200.00,'Nota de crédito B N°: 0013-00177005',NULL,'2020-11-16 13:21:53','2020-11-16 13:21:53',NULL),(1660,906,3,40756,40852,57,54618,2,0,'2020-01-01',2559.00,'Factura B N°: 0013-14105840',NULL,'2020-11-16 13:21:53','2020-11-16 13:21:53',NULL),(1661,906,3,40756,40861,57,54618,2,0,'2020-01-04',4315.91,'Factura B N°: 0021-09733344',NULL,'2020-11-16 13:21:53','2020-11-16 13:21:53',NULL);
INSERT INTO `cta_cte_cliente` VALUES (1662,906,3,40756,40724,57,54618,2,0,'2020-01-15',135.15,'Factura B N°: 0629-08207846',NULL,'2020-11-16 13:21:53','2020-11-16 13:21:53',NULL),(1663,906,3,40756,40725,57,54618,2,0,'2020-01-15',769.65,'Factura B N°: 0711-04463342',NULL,'2020-11-16 13:21:53','2020-11-16 13:21:53',NULL),(1664,906,3,40756,40742,57,54618,2,0,'2020-01-20',606.00,'Factura B N°: 0113-07005296',NULL,'2020-11-16 13:21:53','2020-11-16 13:21:53',NULL),(1665,906,3,40756,40852,57,54619,2,0,'2020-02-01',2954.00,'Factura B N°: 0013-14211420',NULL,'2020-11-16 13:22:44','2020-11-16 13:22:44',NULL),(1666,906,3,40756,40861,57,54619,2,0,'2020-02-04',4315.91,'Factura B N°: 0021-09885470',NULL,'2020-11-16 13:22:44','2020-11-16 13:22:44',NULL),(1667,906,3,40756,40725,57,54619,2,0,'2020-02-15',700.50,'Factura B N°: 0711-04867203',NULL,'2020-11-16 13:22:44','2020-11-16 13:22:44',NULL),(1668,906,3,40756,40742,57,54619,2,0,'2020-02-19',282.00,'Factura B N°: 0113-07120888',NULL,'2020-11-16 13:22:44','2020-11-16 13:22:44',NULL),(1669,906,3,40756,40790,57,54619,2,0,'2020-02-26',2480.86,'Factura B N°: 2178-00355907',NULL,'2020-11-16 13:22:44','2020-11-16 13:22:44',NULL),(1670,906,3,40756,40852,57,54620,2,0,'2020-03-01',3024.00,'Factura B N°: 0013-14315487',NULL,'2020-11-16 13:23:11','2020-11-16 13:23:11',NULL),(1671,906,3,40756,40861,57,54620,2,0,'2020-03-04',4315.91,'Factura B N°: 0021-10035966',NULL,'2020-11-16 13:23:11','2020-11-16 13:23:11',NULL),(1672,906,3,40756,40724,57,54620,2,0,'2020-03-15',193.65,'Factura B N°: 0629-08703814',NULL,'2020-11-16 13:23:11','2020-11-16 13:23:11',NULL),(1673,906,3,40756,40725,57,54620,2,0,'2020-03-15',118.50,'Factura B N°: 0711-05269231',NULL,'2020-11-16 13:23:11','2020-11-16 13:23:11',NULL),(1674,906,3,40756,40727,57,54620,2,0,'2020-03-16',130.50,'Factura B N°: 5005-28293668',NULL,'2020-11-16 13:23:11','2020-11-16 13:23:11',NULL),(1675,906,3,40756,40742,57,54620,2,0,'2020-03-19',282.00,'Factura B N°: 0113-07234712',NULL,'2020-11-16 13:23:11','2020-11-16 13:23:11',NULL),(1676,906,3,40756,40752,57,54620,2,0,'2020-03-20',238.80,'Factura B N°: 0050-08562571',NULL,'2020-11-16 13:23:11','2020-11-16 13:23:11',NULL),(1677,906,3,40756,40852,57,54621,2,0,'2020-04-01',3975.00,'Factura B N°: 0013-14418422',NULL,'2020-11-16 13:23:49','2020-11-16 13:23:49',NULL),(1678,906,3,40756,40861,57,54621,2,0,'2020-04-03',4030.61,'Factura B N°: 0021-10183636',NULL,'2020-11-16 13:23:49','2020-11-16 13:23:49',NULL),(1679,906,3,40756,40852,57,54622,2,0,'2020-05-01',3310.00,'Factura B N°: 0013-14519024',NULL,'2020-11-16 13:24:29','2020-11-16 13:24:29',NULL),(1680,906,3,40756,40852,57,54622,1,0,'2020-05-01',665.00,'Nota de crédito B N°: 0013-00199298',NULL,'2020-11-16 13:24:29','2020-11-16 13:24:29',NULL),(1681,906,3,40756,40861,57,54622,2,0,'2020-05-06',4030.61,'Factura B N°: 0021-10330896',NULL,'2020-11-16 13:24:29','2020-11-16 13:24:29',NULL),(1682,906,3,40756,41478,57,54622,2,0,'2020-05-21',14750.78,'Factura B N°: 0151-01963470',NULL,'2020-11-16 13:24:29','2020-11-16 13:24:29',NULL),(1683,906,3,40756,41478,57,54622,2,0,'2020-05-26',14750.78,'Factura B N°: 0151-01997423',NULL,'2020-11-16 13:24:29','2020-11-16 13:24:29',NULL),(1684,906,3,40756,40852,57,54623,2,0,'2020-06-01',2450.00,'Factura B N°: 0013-14621430',NULL,'2020-11-16 13:24:52','2020-11-16 13:24:52',NULL),(1685,906,3,40756,40861,57,54623,2,0,'2020-06-02',4030.61,'Factura B N°: 0021-10477419',NULL,'2020-11-16 13:24:52','2020-11-16 13:24:52',NULL),(1686,906,3,40756,40724,57,54623,2,0,'2020-06-15',45.05,'Factura B N°: 0629-08972291',NULL,'2020-11-16 13:24:52','2020-11-16 13:24:52',NULL),(1687,906,3,40756,40742,57,54623,2,0,'2020-06-20',108.00,'Factura B N°: 0113-07335201',NULL,'2020-11-16 13:24:52','2020-11-16 13:24:52',NULL),(1688,906,3,40756,41478,57,54623,2,0,'2020-06-25',14750.78,'Factura B N°: 0151-02035845',NULL,'2020-11-16 13:24:52','2020-11-16 13:24:52',NULL);
INSERT INTO `cta_cte_cliente` VALUES (1689,906,3,40756,40852,57,54624,2,0,'2020-07-01',2450.00,'Factura B N°: 0013-14721263',NULL,'2020-11-16 13:25:41','2020-11-16 13:25:41',NULL),(1690,906,3,40756,40861,57,54624,2,0,'2020-07-03',4030.61,'Factura B N°: 0021-10624442',NULL,'2020-11-16 13:25:41','2020-11-16 13:25:41',NULL),(1691,906,3,40756,40790,57,54624,2,0,'2020-07-08',6334.92,'Factura B N°: 2123-00466524',NULL,'2020-11-16 13:25:41','2020-11-16 13:25:41',NULL),(1692,906,3,40756,40724,57,54624,2,0,'2020-07-15',45.05,'Factura B N°: 0629-09076374',NULL,'2020-11-16 13:25:41','2020-11-16 13:25:41',NULL),(1693,906,3,40756,40742,57,54624,2,0,'2020-07-19',162.00,'Factura B N°: 0113-07380862',NULL,'2020-11-16 13:25:41','2020-11-16 13:25:41',NULL),(1694,906,3,40756,41478,57,54624,2,0,'2020-07-28',6552.37,'Factura B N°: 0151-02077998',NULL,'2020-11-16 13:25:41','2020-11-16 13:25:41',NULL),(1695,906,3,40756,40852,57,54625,2,0,'2020-08-01',1656.50,'Factura B N°: 0013-14756103',NULL,'2020-11-16 13:26:39','2020-11-16 13:26:39',NULL),(1696,906,3,40756,40861,57,54625,2,0,'2020-08-03',2343.84,'Factura B N°: 0058-00006819',NULL,'2020-11-16 13:26:39','2020-11-16 13:26:39',NULL),(1697,906,3,40756,40724,57,54625,2,0,'2020-08-15',103.55,'Factura B N°: 0629-09190932',NULL,'2020-11-16 13:26:39','2020-11-16 13:26:39',NULL),(1698,906,3,40756,40742,57,54625,2,0,'2020-08-20',282.00,'Factura B N°: 0113-07432295',NULL,'2020-11-16 13:26:39','2020-11-16 13:26:39',NULL),(1699,906,3,40756,41478,57,54625,2,0,'2020-08-26',7180.48,'Factura B N°: 0151-02083573',NULL,'2020-11-16 13:26:39','2020-11-16 13:26:39',NULL),(1700,906,3,40756,40852,57,54626,2,0,'2020-09-01',1656.50,'Factura B N°: 0013-14939049',NULL,'2020-11-16 13:27:32','2020-11-16 13:27:32',NULL),(1701,906,3,40756,40861,57,54626,2,0,'2020-09-01',2343.84,'Factura B N°: 0058-00022191',NULL,'2020-11-16 13:27:32','2020-11-16 13:27:32',NULL),(1702,906,3,40756,40742,57,54626,2,0,'2020-09-20',336.00,'Factura B N°: 0113-07500146',NULL,'2020-11-16 13:27:32','2020-11-16 13:27:32',NULL),(1703,906,3,40756,41478,57,54626,2,0,'2020-09-29',7283.86,'Factura B N°: 0151-02145844',NULL,'2020-11-16 13:27:32','2020-11-16 13:27:32',NULL),(1704,906,2,40757,41479,13,77385,1,0,'2019-09-03',33742.00,'Factura C N°: 0001-00000014',NULL,'2020-11-16 13:50:23','2020-11-16 13:50:23',NULL),(1705,906,2,40757,41479,13,77386,1,0,'2019-10-01',32000.00,'Factura C N°: 0001-00000015',NULL,'2020-11-16 13:51:14','2020-11-16 13:51:14',NULL),(1706,906,2,40757,41479,13,77387,1,0,'2019-11-01',32000.00,'Factura C N°: 0001-00000016',NULL,'2020-11-16 13:51:40','2020-11-16 13:51:40',NULL),(1707,906,2,40757,41479,13,77388,1,0,'2019-12-02',34278.00,'Factura C N°: 0001-00000017',NULL,'2020-11-16 13:52:11','2020-11-16 13:52:11',NULL),(1708,906,2,40757,41479,13,56133,1,0,'2020-01-02',40808.00,'Factura C N°: 0001-00000018',NULL,'2020-11-16 13:52:45','2020-11-16 13:52:45',NULL),(1709,906,2,40757,41479,13,56134,1,0,'2020-02-03',39382.00,'Factura C N°: 0001-00000019',NULL,'2020-11-16 13:53:10','2020-11-16 13:53:10',NULL),(1710,906,2,40757,41479,13,56135,1,0,'2020-03-02',40000.00,'Factura C N°: 0001-00000020',NULL,'2020-11-16 13:53:45','2020-11-16 13:53:45',NULL),(1711,906,2,40757,41479,13,56136,1,0,'2020-04-01',40000.00,'Factura C N°: 0001-00000021',NULL,'2020-11-16 13:54:52','2020-11-16 13:54:52',NULL),(1712,906,2,40757,41479,13,56137,1,0,'2020-05-04',40000.00,'Factura C N°: 0001-00000022',NULL,'2020-11-16 13:56:04','2020-11-16 13:56:04',NULL),(1713,906,2,40757,41479,13,56138,1,0,'2020-06-01',40000.00,'Factura C N°: 0001-00000023',NULL,'2020-11-16 13:56:27','2020-11-16 13:56:27',NULL),(1714,906,2,40757,41479,13,56139,1,0,'2020-07-01',40000.00,'Factura C N°: 0001-00000024',NULL,'2020-11-16 13:56:50','2020-11-16 13:56:50',NULL),(1715,906,2,40757,41479,13,56140,1,0,'2020-08-03',40000.00,'Factura C N°: 0001-00000025',NULL,'2020-11-16 13:57:22','2020-11-16 13:57:22',NULL);
INSERT INTO `cta_cte_cliente` VALUES (1716,906,2,40757,41479,13,56141,1,0,'2020-09-01',40000.00,'Factura C N°: 0001-00000026',NULL,'2020-11-16 13:58:34','2020-11-16 13:58:34',NULL),(1717,1230,2,40764,41480,13,66741,1,0,'2020-10-19',14278.00,'Factura A N°: 0004-00000036',NULL,'2020-11-16 14:02:51','2020-11-16 14:02:51',NULL),(1718,1230,3,40764,41481,57,66741,2,0,'2020-10-05',17271.89,'Factura A N°: 0008-00025211',NULL,'2020-11-16 14:03:02','2020-11-16 14:03:02',NULL),(1719,1230,3,40764,41482,57,66741,2,0,'2020-10-08',1200.08,'Factura A N°: 0004-00005603',NULL,'2020-11-16 14:03:02','2020-11-16 14:03:02',NULL),(1720,906,3,40757,41483,57,77386,2,0,'2019-10-08',490.00,'Factura C N°: 0002-00000268',NULL,'2020-11-16 14:03:19','2020-11-16 14:03:19',NULL),(1721,906,3,40757,40732,57,77386,2,0,'2019-10-18',900.00,'Factura C N°: 0001-00000143',NULL,'2020-11-16 14:03:19','2020-11-16 14:03:19',NULL),(1722,906,3,40757,41484,57,77387,2,0,'2019-11-04',850.00,'Factura B N°: 0011-00068009',NULL,'2020-11-16 14:03:53','2020-11-16 14:03:53',NULL),(1723,906,3,40757,40732,57,77387,2,0,'2019-11-12',900.00,'Factura C N°: 0001-00000160',NULL,'2020-11-16 14:03:53','2020-11-16 14:03:53',NULL),(1724,906,3,40757,40732,57,77388,2,0,'2019-12-19',900.00,'Factura C N°: 0001-00000167',NULL,'2020-11-16 14:04:33','2020-11-16 14:04:33',NULL),(1725,906,3,40757,40732,57,56133,2,0,'2020-01-31',1586.00,'Factura C N°: 0001-00000177',NULL,'2020-11-16 14:05:04','2020-11-16 14:05:04',NULL),(1726,1230,3,40763,41485,57,65229,2,0,'2020-10-15',9140.32,'Factura B N°: 0004-00001200',NULL,'2020-11-16 14:05:30','2020-11-16 14:05:30',NULL),(1727,906,3,40757,40732,57,56135,2,0,'2020-03-19',1200.00,'Factura C N°: 0001-00000192',NULL,'2020-11-16 14:05:48','2020-11-16 14:05:48',NULL),(1728,906,3,40757,40732,57,56137,2,0,'2020-05-23',1200.00,'Factura C N°: 0001-00000199',NULL,'2020-11-16 14:07:09','2020-11-16 14:07:09',NULL),(1729,906,3,40757,40732,57,56138,2,0,'2020-06-18',1200.00,'Factura C N°: 0001-00000203',NULL,'2020-11-16 14:07:30','2020-11-16 14:07:30',NULL),(1730,906,3,40757,40732,57,56139,2,0,'2020-07-31',1200.00,'Factura C N°: 0001-00000211',NULL,'2020-11-16 14:07:58','2020-11-16 14:07:58',NULL),(1731,906,3,40757,41486,57,56140,2,0,'2020-08-06',17199.00,'Factura B N°: 0010-00075702',NULL,'2020-11-16 14:08:24','2020-11-16 14:08:24',NULL),(1732,906,3,40757,40732,57,56141,2,0,'2020-09-30',1200.00,'Factura C N°: 0001-00000224',NULL,'2020-11-16 14:08:45','2020-11-16 14:08:45',NULL),(1733,906,3,40758,40879,57,77392,2,0,'2019-09-05',0.00,'Factura B N°: 2284-01955645',NULL,'2020-11-16 14:23:13','2020-11-16 14:23:13',NULL),(1734,906,3,40758,40772,57,77392,2,0,'2019-09-08',130.00,'Factura B N°: 1029-86598889',NULL,'2020-11-16 14:23:13','2020-11-16 14:23:13',NULL),(1735,906,3,40758,41487,57,77395,2,0,'2019-12-29',2673.20,'Factura C N°: 0001-00000001',NULL,'2020-11-16 14:38:34','2020-11-16 14:38:34',NULL),(1736,906,3,40758,41488,57,57653,2,0,'2020-06-03',13895.68,'Factura B N°: 0336-00022159',NULL,'2020-11-16 14:42:22','2020-11-16 14:42:22',NULL),(1737,906,2,40759,41489,13,77399,1,0,'2019-09-17',6000.00,'Factura C N°: 0002-00000023',NULL,'2020-11-16 14:52:23','2020-11-16 14:52:23',NULL),(1738,906,2,40759,41490,13,77399,1,0,'2019-09-28',12800.00,'Factura C N°: 0002-00000024',NULL,'2020-11-16 14:52:23','2020-11-16 14:52:23',NULL),(1739,906,2,40760,41493,13,60678,1,0,'2020-01-23',12600.00,'Factura C N°: 0002-00000001',NULL,'2020-11-16 15:25:55','2020-11-16 15:25:55',NULL),(1740,906,2,40760,41494,13,60679,1,0,'2020-02-03',3500.00,'Factura C N°: 0002-00000002',NULL,'2020-11-16 15:26:18','2020-11-16 15:26:18',NULL),(1741,906,2,40760,41495,13,60679,1,0,'2020-02-05',3200.00,'Factura C N°: 0002-00000003',NULL,'2020-11-16 15:26:18','2020-11-16 15:26:18',NULL),(1742,906,2,40760,41493,13,60679,1,0,'2020-02-10',37100.00,'Factura C N°: 0002-00000004',NULL,'2020-11-16 15:26:18','2020-11-16 15:26:18',NULL);
INSERT INTO `cta_cte_cliente` VALUES (1743,906,2,40760,41496,13,60679,1,0,'2020-02-26',5700.00,'Factura C N°: 0002-00000005',NULL,'2020-11-16 15:26:18','2020-11-16 15:26:18',NULL),(1744,906,2,40760,41493,13,60679,1,0,'2020-02-27',24200.00,'Factura C N°: 0002-00000006',NULL,'2020-11-16 15:26:18','2020-11-16 15:26:18',NULL),(1745,906,2,40760,41493,13,60680,1,0,'2020-03-05',7200.00,'Factura C N°: 0002-00000007',NULL,'2020-11-16 15:26:38','2020-11-16 15:26:38',NULL),(1746,906,2,40760,41493,13,60680,1,0,'2020-03-16',2400.00,'Factura C N°: 0002-00000008',NULL,'2020-11-16 15:26:38','2020-11-16 15:26:38',NULL),(1747,906,2,40760,40745,13,60680,1,0,'2020-03-27',5000.00,'Factura C N°: 0002-00000009',NULL,'2020-11-16 15:26:38','2020-11-16 15:26:38',NULL),(1748,906,2,40760,40745,13,60680,1,0,'2020-03-27',3700.00,'Factura C N°: 0002-00000010',NULL,'2020-11-16 15:26:38','2020-11-16 15:26:38',NULL),(1749,906,2,40760,40745,13,60680,1,0,'2020-03-30',2800.00,'Factura C N°: 0002-00000011',NULL,'2020-11-16 15:26:38','2020-11-16 15:26:38',NULL),(1750,906,2,40760,40745,13,60682,1,0,'2020-05-26',5900.00,'Factura C N°: 0002-00000012',NULL,'2020-11-16 15:27:26','2020-11-16 15:27:26',NULL),(1751,906,2,40760,40745,13,60682,1,0,'2020-05-26',3000.00,'Factura C N°: 0002-00000013',NULL,'2020-11-16 15:27:26','2020-11-16 15:27:26',NULL),(1752,906,2,40760,40745,13,60682,1,0,'2020-05-26',4800.00,'Factura C N°: 0002-00000014',NULL,'2020-11-16 15:27:26','2020-11-16 15:27:26',NULL),(1753,906,2,40760,40745,13,60682,1,0,'2020-05-26',6000.00,'Factura C N°: 0002-00000015',NULL,'2020-11-16 15:27:26','2020-11-16 15:27:26',NULL),(1754,906,2,40760,40745,13,60682,1,0,'2020-05-26',4600.00,'Factura C N°: 0002-00000016',NULL,'2020-11-16 15:27:26','2020-11-16 15:27:26',NULL),(1755,906,2,40760,40745,13,60682,1,0,'2020-05-26',2285.00,'Factura C N°: 0002-00000017',NULL,'2020-11-16 15:27:26','2020-11-16 15:27:26',NULL),(1756,906,2,40760,41497,13,60683,1,0,'2020-06-05',3400.00,'Factura C N°: 0002-00000018',NULL,'2020-11-16 15:27:54','2020-11-16 15:27:54',NULL),(1757,906,2,40760,41493,13,60683,1,0,'2020-06-19',9500.00,'Factura C N°: 0002-00000019',NULL,'2020-11-16 15:27:54','2020-11-16 15:27:54',NULL),(1758,906,2,40760,41498,13,60685,1,0,'2020-08-20',4800.00,'Factura C N°: 0002-00000020',NULL,'2020-11-16 15:29:16','2020-11-16 15:29:16',NULL),(1759,906,2,40760,41499,13,60686,1,0,'2020-09-03',12000.00,'Factura C N°: 0002-00000021',NULL,'2020-11-16 15:30:02','2020-11-16 15:30:02',NULL),(1760,906,2,40760,41500,13,60686,1,0,'2020-09-16',5700.00,'Factura C N°: 0002-00000022',NULL,'2020-11-16 15:30:02','2020-11-16 15:30:02',NULL),(1761,906,2,40760,41501,13,60686,1,0,'2020-09-25',6400.00,'Factura C N°: 0002-00000023',NULL,'2020-11-16 15:30:02','2020-11-16 15:30:02',NULL),(1762,906,3,40760,40852,57,77400,2,0,'2019-09-01',2531.00,'Factura B N°: 0013-13632236',NULL,'2020-11-16 15:32:02','2020-11-16 15:32:02',NULL),(1763,906,3,40760,40852,57,77400,2,0,'2019-09-01',799.00,'Factura B N°: 0013-13674963',NULL,'2020-11-16 15:32:02','2020-11-16 15:32:02',NULL),(1764,906,3,40760,40861,57,77400,2,0,'2019-09-02',4446.52,'Factura B N°: 0021-09016291',NULL,'2020-11-16 15:32:02','2020-11-16 15:32:02',NULL),(1765,906,3,40760,41502,57,77400,2,0,'2019-09-02',575.00,'Factura B N°: 0005-00004524',NULL,'2020-11-16 15:32:02','2020-11-16 15:32:02',NULL),(1766,906,3,40760,41502,57,77400,2,0,'2019-09-03',262.88,'Factura B N°: 0005-00004527',NULL,'2020-11-16 15:32:02','2020-11-16 15:32:02',NULL),(1767,906,3,40760,40772,57,77400,2,0,'2019-09-08',516.40,'Factura B N°: 1029-86749165',NULL,'2020-11-16 15:32:02','2020-11-16 15:32:02',NULL),(1768,906,3,40760,41502,57,77400,2,0,'2019-09-27',1019.29,'Factura B N°: 0005-00004607',NULL,'2020-11-16 15:32:02','2020-11-16 15:32:02',NULL),(1769,906,3,40760,40852,57,77401,2,0,'2019-10-01',799.00,'Factura B N°: 0013-13770629',NULL,'2020-11-16 15:32:24','2020-11-16 15:32:24',NULL);
INSERT INTO `cta_cte_cliente` VALUES (1770,906,3,40760,40852,57,77401,2,0,'2019-10-01',2531.00,'Factura B N°: 0013-13778658',NULL,'2020-11-16 15:32:24','2020-11-16 15:32:24',NULL),(1771,906,3,40760,40861,57,77401,2,0,'2019-10-01',6696.30,'Factura B N°: 0021-09178677',NULL,'2020-11-16 15:32:24','2020-11-16 15:32:24',NULL),(1772,906,3,40760,40772,57,77401,2,0,'2019-10-08',514.46,'Factura B N°: 1029-91558018',NULL,'2020-11-16 15:32:24','2020-11-16 15:32:24',NULL),(1773,906,3,40760,41502,57,77401,2,0,'2019-10-17',1050.00,'Factura B N°: 0005-00004681',NULL,'2020-11-16 15:32:24','2020-11-16 15:32:24',NULL),(1774,906,3,40760,41503,57,77402,2,0,'2019-11-01',1660.00,'Factura B N°: 0011-00001162',NULL,'2020-11-16 15:32:47','2020-11-16 15:32:47',NULL),(1775,906,3,40760,40852,57,77402,2,0,'2019-11-01',2531.00,'Factura B N°: 0013-13848038',NULL,'2020-11-16 15:32:47','2020-11-16 15:32:47',NULL),(1776,906,3,40760,40852,57,77402,2,0,'2019-11-01',1107.00,'Factura B N°: 0013-13888712',NULL,'2020-11-16 15:32:47','2020-11-16 15:32:47',NULL),(1777,906,3,40760,40861,57,77402,2,0,'2019-11-01',6963.71,'Factura B N°: 0021-09340913',NULL,'2020-11-16 15:32:47','2020-11-16 15:32:47',NULL),(1778,906,3,40760,40772,57,77402,2,0,'2019-11-08',674.36,'Factura B N°: 1043-00607062',NULL,'2020-11-16 15:32:47','2020-11-16 15:32:47',NULL),(1779,906,3,40760,41504,57,77402,2,0,'2019-11-12',1555.00,'Factura B N°: 0100-00002143',NULL,'2020-11-16 15:32:47','2020-11-16 15:32:47',NULL),(1780,906,3,40760,40732,57,77402,2,0,'2019-11-13',3000.00,'Factura C N°: 0001-00000161',NULL,'2020-11-16 15:32:47','2020-11-16 15:32:47',NULL),(1781,906,3,40760,40852,57,77403,2,0,'2019-12-01',1273.00,'Factura B N°: 0013-13994816',NULL,'2020-11-16 15:33:12','2020-11-16 15:33:12',NULL),(1782,906,3,40760,40852,57,77403,2,0,'2019-12-01',2928.00,'Factura B N°: 0013-13955050',NULL,'2020-11-16 15:33:12','2020-11-16 15:33:12',NULL),(1783,906,3,40760,40861,57,77403,2,0,'2019-12-02',7799.09,'Factura B N°: 0021-09499749',NULL,'2020-11-16 15:33:12','2020-11-16 15:33:12',NULL),(1784,906,3,40760,41505,57,77403,2,0,'2019-12-06',23330.00,'Factura B N°: 0007-00002487',NULL,'2020-11-16 15:33:12','2020-11-16 15:33:12',NULL),(1785,906,3,40760,40772,57,77403,2,0,'2019-12-08',775.52,'Factura B N°: 1043-06192566',NULL,'2020-11-16 15:33:12','2020-11-16 15:33:12',NULL),(1786,906,3,40760,40852,57,60678,2,0,'2020-01-01',1273.00,'Factura B N°: 0013-14099454',NULL,'2020-11-16 15:33:34','2020-11-16 15:33:34',NULL),(1787,906,3,40760,40852,57,60678,2,0,'2020-01-01',2928.00,'Factura B N°: 0013-14061025',NULL,'2020-11-16 15:33:35','2020-11-16 15:33:35',NULL),(1788,906,3,40760,40861,57,60678,2,0,'2020-01-02',7799.09,'Factura B N°: 0021-09656396',NULL,'2020-11-16 15:33:35','2020-11-16 15:33:35',NULL),(1789,906,3,40760,41506,57,60678,2,0,'2020-01-06',1800.00,'Factura C N°: 0007-00003413',NULL,'2020-11-16 15:33:35','2020-11-16 15:33:35',NULL),(1790,906,3,40760,40772,57,60678,2,0,'2020-01-08',672.44,'Factura B N°: 1043-11713199',NULL,'2020-11-16 15:33:35','2020-11-16 15:33:35',NULL),(1791,906,3,40760,41502,57,60678,2,0,'2020-01-22',1125.60,'Factura B N°: 0005-00005316',NULL,'2020-11-16 15:33:35','2020-11-16 15:33:35',NULL),(1792,906,3,40760,40852,57,60679,2,0,'2020-02-01',2928.00,'Factura B N°: 0013-14167380',NULL,'2020-11-16 15:33:52','2020-11-16 15:33:52',NULL),(1793,906,3,40760,40852,57,60679,2,0,'2020-02-01',1273.00,'Factura B N°: 0013-14205242',NULL,'2020-11-16 15:33:52','2020-11-16 15:33:52',NULL),(1794,906,3,40760,40861,57,60679,2,0,'2020-02-03',7799.09,'Factura B N°: 0021-09809600',NULL,'2020-11-16 15:33:52','2020-11-16 15:33:52',NULL),(1795,906,3,40760,41502,57,60679,2,0,'2020-02-06',6760.16,'Factura B N°: 0005-00005453',NULL,'2020-11-16 15:33:52','2020-11-16 15:33:52',NULL),(1796,906,3,40760,41507,57,60679,2,0,'2020-02-12',7288.12,'Factura B N°: 0006-00003505',NULL,'2020-11-16 15:33:52','2020-11-16 15:33:52',NULL);
INSERT INTO `cta_cte_cliente` VALUES (1797,906,3,40760,40852,57,60680,2,0,'2020-03-01',2928.00,'Factura B N°: 0013-14272513',NULL,'2020-11-16 15:34:10','2020-11-16 15:34:10',NULL),(1798,906,3,40760,40852,57,60680,2,0,'2020-03-01',1273.00,'Factura B N°: 0013-14309524',NULL,'2020-11-16 15:34:10','2020-11-16 15:34:10',NULL),(1799,906,3,40760,40861,57,60680,2,0,'2020-03-02',7799.09,'Factura B N°: 0021-09960817',NULL,'2020-11-16 15:34:10','2020-11-16 15:34:10',NULL),(1800,906,3,40760,40732,57,60680,2,0,'2020-03-16',2400.00,'Factura C N°: 0001-00000188',NULL,'2020-11-16 15:34:10','2020-11-16 15:34:10',NULL),(1801,906,3,40760,40852,57,60681,2,0,'2020-04-01',3155.00,'Factura B N°: 0013-14376797',NULL,'2020-11-16 15:34:37','2020-11-16 15:34:37',NULL),(1802,906,3,40760,40852,57,60681,2,0,'2020-04-01',1400.00,'Factura B N°: 0013-14412777',NULL,'2020-11-16 15:34:37','2020-11-16 15:34:37',NULL),(1803,906,3,40760,40861,57,60681,2,0,'2020-04-01',7799.09,'Factura B N°: 0021-10107343',NULL,'2020-11-16 15:34:37','2020-11-16 15:34:37',NULL),(1804,906,3,40760,40852,57,60682,2,0,'2020-05-01',1400.00,'Factura B N°: 0013-14513743',NULL,'2020-11-16 15:34:55','2020-11-16 15:34:55',NULL),(1805,906,3,40760,40852,57,60682,1,0,'2020-05-01',665.00,'Nota de crédito B N°: 0013-00193605',NULL,'2020-11-16 15:34:55','2020-11-16 15:34:55',NULL),(1806,906,3,40760,40852,57,60682,2,0,'2020-05-01',2490.00,'Factura B N°: 0013-14479241',NULL,'2020-11-16 15:34:55','2020-11-16 15:34:55',NULL),(1807,906,3,40760,40861,57,60682,2,0,'2020-05-04',7799.09,'Factura B N°: 0021-10254657',NULL,'2020-11-16 15:34:55','2020-11-16 15:34:55',NULL),(1808,906,3,40760,41508,57,60682,2,0,'2020-05-21',2450.00,'Factura B N°: 0006-00001152',NULL,'2020-11-16 15:34:55','2020-11-16 15:34:55',NULL),(1809,906,3,40760,40732,57,60682,2,0,'2020-05-23',2400.00,'Factura C N°: 0001-00000197',NULL,'2020-11-16 15:34:55','2020-11-16 15:34:55',NULL),(1810,906,3,40760,40852,57,60683,2,0,'2020-06-01',1400.00,'Factura B N°: 0013-14615831',NULL,'2020-11-16 15:35:52','2020-11-16 15:35:52',NULL),(1811,906,3,40760,40852,57,60683,2,0,'2020-06-01',2490.00,'Factura B N°: 0013-14580400',NULL,'2020-11-16 15:35:52','2020-11-16 15:35:52',NULL),(1812,906,3,40760,40861,57,60683,2,0,'2020-06-01',7799.09,'Factura B N°: 0021-10401151',NULL,'2020-11-16 15:35:52','2020-11-16 15:35:52',NULL),(1813,906,3,40760,41502,57,60683,2,0,'2020-06-04',6655.10,'Factura B N°: 0005-00005764',NULL,'2020-11-16 15:35:52','2020-11-16 15:35:52',NULL),(1814,906,3,40760,41502,57,60683,2,0,'2020-06-05',2561.03,'Factura B N°: 0005-00005769',NULL,'2020-11-16 15:35:52','2020-11-16 15:35:52',NULL),(1815,906,3,40760,41502,57,60683,2,0,'2020-06-11',750.01,'Factura B N°: 0005-00005796',NULL,'2020-11-16 15:35:52','2020-11-16 15:35:52',NULL),(1816,906,3,40760,41509,57,60683,2,0,'2020-06-17',2820.00,'Factura B N°: 0002-00001920',NULL,'2020-11-16 15:35:52','2020-11-16 15:35:52',NULL),(1817,906,3,40760,41509,57,60683,2,0,'2020-06-17',2750.00,'Factura B N°: 0002-00001921',NULL,'2020-11-16 15:35:52','2020-11-16 15:35:52',NULL),(1818,906,3,40760,41486,57,60683,2,0,'2020-06-18',11399.00,'Factura B N°: 0010-00069587',NULL,'2020-11-16 15:35:52','2020-11-16 15:35:52',NULL),(1819,906,3,40760,40879,57,60683,1,0,'2020-06-26',8.85,'Nota de crédito B N°: 2524-24707252',NULL,'2020-11-16 15:35:52','2020-11-16 15:35:52',NULL),(1820,906,3,40760,40852,57,60684,2,0,'2020-07-01',1400.00,'Factura B N°: 0013-14734145',NULL,'2020-11-16 15:36:14','2020-11-16 15:36:14',NULL),(1821,906,3,40760,40852,57,60684,2,0,'2020-07-01',2490.00,'Factura B N°: 0013-14684555',NULL,'2020-11-16 15:36:14','2020-11-16 15:36:14',NULL),(1822,906,3,40760,40861,57,60684,2,0,'2020-07-02',7799.09,'Factura B N°: 0021-10553410',NULL,'2020-11-16 15:36:14','2020-11-16 15:36:14',NULL),(1823,906,3,40760,41502,57,60684,2,0,'2020-07-06',1199.96,'Factura B N°: 0005-00005928',NULL,'2020-11-16 15:36:14','2020-11-16 15:36:14',NULL);
INSERT INTO `cta_cte_cliente` VALUES (1824,906,3,40760,40879,57,60684,1,0,'2020-07-16',51.29,'Nota de crédito B N°: 2232-01872761',NULL,'2020-11-16 15:36:14','2020-11-16 15:36:14',NULL),(1825,906,3,40760,40879,57,60684,1,0,'2020-07-18',35.54,'Nota de crédito B N°: 2232-02005164',NULL,'2020-11-16 15:36:14','2020-11-16 15:36:14',NULL),(1826,906,3,40760,41510,57,60684,2,0,'2020-07-21',33530.00,'Factura B N°: 0002-00006305',NULL,'2020-11-16 15:36:14','2020-11-16 15:36:14',NULL),(1827,906,3,40760,40879,57,60684,1,0,'2020-07-29',18.27,'Nota de crédito B N°: 2524-26986614',NULL,'2020-11-16 15:36:14','2020-11-16 15:36:14',NULL),(1828,906,3,40760,40732,57,60684,2,0,'2020-07-31',2400.00,'Factura C N°: 0001-00000209',NULL,'2020-11-16 15:36:14','2020-11-16 15:36:14',NULL),(1829,906,3,40760,40852,57,60685,2,0,'2020-08-01',2490.00,'Factura B N°: 0013-14810792',NULL,'2020-11-16 15:36:34','2020-11-16 15:36:34',NULL),(1830,906,3,40760,40852,57,60685,2,0,'2020-08-01',1400.00,'Factura B N°: 0013-14750417',NULL,'2020-11-16 15:36:34','2020-11-16 15:36:34',NULL),(1831,906,3,40760,40861,57,60685,2,0,'2020-08-03',7799.09,'Factura B N°: 0049-00003856',NULL,'2020-11-16 15:36:34','2020-11-16 15:36:34',NULL),(1832,906,3,40760,41511,57,60685,2,0,'2020-08-05',12717.44,'Factura B N°: 0216-00000494',NULL,'2020-11-16 15:36:34','2020-11-16 15:36:34',NULL),(1833,906,3,40760,40879,57,60685,1,0,'2020-08-27',50.41,'Nota de crédito B N°: 2524-27424682',NULL,'2020-11-16 15:36:34','2020-11-16 15:36:34',NULL),(1834,906,3,40760,41512,57,60685,2,0,'2020-08-31',15500.00,'Factura B N°: 0005-00007993',NULL,'2020-11-16 15:36:34','2020-11-16 15:36:34',NULL),(1835,906,3,40760,40852,57,60686,2,0,'2020-09-01',2490.00,'Factura B N°: 0013-14898020',NULL,'2020-11-16 15:36:52','2020-11-16 15:36:52',NULL),(1836,906,3,40760,40852,57,60686,2,0,'2020-09-01',1400.00,'Factura B N°: 0013-14933422',NULL,'2020-11-16 15:36:52','2020-11-16 15:36:52',NULL),(1837,906,3,40760,40861,57,60686,2,0,'2020-09-01',7799.09,'Factura B N°: 0047-00011477',NULL,'2020-11-16 15:36:52','2020-11-16 15:36:52',NULL),(1838,906,3,40760,40732,57,60686,2,0,'2020-09-30',2400.00,'Factura C N°: 0001-00000227',NULL,'2020-11-16 15:36:52','2020-11-16 15:36:52',NULL),(1839,906,2,40763,41513,13,77407,1,0,'2019-09-18',28871.10,'Factura C N°: 0001-00000004',NULL,'2020-11-16 15:49:32','2020-11-16 15:49:32',NULL),(1840,906,2,40763,41514,13,77407,1,0,'2019-09-18',38494.80,'Factura C N°: 0001-00000005',NULL,'2020-11-16 15:49:32','2020-11-16 15:49:32',NULL),(1841,906,2,40763,41513,13,77407,1,0,'2019-09-18',7290.00,'Factura C N°: 0001-00000006',NULL,'2020-11-16 15:49:32','2020-11-16 15:49:32',NULL),(1842,906,2,40763,41514,13,77407,1,0,'2019-09-18',9720.00,'Factura C N°: 0001-00000007',NULL,'2020-11-16 15:49:32','2020-11-16 15:49:32',NULL),(1843,906,2,40763,41513,13,77407,2,0,'2019-09-18',28871.10,'Nota de crédito C N°: 0001-00000001',NULL,'2020-11-16 15:49:32','2020-11-16 15:49:32',NULL),(1844,906,2,40763,41514,13,77407,2,0,'2019-09-18',38494.80,'Nota de crédito C N°: 0001-00000002',NULL,'2020-11-16 15:49:32','2020-11-16 15:49:32',NULL),(1845,906,2,40763,41515,13,77407,1,0,'2019-09-25',23376.60,'Factura C N°: 0001-00000008',NULL,'2020-11-16 15:49:32','2020-11-16 15:49:32',NULL),(1846,906,2,40763,41516,13,77407,1,0,'2019-09-25',17532.45,'Factura C N°: 0001-00000009',NULL,'2020-11-16 15:49:32','2020-11-16 15:49:32',NULL),(1847,906,2,40763,41517,13,65222,1,0,'2020-03-06',27648.00,'Factura C N°: 0001-00000010',NULL,'2020-11-16 15:52:15','2020-11-16 15:52:15',NULL),(1848,906,2,40763,41518,13,65222,1,0,'2020-03-06',20736.00,'Factura C N°: 0001-00000011',NULL,'2020-11-16 15:52:15','2020-11-16 15:52:15',NULL),(1849,906,2,40763,40732,13,65225,1,0,'2020-06-30',42071.40,'Factura C N°: 0001-00000012',NULL,'2020-11-16 15:53:20','2020-11-16 15:53:20',NULL),(1850,906,2,40763,41519,13,65226,1,0,'2020-07-31',17180.00,'Factura C N°: 0001-00000013',NULL,'2020-11-16 15:53:39','2020-11-16 15:53:39',NULL);
INSERT INTO `cta_cte_cliente` VALUES (1851,906,2,40763,41520,13,65226,1,0,'2020-07-31',22906.00,'Factura C N°: 0001-00000014',NULL,'2020-11-16 15:53:39','2020-11-16 15:53:39',NULL),(1852,906,2,40763,41521,13,65228,1,0,'2020-09-08',30520.80,'Factura C N°: 0001-00000015',NULL,'2020-11-16 15:56:05','2020-11-16 15:56:05',NULL),(1853,906,2,40763,41522,13,65228,1,0,'2020-09-08',22890.60,'Factura C N°: 0001-00000016',NULL,'2020-11-16 15:56:05','2020-11-16 15:56:05',NULL),(1854,906,2,40763,41523,13,65228,1,0,'2020-09-14',37853.64,'Factura C N°: 0001-00000017',NULL,'2020-11-16 15:56:05','2020-11-16 15:56:05',NULL),(1855,906,2,40763,41524,13,65228,1,0,'2020-09-14',25596.00,'Factura C N°: 0001-00000018',NULL,'2020-11-16 15:56:05','2020-11-16 15:56:05',NULL),(1856,906,2,40763,41523,13,65228,1,0,'2020-09-14',19197.00,'Factura C N°: 0001-00000019',NULL,'2020-11-16 15:56:05','2020-11-16 15:56:05',NULL),(1857,906,2,40763,41523,13,65228,2,0,'2020-09-14',37853.64,'Nota de crédito C N°: 0001-00000003',NULL,'2020-11-16 15:56:05','2020-11-16 15:56:05',NULL),(1858,906,3,40763,41485,57,77407,2,0,'2019-09-05',4404.40,'Factura B N°: 0004-00000741',NULL,'2020-11-16 16:30:51','2020-11-16 16:30:51',NULL),(1859,906,3,40763,41485,57,77408,2,0,'2019-10-02',4533.39,'Factura B N°: 0004-00000775',NULL,'2020-11-16 16:31:41','2020-11-16 16:31:41',NULL),(1860,906,3,40763,41525,57,77408,2,0,'2019-10-04',1200.00,'Factura B N°: 0003-00002315',NULL,'2020-11-16 16:31:41','2020-11-16 16:31:41',NULL),(1861,906,3,40763,41485,57,77409,2,0,'2019-11-04',4699.34,'Factura B N°: 0004-00000811',NULL,'2020-11-16 16:32:01','2020-11-16 16:32:01',NULL),(1862,906,3,40763,41485,57,77409,2,0,'2019-11-22',16135.35,'Factura B N°: 0006-00000074',NULL,'2020-11-16 16:32:01','2020-11-16 16:32:01',NULL),(1863,906,3,40763,41485,57,77410,2,0,'2019-12-05',4709.56,'Factura B N°: 0004-00000846',NULL,'2020-11-16 16:33:06','2020-11-16 16:33:06',NULL),(1864,906,3,40763,41485,57,65220,2,0,'2020-01-04',4704.45,'Factura B N°: 0004-00000883',NULL,'2020-11-16 16:33:52','2020-11-16 16:33:52',NULL),(1865,906,3,40763,41526,57,65220,2,0,'2020-01-15',1390.00,'Factura C N°: 0007-00335717',NULL,'2020-11-16 16:33:52','2020-11-16 16:33:52',NULL),(1866,906,3,40763,41526,57,65220,2,0,'2020-01-15',1112.00,'Factura C N°: 0007-00335719',NULL,'2020-11-16 16:33:52','2020-11-16 16:33:52',NULL),(1867,906,3,40763,41526,57,65220,2,0,'2020-01-31',1390.00,'Factura C N°: 0007-00341779',NULL,'2020-11-16 16:33:52','2020-11-16 16:33:52',NULL),(1868,906,3,40763,41526,57,65220,2,0,'2020-01-31',1112.00,'Factura C N°: 0007-00341780',NULL,'2020-11-16 16:33:52','2020-11-16 16:33:52',NULL),(1869,906,3,40763,41485,57,65221,2,0,'2020-02-03',4954.95,'Factura B N°: 0004-00000921',NULL,'2020-11-16 16:34:16','2020-11-16 16:34:16',NULL),(1870,906,3,40763,41526,57,65221,2,0,'2020-02-28',1112.00,'Factura C N°: 0007-00347153',NULL,'2020-11-16 16:34:16','2020-11-16 16:34:16',NULL),(1871,906,3,40763,41526,57,65221,2,0,'2020-02-28',1390.00,'Factura C N°: 0007-00347777',NULL,'2020-11-16 16:34:16','2020-11-16 16:34:16',NULL),(1872,906,3,40763,41485,57,65222,2,0,'2020-03-04',5033.60,'Factura B N°: 0004-00000962',NULL,'2020-11-16 16:34:45','2020-11-16 16:34:45',NULL),(1873,906,3,40763,41526,57,65222,2,0,'2020-03-27',1112.00,'Factura C N°: 0007-00353735',NULL,'2020-11-16 16:34:45','2020-11-16 16:34:45',NULL),(1874,906,3,40763,41526,57,65222,2,0,'2020-03-31',1390.00,'Factura C N°: 0007-00354409',NULL,'2020-11-16 16:34:45','2020-11-16 16:34:45',NULL),(1875,906,3,40763,41526,57,65223,2,0,'2020-04-24',1112.00,'Factura C N°: 0007-00357937',NULL,'2020-11-16 16:35:10','2020-11-16 16:35:10',NULL),(1876,906,3,40763,41526,57,65223,2,0,'2020-04-30',1390.00,'Factura C N°: 0007-00359100',NULL,'2020-11-16 16:35:10','2020-11-16 16:35:10',NULL),(1877,906,3,40763,41526,57,65224,2,0,'2020-05-22',1112.00,'Factura C N°: 0007-00362917',NULL,'2020-11-16 16:35:31','2020-11-16 16:35:31',NULL);
INSERT INTO `cta_cte_cliente` VALUES (1878,906,3,40763,41526,57,65224,2,0,'2020-05-30',1390.00,'Factura C N°: 0007-00365370',NULL,'2020-11-16 16:35:31','2020-11-16 16:35:31',NULL),(1879,906,3,40763,41485,57,65225,2,0,'2020-06-10',5623.48,'Factura B N°: 0004-00001018',NULL,'2020-11-16 16:35:56','2020-11-16 16:35:56',NULL),(1880,906,3,40763,41526,57,65225,2,0,'2020-06-26',1112.00,'Factura C N°: 0007-00369706',NULL,'2020-11-16 16:35:56','2020-11-16 16:35:56',NULL),(1881,906,3,40763,41526,57,65225,2,0,'2020-06-29',1390.00,'Factura C N°: 0007-00370485',NULL,'2020-11-16 16:35:56','2020-11-16 16:35:56',NULL),(1882,906,3,40763,41527,57,65226,2,0,'2020-07-02',2420.00,'Factura C N°: 0002-00000328',NULL,'2020-11-16 16:36:38','2020-11-16 16:36:38',NULL),(1883,906,3,40763,41485,57,65226,2,0,'2020-07-07',8729.78,'Factura B N°: 0004-00001059',NULL,'2020-11-16 16:36:38','2020-11-16 16:36:38',NULL),(1884,906,3,40763,41526,57,65226,2,0,'2020-07-24',1112.00,'Factura C N°: 0007-00375338',NULL,'2020-11-16 16:36:38','2020-11-16 16:36:38',NULL),(1885,906,3,40763,41526,57,65226,2,0,'2020-07-29',1390.00,'Factura C N°: 0007-00376401',NULL,'2020-11-16 16:36:38','2020-11-16 16:36:38',NULL),(1886,906,3,40763,41485,57,65227,2,0,'2020-08-05',8561.08,'Factura B N°: 0004-00001105',NULL,'2020-11-16 16:36:56','2020-11-16 16:36:56',NULL),(1887,906,3,40763,41528,57,65227,2,0,'2020-08-15',2480.00,'Factura B N°: 0010-00111698',NULL,'2020-11-16 16:36:56','2020-11-16 16:36:56',NULL),(1888,906,3,40763,41526,57,65227,2,0,'2020-08-21',1112.00,'Factura C N°: 0007-00381292',NULL,'2020-11-16 16:36:56','2020-11-16 16:36:56',NULL),(1889,906,3,40763,41526,57,65227,2,0,'2020-08-28',1390.00,'Factura C N°: 0007-00382470',NULL,'2020-11-16 16:36:56','2020-11-16 16:36:56',NULL),(1890,906,3,40763,41485,57,65228,2,0,'2020-09-04',9231.15,'Factura B N°: 0004-00001152',NULL,'2020-11-16 16:37:16','2020-11-16 16:37:16',NULL),(1891,906,3,40763,41529,57,65228,2,0,'2020-09-24',1390.00,'Factura C N°: 0004-00003061',NULL,'2020-11-16 16:37:16','2020-11-16 16:37:16',NULL),(1892,906,2,40764,41530,13,77414,1,0,'2019-09-05',15911.50,'Factura A N°: 0004-00000030',NULL,'2020-11-16 16:44:48','2020-11-16 16:44:48',NULL),(1893,906,2,40764,41531,13,77414,1,0,'2019-09-09',12500.00,'Factura B N°: 0004-00000071',NULL,'2020-11-16 16:44:48','2020-11-16 16:44:48',NULL),(1894,906,2,40764,41532,13,77414,1,0,'2019-09-17',5500.00,'Factura B N°: 0004-00000072',NULL,'2020-11-16 16:44:48','2020-11-16 16:44:48',NULL),(1895,906,2,40764,41533,13,77414,1,0,'2019-09-26',9000.00,'Factura B N°: 0004-00000073',NULL,'2020-11-16 16:44:48','2020-11-16 16:44:48',NULL),(1896,906,2,40764,41534,13,77415,1,0,'2019-10-09',4000.00,'Factura B N°: 0004-00000074',NULL,'2020-11-16 16:45:20','2020-11-16 16:45:20',NULL),(1897,906,2,40764,41535,13,77415,1,0,'2019-10-15',7500.00,'Factura B N°: 0004-00000075',NULL,'2020-11-16 16:45:20','2020-11-16 16:45:20',NULL),(1898,906,2,40764,41536,13,77415,1,0,'2019-10-22',6000.00,'Factura B N°: 0004-00000076',NULL,'2020-11-16 16:45:20','2020-11-16 16:45:20',NULL),(1899,906,2,40764,40853,13,77416,1,0,'2019-11-05',42350.00,'Factura A N°: 0004-00000031',NULL,'2020-11-16 16:45:40','2020-11-16 16:45:40',NULL),(1900,906,2,40764,40853,13,77417,1,0,'2019-12-13',4840.00,'Factura A N°: 0004-00000032',NULL,'2020-11-16 16:46:03','2020-11-16 16:46:03',NULL),(1901,906,2,40764,41537,13,77417,1,0,'2019-12-26',13500.00,'Factura B N°: 0004-00000077',NULL,'2020-11-16 16:46:03','2020-11-16 16:46:03',NULL),(1902,906,2,40764,41538,13,77417,1,0,'2019-12-31',12000.00,'Factura B N°: 0004-00000078',NULL,'2020-11-16 16:46:03','2020-11-16 16:46:03',NULL),(1903,906,2,40764,40745,13,77417,1,0,'2019-12-31',5000.00,'Factura B N°: 0004-00000079',NULL,'2020-11-16 16:46:03','2020-11-16 16:46:03',NULL),(1904,906,2,40764,40745,13,77417,1,0,'2019-12-31',2700.00,'Factura B N°: 0004-00000080',NULL,'2020-11-16 16:46:04','2020-11-16 16:46:04',NULL);
