\\"\\u0000*\\u0000dates\\\";a:0:{}s:13:\\\"\\u0000*\\u0000dateFormat\\\";N;s:10:\\\"\\u0000*\\u0000appends\\\";a:0:{}s:19:\\\"\\u0000*\\u0000dispatchesEvents\\\";a:0:{}s:14:\\\"\\u0000*\\u0000observables\\\";a:0:{}s:12:\\\"\\u0000*\\u0000relations\\\";a:0:{}s:10:\\\"\\u0000*\\u0000touches\\\";a:0:{}s:10:\\\"timestamps\\\";b:1;s:9:\\\"\\u0000*\\u0000hidden\\\";a:0:{}s:10:\\\"\\u0000*\\u0000visible\\\";a:0:{}s:11:\\\"\\u0000*\\u0000fillable\\\";a:0:{}s:10:\\\"\\u0000*\\u0000guarded\\\";a:0:{}s:16:\\\"\\u0000*\\u0000forceDeleting\\\";b:0;}i:68;O:22:\\\"App\\\\Models\\\\ReceiptType\\\":31:{s:13:\\\"\\u0000*\\u0000connection\\\";s:7:\\\"finance\\\";s:8:\\\"\\u0000*\\u0000table\\\";s:13:\\\"receipt_types\\\";s:13:\\\"\\u0000*\\u0000primaryKey\\\";s:2:\\\"id\\\";s:10:\\\"\\u0000*\\u0000keyType\\\";s:3:\\\"int\\\";s:12:\\\"incrementing\\\";b:1;s:7:\\\"\\u0000*\\u0000with\\\";a:0:{}s:12:\\\"\\u0000*\\u0000withCount\\\";a:0:{}s:19:\\\"preventsLazyLoading\\\";b:0;s:10:\\\"\\u0000*\\u0000perPage\\\";i:15;s:6:\\\"exists\\\";b:1;s:18:\\\"wasRecentlyCreated\\\";b:0;s:28:\\\"\\u0000*\\u0000escapeWhenCastingToString\\\";b:0;s:13:\\\"\\u0000*\\u0000attributes\\\";a:19:{s:2:\\\"id\\\";i:69;s:7:\\\"user_id\\\";N;s:10:\\\"created_at\\\";N;s:10:\\\"updated_at\\\";N;s:4:\\\"name\\\";s:15:\\\"Tique Factura M\\\";s:4:\\\"code\\\";s:3:\\\"118\\\";s:6:\\\"credit\\\";i:0;s:17:\\\"agroup_iva_module\\\";i:1;s:16:\\\"sell_no_taxabled\\\";i:0;s:15:\\\"buy_no_taxabled\\\";i:0;s:16:\\\"iva_condition_id\\\";i:2;s:11:\\\"is_fce_pyme\\\";i:0;s:19:\\\"afip_comprobante_id\\\";i:118;s:4:\\\"tipo\\\";s:15:\\\"Tique Factura M\\\";s:5:\\\"letra\\\";s:1:\\\"M\\\";s:17:\\\"facta_electronica\\\";i:0;s:12:\\\"is_stock_lpg\\\";i:0;s:15:\\\"show_from_total\\\";i:0;s:10:\\\"deleted_at\\\";N;}s:11:\\\"\\u0000*\\u0000original\\\";a:19:{s:2:\\\"id\\\";i:69;s:7:\\\"user_id\\\";N;s:10:\\\"created_at\\\";N;s:10:\\\"updated_at\\\";N;s:4:\\\"name\\\";s:15:\\\"Tique Factura M\\\";s:4:\\\"code\\\";s:3:\\\"118\\\";s:6:\\\"credit\\\";i:0;s:17:\\\"agroup_iva_module\\\";i:1;s:16:\\\"sell_no_taxabled\\\";i:0;s:15:\\\"buy_no_taxabled\\\";i:0;s:16:\\\"iva_condition_id\\\";i:2;s:11:\\\"is_fce_pyme\\\";i:0;s:19:\\\"afip_comprobante_id\\\";i:118;s:4:\\\"tipo\\\";s:15:\\\"Tique Factura M\\\";s:5:\\\"letra\\\";s:1:\\\"M\\\";s:17:\\\"facta_electronica\\\";i:0;s:12:\\\"is_stock_lpg\\\";i:0;s:15:\\\"show_from_total\\\";i:0;s:10:\\\"deleted_at\\\";N;}s:10:\\\"\\u0000*\\u0000changes\\\";a:0:{}s:8:\\\"\\u0000*\\u0000casts\\\";a:1:{s:10:\\\"deleted_at\\\";s:8:\\\"datetime\\\";}s:17:\\\"\\u0000*\\u0000classCastCache\\\";a:0:{}s:21:\\\"\\u0000*\\u0000attributeCastCache\\\";a:0:{}s:8:\\\"\\u0000*\\u0000dates\\\";a:0:{}s:13:\\\"\\u0000*\\u0000dateFormat\\\";N;s:10:\\\"\\u0000*\\u0000appends\\\";a:0:{}s:19:\\\"\\u0000*\\u0000dispatchesEvents\\\";a:0:{}s:14:\\\"\\u0000*\\u0000observables\\\";a:0:{}s:12:\\\"\\u0000*\\u0000relations\\\";a:0:{}s:10:\\\"\\u0000*\\u0000touches\\\";a:0:{}s:10:\\\"timestamps\\\";b:1;s:9:\\\"\\u0000*\\u0000hidden\\\";a:0:{}s:10:\\\"\\u0000*\\u0000visible\\\";a:0:{}s:11:\\\"\\u0000*\\u0000fillable\\\";a:0:{}s:10:\\\"\\u0000*\\u0000guarded\\\";a:0:{}s:16:\\\"\\u0000*\\u0000forceDeleting\\\";b:0;}i:69;O:22:\\\"App\\\\Models\\\\ReceiptType\\\":31:{s:13:\\\"\\u0000*\\u0000connection\\\";s:7:\\\"finance\\\";s:8:\\\"\\u0000*\\u0000table\\\";s:13:\\\"receipt_types\\\";s:13:\\\"\\u0000*\\u0000primaryKey\\\";s:2:\\\"id\\\";s:10:\\\"\\u0000*\\u0000keyType\\\";s:3:\\\"int\\\";s:12:\\\"incrementing\\\";b:1;s:7:\\\"\\u0000*\\u0000with\\\";a:0:{}s:12:\\\"\\u0000*\\u0000withCount\\\";a:0:{}s:19:\\\"preventsLazyLoading\\\";b:0;s:10:\\\"\\u0000*\\u0000perPage\\\";i:15;s:6:\\\"exists\\\";b:1;s:18:\\\"wasRecentlyCreated\\\";b:0;s:28:\\\"\\u0000*\\u0000escapeWhenCastingToString\\\";b:0;s:13:\\\"\\u0000*\\u0000attributes\\\";a:19:{s:2:\\\"id\\\";i:70;s:7:\\\"user_id\\\";N;s:10:\\\"created_at\\\";N;s:10:\\\"updated_at\\\";N;s:4:\\\"name\\\";s:23:\\\"Tique Nota de Credito M\\\";s:4:\\\"code\\\";s:3:\\\"119\\\";s:6:\\\"credit\\\";i:1;s:17:\\\"agroup_iva_module\\\";N;s:16:\\\"sell_no_taxabled\\\";i:0;s:15:\\\"buy_no_taxabled\\\";i:0;s:16:\\\"iva_condition_id\\\";i:2;s:11:\\\"is_fce_pyme\\\";i:0;s:19:\\\"afip_comprobante_id\\\";i:119;s:4:\\\"tipo\\\";s:23:\\\"Tique Nota de Credito M\\\";s:5:\\\"letra\\\";s:1:\\\"M\\\";s:17:\\\"facta_electronica\\\";i:0;s:12:\\\"is_stock_lpg\\\";i:0;s:15:\\\"show_from_total\\\";i:0;s:10:\\\"deleted_at\\\";N;}s:11:\\\"\\u0000*\\u0000original\\\";a:19:{s:2:\\\"id\\\";i:70;s:7:\\\"user_id\\\";N;s:10:\\\"created_at\\\";N;s:10:\\\"updated_at\\\";N;s:4:\\\"name\\\";s:23:\\\"Tique Nota de Credito M\\\";s:4:\\\"code\\\";s:3:\\\"119\\\";s:6:\\\"credit\\\";i:1;s:17:\\\"agroup_iva_module\\\";N;s:16:\\\"sell_no_taxabled\\\";i:0;s:15:\\\"buy_no_taxabled\\\";i:0;s:16:\\\"iva_condition_id\\\";i:2;s:11:\\\"is_fce_pyme\\\";i:0;s:19:\\\"afip_comprobante_id\\\";i:119;s:4:\\\"tipo\\\";s:23:\\\"Tique Nota de Credito M\\\";s:5:\\\"letra\\\";s:1:\\\"M\\\";s:17:\\\"facta_electronica\\\";i:0;s:12:\\\"is_stock_lpg\\\";i:0;s:15:\\\"show_from_total\\\";i:0;s:10:\\\"deleted_at\\\";N;}s:10:\\\"\\u0000*\\u0000changes\\\";a:0:{}s:8:\\\"\\u0000*\\u0000casts\\\";a:1:{s:10:\\\"deleted_at\\\";s:8:\\\"datetime\\\";}s:17:\\\"\\u0000*\\u0000classCastCache\\\";a:0:{}s:21:\\\"\\u0000*\\u0000attributeCastCache\\\";a:0:{}s:8:\\\"\\u0000*\\u0000dates\\\";a:0:{}s:13:\\\"\\u0000*\\u0000dateFormat\\\";N;s:10:\\\"\\u0000*\\u0000appends\\\";a:0:{}s:19:\\\"\\u0000*\\u0000dispatchesEvents\\\";a:0:{}s:14:\\\"\\u0000*\\u0000observables\\\";a:0:{}s:12:\\\"\\u0000*\\u0000relations\\\";a:0:{}s:10:\\\"\\u0000*\\u0000touches\\\";a:0:{}s:10:\\\"timestamps\\\";b:1;s:9:\\\"\\u0000*\\u0000hidden\\\";a:0:{}s:10:\\\"\\u0000*\\u0000visible\\\";a:0:{}s:11:\\\"\\u0000*\\u0000fillable\\\";a:0:{}s:10:\\\"\\u0000*\\u0000guarded\\\";a:0:{}s:16:\\\"\\u0000*\\u0000forceDeleting\\\";b:0;}i:70;O:22:\\\"App\\\\Models\\\\ReceiptType\\\":31:{s:13:\\\"\\u0000*\\u0000connection\\\";s:7:\\\"finance\\\";s:8:\\\"\\u0000*\\u0000table\\\";s:13:\\\"receipt_types\\\";s:13:\\\"\\u0000*\\u0000primaryKey\\\";s:2:\\\"id\\\";s:10:\\\"\\u0000*\\u0000keyType\\\";s:3:\\\"int\\\";s:12:\\\"incrementing\\\";b:1;s:7:\\\"\\u0000*\\u0000with\\\";a:0:{}s:12:\\\"\\u0000*\\u0000withCount\\\";a:0:{}s:19:\\\"preventsLazyLoading\\\";b:0;s:10:\\\"\\u0000*\\u0000perPage\\\";i:15;s:6:\\\"exists\\\";b:1;s:18:\\\"wasRecentlyCreated\\\";b:0;s:28:\\\"\\u0000*\\u0000escapeWhenCastingToString\\\";b:0;s:13:\\\"\\u0000*\\u0000attributes\\\";a:19:{s:2:\\\"id\\\";i:71;s:7:\\\"user_id\\\";N;s:10:\\\"created_at\\\";N;s:10:\\\"updated_at\\\";N;s:4:\\\"name\\\";s:22:\\\"Tique Nota de Debito M\\\";s:4:\\\"code\\\";s:3:\\\"120\\\";s:6:\\\"credit\\\";i:0;s:17:\\\"agroup_iva_module\\\";i:1;s:16:\\\"sell_no_taxabled\\\";i:0;s:15:\\\"buy_no_taxabled\\\";i:0;s:16:\\\"iva_condition_id\\\";i:2;s:11:\\\"is_fce_pyme\\\";i:0;s:19:\\\"afip_comprobante_id\\\";i:120;s:4:\\\"tipo\\\";s:22:\\\"Tique Nota de Debito M\\\";s:5:\\\"letra\\\";s:1:\\\"M\\\";s:17:\\\"facta_electronica\\\";i:0;s:12:\\\"is_stock_lpg\\\";i:0;s:15:\\\"show_from_total\\\";i:0;s:10:\\\"deleted_at\\\";N;}s:11:\\\"\\u0000*\\u0000original\\\";a:19:{s:2:\\\"id\\\";i:71;s:7:\\\"user_id\\\";N;s:10:\\\"created_at\\\";N;s:10:\\\"updated_at\\\";N;s:4:\\\"name\\\";s:22:\\\"Tique Nota de Debito M\\\";s:4:\\\"code\\\";s:3:\\\"120\\\";s:6:\\\"credit\\\";i:0;s:17:\\\"agroup_iva_module\\\";i:1;s:16:\\\"sell_no_taxabled\\\";i:0;s:15:\\\"buy_no_taxabled\\\";i:0;s:16:\\\"iva_condition_id\\\";i:2;s:11:\\\"is_fce_pyme\\\";i:0;s:19:\\\"afip_comprobante_id\\\";i:120;s:4:\\\"tipo\\\";s:22:\\\"Tique Nota de Debito M\\\";s:5:\\\"letra\\\";s:1:\\\"M\\\";s:17:\\\"facta_electronica\\\";i:0;s:12:\\\"is_stock_lpg\\\";i:0;s:15:\\\"show_from_total\\\";i:0;s:10:\\\"deleted_at\\\";N;}s:10:\\\"\\u0000*\\u0000changes\\\";a:0:{}s:8:\\\"\\u0000*\\u0000casts\\\";a:1:{s:10:\\\"deleted_at\\\";s:8:\\\"datetime\\\";}s:17:\\\"\\u0000*\\u0000classCastCache\\\";a:0:{}s:21:\\\"\\u0000*\\u0000attributeCastCache\\\";a:0:{}s:8:\\\"\\u0000*\\u0000dates\\\";a:0:{}s:13:\\\"\\u0000*\\u0000dateFormat\\\";N;s:10:\\\"\\u0000*\\u0000appends\\\";a:0:{}s:19:\\\"\\u0000*\\u0000dispatchesEvents\\\";a:0:{}s:14:\\\"\\u0000*\\u0000observables\\\";a:0:{}s:12:\\\"\\u0000*\\u0000relations\\\";a:0:{}s:10:\\\"\\u0000*\\u0000touches\\\";a:0:{}s:10:\\\"timestamps\\\";b:1;s:9:\\\"\\u0000*\\u0000hidden\\\";a:0:{}s:10:\\\"\\u0000*\\u0000visible\\\";a:0:{}s:11:\\\"\\u0000*\\u0000fillable\\\";a:0:{}s:10:\\\"\\u0000*\\u0000guarded\\\";a:0:{}s:16:\\\"\\u0000*\\u0000forceDeleting\\\";b:0;}}s:28:\\\"\\u0000*\\u0000escapeWhenCastingToString\\\";b:0;}s:10:\\\"OtherTaxes\\\";O:39:\\\"Illuminate\\\\Database\\\\Eloquent\\\\Collection\\\":2:{s:8:\\\"\\u0000*\\u0000items\\\";a:34:{i:0;O:19:\\\"App\\\\Models\\\\OtherTax\\\":30:{s:13:\\\"\\u0000*\\u0000connection\\\";s:7:\\\"finance\\\";s:8:\\\"\\u0000*\\u0000table\\\";s:11:\\\"other_taxes\\\";s:13:\\\"\\u0000*\\u0000primaryKey\\\";s:2:\\\"id\\\";s:10:\\\"\\u0000*\\u0000keyType\\\";s:3:\\\"int\\\";s:12:\\\"incrementing\\\";b:1;s:7:\\\"\\u0000*\\u0000with\\\";a:0:{}s:12:\\\"\\u0000*\\u0000withCount\\\";a:0:{}s:19:\\\"preventsLazyLoading\\\";b:0;s:10:\\\"\\u0000*\\u0000perPage\\\";i:15;s:6:\\\"exists\\\";b:1;s:18:\\\"wasRecentlyCreated\\\";b:0;s:28:\\\"\\u0000*\\u0000escapeWhenCastingToString\\\";b:0;s:13:\\\"\\u0000*\\u0000attributes\\\";a:11:{s:2:\\\"id\\\";i:1000;s:10:\\\"created_at\\\";N;s:10:\\\"updated_at\\\";s:19:\\\"2024-06-19 22:53:02\\\";s:4:\\\"name\\\";s:8:\\\"Perc IVA\\\";s:7:\\\"section\\\";s:3:\\\"iva\\\";s:11:\\\"percent_tax\\\";s:4:\\\"0.00\\\";s:7:\\\"zone_id\\\";N;s:7:\\\"aliases\\\";N;s:12:\\\"section_name\\\";s:3:\\\"IVA\\\";s:14:\\\"plan_cuenta_id\\\";i:220;s:24:\\\"plan_cuenta_id_efectuada\\\";i:1400;}s:11:\\\"\\u0000*\\u0000original\\\";a:11:{s:2:\\\"id\\\";i:1000;s:10:\\\"created_at\\\";N;s:10:\\\"updated_at\\\";s:19:\\\"2024-06-19 22:53:02\\\";s:4:\\\"name\\\";s:8:\\\"Perc IVA\\\";s:7:\\\"section\\\";s:3:\\\"iva\\\";s:11:\\\"percent_tax\\\";s:4:\\\"0.00\\\";s:7:\\\"zone_id\\\";N;s:7:\\\"aliases\\\";N;s:12:\\\"section_name\\\";s:3:\\\"IVA\\\";s:14:\\\"plan_cuenta_id\\\";i:220;s:24:\\\"plan_cuenta_id_efectuada\\\";i:1400;}s:10:\\\"\\u0000*\\u0000changes\\\";a:0:{}s:8:\\\"\\u0000*\\u0000casts\\\";a:0:{}s:17:\\\"\\u0000*\\u0000classCastCache\\\";a:0:{}s:21:\\\"\\u0000*\\u0000attributeCastCache\\\";a:0:{}s:8:\\\"\\u0000*\\u0000dates\\\";a:0:{}s:13:\\\"\\u0000*\\u0000dateFormat\\\";N;s:10:\\\"\\u0000*\\u0000appends\\\";a:0:{}s:19:\\\"\\u0000*\\u0000dispatchesEvents\\\";a:0:{}s:14:\\\"\\u0000*\\u0000observables\\\";a:0:{}s:12:\\\"\\u0000*\\u0000relations\\\";a:0:{}s:10:\\\"\\u0000*\\u0000touches\\\";a:0:{}s:10:\\\"timestamps\\\";b:1;s:9:\\\"\\u0000*\\u0000hidden\\\";a:0:{}s:10:\\\"\\u0000*\\u0000visible\\\";a:0:{}s:11:\\\"\\u0000*\\u0000fillable\\\";a:0:{}s:10:\\\"\\u0000*\\u0000guarded\\\";a:0:{}}i:1;O:19:\\\"App\\\\Models\\\\OtherTax\\\":30:{s:13:\\\"\\u0000*\\u0000connection\\\";s:7:\\\"finance\\\";s:8:\\\"\\u0000*\\u0000table\\\";s:11:\\\"other_taxes\\\";s:13:\\\"\\u0000*\\u0000primaryKey\\\";s:2:\\\"id\\\";s:10:\\\"\\u0000*\\u0000keyType\\\";s:3:\\\"int\\\";s:12:\\\"incrementing\\\";b:1;s:7:\\\"\\u0000*\\u0000with\\\";a:0:{}s:12:\\\"\\u0000*\\u0000withCount\\\";a:0:{}s:19:\\\"preventsLazyLoading\\\";b:0;s:10:\\\"\\u0000*\\u0000perPage\\\";i:15;s:6:\\\"exists\\\";b:1;s:18:\\\"wasRecentlyCreated\\\";b:0;s:28:\\\"\\u0000*\\u0000escapeWhenCastingToString\\\";b:0;s:13:\\\"\\u0000*\\u0000attributes\\\";a:11:{s:2:\\\"id\\\";i:1001;s:10:\\\"created_at\\\";N;s:10:\\\"updated_at\\\";s:19:\\\"2024-05-29 00:09:21\\\";s:4:\\\"name\\\";s:14:\\\"Imps. Internos\\\";s:7:\\\"section\\\";s:3:\\\"gas\\\";s:11:\\\"percent_tax\\\";s:4:\\\"0.00\\\";s:7:\\\"zone_id\\\";N;s:7:\\\"aliases\\\";N;s:12:\\\"section_name\\\";s:17:\\\"Imp. Combustibles\\\";s:14:\\\"plan_cuenta_id\\\";i:221;s:24:\\\"plan_cuenta_id_efectuada\\\";i:1401;}s:11:\\\"\\u0000*\\u0000original\\\";a:11:{s:2:\\\"id\\\";i:1001;s:10:\\\"created_at\\\";N;s:10:\\\"updated_at\\\";s:19:\\\"2024-05-29 00:09:21\\\";s:4:\\\"name\\\";s:14:\\\"Imps. Internos\\\";s:7:\\\"section\\\";s:3:\\\"gas\\\";s:11:\\\"percent_tax\\\";s:4:\\\"0.00\\\";s:7:\\\"zone_id\\\";N;s:7:\\\"aliases\\\";N;s:12:\\\"section_name\\\";s:17:\\\"Imp. Combustibles\\\";s:14:\\\"plan_cuenta_id\\\";i:221;s:24:\\\"plan_cuenta_id_efectuada\\\";i:1401;}s:10:\\\"\\u0000*\\u0000changes\\\";a:0:{}s:8:\\\"\\u0000*\\u0000casts\\\";a:0:{}s:17:\\\"\\u0000*\\u0000classCastCache\\\";a:0:{}s:21:\\\"\\u0000*\\u0000attributeCastCache\\\";a:0:{}s:8:\\\"\\u0000*\\u0000dates\\\";a:0:{}s:13:\\\"\\u0000*\\u0000dateFormat\\\";N;s:10:\\\"\\u0000*\\u0000appends\\\";a:0:{}s:19:\\\"\\u0000*\\u0000dispatchesEvents\\\";a:0:{}s:14:\\\"\\u0000*\\u0000observables\\\";a:0:{}s:12:\\\"\\u0000*\\u0000relations\\\";a:0:{}s:10:\\\"\\u0000*\\u0000touches\\\";a:0:{}s:10:\\\"timestamps\\\";b:1;s:9:\\\"\\u0000*\\u0000hidden\\\";a:0:{}s:10:\\\"\\u0000*\\u0000visible\\\";a:0:{}s:11:\\\"\\u0000*\\u0000fillable\\\";a:0:{}s:10:\\\"\\u0000*\\u0000guarded\\\";a:0:{}}i:2;O:19:\\\"App\\\\Models\\\\OtherTax\\\":30:{s:13:\\\"\\u0000*\\u0000connection\\\";s:7:\\\"finance\\\";s:8:\\\"\\u0000*\\u0000table\\\";s:11:\\\"other_taxes\\\";s:13:\\\"\\u0000*\\u0000primaryKey\\\";s:2:\\\"id\\\";s:10:\\\"\\u0000*\\u0000keyType\\\";s:3:\\\"int\\\";s:12:\\\"incrementing\\\";b:1;s:7:\\\"\\u0000*\\u0000with\\\";a:0:{}s:12:\\\"\\u0000*\\u0000withCount\\\";a:0:{}s:19:\\\"preventsLazyLoading\\\";b:0;s:10:\\\"\\u0000*\\u0000perPage\\\";i:15;s:6:\\\"exists\\\";b:1;s:18:\\\"wasRecentlyCreated\\\";b:0;s:28:\\\"\\u0000*\\u0000escapeWhenCastingToString\\\";b:0;s:13:\\\"\\u0000*\\u0000attributes\\\";a:11:{s:2:\\\"id\\\";i:1002;s:10:\\\"created_at\\\";N;s:10:\\\"updated_at\\\";s:19:\\\"2024-05-29 00:09:21\\\";s:4:\\\"name\\\";s:11:\\\"Imp. Gasoil\\\";s:7:\\\"section\\\";s:3:\\\"gas\\\";s:11:\\\"percent_tax\\\";s:4:\\\"0.00\\\";s:7:\\\"zone_id\\\";N;s:7:\\\"aliases\\\";N;s:12:\\\"section_name\\\";s:17:\\\"Imp. Combustibles\\\";s:14:\\\"plan_cuenta_id\\\";i:222;s:24:\\\"plan_cuenta_id_efectuada\\\";i:1402;}s:11:\\\"\\u0000*\\u0000original\\\";a:11:{s:2:\\\"id\\\";i:1002;s:10:\\\"created_at\\\";N;s:10:\\\"updated_at\\\";s:19:\\\"2024-05-29 00:09:21\\\";s:4:\\\"name\\\";s:11:\\\"Imp. Gasoil\\\";s:7:\\\"section\\\";s:3:\\\"gas\\\";s:11:\\\"percent_tax\\\";s:4:\\\"0.00\\\";s:7:\\\"zone_id\\\";N;s:7:\\\"aliases\\\";N;s:12:\\\"section_name\\\";s:17:\\\"Imp. Combustibles\\\";s:14:\\\"plan_cuenta_id\\\";i:222;s:24:\\\"plan_cuenta_id_efectuada\\\";i:1402;}s:10:\\\"\\u0000*\\u0000changes\\\";a:0:{}s:8:\\\"\\u0000*\\u0000casts\\\";a:0:{}s:17:\\\"\\u0000*\\u0000classCastCache\\\";a:0:{}s:21:\\\"\\u0000*\\u0000attributeCastCache\\\";a:0:{}s:8:\\\"\\u0000*\\u0000dates\\\";a:0:{}s:13:\\\"\\u0000*\\u0000dateFormat\\\";N;s:10:\\\"\\u0000*\\u0000appends\\\";a:0:{}s:19:\\\"\\u0000*\\u0000dispatchesEvents\\\";a:0:{}s:14:\\\"\\u0000*\\u0000observables\\\";a:0:{}s:12:\\\"\\u0000*\\u0000relations\\\";a:0:{}s:10:\\\"\\u0000*\\u0000touches\\\";a:0:{}s:10:\\\"timestamps\\\";b:1;s:9:\\\"\\u0000*\\u0000hidden\\\";a:0:{}s:10:\\\"\\u0000*\\u0000visible\\\";a:0:{}s:11:\\\"\\u0000*\\u0000fillable\\\";a:0:{}s:10:\\\"\\u0000*\\u0000guarded\\\";a:0:{}}i:3;O:19:\\\"App\\\\Models\\\\OtherTax\\\":30:{s:13:\\\"\\u0000*\\u0000connection\\\";s:7:\\\"finance\\\";s:8:\\\"\\u0000*\\u0000table\\\";s:11:\\\"other_taxes\\\";s:13:\\\"\\u0000*\\u0000primaryKey\\\";s:2:\\\"id\\\";s:10:\\\"\\u0000*\\u0000keyType\\\";s:3:\\\"int\\\";s:12:\\\"incrementing\\\";b:1;s:7:\\\"\\u0000*\\u0000with\\\";a:0:{}s:12:\\\"\\u0000*\\u0000withCount\\\";a:0:{}s:19:\\\"preventsLazyLoading\\\";b:0;s:10:\\\"\\u0000*\\u0000perPage\\\";i:15;s:6:\\\"exists\\\";b:1;s:18:\\\"wasRecentlyCreated\\\";b:0;s:28:\\\"\\u0000*\\u0000escapeWhenCastingToString\\\";b:0;s:13:\\\"\\u0000*\\u0000attributes\\\";a:11:{s:2:\\\"id\\\";i:1003;s:10:\\\"created_at\\\";N;s:10:\\\"updated_at\\\";s:19:\\\"2024-05-29 00:09:21\\\";s:4:\\\"name\\\";s:14:\\\"Imp. Hídricos\\\";s:7:\\\"section\\\";s:3:\\\"gas\\\";s:11:\\\"percent_tax\\\";s:4:\\\"0.00\\\";s:7:\\\"zone_id\\\";N;s:7:\\\"aliases\\\";N;s:12:\\\"section_name\\\";s:17:\\\"Imp. Combustibles\\\";s:14:\\\"plan_cuenta_id\\\";i:223;s:24:\\\"plan_cuenta_id_efectuada\\\";i:1403;}s:11:\\\"\\u0000*\\u0000original\\\";a:11:{s:2:\\\"id\\\";i:1003;s:10:\\\"created_at\\\";N;s:10:\\\"updated_at\\\";s:19:\\\"2024-05-29 00:09:21\\\";s:4:\\\"name\\\";s:14:\\\"Imp. Hídricos\\\";s:7:\\\"section\\\";s:3:\\\"gas\\\";s:11:\\\"percent_tax\\\";s:4:\\\"0.00\\\";s:7:\\\"zone_id\\\";N;s:7:\\\"aliases\\\";N;s:12:\\\"section_name\\\";s:17:\\\"Imp. Combustibles\\\";s:14:\\\"plan_cuenta_id\\\";i:223;s:24:\\\"plan_cuenta_id_efectuada\\\";i:1403;}s:10:\\\"\\u0000*\\u0000changes\\\";a:0:{}s:8:\\\"\\u0000*\\u0000casts\\\";a:0:{}s:17:\\\"\\u0000*\\u0000classCastCache\\\";a:0:{}s:21:\\\"\\u0000*\\u0000attributeCastCache\\\";a:0:{}s:8:\\\"\\u0000*\\u0000dates\\\";a:0:{}s:13:\\\"\\u0000*\\u0000dateFormat\\\";N;s:10:\\\"\\u0000*\\u0000appends\\\";a:0:{}s:19:\\\"\\u0000*\\u0000dispatchesEvents\\\";a:0:{}s:14:\\\"\\u0000*\\u0000observables\\\";a:0:{}s:12:\\\"\\u0000*\\u0000relations\\\";a:0:{}s:10:\\\"\\u0000*\\u0000touches\\\";a:0:{}s:10:\\\"timestamps\\\";b:1;s:9:\\\"\\u0000*\\u0000hidden\\\";a:0:{}s:10:\\\"\\u0000*\\u0000visible\\\";a:0:{}s:11:\\\"\\u0000*\\u0000fillable\\\";a:0:{}s:10:\\\"\\u0000*\\u0000guarded\\\";a:0:{}}i:4;O:19:\\\"App\\\\Models\\\\OtherTax\\\":30:{s:13:\\\"\\u0000*\\u0000connection\\\";s:7:\\\"finance\\\";s:8:\\\"\\u0000*\\u0000table\\\";s:11:\\\"other_taxes\\\";s:13:\\\"\\u0000*\\u0000primaryKey\\\";s:2:\\\"id\\\";s:10:\\\"\\u0000*\\u0000keyType\\\";s:3:\\\"int\\\";s:12:\\\"incrementing\\\";b:1;s:7:\\\"\\u0000*\\u0000with\\\";a:0:{}s:12:\\\"\\u0000*\\u0000withCount\\\";a:0:{}s:19:\\\"preventsLazyLoading\\\";b:0;s:10:\\\"\\u0000*\\u0000perPage\\\";i:15;s:6:\\\"exists\\\";b:1;s:18:\\\"wasRecentlyCreated\\\";b:0;s:28:\\\"\\u0000*\\u0000escapeWhenCastingToString\\\";b:0;s:13:\\\"\\u0000*\\u0000attributes\\\";a:11:{s:2:\\\"id\\\";i:1004;s:10:\\\"created_at\\\";N;s:10:\\\"updated_at\\\";s:19:\\\"2024-05-29 00:09:22\\\";s:4:\\\"name\\\";s:3:\\\"ITC\\\";s:7:\\\"section\\\";s:3:\\\"gas\\\";s:11:\\\"percent_tax\\\";s:4:\\\"0.00\\\";s:7:\\\"zone_id\\\";N;s:7:\\\"aliases\\\";N;s:12:\\\"section_name\\\";s:17:\\\"Imp. Combustibles\\\";s:14:\\\"plan_cuenta_id\\\";i:224;s:24:\\\"plan_cuenta_id_efectuada\\\";i:1404;}s:11:\\\"\\u0000*\\u0000original\\\";a:11:{s:2:\\\"id\\\";i:1004;s:10:\\\"created_at\\\";N;s:10:\\\"updated_at\\\";s:19:\\\"2024-05-29 00:09:22\\\";s:4:\\\"name\\\";s:3:\\\"ITC\\\";s:7:\\\"section\\\";s:3:\\\"gas\\\";s:11:\\\"percent_tax\\\";s:4:\\\"0.00\\\";s:7:\\\"zone_id\\\";N;s:7:\\\"aliases\\\";N;s:12:\\\"section_name\\\";s:17:\\\"Imp. Combustibles\\\";s:14:\\\"plan_cuenta_id\\\";i:224;s:24:\\\"plan_cuenta_id_efectuada\\\";i:1404;}s:10:\\\"\\u0000*\\u0000changes\\\";a:0:{}s:8:\\\"\\u0000*\\u0000casts\\\";a:0:{}s:17:\\\"\\u0000*\\u0000classCastCache\\\";a:0:{}s:21:\\\"\\u0000*\\u0000attributeCastCache\\\";a:0:{}s:8:\\\"\\u0000*\\u0000dates\\\";a:0:{}s:13:\\\"\\u0000*\\u0000dateFormat\\\";N;s:10:\\\"\\u0000*\\u0000appends\\\";a:0:{}s:19:\\\"\\u0000*\\u0000dispatchesEvents\\\";a:0:{}s:14:\\\"\\u0000*\\u0000observables\\\";a:0:{}s:12:\\\"\\u0000*\\u0000relations\\\";a:0:{}s:10:\\\"\\u0000*\\u0000touches\\\";a:0:{}s:10:\\\"timestamps\\\";b:1;s:9:\\\"\\u0000*\\u0000hidden\\\";a:0:{}s:10:\\\"\\u0000*\\u0000visible\\\";a:0:{}s:11:\\\"\\u0000*\\u0000fillable\\\";a:0:{}s:10:\\\"\\u0000*\\u0000guarded\\\";a:0:{}}i:5;O:19:\\\"App\\\\Models\\\\OtherTax\\\":30:{s:13:\\\"\\u0000*\\u0000connection\\\";s:7:\\\"finance\\\";s:8:\\\"\\u0000*\\u0000table\\\";s:11:\\\"other_taxes\\\";s:13:\\\"\\u0000*\\u0000primaryKey\\\";s:2:\\\"id\\\";s:10:\\\"\\u0000*\\u0000keyType\\\";s:3:\\\"int\\\";s:12:\\\"incrementing\\\";b:1;s:7:\\\"\\u0000*\\u0000with\\\";a:0:{}s:12:\\\"\\u0000*\\u0000withCount\\\";a:0:{}s:19:\\\"preventsLazyLoading\\\";b:0;s:10:\\\"\\u0000*\\u0000perPage\\\";i:15;s:6:\\\"exists\\\";b:1;s:18:\\\"wasRecentlyCreated\\\";b:0;s:28:\\\"\\u0000*\\u0000escapeWhenCastingToString\\\";b:0;s:13:\\\"\\u0000*\\u0000attributes\\\";a:11:{s:2:\\\"id\\\";i:1005;s:10:\\\"created_at\\\";N;s:10:\\\"updated_at\\\";s:19:\\\"2024-05-29 00:09:22\\\";s:4:\\\"name\\\";s:23:\\\"Perc IIBB  Buenos Aires\\\";s:7:\\\"section\\\";s:4:\\\"iibb\\\";s:11:\\\"percent_tax\\\";s:4:\\\"0.00\\\";s:7:\\\"zone_id\\\";i:23;s:7:\\\"aliases\\\";N;s:12:\\\"section_name\\\";s:4:\\\"IIBB\\\";s:14:\\\"plan_cuenta_id\\\";i:225;s:24:\\\"plan_cuenta_id_efectuada\\\";i:1405;}s:11:\\\"\\u0000*\\u0000original\\\";a:11:{s:2:\\\"id\\\";i:1005;s:10:\\\"created_at\\\";N;s:10:\\\"updated_at\\\";s:19:\\\"2024-05-29 00:09:22\\\";s:4:\\\"name\\\";s:23:\\\"Perc IIBB  Buenos Aires\\\";s:7:\\\"section\\\";s:4:\\\"iibb\\\";s:11:\\\"percent_tax\\\";s:4:\\\"0.00\\\";s:7:\\\"zone_id\\\";i:23;s:7:\\\"aliases\\\";N;s:12:\\\"section_name\\\";s:4:\\\"IIBB\\\";s:14:\\\"plan_cuenta_id\\\";i:225;s:24:\\\"plan_cuenta_id_efectuada\\\";i:1405;}s:10:\\\"\\u0000*\\u0000changes\\\";a:0:{}s:8:\\\"\\u0000*\\u0000casts\\\";a:0:{}s:17:\\\"\\u0000*\\u0000classCastCache\\\";a:0:{}s:21:\\\"\\u0000*\\u0000attributeCastCache\\\";a:0:{}s:8:\\\"\\u0000*\\u0000dates\\\";a:0:{}s:13:\\\"\\u0000*\\u0000dateFormat\\\";N;s:10:\\\"\\u0000*\\u0000appends\\\";a:0:{}s:19:\\\"\\u0000*\\u0000dispatchesEvents\\\";a:0:{}s:14:\\\"\\u0000*\\u0000observables\\\";a:0:{}s:12:\\\"\\u0000*\\u0000relations\\\";a:0:{}s:10:\\\"\\u0000*\\u0000touches\\\";a:0:{}s:10:\\\"timestamps\\\";b:1;s:9:\\\"\\u0000*\\u0000hidden\\\";a:0:{}s:10:\\\"\\u0000*\\u0000visible\\\";a:0:{}s:11:\\\"\\u0000*\\u0000fillable\\\";a:0:{}s:10:\\\"\\u0000*\\u0000guarded\\\";a:0:{}}i:6;O:19:\\\"App\\\\Models\\\\OtherTax\\\":30:{s:13:\\\"\\u0000*\\u0000connection\\\";s:7:\\\"finance\\\";s:8:\\\"\\u0000*\\u0000table\\\";s:11:\\\"other_taxes\\\";s:13:\\\"\\u0000*\\u0000primaryKey\\\";s:2:\\\"id\\\";s:10:\\\"\\u0000*\\u0000keyType\\\";s:3:\\\"int\\\";s:12:\\\"incrementing\\\";b:1;s:7:\\\"\\u0000*\\u0000with\\\";a:0:{}s:12:\\\"\\u0000*\\u0000withCount\\\";a:0:{}s:19:\\\"preventsLazyLoading\\\";b:0;s:10:\\\"\\u0000*\\u0000perPage\\\";i:15;s:6:\\\"exists\\\";b:1;s:18:\\\"wasRecentlyCreated\\\";b:0;s:28:\\\"\\u0000*\\u0000escapeWhenCastingToString\\\";b:0;s:13:\\\"\\u0000*\\u0000attributes\\\";a:11:{s:2:\\\"id\\\";i:1006;s:10:\\\"created_at\\\";N;s:10:\\\"updated_at\\\";s:19:\\\"2024-05-29 00:09:22\\\";s:4:\\\"name\\\";s:26:\\\"Perc IIBB  Capital Federal\\\";s:7:\\\"section\\\";s:4:\\\"iibb\\\";s:11:\\\"percent_tax\\\";s:4:\\\"0.00\\\";s:7:\\\"zone_id\\\";i:22;s:7:\\\"aliases\\\";N;s:12:\\\"section_name\\\";s:4:\\\"IIBB\\\";s:14:\\\"plan_cuenta_id\\\";i:226;s:24:\\\"plan_cuenta_id_efectuada\\\";i:1406;}s:11:\\\"\\u0000*\\u0000original\\\";a:11:{s:2:\\\"id\\\";i:1006;s:10:\\\"created_at\\\";N;s:10:\\\"updated_at\\\";s:19:\\\"2024-05-29 00:09:22\\\";s:4:\\\"name\\\";s:26:\\\"Perc IIBB  Capital Federal\\\";s:7:\\\"section\\\";s:4:\\\"iibb\\\";s:11:\\\"percent_tax\\\";s:4:\\\"0.00\\\";s:7:\\\"zone_id\\\";i:22;s:7:\\\"aliases\\\";N;s:12:\\\"section_name\\\";s:4:\\\"IIBB\\\";s:14:\\\"plan_cuenta_id\\\";i:226;s:24:\\\"plan_cuenta_id_efectuada\\\";i:1406;}s:10:\\\"\\u0000*\\u0000changes\\\";a:0:{}s:8:\\\"\\u0000*\\u0000casts\\\";a:0:{}s:17:\\\"\\u0000*\\u0000classCastCache\\\";a:0:{}s:21:\\\"\\u0000*\\u0000attributeCastCache\\\";a:0:{}s:8:\\\"\\u0000*\\u0000dates\\\";a:0:{}s:13:\\\"\\u0000*\\u0000dateFormat\\\";N;s:10:\\\"\\u0000*\\u0000appends\\\";a:0:{}s:19:\\\"\\u0000*\\u0000dispatchesEvents\\\";a:0:{}s:14:\\\"\\u0000*\\u0000observables\\\";a:0:{}s:12:\\\"\\u0000*\\u0000relations\\\";a:0:{}s:10:\\\"\\u0000*\\u0000touches\\\";a:0:{}s:10:\\\"timestamps\\\";b:1;s:9:\\\"\\u0000*\\u0000hidden\\\";a:0:{}s:10:\\\"\\u0000*\\u0000visible\\\";a:0:{}s:11:\\\"\\u0000*\\u0000fillable\\\";a:0:{}s:10:\\\"\\u0000*\\u0000guarded\\\";a:0:{}}i:7;O:19:\\\"App\\\\Models\\\\OtherTax\\\":30:{s:13:\\\"\\u0000*\\u0000connection\\\";s:7:\\\"finance\\\";s:8:\\\"\\u0000*\\u0000table\\\";s:11:\\\"other_taxes\\\";s:13:\\\"\\u0000*\\u0000primaryKey\\\";s:2:\\\"id\\\";s:10:\\\"\\u0000*\\u0000keyType\\\";s:3:\\\"int\\\";s:12:\\\"incrementing\\\";b:1;s:7:\\\"\\u0000*\\u0000with\\\";a:0:{}s:12:\\\"\\u0000*\\u0000withCount\\\";a:0:{}s:19:\\\"preventsLazyLoading\\\";b:0;s:10:\\\"\\u0000*\\u0000perPage\\\";i:15;s:6:\\\"exists\\\";b:1;s:18:\\\"wasRecentlyCreated\\\";b:0;s:28:\\\"\\u0000*\\u0000escapeWhenCastingToString\\\";b:0;s:13:\\\"\\u0000*\\u0000attributes\\\";a:11:{s:2:\\\"id\\\";i:1007;s:10:\\\"created_at\\\";N;s:10:\\\"updated_at\\\";s:19:\\\"2024-05-29 00:09:22\\\";s:4:\\\"name\\\";s:20:\\\"Perc IIBB  Catamarca\\\";s:7:\\\"section\\\";s:4:\\\"iibb\\\";s:11:\\\"percent_tax\\\";s:4:\\\"0.00\\\";s:7:\\\"zone_id\\\";i:24;s:7:\\\"aliases\\\";N;s:12:\\\"section_name\\\";s:4:\\\"IIBB\\\";s:14:\\\"plan_cuenta_id\\\";i:227;s:24:\\\"plan_cuenta_id_efectuada\\\";i:1407;}s:11:\\\"\\u0000*\\u0000original\\\";a:11:{s:2:\\\"id\\\";i:1007;s:10:\\\"created_at\\\";N;s:10:\\\"updated_at\\\";s:19:\\\"2024-05-29 00:09:22\\\";s:4:\\\"name\\\";s:20:\\\"Perc IIBB  Catamarca\\\";s:7:\\\"section\\\";s:4:\\\"iibb\\\";s:11:\\\"percent_tax\\\";s:4:\\\"0.00\\\";s:7:\\\"zone_id\\\";i:24;s:7:\\\"aliases\\\";N;s:12:\\\"section_name\\\";s:4:\\\"IIBB\\\";s:14:\\\"plan_cuenta_id\\\";i:227;s:24:\\\"plan_cuenta_id_efectuada\\\";i:1407;}s:10:\\\"\\u0000*\\u0000changes\\\";a:0:{}s:8:\\\"\\u0000*\\u0000casts\\\";a:0:{}s:17:\\\"\\u0000*\\u0000classCastCache\\\";a:0:{}s:21:\\\"\\u0000*\\u0000attributeCastCache\\\";a:0:{}s:8:\\\"\\u0000*\\u0000dates\\\";a:0:{}s:13:\\\"\\u0000*\\u0000dateFormat\\\";N;s:10:\\\"\\u0000*\\u0000appends\\\";a:0:{}s:19:\\\"\\u0000*\\u0000dispatchesEvents\\\";a:0:{}s:14:\\\"\\u0000*\\u0000observables\\\";a:0:{}s:12:\\\"\\u0000*\\u0000relations\\\";a:0:{}s:10:\\\"\\u0000*\\u0000touches\\\";a:0:{}s:10:\\\"timestamps\\\";b:1;s:9:\\\"\\u0000*\\u0000hidden\\\";a:0:{}s:10:\\\"\\u0000*\\u0000visible\\\";a:0:{}s:11:\\\"\\u0000*\\u0000fillable\\\";a:0:{}s:10:\\\"\\u0000*\\u0000guarded\\\";a:0:{}}i:8;O:19:\\\"App\\\\Models\\\\OtherTax\\\":30:{s:13:\\\"\\u0000*\\u0000connection\\\";s:7:\\\"finance\\\";s:8:\\\"\\u0000*\\u0000table\\\";s:11:\\\"other_taxes\\\";s:13:\\\"\\u0000*\\u0000primaryKey\\\";s:2:\\\"id\\\";s:10:\\\"\\u0000*\\u0000keyType\\\";s:3:\\\"int\\\";s:12:\\\"incrementing\\\";b:1;s:7:\\\"\\u0000*\\u0000with\\\";a:0:{}s:12:\\\"\\u0000*\\u0000withCount\\\";a:0:{}s:19:\\\"preventsLazyLoading\\\";b:0;s:10:\\\"\\u0000*\\u0000perPage\\\";i:15;s:6:\\\"exists\\\";b:1;s:18:\\\"wasRecentlyCreated\\\";b:0;s:28:\\\"\\u0000*\\u0000escapeWhenCastingToString\\\";b:0;s:13:\\\"\\u0000*\\u0000attributes\\\";a:11:{s:2:\\\"id\\\";i:1008;s:10:\\\"created_at\\\";N;s:10:\\\"updated_at\\\";s:19:\\\"2024-05-29 00:09:22\\\";s:4:\\\"name\\\";s:16:\\\"Perc IIBB  Chaco\\\";s:7:\\\"section\\\";s:4:\\\"iibb\\\";s:11:\\\"percent_tax\\\";s:4:\\\"0.00\\\";s:7:\\\"zone_id\\\";i:3;s:7:\\\"aliases\\\";N;s:12:\\\"section_name\\\";s:4:\\\"IIBB\\\";s:14:\\\"plan_cuenta_id\\\";i:228;s:24:\\\"plan_cuenta_id_efectuada\\\";i:1408;}s:11:\\\"\\u0000*\\u0000original\\\";a:11:{s:2:\\\"id\\\";i:1008;s:10:\\\"created_at\\\";N;s:10:\\\"updated_at\\\";s:19:\\\"2024-05-29 00:09:22\\\";s:4:\\\"name\\\";s:16:\\\"Perc IIBB  Chaco\\\";s:7:\\\"section\\\";s:4:\\\"iibb\\\";s:11:\\\"percent_tax\\\";s:4:\\\"0.00\\\";s:7:\\\"zone_id\\\";i:3;s:7:\\\"aliases\\\";N;s:12:\\\"section_name\\\";s:4:\\\"IIBB\\\";s:14:\\\"plan_cuenta_id\\\";i:228;s:24:\\\"plan_cuenta_id_efectuada\\\";i:1408;}s:10:\\\"\\u0000*\\u0000changes\\\";a:0:{}s:8:\\\"\\u0000*\\u0000casts\\\";a:0:{}s:17:\\\"\\u0000*\\u0000classCastCache\\\";a:0:{}s:21:\\\"\\u0000*\\u0000attributeCastCache\\\";a:0:{}s:8:\\\"\\u0000*\\u0000dates\\\";a:0:{}s:13:\\\"\\u0000*\\u0000dateFormat\\\";N;s:10:\\\"\\u0000*\\u0000appends\\\";a:0:{}s:19:\\\"\\u0000*\\u0000dispatchesEvents\\\";a:0:{}s:14:\\\"\\u0000*\\u0000observables\\\";a:0:{}s:12:\\\"\\u0000*\\u0000relations\\\";a:0:{}s:10:\\\"\\u0000*\\u0000touches\\\";a:0:{}s:10:\\\"timestamps\\\";b:1;s:9:\\\"\\u0000*\\u0000hidden\\\";a:0:{}s:10:\\\"\\u0000*\\u0000visible\\\";a:0:{}s:11:\\\"\\u0000*\\u0000fillable\\\";a:0:{}s:10:\\\"\\u0000*\\u0000guarded\\\";a:0:{}}i:9;O:19:\\\"App\\\\Models\\\\OtherTax\\\":30:{s:13:\\\"\\u0000*\\u0000connection\\\";s:7:\\\"finance\\\";s:8:\\\"\\u0000*\\u0000table\\\";s:11:\\\"other_taxes\\\";s:13:\\\"\\u0000*\\u0000primaryKey\\\";s:2:\\\"id\\\";s:10:\\\"\\u0000*\\u0000keyType\\\";s:3:\\\"int\\\";s:12:\\\"incrementing\\\";b:1;s:7:\\\"\\u0000*\\u0000with\\\";a:0:{}s:12:\\\"\\u0000*\\u0000withCount\\\";a:0:{}s:19:\\\"preventsLazyLoading\\\";b:0;s:10:\\\"\\u0000*\\u0000perPage\\\";i:15;s:6:\\\"exists\\\";b:1;s:18:\\\"wasRecentlyCreated\\\";b:0;s:28:\\\"\\u0000*\\u0000escapeWhenCastingToString\\\";b:0;s:13:\\\"\\u0000*\\u0000attributes\\\";a:11:{s:2:\\\"id\\\";i:1009;s:10:\\\"created_at\\\";N;s:10:\\\"updated_at\\\";s:19:\\\"2024-05-29 00:09:22\\\";s:4:\\\"name\\\";s:17:\\\"Perc IIBB  Chubut\\\";s:7:\\\"section\\\";s:4:\\\"iibb\\\";s:11:\\\"percent_tax\\\";s:4:\\\"0.00\\\";s:7:\\\"zone_id\\\";i:4;s:7:\\\"aliases\\\";N;s:12:\\\"section_name\\\";s:4:\\\"IIBB\\\";s:14:\\\"plan_cuenta_id\\\";i:229;s:24:\\\"plan_cuenta_id_efectuada\\\";i:1409;}s:11:\\\"\\u0000*\\u0000original\\\";a:11:{s:2:\\\"id\\\";i:1009;s:10:\\\"created_at\\\";N;s:10:\\\"updated_at\\\";s:19:\\\"2024-05-29 00:09:22\\\";s:4:\\\"name\\\";s:17:\\\"Perc IIBB  Chubut\\\";s:7:\\\"section\\\";s:4:\\\"iibb\\\";s:11:\\\"percent_tax\\\";s:4:\\\"0.00\\\";s:7:\\\"zone_id\\\";i:4;s:7:\\\"aliases\\\";N;s:12:\\\"section_name\\\";s:4:\\\"IIBB\\\";s:14:\\\"plan_cuenta_id\\\";i:229;s:24:\\\"plan_cuenta_id_efectuada\\\";i:1409;}s:10:\\\"\\u0000*\\u0000changes\\\";a:0:{}s:8:\\\"\\u0000*\\u0000casts\\\";a:0:{}s:17:\\\"\\u0000*\\u0000classCastCache\\\";a:0:{}s:21:\\\"\\u0000*\\u0000attributeCastCache\\\";a:0:{}s:8:\\\"\\u0000*\\u0000dates\\\";a:0:{}s:13:\\\"\\u0000*\\u0000dateFormat\\\";N;s:10:\\\"\\u0000*\\u0000appends\\\";a:0:{}s:19:\\\"\\u0000*\\u0000dispatchesEvents\\\";a:0:{}s:14:\\\"\\u0000*\\u0000observables\\\";a:0:{}s:12:\\\"\\u0000*\\u0000relations\\\";a:0:{}s:10:\\\"\\u0000*\\u0000touches\\\";a:0:{}s:10:\\\"timestamps\\\";b:1;s:9:\\\"\\u0000*\\u0000hidden\\\";a:0:{}s:10:\\\"\\u0000*\\u0000visible\\\";a:0:{}s:11:\\\"\\u0000*\\u0000fillable\\\";a:0:{}s:10:\\\"\\u0000*\\u0000guarded\\\";a:0:{}}i:10;O:19:\\\"App\\\\Models\\\\OtherTax\\\":30:{s:13:\\\"\\u0000*\\u0000connection\\\";s:7:\\\"finance\\\";s:8:\\\"\\u0000*\\u0000table\\\";s:11:\\\"other_taxes\\\";s:13:\\\"\\u0000*\\u0000primaryKey\\\";s:2:\\\"id\\\";s:10:\\\"\\u0000*\\u0000keyType\\\";s:3:\\\"int\\\";s:12:\\\"incrementing\\\";b:1;s:7:\\\"\\u0000*\\u0000with\\\";a:0:{}s:12:\\\"\\u0000*\\u0000withCount\\\";a:0:{}s:19:\\\"preventsLazyLoading\\\";b:0;s:10:\\\"\\u0000*\\u0000perPage\\\";i:15;s:6:\\\"exists\\\";b:1;s:18:\\\"wasRecentlyCreated\\\";b:0;s:28:\\\"\\u0000*\\u0000escapeWhenCastingToString\\\";b:0;s:13:\\\"\\u0000*\\u0000attributes\\\";a:11:{s:2:\\\"id\\\";i:1010;s:10:\\\"created_at\\\";N;s:10:\\\"updated_at\\\";s:19:\\\"2024-05-29 00:09:22\\\";s:4:\\\"name\\\";s:19:\\\"Perc IIBB  Córdoba\\\";s:7:\\\"section\\\";s:4:\\\"iibb\\\";s:11:\\\"percent_tax\\\";s:4:\\\"0.00\\\";s:7:\\\"zone_id\\\";i:1;s:7:\\\"aliases\\\";N;s:12:\\\"section_name\\\";s:4:\\\"IIBB\\\";s:14:\\\"plan_cuenta_id\\\";i:230;s:24:\\\"plan_cuenta_id_efectuada\\\";i:1410;}s:11:\\\"\\u0000*\\u0000original\\\";a:11:{s:2:\\\"id\\\";i:1010;s:10:\\\"created_at\\\";N;s:10:\\\"updated_at\\\";s:19:\\\"2024-05-29 00:09:22\\\";s:4:\\\"name\\\";s:19:\\\"Perc IIBB  Córdoba\\\";s:7:\\\"section\\\";s:4:\\\"iibb\\\";s:11:\\\"percent_tax\\\";s:4:\\\"0.00\\\";s:7:\\\"zone_id\\\";i:1;s:7:\\\"aliases\\\";N;s:12:\\\"section_name\\\";s:4:\\\"IIBB\\\";s:14:\\\"plan_cuenta_id\\\";i:230;s:24:\\\"plan_cuenta_id_efectuada\\\";i:1410;}s:10:\\\"\\u0000*\\u0000changes\\\";a:0:{}s:8:\\\"\\u0000*\\u0000casts\\\";a:0:{}s:17:\\\"\\u0000*\\u0000classCastCache\\\";a:0:{}s:21:\\\"\\u0000*\\u0000attributeCastCache\\\";a:0:{}s:8:\\\"\\u0000*\\u0000dates\\\";a:0:{}s:13:\\\"\\u0000*\\u0000dateFormat\\\";N;s:10:\\\"\\u0000*\\u0000appends\\\";a:0:{}s:19:\\\"\\u0000*\\u0000dispatchesEvents\\\";a:0:{}s:14:\\\"\\u0000*\\u0000observables\\\";a:0:{}s:12:\\\"\\u0000*\\u0000relations\\\";a:0:{}s:10:\\\"\\u0000*\\u0000touches\\\";a:0:{}s:10:\\\"timestamps\\\";b:1;s:9:\\\"\\u0000*\\u0000hidden\\\";a:0:{}s:10:\\\"\\u0000*\\u0000visible\\\";a:0:{}s:11:\\\"\\u0000*\\u0000fillable\\\";a:0:{}s:10:\\\"\\u0000*\\u0000guarded\\\";a:0:{}}i:11;O:19:\\\"App\\\\Models\\\\OtherTax\\\":30:{s:13:\\\"\\u0000*\\u0000connection\\\";s:7:\\\"finance\\\";s:8:\\\"\\u0000*\\u0000table\\\";s:11:\\\"other_taxes\\\";s:13:\\\"\\u0000*\\u0000primaryKey\\\";s:2:\\\"id\\\";s:10:\\\"\\u0000*\\u0000keyType\\\";s:3:\\\"int\\\";s:12:\\\"incrementing\\\";b:1;s:7:\\\"\\u0000*\\u0000with\\\";a:0:{}s:12:\\\"\\u0000*\\u0000withCount\\\";a:0:{}s:19:\\\"preventsLazyLoading\\\";b:0;s:10:\\\"\\u0000*\\u0000perPage\\\";i:15;s:6:\\\"exists\\\";b:1;s:18:\\\"wasRecentlyCreated\\\";b:0;s:28:\\\"\\u0000*\\u0000escapeWhenCastingToString\\\";b:0;s:13:\\\"\\u0000*\\u0000attributes\\\";a:11:{s:2:\\\"id\\\";i:1011;s:10:\\\"created_at\\\";N;s:10:\\\"updated_at\\\";s:19:\\\"2024-05-29 00:09:22\\\";s:4:\\\"name\\\";s:21:\\\"Perc IIBB  Corrientes\\\";s:7:\\\"section\\\";s:4:\\\"iibb\\\";s:11:\\\"percent_tax\\\";s:4:\\\"0.00\\\";s:7:\\\"zone_id\\\";i:2;s:7:\\\"aliases\\\";N;s:12:\\\"section_name\\\";s:4:\\\"IIBB\\\";s:14:\\\"plan_cuenta_id\\\";i:231;s:24:\\\"plan_cuenta_id_efectuada\\\";i:1411;}s:11:\\\"\\u0000*\\u0000original\\\";a:11:{s:2:\\\"id\\\";i:1011;s:10:\\\"created_at\\\";N;s:10:\\\"updated_at\\\";s:19:\\\"2024-05-29 00:09:22\\\";s:4:\\\"name\\\";s:21:\\\"Perc IIBB  Corrientes\\\";s:7:\\\"section\\\";s:4:\\\"iibb\\\";s:11:\\\"percent_tax\\\";s:4:\\\"0.00\\\";s:7:\\\"zone_id\\\";i:2;s:7:\\\"aliases\\\";N;s:12:\\\"section_name\\\";s:4:\\\"IIBB\\\";s:14:\\\"plan_cuenta_id\\\";i:231;s:24:\\\"plan_cuenta_id_efectuada\\\";i:1411;}s:10:\\\"\\u0000*\\u0000changes\\\";a:0:{}s:8:\\\"\\u0000*\\u0000casts\\\";a:0:{}s:17:\\\"\\u0000*\\u0000classCastCache\\\";a:0:{}s:21:\\\"\\u0000*\\u0000attributeCastCache\\\";a:0:{}s:8:\\\"\\u0000*\\u0000dates\\\";a:0:{}s:13:\\\"\\u0000*\\u0000dateFormat\\\";N;s:10:\\\"\\u0000*\\u0000appends\\\";a:0:{}s:19:\\\"\\u0000*\\u0000dispatchesEvents\\\";a:0:{}s:14:\\\"\\u0000*\\u0000observables\\\";a:0:{}s:12:\\\"\\u0000*\\u0000relations\\\";a:0:{}s:10:\\\"\\u0000*\\u0000touches\\\";a:0:{}s:10:\\\"timestamps\\\";b:1;s:9:\\\"\\u0000*\\u0000hidden\\\";a:0:{}s:10:\\\"\\u0000*\\u0000visible\\\";a:0:{}s:11:\\\"\\u0000*\\u0000fillable\\\";a:0:{}s:10:\\\"\\u0000*\\u0000guarded\\\";a:0:{}}i:12;O:19:\\\"App\\\\Models\\\\OtherTax\\\":30:{s:13:\\\"\\u0000*\\u0000connection\\\";s:7:\\\"finance\\\";s:8:\\\"\\u0000*\\u0000table\\\";s:11:\\\"other_taxes\\\";s:13:\\\"\\u0000*\\u0000primaryKey\\\";s:2:\\\"id\\\";s:10:\\\"\\u0000*\\u0000keyType\\\";s:3:\\\"int\\\";s:12:\\\"incrementing\\\";b:1;s:7:\\\"\\u0000*\\u0000with\\\";a:0:{}s:12:\\\"\\u0000*\\u0000withCount\\\";a:0:{}s:19:\\\"preventsLazyLoading\\\";b:0;s:10:\\\"\\u0000*\\u0000perPage\\\";i:15;s:6:\\\"exists\\\";b:1;s:18:\\\"wasRecentlyCreated\\\";b:0;s:28:\\\"\\u0000*\\u0000escapeWhenCastingToString\\\";b:0;s:13:\\\"\\u0000*\\u0000attributes\\\";a:11:{s:2:\\\"id\\\";i:1012;s:10:\\\"created_at\\\";N;s:10:\\\"updated_at\\\";s:19:\\\"2024-05-29 00:09:22\\\";s:4:\\\"name\\\";s:22:\\\"Perc IIBB  Entre Ríos\\\";s:7:\\\"section\\\";s:4:\\\"iibb\\\";s:11:\\\"percent_tax\\\";s:4:\\\"0.00\\\";s:7:\\\"zone_id\\\";i:5;s:7:\\\"aliases\\\";N;s:12:\\\"section_name\\\";s:4:\\\"IIBB\\\";s:14:\\\"plan_cuenta_id\\\";i:232;s:24:\\\"plan_cuenta_id_efectuada\\\";i:1412;}s:11:\\\"\\u0000*\\u0000original\\\";a:11:{s:2:\\\"id\\\";i:1012;s:10:\\\"created_at\\\";N;s:10:\\\"updated_at\\\";s:19:\\\"2024-05-29 00:09:22\\\";s:4:\\\"name\\\";s:22:\\\"Perc IIBB  Entre Ríos\\\";s:7:\\\"section\\\";s:4:\\\"iibb\\\";s:11:\\\"percent_tax\\\";s:4:\\\"0.00\\\";s:7:\\\"zone_id\\\";i:5;s:7:\\\"aliases\\\";N;s:12:\\\"section_name\\\";s:4:\\\"IIBB\\\";s:14:\\\"plan_cuenta_id\\\";i:232;s:24:\\\"plan_cuenta_id_efectuada\\\";i:1412;}s:10:\\\"\\u0000*\\u0000changes\\\";a:0:{}s:8:\\\"\\u0000*\\u0000casts\\\";a:0:{}s:17:\\\"\\u0000*\\u0000classCastCache\\\";a:0:{}s:21:\\\"\\u0000*\\u0000attributeCastCache\\\";a:0:{}s:8:\\\"\\u0000*\\u0000dates\\\";a:0:{}s:13:\\\"\\u0000*\\u0000dateFormat\\\";N;s:10:\\\"\\u0000*\\u0000appends\\\";a:0:{}s:19:\\\"\\u0000*\\u0000dispatchesEvents\\\";a:0:{}s:14:\\\"\\u0000*\\u0000observables\\\";a:0:{}s:12:\\\"\\u0000*\\u0000relations\\\";a:0:{}s:10:\\\"\\u0000*\\u0000touches\\\";a:0:{}s:10:\\\"timestamps\\\";b:1;s:9:\\\"\\u0000*\\u0000hidden\\\";a:0:{}s:10:\\\"\\u0000*\\u0000visible\\\";a:0:{}s:11:\\\"\\u0000*\\u0000fillable\\\";a:0:{}s:10:\\\"\\u0000*\\u0000guarded\\\";a:0:{}}i:13;O:19:\\\"App\\\\Models\\\\OtherTax\\\":30:{s:13:\\\"\\u0000*\\u0000connection\\\";s:7:\\\"finance\\\";s:8:\\\"\\u0000*\\u0000table\\\";s:11:\\\"other_taxes\\\";s:13:\\\"\\u0000*\\u0000primaryKey\\\";s:2:\\\"id\\\";s:10:\\\"\\u0000*\\u0000keyType\\\";s:3:\\\"int\\\";s:12:\\\"incrementing\\\";b:1;s:7:\\\"\\u0000*\\u0000with\\\";a:0:{}s:12:\\\"\\u0000*\\u0000withCount\\\";a:0:{}s:19:\\\"preventsLazyLoading\\\";b:0;s:10:\\\"\\u0000*\\u0000perPage\\\";i:15;s:6:\\\"exists\\\";b:1;s:18:\\\"wasRecentlyCreated\\\";b:0;s:28:\\\"\\u0000*\\u0000escapeWhenCastingToString\\\";b:0;s:13:\\\"\\u0000*\\u0000attributes\\\";a:11:{s:2:\\\"id\\\";i:1013;s:10:\\\"created_at\\\";N;s:10:\\\"updated_at\\\";s:19:\\\"2024-05-29 00:09:22\\\";s:4:\\\"name\\\";s:18:\\\"Perc IIBB  Formosa\\\";s:7:\\\"section\\\";s:4:\\\"iibb\\\";s:11:\\\"percent_tax\\\";s:4:\\\"0.00\\\";s:7:\\\"zone_id\\\";i:6;s:7:\\\"aliases\\\";N;s:12:\\\"section_name\\\";s:4:\\\"IIBB\\\";s:14:\\\"plan_cuenta_id\\\";i:233;s:24:\\\"plan_cuenta_id_efectuada\\\";i:1413;}s:11:\\\"\\u0000*\\u0000original\\\";a:11:{s:2:\\\"id\\\";i:1013;s:10:\\\"created_at\\\";N;s:10:\\\"updated_at\\\";s:19:\\\"2024-05-29 00:09:22\\\";s:4:\\\"name\\\";s:18:\\\"Perc IIBB  Formosa\\\";s:7:\\\"section\\\";s:4:\\\"iibb\\\";s:11:\\\"percent_tax\\\";s:4:\\\"0.00\\\";s:7:\\\"zone_id\\\";i:6;s:7:\\\"aliases\\\";N;s:12:\\\"section_name\\\";s:4:\\\"IIBB\\\";s:14:\\\"plan_cuenta_id\\\";i:233;s:24:\\\"plan_cuenta_id_efectuada\\\";i:1413;}s:10:\\\"\\u0000*\\u0000changes\\\";a:0:{}s:8:\\\"\\u0000*\\u0000casts\\\";a:0:{}s:17:\\\"\\u0000*\\u0000classCastCache\\\";a:0:{}s:21:\\\"\\u0000*\\u0000attributeCastCache\\\";a:0:{}s:8:\\\"\\u0000*\\u0000dates\\\";a:0:{}s:13:\\\"\\u0000*\\u0000dateFormat\\\";N;s:10:\\\"\\u0000*\\u0000appends\\\";a:0:{}s:19:\\\"\\u0000*\\u0000dispatchesEvents\\\";a:0:{}s:14:\\\"\\u0000*\\u0000observables\\\";a:0:{}s:12:\\\"\\u0000*\\u0000relations\\\";a:0:{}s:10:\\\"\\u0000*\\u0000touches\\\";a:0:{}s:10:\\\"timestamps\\\";b:1;s:9:\\\"\\u0000*\\u0000hidden\\\";a:0:{}s:10:\\\"\\u0000*\\u0000visible\\\";a:0:{}s:11:\\\"\\u0000*\\u0000fillable\\\";a:0:{}s:10:\\\"\\u0000*\\u0000guarded\\\";a:0:{}}i:14;O:19:\\\"App\\\\Models\\\\OtherTax\\\":30:{s:13:\\\"\\u0000*\\u0000connection\\\";s:7:\\\"finance\\\";s:8:\\\"\\u0000*\\u0000table\\\";s:11:\\\"other_taxes\\\";s:13:\\\"\\u0000*\\u0000primaryKey\\\";s:2:\\\"id\\\";s:10:\\\"\\u0000*\\u0000keyType\\\";s:3:\\\"int\\\";s:12:\\\"incrementing\\\";b:1;s:7:\\\"\\u0000*\\u0000with\\\";a:0:{}s:12:\\\"\\u0000*\\u0000withCount\\\";a:0:{}s:19:\\\"preventsLazyLoading\\\";b:0;s:10:\\\"\\u0000*\\u0000perPage\\\";i:15;s:6:\\\"exists\\\";b:1;s:18:\\\"wasRecentlyCreated\\\";b:0;s:28:\\\"\\u0000*\\u0000escapeWhenCastingToString\\\";b:0;s:13:\\\"\\u0000*\\u0000attributes\\\";a:11:{s:2:\\\"id\\\";i:1014;s:10:\\\"created_at\\\";N;s:10:\\\"updated_at\\\";s:19:\\\"2024-05-29 00:09:22\\\";s:4:\\\"name\\\";s:16:\\\"Perc IIBB  Jujuy\\\";s:7:\\\"section\\\";s:4:\\\"iibb\\\";s:11:\\\"percent_tax\\\";s:4:\\\"0.00\\\";s:7:\\\"zone_id\\\";i:7;s:7:\\\"aliases\\\";N;s:12:\\\"section_name\\\";s:4:\\\"IIBB\\\";s:14:\\\"plan_cuenta_id\\\";i:234;s:24:\\\"plan_cuenta_id_efectuada\\\";i:1414;}s:11:\\\"\\u0000*\\u0000original\\\";a:11:{s:2:\\\"id\\\";i:1014;s:10:\\\"created_at\\\";N;s:10:\\\"updated_at\\\";s:19:\\\"2024-05-29 00:09:22\\\";s:4:\\\"name\\\";s:16:\\\"Perc IIBB  Jujuy\\\";s:7:\\\"section\\\";s:4:\\\"iibb\\\";s:11:\\\"percent_tax\\\";s:4:\\\"0.00\\\";s:7:\\\"zone_id\\\";i:7;s:7:\\\"aliases\\\";N;s:12:\\\"section_name\\\";s:4:\\\"IIBB\\\";s:14:\\\"plan_cuenta_id\\\";i:234;s:24:\\\"plan_cuenta_id_efectuada\\\";i:1414;}s:10:\\\"\\u0000*\\u0000changes\\\";a:0:{}s:8:\\\"\\u0000*\\u0000casts\\\";a:0:{}s:17:\\\"\\u0000*\\u0000classCastCache\\\";a:0:{}s:21:\\\"\\u0000*\\u0000attributeCastCache\\\";a:0:{}s:8:\\\"\\u0000*\\u0000dates\\\";a:0:{}s:13:\\\"\\u0000*\\u0000dateFormat\\\";N;s:10:\\\"\\u0000*\\u0000appends\\\";a:0:{}s:19:\\\"\\u0000*\\u0000dispatchesEvents\\\";a:0:{}s:14:\\\"\\u0000*\\u0000observables\\\";a:0:{}s:12:\\\"\\u0000*\\u0000relations\\\";a:0:{}s:10:\\\"\\u0000*\\u0000touches\\\";a:0:{}s:10:\\\"timestamps\\\";b:1;s:9:\\\"\\u0000*\\u0000hidden\\\";a:0:{}s:10:\\\"\\u0000*\\u0000visible\\\";a:0:{}s:11:\\\"\\u0000*\\u0000fillable\\\";a:0:{}s:10:\\\"\\u0000*\\u0000guarded\\\";a:0:{}}i:15;O:19:\\\"App\\\\Models\\\\OtherTax\\\":30:{s:13:\\\"\\u0000*\\u0000connection\\\";s:7:\\\"finance\\\";s:8:\\\"\\u0000*\\u0000table\\\";s:11:\\\"other_taxes\\\";s:13:\\\"\\u0000*\\u0000primaryKey\\\";s:2:\\\"id\\\";s:10:\\\"\\u0000*\\u0000keyType\\\";s:3:\\\"int\\\";s:12:\\\"incrementing\\\";b:1;s:7:\\\"\\u0000*\\u0000with\\\";a:0:{}s:12:\\\"\\u0000*\\u0000withCount\\\";a:0:{}s:19:\\\"preventsLazyLoading\\\";b:0;s:10:\\\"\\u0000*\\u0000perPage\\\";i:15;s:6:\\\"exists\\\";b:1;s:18:\\\"wasRecentlyCreated\\\";b:0;s:28:\\\"\\u0000*\\u0000escapeWhenCastingToString\\\";b:0;s:13:\\\"\\u0000*\\u0000attributes\\\";a:11:{s:2:\\\"id\\\";i:1015;s:10:\\\"created_at\\\";N;s:10:\\\"updated_at\\\";s:19:\\\"2024-05-29 00:09:22\\\";s:4:\\\"name\\\";s:19:\\\"Perc IIBB  La Pampa\\\";s:7:\\\"section\\\";s:4:\\\"iibb\\\";s:11:\\\"percent_tax\\\";s:4:\\\"0.00\\\";s:7:\\\"zone_id\\\";i:8;s:7:\\\"aliases\\\";N;s:12:\\\"section_name\\\";s:4:\\\"IIBB\\\";s:14:\\\"plan_cuenta_id\\\";i:235;s:24:\\\"plan_cuenta_id_efectuada\\\";i:1415;}s:11:\\\"\\u0000*\\u0000original\\\";a:11:{s:2:\\\"id\\\";i:1015;s:10:\\\"created_at\\\";N;s:10:\\\"updated_at\\\";s:19:\\\"2024-05-29 00:09:22\\\";s:4:\\\"name\\\";s:19:\\\"Perc IIBB  La Pampa\\\";s:7:\\\"section\\\";s:4:\\\"iibb\\\";s:11:\\\"percent_tax\\\";s:4:\\\"0.00\\\";s:7:\\\"zone_id\\\";i:8;s:7:\\\"aliases\\\";N;s:12:\\\"section_name\\\";s:4:\\\"IIBB\\\";s:14:\\\"plan_cuenta_id\\\";i:235;s:24:\\\"plan_cuenta_id_efectuada\\\";i:1415;}s:10:\\\"\\u0000*\\u0000changes\\\";a:0:{}s:8:\\\"\\u0000*\\u0000casts\\\";a:0:{}s:17:\\\"\\u0000*\\u0000classCastCache\\\";a:0:{}s:21:\\\"\\u0000*\\u0000attributeCastCache\\\";a:0:{}s:8:\\\"\\u0000*\\u0000dates\\\";a:0:{}s:13:\\\"\\u0000*\\u0000dateFormat\\\";N;s:10:\\\"\\u0000*\\u0000appends\\\";a:0:{}s:19:\\\"\\u0000*\\u0000dispatchesEvents\\\";a:0:{}s:14:\\\"\\u0000*\\u0000observables\\\";a:0:{}s:12:\\\"\\u0000*\\u0000relations\\\";a:0:{}s:10:\\\"\\u0000*\\u0000touches\\\";a:0:{}s:10:\\\"timestamps\\\";b:1;s:9:\\\"\\u0000*\\u0000hidden\\\";a:0:{}s:10:\\\"\\u0000*\\u0000visible\\\";a:0:{}s:11:\\\"\\u0000*\\u0000fillable\\\";a:0:{}s:10:\\\"\\u0000*\\u0000guarded\\\";a:0:{}}i:16;O:19:\\\"App\\\\Models\\\\OtherTax\\\":30:{s:13:\\\"\\u0000*\\u0000connection\\\";s:7:\\\"finance\\\";s:8:\\\"\\u0000*\\u0000table\\\";s:11:\\\"other_taxes\\\";s:13:\\\"\\u0000*\\u0000primaryKey\\\";s:2:\\\"id\\\";s:10:\\\"\\u0000*\\u0000keyType\\\";s:3:\\\"int\\\";s:12:\\\"incrementing\\\";b:1;s:7:\\\"\\u0000*\\u0000with\\\";a:0:{}s:12:\\\"\\u0000*\\u0000withCount\\\";a:0:{}s:19:\\\"preventsLazyLoading\\\";b:0;s:10:\\\"\\u0000*\\u0000perPage\\\";i:15;s:6:\\\"exists\\\";b:1;s:18:\\\"wasRecentlyCreated\\\";b:0;s:28:\\\"\\u0000*\\u0000escapeWhenCastingToString\\\";b:0;s:13:\\\"\\u0000*\\u0000attributes\\\";a:11:{s:2:\\\"id\\\";i:1016;s:10:\\\"created_at\\\";N;s:10:\\\"updated_at\\\";s:19:\\\"2024-05-29 00:09:22\\\";s:4:\\\"name\\\";s:19:\\\"Perc IIBB  La Rioja\\\";s:7:\\\"section\\\";s:4:\\\"iibb\\\";s:11:\\\"percent_tax\\\";s:4:\\\"0.00\\\";s:7:\\\"zone_id\\\";i:9;s:7:\\\"aliases\\\";N;s:12:\\\"section_name\\\";s:4:\\\"IIBB\\\";s:14:\\\"plan_cuenta_id\\\";i:236;s:24:\\\"plan_cuenta_id_efectuada\\\";i:1416;}s:11:\\\"\\u0000*\\u0000original\\\";a:11:{s:2:\\\"id\\\";i:1016;s:10:\\\"created_at\\\";N;s:10:\\\"updated_at\\\";s:19:\\\"2024-05-29 00:09:22\\\";s:4:\\\"name\\\";s:19:\\\"Perc IIBB  La Rioja\\\";s:7:\\\"section\\\";s:4:\\\"iibb\\\";s:11:\\\"percent_tax\\\";s:4:\\\"0.00\\\";s:7:\\\"zone_id\\\";i:9;s:7:\\\"aliases\\\";N;s:12:\\\"section_name\\\";s:4:\\\"IIBB\\\";s:14:\\\"plan_cuenta_id\\\";i:236;s:24:\\\"plan_cuenta_id_efectuada\\\";i:1416;}s:10:\\\"\\u0000*\\u0000changes\\\";a:0:{}s:8:\\\"\\u0000*\\u0000casts\\\";a:0:{}s:17:\\\"\\u0000*\\u0000classCastCache\\\";a:0:{}s:21:\\\"\\u0000*\\u0000attributeCastCache\\\";a:0:{}s:8:\\\"\\u0000*\\u0000dates\\\";a:0:{}s:13:\\\"\\u0000*\\u0000dateFormat\\\";N;s:10:\\\"\\u0000*\\u0000appends\\\";a:0:{}s:19:\\\"\\u0000*\\u0000dispatchesEvents\\\";a:0:{}s:14:\\\"\\u0000*\\u0000observables\\\";a:0:{}s:12:\\\"\\u0000*\\u0000relations\\\";a:0:{}s:10:\\\"\\u0000*\\u0000touches\\\";a:0:{}s:10:\\\"timestamps\\\";b:1;s:9:\\\"\\u0000*\\u0000hidden\\\";a:0:{}s:10:\\\"\\u0000*\\u0000visible\\\";a:0:{}s:11:\\\"\\u0000*\\u0000fillable\\\";a:0:{}s:10:\\\"\\u0000*\\u0000guarded\\\";a:0:{}}i:17;O:19:\\\"App\\\\Models\\\\OtherTax\\\":30:{s:13:\\\"\\u0000*\\u0000connection\\\";s:7:\\\"finance\\\";s:8:\\\"\\u0000*\\u0000table\\\";s:11:\\\"other_taxes\\\";s:13:\\\"\\u0000*\\u0000primaryKey\\\";s:2:\\\"id\\\";s:10:\\\"\\u0000*\\u0000keyType\\\";s:3:\\\"int\\\";s:12:\\\"incrementing\\\";b:1;s:7:\\\"\\u0000*\\u0000with\\\";a:0:{}s:12:\\\"\\u0000*\\u0000withCount\\\";a:0:{}s:19:\\\"preventsLazyLoading\\\";b:0;s:10:\\\"\\u0000*\\u0000perPage\\\";i:15;s:6:\\\"exists\\\";b:1;s:18:\\\"wasRecentlyCreated\\\";b:0;s:28:\\\"\\u0000*\\u0000escapeWhenCastingToString\\\";b:0;s:13:\\\"\\u0000*\\u0000attributes\\\";a:11:{s:2:\\\"id\\\";i:1017;s:10:\\\"created_at\\\";N;s:10:\\\"updated_at\\\";s:19:\\\"2024-05-29 00:09:22\\\";s:4:\\\"name\\\";s:18:\\\"Perc IIBB  Mendoza\\\";s:7:\\\"section\\\";s:4:\\\"iibb\\\";s:11:\\\"percent_tax\\\";s:4:\\\"0.00\\\";s:7:\\\"zone_id\\\";i:10;s:7:\\\"aliases\\\";N;s:12:\\\"section_name\\\";s:4:\\\"IIBB\\\";s:14:\\\"plan_cuenta_id\\\";i:237;s:24:\\\"plan_cuenta_id_efectuada\\\";i:1417;}s:11:\\\"\\u0000*\\u0000original\\\";a:11:{s:2:\\\"id\\\";i:1017;s:10:\\\"created_at\\\";N;s:10:\\\"updated_at\\\";s:19:\\\"2024-05-29 00:09:22\\\";s:4:\\\"name\\\";s:18:\\\"Perc IIBB  Mendoza\\\";s:7:\\\"section\\\";s:4:\\\"iibb\\\";s:11:\\\"percent_tax\\\";s:4:\\\"0.00\\\";s:7:\\\"zone_id\\\";i:10;s:7:\\\"aliases\\\";N;s:12:\\\"section_name\\\";s:4:\\\"IIBB\\\";s:14:\\\"plan_cuenta_id\\\";i:237;s:24:\\\"plan_cuenta_id_efectuada\\\";i:1417;}s:10:\\\"\\u0000*\\u0000changes\\\";a:0:{}s:8:\\\"\\u0000*\\u0000casts\\\";a:0:{}s:17:\\\"\\u0000*\\u0000classCastCache\\\";a:0:{}s:21:\\\"\\u0000*\\u0000attributeCastCache\\\";a:0:{}s:8:\\\"\\u0000*\\u0000dates\\\";a:0:{}s:13:\\\"\\u0000*\\u0000dateFormat\\\";N;s:10:\\\"\\u0000*\\u0000appends\\\";a:0:{}s:19:\\\"\\u0000*\\u0000dispatchesEvents\\\";a:0:{}s:14:\\\"\\u0000*\\u0000observables\\\";a:0:{}s:12:\\\"\\u0000*\\u0000relations\\\";a:0:{}s:10:\\\"\\u0000*\\u0000touches\\\";a:0:{}s:10:\\\"timestamps\\\";b:1;s:9:\\\"\\u0000*\\u0000hidden\\\";a:0:{}s:10:\\\"\\u0000*\\u0000visible\\\";a:0:{}s:11:\\\"\\u0000*\\u0000fillable\\\";a:0:{}s:10:\\\"\\u0000*\\u0000guarded\\\";a:0:{}}i:18;O:19:\\\"App\\\\Models\\\\OtherTax\\\":30:{s:13:\\\"\\u0000*\\u0000connection\\\";s:7:\\\"finance\\\";s:8:\\\"\\u0000*\\u0000table\\\";s:11:\\\"other_taxes\\\";s:13:\\\"\\u0000*\\u0000primaryKey\\\";s:2:\\\"id\\\";s:10:\\\"\\u0000*\\u0000keyType\\\";s:3:\\\"int\\\";s:12:\\\"incrementing\\\";b:1;s:7:\\\"\\u0000*\\u0000with\\\";a:0:{}s:12:\\\"\\u0000*\\u0000withCount\\\";a:0:{}s:19:\\\"preventsLazyLoading\\\";b:0;s:10:\\\"\\u0000*\\u0000perPage\\\";i:15;s:6:\\\"exists\\\";b:1;s:18:\\\"wasRecentlyCreated\\\";b:0;s:28:\\\"\\u0000*\\u0000escapeWhenCastingToString\\\";b:0;s:13:\\\"\\u0000*\\u0000attributes\\\";a:11:{s:2:\\\"id\\\";i:1018;s:10:\\\"created_at\\\";N;s:10:\\\"updated_at\\\";s:19:\\\"2024-05-29 00:09:22\\\";s:4:\\\"name\\\";s:19:\\\"Perc IIBB  Misiones\\\";s:7:\\\"section\\\";s:4:\\\"iibb\\\";s:11:\\\"percent_tax\\\";s:4:\\\"0.00\\\";s:7:\\\"zone_id\\\";i:11;s:7:\\\"aliases\\\";N;s:12:\\\"section_name\\\";s:4:\\\"IIBB\\\";s:14:\\\"plan_cuenta_id\\\";i:238;s:24:\\\"plan_cuenta_id_efectuada\\\";i:1418;}s:11:\\\"\\u0000*\\u0000original\\\";a:11:{s:2:\\\"id\\\";i:1018;s:10:\\\"created_at\\\";N;s:10:\\\"updated_at\\\";s:19:\\\"2024-05-29 00:09:22\\\";s:4:\\\"name\\\";s:19:\\\"Perc IIBB  Misiones\\\";s:7:\\\"section\\\";s:4:\\\"iibb\\\";s:11:\\\"percent_tax\\\";s:4:\\\"0.00\\\";s:7:\\\"zone_id\\\";i:11;s:7:\\\"aliases\\\";N;s:12:\\\"section_name\\\";s:4:\\\"IIBB\\\";s:14:\\\"plan_cuenta_id\\\";i:238;s:24:\\\"plan_cuenta_id_efectuada\\\";i:1418;}s:10:\\\"\\u0000*\\u0000changes\\\";a:0:{}s:8:\\\"\\u0000*\\u0000casts\\\";a:0:{}s:17:\\\"\\u0000*\\u0000classCastCache\\\";a:0:{}s:21:\\\"\\u0000*\\u0000attributeCastCache\\\";a:0:{}s:8:\\\"\\u0000*\\u0000dates\\\";a:0:{}s:13:\\\"\\u0000*\\u0000dateFormat\\\";N;s:10:\\\"\\u0000*\\u0000appends\\\";a:0:{}s:19:\\\"\\u0000*\\u0000dispatchesEvents\\\";a:0:{}s:14:\\\"\\u0000*\\u0000observables\\\";a:0:{}s:12:\\\"\\u0000*\\u0000relations\\\";a:0:{}s:10:\\\"\\u0000*\\u0000touches\\\";a:0:{}s:10:\\\"timestamps\\\";b:1;s:9:\\\"\\u0000*\\u0000hidden\\\";a:0:{}s:10:\\\"\\u0000*\\u0000visible\\\";a:0:{}s:11:\\\"\\u0000*\\u0000fillable\\\";a:0:{}s:10:\\\"\\u0000*\\u0000guarded\\\";a:0:{}}i:19;O:19:\\\"App\\\\Models\\\\OtherTax\\\":30:{s:13:\\\"\\u0000*\\u0000connection\\\";s:7:\\\"finance\\\";s:8:\\\"\\u0000*\\u0000table\\\";s:11:\\\"other_taxes\\\";s:13:\\\"\\u0000*\\u0000primaryKey\\\";s:2:\\\"id\\\";s:10:\\\"\\u0000*\\u0000keyType\\\";s:3:\\\"int\\\";s:12:\\\"incrementing\\\";b:1;s:7:\\\"\\u0000*\\u0000with\\\";a:0:{}s:12:\\\"\\u0000*\\u0000withCount\\\";a:0:{}s:19:\\\"preventsLazyLoading\\\";b:0;s:10:\\\"\\u0000*\\u0000perPage\\\";i:15;s:6:\\\"exists\\\";b:1;s:18:\\\"wasRecentlyCreated\\\";b:0;s:28:\\\"\\u0000*\\u0000escapeWhenCastingToString\\\";b:0;s:13:\\\"\\u0000*\\u0000attributes\\\";a:11:{s:2:\\\"id\\\";i:1019;s:10:\\\"created_at\\\";N;s:10:\\\"updated_at\\\";s:19:\\\"2024-05-29 00:09:22\\\";s:4:\\\"name\\\";s:19:\\\"Perc IIBB  Neuquén\\\";s:7:\\\"section\\\";s:4:\\\"iibb\\\";s:11:\\\"percent_tax\\\";s:4:\\\"0.00\\\";s:7:\\\"zone_id\\\";i:12;s:7:\\\"aliases\\\";N;s:12:\\\"section_name\\\";s:4:\\\"IIBB\\\";s:14:\\\"plan_cuenta_id\\\";i:239;s:24:\\\"plan_cuenta_id_efectuada\\\";i:1419;}s:11:\\\"\\u0000*\\u0000original\\\";a:11:{s:2:\\\"id\\\";i:1019;s:10:\\\"created_at\\\";N;s:10:\\\"updated_at\\\";s:19:\\\"2024-05-29 00:09:22\\\";s:4:\\\"name\\\";s:19:\\\"Perc IIBB  Neuquén\\\";s:7:\\\"section\\\";s:4:\\\"iibb\\\";s:11:\\\"percent_tax\\\";s:4:\\\"0.00\\\";s:7:\\\"zone_id\\\";i:12;s:7:\\\"aliases\\\";N;s:12:\\\"section_name\\\";s:4:\\\"IIBB\\\";s:14:\\\"plan_cuenta_id\\\";i:239;s:24:\\\"plan_cuenta_id_efectuada\\\";i:1419;}s:10:\\\"\\u0000*\\u0000changes\\\";a:0:{}s:8:\\\"\\u0000*\\u0000casts\\\";a:0:{}s:17:\\\"\\u0000*\\u0000classCastCache\\\";a:0:{}s:21:\\\"\\u0000*\\u0000attributeCastCache\\\";a:0:{}s:8:\\\"\\u0000*\\u0000dates\\\";a:0:{}s:13:\\\"\\u0000*\\u0000dateFormat\\\";N;s:10:\\\"\\u0000*\\u0000appends\\\";a:0:{}s:19:\\\"\\u0000*\\u0000dispatchesEvents\\\";a:0:{}s:14:\\\"\\u0000*\\u0000observables\\\";a:0:{}s:12:\\\"\\u0000*\\u0000relations\\\";a:0:{}s:10:\\\"\\u0000*\\u0000touches\\\";a:0:{}s:10:\\\"timestamps\\\";b:1;s:9:\\\"\\u0000*\\u0000hidden\\\";a:0:{}s:10:\\\"\\u0000*\\u0000visible\\\";a:0:{}s:11:\\\"\\u0000*\\u0000fillable\\\";a:0:{}s:10:\\\"\\u0000*\\u0000guarded\\\";a:0:{}}i:20;O:19:\\\"App\\\\Models\\\\OtherTax\\\":30:{s:13:\\\"\\u0000*\\u0000connection\\\";s:7:\\\"finance\\\";s:8:\\\"\\u0000*\\u0000table\\\";s:11:\\\"other_taxes\\\";s:13:\\\"\\u0000*\\u0000primaryKey\\\";s:2:\\\"id\\\";s:10:\\\"\\u0000*\\u0000keyType\\\";s:3:\\\"int\\\";s:12:\\\"incrementing\\\";b:1;s:7:\\\"\\u0000*\\u0000with\\\";a:0:{}s:12:\\\"\\u0000*\\u0000withCount\\\";a:0:{}s:19:\\\"preventsLazyLoading\\\";b:0;s:10:\\\"\\u0000*\\u0000perPage\\\";i:15;s:6:\\\"exists\\\";b:1;s:18:\\\"wasRecentlyCreated\\\";b:0;s:28:\\\"\\u0000*\\u0000escapeWhenCastingToString\\\";b:0;s:13:\\\"\\u0000*\\u0000attributes\\\";a:11:{s:2:\\\"id\\\";i:1020;s:10:\\\"created_at\\\";N;s:10:\\\"updated_at\\\";s:19:\\\"2024-05-29 00:09:22\\\";s:4:\\\"name\\\";s:22:\\\"Perc IIBB  Pascua Lama\\\";s:7:\\\"section\\\";s:4:\\\"iibb\\\";s:11:\\\"percent_tax\\\";s:4:\\\"0.00\\\";s:7:\\\"zone_id\\\";i:25;s:7:\\\"aliases\\\";N;s:12:\\\"section_name\\\";s:4:\\\"IIBB\\\";s:14:\\\"plan_cuenta_id\\\";i:240;s:24:\\\"plan_cuenta_id_efectuada\\\";i:1420;}s:11:\\\"\\u0000*\\u0000original\\\";a:11:{s:2:\\\"id\\\";i:1020;s:10:\\\"created_at\\\";N;s:10:\\\"updated_at\\\";s:19:\\\"2024-05-29 00:09:22\\\";s:4:\\\"name\\\";s:22:\\\"Perc IIBB  Pascua Lama\\\";s:7:\\\"section\\\";s:4:\\\"iibb\\\";s:11:\\\"percent_tax\\\";s:4:\\\"0.00\\\";s:7:\\\"zone_id\\\";i:25;s:7:\\\"aliases\\\";N;s:12:\\\"section_name\\\";s:4:\\\"IIBB\\\";s:14:\\\"plan_cuenta_id\\\";i:240;s:24:\\\"plan_cuenta_id_efectuada\\\";i:1420;}s:10:\\\"\\u0000*\\u0000changes\\\";a:0:{}s:8:\\\"\\u0000*\\u0000casts\\\";a:0:{}s:17:\\\"\\u0000*\\u0000classCastCache\\\";a:0:{}s:21:\\\"\\u0000*\\u0000attributeCastCache\\\";a:0:{}s:8:\\\"\\u0000*\\u0000dates\\\";a:0:{}s:13:\\\"\\u0000*\\u0000dateFormat\\\";N;s:10:\\\"\\u0000*\\u0000appends\\\";a:0:{}s:19:\\\"\\u0000*\\u0000dispatchesEvents\\\";a:0:{}s:14:\\\"\\u0000*\\u0000observables\\\";a:0:{}s:12:\\\"\\u0000*\\u0000relations\\\";a:0:{}s:10:\\\"\\u0000*\\u0000touches\\\";a:0:{}s:10:\\\"timestamps\\\";b:1;s:9:\\\"\\u0000*\\u0000hidden\\\";a:0:{}s:10:\\\"\\u0000*\\u0000visible\\\";a:0:{}s:11:\\\"\\u0000*\\u0000fillable\\\";a:0:{}s:10:\\\"\\u0000*\\u0000guarded\\\";a:0:{}}i:21;O:19:\\\"App\\\\Models\\\\OtherTax\\\":30:{s:13:\\\"\\u0000*\\u0000connection\\\";s:7:\\\"finance\\\";s:8:\\\"\\u0000*\\u0000table\\\";s:11:\\\"other_taxes\\\";s:13:\\\"\\u0000*\\u0000primaryKey\\\";s:2:\\\"id\\\";s:10:\\\"\\u0000*\\u0000keyType\\\";s:3:\\\"int\\\";s:12:\\\"incrementing\\\";b:1;s:7:\\\"\\u0000*\\u0000with\\\";a:0:{}s:12:\\\"\\u0000*\\u0000withCount\\\";a:0:{}s:19:\\\"preventsLazyLoading\\\";b:0;s:10:\\\"\\u0000*\\u0000perPage\\\";i:15;s:6:\\\"exists\\\";b:1;s:18:\\\"wasRecentlyCreated\\\";b:0;s:28:\\\"\\u0000*\\u0000escapeWhenCastingToString\\\";b:0;s:13:\\\"\\u0000*\\u0000attributes\\\";a:11:{s:2:\\\"id\\\";i:1021;s:10:\\\"created_at\\\";N;s:10:\\\"updated_at\\\";s:19:\\\"2024-05-29 00:09:22\\\";s:4:\\\"name\\\";s:21:\\\"Perc IIBB  Río Negro\\\";s:7:\\\"section\\\";s:4:\\\"iibb\\\";s:11:\\\"percent_tax\\\";s:4:\\\"0.00\\\";s:7:\\\"zone_id\\\";i:13;s:7:\\\"aliases\\\";N;s:12:\\\"section_name\\\";s:4:\\\"IIBB\\\";s:14:\\\"plan_cuenta_id\\\";i:241;s:24:\\\"plan_cuenta_id_efectuada\\\";i:1421;}s:11:\\\"\\u0000*\\u0000original\\\";a:11:{s:2:\\\"id\\\";i:1021;s:10:\\\"created_at\\\";N;s:10:\\\"updated_at\\\";s:19:\\\"2024-05-29 00:09:22\\\";s:4:\\\"name\\\";s:21:\\\"Perc IIBB  Río Negro\\\";s:7:\\\"section\\\";s:4:\\\"iibb\\\";s:11:\\\"percent_tax\\\";s:4:\\\"0.00\\\";s:7:\\\"zone_id\\\";i:13;s:7:\\\"aliases\\\";N;s:12:\\\"section_name\\\";s:4:\\\"IIBB\\\";s:14:\\\"plan_cuenta_id\\\";i:241;s:24:\\\"plan_cuenta_id_efectuada\\\";i:1421;}s:10:\\\"\\u0000*\\u0000changes\\\";a:0:{}s:8:\\\"\\u0000*\\u0000casts\\\";a:0:{}s:17:\\\"\\u0000*\\u0000classCastCache\\\";a:0:{}s:21:\\\"\\u0000*\\u0000attributeCastCache\\\";a:0:{}s:8:\\\"\\u0000*\\u0000dates\\\";a:0:{}s:13:\\\"\\u0000*\\u0000dateFormat\\\";N;s:10:\\\"\\u0000*\\u0000appends\\\";a:0:{}s:19:\\\"\\u0000*\\u0000dispatchesEvents\\\";a:0:{}s:14:\\\"\\u0000*\\u0000observables\\\";a:0:{}s:12:\\\"\\u0000*\\u0000relations\\\";a:0:{}s:10:\\\"\\u0000*\\u0000touches\\\";a:0:{}s:10:\\\"timestamps\\\";b:1;s:9:\\\"\\u0000*\\u0000hidden\\\";a:0:{}s:10:\\\"\\u0000*\\u0000visible\\\";a:0:{}s:11:\\\"\\u0000*\\u0000fillable\\\";a:0:{}s:10:\\\"\\u0000*\\u0000guarded\\\";a:0:{}}i:22;O:19:\\\"App\\\\Models\\\\OtherTax\\\":30:{s:13:\\\"\\u0000*\\u0000connection\\\";s:7:\\\"finance\\\";s:8:\\\"\\u0000*\\u0000table\\\";s:11:\\\"other_taxes\\\";s:13:\\\"\\u0000*\\u0000primaryKey\\\";s:2:\\\"id\\\";s:10:\\\"\\u0000*\\u0000keyType\\\";s:3:\\\"int\\\";s:12:\\\"incrementing\\\";b:1;s:7:\\\"\\u0000*\\u0000with\\\";a:0:{}s:12:\\\"\\u0000*\\u0000withCount\\\";a:0:{}s:19:\\\"preventsLazyLoading\\\";b:0;s:10:\\\"\\u0000*\\u0000perPage\\\";i:15;s:6:\\\"exists\\\";b:1;s:18:\\\"wasRecentlyCreated\\\";b:0;s:28:\\\"\\u0000*\\u0000escapeWhenCastingToString\\\";b:0;s:13:\\\"\\u0000*\\u0000attributes\\\";a:11:{s:2:\\\"id\\\";i:1022;s:10:\\\"created_at\\\";N;s:10:\\\"updated_at\\\";s:19:\\\"2024-05-29 00:09:22\\\";s:4:\\\"name\\\";s:16:\\\"Perc IIBB  Salta\\\";s:7:\\\"section\\\";s:4:\\\"iibb\\\";s:11:\\\"percent_tax\\\";s:4:\\\"0.00\\\";s:7:\\\"zone_id\\\";i:14;s:7:\\\"aliases\\\";N;s:12:\\\"section_name\\\";s:4:\\\"IIBB\\\";s:14:\\\"plan_cuenta_id\\\";i:242;s:24:\\\"plan_cuenta_id_efectuada\\\";i:1422;}s:11:\\\"\\u0000*\\u0000original\\\";a:11:{s:2:\\\"id\\\";i:1022;s:10:\\\"created_at\\\";N;s:10:\\\"updated_at\\\";s:19:\\\"2024-05-29 00:09:22\\\";s:4:\\\"name\\\";s:16:\\\"Perc IIBB  Salta\\\";s:7:\\\"section\\\";s:4:\\\"iibb\\\";s:11:\\\"percent_tax\\\";s:4:\\\"0.00\\\";s:7:\\\"zone_id\\\";i:14;s:7:\\\"aliases\\\";N;s:12:\\\"section_name\\\";s:4:\\\"IIBB\\\";s:14:\\\"plan_cuenta_id\\\";i:242;s:24:\\\"plan_cuenta_id_efectuada\\\";i:1422;}s:10:\\\"\\u0000*\\u0000changes\\\";a:0:{}s:8:\\\"\\u0000*\\u0000casts\\\";a:0:{}s:17:\\\"\\u0000*\\u0000classCastCache\\\";a:0:{}s:21:\\\"\\u0000*\\u0000attributeCastCache\\\";a:0:{}s:8:\\\"\\u0000*\\u0000dates\\\";a:0:{}s:13:\\\"\\u0000*\\u0000dateFormat\\\";N;s:10:\\\"\\u0000*\\u0000appends\\\";a:0:{}s:19:\\\"\\u0000*\\u0000dispatchesEvents\\\";a:0:{}s:14:\\\"\\u0000*\\u0000observables\\\";a:0:{}s:12:\\\"\\u0000*\\u0000relations\\\";a:0:{}s:10:\\\"\\u0000*\\u0000touches\\\";a:0:{}s:10:\\\"timestamps\\\";b:1;s:9:\\\"\\u0000*\\u0000hidden\\\";a:0:{}s:10:\\\"\\u0000*\\u0000visible\\\";a:0:{}s:11:\\\"\\u0000*\\u0000fillable\\\";a:0:{}s:10:\\\"\\u0000*\\u0000guarded\\\";a:0:{}}i:23;O:19:\\\"App\\\\Models\\\\OtherTax\\\":30:{s:13:\\\"\\u0000*\\u0000connection\\\";s:7:\\\"finance\\\";s:8:\\\"\\u0000*\\u0000table\\\";s:11:\\\"other_taxes\\\";s:13:\\\"\\u0000*\\u0000primaryKey\\\";s:2:\\\"id\\\";s:10:\\\"\\u0000*\\u0000keyType\\\";s:3:\\\"int\\\";s:12:\\\"incrementing\\\";b:1;s:7:\\\"\\u0000*\\u0000with\\\";a:0:{}s:12:\\\"\\u0000*\\u0000withCount\\\";a:0:{}s:19:\\\"preventsLazyLoading\\\";b:0;s:10:\\\"\\u0000*\\u0000perPage\\\";i:15;s:6:\\\"exists\\\";b:1;s:18:\\\"wasRecentlyCreated\\\";b:0;s:28:\\\"\\u0000*\\u0000escapeWhenCastingToString\\\";b:0;s:13:\\\"\\u0000*\\u0000attributes\\\";a:11:{s:2:\\\"id\\\";i:1023;s:10:\\\"created_at\\\";N;s:10:\\\"updated_at\\\";s:19:\\\"2024-05-29 00:09:22\\\";s:4:\\\"name\\\";s:19:\\\"Perc IIBB  San Juan\\\";s:7:\\\"section\\\";s:4:\\\"iibb\\\";s:11:\\\"percent_tax\\\";s:4:\\\"0.00\\\";s:7:\\\"zone_id\\\";i:15;s:7:\\\"aliases\\\";N;s:12:\\\"section_name\\\";s:4:\\\"IIBB\\\";s:14:\\\"plan_cuenta_id\\\";i:243;s:24:\\\"plan_cuenta_id_efectuada\\\";i:1423;}s:11:\\\"\\u0000*\\u0000original\\\";a:11:{s:2:\\\"id\\\";i:1023;s:10:\\\"created_at\\\";N;s:10:\\\"updated_at\\\";s:19:\\\"2024-05-29 00:09:22\\\";s:4:\\\"name\\\";s:19:\\\"Perc IIBB  San Juan\\\";s:7:\\\"section\\\";s:4:\\\"iibb\\\";s:11:\\\"percent_tax\\\";s:4:\\\"0.00\\\";s:7:\\\"zone_id\\\";i:15;s:7:\\\"aliases\\\";N;s:12:\\\"section_name\\\";s:4:\\\"IIBB\\\";s:14:\\\"plan_cuenta_id\\\";i:243;s:24:\\\"plan_cuenta_id_efectuada\\\";i:1423;}s:10:\\\"\\u0000*\\u0000changes\\\";a:0:{}s:8:\\\"\\u0000*\\u0000casts\\\";a:0:{}s:17:\\\"\\u0000*\\u0000classCastCache\\\";a:0:{}s:21:\\\"\\u0000*\\u0000attributeCastCache\\\";a:0:{}s:8:\\\"\\u0000*\\u0000dates\\\";a:0:{}s:13:\\\"\\u0000*\\u0000dateFormat\\\";N;s:10:\\\"\\u0000*\\u0000appends\\\";a:0:{}s:19:\\\"\\u0000*\\u0000dispatchesEvents\\\";a:0:{}s:14:\\\"\\u0000*\\u0000observables\\\";a:0:{}s:12:\\\"\\u0000*\\u0000relations\\\";a:0:{}s:10:\\\"\\u0000*\\u0000touches\\\";a:0:{}s:10:\\\"timestamps\\\";b:1;s:9:\\\"\\u0000*\\u0000hidden\\\";a:0:{}s:10:\\\"\\u0000*\\u0000visible\\\";a:0:{}s:11:\\\"\\u0000*\\u0000fillable\\\";a:0:{}s:10:\\\"\\u0000*\\u0000guarded\\\";a:0:{}}i:24;O:19:\\\"App\\\\Models\\\\OtherTax\\\":30:{s:13:\\\"\\u0000*\\u0000connection\\\";s:7:\\\"finance\\\";s:8:\\\"\\u0000*\\u0000table\\\";s:11:\\\"other_taxes\\\";s:13:\\\"\\u0000*\\u0000primaryKey\\\";s:2:\\\"id\\\";s:10:\\\"\\u0000*\\u0000keyType\\\";s:3:\\\"int\\\";s:12:\\\"incrementing\\\";b:1;s:7:\\\"\\u0000*\\u0000with\\\";a:0:{}s:12:\\\"\\u0000*\\u0000withCount\\\";a:0:{}s:19:\\\"preventsLazyLoading\\\";b:0;s:10:\\\"\\u0000*\\u0000perPage\\\";i:15;s:6:\\\"exists\\\";b:1;s:18:\\\"wasRecentlyCreated\\\";b:0;s:28:\\\"\\u0000*\\u0000escapeWhenCastingToString\\\";b:0;s:13:\\\"\\u0000*\\u0000attributes\\\";a:11:{s:2:\\\"id\\\";i:1024;s:10:\\\"created_at\\\";N;s:10:\\\"updated_at\\\";s:19:\\\"2024-05-29 00:09:22\\\";s:4:\\\"name\\\";s:19:\\\"Perc IIBB  San Luis\\\";s:7:\\\"section\\\";s:4:\\\"iibb\\\";s:11:\\\"percent_tax\\\";s:4:\\\"0.00\\\";s:7:\\\"zone_id\\\";i:16;s:7:\\\"aliases\\\";N;s:12:\\\"section_name\\\";s:4:\\\"IIBB\\\";s:14:\\\"plan_cuenta_id\\\";i:244;s:24:\\\"plan_cuenta_id_efectuada\\\";i:1424;}s:11:\\\"\\u0000*\\u0000original\\\";a:11:{s:2:\\\"id\\\";i:1024;s:10:\\\"created_at\\\";N;s:10:\\\"updated_at\\\";s:19:\\\"2024-05-29 00:09:22\\\";s:4:\\\"name\\\";s:19:\\\"Perc IIBB  San Luis\\\";s:7:\\\"section\\\";s:4:\\\"iibb\\\";s:11:\\\"percent_tax\\\";s:4:\\\"0.00\\\";s:7:\\\"zone_id\\\";i:16;s:7:\\\"aliases\\\";N;s:12:\\\"section_name\\\";s:4:\\\"IIBB\\\";s:14:\\\"plan_cuenta_id\\\";i:244;s:24:\\\"plan_cuenta_id_efectuada\\\";i:1424;}s:10:\\\"\\u0000*\\u0000changes\\\";a:0:{}s:8:\\\"\\u0000*\\u0000casts\\\";a:0:{}s:17:\\\"\\u0000*\\u0000classCastCache\\\";a:0:{}s:21:\\\"\\u0000*\\u0000attributeCastCache\\\";a:0:{}s:8:\\\"\\u0000*\\u0000dates\\\";a:0:{}s:13:\\\"\\u0000*\\u0000dateFormat\\\";N;s:10:\\\"\\u0000*\\u0000appends\\\";a:0:{}s:19:\\\"\\u0000*\\u0000dispatchesEvents\\\";a:0:{}s:14:\\\"\\u0000*\\u0000observables\\\";a:0:{}s:12:\\\"\\u0000*\\u0000relations\\\";a:0:{}s:10:\\\"\\u0000*\\u0000touches\\\";a:0:{}s:10:\\\"timestamps\\\";b:1;s:9:\\\"\\u0000*\\u0000hidden\\\";a:0:{}s:10:\\\"\\u0000*\\u0000visible\\\";a:0:{}s:11:\\\"\\u0000*\\u0000fillable\\\";a:0:{}s:10:\\\"\\u0000*\\u0000guarded\\\";a:0:{}}i:25;O:19:\\\"App\\\\Models\\\\OtherTax\\\":30:{s:13:\\\"\\u0000*\\u0000connection\\\";s:7:\\\"finance\\\";s:8:\\\"\\u0000*\\u0000table\\\";s:11:\\\"other_taxes\\\";s:13:\\\"\\u0000*\\u0000primaryKey\\\";s:2:\\\"id\\\";s:10:\\\"\\u0000*\\u0000keyType\\\";s:3:\\\"int\\\";s:12:\\\"incrementing\\\";b:1;s:7:\\\"\\u0000*\\u0000with\\\";a:0:{}s:12:\\\"\\u0000*\\u0000withCount\\\";a:0:{}s:19:\\\"preventsLazyLoading\\\";b:0;s:10:\\\"\\u0000*\\u0000perPage\\\";i:15;s:6:\\\"exists\\\";b:1;s:18:\\\"wasRecentlyCreated\\\";b:0;s:28:\\\"\\u0000*\\u0000escapeWhenCastingToString\\\";b:0;s:13:\\\"\\u0000*\\u0000attributes\\\";a:11:{s:2:\\\"id\\\";i:1025;s:10:\\\"created_at\\\";N;s:10:\\\"updated_at\\\";s:19:\\\"2024-05-29 00:09:22\\\";s:4:\\\"name\\\";s:21:\\\"Perc IIBB  Santa Cruz\\\";s:7:\\\"section\\\";s:4:\\\"iibb\\\";s:11:\\\"percent_tax\\\";s:4:\\\"0.00\\\";s:7:\\\"zone_id\\\";i:17;s:7:\\\"aliases\\\";N;s:12:\\\"section_name\\\";s:4:\\\"IIBB\\\";s:14:\\\"plan_cuenta_id\\\";i:245;s:24:\\\"plan_cuenta_id_efectuada\\\";i:1425;}s:11:\\\"\\u0000*\\u0000original\\\";a:11:{s:2:\\\"id\\\";i:1025;s:10:\\\"created_at\\\";N;s:10:\\\"updated_at\\\";s:19:\\\"2024-05-29 00:09:22\\\";s:4:\\\"name\\\";s:21:\\\"Perc IIBB  Santa Cruz\\\";s:7:\\\"section\\\";s:4:\\\"iibb\\\";s:11:\\\"percent_tax\\\";s:4:\\\"0.00\\\";s:7:\\\"zone_id\\\";i:17;s:7:\\\"aliases\\\";N;s:12:\\\"section_name\\\";s:4:\\\"IIBB\\\";s:14:\\\"plan_cuenta_id\\\";i:245;s:24:\\\"plan_cuenta_id_efectuada\\\";i:1425;}s:10:\\\"\\u0000*\\u0000changes\\\";a:0:{}s:8:\\\"\\u0000*\\u0000casts\\\";a:0:{}s:17:\\\"\\u0000*\\u0000classCastCache\\\";a:0:{}s:21:\\\"\\u0000*\\u0000attributeCastCache\\\";a:0:{}s:8:\\\"\\u0000*\\u0000dates\\\";a:0:{}s:13:\\\"\\u0000*\\u0000dateFormat\\\";N;s:10:\\\"\\u0000*\\u0000appends\\\";a:0:{}s:19:\\\"\\u0000*\\u0000dispatchesEvents\\\";a:0:{}s:14:\\\"\\u0000*\\u0000observables\\\";a:0:{}s:12:\\\"\\u0000*\\u0000relations\\\";a:0:{}s:10:\\\"\\u0000*\\u0000touches\\\";a:0:{}s:10:\\\"timestamps\\\";b:1;s:9:\\\"\\u0000*\\u0000hidden\\\";a:0:{}s:10:\\\"\\u0000*\\u0000visible\\\";a:0:{}s:11:\\\"\\u0000*\\u0000fillable\\\";a:0:{}s:10:\\\"\\u0000*\\u0000guarded\\\";a:0:{}}i:26;O:19:\\\"App\\\\Models\\\\OtherTax\\\":30:{s:13:\\\"\\u0000*\\u0000connection\\\";s:7:\\\"finance\\\";s:8:\\\"\\u0000*\\u0000table\\\";s:11:\\\"other_taxes\\\";s:13:\\\"\\u0000*\\u0000primaryKey\\\";s:2:\\\"id\\\";s:10:\\\"\\u0000*\\u0000keyType\\\";s:3:\\\"int\\\";s:12:\\\"incrementing\\\";b:1;s:7:\\\"\\u0000*\\u0000with\\\";a:0:{}s:12:\\\"\\u0000*\\u0000withCount\\\";a:0:{}s:19:\\\"preventsLazyLoading\\\";b:0;s:10:\\\"\\u0000*\\u0000perPage\\\";i:15;s:6:\\\"exists\\\";b:1;s:18:\\\"wasRecentlyCreated\\\";b:0;s:28:\\\"\\u0000*\\u0000escapeWhenCastingToString\\\";b:0;s:13:\\\"\\u0000*\\u0000attributes\\\";a:11:{s:2:\\\"id\\\";i:1026;s:10:\\\"created_at\\\";N;s:10:\\\"updated_at\\\";s:19:\\\"2024-05-29 00:09:22\\\";s:4:\\\"name\\\";s:19:\\\"Perc IIBB  Santa Fe\\\";s:7:\\\"section\\\";s:4:\\\"iibb\\\";s:11:\\\"percent_tax\\\";s:4:\\\"0.00\\\";s:7:\\\"zone_id\\\";i:18;s:7:\\\"aliases\\\";N;s:12:\\\"section_name\\\";s:4:\\\"IIBB\\\";s:14:\\\"plan_cuenta_id\\\";i:246;s:24:\\\"plan_cuenta_id_efectuada\\\";i:1426;}s:11:\\\"\\u0000*\\u0000original\\\";a:11:{s:2:\\\"id\\\";i:1026;s:10:\\\"created_at\\\";N;s:10:\\\"updated_at\\\";s:19:\\\"2024-05-29 00:09:22\\\";s:4:\\\"name\\\";s:19:\\\"Perc IIBB  Santa Fe\\\";s:7:\\\"section\\\";s:4:\\\"iibb\\\";s:11:\\\"percent_tax\\\";s:4:\\\"0.00\\\";s:7:\\\"zone_id\\\";i:18;s:7:\\\"aliases\\\";N;s:12:\\\"section_name\\\";s:4:\\\"IIBB\\\";s:14:\\\"plan_cuenta_id\\\";i:246;s:24:\\\"plan_cuenta_id_efectuada\\\";i:1426;}s:10:\\\"\\u0000*\\u0000changes\\\";a:0:{}s:8:\\\"\\u0000*\\u0000casts\\\";a:0:{}s:17:\\\"\\u0000*\\u0000classCastCache\\\";a:0:{}s:21:\\\"\\u0000*\\u0000attributeCastCache\\\";a:0:{}s:8:\\\"\\u0000*\\u0000dates\\\";a:0:{}s:13:\\\"\\u0000*\\u0000dateFormat\\\";N;s:10:\\\"\\u0000*\\u0000appends\\\";a:0:{}s:19:\\\"\\u0000*\\u0000dispatchesEvents\\\";a:0:{}s:14:\\\"\\u0000*\\u0000observables\\\";a:0:{}s:12:\\\"\\u0000*\\u0000relations\\\";a:0:{}s:10:\\\"\\u0000*\\u0000touches\\\";a:0:{}s:10:\\\"timestamps\\\";b:1;s:9:\\\"\\u0000*\\u0000hidden\\\";a:0:{}s:10:\\\"\\u0000*\\u0000visible\\\";a:0:{}s:11:\\\"\\u0000*\\u0000fillable\\\";a:0:{}s:10:\\\"\\u0000*\\u0000guarded\\\";a:0:{}}i:27;O:19:\\\"App\\\\Models\\\\OtherTax\\\":30:{s:13:\\\"\\u0000*\\u0000connection\\\";s:7:\\\"finance\\\";s:8:\\\"\\u0000*\\u0000table\\\";s:11:\\\"other_taxes\\\";s:13:\\\"\\u0000*\\u0000primaryKey\\\";s:2:\\\"id\\\";s:10:\\\"\\u0000*\\u0000keyType\\\";s:3:\\\"int\\\";s:12:\\\"incrementing\\\";b:1;s:7:\\\"\\u0000*\\u0000with\\\";a:0:{}s:12:\\\"\\u0000*\\u0000withCount\\\";a:0:{}s:19:\\\"preventsLazyLoading\\\";b:0;s:10:\\\"\\u0000*\\u0000perPage\\\";i:15;s:6:\\\"exists\\\";b:1;s:18:\\\"wasRecentlyCreated\\\";b:0;s:28:\\\"\\u0000*\\u0000escapeWhenCastingToString\\\";b:0;s:13:\\\"\\u0000*\\u0000attributes\\\";a:11:{s:2:\\\"id\\\";i:1027;s:10:\\\"created_at\\\";N;s:10:\\\"updated_at\\\";s:19:\\\"2024-05-29 00:09:22\\\";s:4:\\\"name\\\";s:30:\\\"Perc IIBB  Santiago del Estero\\\";s:7:\\\"section\\\";s:4:\\\"iibb\\\";s:11:\\\"percent_tax\\\";s:4:\\\"0.00\\\";s:7:\\\"zone_id\\\";i:19;s:7:\\\"aliases\\\";N;s:12:\\\"section_name\\\";s:4:\\\"IIBB\\\";s:14:\\\"plan_cuenta_id\\\";i:247;s:24:\\\"plan_cuenta_id_efectuada\\\";i:1427;}s:11:\\\"\\u0000*\\u0000original\\\";a:11:{s:2:\\\"id\\\";i:1027;s:10:\\\"created_at\\\";N;s:10:\\\"updated_at\\\";s:19:\\\"2024-05-29 00:09:22\\\";s:4:\\\"name\\\";s:30:\\\"Perc IIBB  Santiago del Estero\\\";s:7:\\\"section\\\";s:4:\\\"iibb\\\";s:11:\\\"percent_tax\\\";s:4:\\\"0.00\\\";s:7:\\\"zone_id\\\";i:19;s:7:\\\"aliases\\\";N;s:12:\\\"section_name\\\";s:4:\\\"IIBB\\\";s:14:\\\"plan_cuenta_id\\\";i:247;s:24:\\\"plan_cuenta_id_efectuada\\\";i:1427;}s:10:\\\"\\u0000*\\u0000changes\\\";a:0:{}s:8:\\\"\\u0000*\\u0000casts\\\";a:0:{}s:17:\\\"\\u0000*\\u0000classCastCache\\\";a:0:{}s:21:\\\"\\u0000*\\u0000attributeCastCache\\\";a:0:{}s:8:\\\"\\u0000*\\u0000dates\\\";a:0:{}s:13:\\\"\\u0000*\\u0000dateFormat\\\";N;s:10:\\\"\\u0000*\\u0000appends\\\";a:0:{}s:19:\\\"\\u0000*\\u0000dispatchesEvents\\\";a:0:{}s:14:\\\"\\u0000*\\u0000observables\\\";a:0:{}s:12:\\\"\\u0000*\\u0000relations\\\";a:0:{}s:10:\\\"\\u0000*\\u0000touches\\\";a:0:{}s:10:\\\"timestamps\\\";b:1;s:9:\\\"\\u0000*\\u0000hidden\\\";a:0:{}s:10:\\\"\\u0000*\\u0000visible\\\";a:0:{}s:11:\\\"\\u0000*\\u0000fillable\\\";a:0:{}s:10:\\\"\\u0000*\\u0000guarded\\\";a:0:{}}i:28;O:19:\\\"App\\\\Models\\\\OtherTax\\\":30:{s:13:\\\"\\u0000*\\u0000connection\\\";s:7:\\\"finance\\\";s:8:\\\"\\u0000*\\u0000table\\\";s:11:\\\"other_taxes\\\";s:13:\\\"\\u0000*\\u0000primaryKey\\\";s:2:\\\"id\\\";s:10:\\\"\\u0000*\\u0000keyType\\\";s:3:\\\"int\\\";s:12:\\\"incrementing\\\";b:1;s:7:\\\"\\u0000*\\u0000with\\\";a:0:{}s:12:\\\"\\u0000*\\u0000withCount\\\";a:0:{}s:19:\\\"preventsLazyLoading\\\";b:0;s:10:\\\"\\u0000*\\u0000perPage\\\";i:15;s:6:\\\"exists\\\";b:1;s:18:\\\"wasRecentlyCreated\\\";b:0;s:28:\\\"\\u0000*\\u0000escapeWhenCastingToString\\\";b:0;s:13:\\\"\\u0000*\\u0000attributes\\\";a:11:{s:2:\\\"id\\\";i:1028;s:10:\\\"created_at\\\";N;s:10:\\\"updated_at\\\";s:19:\\\"2024-05-29 00:09:22\\\";s:4:\\\"name\\\";s:27:\\\"Perc IIBB  Tierra del Fuego\\\";s:7:\\\"section\\\";s:4:\\\"iibb\\\";s:11:\\\"percent_tax\\\";s:4:\\\"0.00\\\";s:7:\\\"zone_id\\\";i:20;s:7:\\\"aliases\\\";N;s:12:\\\"section_name\\\";s:4:\\\"IIBB\\\";s:14:\\\"plan_cuenta_id\\\";i:248;s:24:\\\"plan_cuenta_id_efectuada\\\";i:1428;}s:11:\\\"\\u0000*\\u0000original\\\";a:11:{s:2:\\\"id\\\";i:1028;s:10:\\\"created_at\\\";N;s:10:\\\"updated_at\\\";s:19:\\\"2024-05-29 00:09:22\\\";s:4:\\\"name\\\";s:27:\\\"Perc IIBB  Tierra del Fuego\\\";s:7:\\\"section\\\";s:4:\\\"iibb\\\";s:11:\\\"percent_tax\\\";s:4:\\\"0.00\\\";s:7:\\\"zone_id\\\";i:20;s:7:\\\"aliases\\\";N;s:12:\\\"section_name\\\";s:4:\\\"IIBB\\\";s:14:\\\"plan_cuenta_id\\\";i:248;s:24:\\\"plan_cuenta_id_efectuada\\\";i:1428;}s:10:\\\"\\u0000*\\u0000changes\\\";a:0:{}s:8:\\\"\\u0000*\\u0000casts\\\";a:0:{}s:17:\\\"\\u0000*\\u0000classCastCache\\\";a:0:{}s:21:\\\"\\u0000*\\u0000attributeCastCache\\\";a:0:{}s:8:\\\"\\u0000*\\u0000dates\\\";a:0:{}s:13:\\\"\\u0000*\\u0000dateFormat\\\";N;s:10:\\\"\\u0000*\\u0000appends\\\";a:0:{}s:19:\\\"\\u0000*\\u0000dispatchesEvents\\\";a:0:{}s:14:\\\"\\u0000*\\u0000observables\\\";a:0:{}s:12:\\\"\\u0000*\\u0000relations\\\";a:0:{}s:10:\\\"\\u0000*\\u0000touches\\\";a:0:{}s:10:\\\"timestamps\\\";b:1;s:9:\\\"\\u0000*\\u0000hidden\\\";a:0:{}s:10:\\\"\\u0000*\\u0000visible\\\";a:0:{}s:11:\\\"\\u0000*\\u0000fillable\\\";a:0:{}s:10:\\\"\\u0000*\\u0000guarded\\\";a:0:{}}i:29;O:19:\\\"App\\\\Models\\\\OtherTax\\\":30:{s:13:\\\"\\u0000*\\u0000connection\\\";s:7:\\\"finance\\\";s:8:\\\"\\u0000*\\u0000table\\\";s:11:\\\"other_taxes\\\";s:13:\\\"\\u0000*\\u0000primaryKey\\\";s:2:\\\"id\\\";s:10:\\\"\\u0000*\\u0000keyType\\\";s:3:\\\"int\\\";s:12:\\\"incrementing\\\";b:1;s:7:\\\"\\u0000*\\u0000with\\\";a:0:{}s:12:\\\"\\u0000*\\u0000withCount\\\";a:0:{}s:19:\\\"preventsLazyLoading\\\";b:0;s:10:\\\"\\u0000*\\u0000perPage\\\";i:15;s:6:\\\"exists\\\";b:1;s:18:\\\"wasRecentlyCreated\\\";b:0;s:28:\\\"\\u0000*\\u0000escapeWhenCastingToString\\\";b:0;s:13:\\\"\\u0000*\\u0000attributes\\\";a:11:{s:2:\\\"id\\\";i:1029;s:10:\\\"created_at\\\";N;s:10:\\\"updated_at\\\";s:19:\\\"2024-05-29 00:09:22\\\";s:4:\\\"name\\\";s:18:\\\"Perc IIBB  Tucuman\\\";s:7:\\\"section\\\";s:4:\\\"iibb\\\";s:11:\\\"percent_tax\\\";s:4:\\\"0.00\\\";s:7:\\\"zone_id\\\";i:21;s:7:\\\"aliases\\\";N;s:12:\\\"section_name\\\";s:4:\\\"IIBB\\\";s:14:\\\"plan_cuenta_id\\\";i:249;s:24:\\\"plan_cuenta_id_efectuada\\\";i:1429;}s:11:\\\"\\u0000*\\u0000original\\\";a:11:{s:2:\\\"id\\\";i:1029;s:10:\\\"created_at\\\";N;s:10:\\\"updated_at\\\";s:19:\\\"2024-05-29 00:09:22\\\";s:4:\\\"name\\\";s:18:\\\"Perc IIBB  Tucuman\\\";s:7:\\\"section\\\";s:4:\\\"iibb\\\";s:11:\\\"percent_tax\\\";s:4:\\\"0.00\\\";s:7:\\\"zone_id\\\";i:21;s:7:\\\"aliases\\\";N;s:12:\\\"section_name\\\";s:4:\\\"IIBB\\\";s:14:\\\"plan_cuenta_id\\\";i:249;s:24:\\\"plan_cuenta_id_efectuada\\\";i:1429;}s:10:\\\"\\u0000*\\u0000changes\\\";a:0:{}s:8:\\\"\\u0000*\\u0000casts\\\";a:0:{}s:17:\\\"\\u0000*\\u0000classCastCache\\\";a:0:{}s:21:\\\"\\u0000*\\u0000attributeCastCache\\\";a:0:{}s:8:\\\"\\u0000*\\u0000dates\\\";a:0:{}s:13:\\\"\\u0000*\\u0000dateFormat\\\";N;s:10:\\\"\\u0000*\\u0000appends\\\";a:0:{}s:19:\\\"\\u0000*\\u0000dispatchesEvents\\\";a:0:{}s:14:\\\"\\u0000*\\u0000observables\\\";a:0:{}s:12:\\\"\\u0000*\\u0000relations\\\";a:0:{}s:10:\\\"\\u0000*\\u0000touches\\\";a:0:{}s:10:\\\"timestamps\\\";b:1;s:9:\\\"\\u0000*\\u0000hidden\\\";a:0:{}s:10:\\\"\\u0000*\\u0000visible\\\";a:0:{}s:11:\\\"\\u0000*\\u0000fillable\\\";a:0:{}s:10:\\\"\\u0000*\\u0000guarded\\\";a:0:{}}i:30;O:19:\\\"App\\\\Models\\\\OtherTax\\\":30:{s:13:\\\"\\u0000*\\u0000connection\\\";s:7:\\\"finance\\\";s:8:\\\"\\u0000*\\u0000table\\\";s:11:\\\"other_taxes\\\";s:13:\\\"\\u0000*\\u0000primaryKey\\\";s:2:\\\"id\\\";s:10:\\\"\\u0000*\\u0000keyType\\\";s:3:\\\"int\\\";s:12:\\\"incrementing\\\";b:1;s:7:\\\"\\u0000*\\u0000with\\\";a:0:{}s:12:\\\"\\u0000*\\u0000withCount\\\";a:0:{}s:19:\\\"preventsLazyLoading\\\";b:0;s:10:\\\"\\u0000*\\u0000perPage\\\";i:15;s:6:\\\"exists\\\";b:1;s:18:\\\"wasRecentlyCreated\\\";b:0;s:28:\\\"\\u0000*\\u0000escapeWhenCastingToString\\\";b:0;s:13:\\\"\\u0000*\\u0000attributes\\\";a:11:{s:2:\\\"id\\\";i:1030;s:10:\\\"created_at\\\";s:19:\\\"2019-05-03 03:33:05\\\";s:10:\\\"updated_at\\\";s:19:\\\"2024-05-29 00:09:22\\\";s:4:\\\"name\\\";s:21:\\\"CO2 - Imp. Al Carbono\\\";s:7:\\\"section\\\";s:3:\\\"gas\\\";s:11:\\\"percent_tax\\\";s:4:\\\"0.00\\\";s:7:\\\"zone_id\\\";N;s:7:\\\"aliases\\\";N;s:12:\\\"section_name\\\";s:17:\\\"Imp. Combustibles\\\";s:14:\\\"plan_cuenta_id\\\";i:478;s:24:\\\"plan_cuenta_id_efectuada\\\";i:1430;}s:11:\\\"\\u0000*\\u0000original\\\";a:11:{s:2:\\\"id\\\";i:1030;s:10:\\\"created_at\\\";s:19:\\\"2019-05-03 03:33:05\\\";s:10:\\\"updated_at\\\";s:19:\\\"2024-05-29 00:09:22\\\";s:4:\\\"name\\\";s:21:\\\"CO2 - Imp. Al Carbono\\\";s:7:\\\"section\\\";s:3:\\\"gas\\\";s:11:\\\"percent_tax\\\";s:4:\\\"0.00\\\";s:7:\\\"zone_id\\\";N;s:7:\\\"aliases\\\";N;s:12:\\\"section_name\\\";s:17:\\\"Imp. Combustibles\\\";s:14:\\\"plan_cuenta_id\\\";i:478;s:24:\\\"plan_cuenta_id_efectuada\\\";i:1430;}s:10:\\\"\\u0000*\\u0000changes\\\";a:0:{}s:8:\\\"\\u0000*\\u0000casts\\\";a:0:{}s:17:\\\"\\u0000*\\u0000classCastCache\\\";a:0:{}s:21:\\\"\\u0000*\\u0000attributeCastCache\\\";a:0:{}s:8:\\\"\\u0000*\\u0000dates\\\";a:0:{}s:13:\\\"\\u0000*\\u0000dateFormat\\\";N;s:10:\\\"\\u0000*\\u0000appends\\\";a:0:{}s:19:\\\"\\u0000*\\u0000dispatchesEvents\\\";a:0:{}s:14:\\\"\\u0000*\\u0000observables\\\";a:0:{}s:12:\\\"\\u0000*\\u0000relations\\\";a:0:{}s:10:\\\"\\u0000*\\u0000touches\\\";a:0:{}s:10:\\\"timestamps\\\";b:1;s:9:\\\"\\u0000*\\u0000hidden\\\";a:0:{}s:10:\\\"\\u0000*\\u0000visible\\\";a:0:{}s:11:\\\"\\u0000*\\u0000fillable\\\";a:0:{}s:10:\\\"\\u0000*\\u0000guarded\\\";a:0:{}}i:31;O:19:\\\"App\\\\Models\\\\OtherTax\\\":30:{s:13:\\\"\\u0000*\\u0000connection\\\";s:7:\\\"finance\\\";s:8:\\\"\\u0000*\\u0000table\\\";s:11:\\\"other_taxes\\\";s:13:\\\"\\u0000*\\u0000primaryKey\\\";s:2:\\\"id\\\";s:10:\\\"\\u0000*\\u0000keyType\\\";s:3:\\\"int\\\";s:12:\\\"incrementing\\\";b:1;s:7:\\\"\\u0000*\\u0000with\\\";a:0:{}s:12:\\\"\\u0000*\\u0000withCount\\\";a:0:{}s:19:\\\"preventsLazyLoading\\\";b:0;s:10:\\\"\\u0000*\\u0000perPage\\\";i:15;s:6:\\\"exists\\\";b:1;s:18:\\\"wasRecentlyCreated\\\";b:0;s:28:\\\"\\u0000*\\u0000escapeWhenCastingToString\\\";b:0;s:13:\\\"\\u0000*\\u0000attributes\\\";a:11:{s:2:\\\"id\\\";i:1031;s:10:\\\"created_at\\\";s:19:\\\"2022-10-14 09:03:18\\\";s:10:\\\"updated_at\\\";s:19:\\\"2024-05-29 00:09:22\\\";s:4:\\\"name\\\";s:16:\\\"Imp. Municipales\\\";s:7:\\\"section\\\";s:3:\\\"gas\\\";s:11:\\\"percent_tax\\\";s:4:\\\"0.00\\\";s:7:\\\"zone_id\\\";N;s:7:\\\"aliases\\\";N;s:12:\\\"section_name\\\";s:17:\\\"Imp. Combustibles\\\";s:14:\\\"plan_cuenta_id\\\";i:215;s:24:\\\"plan_cuenta_id_efectuada\\\";i:1431;}s:11:\\\"\\u0000*\\u0000original\\\";a:11:{s:2:\\\"id\\\";i:1031;s:10:\\\"created_at\\\";s:19:\\\"2022-10-14 09:03:18\\\";s:10:\\\"updated_at\\\";s:19:\\\"2024-05-29 00:09:22\\\";s:4:\\\"name\\\";s:16:\\\"Imp. Municipales\\\";s:7:\\\"section\\\";s:3:\\\"gas\\\";s:11:\\\"percent_tax\\\";s:4:\\\"0.00\\\";s:7:\\\"zone_id\\\";N;s:7:\\\"aliases\\\";N;s:12:\\\"section_name\\\";s:17:\\\"Imp. Combustibles\\\";s:14:\\\"plan_cuenta_id\\\";i:215;s:24:\\\"plan_cuenta_id_efectuada\\\";i:1431;}s:10:\\\"\\u0000*\\u0000changes\\\";a:0:{}s:8:\\\"\\u0000*\\u0000casts\\\";a:0:{}s:17:\\\"\\u0000*\\u0000classCastCache\\\";a:0:{}s:21:\\\"\\u0000*\\u0000attributeCastCache\\\";a:0:{}s:8:\\\"\\u0000*\\u0000dates\\\";a:0:{}s:13:\\\"\\u0000*\\u0000dateFormat\\\";N;s:10:\\\"\\u0000*\\u0000appends\\\";a:0:{}s:19:\\\"\\u0000*\\u0000dispatchesEvents\\\";a:0:{}s:14:\\\"\\u0000*\\u0000observables\\\";a:0:{}s:12:\\\"\\u0000*\\u0000relations\\\";a:0:{}s:10:\\\"\\u0000*\\u0000touches\\\";a:0:{}s:10:\\\"timestamps\\\";b:1;s:9:\\\"\\u0000*\\u0000hidden\\\";a:0:{}s:10:\\\"\\u0000*\\u0000visible\\\";a:0:{}s:11:\\\"\\u0000*\\u0000fillable\\\";a:0:{}s:10:\\\"\\u0000*\\u0000guarded\\\";a:0:{}}i:32;O:19:\\\"App\\\\Models\\\\OtherTax\\\":30:{s:13:\\\"\\u0000*\\u0000connection\\\";s:7:\\\"finance\\\";s:8:\\\"\\u0000*\\u0000table\\\";s:11:\\\"other_taxes\\\";s:13:\\\"\\u0000*\\u0000primaryKey\\\";s:2:\\\"id\\\";s:10:\\\"\\u0000*\\u0000keyType\\\";s:3:\\\"int\\\";s:12:\\\"incrementing\\\";b:1;s:7:\\\"\\u0000*\\u0000with\\\";a:0:{}s:12:\\\"\\u0000*\\u0000withCount\\\";a:0:{}s:19:\\\"preventsLazyLoading\\\";b:0;s:10:\\\"\\u0000*\\u0000perPage\\\";i:15;s:6:\\\"exists\\\";b:1;s:18:\\\"wasRecentlyCreated\\\";b:0;s:28:\\\"\\u0000*\\u0000escapeWhenCastingToString\\\";b:0;s:13:\\\"\\u0000*\\u0000attributes\\\";a:11:{s:2:\\\"id\\\";i:1032;s:10:\\\"created_at\\\";s:19:\\\"2022-10-14 09:03:18\\\";s:10:\\\"updated_at\\\";s:19:\\\"2024-05-29 00:09:22\\\";s:4:\\\"name\\\";s:24:\\\"Perc\\/Ret. Imp. Ganancias\\\";s:7:\\\"section\\\";s:3:\\\"gas\\\";s:11:\\\"percent_tax\\\";s:4:\\\"0.00\\\";s:7:\\\"zone_id\\\";N;s:7:\\\"aliases\\\";N;s:12:\\\"section_name\\\";s:17:\\\"Imp. Combustibles\\\";s:14:\\\"plan_cuenta_id\\\";i:216;s:24:\\\"plan_cuenta_id_efectuada\\\";i:1432;}s:11:\\\"\\u0000*\\u0000original\\\";a:11:{s:2:\\\"id\\\";i:1032;s:10:\\\"created_at\\\";s:19:\\\"2022-10-14 09:03:18\\\";s:10:\\\"updated_at\\\";s:19:\\\"2024-05-29 00:09:22\\\";s:4:\\\"name\\\";s:24:\\\"Perc\\/Ret. Imp. Ganancias\\\";s:7:\\\"section\\\";s:3:\\\"gas\\\";s:11:\\\"percent_tax\\\";s:4:\\\"0.00\\\";s:7:\\\"zone_id\\\";N;s:7:\\\"aliases\\\";N;s:12:\\\"section_name\\\";s:17:\\\"Imp. Combustibles\\\";s:14:\\\"plan_cuenta_id\\\";i:216;s:24:\\\"plan_cuenta_id_efectuada\\\";i:1432;}s:10:\\\"\\u0000*\\u0000changes\\\";a:0:{}s:8:\\\"\\u0000*\\u0000casts\\\";a:0:{}s:17:\\\"\\u0000*\\u0000classCastCache\\\";a:0:{}s:21:\\\"\\u0000*\\u0000attributeCastCache\\\";a:0:{}s:8:\\\"\\u0000*\\u0000dates\\\";a:0:{}s:13:\\\"\\u0000*\\u0000dateFormat\\\";N;s:10:\\\"\\u0000*\\u0000appends\\\";a:0:{}s:19:\\\"\\u0000*\\u0000dispatchesEvents\\\";a:0:{}s:14:\\\"\\u0000*\\u0000observables\\\";a:0:{}s:12:\\\"\\u0000*\\u0000relations\\\";a:0:{}s:10:\\\"\\u0000*\\u0000touches\\\";a:0:{}s:10:\\\"timestamps\\\";b:1;s:9:\\\"\\u0000*\\u0000hidden\\\";a:0:{}s:10:\\\"\\u0000*\\u0000visible\\\";a:0:{}s:11:\\\"\\u0000*\\u0000fillable\\\";a:0:{}s:10:\\\"\\u0000*\\u0000guarded\\\";a:0:{}}i:33;O:19:\\\"App\\\\Models\\\\OtherTax\\\":30:{s:13:\\\"\\u0000*\\u0000connection\\\";s:7:\\\"finance\\\";s:8:\\\"\\u0000*\\u0000table\\\";s:11:\\\"other_taxes\\\";s:13:\\\"\\u0000*\\u0000primaryKey\\\";s:2:\\\"id\\\";s:10:\\\"\\u0000*\\u0000keyType\\\";s:3:\\\"int\\\";s:12:\\\"incrementing\\\";b:1;s:7:\\\"\\u0000*\\u0000with\\\";a:0:{}s:12:\\\"\\u0000*\\u0000withCount\\\";a:0:{}s:19:\\\"preventsLazyLoading\\\";b:0;s:10:\\\"\\u0000*\\u0000perPage\\\";i:15;s:6:\\\"exists\\\";b:1;s:18:\\\"wasRecentlyCreated\\\";b:0;s:28:\\\"\\u0000*\\u0000escapeWhenCastingToString\\\";b:0;s:13:\\\"\\u0000*\\u0000attributes\\\";a:11:{s:2:\\\"id\\\";i:1033;s:10:\\\"created_at\\\";s:19:\\\"2023-10-12 08:07:53\\\";s:10:\\\"updated_at\\\";s:19:\\\"2024-05-29 00:09:22\\\";s:4:\\\"name\\\";s:8:\\\"Redondeo\\\";s:7:\\\"section\\\";s:8:\\\"redondeo\\\";s:11:\\\"percent_tax\\\";s:4:\\\"0.00\\\";s:7:\\\"zone_id\\\";N;s:7:\\\"aliases\\\";N;s:12:\\\"section_name\\\";s:8:\\\"Redondeo\\\";s:14:\\\"plan_cuenta_id\\\";i:136;s:24:\\\"plan_cuenta_id_efectuada\\\";i:136;}s:11:\\\"\\u0000*\\u0000original\\\";a:11:{s:2:\\\"id\\\";i:1033;s:10:\\\"created_at\\\";s:19:\\\"2023-10-12 08:07:53\\\";s:10:\\\"updated_at\\\";s:19:\\\"2024-05-29 00:09:22\\\";s:4:\\\"name\\\";s:8:\\\"Redondeo\\\";s:7:\\\"section\\\";s:8:\\\"redondeo\\\";s:11:\\\"percent_tax\\\";s:4:\\\"0.00\\\";s:7:\\\"zone_id\\\";N;s:7:\\\"aliases\\\";N;s:12:\\\"section_name\\\";s:8:\\\"Redondeo\\\";s:14:\\\"plan_cuenta_id\\\";i:136;s:24:\\\"plan_cuenta_id_efectuada\\\";i:136;}s:10:\\\"\\u0000*\\u0000changes\\\";a:0:{}s:8:\\\"\\u0000*\\u0000casts\\\";a:0:{}s:17:\\\"\\u0000*\\u0000classCastCache\\\";a:0:{}s:21:\\\"\\u0000*\\u0000attributeCastCache\\\";a:0:{}s:8:\\\"\\u0000*\\u0000dates\\\";a:0:{}s:13:\\\"\\u0000*\\u0000dateFormat\\\";N;s:10:\\\"\\u0000*\\u0000appends\\\";a:0:{}s:19:\\\"\\u0000*\\u0000dispatchesEvents\\\";a:0:{}s:14:\\\"\\u0000*\\u0000observables\\\";a:0:{}s:12:\\\"\\u0000*\\u0000relations\\\";a:0:{}s:10:\\\"\\u0000*\\u0000touches\\\";a:0:{}s:10:\\\"timestamps\\\";b:1;s:9:\\\"\\u0000*\\u0000hidden\\\";a:0:{}s:10:\\\"\\u0000*\\u0000visible\\\";a:0:{}s:11:\\\"\\u0000*\\u0000fillable\\\";a:0:{}s:10:\\\"\\u0000*\\u0000guarded\\\";a:0:{}}}s:28:\\\"\\u0000*\\u0000escapeWhenCastingToString\\\";b:0;}s:9:\\\"operacion\\\";s:1:\\\"1\\\";s:7:\\\"periodo\\\";O:17:\\\"App\\\\Models\\\\Period\\\":30:{s:13:\\\"\\u0000*\\u0000connection\\\";s:7:\\\"finance\\\";s:8:\\\"\\u0000*\\u0000table\\\";s:7:\\\"periods\\\";s:13:\\\"\\u0000*\\u0000primaryKey\\\";s:2:\\\"id\\\";s:10:\\\"\\u0000*\\u0000keyType\\\";s:3:\\\"int\\\";s:12:\\\"incrementing\\\";b:1;s:7:\\\"\\u0000*\\u0000with\\\";a:0:{}s:12:\\\"\\u0000*\\u0000withCount\\\";a:0:{}s:19:\\\"preventsLazyLoading\\\";b:0;s:10:\\\"\\u0000*\\u0000perPage\\\";i:15;s:6:\\\"exists\\\";b:1;s:18:\\\"wasRecentlyCreated\\\";b:0;s:28:\\\"\\u0000*\\u0000escapeWhenCastingToString\\\";b:0;s:13:\\\"\\u0000*\\u0000attributes\\\";a:16:{s:2:\\\"id\\\";i:162786;s:7:\\\"user_id\\\";N;s:4:\\\"code\\\";s:7:\\\"2024-10\\\";s:4:\\\"year\\\";i:2024;s:13:\\\"period_number\\\";i:10;s:9:\\\"date_from\\\";s:10:\\\"2024-10-01\\\";s:7:\\\"date_to\\\";s:10:\\\"2024-10-31\\\";s:10:\\\"created_at\\\";N;s:10:\\\"updated_at\\\";N;s:9:\\\"person_id\\\";i:42196;s:12:\\\"conta_status\\\";i:0;s:10:\\\"deleted_at\\\";N;s:21:\\\"syj_periods_status_id\\\";i:1;s:15:\\\"syj_sin_asiento\\\";i:0;s:22:\\\"syj_asiento_modificado\\\";i:0;s:29:\\\"syj_periods_status_emp_dom_id\\\";i:1;}s:11:\\\"\\u0000*\\u0000original\\\";a:16:{s:2:\\\"id\\\";i:162786;s:7:\\\"user_id\\\";N;s:4:\\\"code\\\";s:7:\\\"2024-10\\\";s:4:\\\"year\\\";i:2024;s:13:\\\"period_number\\\";i:10;s:9:\\\"date_from\\\";s:10:\\\"2024-10-01\\\";s:7:\\\"date_to\\\";s:10:\\\"2024-10-31\\\";s:10:\\\"created_at\\\";N;s:10:\\\"updated_at\\\";N;s:9:\\\"person_id\\\";i:42196;s:12:\\\"conta_status\\\";i:0;s:10:\\\"deleted_at\\\";N;s:21:\\\"syj_periods_status_id\\\";i:1;s:15:\\\"syj_sin_asiento\\\";i:0;s:22:\\\"syj_asiento_modificado\\\";i:0;s:29:\\\"syj_periods_status_emp_dom_id\\\";i:1;}s:10:\\\"\\u0000*\\u0000changes\\\";a:0:{}s:8:\\\"\\u0000*\\u0000casts\\\";a:0:{}s:17:\\\"\\u0000*\\u0000classCastCache\\\";a:0:{}s:21:\\\"\\u0000*\\u0000attributeCastCache\\\";a:0:{}s:8:\\\"\\u0000*\\u0000dates\\\";a:0:{}s:13:\\\"\\u0000*\\u0000dateFormat\\\";N;s:10:\\\"\\u0000*\\u0000appends\\\";a:0:{}s:19:\\\"\\u0000*\\u0000dispatchesEvents\\\";a:0:{}s:14:\\\"\\u0000*\\u0000observables\\\";a:0:{}s:12:\\\"\\u0000*\\u0000relations\\\";a:0:{}s:10:\\\"\\u0000*\\u0000touches\\\";a:0:{}s:10:\\\"timestamps\\\";b:1;s:9:\\\"\\u0000*\\u0000hidden\\\";a:0:{}s:10:\\\"\\u0000*\\u0000visible\\\";a:0:{}s:11:\\\"\\u0000*\\u0000fillable\\\";a:0:{}s:10:\\\"\\u0000*\\u0000guarded\\\";a:0:{}}s:6:\\\"person\\\";O:17:\\\"App\\\\Models\\\\Person\\\":30:{s:13:\\\"\\u0000*\\u0000connection\\\";s:7:\\\"finance\\\";s:8:\\\"\\u0000*\\u0000table\\\";s:7:\\\"persons\\\";s:13:\\\"\\u0000*\\u0000primaryKey\\\";s:2:\\\"id\\\";s:10:\\\"\\u0000*\\u0000keyType\\\";s:3:\\\"int\\\";s:12:\\\"incrementing\\\";b:1;s:7:\\\"\\u0000*\\u0000with\\\";a:0:{}s:12:\\\"\\u0000*\\u0000withCount\\\";a:0:{}s:19:\\\"preventsLazyLoading\\\";b:0;s:10:\\\"\\u0000*\\u0000perPage\\\";i:15;s:6:\\\"exists\\\";b:1;s:18:\\\"wasRecentlyCreated\\\";b:0;s:28:\\\"\\u0000*\\u0000escapeWhenCastingToString\\\";b:0;s:13:\\\"\\u0000*\\u0000attributes\\\";a:27:{s:2:\\\"id\\\";i:42196;s:7:\\\"user_id\\\";i:10414;s:11:\\\"field_name1\\\";s:33:\\\"FERNANDEZ CATINOT MATIAS EZEQUIEL\\\";s:12:\\\"fantasy_name\\\";N;s:6:\\\"codigo\\\";s:5:\\\"42196\\\";s:11:\\\"field_name2\\\";N;s:13:\\\"document_type\\\";s:4:\\\"cuit\\\";s:8:\\\"document\\\";s:13:\\\"20-35529381-6\\\";s:21:\\\"cond_frente_al_iva_id\\\";N;s:10:\\\"country_id\\\";N;s:8:\\\"state_id\\\";N;s:7:\\\"zone_id\\\";N;s:14:\\\"plan_cuenta_id\\\";N;s:20:\\\"iva_creditos_tipo_id\\\";N;s:10:\\\"created_at\\\";s:19:\\\"2022-10-27 16:41:51\\\";s:10:\\\"updated_at\\\";s:19:\\\"2024-05-24 14:44:23\\\";s:11:\\\"activity_id\\\";N;s:7:\\\"address\\\";N;s:12:\\\"localidad_id\\\";N;s:14:\\\"person_type_id\\\";i:1;s:19:\\\"fa_iva_condition_id\\\";N;s:16:\\\"fa_codigo_postal\\\";N;s:10:\\\"comentario\\\";N;s:5:\\\"email\\\";N;s:18:\\\"iva_per_regimen_id\\\";N;s:18:\\\"iva_ret_regimen_id\\\";N;s:10:\\\"deleted_at\\\";N;}s:11:\\\"\\u0000*\\u0000original\\\";a:27:{s:2:\\\"id\\\";i:42196;s:7:\\\"user_id\\\";i:10414;s:11:\\\"field_name1\\\";s:33:\\\"FERNANDEZ CATINOT MATIAS EZEQUIEL\\\";s:12:\\\"fantasy_name\\\";N;s:6:\\\"codigo\\\";s:5:\\\"42196\\\";s:11:\\\"field_name2\\\";N;s:13:\\\"document_type\\\";s:4:\\\"cuit\\\";s:8:\\\"document\\\";s:13:\\\"20-35529381-6\\\";s:21:\\\"cond_frente_al_iva_id\\\";N;s:10:\\\"country_id\\\";N;s:8:\\\"state_id\\\";N;s:7:\\\"zone_id\\\";N;s:14:\\\"plan_cuenta_id\\\";N;s:20:\\\"iva_creditos_tipo_id\\\";N;s:10:\\\"created_at\\\";s:19:\\\"2022-10-27 16:41:51\\\";s:10:\\\"updated_at\\\";s:19:\\\"2024-05-24 14:44:23\\\";s:11:\\\"activity_id\\\";N;s:7:\\\"address\\\";N;s:12:\\\"localidad_id\\\";N;s:14:\\\"person_type_id\\\";i:1;s:19:\\\"fa_iva_condition_id\\\";N;s:16:\\\"fa_codigo_postal\\\";N;s:10:\\\"comentario\\\";N;s:5:\\\"email\\\";N;s:18:\\\"iva_per_regimen_id\\\";N;s:18:\\\"iva_ret_regimen_id\\\";N;s:10:\\\"deleted_at\\\";N;}s:10:\\\"\\u0000*\\u0000changes\\\";a:0:{}s:8:\\\"\\u0000*\\u0000casts\\\";a:0:{}s:17:\\\"\\u0000*\\u0000classCastCache\\\";a:0:{}s:21:\\\"\\u0000*\\u0000attributeCastCache\\\";a:0:{}s:8:\\\"\\u0000*\\u0000dates\\\";a:0:{}s:13:\\\"\\u0000*\\u0000dateFormat\\\";N;s:10:\\\"\\u0000*\\u0000appends\\\";a:0:{}s:19:\\\"\\u0000*\\u0000dispatchesEvents\\\";a:0:{}s:14:\\\"\\u0000*\\u0000observables\\\";a:0:{}s:12:\\\"\\u0000*\\u0000relations\\\";a:0:{}s:10:\\\"\\u0000*\\u0000touches\\\";a:0:{}s:10:\\\"timestamps\\\";b:1;s:9:\\\"\\u0000*\\u0000hidden\\\";a:0:{}s:10:\\\"\\u0000*\\u0000visible\\\";a:0:{}s:11:\\\"\\u0000*\\u0000fillable\\\";a:0:{}s:10:\\\"\\u0000*\\u0000guarded\\\";a:0:{}}s:7:\\\"request\\\";a:6:{s:9:\\\"person_id\\\";s:5:\\\"42196\\\";s:9:\\\"period_id\\\";s:6:\\\"162786\\\";s:12:\\\"period_query\\\";s:7:\\\"2024-10\\\";s:12:\\\"actividad_id\\\";s:3:\\\"573\\\";s:9:\\\"operacion\\\";s:1:\\\"1\\\";s:7:\\\"zone_id\\\";s:1:\\\"1\\\";}s:15:\\\"person_id_owner\\\";s:5:\\\"42196\\\";s:9:\\\"period_id\\\";s:6:\\\"162786\\\";s:7:\\\"zone_id\\\";s:1:\\\"1\\\";s:12:\\\"actividad_id\\\";s:3:\\\"573\\\";s:23:\\\"queue_proceso_resultado\\\";O:32:\\\"App\\\\Models\\\\QueueProcesoResultado\\\":31:{s:13:\\\"\\u0000*\\u0000connection\\\";s:7:\\\"finance\\\";s:8:\\\"\\u0000*\\u0000table\\\";s:23:\\\"queue_proceso_resultado\\\";s:13:\\\"\\u0000*\\u0000primaryKey\\\";s:2:\\\"id\\\";s:10:\\\"\\u0000*\\u0000keyType\\\";s:3:\\\"int\\\";s:12:\\\"incrementing\\\";b:1;s:7:\\\"\\u0000*\\u0000with\\\";a:0:{}s:12:\\\"\\u0000*\\u0000withCount\\\";a:0:{}s:19:\\\"preventsLazyLoading\\\";b:0;s:10:\\\"\\u0000*\\u0000perPage\\\";i:15;s:6:\\\"exists\\\";b:1;s:18:\\\"wasRecentlyCreated\\\";b:1;s:28:\\\"\\u0000*\\u0000escapeWhenCastingToString\\\";b:0;s:13:\\\"\\u0000*\\u0000attributes\\\";a:5:{s:7:\\\"user_id\\\";i:10421;s:16:\\\"queue_proceso_id\\\";i:3;s:10:\\\"updated_at\\\";s:19:\\\"2024-11-05 12:09:38\\\";s:10:\\\"created_at\\\";s:19:\\\"2024-11-05 12:09:38\\\";s:2:\\\"id\\\";i:365;}s:11:\\\"\\u0000*\\u0000original\\\";a:5:{s:7:\\\"user_id\\\";i:10421;s:16:\\\"queue_proceso_id\\\";i:3;s:10:\\\"updated_at\\\";s:19:\\\"2024-11-05 12:09:38\\\";s:10:\\\"created_at\\\";s:19:\\\"2024-11-05 12:09:38\\\";s:2:\\\"id\\\";i:365;}s:10:\\\"\\u0000*\\u0000changes\\\";a:0:{}s:8:\\\"\\u0000*\\u0000casts\\\";a:1:{s:10:\\\"deleted_at\\\";s:8:\\\"datetime\\\";}s:17:\\\"\\u0000*\\u0000classCastCache\\\";a:0:{}s:21:\\\"\\u0000*\\u0000attributeCastCache\\\";a:0:{}s:8:\\\"\\u0000*\\u0000dates\\\";a:0:{}s:13:\\\"\\u0000*\\u0000dateFormat\\\";N;s:10:\\\"\\u0000*\\u0000appends\\\";a:0:{}s:19:\\\"\\u0000*\\u0000dispatchesEvents\\\";a:0:{}s:14:\\\"\\u0000*\\u0000observables\\\";a:0:{}s:12:\\\"\\u0000*\\u0000relations\\\";a:0:{}s:10:\\\"\\u0000*\\u0000touches\\\";a:0:{}s:10:\\\"timestamps\\\";b:1;s:9:\\\"\\u0000*\\u0000hidden\\\";a:0:{}s:10:\\\"\\u0000*\\u0000visible\\\";a:0:{}s:11:\\\"\\u0000*\\u0000fillable\\\";a:0:{}s:10:\\\"\\u0000*\\u0000guarded\\\";a:0:{}s:16:\\\"\\u0000*\\u0000forceDeleting\\\";b:0;}}}s:5:\\\"queue\\\";s:7:\\\"finance\\\";}\"}}','Illuminate\\Queue\\MaxAttemptsExceededException: App\\Jobs\\QueueGenerica has been attempted too many times or run too long. The job may have previously timed out. in /home/forge/taxes.com.ar/vendor/laravel/framework/src/Illuminate/Queue/Worker.php:746\nStack trace:\n#0 /home/forge/taxes.com.ar/vendor/laravel/framework/src/Illuminate/Queue/Worker.php(505): Illuminate\\Queue\\Worker->maxAttemptsExceededException()\n#1 /home/forge/taxes.com.ar/vendor/laravel/framework/src/Illuminate/Queue/Worker.php(414): Illuminate\\Queue\\Worker->markJobAsFailedIfAlreadyExceedsMaxAttempts()\n#2 /home/forge/taxes.com.ar/vendor/laravel/framework/src/Illuminate/Queue/Worker.php(375): Illuminate\\Queue\\Worker->process()\n#3 /home/forge/taxes.com.ar/vendor/laravel/framework/src/Illuminate/Queue/Worker.php(173): Illuminate\\Queue\\Worker->runJob()\n#4 /home/forge/taxes.com.ar/vendor/laravel/framework/src/Illuminate/Queue/Console/WorkCommand.php(147): Illuminate\\Queue\\Worker->daemon()\n#5 /home/forge/taxes.com.ar/vendor/laravel/framework/src/Illuminate/Queue/Console/WorkCommand.php(130): Illuminate\\Queue\\Console\\WorkCommand->runWorker()\n#6 /home/forge/taxes.com.ar/vendor/laravel/framework/src/Illuminate/Container/BoundMethod.php(36): Illuminate\\Queue\\Console\\WorkCommand->handle()\n#7 /home/forge/taxes.com.ar/vendor/laravel/framework/src/Illuminate/Container/Util.php(41): Illuminate\\Container\\BoundMethod::Illuminate\\Container\\{closure}()\n#8 /home/forge/taxes.com.ar/vendor/laravel/framework/src/Illuminate/Container/BoundMethod.php(93): Illuminate\\Container\\Util::unwrapIfClosure()\n#9 /home/forge/taxes.com.ar/vendor/laravel/framework/src/Illuminate/Container/BoundMethod.php(35): Illuminate\\Container\\BoundMethod::callBoundMethod()\n#10 /home/forge/taxes.com.ar/vendor/laravel/framework/src/Illuminate/Container/Container.php(661): Illuminate\\Container\\BoundMethod::call()\n#11 /home/forge/taxes.com.ar/vendor/laravel/framework/src/Illuminate/Console/Command.php(183): Illuminate\\Container\\Container->call()\n#12 /home/forge/taxes.com.ar/vendor/symfony/console/Command/Command.php(326): Illuminate\\Console\\Command->execute()\n#13 /home/forge/taxes.com.ar/vendor/laravel/framework/src/Illuminate/Console/Command.php(152): Symfony\\Component\\Console\\Command\\Command->run()\n#14 /home/forge/taxes.com.ar/vendor/symfony/console/Application.php(1078): Illuminate\\Console\\Command->run()\n#15 /home/forge/taxes.com.ar/vendor/symfony/console/Application.php(324): Symfony\\Component\\Console\\Application->doRunCommand()\n#16 /home/forge/taxes.com.ar/vendor/symfony/console/Application.php(175): Symfony\\Component\\Console\\Application->doRun()\n#17 /home/forge/taxes.com.ar/vendor/laravel/framework/src/Illuminate/Console/Application.php(102): Symfony\\Component\\Console\\Application->run()\n#18 /home/forge/taxes.com.ar/vendor/laravel/framework/src/Illuminate/Foundation/Console/Kernel.php(155): Illuminate\\Console\\Application->run()\n#19 /home/forge/taxes.com.ar/artisan(33): Illuminate\\Foundation\\Console\\Kernel->handle()\n#20 {main}','2024-11-05 12:11:09',NULL);
INSERT INTO `failed_jobs` VALUES (9,NULL,'database','finance','{\"uuid\":\"6fe4c868-bb76-4cac-9304-565bd3f0449f\",\"displayName\":\"App\\\\Jobs\\\\QueueGenerica\",\"job\":\"Illuminate\\\\Queue\\\\CallQueuedHandler@call\",\"maxTries\":null,\"maxExceptions\":null,\"failOnTimeout\":false,\"backoff\":null,\"timeout\":null,\"retryUntil\":null,\"data\":{\"commandName\":\"App\\\\Jobs\\\\QueueGenerica\",\"command\":\"O:22:\\\"App\\\\Jobs\\\\QueueGenerica\\\":2:{s:28:\\\"\\u0000App\\\\Jobs\\\\QueueGenerica\\u0000data\\\";O:29:\\\"Illuminate\\\\Support\\\\Collection\\\":5:{s:8:\\\"\\u0000*\\u0000items\\\";a:0:{}s:28:\\\"\\u0000*\\u0000escapeWhenCastingToString\\\";b:0;s:11:\\\"controlador\\\";s:69:\\\"\\\\App\\\\Http\\\\Controllers\\\\FacturaElectronica\\\\FacturaElectronicaController\\\";s:6:\\\"metodo\\\";s:22:\\\"iterando_para_facturar\\\";s:9:\\\"variables\\\";O:29:\\\"Illuminate\\\\Support\\\\Collection\\\":10:{s:8:\\\"\\u0000*\\u0000items\\\";a:0:{}s:28:\\\"\\u0000*\\u0000escapeWhenCastingToString\\\";b:0;s:7:\\\"request\\\";a:27:{s:11:\\\"enviar_mail\\\";a:29:{i:0;N;i:1;N;i:2;N;i:3;N;i:4;N;i:5;N;i:6;N;i:7;N;i:8;N;i:9;N;i:10;N;i:11;N;i:12;N;i:13;N;i:14;N;i:15;N;i:16;N;i:17;N;i:18;N;i:19;N;i:20;N;i:21;N;i:22;N;i:23;N;i:24;N;i:25;N;i:26;N;i:27;N;i:28;N;}s:10:\\\"show_stock\\\";a:29:{i:0;b:0;i:1;b:0;i:2;b:0;i:3;b:0;i:4;b:0;i:5;b:0;i:6;b:0;i:7;b:0;i:8;b:0;i:9;b:0;i:10;b:0;i:11;b:0;i:12;b:0;i:13;b:0;i:14;b:0;i:15;b:0;i:16;b:0;i:17;b:0;i:18;b:0;i:19;b:0;i:20;b:0;i:21;b:0;i:22;b:0;i:23;b:0;i:24;b:0;i:25;b:0;i:26;b:0;i:27;b:0;i:28;b:0;}s:9:\\\"productos\\\";a:29:{i:0;b:0;i:1;b:0;i:2;b:0;i:3;b:0;i:4;b:0;i:5;b:0;i:6;b:0;i:7;b:0;i:8;b:0;i:9;b:0;i:10;b:0;i:11;b:0;i:12;b:0;i:13;b:0;i:14;b:0;i:15;b:0;i:16;b:0;i:17;b:0;i:18;b:0;i:19;b:0;i:20;b:0;i:21;b:0;i:22;b:0;i:23;b:0;i:24;b:0;i:25;b:0;i:26;b:0;i:27;b:0;i:28;b:0;}s:15:\\\"type_receipt_id\\\";a:29:{i:0;i:7;i:1;i:7;i:2;i:7;i:3;i:7;i:4;i:7;i:5;i:7;i:6;i:7;i:7;i:7;i:8;i:7;i:9;i:7;i:10;i:7;i:11;i:7;i:12;i:7;i:13;i:7;i:14;i:7;i:15;i:7;i:16;i:7;i:17;i:7;i:18;i:7;i:19;i:7;i:20;i:7;i:21;i:7;i:22;i:7;i:23;i:7;i:24;i:7;i:25;i:7;i:26;i:7;i:27;i:7;i:28;i:7;}s:15:\\\"cond_frente_iva\\\";a:29:{i:0;i:6;i:1;i:6;i:2;i:6;i:3;i:6;i:4;i:6;i:5;i:6;i:6;i:6;i:7;i:6;i:8;i:6;i:9;i:6;i:10;i:6;i:11;i:6;i:12;i:6;i:13;i:6;i:14;i:6;i:15;i:1;i:16;i:6;i:17;i:6;i:18;i:6;i:19;i:6;i:20;i:6;i:21;i:6;i:22;i:6;i:23;i:6;i:24;i:6;i:25;i:6;i:26;i:6;i:27;i:6;i:28;i:6;}s:12:\\\"taxable_iibb\\\";a:29:{i:0;i:2;i:1;i:2;i:2;i:2;i:3;i:2;i:4;i:2;i:5;i:2;i:6;i:2;i:7;i:2;i:8;i:2;i:9;i:2;i:10;i:2;i:11;i:2;i:12;i:2;i:13;i:2;i:14;i:2;i:15;i:2;i:16;i:2;i:17;i:2;i:18;i:2;i:19;i:2;i:20;i:2;i:21;i:2;i:22;i:2;i:23;i:2;i:24;i:2;i:25;i:2;i:26;i:2;i:27;i:2;i:28;i:2;}s:15:\\\"descripcionItem\\\";a:29:{i:0;N;i:1;N;i:2;N;i:3;N;i:4;N;i:5;N;i:6;N;i:7;N;i:8;N;i:9;N;i:10;N;i:11;N;i:12;N;i:13;N;i:14;N;i:15;N;i:16;N;i:17;N;i:18;N;i:19;N;i:20;N;i:21;N;i:22;N;i:23;N;i:24;N;i:25;N;i:26;N;i:27;N;i:28;N;}s:9:\\\"body_mail\\\";a:29:{i:0;N;i:1;N;i:2;N;i:3;N;i:4;N;i:5;N;i:6;N;i:7;N;i:8;N;i:9;N;i:10;N;i:11;N;i:12;N;i:13;N;i:14;N;i:15;N;i:16;N;i:17;N;i:18;N;i:19;N;i:20;N;i:21;N;i:22;N;i:23;N;i:24;N;i:25;N;i:26;N;i:27;N;i:28;N;}s:14:\\\"subtotalPUItem\\\";a:29:{i:0;s:8:\\\"10000.00\\\";i:1;s:8:\\\"15000.00\\\";i:2;s:8:\\\"10000.00\\\";i:3;s:8:\\\"10000.00\\\";i:4;s:8:\\\"10000.00\\\";i:5;s:8:\\\"10000.00\\\";i:6;s:8:\\\"10000.00\\\";i:7;s:8:\\\"30000.00\\\";i:8;s:8:\\\"10000.00\\\";i:9;s:8:\\\"10000.00\\\";i:10;s:8:\\\"10000.00\\\";i:11;s:8:\\\"30000.00\\\";i:12;s:8:\\\"10000.00\\\";i:13;s:8:\\\"10000.00\\\";i:14;s:8:\\\"10000.00\\\";i:15;s:8:\\\"35000.00\\\";i:16;s:8:\\\"15000.00\\\";i:17;s:8:\\\"10000.00\\\";i:18;s:8:\\\"10000.00\\\";i:19;s:8:\\\"10000.00\\\";i:20;s:8:\\\"10000.00\\\";i:21;s:8:\\\"10000.00\\\";i:22;s:8:\\\"32000.00\\\";i:23;s:8:\\\"15000.00\\\";i:24;s:8:\\\"10000.00\\\";i:25;s:8:\\\"10000.00\\\";i:26;s:8:\\\"12000.00\\\";i:27;s:8:\\\"10000.00\\\";i:28;s:8:\\\"10000.00\\\";}s:15:\\\"ivaAlicuotaItem\\\";a:29:{i:0;i:7;i:1;i:7;i:2;i:7;i:3;i:7;i:4;i:7;i:5;i:7;i:6;i:7;i:7;i:7;i:8;i:7;i:9;i:7;i:10;i:7;i:11;i:7;i:12;i:7;i:13;i:7;i:14;i:7;i:15;i:7;i:16;i:7;i:17;i:7;i:18;i:7;i:19;i:7;i:20;i:7;i:21;i:7;i:22;i:7;i:23;i:7;i:24;i:7;i:25;i:7;i:26;i:7;i:27;i:7;i:28;i:7;}s:10:\\\"cliente_id\\\";a:29:{i:0;i:40856;i:1;i:40857;i:2;i:40858;i:3;i:40860;i:4;i:40861;i:5;i:40862;i:6;i:40863;i:7;i:40864;i:8;i:40865;i:9;i:40866;i:10;i:40867;i:11;i:40868;i:12;i:40869;i:13;i:40870;i:14;i:40871;i:15;i:40873;i:16;i:40874;i:17;i:40875;i:18;i:40876;i:19;i:40877;i:20;i:40878;i:21;i:40879;i:22;i:40880;i:23;i:40881;i:24;i:40882;i:25;i:40883;i:26;i:40884;i:27;i:40885;i:28;i:40887;}s:7:\\\"zone_id\\\";a:29:{i:0;i:23;i:1;i:23;i:2;i:23;i:3;i:23;i:4;i:23;i:5;i:23;i:6;i:23;i:7;i:23;i:8;i:23;i:9;i:23;i:10;i:23;i:11;i:23;i:12;i:23;i:13;i:23;i:14;i:23;i:15;i:23;i:16;i:23;i:17;i:23;i:18;i:23;i:19;i:23;i:20;i:23;i:21;i:23;i:22;i:23;i:23;i:23;i:24;i:23;i:25;i:23;i:26;i:23;i:27;i:23;i:28;i:23;}s:11:\\\"activity_id\\\";a:29:{i:0;i:796;i:1;i:796;i:2;i:796;i:3;i:796;i:4;i:796;i:5;i:796;i:6;i:796;i:7;i:796;i:8;i:796;i:9;i:796;i:10;i:796;i:11;i:796;i:12;i:796;i:13;i:796;i:14;i:796;i:15;i:796;i:16;i:796;i:17;i:796;i:18;i:796;i:19;i:796;i:20;i:796;i:21;i:796;i:22;i:796;i:23;i:796;i:24;i:796;i:25;i:796;i:26;i:796;i:27;i:796;i:28;i:796;}s:11:\\\"concepto_id\\\";a:29:{i:0;i:2;i:1;i:2;i:2;i:2;i:3;i:2;i:4;i:2;i:5;i:2;i:6;i:2;i:7;i:2;i:8;i:2;i:9;i:2;i:10;i:2;i:11;i:2;i:12;i:2;i:13;i:2;i:14;i:2;i:15;i:2;i:16;i:2;i:17;i:2;i:18;i:2;i:19;i:2;i:20;i:2;i:21;i:2;i:22;i:2;i:23;i:2;i:24;i:2;i:25;i:2;i:26;i:2;i:27;i:2;i:28;i:2;}s:14:\\\"punto_venta_id\\\";a:29:{i:0;i:3;i:1;i:3;i:2;i:3;i:3;i:3;i:4;i:3;i:5;i:3;i:6;i:3;i:7;i:3;i:8;i:3;i:9;i:3;i:10;i:3;i:11;i:3;i:12;i:3;i:13;i:3;i:14;i:3;i:15;i:3;i:16;i:3;i:17;i:3;i:18;i:3;i:19;i:3;i:20;i:3;i:21;i:3;i:22;i:3;i:23;i:3;i:24;i:3;i:25;i:3;i:26;i:3;i:27;i:3;i:28;i:3;}s:10:\\\"cond_venta\\\";a:29:{i:0;i:4;i:1;i:4;i:2;i:4;i:3;i:4;i:4;i:4;i:5;i:4;i:6;i:4;i:7;i:4;i:8;i:4;i:9;i:4;i:10;i:4;i:11;i:4;i:12;i:4;i:13;i:4;i:14;i:4;i:15;i:4;i:16;i:4;i:17;i:4;i:18;i:4;i:19;i:4;i:20;i:4;i:21;i:4;i:22;i:4;i:23;i:4;i:24;i:4;i:25;i:4;i:26;i:4;i:27;i:4;i:28;i:4;}s:17:\\\"fecha_comprobante\\\";a:29:{i:0;s:10:\\\"11-06-2024\\\";i:1;s:10:\\\"11-06-2024\\\";i:2;s:10:\\\"11-06-2024\\\";i:3;s:10:\\\"11-06-2024\\\";i:4;s:10:\\\"11-06-2024\\\";i:5;s:10:\\\"11-06-2024\\\";i:6;s:10:\\\"11-06-2024\\\";i:7;s:10:\\\"11-06-2024\\\";i:8;s:10:\\\"11-06-2024\\\";i:9;s:10:\\\"11-06-2024\\\";i:10;s:10:\\\"11-06-2024\\\";i:11;s:10:\\\"11-06-2024\\\";i:12;s:10:\\\"11-06-2024\\\";i:13;s:10:\\\"11-06-2024\\\";i:14;s:10:\\\"11-06-2024\\\";i:15;s:10:\\\"11-06-2024\\\";i:16;s:10:\\\"11-06-2024\\\";i:17;s:10:\\\"11-06-2024\\\";i:18;s:10:\\\"11-06-2024\\\";i:19;s:10:\\\"11-06-2024\\\";i:20;s:10:\\\"11-06-2024\\\";i:21;s:10:\\\"11-06-2024\\\";i:22;s:10:\\\"11-06-2024\\\";i:23;s:10:\\\"11-06-2024\\\";i:24;s:10:\\\"11-06-2024\\\";i:25;s:10:\\\"11-06-2024\\\";i:26;s:10:\\\"11-06-2024\\\";i:27;s:10:\\\"11-06-2024\\\";i:28;s:10:\\\"11-06-2024\\\";}s:21:\\\"fecha_facturado_desde\\\";a:29:{i:0;s:10:\\\"10-01-2024\\\";i:1;s:10:\\\"10-01-2024\\\";i:2;s:10:\\\"10-01-2024\\\";i:3;s:10:\\\"10-01-2024\\\";i:4;s:10:\\\"10-01-2024\\\";i:5;s:10:\\\"10-01-2024\\\";i:6;s:10:\\\"10-01-2024\\\";i:7;s:10:\\\"10-01-2024\\\";i:8;s:10:\\\"10-01-2024\\\";i:9;s:10:\\\"10-01-2024\\\";i:10;s:10:\\\"10-01-2024\\\";i:11;s:10:\\\"10-01-2024\\\";i:12;s:10:\\\"10-01-2024\\\";i:13;s:10:\\\"10-01-2024\\\";i:14;s:10:\\\"10-01-2024\\\";i:15;s:10:\\\"10-01-2024\\\";i:16;s:10:\\\"10-01-2024\\\";i:17;s:10:\\\"10-01-2024\\\";i:18;s:10:\\\"10-01-2024\\\";i:19;s:10:\\\"10-01-2024\\\";i:20;s:10:\\\"10-01-2024\\\";i:21;s:10:\\\"10-01-2024\\\";i:22;s:10:\\\"10-01-2024\\\";i:23;s:10:\\\"10-01-2024\\\";i:24;s:10:\\\"10-01-2024\\\";i:25;s:10:\\\"10-01-2024\\\";i:26;s:10:\\\"10-01-2024\\\";i:27;s:10:\\\"10-01-2024\\\";i:28;s:10:\\\"10-01-2024\\\";}s:21:\\\"fecha_facturado_hasta\\\";a:29:{i:0;s:10:\\\"10-31-2024\\\";i:1;s:10:\\\"10-31-2024\\\";i:2;s:10:\\\"10-31-2024\\\";i:3;s:10:\\\"10-31-2024\\\";i:4;s:10:\\\"10-31-2024\\\";i:5;s:10:\\\"10-31-2024\\\";i:6;s:10:\\\"10-31-2024\\\";i:7;s:10:\\\"10-31-2024\\\";i:8;s:10:\\\"10-31-2024\\\";i:9;s:10:\\\"10-31-2024\\\";i:10;s:10:\\\"10-31-2024\\\";i:11;s:10:\\\"10-31-2024\\\";i:12;s:10:\\\"10-31-2024\\\";i:13;s:10:\\\"10-31-2024\\\";i:14;s:10:\\\"10-31-2024\\\";i:15;s:10:\\\"10-31-2024\\\";i:16;s:10:\\\"10-31-2024\\\";i:17;s:10:\\\"10-31-2024\\\";i:18;s:10:\\\"10-31-2024\\\";i:19;s:10:\\\"10-31-2024\\\";i:20;s:10:\\\"10-31-2024\\\";i:21;s:10:\\\"10-31-2024\\\";i:22;s:10:\\\"10-31-2024\\\";i:23;s:10:\\\"10-31-2024\\\";i:24;s:10:\\\"10-31-2024\\\";i:25;s:10:\\\"10-31-2024\\\";i:26;s:10:\\\"10-31-2024\\\";i:27;s:10:\\\"10-31-2024\\\";i:28;s:10:\\\"10-31-2024\\\";}s:22:\\\"fecha_vencimiento_pago\\\";a:29:{i:0;s:10:\\\"11-06-2024\\\";i:1;s:10:\\\"11-06-2024\\\";i:2;s:10:\\\"11-06-2024\\\";i:3;s:10:\\\"11-06-2024\\\";i:4;s:10:\\\"11-06-2024\\\";i:5;s:10:\\\"11-06-2024\\\";i:6;s:10:\\\"11-06-2024\\\";i:7;s:10:\\\"11-06-2024\\\";i:8;s:10:\\\"11-06-2024\\\";i:9;s:10:\\\"11-06-2024\\\";i:10;s:10:\\\"11-06-2024\\\";i:11;s:10:\\\"11-06-2024\\\";i:12;s:10:\\\"11-06-2024\\\";i:13;s:10:\\\"11-06-2024\\\";i:14;s:10:\\\"11-06-2024\\\";i:15;s:10:\\\"11-06-2024\\\";i:16;s:10:\\\"11-06-2024\\\";i:17;s:10:\\\"11-06-2024\\\";i:18;s:10:\\\"11-06-2024\\\";i:19;s:10:\\\"11-06-2024\\\";i:20;s:10:\\\"11-06-2024\\\";i:21;s:10:\\\"11-06-2024\\\";i:22;s:10:\\\"11-06-2024\\\";i:23;s:10:\\\"11-06-2024\\\";i:24;s:10:\\\"11-06-2024\\\";i:25;s:10:\\\"11-06-2024\\\";i:26;s:10:\\\"11-06-2024\\\";i:27;s:10:\\\"11-06-2024\\\";i:28;s:10:\\\"11-06-2024\\\";}s:10:\\\"codigoItem\\\";a:29:{i:0;N;i:1;N;i:2;N;i:3;N;i:4;N;i:5;N;i:6;N;i:7;N;i:8;N;i:9;N;i:10;N;i:11;N;i:12;N;i:13;N;i:14;N;i:15;N;i:16;N;i:17;N;i:18;N;i:19;N;i:20;N;i:21;N;i:22;N;i:23;N;i:24;N;i:25;N;i:26;N;i:27;N;i:28;N;}s:16:\\\"unidadMedidaItem\\\";a:29:{i:0;i:8;i:1;i:8;i:2;i:8;i:3;i:8;i:4;i:8;i:5;i:8;i:6;i:8;i:7;i:8;i:8;i:8;i:9;i:8;i:10;i:8;i:11;i:8;i:12;i:8;i:13;i:8;i:14;i:8;i:15;i:8;i:16;i:8;i:17;i:8;i:18;i:8;i:19;i:8;i:20;i:8;i:21;i:8;i:22;i:8;i:23;i:8;i:24;i:8;i:25;i:8;i:26;i:8;i:27;i:8;i:28;i:8;}s:12:\\\"cantidadItem\\\";a:29:{i:0;i:1;i:1;i:1;i:2;i:1;i:3;i:1;i:4;i:1;i:5;i:1;i:6;i:1;i:7;i:1;i:8;i:1;i:9;i:1;i:10;i:1;i:11;i:1;i:12;i:1;i:13;i:1;i:14;i:1;i:15;i:1;i:16;i:1;i:17;i:1;i:18;i:1;i:19;i:1;i:20;i:1;i:21;i:1;i:22;i:1;i:23;i:1;i:24;i:1;i:25;i:1;i:26;i:1;i:27;i:1;i:28;i:1;}s:18:\\\"precioUnitarioItem\\\";a:29:{i:0;s:8:\\\"10000.00\\\";i:1;s:8:\\\"15000.00\\\";i:2;s:8:\\\"10000.00\\\";i:3;s:8:\\\"10000.00\\\";i:4;s:8:\\\"10000.00\\\";i:5;s:8:\\\"10000.00\\\";i:6;s:8:\\\"10000.00\\\";i:7;s:8:\\\"30000.00\\\";i:8;s:8:\\\"10000.00\\\";i:9;s:8:\\\"10000.00\\\";i:10;s:8:\\\"10000.00\\\";i:11;s:8:\\\"30000.00\\\";i:12;s:8:\\\"10000.00\\\";i:13;s:8:\\\"10000.00\\\";i:14;s:8:\\\"10000.00\\\";i:15;s:8:\\\"35000.00\\\";i:16;s:8:\\\"15000.00\\\";i:17;s:8:\\\"10000.00\\\";i:18;s:8:\\\"10000.00\\\";i:19;s:8:\\\"10000.00\\\";i:20;s:8:\\\"10000.00\\\";i:21;s:8:\\\"10000.00\\\";i:22;s:8:\\\"32000.00\\\";i:23;s:8:\\\"15000.00\\\";i:24;s:8:\\\"10000.00\\\";i:25;s:8:\\\"10000.00\\\";i:26;s:8:\\\"12000.00\\\";i:27;s:8:\\\"10000.00\\\";i:28;s:8:\\\"10000.00\\\";}s:23:\\\"porcentajeDescuentoItem\\\";a:29:{i:0;i:0;i:1;i:0;i:2;i:0;i:3;i:0;i:4;i:0;i:5;i:0;i:6;i:0;i:7;i:0;i:8;i:0;i:9;i:0;i:10;i:0;i:11;i:0;i:12;i:0;i:13;i:0;i:14;i:0;i:15;i:0;i:16;i:0;i:17;i:0;i:18;i:0;i:19;i:0;i:20;i:0;i:21;i:0;i:22;i:0;i:23;i:0;i:24;i:0;i:25;i:0;i:26;i:0;i:27;i:0;i:28;i:0;}s:13:\\\"descuentoItem\\\";a:29:{i:0;i:0;i:1;i:0;i:2;i:0;i:3;i:0;i:4;i:0;i:5;i:0;i:6;i:0;i:7;i:0;i:8;i:0;i:9;i:0;i:10;i:0;i:11;i:0;i:12;i:0;i:13;i:0;i:14;i:0;i:15;i:0;i:16;i:0;i:17;i:0;i:18;i:0;i:19;i:0;i:20;i:0;i:21;i:0;i:22;i:0;i:23;i:0;i:24;i:0;i:25;i:0;i:26;i:0;i:27;i:0;i:28;i:0;}s:14:\\\"subtotalIAItem\\\";a:29:{i:0;s:4:\\\"0.00\\\";i:1;s:4:\\\"0.00\\\";i:2;s:4:\\\"0.00\\\";i:3;s:4:\\\"0.00\\\";i:4;s:4:\\\"0.00\\\";i:5;s:4:\\\"0.00\\\";i:6;s:4:\\\"0.00\\\";i:7;s:4:\\\"0.00\\\";i:8;s:4:\\\"0.00\\\";i:9;s:4:\\\"0.00\\\";i:10;s:4:\\\"0.00\\\";i:11;s:4:\\\"0.00\\\";i:12;s:4:\\\"0.00\\\";i:13;s:4:\\\"0.00\\\";i:14;s:4:\\\"0.00\\\";i:15;s:4:\\\"0.00\\\";i:16;s:4:\\\"0.00\\\";i:17;s:4:\\\"0.00\\\";i:18;s:4:\\\"0.00\\\";i:19;s:4:\\\"0.00\\\";i:20;s:4:\\\"0.00\\\";i:21;s:4:\\\"0.00\\\";i:22;s:4:\\\"0.00\\\";i:23;s:4:\\\"0.00\\\";i:24;s:4:\\\"0.00\\\";i:25;s:4:\\\"0.00\\\";i:26;s:4:\\\"0.00\\\";i:27;s:4:\\\"0.00\\\";i:28;s:4:\\\"0.00\\\";}}s:4:\\\"afip\\\";O:24:\\\"App\\\\Services\\\\Afip\\\\MiAfip\\\":10:{s:9:\\\"WSAA_WSDL\\\";s:61:\\\"\\/home\\/forge\\/taxes.com.ar\\/app\\/Services\\/Afip\\/Afip_res\\/wsaa.wsdl\\\";s:8:\\\"WSAA_URL\\\";s:45:\\\"https:\\/\\/wsaa.afip.gov.ar\\/ws\\/services\\/LoginCms\\\";s:4:\\\"CERT\\\";s:71:\\\"\\/home\\/forge\\/taxes.com.ar\\/storage\\/afip\\/claves\\/30716251248\\/2024\\/taxes.crt\\\";s:10:\\\"PRIVATEKEY\\\";s:71:\\\"\\/home\\/forge\\/taxes.com.ar\\/storage\\/afip\\/claves\\/30716251248\\/2024\\/taxes.key\\\";s:10:\\\"PASSPHRASE\\\";s:5:\\\"xxxxx\\\";s:10:\\\"RES_FOLDER\\\";s:38:\\\"\\/home\\/forge\\/taxes.com.ar\\/storage\\/afip\\/\\\";s:9:\\\"TA_FOLDER\\\";s:50:\\\"\\/home\\/forge\\/taxes.com.ar\\/storage\\/afip\\/xmlgenerados\\\";s:4:\\\"CUIT\\\";s:11:\\\"20322087978\\\";s:14:\\\"implemented_ws\\\";a:5:{i:0;s:17:\\\"ElectronicBilling\\\";i:1;s:17:\\\"RegisterScopeFour\\\";i:2;s:17:\\\"RegisterScopeFive\\\";i:3;s:16:\\\"RegisterScopeTen\\\";i:4;s:21:\\\"VentanillaElectronica\\\";}s:7:\\\"options\\\";a:7:{s:4:\\\"CUIT\\\";s:11:\\\"20322087978\\\";s:10:\\\"res_folder\\\";s:38:\\\"\\/home\\/forge\\/taxes.com.ar\\/storage\\/afip\\/\\\";s:9:\\\"ta_folder\\\";s:50:\\\"\\/home\\/forge\\/taxes.com.ar\\/storage\\/afip\\/xmlgenerados\\\";s:4:\\\"cert\\\";s:33:\\\"claves\\/30716251248\\/2024\\/taxes.crt\\\";s:3:\\\"key\\\";s:33:\\\"claves\\/30716251248\\/2024\\/taxes.key\\\";s:10:\\\"production\\\";b:1;s:10:\\\"passphrase\\\";s:5:\\\"xxxxx\\\";}}s:6:\\\"person\\\";O:17:\\\"App\\\\Models\\\\Person\\\":30:{s:13:\\\"\\u0000*\\u0000connection\\\";s:7:\\\"finance\\\";s:8:\\\"\\u0000*\\u0000table\\\";s:7:\\\"persons\\\";s:13:\\\"\\u0000*\\u0000primaryKey\\\";s:2:\\\"id\\\";s:10:\\\"\\u0000*\\u0000keyType\\\";s:3:\\\"int\\\";s:12:\\\"incrementing\\\";b:1;s:7:\\\"\\u0000*\\u0000with\\\";a:0:{}s:12:\\\"\\u0000*\\u0000withCount\\\";a:0:{}s:19:\\\"preventsLazyLoading\\\";b:0;s:10:\\\"\\u0000*\\u0000perPage\\\";i:15;s:6:\\\"exists\\\";b:1;s:18:\\\"wasRecentlyCreated\\\";b:0;s:28:\\\"\\u0000*\\u0000escapeWhenCastingToString\\\";b:0;s:13:\\\"\\u0000*\\u0000attributes\\\";a:27:{s:2:\\\"id\\\";i:40817;s:7:\\\"user_id\\\";i:10927;s:11:\\\"field_name1\\\";s:15:\\\"giacoia gerardo\\\";s:12:\\\"fantasy_name\\\";N;s:6:\\\"codigo\\\";N;s:11:\\\"field_name2\\\";N;s:13:\\\"document_type\\\";s:4:\\\"cuit\\\";s:8:\\\"document\\\";s:13:\\\"20-32208797-8\\\";s:21:\\\"cond_frente_al_iva_id\\\";N;s:10:\\\"country_id\\\";N;s:8:\\\"state_id\\\";N;s:7:\\\"zone_id\\\";N;s:14:\\\"plan_cuenta_id\\\";N;s:20:\\\"iva_creditos_tipo_id\\\";N;s:10:\\\"created_at\\\";s:19:\\\"2024-10-07 20:24:19\\\";s:10:\\\"updated_at\\\";s:19:\\\"2024-10-17 08:19:40\\\";s:11:\\\"activity_id\\\";N;s:7:\\\"address\\\";N;s:12:\\\"localidad_id\\\";N;s:14:\\\"person_type_id\\\";i:1;s:19:\\\"fa_iva_condition_id\\\";N;s:16:\\\"fa_codigo_postal\\\";N;s:10:\\\"comentario\\\";N;s:5:\\\"email\\\";N;s:18:\\\"iva_per_regimen_id\\\";N;s:18:\\\"iva_ret_regimen_id\\\";N;s:10:\\\"deleted_at\\\";N;}s:11:\\\"\\u0000*\\u0000original\\\";a:27:{s:2:\\\"id\\\";i:40817;s:7:\\\"user_id\\\";i:10927;s:11:\\\"field_name1\\\";s:15:\\\"giacoia gerardo\\\";s:12:\\\"fantasy_name\\\";N;s:6:\\\"codigo\\\";N;s:11:\\\"field_name2\\\";N;s:13:\\\"document_type\\\";s:4:\\\"cuit\\\";s:8:\\\"document\\\";s:13:\\\"20-32208797-8\\\";s:21:\\\"cond_frente_al_iva_id\\\";N;s:10:\\\"country_id\\\";N;s:8:\\\"state_id\\\";N;s:7:\\\"zone_id\\\";N;s:14:\\\"plan_cuenta_id\\\";N;s:20:\\\"iva_creditos_tipo_id\\\";N;s:10:\\\"created_at\\\";s:19:\\\"2024-10-07 20:24:19\\\";s:10:\\\"updated_at\\\";s:19:\\\"2024-10-17 08:19:40\\\";s:11:\\\"activity_id\\\";N;s:7:\\\"address\\\";N;s:12:\\\"localidad_id\\\";N;s:14:\\\"person_type_id\\\";i:1;s:19:\\\"fa_iva_condition_id\\\";N;s:16:\\\"fa_codigo_postal\\\";N;s:10:\\\"comentario\\\";N;s:5:\\\"email\\\";N;s:18:\\\"iva_per_regimen_id\\\";N;s:18:\\\"iva_ret_regimen_id\\\";N;s:10:\\\"deleted_at\\\";N;}s:10:\\\"\\u0000*\\u0000changes\\\";a:0:{}s:8:\\\"\\u0000*\\u0000casts\\\";a:0:{}s:17:\\\"\\u0000*\\u0000classCastCache\\\";a:0:{}s:21:\\\"\\u0000*\\u0000attributeCastCache\\\";a:0:{}s:8:\\\"\\u0000*\\u0000dates\\\";a:0:{}s:13:\\\"\\u0000*\\u0000dateFormat\\\";N;s:10:\\\"\\u0000*\\u0000appends\\\";a:0:{}s:19:\\\"\\u0000*\\u0000dispatchesEvents\\\";a:0:{}s:14:\\\"\\u0000*\\u0000observables\\\";a:0:{}s:12:\\\"\\u0000*\\u0000relations\\\";a:0:{}s:10:\\\"\\u0000*\\u0000touches\\\";a:0:{}s:10:\\\"timestamps\\\";b:1;s:9:\\\"\\u0000*\\u0000hidden\\\";a:0:{}s:10:\\\"\\u0000*\\u0000visible\\\";a:0:{}s:11:\\\"\\u0000*\\u0000fillable\\\";a:0:{}s:10:\\\"\\u0000*\\u0000guarded\\\";a:0:{}}s:12:\\\"puntosVentas\\\";O:39:\\\"Illuminate\\\\Database\\\\Eloquent\\\\Collection\\\":2:{s:8:\\\"\\u0000*\\u0000items\\\";a:1:{i:0;O:24:\\\"App\\\\Models\\\\FAPuntosVenta\\\":30:{s:13:\\\"\\u0000*\\u0000connection\\\";s:7:\\\"finance\\\";s:8:\\\"\\u0000*\\u0000table\\\";s:22:\\\"fact_elec_puntos_venta\\\";s:13:\\\"\\u0000*\\u0000primaryKey\\\";s:2:\\\"id\\\";s:10:\\\"\\u0000*\\u0000keyType\\\";s:3:\\\"int\\\";s:12:\\\"incrementing\\\";b:1;s:7:\\\"\\u0000*\\u0000with\\\";a:0:{}s:12:\\\"\\u0000*\\u0000withCount\\\";a:0:{}s:19:\\\"preventsLazyLoading\\\";b:0;s:10:\\\"\\u0000*\\u0000perPage\\\";i:15;s:6:\\\"exists\\\";b:1;s:18:\\\"wasRecentlyCreated\\\";b:0;s:28:\\\"\\u0000*\\u0000escapeWhenCastingToString\\\";b:0;s:13:\\\"\\u0000*\\u0000attributes\\\";a:12:{s:2:\\\"id\\\";i:3;s:7:\\\"user_id\\\";i:10927;s:9:\\\"direccion\\\";s:10:\\\"Acosta 470\\\";s:10:\\\"created_at\\\";s:19:\\\"2024-10-16 13:16:02\\\";s:10:\\\"updated_at\\\";s:19:\\\"2024-10-21 14:24:23\\\";s:9:\\\"person_id\\\";i:40817;s:6:\\\"codigo\\\";s:1:\\\"2\\\";s:13:\\\"codigo_postal\\\";s:4:\\\"6450\\\";s:7:\\\"zone_id\\\";i:23;s:4:\\\"logo\\\";N;s:10:\\\"habilitado\\\";i:1;s:10:\\\"deleted_at\\\";N;}s:11:\\\"\\u0000*\\u0000original\\\";a:12:{s:2:\\\"id\\\";i:3;s:7:\\\"user_id\\\";i:10927;s:9:\\\"direccion\\\";s:10:\\\"Acosta 470\\\";s:10:\\\"created_at\\\";s:19:\\\"2024-10-16 13:16:02\\\";s:10:\\\"updated_at\\\";s:19:\\\"2024-10-21 14:24:23\\\";s:9:\\\"person_id\\\";i:40817;s:6:\\\"codigo\\\";s:1:\\\"2\\\";s:13:\\\"codigo_postal\\\";s:4:\\\"6450\\\";s:7:\\\"zone_id\\\";i:23;s:4:\\\"logo\\\";N;s:10:\\\"habilitado\\\";i:1;s:10:\\\"deleted_at\\\";N;}s:10:\\\"\\u0000*\\u0000changes\\\";a:0:{}s:8:\\\"\\u0000*\\u0000casts\\\";a:0:{}s:17:\\\"\\u0000*\\u0000classCastCache\\\";a:0:{}s:21:\\\"\\u0000*\\u0000attributeCastCache\\\";a:0:{}s:8:\\\"\\u0000*\\u0000dates\\\";a:0:{}s:13:\\\"\\u0000*\\u0000dateFormat\\\";N;s:10:\\\"\\u0000*\\u0000appends\\\";a:0:{}s:19:\\\"\\u0000*\\u0000dispatchesEvents\\\";a:0:{}s:14:\\\"\\u0000*\\u0000observables\\\";a:0:{}s:12:\\\"\\u0000*\\u0000relations\\\";a:0:{}s:10:\\\"\\u0000*\\u0000touches\\\";a:0:{}s:10:\\\"timestamps\\\";b:1;s:9:\\\"\\u0000*\\u0000hidden\\\";a:0:{}s:10:\\\"\\u0000*\\u0000visible\\\";a:0:{}s:11:\\\"\\u0000*\\u0000fillable\\\";a:0:{}s:10:\\\"\\u0000*\\u0000guarded\\\";a:0:{}}}s:28:\\\"\\u0000*\\u0000escapeWhenCastingToString\\\";b:0;}s:10:\\\"mailDetail\\\";O:21:\\\"App\\\\Models\\\\MailDetail\\\":30:{s:13:\\\"\\u0000*\\u0000connection\\\";s:7:\\\"finance\\\";s:8:\\\"\\u0000*\\u0000table\\\";s:13:\\\"mails_details\\\";s:13:\\\"\\u0000*\\u0000primaryKey\\\";s:2:\\\"id\\\";s:10:\\\"\\u0000*\\u0000keyType\\\";s:3:\\\"int\\\";s:12:\\\"incrementing\\\";b:1;s:7:\\\"\\u0000*\\u0000with\\\";a:0:{}s:12:\\\"\\u0000*\\u0000withCount\\\";a:0:{}s:19:\\\"preventsLazyLoading\\\";b:0;s:10:\\\"\\u0000*\\u0000perPage\\\";i:15;s:6:\\\"exists\\\";b:1;s:18:\\\"wasRecentlyCreated\\\";b:0;s:28:\\\"\\u0000*\\u0000escapeWhenCastingToString\\\";b:0;s:13:\\\"\\u0000*\\u0000attributes\\\";a:11:{s:2:\\\"id\\\";i:8;s:7:\\\"user_id\\\";i:10927;s:4:\\\"mail\\\";s:26:\\\"GIACOIAGERARDO@HOTMAIL.COM\\\";s:8:\\\"telefono\\\";s:10:\\\"2396426326\\\";s:10:\\\"comentario\\\";s:0:\\\"\\\";s:7:\\\"mail_id\\\";i:1;s:9:\\\"person_id\\\";i:40817;s:6:\\\"status\\\";i:1;s:10:\\\"created_at\\\";s:19:\\\"2024-10-17 08:19:40\\\";s:10:\\\"updated_at\\\";s:19:\\\"2024-10-17 08:19:40\\\";s:10:\\\"deleted_at\\\";N;}s:11:\\\"\\u0000*\\u0000original\\\";a:11:{s:2:\\\"id\\\";i:8;s:7:\\\"user_id\\\";i:10927;s:4:\\\"mail\\\";s:26:\\\"GIACOIAGERARDO@HOTMAIL.COM\\\";s:8:\\\"telefono\\\";s:10:\\\"2396426326\\\";s:10:\\\"comentario\\\";s:0:\\\"\\\";s:7:\\\"mail_id\\\";i:1;s:9:\\\"person_id\\\";i:40817;s:6:\\\"status\\\";i:1;s:10:\\\"created_at\\\";s:19:\\\"2024-10-17 08:19:40\\\";s:10:\\\"updated_at\\\";s:19:\\\"2024-10-17 08:19:40\\\";s:10:\\\"deleted_at\\\";N;}s:10:\\\"\\u0000*\\u0000changes\\\";a:0:{}s:8:\\\"\\u0000*\\u0000casts\\\";a:0:{}s:17:\\\"\\u0000*\\u0000classCastCache\\\";a:0:{}s:21:\\\"\\u0000*\\u0000attributeCastCache\\\";a:0:{}s:8:\\\"\\u0000*\\u0000dates\\\";a:0:{}s:13:\\\"\\u0000*\\u0000dateFormat\\\";N;s:10:\\\"\\u0000*\\u0000appends\\\";a:0:{}s:19:\\\"\\u0000*\\u0000dispatchesEvents\\\";a:0:{}s:14:\\\"\\u0000*\\u0000observables\\\";a:0:{}s:12:\\\"\\u0000*\\u0000relations\\\";a:0:{}s:10:\\\"\\u0000*\\u0000touches\\\";a:0:{}s:10:\\\"timestamps\\\";b:1;s:9:\\\"\\u0000*\\u0000hidden\\\";a:0:{}s:10:\\\"\\u0000*\\u0000visible\\\";a:0:{}s:11:\\\"\\u0000*\\u0000fillable\\\";a:0:{}s:10:\\\"\\u0000*\\u0000guarded\\\";a:0:{}}s:4:\\\"user\\\";O:8:\\\"App\\\\User\\\":31:{s:13:\\\"\\u0000*\\u0000connection\\\";s:9:\\\"seguridad\\\";s:8:\\\"\\u0000*\\u0000table\\\";s:6:\\\"tusers\\\";s:13:\\\"\\u0000*\\u0000primaryKey\\\";s:6:\\\"idUser\\\";s:10:\\\"\\u0000*\\u0000keyType\\\";s:3:\\\"int\\\";s:12:\\\"incrementing\\\";b:1;s:7:\\\"\\u0000*\\u0000with\\\";a:0:{}s:12:\\\"\\u0000*\\u0000withCount\\\";a:0:{}s:19:\\\"preventsLazyLoading\\\";b:0;s:10:\\\"\\u0000*\\u0000perPage\\\";i:15;s:6:\\\"exists\\\";b:1;s:18:\\\"wasRecentlyCreated\\\";b:0;s:28:\\\"\\u0000*\\u0000escapeWhenCastingToString\\\";b:0;s:13:\\\"\\u0000*\\u0000attributes\\\";a:18:{s:6:\\\"idUser\\\";i:10927;s:6:\\\"nombre\\\";s:9:\\\"giacoia 1\\\";s:9:\\\"loginUser\\\";s:26:\\\"GIACOIAGERARDO@HOTMAIL.COM\\\";s:9:\\\"emailUser\\\";s:26:\\\"GIACOIAGERARDO@HOTMAIL.COM\\\";s:5:\\\"clave\\\";s:11:\\\"20322087978\\\";s:9:\\\"claveUser\\\";s:60:\\\"$2y$10$iraRXOE\\/LXb39iv.I4kp7.8nbsW5uveWbqNfBEGmVh.hn82agQlQ6\\\";s:5:\\\"firma\\\";N;s:6:\\\"avatar\\\";N;s:10:\\\"statusUser\\\";i:1;s:9:\\\"api_token\\\";N;s:14:\\\"remember_token\\\";s:60:\\\"3IjoSJVawnWYVicn5Xkkr1PQaykTTGbdzqmF5buI1nzZIfFgzfjHMY0xLF3N\\\";s:10:\\\"created_at\\\";s:19:\\\"2024-10-07 17:24:20\\\";s:10:\\\"updated_at\\\";s:19:\\\"2024-10-07 17:24:20\\\";s:12:\\\"user_type_id\\\";i:1;s:18:\\\"es_empresa_externa\\\";i:0;s:15:\\\"suscrip_plan_id\\\";i:1;s:11:\\\"hidden_menu\\\";i:0;s:7:\\\"importe\\\";s:4:\\\"0.00\\\";}s:11:\\\"\\u0000*\\u0000original\\\";a:18:{s:6:\\\"idUser\\\";i:10927;s:6:\\\"nombre\\\";s:9:\\\"giacoia 1\\\";s:9:\\\"loginUser\\\";s:26:\\\"GIACOIAGERARDO@HOTMAIL.COM\\\";s:9:\\\"emailUser\\\";s:26:\\\"GIACOIAGERARDO@HOTMAIL.COM\\\";s:5:\\\"clave\\\";s:11:\\\"20322087978\\\";s:9:\\\"claveUser\\\";s:60:\\\"$2y$10$iraRXOE\\/LXb39iv.I4kp7.8nbsW5uveWbqNfBEGmVh.hn82agQlQ6\\\";s:5:\\\"firma\\\";N;s:6:\\\"avatar\\\";N;s:10:\\\"statusUser\\\";i:1;s:9:\\\"api_token\\\";N;s:14:\\\"remember_token\\\";s:60:\\\"3IjoSJVawnWYVicn5Xkkr1PQaykTTGbdzqmF5buI1nzZIfFgzfjHMY0xLF3N\\\";s:10:\\\"created_at\\\";s:19:\\\"2024-10-07 17:24:20\\\";s:10:\\\"updated_at\\\";s:19:\\\"2024-10-07 17:24:20\\\";s:12:\\\"user_type_id\\\";i:1;s:18:\\\"es_empresa_externa\\\";i:0;s:15:\\\"suscrip_plan_id\\\";i:1;s:11:\\\"hidden_menu\\\";i:0;s:7:\\\"importe\\\";s:4:\\\"0.00\\\";}s:10:\\\"\\u0000*\\u0000changes\\\";a:0:{}s:8:\\\"\\u0000*\\u0000casts\\\";a:0:{}s:17:\\\"\\u0000*\\u0000classCastCache\\\";a:0:{}s:21:\\\"\\u0000*\\u0000attributeCastCache\\\";a:0:{}s:8:\\\"\\u0000*\\u0000dates\\\";a:0:{}s:13:\\\"\\u0000*\\u0000dateFormat\\\";N;s:10:\\\"\\u0000*\\u0000appends\\\";a:1:{i:0;s:24:\\\"usuario_madre_habilitado\\\";}s:19:\\\"\\u0000*\\u0000dispatchesEvents\\\";a:0:{}s:14:\\\"\\u0000*\\u0000observables\\\";a:0:{}s:12:\\\"\\u0000*\\u0000relations\\\";a:0:{}s:10:\\\"\\u0000*\\u0000touches\\\";a:0:{}s:10:\\\"timestamps\\\";b:1;s:9:\\\"\\u0000*\\u0000hidden\\\";a:4:{i:0;s:8:\\\"password\\\";i:1;s:14:\\\"remember_token\\\";i:2;s:9:\\\"claveUser\\\";i:3;s:5:\\\"clave\\\";}s:10:\\\"\\u0000*\\u0000visible\\\";a:0:{}s:11:\\\"\\u0000*\\u0000fillable\\\";a:12:{i:0;s:6:\\\"nombre\\\";i:1;s:9:\\\"loginUser\\\";i:2;s:9:\\\"emailUser\\\";i:3;s:5:\\\"clave\\\";i:4;s:9:\\\"claveUser\\\";i:5;s:10:\\\"statusUser\\\";i:6;s:12:\\\"user_type_id\\\";i:7;s:5:\\\"firma\\\";i:8;s:15:\\\"suscrip_plan_id\\\";i:9;s:7:\\\"importe\\\";i:10;s:6:\\\"avatar\\\";i:11;s:18:\\\"es_empresa_externa\\\";}s:10:\\\"\\u0000*\\u0000guarded\\\";a:1:{i:0;s:1:\\\"*\\\";}s:20:\\\"\\u0000*\\u0000rememberTokenName\\\";s:14:\\\"remember_token\\\";}s:12:\\\"enviar_email\\\";b:1;s:5:\\\"email\\\";O:29:\\\"Illuminate\\\\Support\\\\Collection\\\":10:{s:8:\\\"\\u0000*\\u0000items\\\";a:0:{}s:28:\\\"\\u0000*\\u0000escapeWhenCastingToString\\\";b:0;s:4:\\\"from\\\";s:24:\\\"informacion@taxes.com.ar\\\";s:2:\\\"to\\\";s:26:\\\"GIACOIAGERARDO@HOTMAIL.COM\\\";s:4:\\\"name\\\";s:14:\\\"Taxes Software\\\";s:5:\\\"vista\\\";s:23:\\\"emails.mail_fin_proceso\\\";s:7:\\\"subject\\\";s:39:\\\"Facturacion Masiva - Proceso Finalizado\\\";s:7:\\\"empresa\\\";s:15:\\\"giacoia gerardo\\\";s:7:\\\"proceso\\\";s:18:\\\"Facturacion Masiva\\\";s:5:\\\"notas\\\";s:41:\\\"Controlar las facturas que se realizaron!\\\";}}}s:5:\\\"queue\\\";s:7:\\\"finance\\\";}\"}}','Illuminate\\Queue\\MaxAttemptsExceededException: App\\Jobs\\QueueGenerica has been attempted too many times or run too long. The job may have previously timed out. in /home/forge/taxes.com.ar/vendor/laravel/framework/src/Illuminate/Queue/Worker.php:746\nStack trace:\n#0 /home/forge/taxes.com.ar/vendor/laravel/framework/src/Illuminate/Queue/Worker.php(505): Illuminate\\Queue\\Worker->maxAttemptsExceededException()\n#1 /home/forge/taxes.com.ar/vendor/laravel/framework/src/Illuminate/Queue/Worker.php(414): Illuminate\\Queue\\Worker->markJobAsFailedIfAlreadyExceedsMaxAttempts()\n#2 /home/forge/taxes.com.ar/vendor/laravel/framework/src/Illuminate/Queue/Worker.php(375): Illuminate\\Queue\\Worker->process()\n#3 /home/forge/taxes.com.ar/vendor/laravel/framework/src/Illuminate/Queue/Worker.php(173): Illuminate\\Queue\\Worker->runJob()\n#4 /home/forge/taxes.com.ar/vendor/laravel/framework/src/Illuminate/Queue/Console/WorkCommand.php(147): Illuminate\\Queue\\Worker->daemon()\n#5 /home/forge/taxes.com.ar/vendor/laravel/framework/src/Illuminate/Queue/Console/WorkCommand.php(130): Illuminate\\Queue\\Console\\WorkCommand->runWorker()\n#6 /home/forge/taxes.com.ar/vendor/laravel/framework/src/Illuminate/Container/BoundMethod.php(36): Illuminate\\Queue\\Console\\WorkCommand->handle()\n#7 /home/forge/taxes.com.ar/vendor/laravel/framework/src/Illuminate/Container/Util.php(41): Illuminate\\Container\\BoundMethod::Illuminate\\Container\\{closure}()\n#8 /home/forge/taxes.com.ar/vendor/laravel/framework/src/Illuminate/Container/BoundMethod.php(93): Illuminate\\Container\\Util::unwrapIfClosure()\n#9 /home/forge/taxes.com.ar/vendor/laravel/framework/src/Illuminate/Container/BoundMethod.php(35): Illuminate\\Container\\BoundMethod::callBoundMethod()\n#10 /home/forge/taxes.com.ar/vendor/laravel/framework/src/Illuminate/Container/Container.php(661): Illuminate\\Container\\BoundMethod::call()\n#11 /home/forge/taxes.com.ar/vendor/laravel/framework/src/Illuminate/Console/Command.php(183): Illuminate\\Container\\Container->call()\n#12 /home/forge/taxes.com.ar/vendor/symfony/console/Command/Command.php(326): Illuminate\\Console\\Command->execute()\n#13 /home/forge/taxes.com.ar/vendor/laravel/framework/src/Illuminate/Console/Command.php(152): Symfony\\Component\\Console\\Command\\Command->run()\n#14 /home/forge/taxes.com.ar/vendor/symfony/console/Application.php(1078): Illuminate\\Console\\Command->run()\n#15 /home/forge/taxes.com.ar/vendor/symfony/console/Application.php(324): Symfony\\Component\\Console\\Application->doRunCommand()\n#16 /home/forge/taxes.com.ar/vendor/symfony/console/Application.php(175): Symfony\\Component\\Console\\Application->doRun()\n#17 /home/forge/taxes.com.ar/vendor/laravel/framework/src/Illuminate/Console/Application.php(102): Symfony\\Component\\Console\\Application->run()\n#18 /home/forge/taxes.com.ar/vendor/laravel/framework/src/Illuminate/Foundation/Console/Kernel.php(155): Illuminate\\Console\\Application->run()\n#19 /home/forge/taxes.com.ar/artisan(33): Illuminate\\Foundation\\Console\\Kernel->handle()\n#20 {main}','2024-11-06 09:00:49',NULL);
INSERT INTO `failed_jobs` VALUES (10,NULL,'database','finance','{\"uuid\":\"1d1e83d2-d305-4410-ae98-72109b9d5fe5\",\"displayName\":\"App\\\\Jobs\\\\QueueGenerica\",\"job\":\"Illuminate\\\\Queue\\\\CallQueuedHandler@call\",\"maxTries\":null,\"maxExceptions\":null,\"failOnTimeout\":false,\"backoff\":null,\"timeout\":null,\"retryUntil\":null,\"data\":{\"commandName\":\"App\\\\Jobs\\\\QueueGenerica\",\"command\":\"O:22:\\\"App\\\\Jobs\\\\QueueGenerica\\\":2:{s:28:\\\"\\u0000App\\\\Jobs\\\\QueueGenerica\\u0000data\\\";O:29:\\\"Illuminate\\\\Support\\\\Collection\\\":5:{s:8:\\\"\\u0000*\\u0000items\\\";a:0:{}s:28:\\\"\\u0000*\\u0000escapeWhenCastingToString\\\";b:0;s:11:\\\"controlador\\\";s:61:\\\"\\\\App\\\\Http\\\\Controllers\\\\Sueldo\\\\LSDExportarLiquidacionController\\\";s:6:\\\"metodo\\\";s:32:\\\"execute_exportar_liquidacion_TXT\\\";s:9:\\\"variables\\\";O:29:\\\"Illuminate\\\\Support\\\\Collection\\\":5:{s:8:\\\"\\u0000*\\u0000items\\\";a:0:{}s:28:\\\"\\u0000*\\u0000escapeWhenCastingToString\\\";b:0;s:7:\\\"request\\\";a:4:{s:14:\\\"liquidacion_id\\\";s:3:\\\"555\\\";s:9:\\\"person_id\\\";s:5:\\\"42050\\\";s:7:\\\"periodo\\\";s:7:\\\"2024-10\\\";s:18:\\\"numero_liquidacion\\\";s:1:\\\"1\\\";}s:4:\\\"user\\\";O:8:\\\"App\\\\User\\\":31:{s:13:\\\"\\u0000*\\u0000connection\\\";s:9:\\\"seguridad\\\";s:8:\\\"\\u0000*\\u0000table\\\";s:6:\\\"tusers\\\";s:13:\\\"\\u0000*\\u0000primaryKey\\\";s:6:\\\"idUser\\\";s:10:\\\"\\u0000*\\u0000keyType\\\";s:3:\\\"int\\\";s:12:\\\"incrementing\\\";b:1;s:7:\\\"\\u0000*\\u0000with\\\";a:0:{}s:12:\\\"\\u0000*\\u0000withCount\\\";a:0:{}s:19:\\\"preventsLazyLoading\\\";b:0;s:10:\\\"\\u0000*\\u0000perPage\\\";i:15;s:6:\\\"exists\\\";b:1;s:18:\\\"wasRecentlyCreated\\\";b:0;s:28:\\\"\\u0000*\\u0000escapeWhenCastingToString\\\";b:0;s:13:\\\"\\u0000*\\u0000attributes\\\";a:18:{s:6:\\\"idUser\\\";i:3856;s:6:\\\"nombre\\\";s:19:\\\"Navas Lucas Martín\\\";s:9:\\\"loginUser\\\";s:26:\\\"navaslucasmartin@gmail.com\\\";s:9:\\\"emailUser\\\";s:26:\\\"navaslucasmartin@gmail.com\\\";s:5:\\\"clave\\\";s:11:\\\"20339711500\\\";s:9:\\\"claveUser\\\";s:60:\\\"$2y$10$\\/PbUavgrqA5FdW7C9m.oTesKUuOlrE\\/YU1vHEs5xxoNyrR4fBdAdS\\\";s:5:\\\"firma\\\";N;s:6:\\\"avatar\\\";N;s:10:\\\"statusUser\\\";i:1;s:9:\\\"api_token\\\";N;s:14:\\\"remember_token\\\";s:60:\\\"C7MxXnKGGHX5wumhNPRZBXlWEBXts6zTuYDWw4D18jqTYdxAjGwFKBGByyWM\\\";s:10:\\\"created_at\\\";s:19:\\\"2021-05-03 13:18:07\\\";s:10:\\\"updated_at\\\";s:19:\\\"2024-10-23 23:15:41\\\";s:12:\\\"user_type_id\\\";i:1;s:18:\\\"es_empresa_externa\\\";i:0;s:15:\\\"suscrip_plan_id\\\";i:3;s:11:\\\"hidden_menu\\\";i:0;s:7:\\\"importe\\\";s:8:\\\"75000.00\\\";}s:11:\\\"\\u0000*\\u0000original\\\";a:18:{s:6:\\\"idUser\\\";i:3856;s:6:\\\"nombre\\\";s:19:\\\"Navas Lucas Martín\\\";s:9:\\\"loginUser\\\";s:26:\\\"navaslucasmartin@gmail.com\\\";s:9:\\\"emailUser\\\";s:26:\\\"navaslucasmartin@gmail.com\\\";s:5:\\\"clave\\\";s:11:\\\"20339711500\\\";s:9:\\\"claveUser\\\";s:60:\\\"$2y$10$\\/PbUavgrqA5FdW7C9m.oTesKUuOlrE\\/YU1vHEs5xxoNyrR4fBdAdS\\\";s:5:\\\"firma\\\";N;s:6:\\\"avatar\\\";N;s:10:\\\"statusUser\\\";i:1;s:9:\\\"api_token\\\";N;s:14:\\\"remember_token\\\";s:60:\\\"C7MxXnKGGHX5wumhNPRZBXlWEBXts6zTuYDWw4D18jqTYdxAjGwFKBGByyWM\\\";s:10:\\\"created_at\\\";s:19:\\\"2021-05-03 13:18:07\\\";s:10:\\\"updated_at\\\";s:19:\\\"2024-10-23 23:15:41\\\";s:12:\\\"user_type_id\\\";i:1;s:18:\\\"es_empresa_externa\\\";i:0;s:15:\\\"suscrip_plan_id\\\";i:3;s:11:\\\"hidden_menu\\\";i:0;s:7:\\\"importe\\\";s:8:\\\"75000.00\\\";}s:10:\\\"\\u0000*\\u0000changes\\\";a:0:{}s:8:\\\"\\u0000*\\u0000casts\\\";a:0:{}s:17:\\\"\\u0000*\\u0000classCastCache\\\";a:0:{}s:21:\\\"\\u0000*\\u0000attributeCastCache\\\";a:0:{}s:8:\\\"\\u0000*\\u0000dates\\\";a:0:{}s:13:\\\"\\u0000*\\u0000dateFormat\\\";N;s:10:\\\"\\u0000*\\u0000appends\\\";a:1:{i:0;s:24:\\\"usuario_madre_habilitado\\\";}s:19:\\\"\\u0000*\\u0000dispatchesEvents\\\";a:0:{}s:14:\\\"\\u0000*\\u0000observables\\\";a:0:{}s:12:\\\"\\u0000*\\u0000relations\\\";a:0:{}s:10:\\\"\\u0000*\\u0000touches\\\";a:0:{}s:10:\\\"timestamps\\\";b:1;s:9:\\\"\\u0000*\\u0000hidden\\\";a:4:{i:0;s:8:\\\"password\\\";i:1;s:14:\\\"remember_token\\\";i:2;s:9:\\\"claveUser\\\";i:3;s:5:\\\"clave\\\";}s:10:\\\"\\u0000*\\u0000visible\\\";a:0:{}s:11:\\\"\\u0000*\\u0000fillable\\\";a:12:{i:0;s:6:\\\"nombre\\\";i:1;s:9:\\\"loginUser\\\";i:2;s:9:\\\"emailUser\\\";i:3;s:5:\\\"clave\\\";i:4;s:9:\\\"claveUser\\\";i:5;s:10:\\\"statusUser\\\";i:6;s:12:\\\"user_type_id\\\";i:7;s:5:\\\"firma\\\";i:8;s:15:\\\"suscrip_plan_id\\\";i:9;s:7:\\\"importe\\\";i:10;s:6:\\\"avatar\\\";i:11;s:18:\\\"es_empresa_externa\\\";}s:10:\\\"\\u0000*\\u0000guarded\\\";a:1:{i:0;s:1:\\\"*\\\";}s:20:\\\"\\u0000*\\u0000rememberTokenName\\\";s:14:\\\"remember_token\\\";}s:12:\\\"path_of_file\\\";O:21:\\\"App\\\\Models\\\\PathOfFile\\\":31:{s:13:\\\"\\u0000*\\u0000connection\\\";s:7:\\\"finance\\\";s:8:\\\"\\u0000*\\u0000table\\\";s:12:\\\"path_of_file\\\";s:13:\\\"\\u0000*\\u0000primaryKey\\\";s:2:\\\"id\\\";s:10:\\\"\\u0000*\\u0000keyType\\\";s:3:\\\"int\\\";s:12:\\\"incrementing\\\";b:1;s:7:\\\"\\u0000*\\u0000with\\\";a:0:{}s:12:\\\"\\u0000*\\u0000withCount\\\";a:0:{}s:19:\\\"preventsLazyLoading\\\";b:0;s:10:\\\"\\u0000*\\u0000perPage\\\";i:15;s:6:\\\"exists\\\";b:1;s:18:\\\"wasRecentlyCreated\\\";b:1;s:28:\\\"\\u0000*\\u0000escapeWhenCastingToString\\\";b:0;s:13:\\\"\\u0000*\\u0000attributes\\\";a:6:{s:9:\\\"person_id\\\";i:42050;s:7:\\\"user_id\\\";i:3856;s:20:\\\"path_of_file_name_id\\\";i:14;s:10:\\\"updated_at\\\";s:19:\\\"2024-11-06 17:10:17\\\";s:10:\\\"created_at\\\";s:19:\\\"2024-11-06 17:10:17\\\";s:2:\\\"id\\\";i:114;}s:11:\\\"\\u0000*\\u0000original\\\";a:6:{s:9:\\\"person_id\\\";i:42050;s:7:\\\"user_id\\\";i:3856;s:20:\\\"path_of_file_name_id\\\";i:14;s:10:\\\"updated_at\\\";s:19:\\\"2024-11-06 17:10:17\\\";s:10:\\\"created_at\\\";s:19:\\\"2024-11-06 17:10:17\\\";s:2:\\\"id\\\";i:114;}s:10:\\\"\\u0000*\\u0000changes\\\";a:0:{}s:8:\\\"\\u0000*\\u0000casts\\\";a:1:{s:10:\\\"deleted_at\\\";s:8:\\\"datetime\\\";}s:17:\\\"\\u0000*\\u0000classCastCache\\\";a:0:{}s:21:\\\"\\u0000*\\u0000attributeCastCache\\\";a:0:{}s:8:\\\"\\u0000*\\u0000dates\\\";a:0:{}s:13:\\\"\\u0000*\\u0000dateFormat\\\";N;s:10:\\\"\\u0000*\\u0000appends\\\";a:0:{}s:19:\\\"\\u0000*\\u0000dispatchesEvents\\\";a:0:{}s:14:\\\"\\u0000*\\u0000observables\\\";a:0:{}s:12:\\\"\\u0000*\\u0000relations\\\";a:0:{}s:10:\\\"\\u0000*\\u0000touches\\\";a:0:{}s:10:\\\"timestamps\\\";b:1;s:9:\\\"\\u0000*\\u0000hidden\\\";a:0:{}s:10:\\\"\\u0000*\\u0000visible\\\";a:0:{}s:11:\\\"\\u0000*\\u0000fillable\\\";a:0:{}s:10:\\\"\\u0000*\\u0000guarded\\\";a:0:{}s:16:\\\"\\u0000*\\u0000forceDeleting\\\";b:0;}}}s:5:\\\"queue\\\";s:7:\\\"finance\\\";}\"}}','Illuminate\\Queue\\MaxAttemptsExceededException: App\\Jobs\\QueueGenerica has been attempted too many times or run too long. The job may have previously timed out. in /home/forge/taxes.com.ar/vendor/laravel/framework/src/Illuminate/Queue/Worker.php:746\nStack trace:\n#0 /home/forge/taxes.com.ar/vendor/laravel/framework/src/Illuminate/Queue/Worker.php(505): Illuminate\\Queue\\Worker->maxAttemptsExceededException()\n#1 /home/forge/taxes.com.ar/vendor/laravel/framework/src/Illuminate/Queue/Worker.php(414): Illuminate\\Queue\\Worker->markJobAsFailedIfAlreadyExceedsMaxAttempts()\n#2 /home/forge/taxes.com.ar/vendor/laravel/framework/src/Illuminate/Queue/Worker.php(375): Illuminate\\Queue\\Worker->process()\n#3 /home/forge/taxes.com.ar/vendor/laravel/framework/src/Illuminate/Queue/Worker.php(173): Illuminate\\Queue\\Worker->runJob()\n#4 /home/forge/taxes.com.ar/vendor/laravel/framework/src/Illuminate/Queue/Console/WorkCommand.php(147): Illuminate\\Queue\\Worker->daemon()\n#5 /home/forge/taxes.com.ar/vendor/laravel/framework/src/Illuminate/Queue/Console/WorkCommand.php(130): Illuminate\\Queue\\Console\\WorkCommand->runWorker()\n#6 /home/forge/taxes.com.ar/vendor/laravel/framework/src/Illuminate/Container/BoundMethod.php(36): Illuminate\\Queue\\Console\\WorkCommand->handle()\n#7 /home/forge/taxes.com.ar/vendor/laravel/framework/src/Illuminate/Container/Util.php(41): Illuminate\\Container\\BoundMethod::Illuminate\\Container\\{closure}()\n#8 /home/forge/taxes.com.ar/vendor/laravel/framework/src/Illuminate/Container/BoundMethod.php(93): Illuminate\\Container\\Util::unwrapIfClosure()\n#9 /home/forge/taxes.com.ar/vendor/laravel/framework/src/Illuminate/Container/BoundMethod.php(35): Illuminate\\Container\\BoundMethod::callBoundMethod()\n#10 /home/forge/taxes.com.ar/vendor/laravel/framework/src/Illuminate/Container/Container.php(661): Illuminate\\Container\\BoundMethod::call()\n#11 /home/forge/taxes.com.ar/vendor/laravel/framework/src/Illuminate/Console/Command.php(183): Illuminate\\Container\\Container->call()\n#12 /home/forge/taxes.com.ar/vendor/symfony/console/Command/Command.php(326): Illuminate\\Console\\Command->execute()\n#13 /home/forge/taxes.com.ar/vendor/laravel/framework/src/Illuminate/Console/Command.php(152): Symfony\\Component\\Console\\Command\\Command->run()\n#14 /home/forge/taxes.com.ar/vendor/symfony/console/Application.php(1078): Illuminate\\Console\\Command->run()\n#15 /home/forge/taxes.com.ar/vendor/symfony/console/Application.php(324): Symfony\\Component\\Console\\Application->doRunCommand()\n#16 /home/forge/taxes.com.ar/vendor/symfony/console/Application.php(175): Symfony\\Component\\Console\\Application->doRun()\n#17 /home/forge/taxes.com.ar/vendor/laravel/framework/src/Illuminate/Console/Application.php(102): Symfony\\Component\\Console\\Application->run()\n#18 /home/forge/taxes.com.ar/vendor/laravel/framework/src/Illuminate/Foundation/Console/Kernel.php(155): Illuminate\\Console\\Application->run()\n#19 /home/forge/taxes.com.ar/artisan(33): Illuminate\\Foundation\\Console\\Kernel->handle()\n#20 {main}','2024-11-06 17:11:48',NULL);
INSERT INTO `failed_jobs` VALUES (11,NULL,'database','finance','{\"uuid\":\"3639cead-7a18-44b6-a45a-3d405ce4a286\",\"displayName\":\"App\\\\Jobs\\\\QueueGenerica\",\"job\":\"Illuminate\\\\Queue\\\\CallQueuedHandler@call\",\"maxTries\":null,\"maxExceptions\":null,\"failOnTimeout\":false,\"backoff\":null,\"timeout\":null,\"retryUntil\":null,\"data\":{\"commandName\":\"App\\\\Jobs\\\\QueueGenerica\",\"command\":\"O:22:\\\"App\\\\Jobs\\\\QueueGenerica\\\":2:{s:28:\\\"\\u0000App\\\\Jobs\\\\QueueGenerica\\u0000data\\\";O:29:\\\"Illuminate\\\\Support\\\\Collection\\\":5:{s:8:\\\"\\u0000*\\u0000items\\\";a:0:{}s:28:\\\"\\u0000*\\u0000escapeWhenCastingToString\\\";b:0;s:11:\\\"controlador\\\";s:58:\\\"\\\\App\\\\Http\\\\Controllers\\\\Contabilidad\\\\ContaReportesController\\\";s:6:\\\"metodo\\\";s:25:\\\"Execute_LibroDiarioExport\\\";s:9:\\\"variables\\\";O:29:\\\"Illuminate\\\\Support\\\\Collection\\\":5:{s:8:\\\"\\u0000*\\u0000items\\\";a:0:{}s:28:\\\"\\u0000*\\u0000escapeWhenCastingToString\\\";b:0;s:7:\\\"request\\\";O:8:\\\"stdClass\\\":5:{s:9:\\\"person_id\\\";s:5:\\\"40807\\\";s:14:\\\"current_person\\\";O:8:\\\"stdClass\\\":4:{s:2:\\\"id\\\";s:5:\\\"40807\\\";s:11:\\\"field_name1\\\";s:17:\\\"MEDIO ORIENTE SRL\\\";s:8:\\\"document\\\";s:13:\\\"30-54849626-4\\\";s:5:\\\"email\\\";s:28:\\\"daniel.chorbadjian@gmail.com\\\";}s:5:\\\"desde\\\";s:10:\\\"2023-07-01\\\";s:5:\\\"hasta\\\";s:10:\\\"2024-06-30\\\";s:6:\\\"opcion\\\";s:1:\\\"0\\\";}s:4:\\\"user\\\";O:8:\\\"App\\\\User\\\":31:{s:13:\\\"\\u0000*\\u0000connection\\\";s:9:\\\"seguridad\\\";s:8:\\\"\\u0000*\\u0000table\\\";s:6:\\\"tusers\\\";s:13:\\\"\\u0000*\\u0000primaryKey\\\";s:6:\\\"idUser\\\";s:10:\\\"\\u0000*\\u0000keyType\\\";s:3:\\\"int\\\";s:12:\\\"incrementing\\\";b:1;s:7:\\\"\\u0000*\\u0000with\\\";a:0:{}s:12:\\\"\\u0000*\\u0000withCount\\\";a:0:{}s:19:\\\"preventsLazyLoading\\\";b:0;s:10:\\\"\\u0000*\\u0000perPage\\\";i:15;s:6:\\\"exists\\\";b:1;s:18:\\\"wasRecentlyCreated\\\";b:0;s:28:\\\"\\u0000*\\u0000escapeWhenCastingToString\\\";b:0;s:13:\\\"\\u0000*\\u0000attributes\\\";a:19:{s:6:\\\"idUser\\\";i:975;s:6:\\\"nombre\\\";s:15:\\\"Graciela Ibarra\\\";s:9:\\\"loginUser\\\";s:25:\\\"graciela@ecaviglia.com.ar\\\";s:9:\\\"emailUser\\\";s:25:\\\"graciela@ecaviglia.com.ar\\\";s:5:\\\"clave\\\";s:9:\\\"lospiojos\\\";s:9:\\\"claveUser\\\";s:60:\\\"$2y$10$Ey4WkP9ldAAsuZi\\/gRRnT.YVnuVQ46KXKwFT0x3Lqg59dGGUIlTle\\\";s:5:\\\"firma\\\";N;s:6:\\\"avatar\\\";N;s:10:\\\"statusUser\\\";i:1;s:9:\\\"api_token\\\";N;s:14:\\\"remember_token\\\";N;s:10:\\\"created_at\\\";s:19:\\\"2020-09-11 16:34:15\\\";s:10:\\\"updated_at\\\";s:19:\\\"2023-04-15 14:40:34\\\";s:12:\\\"user_type_id\\\";i:3;s:18:\\\"es_empresa_externa\\\";i:0;s:15:\\\"suscrip_plan_id\\\";N;s:11:\\\"hidden_menu\\\";i:0;s:7:\\\"importe\\\";N;s:6:\\\"person\\\";O:17:\\\"App\\\\Models\\\\Person\\\":30:{s:13:\\\"\\u0000*\\u0000connection\\\";s:9:\\\"seguridad\\\";s:8:\\\"\\u0000*\\u0000table\\\";s:7:\\\"persons\\\";s:13:\\\"\\u0000*\\u0000primaryKey\\\";s:2:\\\"id\\\";s:10:\\\"\\u0000*\\u0000keyType\\\";s:3:\\\"int\\\";s:12:\\\"incrementing\\\";b:1;s:7:\\\"\\u0000*\\u0000with\\\";a:0:{}s:12:\\\"\\u0000*\\u0000withCount\\\";a:0:{}s:19:\\\"preventsLazyLoading\\\";b:0;s:10:\\\"\\u0000*\\u0000perPage\\\";i:15;s:6:\\\"exists\\\";b:1;s:18:\\\"wasRecentlyCreated\\\";b:0;s:28:\\\"\\u0000*\\u0000escapeWhenCastingToString\\\";b:0;s:13:\\\"\\u0000*\\u0000attributes\\\";a:27:{s:2:\\\"id\\\";i:45240;s:7:\\\"user_id\\\";i:1;s:11:\\\"field_name1\\\";s:17:\\\"Mazzitelli Daniel\\\";s:12:\\\"fantasy_name\\\";N;s:6:\\\"codigo\\\";s:5:\\\"45240\\\";s:11:\\\"field_name2\\\";N;s:13:\\\"document_type\\\";s:4:\\\"cuit\\\";s:8:\\\"document\\\";s:13:\\\"20-27778665-7\\\";s:21:\\\"cond_frente_al_iva_id\\\";N;s:10:\\\"country_id\\\";N;s:8:\\\"state_id\\\";N;s:7:\\\"zone_id\\\";N;s:14:\\\"plan_cuenta_id\\\";N;s:20:\\\"iva_creditos_tipo_id\\\";N;s:10:\\\"created_at\\\";s:19:\\\"2020-09-02 11:38:00\\\";s:10:\\\"updated_at\\\";s:19:\\\"2020-09-02 11:38:00\\\";s:11:\\\"activity_id\\\";N;s:7:\\\"address\\\";N;s:12:\\\"localidad_id\\\";N;s:14:\\\"person_type_id\\\";i:1;s:19:\\\"fa_iva_condition_id\\\";N;s:16:\\\"fa_codigo_postal\\\";N;s:10:\\\"comentario\\\";N;s:5:\\\"email\\\";N;s:18:\\\"iva_per_regimen_id\\\";N;s:18:\\\"iva_ret_regimen_id\\\";N;s:10:\\\"deleted_at\\\";N;}s:11:\\\"\\u0000*\\u0000original\\\";a:27:{s:2:\\\"id\\\";i:45240;s:7:\\\"user_id\\\";i:1;s:11:\\\"field_name1\\\";s:17:\\\"Mazzitelli Daniel\\\";s:12:\\\"fantasy_name\\\";N;s:6:\\\"codigo\\\";s:5:\\\"45240\\\";s:11:\\\"field_name2\\\";N;s:13:\\\"document_type\\\";s:4:\\\"cuit\\\";s:8:\\\"document\\\";s:13:\\\"20-27778665-7\\\";s:21:\\\"cond_frente_al_iva_id\\\";N;s:10:\\\"country_id\\\";N;s:8:\\\"state_id\\\";N;s:7:\\\"zone_id\\\";N;s:14:\\\"plan_cuenta_id\\\";N;s:20:\\\"iva_creditos_tipo_id\\\";N;s:10:\\\"created_at\\\";s:19:\\\"2020-09-02 11:38:00\\\";s:10:\\\"updated_at\\\";s:19:\\\"2020-09-02 11:38:00\\\";s:11:\\\"activity_id\\\";N;s:7:\\\"address\\\";N;s:12:\\\"localidad_id\\\";N;s:14:\\\"person_type_id\\\";i:1;s:19:\\\"fa_iva_condition_id\\\";N;s:16:\\\"fa_codigo_postal\\\";N;s:10:\\\"comentario\\\";N;s:5:\\\"email\\\";N;s:18:\\\"iva_per_regimen_id\\\";N;s:18:\\\"iva_ret_regimen_id\\\";N;s:10:\\\"deleted_at\\\";N;}s:10:\\\"\\u0000*\\u0000changes\\\";a:0:{}s:8:\\\"\\u0000*\\u0000casts\\\";a:0:{}s:17:\\\"\\u0000*\\u0000classCastCache\\\";a:0:{}s:21:\\\"\\u0000*\\u0000attributeCastCache\\\";a:0:{}s:8:\\\"\\u0000*\\u0000dates\\\";a:0:{}s:13:\\\"\\u0000*\\u0000dateFormat\\\";N;s:10:\\\"\\u0000*\\u0000appends\\\";a:0:{}s:19:\\\"\\u0000*\\u0000dispatchesEvents\\\";a:0:{}s:14:\\\"\\u0000*\\u0000observables\\\";a:0:{}s:12:\\\"\\u0000*\\u0000relations\\\";a:0:{}s:10:\\\"\\u0000*\\u0000touches\\\";a:0:{}s:10:\\\"timestamps\\\";b:1;s:9:\\\"\\u0000*\\u0000hidden\\\";a:0:{}s:10:\\\"\\u0000*\\u0000visible\\\";a:0:{}s:11:\\\"\\u0000*\\u0000fillable\\\";a:0:{}s:10:\\\"\\u0000*\\u0000guarded\\\";a:0:{}}}s:11:\\\"\\u0000*\\u0000original\\\";a:18:{s:6:\\\"idUser\\\";i:975;s:6:\\\"nombre\\\";s:15:\\\"Graciela Ibarra\\\";s:9:\\\"loginUser\\\";s:25:\\\"graciela@ecaviglia.com.ar\\\";s:9:\\\"emailUser\\\";s:25:\\\"graciela@ecaviglia.com.ar\\\";s:5:\\\"clave\\\";s:9:\\\"lospiojos\\\";s:9:\\\"claveUser\\\";s:60:\\\"$2y$10$Ey4WkP9ldAAsuZi\\/gRRnT.YVnuVQ46KXKwFT0x3Lqg59dGGUIlTle\\\";s:5:\\\"firma\\\";N;s:6:\\\"avatar\\\";N;s:10:\\\"statusUser\\\";i:1;s:9:\\\"api_token\\\";N;s:14:\\\"remember_token\\\";N;s:10:\\\"created_at\\\";s:19:\\\"2020-09-11 16:34:15\\\";s:10:\\\"updated_at\\\";s:19:\\\"2023-04-15 14:40:34\\\";s:12:\\\"user_type_id\\\";i:3;s:18:\\\"es_empresa_externa\\\";i:0;s:15:\\\"suscrip_plan_id\\\";N;s:11:\\\"hidden_menu\\\";i:0;s:7:\\\"importe\\\";N;}s:10:\\\"\\u0000*\\u0000changes\\\";a:0:{}s:8:\\\"\\u0000*\\u0000casts\\\";a:0:{}s:17:\\\"\\u0000*\\u0000classCastCache\\\";a:0:{}s:21:\\\"\\u0000*\\u0000attributeCastCache\\\";a:0:{}s:8:\\\"\\u0000*\\u0000dates\\\";a:0:{}s:13:\\\"\\u0000*\\u0000dateFormat\\\";N;s:10:\\\"\\u0000*\\u0000appends\\\";a:1:{i:0;s:24:\\\"usuario_madre_habilitado\\\";}s:19:\\\"\\u0000*\\u0000dispatchesEvents\\\";a:0:{}s:14:\\\"\\u0000*\\u0000observables\\\";a:0:{}s:12:\\\"\\u0000*\\u0000relations\\\";a:0:{}s:10:\\\"\\u0000*\\u0000touches\\\";a:0:{}s:10:\\\"timestamps\\\";b:1;s:9:\\\"\\u0000*\\u0000hidden\\\";a:4:{i:0;s:8:\\\"password\\\";i:1;s:14:\\\"remember_token\\\";i:2;s:9:\\\"claveUser\\\";i:3;s:5:\\\"clave\\\";}s:10:\\\"\\u0000*\\u0000visible\\\";a:0:{}s:11:\\\"\\u0000*\\u0000fillable\\\";a:12:{i:0;s:6:\\\"nombre\\\";i:1;s:9:\\\"loginUser\\\";i:2;s:9:\\\"emailUser\\\";i:3;s:5:\\\"clave\\\";i:4;s:9:\\\"claveUser\\\";i:5;s:10:\\\"statusUser\\\";i:6;s:12:\\\"user_type_id\\\";i:7;s:5:\\\"firma\\\";i:8;s:15:\\\"suscrip_plan_id\\\";i:9;s:7:\\\"importe\\\";i:10;s:6:\\\"avatar\\\";i:11;s:18:\\\"es_empresa_externa\\\";}s:10:\\\"\\u0000*\\u0000guarded\\\";a:1:{i:0;s:1:\\\"*\\\";}s:20:\\\"\\u0000*\\u0000rememberTokenName\\\";s:14:\\\"remember_token\\\";}s:12:\\\"path_of_file\\\";O:21:\\\"App\\\\Models\\\\PathOfFile\\\":31:{s:13:\\\"\\u0000*\\u0000connection\\\";s:7:\\\"finance\\\";s:8:\\\"\\u0000*\\u0000table\\\";s:12:\\\"path_of_file\\\";s:13:\\\"\\u0000*\\u0000primaryKey\\\";s:2:\\\"id\\\";s:10:\\\"\\u0000*\\u0000keyType\\\";s:3:\\\"int\\\";s:12:\\\"incrementing\\\";b:1;s:7:\\\"\\u0000*\\u0000with\\\";a:0:{}s:12:\\\"\\u0000*\\u0000withCount\\\";a:0:{}s:19:\\\"preventsLazyLoading\\\";b:0;s:10:\\\"\\u0000*\\u0000perPage\\\";i:15;s:6:\\\"exists\\\";b:1;s:18:\\\"wasRecentlyCreated\\\";b:1;s:28:\\\"\\u0000*\\u0000escapeWhenCastingToString\\\";b:0;s:13:\\\"\\u0000*\\u0000attributes\\\";a:6:{s:9:\\\"person_id\\\";s:5:\\\"40807\\\";s:7:\\\"user_id\\\";i:975;s:20:\\\"path_of_file_name_id\\\";i:2;s:10:\\\"updated_at\\\";s:19:\\\"2024-11-06 17:44:58\\\";s:10:\\\"created_at\\\";s:19:\\\"2024-11-06 17:44:58\\\";s:2:\\\"id\\\";i:6190;}s:11:\\\"\\u0000*\\u0000original\\\";a:6:{s:9:\\\"person_id\\\";s:5:\\\"40807\\\";s:7:\\\"user_id\\\";i:975;s:20:\\\"path_of_file_name_id\\\";i:2;s:10:\\\"updated_at\\\";s:19:\\\"2024-11-06 17:44:58\\\";s:10:\\\"created_at\\\";s:19:\\\"2024-11-06 17:44:58\\\";s:2:\\\"id\\\";i:6190;}s:10:\\\"\\u0000*\\u0000changes\\\";a:0:{}s:8:\\\"\\u0000*\\u0000casts\\\";a:1:{s:10:\\\"deleted_at\\\";s:8:\\\"datetime\\\";}s:17:\\\"\\u0000*\\u0000classCastCache\\\";a:0:{}s:21:\\\"\\u0000*\\u0000attributeCastCache\\\";a:0:{}s:8:\\\"\\u0000*\\u0000dates\\\";a:0:{}s:13:\\\"\\u0000*\\u0000dateFormat\\\";N;s:10:\\\"\\u0000*\\u0000appends\\\";a:0:{}s:19:\\\"\\u0000*\\u0000dispatchesEvents\\\";a:0:{}s:14:\\\"\\u0000*\\u0000observables\\\";a:0:{}s:12:\\\"\\u0000*\\u0000relations\\\";a:0:{}s:10:\\\"\\u0000*\\u0000touches\\\";a:0:{}s:10:\\\"timestamps\\\";b:1;s:9:\\\"\\u0000*\\u0000hidden\\\";a:0:{}s:10:\\\"\\u0000*\\u0000visible\\\";a:0:{}s:11:\\\"\\u0000*\\u0000fillable\\\";a:0:{}s:10:\\\"\\u0000*\\u0000guarded\\\";a:0:{}s:16:\\\"\\u0000*\\u0000forceDeleting\\\";b:0;}}}s:5:\\\"queue\\\";s:7:\\\"finance\\\";}\"}}','Illuminate\\Queue\\MaxAttemptsExceededException: App\\Jobs\\QueueGenerica has been attempted too many times or run too long. The job may have previously timed out. in /home/forge/taxes.com.ar/vendor/laravel/framework/src/Illuminate/Queue/Worker.php:746\nStack trace:\n#0 /home/forge/taxes.com.ar/vendor/laravel/framework/src/Illuminate/Queue/Worker.php(505): Illuminate\\Queue\\Worker->maxAttemptsExceededException()\n#1 /home/forge/taxes.com.ar/vendor/laravel/framework/src/Illuminate/Queue/Worker.php(414): Illuminate\\Queue\\Worker->markJobAsFailedIfAlreadyExceedsMaxAttempts()\n#2 /home/forge/taxes.com.ar/vendor/laravel/framework/src/Illuminate/Queue/Worker.php(375): Illuminate\\Queue\\Worker->process()\n#3 /home/forge/taxes.com.ar/vendor/laravel/framework/src/Illuminate/Queue/Worker.php(173): Illuminate\\Queue\\Worker->runJob()\n#4 /home/forge/taxes.com.ar/vendor/laravel/framework/src/Illuminate/Queue/Console/WorkCommand.php(147): Illuminate\\Queue\\Worker->daemon()\n#5 /home/forge/taxes.com.ar/vendor/laravel/framework/src/Illuminate/Queue/Console/WorkCommand.php(130): Illuminate\\Queue\\Console\\WorkCommand->runWorker()\n#6 /home/forge/taxes.com.ar/vendor/laravel/framework/src/Illuminate/Container/BoundMethod.php(36): Illuminate\\Queue\\Console\\WorkCommand->handle()\n#7 /home/forge/taxes.com.ar/vendor/laravel/framework/src/Illuminate/Container/Util.php(41): Illuminate\\Container\\BoundMethod::Illuminate\\Container\\{closure}()\n#8 /home/forge/taxes.com.ar/vendor/laravel/framework/src/Illuminate/Container/BoundMethod.php(93): Illuminate\\Container\\Util::unwrapIfClosure()\n#9 /home/forge/taxes.com.ar/vendor/laravel/framework/src/Illuminate/Container/BoundMethod.php(35): Illuminate\\Container\\BoundMethod::callBoundMethod()\n#10 /home/forge/taxes.com.ar/vendor/laravel/framework/src/Illuminate/Container/Container.php(661): Illuminate\\Container\\BoundMethod::call()\n#11 /home/forge/taxes.com.ar/vendor/laravel/framework/src/Illuminate/Console/Command.php(183): Illuminate\\Container\\Container->call()\n#12 /home/forge/taxes.com.ar/vendor/symfony/console/Command/Command.php(326): Illuminate\\Console\\Command->execute()\n#13 /home/forge/taxes.com.ar/vendor/laravel/framework/src/Illuminate/Console/Command.php(152): Symfony\\Component\\Console\\Command\\Command->run()\n#14 /home/forge/taxes.com.ar/vendor/symfony/console/Application.php(1078): Illuminate\\Console\\Command->run()\n#15 /home/forge/taxes.com.ar/vendor/symfony/console/Application.php(324): Symfony\\Component\\Console\\Application->doRunCommand()\n#16 /home/forge/taxes.com.ar/vendor/symfony/console/Application.php(175): Symfony\\Component\\Console\\Application->doRun()\n#17 /home/forge/taxes.com.ar/vendor/laravel/framework/src/Illuminate/Console/Application.php(102): Symfony\\Component\\Console\\Application->run()\n#18 /home/forge/taxes.com.ar/vendor/laravel/framework/src/Illuminate/Foundation/Console/Kernel.php(155): Illuminate\\Console\\Application->run()\n#19 /home/forge/taxes.com.ar/artisan(33): Illuminate\\Foundation\\Console\\Kernel->handle()\n#20 {main}','2024-11-06 17:46:29',NULL);

--
-- Table structure for table `faq`
--

CREATE TABLE `faq` (
  `id` int(10) unsigned NOT NULL AUTO_INCREMENT,
  `pregunta` longtext COLLATE utf8mb4_unicode_ci NOT NULL,
  `respuesta` longtext COLLATE utf8mb4_unicode_ci NOT NULL,
  `habilitado` tinyint(1) NOT NULL DEFAULT '1',
  `created_at` timestamp NULL DEFAULT NULL,
  `updated_at` timestamp NULL DEFAULT NULL,
  `deleted_at` timestamp NULL DEFAULT NULL,
  PRIMARY KEY (`id`)
) ENGINE=InnoDB DEFAULT CHARSET=utf8mb4 COLLATE=utf8mb4_unicode_ci;

--
-- Dumping data for table `faq`
--


--
-- Table structure for table `file_upload_details`
--

CREATE TABLE `file_upload_details` (
  `id` int(10) unsigned NOT NULL AUTO_INCREMENT,
  `file_upload_id` int(10) unsigned NOT NULL,
  `detail` longtext COLLATE utf8mb4_unicode_ci NOT NULL,
  `created_at` timestamp NULL DEFAULT NULL,
  `updated_at` timestamp NULL DEFAULT NULL,
  PRIMARY KEY (`id`),
  KEY `file_upload_details_file_upload_id_foreign` (`file_upload_id`),
  CONSTRAINT `file_upload_details_file_upload_id_foreign` FOREIGN KEY (`file_upload_id`) REFERENCES `file_uploads` (`id`)
) ENGINE=InnoDB DEFAULT CHARSET=utf8mb4 COLLATE=utf8mb4_unicode_ci;

--
-- Dumping data for table `file_upload_details`
--


--
-- Table structure for table `file_uploads`
--

CREATE TABLE `file_uploads` (
  `id` int(10) unsigned NOT NULL AUTO_INCREMENT,
  `data_type_id` int(10) unsigned NOT NULL,
  `user_id` int(10) unsigned NOT NULL,
  `person_id` int(10) unsigned NOT NULL,
  `period_id` int(10) unsigned DEFAULT NULL,
  `path` varchar(255) COLLATE utf8mb4_unicode_ci NOT NULL,
  `status` int(10) unsigned NOT NULL DEFAULT '1',
  `created_at` timestamp NULL DEFAULT NULL,
  `updated_at` timestamp NULL DEFAULT NULL,
  PRIMARY KEY (`id`),
  KEY `file_uploads_data_type_id_foreign` (`data_type_id`),
  KEY `file_uploads_user_id_foreign` (`user_id`),
  KEY `file_uploads_person_id_foreign` (`person_id`),
  KEY `file_uploads_period_id_foreign` (`period_id`),
  CONSTRAINT `file_uploads_data_type_id_foreign` FOREIGN KEY (`data_type_id`) REFERENCES `data_types` (`id`),
  CONSTRAINT `file_uploads_period_id_foreign` FOREIGN KEY (`period_id`) REFERENCES `periods` (`id`),
  CONSTRAINT `file_uploads_person_id_foreign` FOREIGN KEY (`person_id`) REFERENCES `persons` (`id`),
  CONSTRAINT `file_uploads_user_id_foreign` FOREIGN KEY (`user_id`) REFERENCES `tusers` (`idUser`)
) ENGINE=InnoDB DEFAULT CHARSET=utf8mb4 COLLATE=utf8mb4_unicode_ci;

--
-- Dumping data for table `file_uploads`
--


--
-- Table structure for table `forma_de_entrega`
--

CREATE TABLE `forma_de_entrega` (
  `id` bigint(20) unsigned NOT NULL AUTO_INCREMENT,
  `user_id` int(10) unsigned DEFAULT NULL,
  `person_id` int(10) unsigned NOT NULL,
  `descripcion` text COLLATE utf8mb4_unicode_ci NOT NULL,
  `detalle` longtext COLLATE utf8mb4_unicode_ci,
  `habilitado` tinyint(1) NOT NULL DEFAULT '1',
  `created_at` timestamp NULL DEFAULT NULL,
  `updated_at` timestamp NULL DEFAULT NULL,
  `deleted_at` timestamp NULL DEFAULT NULL,
  PRIMARY KEY (`id`),
  KEY `forma_de_entrega_person_id_foreign` (`person_id`),
  CONSTRAINT `forma_de_entrega_person_id_foreign` FOREIGN KEY (`person_id`) REFERENCES `persons` (`id`)
) ENGINE=InnoDB DEFAULT CHARSET=utf8mb4 COLLATE=utf8mb4_unicode_ci;

--
-- Dumping data for table `forma_de_entrega`
--


--
-- Table structure for table `ganan_art_90`
--

CREATE TABLE `ganan_art_90` (
  `id` int(10) unsigned NOT NULL AUTO_INCREMENT,
  `anio` int(10) unsigned NOT NULL,
  `desde` decimal(16,2) NOT NULL DEFAULT '0.00',
  `hasta` decimal(16,2) NOT NULL DEFAULT '0.00',
  `impuesto` decimal(16,2) NOT NULL DEFAULT '0.00',
  `mas_porcentaje` decimal(16,2) NOT NULL DEFAULT '0.00',
  `excedente` decimal(16,2) NOT NULL DEFAULT '0.00',
  `created_at` timestamp NULL DEFAULT NULL,
  `updated_at` timestamp NULL DEFAULT NULL,
  `deleted_at` timestamp NULL DEFAULT NULL,
  PRIMARY KEY (`id`)
) ENGINE=InnoDB AUTO_INCREMENT=91 DEFAULT CHARSET=utf8mb4 COLLATE=utf8mb4_unicode_ci;

--
-- Dumping data for table `ganan_art_90`
--

INSERT INTO `ganan_art_90` VALUES (1,2017,0.00,20000.00,0.00,0.05,0.00,'2019-11-15 13:24:27','2019-11-15 13:24:27',NULL),(2,2017,20000.00,40000.00,1000.00,0.09,20000.00,'2019-11-15 13:24:27','2019-11-15 13:24:27',NULL),(3,2017,40000.00,60000.00,2800.00,0.12,40000.00,'2019-11-15 13:24:27','2019-11-15 13:24:27',NULL),(4,2017,60000.00,80000.00,5200.00,0.15,60000.00,'2019-11-15 13:24:27','2019-11-15 13:24:27',NULL),(5,2017,80000.00,120000.00,8200.00,0.19,80000.00,'2019-11-15 13:24:27','2019-11-15 13:24:27',NULL),(6,2017,120000.00,160000.00,15800.00,0.23,120000.00,'2019-11-15 13:24:27','2019-11-15 13:24:27',NULL),(7,2017,160000.00,240000.00,25000.00,0.27,160000.00,'2019-11-15 13:24:27','2019-11-15 13:24:27',NULL),(8,2017,240000.00,320000.00,46600.00,0.31,240000.00,'2019-11-15 13:24:27','2019-11-15 13:24:27',NULL),(9,2017,320000.00,999999999.99,71400.00,0.35,320000.00,'2019-11-15 13:24:27','2019-11-15 13:24:27',NULL),(10,2018,0.00,25754.00,0.00,0.05,0.00,'2019-11-15 13:24:27','2019-11-15 13:24:27',NULL),(11,2018,25754.00,51508.00,1287.70,0.09,25754.00,'2019-11-15 13:24:27','2019-11-15 13:24:27',NULL),(12,2018,51508.00,77262.00,3605.56,0.12,51508.00,'2019-11-15 13:24:27','2019-11-15 13:24:27',NULL),(13,2018,77262.00,103016.00,6696.04,0.15,77262.00,'2019-11-15 13:24:27','2019-11-15 13:24:27',NULL),(14,2018,103016.00,154524.00,10559.14,0.19,103016.00,'2019-11-15 13:24:27','2019-11-15 13:24:27',NULL),(15,2018,154524.00,206032.00,20345.66,0.23,154524.00,'2019-11-15 13:24:27','2019-11-15 13:24:27',NULL),(16,2018,206032.00,309048.00,32192.50,0.27,206032.00,'2019-11-15 13:24:27','2019-11-15 13:24:27',NULL),(17,2018,309048.00,412064.00,60006.82,0.31,309048.00,'2019-11-15 13:24:27','2019-11-15 13:24:27',NULL),(18,2018,412064.00,999999999.99,91941.78,0.35,412064.00,'2019-11-15 13:24:27','2019-11-15 13:24:27',NULL),(19,2019,0.00,33039.81,0.00,0.05,0.00,'2019-11-15 13:24:27','2019-11-15 13:24:27',NULL),(20,2019,33039.81,66079.61,1651.99,0.09,33039.81,'2019-11-15 13:24:27','2019-11-15 13:24:27',NULL),(21,2019,66079.61,99119.42,4625.57,0.12,66079.61,'2019-11-15 13:24:27','2019-11-15 13:24:27',NULL),(22,2019,99119.42,132159.23,8590.35,0.15,99119.42,'2019-11-15 13:24:27','2019-11-15 13:24:27',NULL),(23,2019,132159.23,198238.84,13546.32,0.19,132159.23,'2019-11-15 13:24:27','2019-11-15 13:24:27',NULL),(24,2019,198238.84,264318.45,26101.45,0.23,198238.84,'2019-11-15 13:24:27','2019-11-15 13:24:27',NULL),(25,2019,264318.45,396477.68,41299.76,0.27,264318.45,'2019-11-15 13:24:27','2019-11-15 13:24:27',NULL),(26,2019,396477.68,528636.91,76982.75,0.31,396477.68,'2019-11-15 13:24:27','2019-11-15 13:24:27',NULL),(27,2019,528636.91,999999999.99,117952.11,0.35,528636.91,'2019-11-15 13:24:27','2019-11-15 13:24:27',NULL),(28,2016,0.00,10000.00,0.00,0.09,0.00,'2020-01-28 13:48:34','2020-02-27 02:59:44',NULL),(29,2016,10000.00,20000.00,900.00,0.14,10000.00,'2020-01-28 13:48:34','2020-02-27 02:59:44',NULL),(30,2016,20000.00,30000.00,2300.00,0.19,20000.00,'2020-01-28 13:48:34','2020-02-27 02:59:44',NULL),(31,2016,30000.00,60000.00,4200.00,0.23,30000.00,'2020-01-28 13:48:34','2020-02-27 02:59:44',NULL),(32,2016,60000.00,90000.00,11100.00,0.27,60000.00,'2020-01-28 13:48:34','2020-02-27 02:59:44',NULL),(33,2016,90000.00,120000.00,19200.00,0.31,90000.00,'2020-01-28 13:48:34','2020-02-27 02:59:44',NULL),(34,2016,120000.00,999999999.00,28500.00,0.35,120000.00,'2020-01-28 13:48:34','2020-02-27 02:59:44',NULL),(37,2020,0.00,47669.16,0.00,0.05,0.00,'2020-01-28 14:17:39','2020-01-28 14:17:39',NULL),(38,2020,47669.16,95338.32,2383.46,0.09,47669.16,'2020-01-28 14:17:39','2020-01-28 14:17:39',NULL),(39,2020,95338.32,143007.48,6673.68,0.12,95338.32,'2020-01-28 14:17:39','2020-01-28 14:17:39',NULL),(40,2020,143007.48,190676.65,12393.98,0.15,143007.48,'2020-01-28 14:17:39','2020-01-28 14:17:39',NULL),(41,2020,190676.65,286014.96,19544.36,0.19,190676.65,'2020-01-28 14:17:39','2023-02-16 08:52:54',NULL),(42,2020,286014.96,381353.28,37658.64,0.23,286014.96,'2020-01-28 14:17:39','2020-01-28 14:17:39',NULL);
INSERT INTO `ganan_art_90` VALUES (43,2020,381353.28,572029.92,59586.45,0.27,381353.28,'2020-01-28 14:17:39','2020-01-28 14:17:39',NULL),(44,2020,572029.92,762706.57,111069.14,0.31,572029.92,'2020-01-28 14:17:39','2020-01-28 14:17:39',NULL),(45,2020,762706.57,999999999.99,170178.90,0.35,762706.57,'2020-01-28 14:17:39','2020-01-28 14:17:39',NULL),(46,2021,0.00,64532.64,0.00,0.05,0.00,'2023-02-16 08:52:55','2023-02-16 08:52:55',NULL),(47,2021,64532.64,129065.29,3226.63,0.09,64532.64,'2023-02-16 08:52:55','2023-02-16 08:52:55',NULL),(48,2021,129065.29,193597.93,9034.57,0.12,129065.29,'2023-02-16 08:52:55','2023-02-16 08:52:55',NULL),(49,2021,193597.93,258130.58,16778.49,0.15,193597.93,'2023-02-16 08:52:55','2023-02-16 08:52:55',NULL),(50,2021,258130.58,387195.86,26458.39,0.19,258130.58,'2023-02-16 08:52:55','2023-02-16 08:52:55',NULL),(51,2021,387195.86,516261.14,50980.79,0.23,387195.86,'2023-02-16 08:52:55','2023-02-16 08:53:02',NULL),(52,2021,516261.14,774391.71,80665.80,0.27,516261.14,'2023-02-16 08:52:55','2023-02-16 08:52:55',NULL),(53,2021,774391.71,1032522.30,150361.06,0.31,774391.71,'2023-02-16 08:52:55','2023-02-16 08:52:55',NULL),(54,2021,1032522.30,999999999.99,230381.54,0.35,1032522.30,'2023-02-16 08:52:55','2023-02-16 08:52:55',NULL),(55,2022,0.00,97201.99,0.00,0.05,0.00,'2023-02-16 08:52:58','2023-02-16 08:52:59',NULL),(56,2022,97201.99,194404.01,4860.10,0.09,97201.99,'2023-02-16 08:52:58','2023-02-16 08:52:58',NULL),(57,2022,194404.01,291606.01,13608.29,0.12,194404.01,'2023-02-16 08:52:58','2023-02-16 08:52:58',NULL),(58,2022,291606.01,388808.02,25272.52,0.15,291606.01,'2023-02-16 08:52:58','2023-02-16 08:52:58',NULL),(59,2022,388808.02,583212.02,39852.82,0.19,388808.02,'2023-02-16 08:52:58','2023-02-16 08:52:58',NULL),(60,2022,583212.02,777616.02,76789.59,0.23,583212.02,'2023-02-16 08:52:58','2023-02-16 08:52:58',NULL),(61,2022,777616.02,1166424.03,121502.49,0.27,777616.02,'2023-02-16 08:52:58','2023-02-16 08:52:58',NULL),(62,2022,1166424.03,1555232.07,226480.67,0.31,1166424.03,'2023-02-16 08:52:58','2023-02-16 08:52:58',NULL),(63,2022,1555232.07,999999999.99,347011.15,0.35,1555232.07,'2023-02-16 08:52:58','2024-02-09 06:46:24',NULL),(64,2023,0.00,1400000.00,0.00,0.00,0.00,'2023-02-16 08:53:04','2024-02-09 06:46:32',NULL),(65,2023,1400000.00,1526000.00,0.00,0.09,1400000.00,'2023-02-16 08:53:04','2024-02-09 06:46:32',NULL),(66,2023,1526000.00,1648080.00,11340.00,0.12,1526000.00,'2023-02-16 08:53:04','2024-02-09 06:46:32',NULL),(67,2023,1648080.00,1763445.60,25989.60,0.15,1648080.00,'2023-02-16 08:53:04','2024-02-09 06:46:32',NULL),(68,2023,1763445.60,1869252.34,43294.44,0.19,1763445.60,'2023-02-16 08:53:04','2024-02-09 06:46:32',NULL),(69,2023,1869252.34,1962714.95,63397.72,0.23,1869252.34,'2023-02-16 08:53:04','2024-02-09 06:46:32',NULL),(70,2023,1962714.95,2041223.55,84894.12,0.27,1962714.95,'2023-02-16 08:53:04','2024-02-09 06:46:32',NULL),(71,2023,2041223.55,2102460.26,106091.44,0.31,2041223.55,'2023-02-16 08:53:04','2024-02-09 06:46:32',NULL),(72,2023,2102460.26,999999999.00,125074.82,0.35,2102460.26,'2023-02-16 08:53:04','2024-02-09 06:46:32',NULL),(73,2024,0.00,1360200.00,0.00,0.05,0.00,NULL,NULL,NULL),(74,2024,1360200.00,2720400.00,68010.00,0.09,1360200.00,NULL,NULL,NULL),(75,2024,2720400.00,4080600.00,190428.00,0.12,2720400.00,NULL,NULL,NULL),(76,2024,4080600.00,6120900.00,353652.00,0.15,4080600.00,NULL,NULL,NULL),(77,2024,6120900.00,12241800.00,659697.00,0.19,6120900.00,NULL,NULL,NULL),(78,2024,12241800.00,18362700.00,1822668.00,0.23,12241800.00,NULL,NULL,NULL),(79,2024,18362700.00,27544050.00,3230475.00,0.27,18362700.00,NULL,NULL,NULL),(80,2024,27544050.00,41316075.00,5709439.50,0.31,27544050.00,NULL,NULL,NULL),(81,2024,41316075.00,9999999999.00,9978767.25,0.35,41316075.00,NULL,NULL,NULL),(82,2025,0.00,1520371.67,0.00,0.05,0.00,NULL,NULL,NULL),(83,2025,1520371.67,3040743.34,76018.58,0.09,1520371.67,NULL,NULL,NULL),(84,2025,3040743.34,4561115.01,212852.03,0.12,3040743.34,NULL,NULL,NULL);
INSERT INTO `ganan_art_90` VALUES (85,2025,4561115.01,6841672.52,395296.63,0.15,4561115.01,NULL,NULL,NULL),(86,2025,6841672.52,13683345.04,737380.26,0.19,6841672.52,NULL,NULL,NULL),(87,2025,13683345.04,20525017.56,2037298.04,0.23,13683345.04,NULL,NULL,NULL),(88,2025,20525017.56,30787526.34,3610882.72,0.27,20525017.56,NULL,NULL,NULL),(89,2025,30787526.34,46181289.52,6381760.09,0.31,30787526.34,NULL,NULL,NULL),(90,2025,46181289.52,999999999999.00,11153826.67,0.35,46181289.52,NULL,NULL,NULL);

--
-- Table structure for table `ganan_categorias`
--

CREATE TABLE `ganan_categorias` (
  `id` int(10) unsigned NOT NULL AUTO_INCREMENT,
  `nombre` varchar(191) COLLATE utf8mb4_unicode_ci NOT NULL,
  `status` tinyint(1) NOT NULL DEFAULT '1',
  `created_at` timestamp NULL DEFAULT NULL,
  `updated_at` timestamp NULL DEFAULT NULL,
  `deleted_at` timestamp NULL DEFAULT NULL,
  PRIMARY KEY (`id`)
) ENGINE=InnoDB AUTO_INCREMENT=5 DEFAULT CHARSET=utf8mb4 COLLATE=utf8mb4_unicode_ci;

--
-- Dumping data for table `ganan_categorias`
--

INSERT INTO `ganan_categorias` VALUES (1,'Primera',1,'2019-11-15 13:24:28','2019-11-15 13:24:28',NULL),(2,'Segunda',1,'2019-11-15 13:24:28','2019-11-15 13:24:28',NULL),(3,'Tercera',1,'2019-11-15 13:24:28','2019-11-15 13:24:28',NULL),(4,'Cuarta',1,'2019-11-15 13:24:28','2019-11-15 13:24:28',NULL);

--
-- Table structure for table `ganan_conceptos_anticipos`
--

CREATE TABLE `ganan_conceptos_anticipos` (
  `id` int(10) unsigned NOT NULL AUTO_INCREMENT,
  `user_id` int(10) unsigned DEFAULT NULL,
  `nombre` varchar(191) COLLATE utf8mb4_unicode_ci NOT NULL,
  `status` tinyint(1) NOT NULL DEFAULT '1',
  `created_at` timestamp NULL DEFAULT NULL,
  `updated_at` timestamp NULL DEFAULT NULL,
  `deleted_at` timestamp NULL DEFAULT NULL,
  PRIMARY KEY (`id`),
  UNIQUE KEY `ganan_conceptos_anticipos_nombre_unique` (`nombre`)
) ENGINE=InnoDB AUTO_INCREMENT=4 DEFAULT CHARSET=utf8mb4 COLLATE=utf8mb4_unicode_ci;

--
-- Dumping data for table `ganan_conceptos_anticipos`
--

INSERT INTO `ganan_conceptos_anticipos` VALUES (1,NULL,'Anticipos',1,'2019-11-15 13:24:27','2019-11-15 13:24:27',NULL),(2,NULL,'Retenciones y Percepciones',1,'2019-11-15 13:24:27','2019-11-15 13:24:27',NULL),(3,NULL,'Saldo a Favor Anterior',1,'2019-11-15 13:24:27','2019-11-15 13:24:27',NULL);

--
-- Table structure for table `ganan_ddjj_detail_anticipos`
--

CREATE TABLE `ganan_ddjj_detail_anticipos` (
  `id` int(10) unsigned NOT NULL AUTO_INCREMENT,
  `user_id` int(10) unsigned DEFAULT NULL,
  `ganan_ddjj_id` int(10) unsigned NOT NULL,
  `person_id` int(10) unsigned NOT NULL,
  `ganan_concepto_anticipo_id` int(10) unsigned NOT NULL,
  `importe` decimal(16,2) NOT NULL DEFAULT '0.00',
  `created_at` timestamp NULL DEFAULT NULL,
  `updated_at` timestamp NULL DEFAULT NULL,
  `deleted_at` timestamp NULL DEFAULT NULL,
  PRIMARY KEY (`id`),
  KEY `ganan_ddjj_detail_anticipos_ganan_ddjj_id_foreign` (`ganan_ddjj_id`),
  KEY `ganan_ddjj_detail_anticipos_person_id_foreign` (`person_id`),
  KEY `ganan_ddjj_detail_anticipos_ganan_concepto_anticipo_id_foreign` (`ganan_concepto_anticipo_id`),
  CONSTRAINT `ganan_ddjj_detail_anticipos_ganan_concepto_anticipo_id_foreign` FOREIGN KEY (`ganan_concepto_anticipo_id`) REFERENCES `ganan_conceptos_anticipos` (`id`),
  CONSTRAINT `ganan_ddjj_detail_anticipos_ganan_ddjj_id_foreign` FOREIGN KEY (`ganan_ddjj_id`) REFERENCES `ganan_ddjjs` (`id`),
  CONSTRAINT `ganan_ddjj_detail_anticipos_person_id_foreign` FOREIGN KEY (`person_id`) REFERENCES `persons` (`id`)
) ENGINE=InnoDB AUTO_INCREMENT=4 DEFAULT CHARSET=utf8mb4 COLLATE=utf8mb4_unicode_ci;

--
-- Dumping data for table `ganan_ddjj_detail_anticipos`
--

INSERT INTO `ganan_ddjj_detail_anticipos` VALUES (1,8522,1,40718,1,0.00,'2023-03-01 22:21:44','2023-03-01 22:21:44',NULL),(2,8522,1,40718,2,0.00,'2023-03-01 22:21:44','2023-03-01 22:21:44',NULL),(3,8522,1,40718,3,0.00,'2023-03-01 22:21:44','2023-03-01 22:21:44',NULL);

--
-- Table structure for table `ganan_ddjj_detail_deducciones`
--

CREATE TABLE `ganan_ddjj_detail_deducciones` (
  `id` int(10) unsigned NOT NULL AUTO_INCREMENT,
  `user_id` int(10) unsigned DEFAULT NULL,
  `ganan_ddjj_id` int(10) unsigned NOT NULL,
  `person_id` int(10) unsigned NOT NULL,
  `ganan_deduccion_id` int(10) unsigned NOT NULL,
  `importe` decimal(16,2) NOT NULL DEFAULT '0.00',
  `comentario` varchar(191) COLLATE utf8mb4_unicode_ci DEFAULT NULL,
  `created_at` timestamp NULL DEFAULT NULL,
  `updated_at` timestamp NULL DEFAULT NULL,
  `deleted_at` timestamp NULL DEFAULT NULL,
  PRIMARY KEY (`id`),
  KEY `ganan_ddjj_detail_deducciones_ganan_ddjj_id_foreign` (`ganan_ddjj_id`),
  KEY `ganan_ddjj_detail_deducciones_person_id_foreign` (`person_id`),
  KEY `ganan_ddjj_detail_deducciones_ganan_deduccion_id_foreign` (`ganan_deduccion_id`),
  CONSTRAINT `ganan_ddjj_detail_deducciones_ganan_ddjj_id_foreign` FOREIGN KEY (`ganan_ddjj_id`) REFERENCES `ganan_ddjjs` (`id`),
  CONSTRAINT `ganan_ddjj_detail_deducciones_ganan_deduccion_id_foreign` FOREIGN KEY (`ganan_deduccion_id`) REFERENCES `ganan_deducciones` (`id`),
  CONSTRAINT `ganan_ddjj_detail_deducciones_person_id_foreign` FOREIGN KEY (`person_id`) REFERENCES `persons` (`id`)
) ENGINE=InnoDB AUTO_INCREMENT=20 DEFAULT CHARSET=utf8mb4 COLLATE=utf8mb4_unicode_ci;

--
-- Dumping data for table `ganan_ddjj_detail_deducciones`
--

INSERT INTO `ganan_ddjj_detail_deducciones` VALUES (1,8522,1,40718,110,323232.32,NULL,'2023-03-01 22:21:44','2023-03-01 22:21:44',NULL),(2,8522,1,40718,111,0.00,NULL,'2023-03-01 22:21:44','2023-03-01 22:21:44',NULL),(3,8522,1,40718,112,0.00,NULL,'2023-03-01 22:21:44','2023-03-01 22:21:44',NULL),(4,8522,1,40718,113,0.00,NULL,'2023-03-01 22:21:44','2023-03-01 22:21:44',NULL),(5,8522,1,40718,114,0.00,NULL,'2023-03-01 22:21:44','2023-03-01 22:21:44',NULL),(6,8522,1,40718,115,0.00,NULL,'2023-03-01 22:21:44','2023-03-01 22:21:44',NULL),(7,8522,1,40718,116,0.00,NULL,'2023-03-01 22:21:44','2023-03-01 22:21:44',NULL),(8,8522,1,40718,117,0.00,NULL,'2023-03-01 22:21:44','2023-03-01 22:21:44',NULL),(9,8522,1,40718,118,0.00,NULL,'2023-03-01 22:21:44','2023-03-01 22:21:44',NULL),(10,8522,1,40718,119,0.00,NULL,'2023-03-01 22:21:44','2023-03-01 22:21:44',NULL),(11,8522,1,40718,120,0.00,NULL,'2023-03-01 22:21:44','2023-03-01 22:21:44',NULL),(12,8522,1,40718,121,0.00,NULL,'2023-03-01 22:21:44','2023-03-01 22:21:44',NULL),(13,8522,1,40718,122,0.00,NULL,'2023-03-01 22:21:44','2023-03-01 22:21:44',NULL),(14,8522,1,40718,123,0.00,NULL,'2023-03-01 22:21:44','2023-03-01 22:21:44',NULL),(15,8522,1,40718,124,0.00,NULL,'2023-03-01 22:21:44','2023-03-01 22:21:44',NULL),(16,8522,1,40718,125,0.00,NULL,'2023-03-01 22:21:44','2023-03-01 22:21:44',NULL),(17,8522,1,40718,126,0.00,NULL,'2023-03-01 22:21:44','2023-03-01 22:21:44',NULL),(18,8522,1,40718,127,0.00,NULL,'2023-03-01 22:21:44','2023-03-01 22:21:44',NULL),(19,8522,1,40718,150,0.00,NULL,'2023-03-01 22:21:44','2023-03-01 22:21:44',NULL);

--
-- Table structure for table `ganan_ddjj_detail_ing_egr`
--

CREATE TABLE `ganan_ddjj_detail_ing_egr` (
  `id` int(10) unsigned NOT NULL AUTO_INCREMENT,
  `user_id` int(10) unsigned DEFAULT NULL,
  `ganan_ddjj_id` int(10) unsigned NOT NULL,
  `person_id` int(10) unsigned NOT NULL,
  `conta_tipo_asiento_id` int(10) unsigned NOT NULL,
  `ganan_categoria_id` int(10) unsigned NOT NULL,
  `ganan_tipo_op_id` int(10) unsigned NOT NULL,
  `importe` decimal(16,2) NOT NULL DEFAULT '0.00',
  `comentario` varchar(191) COLLATE utf8mb4_unicode_ci DEFAULT NULL,
  `created_at` timestamp NULL DEFAULT NULL,
  `updated_at` timestamp NULL DEFAULT NULL,
  `deleted_at` timestamp NULL DEFAULT NULL,
  PRIMARY KEY (`id`),
  KEY `ganan_ddjj_detail_ing_egr_ganan_ddjj_id_foreign` (`ganan_ddjj_id`),
  KEY `ganan_ddjj_detail_ing_egr_person_id_foreign` (`person_id`),
  KEY `ganan_ddjj_detail_ing_egr_conta_tipo_asiento_id_foreign` (`conta_tipo_asiento_id`),
  KEY `ganan_ddjj_detail_ing_egr_ganan_categoria_id_foreign` (`ganan_categoria_id`),
  KEY `ganan_ddjj_detail_ing_egr_ganan_tipo_op_id_foreign` (`ganan_tipo_op_id`),
  CONSTRAINT `ganan_ddjj_detail_ing_egr_conta_tipo_asiento_id_foreign` FOREIGN KEY (`conta_tipo_asiento_id`) REFERENCES `conta_tipo_asientos` (`id`),
  CONSTRAINT `ganan_ddjj_detail_ing_egr_ganan_categoria_id_foreign` FOREIGN KEY (`ganan_categoria_id`) REFERENCES `ganan_categorias` (`id`),
  CONSTRAINT `ganan_ddjj_detail_ing_egr_ganan_ddjj_id_foreign` FOREIGN KEY (`ganan_ddjj_id`) REFERENCES `ganan_ddjjs` (`id`),
  CONSTRAINT `ganan_ddjj_detail_ing_egr_ganan_tipo_op_id_foreign` FOREIGN KEY (`ganan_tipo_op_id`) REFERENCES `ganan_tipos_op` (`id`),
  CONSTRAINT `ganan_ddjj_detail_ing_egr_person_id_foreign` FOREIGN KEY (`person_id`) REFERENCES `persons` (`id`)
) ENGINE=InnoDB AUTO_INCREMENT=17 DEFAULT CHARSET=utf8mb4 COLLATE=utf8mb4_unicode_ci;

--
-- Dumping data for table `ganan_ddjj_detail_ing_egr`
--

INSERT INTO `ganan_ddjj_detail_ing_egr` VALUES (1,8522,1,40718,2,1,1,11111111.11,NULL,'2023-03-01 22:21:44','2023-03-01 22:21:44',NULL),(2,8522,1,40718,2,2,1,0.00,NULL,'2023-03-01 22:21:44','2023-03-01 22:21:44',NULL),(3,8522,1,40718,2,3,1,0.00,NULL,'2023-03-01 22:21:44','2023-03-01 22:21:44',NULL),(4,8522,1,40718,2,4,1,0.00,NULL,'2023-03-01 22:21:44','2023-03-01 22:21:44',NULL),(5,8522,1,40718,2,1,2,0.00,NULL,'2023-03-01 22:21:44','2023-03-01 22:21:44',NULL),(6,8522,1,40718,2,2,2,0.00,NULL,'2023-03-01 22:21:44','2023-03-01 22:21:44',NULL),(7,8522,1,40718,2,3,2,0.00,NULL,'2023-03-01 22:21:44','2023-03-01 22:21:44',NULL),(8,8522,1,40718,2,4,2,0.00,NULL,'2023-03-01 22:21:44','2023-03-01 22:21:44',NULL),(9,8522,1,40718,3,1,1,0.00,NULL,'2023-03-01 22:21:44','2023-03-01 22:21:44',NULL),(10,8522,1,40718,3,2,1,0.00,NULL,'2023-03-01 22:21:44','2023-03-01 22:21:44',NULL),(11,8522,1,40718,3,3,1,0.00,NULL,'2023-03-01 22:21:44','2023-03-01 22:21:44',NULL),(12,8522,1,40718,3,4,1,0.00,NULL,'2023-03-01 22:21:44','2023-03-01 22:21:44',NULL),(13,8522,1,40718,3,1,2,0.00,NULL,'2023-03-01 22:21:44','2023-03-01 22:21:44',NULL),(14,8522,1,40718,3,2,2,0.00,NULL,'2023-03-01 22:21:44','2023-03-01 22:21:44',NULL),(15,8522,1,40718,3,3,2,0.00,NULL,'2023-03-01 22:21:44','2023-03-01 22:21:44',NULL),(16,8522,1,40718,3,4,2,0.00,NULL,'2023-03-01 22:21:44','2023-03-01 22:21:44',NULL);

--
-- Table structure for table `ganan_ddjjs`
--

CREATE TABLE `ganan_ddjjs` (
  `id` int(10) unsigned NOT NULL AUTO_INCREMENT,
  `user_id` int(10) unsigned DEFAULT NULL,
  `anio` int(10) unsigned NOT NULL,
  `person_id` int(10) unsigned NOT NULL,
  `ingresos_gravados` decimal(16,2) NOT NULL DEFAULT '0.00',
  `ingresos_exentos` decimal(16,2) NOT NULL DEFAULT '0.00',
  `egresos_gravados` decimal(16,2) NOT NULL DEFAULT '0.00',
  `egresos_exentos` decimal(16,2) NOT NULL DEFAULT '0.00',
  `deducciones_total` decimal(16,2) NOT NULL DEFAULT '0.00',
  `base_imponible` decimal(16,2) NOT NULL DEFAULT '0.00',
  `impuesto_determinado` decimal(16,2) NOT NULL DEFAULT '0.00',
  `saldo_a_pagar` decimal(16,2) NOT NULL DEFAULT '0.00',
  `saldo_a_favor` decimal(16,2) NOT NULL DEFAULT '0.00',
  `comentario` varchar(191) COLLATE utf8mb4_unicode_ci DEFAULT NULL,
  `created_at` timestamp NULL DEFAULT NULL,
  `updated_at` timestamp NULL DEFAULT NULL,
  `deleted_at` timestamp NULL DEFAULT NULL,
  PRIMARY KEY (`id`),
  KEY `ganan_ddjjs_person_id_foreign` (`person_id`),
  CONSTRAINT `ganan_ddjjs_person_id_foreign` FOREIGN KEY (`person_id`) REFERENCES `persons` (`id`)
) ENGINE=InnoDB AUTO_INCREMENT=2 DEFAULT CHARSET=utf8mb4 COLLATE=utf8mb4_unicode_ci;

--
-- Dumping data for table `ganan_ddjjs`
--

INSERT INTO `ganan_ddjjs` VALUES (1,8522,2021,40718,11111111.11,0.00,0.00,0.00,323232.32,10787878.79,3644756.31,3644756.31,0.00,NULL,'2023-03-01 22:21:44','2023-03-01 22:21:44',NULL);

--
-- Table structure for table `ganan_deducciones`
--

CREATE TABLE `ganan_deducciones` (
  `id` int(10) unsigned NOT NULL AUTO_INCREMENT,
  `user_id` int(10) unsigned DEFAULT NULL,
  `anio` int(10) unsigned NOT NULL,
  `generales` tinyint(1) NOT NULL DEFAULT '0',
  `particulares` tinyint(1) NOT NULL DEFAULT '0',
  `nombre` varchar(191) COLLATE utf8mb4_unicode_ci NOT NULL,
  `importe` decimal(16,2) NOT NULL DEFAULT '0.00',
  `status` tinyint(1) NOT NULL DEFAULT '1',
  `created_at` timestamp NULL DEFAULT NULL,
  `updated_at` timestamp NULL DEFAULT NULL,
  `deleted_at` timestamp NULL DEFAULT NULL,
  PRIMARY KEY (`id`)
) ENGINE=InnoDB AUTO_INCREMENT=225 DEFAULT CHARSET=utf8mb4 COLLATE=utf8mb4_unicode_ci;

--
-- Dumping data for table `ganan_deducciones`
--

INSERT INTO `ganan_deducciones` VALUES (1,NULL,2017,1,0,'Primas de seguro para el caso de muerte',999.00,1,'2019-11-15 13:24:27','2019-11-15 13:24:27',NULL),(2,NULL,2017,1,0,'Gastos de Sepelio',999.00,1,'2019-11-15 13:24:27','2019-11-15 13:24:27',NULL),(3,NULL,2017,1,0,'Aportes a Obras Sociales',0.00,1,'2019-11-15 13:24:27','2019-11-15 13:24:27',NULL),(4,NULL,2017,1,0,'Aportes obligatorios a Fondos de jubilaciones, retiros, pensiones o subsidios a cajas nacionales, provinciales o municipales- incluidas las Cajas de Previsión para Profesionales.',0.00,1,'2019-11-15 13:24:27','2019-11-15 13:24:27',NULL),(5,NULL,2017,1,0,'Otras deducciones del Anexo III de la RG 2437: Aportes para fondos de Jubilación, Retiros, Pensiones o Subsidios destinados al ANSES',0.00,1,'2019-11-15 13:24:27','2019-11-15 13:24:27',NULL),(6,NULL,2017,1,0,'Aportes a Cajas Provinciales o Municipales o de Previsión para Profesionales',0.00,1,'2019-11-15 13:24:27','2019-11-15 13:24:27',NULL),(7,NULL,2017,1,0,'Pagos Régimen Nacional de Trabajadores Autónomos',0.00,1,'2019-11-15 13:24:27','2019-11-15 13:24:27',NULL),(8,NULL,2017,1,0,'Aportes a Cajas Complementarias de Previsión',0.00,1,'2019-11-15 13:24:27','2019-11-15 13:24:27',NULL),(9,NULL,2017,1,0,'Aportes a Fondos Compensadores de Previsión',0.00,1,'2019-11-15 13:24:27','2019-11-15 13:24:27',NULL),(10,NULL,2017,1,0,'Intereses Crédito Hipotecario',20000.00,1,'2019-11-15 13:24:27','2019-11-15 13:24:27',NULL),(11,NULL,2017,1,0,'Servicio Doméstico',51967.00,1,'2019-11-15 13:24:27','2019-11-15 13:24:27',NULL),(12,NULL,2017,1,0,'Donaciones',0.00,1,'2019-11-15 13:24:27','2019-11-15 13:24:27',NULL),(13,NULL,2017,1,0,'Cuota médico asistencial abonado por usted y por sus familiares a cargo',0.00,1,'2019-11-15 13:24:27','2019-11-15 13:24:27',NULL),(14,NULL,2017,1,0,'Honorarios Correspondientes a los Servicios de asistencia Sanitaria, Médica y Paramédica',0.00,1,'2019-11-15 13:24:28','2019-11-15 13:24:28',NULL),(15,NULL,2017,0,1,'Conyuge',48447.00,1,'2019-11-15 13:24:28','2019-11-15 13:24:28',NULL),(16,NULL,2017,0,1,'Hijo Incapacitado',24432.00,1,'2019-11-15 13:24:28','2019-11-15 13:24:28',NULL),(17,NULL,2017,0,1,'Hijo Menor 18 años',24432.00,1,'2019-11-15 13:24:28','2019-11-15 13:24:28',NULL),(18,NULL,2017,0,1,'Hijastro Incapacitado',24432.00,1,'2019-11-15 13:24:28','2019-11-15 13:24:28',NULL),(19,NULL,2017,0,1,'Hijastro Menor 18 Años',24432.00,1,'2019-11-15 13:24:28','2019-11-15 13:24:28',NULL),(20,NULL,2017,0,1,'Ganancia No Imponible',51967.00,1,'2019-11-15 13:24:28','2019-11-15 13:24:28',NULL),(21,NULL,2017,0,1,'Deduccion Especial',51967.00,1,'2019-11-15 13:24:28','2019-11-15 13:24:28',NULL),(22,NULL,2018,1,0,'Primas de seguro para el caso de muerte',12000.00,1,'2019-11-15 13:24:28','2019-11-15 13:24:28',NULL),(23,NULL,2018,1,0,'Gastos de Sepelio',999.00,1,'2019-11-15 13:24:28','2019-11-15 13:24:28',NULL),(24,NULL,2018,1,0,'Aportes a Obras Sociales',0.00,1,'2019-11-15 13:24:28','2019-11-15 13:24:28',NULL),(25,NULL,2018,1,0,'Aportes obligatorios a Fondos de jubilaciones, retiros, pensiones o subsidios a cajas nacionales, provinciales o municipales- incluidas las Cajas de Previsión para Profesionales.',0.00,1,'2019-11-15 13:24:28','2019-11-15 13:24:28',NULL),(26,NULL,2018,1,0,'Otras deducciones del Anexo III de la RG 2437: Aportes para fondos de Jubilación, Retiros, Pensiones o Subsidios destinados al ANSES',0.00,1,'2019-11-15 13:24:28','2019-11-15 13:24:28',NULL),(27,NULL,2018,1,0,'Aportes a Cajas Provinciales o Municipales o de Previsión para Profesionales',0.00,1,'2019-11-15 13:24:28','2019-11-15 13:24:28',NULL),(28,NULL,2018,1,0,'Pagos Régimen Nacional de Trabajadores Autónomos',0.00,1,'2019-11-15 13:24:28','2019-11-15 13:24:28',NULL),(29,NULL,2018,1,0,'Aportes a Cajas Complementarias de Previsión',0.00,1,'2019-11-15 13:24:28','2019-11-15 13:24:28',NULL),(30,NULL,2018,1,0,'Aportes a Fondos Compensadores de Previsión',0.00,1,'2019-11-15 13:24:28','2019-11-15 13:24:28',NULL);
INSERT INTO `ganan_deducciones` VALUES (31,NULL,2018,1,0,'Intereses Crédito Hipotecario',20000.00,1,'2019-11-15 13:24:28','2019-11-15 13:24:28',NULL),(32,NULL,2018,1,0,'Servicio Doméstico',66917.91,1,'2019-11-15 13:24:28','2019-11-15 13:24:28',NULL),(33,NULL,2018,1,0,'Donaciones',0.00,1,'2019-11-15 13:24:28','2019-11-15 13:24:28',NULL),(34,NULL,2018,1,0,'Cuota médico asistencial abonado por usted y por sus familiares a cargo',0.00,1,'2019-11-15 13:24:28','2019-11-15 13:24:28',NULL),(35,NULL,2018,1,0,'Honorarios Correspondientes a los Servicios de asistencia Sanitaria, Médica y Paramédica',0.00,1,'2019-11-15 13:24:28','2019-11-15 13:24:28',NULL),(36,NULL,2018,0,1,'Conyuge',66917.91,1,'2019-11-15 13:24:28','2019-11-15 13:24:28',NULL),(37,NULL,2018,0,1,'Hijo Incapacitado',31461.09,1,'2019-11-15 13:24:28','2019-11-15 13:24:28',NULL),(38,NULL,2018,0,1,'Hijo Menor 18 años',31461.09,1,'2019-11-15 13:24:28','2019-11-15 13:24:28',NULL),(39,NULL,2018,0,1,'Hijastro Incapacitado',31461.09,1,'2019-11-15 13:24:28','2019-11-15 13:24:28',NULL),(40,NULL,2018,0,1,'Hijastro Menor 18 Años',31461.09,1,'2019-11-15 13:24:28','2019-11-15 13:24:28',NULL),(41,NULL,2018,0,1,'Ganancia No Imponible',66917.91,1,'2019-11-15 13:24:28','2019-11-15 13:24:28',NULL),(42,NULL,2018,0,1,'Deduccion Especial',66917.91,1,'2019-11-15 13:24:28','2019-11-15 13:24:28',NULL),(43,NULL,2019,1,0,'Primas de seguro para el caso de muerte',18000.00,1,'2019-11-15 13:24:28','2019-11-15 13:24:28',NULL),(44,NULL,2019,1,0,'Gastos de Sepelio',999.00,1,'2019-11-15 13:24:28','2019-11-15 13:24:28',NULL),(45,NULL,2019,1,0,'Aportes a Obras Sociales',0.00,1,'2019-11-15 13:24:28','2019-11-15 13:24:28',NULL),(46,NULL,2019,1,0,'Aportes obligatorios a Fondos de jubilaciones, retiros, pensiones o subsidios a cajas nacionales, provinciales o municipales- incluidas las Cajas de Previsión para Profesionales.',0.00,1,'2019-11-15 13:24:28','2019-11-15 13:24:28',NULL),(47,NULL,2019,1,0,'Otras deducciones del Anexo III de la RG 2437: Aportes para fondos de Jubilación, Retiros, Pensiones o Subsidios destinados al ANSES',0.00,1,'2019-11-15 13:24:28','2019-11-15 13:24:28',NULL),(48,NULL,2019,1,0,'Aportes a Cajas Provinciales o Municipales o de Previsión para Profesionales',0.00,1,'2019-11-15 13:24:28','2019-11-15 13:24:28',NULL),(49,NULL,2019,1,0,'Pagos Régimen Nacional de Trabajadores Autónomos',0.00,1,'2019-11-15 13:24:28','2019-11-15 13:24:28',NULL),(50,NULL,2019,1,0,'Aportes a Cajas Complementarias de Previsión',0.00,1,'2019-11-15 13:24:28','2019-11-15 13:24:28',NULL),(51,NULL,2019,1,0,'Aportes a Fondos Compensadores de Previsión',0.00,1,'2019-11-15 13:24:28','2019-11-15 13:24:28',NULL),(52,NULL,2019,1,0,'Intereses Crédito Hipotecario',20000.00,1,'2019-11-15 13:24:28','2019-11-15 13:24:28',NULL),(53,NULL,2019,1,0,'Servicio Doméstico',103018.79,1,'2019-11-15 13:24:28','2019-11-15 13:24:28',NULL),(54,NULL,2019,1,0,'Donaciones',0.00,1,'2019-11-15 13:24:28','2019-11-15 13:24:28',NULL),(55,NULL,2019,1,0,'Cuota médico asistencial abonado por usted y por sus familiares a cargo',0.00,1,'2019-11-15 13:24:28','2019-11-15 13:24:28',NULL),(56,NULL,2019,1,0,'Honorarios Correspondientes a los Servicios de asistencia Sanitaria, Médica y Paramédica',0.00,1,'2019-11-15 13:24:28','2019-11-15 13:24:28',NULL),(57,NULL,2019,0,1,'Conyuge',80033.97,1,'2019-11-15 13:24:28','2019-11-15 13:24:28',NULL),(58,NULL,2019,0,1,'Hijo Incapacitado',40361.43,1,'2019-11-15 13:24:28','2019-11-15 13:24:28',NULL),(59,NULL,2019,0,1,'Hijo Menor 18 años',206037.56,1,'2019-11-15 13:24:28','2019-11-15 13:24:28',NULL),(60,NULL,2019,0,1,'Hijastro Incapacitado',206037.56,1,'2019-11-15 13:24:28','2019-11-15 13:24:28',NULL),(61,NULL,2019,0,1,'Hijastro Menor 18 Años',0.00,1,'2019-11-15 13:24:28','2019-11-15 13:24:28',NULL),(62,NULL,2019,0,1,'Ganancia No Imponible',103018.79,1,'2019-11-15 13:24:28','2019-11-15 13:24:28',NULL),(63,NULL,2019,0,1,'Deduccion Especial',103018.79,1,'2019-11-15 13:24:28','2019-11-15 13:24:28',NULL);
INSERT INTO `ganan_deducciones` VALUES (64,NULL,2016,1,0,'Primas de seguro para el caso de muerte',999.00,1,'2020-01-28 13:48:34','2020-01-28 13:48:34',NULL),(65,NULL,2016,1,0,'Gastos de Sepelio',999.00,1,'2020-01-28 13:48:34','2020-01-28 13:48:34',NULL),(66,NULL,2016,1,0,'Aportes a Obras Sociales',0.00,1,'2020-01-28 13:48:34','2020-01-28 13:48:34',NULL),(67,NULL,2016,1,0,'Aportes obligatorios a Fondos de jubilaciones, retiros, pensiones o subsidios a cajas nacionales, provinciales o municipales- incluidas las Cajas de Previsión para Profesionales.',0.00,1,'2020-01-28 13:48:34','2020-01-28 13:48:34',NULL),(68,NULL,2016,1,0,'Otras deducciones del Anexo III de la RG 2437: Aportes para fondos de Jubilación, Retiros, Pensiones o Subsidios destinados al ANSES',0.00,1,'2020-01-28 13:48:34','2020-01-28 13:48:34',NULL),(69,NULL,2016,1,0,'Aportes a Cajas Provinciales o Municipales o de Previsión para Profesionales',0.00,1,'2020-01-28 13:48:34','2020-01-28 13:48:34',NULL),(70,NULL,2016,1,0,'Pagos Régimen Nacional de Trabajadores Autónomos',0.00,1,'2020-01-28 13:48:34','2020-01-28 13:48:34',NULL),(71,NULL,2016,1,0,'Aportes a Cajas Complementarias de Previsión',0.00,1,'2020-01-28 13:48:34','2020-01-28 13:48:34',NULL),(72,NULL,2016,1,0,'Aportes a Fondos Compensadores de Previsión',0.00,1,'2020-01-28 13:48:34','2020-01-28 13:48:34',NULL),(73,NULL,2016,1,0,'Intereses Crédito Hipotecario',20000.00,1,'2020-01-28 13:48:34','2020-01-28 13:48:34',NULL),(74,NULL,2016,1,0,'Servicio Doméstico',42318.00,1,'2020-01-28 13:48:34','2020-01-28 13:48:34',NULL),(75,NULL,2016,1,0,'Donaciones',0.00,1,'2020-01-28 13:48:34','2020-01-28 13:48:34',NULL),(76,NULL,2016,1,0,'Cuota médico asistencial abonado por usted y por sus familiares a cargo',0.00,1,'2020-01-28 13:48:34','2020-01-28 13:48:34',NULL),(77,NULL,2016,1,0,'Honorarios Correspondientes a los Servicios de asistencia Sanitaria, Médica y \n            Paramédica',0.00,1,'2020-01-28 13:48:34','2020-01-28 13:48:34',NULL),(78,NULL,2016,0,1,'Conyuge',39778.00,1,'2020-01-28 13:48:34','2020-01-28 13:48:34',NULL),(79,NULL,2016,0,1,'Hijo Incapacitado',19889.00,1,'2020-01-28 13:48:34','2020-01-28 13:48:34',NULL),(80,NULL,2016,0,1,'Hijo Menor 18 años',19889.00,1,'2020-01-28 13:48:34','2020-01-28 13:48:34',NULL),(81,NULL,2016,0,1,'Hijastro Incapacitado',19889.00,1,'2020-01-28 13:48:34','2020-01-28 13:48:34',NULL),(82,NULL,2016,0,1,'Hijastro Menor 18 Años',19889.00,1,'2020-01-28 13:48:34','2020-01-28 13:48:34',NULL),(83,NULL,2016,0,1,'Ganancia No Imponible',42318.00,1,'2020-01-28 13:48:34','2020-01-28 13:48:34',NULL),(84,NULL,2016,0,1,'Deduccion Especial',42318.00,1,'2020-01-28 13:48:34','2020-01-28 13:48:34',NULL),(85,NULL,2019,1,0,'Alquileres',103018.97,1,'2020-01-28 14:17:39','2020-01-28 14:17:39',NULL),(86,NULL,2020,1,0,'Alquileres',123861.17,1,'2020-01-28 14:17:39','2020-01-28 14:17:39',NULL),(87,NULL,2020,1,0,'Primas de seguro para el caso de muerte',18000.00,1,'2020-01-28 14:17:39','2020-01-28 14:17:39',NULL),(88,NULL,2020,1,0,'Gastos de Sepelio',999.00,1,'2020-01-28 14:17:39','2020-01-28 14:17:39',NULL),(89,NULL,2020,1,0,'Aportes a Obras Sociales',0.00,1,'2020-01-28 14:17:39','2020-01-28 14:17:39',NULL),(90,NULL,2020,1,0,'Aportes obligatorios a Fondos de jubilaciones, retiros, pensiones o subsidios a cajas nacionales, provinciales o municipales- incluidas las Cajas de Previsión para Profesionales.',0.00,1,'2020-01-28 14:17:39','2020-01-28 14:17:39',NULL),(91,NULL,2020,1,0,'Otras deducciones del Anexo III de la RG 2437: Aportes para fondos de Jubilación, Retiros, Pensiones o Subsidios destinados al ANSES',0.00,1,'2020-01-28 14:17:39','2020-01-28 14:17:39',NULL),(92,NULL,2020,1,0,'Aportes a Cajas Provinciales o Municipales o de Previsión para Profesionales',0.00,1,'2020-01-28 14:17:39','2020-01-28 14:17:39',NULL),(93,NULL,2020,1,0,'Pagos Régimen Nacional de Trabajadores Autónomos',0.00,1,'2020-01-28 14:17:39','2020-01-28 14:17:39',NULL);
INSERT INTO `ganan_deducciones` VALUES (94,NULL,2020,1,0,'Aportes a Cajas Complementarias de Previsión',0.00,1,'2020-01-28 14:17:39','2020-01-28 14:17:39',NULL),(95,NULL,2020,1,0,'Aportes a Fondos Compensadores de Previsión',0.00,1,'2020-01-28 14:17:39','2020-01-28 14:17:39',NULL),(96,NULL,2020,1,0,'Intereses Crédito Hipotecario',20000.00,1,'2020-01-28 14:17:39','2020-01-28 14:17:39',NULL),(97,NULL,2020,1,0,'Servicio Doméstico',123861.17,1,'2020-01-28 14:17:39','2020-01-28 14:17:39',NULL),(98,NULL,2020,1,0,'Donaciones',0.00,1,'2020-01-28 14:17:39','2020-01-28 14:17:39',NULL),(99,NULL,2020,1,0,'Cuota médico asistencial abonado por usted y por sus familiares a cargo',0.00,1,'2020-01-28 14:17:39','2020-01-28 14:17:39',NULL),(100,NULL,2020,1,0,'Honorarios Correspondientes a los Servicios de asistencia Sanitaria, Médica y Paramédica',0.00,1,'2020-01-28 14:17:39','2020-01-28 14:17:39',NULL),(101,NULL,2020,0,1,'Conyuge',115471.38,1,'2020-01-28 14:17:39','2020-01-28 14:17:39',NULL),(102,NULL,2020,0,1,'Hijo Incapacitado',58232.65,1,'2020-01-28 14:17:39','2020-01-28 14:17:39',NULL),(103,NULL,2020,0,1,'Hijo Menor 18 años',58232.65,1,'2020-01-28 14:17:39','2020-01-28 14:17:39',NULL),(104,NULL,2020,0,1,'Hijastro Incapacitado',58232.65,1,'2020-01-28 14:17:39','2020-01-28 14:17:39',NULL),(105,NULL,2020,0,1,'Hijastro Menor 18 Años',0.00,1,'2020-01-28 14:17:39','2020-01-28 14:17:39',NULL),(106,NULL,2020,0,1,'Ganancia No Imponible',123861.17,1,'2020-01-28 14:17:39','2020-01-28 14:17:39',NULL),(107,NULL,2020,0,1,'Deduccion Especial Art 30 Apartado 1',103018.79,1,'2020-01-28 14:17:39','2020-01-28 14:17:39',NULL),(108,NULL,2020,0,1,'Deduccion Especial Art 30 Apartado 1 \"Nuevos Profesionales / Emprendedores',309652.93,1,'2020-01-28 14:17:39','2020-01-28 14:17:39',NULL),(109,NULL,2020,0,1,'Deduccion Especial Art 30 Apartado 2',594533.62,1,'2020-01-28 14:17:39','2020-01-28 14:17:39',NULL),(110,NULL,2021,1,0,'Primas de seguro para el caso de muerte',24000.00,1,'2023-02-16 08:52:55','2023-02-16 08:52:55',NULL),(111,NULL,2021,1,0,'Gastos de Sepelio',996.23,1,'2023-02-16 08:52:55','2023-02-16 08:52:55',NULL),(112,NULL,2021,1,0,'Aportes a Obras Sociales',0.00,1,'2023-02-16 08:52:55','2023-02-16 08:52:55',NULL),(113,NULL,2021,1,0,'Aportes obligatorios a Fondos de jubilaciones, retiros, pensiones o subsidios a cajas nacionales, provinciales o municipales- incluidas las Cajas de Previsión para Profesionales.',0.00,1,'2023-02-16 08:52:55','2023-02-16 08:52:55',NULL),(114,NULL,2021,1,0,'Otras deducciones del Anexo III de la RG 2437: Aportes para fondos de Jubilación, Retiros, Pensiones o Subsidios destinados al ANSES',0.00,1,'2023-02-16 08:52:55','2023-02-16 08:52:55',NULL),(115,NULL,2021,1,0,'Aportes a Cajas Provinciales o Municipales o de Previsión para Profesionales',0.00,1,'2023-02-16 08:52:55','2023-02-16 08:52:55',NULL),(116,NULL,2021,1,0,'Pagos Régimen Nacional de Trabajadores Autónomos',0.00,1,'2023-02-16 08:52:55','2023-02-16 08:52:55',NULL),(117,NULL,2021,1,0,'Aportes a Cajas Complementarias de Previsión',0.00,1,'2023-02-16 08:52:55','2023-02-16 08:52:55',NULL),(118,NULL,2021,1,0,'Aportes a Fondos Compensadores de Previsión',0.00,1,'2023-02-16 08:52:55','2023-02-16 08:52:55',NULL),(119,NULL,2021,1,0,'Intereses Crédito Hipotecario',20000.00,1,'2023-02-16 08:52:55','2023-02-16 08:52:55',NULL),(120,NULL,2021,1,0,'Servicio Doméstico',167678.40,1,'2023-02-16 08:52:55','2023-02-16 08:52:55',NULL),(121,NULL,2021,1,0,'Donaciones',0.00,1,'2023-02-16 08:52:55','2023-02-16 08:52:55',NULL),(122,NULL,2021,1,0,'Cuota médico asistencial abonado por usted y por sus familiares a cargo',0.00,1,'2023-02-16 08:52:55','2023-02-16 08:52:55',NULL),(123,NULL,2021,1,0,'Honorarios Correspondientes a los Servicios de asistencia Sanitaria, Médica y Paramédica',0.00,1,'2023-02-16 08:52:55','2023-02-16 08:52:55',NULL),(124,NULL,2021,0,1,'Conyuge',156320.63,1,'2023-02-16 08:52:55','2023-02-16 08:52:55',NULL),(125,NULL,2021,0,1,'Hijo Menor 18 años',78833.08,1,'2023-02-16 08:52:55','2023-02-16 08:52:55',NULL);
INSERT INTO `ganan_deducciones` VALUES (126,NULL,2021,0,1,'Ganancia No Imponible',167678.40,1,'2023-02-16 08:52:55','2023-02-16 08:52:55',NULL),(127,NULL,2021,0,1,'Deduccion Especial',804856.34,1,'2023-02-16 08:52:55','2023-02-16 08:52:55',NULL),(128,NULL,2022,1,0,'Primas de seguro para el caso de muerte',24000.00,1,'2023-02-16 08:52:58','2023-02-16 08:52:58',NULL),(129,NULL,2022,1,0,'Gastos de Sepelio',996.23,1,'2023-02-16 08:52:58','2023-02-16 08:52:58',NULL),(130,NULL,2022,1,0,'Aportes a Obras Sociales',0.00,1,'2023-02-16 08:52:58','2023-02-16 08:52:58',NULL),(131,NULL,2022,1,0,'Aportes obligatorios a Fondos de jubilaciones, retiros, pensiones o subsidios a cajas nacionales, provinciales o municipales- incluidas las Cajas de Previsión para Profesionales.',0.00,1,'2023-02-16 08:52:58','2023-02-16 08:52:58',NULL),(132,NULL,2022,1,0,'Otras deducciones del Anexo III de la RG 2437: Aportes para fondos de Jubilación, Retiros, Pensiones o Subsidios destinados al ANSES',0.00,1,'2023-02-16 08:52:58','2023-02-16 08:52:58',NULL),(133,NULL,2022,1,0,'Aportes a Cajas Provinciales o Municipales o de Previsión para Profesionales',0.00,1,'2023-02-16 08:52:58','2023-02-16 08:52:58',NULL),(134,NULL,2022,1,0,'Pagos Régimen Nacional de Trabajadores Autónomos',0.00,1,'2023-02-16 08:52:58','2023-02-16 08:52:58',NULL),(135,NULL,2022,1,0,'Aportes a Cajas Complementarias de Previsión',0.00,1,'2023-02-16 08:52:58','2023-02-16 08:52:58',NULL),(136,NULL,2022,1,0,'Aportes a Fondos Compensadores de Previsión',0.00,1,'2023-02-16 08:52:58','2023-02-16 08:52:58',NULL),(137,NULL,2022,1,0,'Intereses Crédito Hipotecario',20000.00,1,'2023-02-16 08:52:58','2023-02-16 08:52:58',NULL),(138,NULL,2022,1,0,'Servicio Doméstico',252564.84,1,'2023-02-16 08:52:58','2023-02-16 08:52:58',NULL),(139,NULL,2022,1,0,'Donaciones',0.00,1,'2023-02-16 08:52:58','2023-02-16 08:52:58',NULL),(140,NULL,2022,1,0,'Cuota médico asistencial abonado por usted y por sus familiares a cargo',0.00,1,'2023-02-16 08:52:58','2023-02-16 08:52:58',NULL),(141,NULL,2022,1,0,'Honorarios Correspondientes a los Servicios de asistencia Sanitaria, Médica y Paramédica',0.00,1,'2023-02-16 08:52:58','2023-02-16 08:52:58',NULL),(142,NULL,2022,1,0,'Alquileres',252564.84,1,'2023-02-16 08:52:58','2023-02-16 08:52:58',NULL),(143,NULL,2022,0,1,'Conyuge',235457.25,1,'2023-02-16 08:52:58','2023-02-16 08:52:58',NULL),(144,NULL,2022,0,1,'Hijo Menor 18 años',118741.97,1,'2023-02-16 08:52:58','2023-02-16 08:52:58',NULL),(145,NULL,2022,0,1,'Ganancia No Imponible',252564.84,1,'2023-02-16 08:52:58','2023-02-16 08:52:58',NULL),(146,NULL,2022,0,1,'Deducción Especial [Artículo 30, inciso c), Apartado 2]',1212311.24,1,'2023-02-16 08:52:58','2023-02-16 08:52:58',NULL),(147,NULL,2022,0,1,'Deducción Especial [Artículo 30, inciso c), Apartado 1]',505129.68,1,'2023-02-16 08:52:58','2023-02-16 08:52:58',NULL),(148,NULL,2022,0,1,'Deducción Especial [Artículo 30, inciso c), Apartado 1 “nuevos profesionales/emprendedores”]',631412.10,1,'2023-02-16 08:52:58','2023-02-16 08:52:58',NULL),(149,NULL,2022,0,1,'Hijo Incapacitado',237483.94,1,'2023-02-16 08:52:58','2023-02-16 08:52:58',NULL),(150,NULL,2021,1,0,'Alquileres',167678.40,1,NULL,NULL,NULL),(151,NULL,2023,1,0,'Primas de seguro para el caso de muerte',24000.00,1,'2023-02-16 08:53:04','2023-02-16 08:53:04',NULL),(152,NULL,2023,1,0,'Aportes a Obras Sociales',0.00,1,'2023-02-16 08:53:04','2023-02-16 08:53:04',NULL),(153,NULL,2023,1,0,'Aportes obligatorios a Fondos de jubilaciones, retiros, pensiones o subsidios a cajas nacionales, provinciales o municipales- incluidas las Cajas de Previsión para Profesionales.',0.00,1,'2023-02-16 08:53:04','2023-02-16 08:53:04',NULL),(154,NULL,2023,1,0,'Gastos de Sepelio',996.23,1,'2023-02-16 08:53:04','2023-02-16 08:53:04',NULL),(155,NULL,2023,1,0,'Otras deducciones del Anexo III de la RG 2437: Aportes para fondos de Jubilación, Retiros, Pensiones o Subsidios destinados al ANSES',0.00,1,'2023-02-16 08:53:04','2023-02-16 08:53:04',NULL);
INSERT INTO `ganan_deducciones` VALUES (156,NULL,2023,1,0,'Aportes a Cajas Provinciales o Municipales o de Previsión para Profesionales',0.00,1,'2023-02-16 08:53:04','2023-02-16 08:53:04',NULL),(157,NULL,2023,1,0,'Pagos Régimen Nacional de Trabajadores Autónomos',0.00,1,'2023-02-16 08:53:04','2023-02-16 08:53:04',NULL),(158,NULL,2023,1,0,'Aportes a Cajas Complementarias de Previsión',0.00,1,'2023-02-16 08:53:04','2023-02-16 08:53:04',NULL),(159,NULL,2023,1,0,'Aportes a Fondos Compensadores de Previsión',0.00,1,'2023-02-16 08:53:04','2023-02-16 08:53:04',NULL),(160,NULL,2023,1,0,'Intereses Crédito Hipotecario',20000.00,1,'2023-02-16 08:53:04','2023-02-16 08:53:04',NULL),(161,NULL,2023,1,0,'Servicio Doméstico',451686.96,1,'2023-02-16 08:53:04','2023-02-16 08:53:04',NULL),(162,NULL,2023,1,0,'Donaciones',0.00,1,'2023-02-16 08:53:04','2023-02-16 08:53:04',NULL),(163,NULL,2023,1,0,'Cuota médico asistencial abonado por usted y por sus familiares a cargo',0.00,1,'2023-02-16 08:53:04','2023-02-16 08:53:04',NULL),(164,NULL,2023,1,0,'Honorarios Correspondientes a los Servicios de asistencia Sanitaria, Médica y Paramédica',0.00,1,'2023-02-16 08:53:04','2023-02-16 08:53:04',NULL),(165,NULL,2023,1,0,'Alquileres',451686.96,1,'2023-02-16 08:53:04','2023-02-16 08:53:04',NULL),(166,NULL,2023,0,1,'Ganancia No Imponible',451686.96,1,'2023-02-16 08:53:04','2023-02-16 08:53:04',NULL),(167,NULL,2023,0,1,'Conyuge',421091.75,1,'2023-02-16 08:53:04','2023-02-16 08:53:04',NULL),(168,NULL,2023,0,1,'Hijo Menor 18 años',212358.14,1,'2023-02-16 08:53:04','2023-02-16 08:53:04',NULL),(169,NULL,2023,0,1,'Hijo Incapacitado',424716.28,1,'2023-02-16 08:53:04','2023-02-16 08:53:04',NULL),(170,NULL,2023,0,1,'Deducción Especial [Artículo 30, inciso c), Apartado 1]',1580904.36,1,'2023-02-16 08:53:04','2023-02-16 08:53:04',NULL),(171,NULL,2023,0,1,'Deducción Especial [Artículo 30, inciso c), Apartado 1 “nuevos profesionales/emprendedores”]',1806747.84,1,'2023-02-16 08:53:04','2023-02-16 08:53:04',NULL),(172,NULL,2023,0,1,'Deducción Especial [Artículo 30, inciso c), Apartado 2]',2168097.42,1,'2023-02-16 08:53:04','2023-02-16 08:53:04',NULL),(173,NULL,2024,1,0,'Primas de seguro para el caso de muerte',195845.39,1,NULL,NULL,NULL),(174,NULL,2024,1,0,'Aportes a Obras Sociales',0.00,1,NULL,NULL,NULL),(175,NULL,2024,1,0,'Aportes obligatorios a Fondos de jubilaciones, retiros, pensiones o subsidios a cajas nacionales, provinciales o municipales- incluidas las Cajas de Previsión para Profesionales.',0.00,1,NULL,NULL,NULL),(176,NULL,2024,1,0,'Gastos de Sepelio',996.23,1,NULL,NULL,NULL),(177,NULL,2024,1,0,'Otras deducciones del Anexo III de la RG 2437: Aportes para fondos de Jubilación, Retiros, Pensiones o Subsidios destinados al ANSES',0.00,1,NULL,NULL,NULL),(178,NULL,2024,1,0,'Aportes a Cajas Provinciales o Municipales o de Previsión para Profesionales',0.00,1,NULL,NULL,NULL),(179,NULL,2024,1,0,'Pagos Régimen Nacional de Trabajadores Autónomos',0.00,1,NULL,NULL,NULL),(180,NULL,2024,1,0,'Aportes a Cajas Complementarias de Previsión',0.00,1,NULL,NULL,NULL),(181,NULL,2024,1,0,'Aportes a Fondos Compensadores de Previsión',0.00,1,NULL,NULL,NULL),(182,NULL,2024,1,0,'Intereses Crédito Hipotecario',20000.00,1,NULL,NULL,NULL),(183,NULL,2024,1,0,'Servicio Doméstico',3503688.17,1,NULL,NULL,NULL),(184,NULL,2024,1,0,'Donaciones',0.00,1,NULL,NULL,NULL),(185,NULL,2024,1,0,'Cuota médico asistencial abonado por usted y por sus familiares a cargo',0.00,1,NULL,NULL,NULL),(186,NULL,2024,1,0,'Honorarios Correspondientes a los Servicios de asistencia Sanitaria, Médica y Paramédica',0.00,1,NULL,NULL,NULL),(187,NULL,2024,1,0,'Alquileres',3503688.17,1,NULL,NULL,NULL),(188,NULL,2024,1,0,'Servicios o Herramientas con Fines Educativos',1401475.27,1,NULL,NULL,NULL),(189,NULL,2024,1,0,'Primas Riesgo de Muertes y Ahorros',195845.39,1,NULL,NULL,NULL),(190,NULL,2024,1,0,'Aportes Planes Seguro Retiro Privado',195845.39,1,NULL,NULL,NULL),(191,NULL,2024,1,0,'Aportes a Sociedades de Garantias Reciprocas',0.00,1,NULL,NULL,NULL);
INSERT INTO `ganan_deducciones` VALUES (192,NULL,2024,0,1,'Ganancia No Imponible',3503688.17,1,NULL,NULL,NULL),(193,NULL,2024,0,1,'Conyuge',3299771.52,1,NULL,NULL,NULL),(194,NULL,2024,0,1,'Hijo Menor 18 años',1664086.82,1,NULL,NULL,NULL),(195,NULL,2024,0,1,'Hijo Incapacitado',3328173.63,1,NULL,NULL,NULL),(196,NULL,2024,0,1,'Deducción Especial [Artículo 30, inciso c), Apartado 1]',12262908.60,1,NULL,NULL,NULL),(197,NULL,2024,0,1,'Deducción Especial [Artículo 30, inciso c), Apartado 1 “nuevos profesionales/emprendedores”]',14014752.69,1,NULL,NULL,NULL),(198,NULL,2024,0,1,'Deducción Especial [Artículo 30, inciso c), Apartado 2]',16817703.23,1,NULL,NULL,NULL),(199,NULL,2025,1,0,'Primas de seguro para el caso de muerte',195845.39,1,NULL,NULL,NULL),(200,NULL,2025,1,0,'Aportes a Obras Sociales',0.00,1,NULL,NULL,NULL),(201,NULL,2025,1,0,'Aportes obligatorios a Fondos de jubilaciones, retiros, pensiones o subsidios a cajas nacionales, provinciales o municipales- incluidas las Cajas de Previsión para Profesionales.',0.00,1,NULL,NULL,NULL),(202,NULL,2025,1,0,'Gastos de Sepelio',996.23,1,NULL,NULL,NULL),(203,NULL,2025,1,0,'Otras deducciones del Anexo III de la RG 2437: Aportes para fondos de Jubilación, Retiros, Pensiones o Subsidios destinados al ANSES',0.00,1,NULL,NULL,NULL),(204,NULL,2025,1,0,'Aportes a Cajas Provinciales o Municipales o de Previsión para Profesionales',0.00,1,NULL,NULL,NULL),(205,NULL,2025,1,0,'Pagos Régimen Nacional de Trabajadores Autónomos',0.00,1,NULL,NULL,NULL),(206,NULL,2025,1,0,'Aportes a Cajas Complementarias de Previsión',0.00,1,NULL,NULL,NULL),(207,NULL,2025,1,0,'Aportes a Fondos Compensadores de Previsión',0.00,1,NULL,NULL,NULL),(208,NULL,2025,1,0,'Intereses Crédito Hipotecario',20000.00,1,NULL,NULL,NULL),(209,NULL,2025,1,0,'Servicio Doméstico',3916268.37,1,NULL,NULL,NULL),(210,NULL,2025,1,0,'Donaciones',0.00,1,NULL,NULL,NULL),(211,NULL,2025,1,0,'Cuota médico asistencial abonado por usted y por sus familiares a cargo',0.00,1,NULL,NULL,NULL),(212,NULL,2025,1,0,'Honorarios Correspondientes a los Servicios de asistencia Sanitaria, Médica y Paramédica',0.00,1,NULL,NULL,NULL),(213,NULL,2025,1,0,'Alquileres',3916268.37,1,NULL,NULL,NULL),(214,NULL,2025,1,0,'Servicios o Herramientas con Fines Educativos',1566507.35,1,NULL,NULL,NULL),(215,NULL,2025,1,0,'Primas Riesgo de Muertes y Ahorros',195845.39,1,NULL,NULL,NULL),(216,NULL,2025,1,0,'Aportes Planes Seguro Retiro Privado',195845.39,1,NULL,NULL,NULL),(217,NULL,2025,1,0,'Aportes a Sociedades de Garantias Reciprocas',0.00,1,NULL,NULL,NULL),(218,NULL,2025,0,1,'Ganancia No Imponible',3916268.37,1,NULL,NULL,NULL),(219,NULL,2025,0,1,'Conyuge',3688339.32,1,NULL,NULL,NULL),(220,NULL,2025,0,1,'Hijo Menor 18 años',1860042.98,1,NULL,NULL,NULL),(221,NULL,2025,0,1,'Hijo Incapacitado',3720085.95,1,NULL,NULL,NULL),(222,NULL,2025,0,1,'Deducción Especial [Artículo 30, inciso c), Apartado 1]',13706939.31,1,NULL,NULL,NULL),(223,NULL,2025,0,1,'Deducción Especial [Artículo 30, inciso c), Apartado 1 “nuevos profesionales/emprendedores”]',15665073.50,1,NULL,NULL,NULL),(224,NULL,2025,0,1,'Deducción Especial [Artículo 30, inciso c), Apartado 2]',18798088.20,1,NULL,NULL,NULL);

--
-- Table structure for table `ganan_tipos_op`
--

CREATE TABLE `ganan_tipos_op` (
  `id` int(10) unsigned NOT NULL AUTO_INCREMENT,
  `user_id` int(10) unsigned DEFAULT NULL,
  `nombre` varchar(191) COLLATE utf8mb4_unicode_ci NOT NULL,
  `status` tinyint(1) NOT NULL DEFAULT '1',
  `created_at` timestamp NULL DEFAULT NULL,
  `updated_at` timestamp NULL DEFAULT NULL,
  `deleted_at` timestamp NULL DEFAULT NULL,
  PRIMARY KEY (`id`)
) ENGINE=InnoDB AUTO_INCREMENT=3 DEFAULT CHARSET=utf8mb4 COLLATE=utf8mb4_unicode_ci;

--
-- Dumping data for table `ganan_tipos_op`
--

INSERT INTO `ganan_tipos_op` VALUES (1,NULL,'Gravado',1,'2019-11-15 13:24:28','2019-11-15 13:24:28',NULL),(2,NULL,'Exento',1,'2019-11-15 13:24:28','2019-11-15 13:24:28',NULL);

--
-- Table structure for table `horas_calculadas`
--

CREATE TABLE `horas_calculadas` (
  `id` bigint(20) unsigned NOT NULL AUTO_INCREMENT,
  `user_id` int(10) unsigned DEFAULT NULL,
  `syj_empleado_id` int(10) unsigned NOT NULL,
  `fecha` date NOT NULL,
  `horas_fichaje` decimal(8,2) NOT NULL DEFAULT '0.00',
  `horas_normales` decimal(8,2) NOT NULL DEFAULT '0.00',
  `horas_50` decimal(8,2) NOT NULL DEFAULT '0.00',
  `horas_100` decimal(8,2) NOT NULL DEFAULT '0.00',
  `horas_prod` decimal(8,2) NOT NULL DEFAULT '0.00',
  `horas_improd` decimal(8,2) NOT NULL DEFAULT '0.00',
  `created_at` timestamp NULL DEFAULT NULL,
  `updated_at` timestamp NULL DEFAULT NULL,
  `deleted_at` timestamp NULL DEFAULT NULL,
  PRIMARY KEY (`id`),
  KEY `horas_calculadas_syj_empleado_id_foreign` (`syj_empleado_id`),
  CONSTRAINT `horas_calculadas_syj_empleado_id_foreign` FOREIGN KEY (`syj_empleado_id`) REFERENCES `syj_empleados` (`id`)
) ENGINE=InnoDB DEFAULT CHARSET=utf8mb4 COLLATE=utf8mb4_unicode_ci;

--
-- Dumping data for table `horas_calculadas`
--


--
-- Table structure for table `horas_calculadas_details`
--

CREATE TABLE `horas_calculadas_details` (
  `id` bigint(20) unsigned NOT NULL AUTO_INCREMENT,
  `user_id` int(10) unsigned DEFAULT NULL,
  `horas_calculada_id` bigint(20) unsigned NOT NULL,
  `inv_orden_trabajo_hora_id` bigint(20) unsigned DEFAULT NULL,
  `horas_productiva_id` bigint(20) unsigned NOT NULL,
  `horas_prod` decimal(16,2) NOT NULL,
  `created_at` timestamp NULL DEFAULT NULL,
  `updated_at` timestamp NULL DEFAULT NULL,
  `deleted_at` timestamp NULL DEFAULT NULL,
  PRIMARY KEY (`id`),
  KEY `horas_calculadas_details_horas_calculada_id_foreign` (`horas_calculada_id`),
  KEY `horas_calculadas_details_horas_productiva_id_foreign` (`horas_productiva_id`),
  KEY `horas_calculadas_details_inv_orden_trabajo_hora_id_foreign` (`inv_orden_trabajo_hora_id`),
  CONSTRAINT `horas_calculadas_details_horas_calculada_id_foreign` FOREIGN KEY (`horas_calculada_id`) REFERENCES `horas_calculadas` (`id`),
  CONSTRAINT `horas_calculadas_details_horas_productiva_id_foreign` FOREIGN KEY (`horas_productiva_id`) REFERENCES `horas_productivas` (`id`),
  CONSTRAINT `horas_calculadas_details_inv_orden_trabajo_hora_id_foreign` FOREIGN KEY (`inv_orden_trabajo_hora_id`) REFERENCES `inv_orden_trabajo_horas` (`id`)
) ENGINE=InnoDB DEFAULT CHARSET=utf8mb4 COLLATE=utf8mb4_unicode_ci;

--
-- Dumping data for table `horas_calculadas_details`
--


--
-- Table structure for table `horas_definicion`
--

CREATE TABLE `horas_definicion` (
  `id` bigint(20) unsigned NOT NULL AUTO_INCREMENT,
  `user_id` int(10) unsigned DEFAULT NULL,
  `person_id` int(10) unsigned NOT NULL,
  `fecha` date NOT NULL,
  `horas_normales_inicio` time DEFAULT NULL,
  `horas_normales_fin` time DEFAULT NULL,
  `horas_50_inicio` time DEFAULT NULL,
  `horas_50_fin` time DEFAULT NULL,
  `horas_100_inicio` time DEFAULT NULL,
  `horas_100_fin` time DEFAULT NULL,
  `created_at` timestamp NULL DEFAULT NULL,
  `updated_at` timestamp NULL DEFAULT NULL,
  `deleted_at` timestamp NULL DEFAULT NULL,
  PRIMARY KEY (`id`),
  KEY `horas_definicion_person_id_foreign` (`person_id`),
  CONSTRAINT `horas_definicion_person_id_foreign` FOREIGN KEY (`person_id`) REFERENCES `persons` (`id`) ON DELETE CASCADE
) ENGINE=InnoDB DEFAULT CHARSET=utf8mb4 COLLATE=utf8mb4_unicode_ci;

--
-- Dumping data for table `horas_definicion`
--


--
-- Table structure for table `horas_fichajes`
--

CREATE TABLE `horas_fichajes` (
  `id` bigint(20) unsigned NOT NULL AUTO_INCREMENT,
  `user_id` int(10) unsigned DEFAULT NULL,
  `person_id` int(10) unsigned NOT NULL,
  `syj_empleado_id` int(10) unsigned NOT NULL,
  `fecha` date NOT NULL,
  `fecha_y_hora` datetime DEFAULT NULL,
  `terminal` varchar(50) COLLATE utf8mb4_unicode_ci NOT NULL,
  `codigo` varchar(191) COLLATE utf8mb4_unicode_ci DEFAULT NULL,
  `estado` varchar(191) COLLATE utf8mb4_unicode_ci NOT NULL,
  `jornada` varchar(191) COLLATE utf8mb4_unicode_ci DEFAULT NULL,
  `retraso` time DEFAULT NULL,
  `hs_50` time DEFAULT NULL,
  `hs_100` time DEFAULT NULL,
  `feriados` time DEFAULT NULL,
  `comentario` text COLLATE utf8mb4_unicode_ci,
  `created_at` timestamp NULL DEFAULT NULL,
  `updated_at` timestamp NULL DEFAULT NULL,
  `deleted_at` timestamp NULL DEFAULT NULL,
  PRIMARY KEY (`id`),
  KEY `horas_fichajes_person_id_foreign` (`person_id`),
  KEY `horas_fichajes_syj_empleado_id_foreign` (`syj_empleado_id`),
  CONSTRAINT `horas_fichajes_person_id_foreign` FOREIGN KEY (`person_id`) REFERENCES `persons` (`id`),
  CONSTRAINT `horas_fichajes_syj_empleado_id_foreign` FOREIGN KEY (`syj_empleado_id`) REFERENCES `syj_empleados` (`id`)
) ENGINE=InnoDB DEFAULT CHARSET=utf8mb4 COLLATE=utf8mb4_unicode_ci;

--
-- Dumping data for table `horas_fichajes`
--


--
-- Table structure for table `horas_productivas`
--

CREATE TABLE `horas_productivas` (
  `id` bigint(20) unsigned NOT NULL AUTO_INCREMENT,
  `user_id` int(10) unsigned DEFAULT NULL,
  `ot_id` bigint(20) unsigned NOT NULL,
  `syj_empleado_id` int(10) unsigned NOT NULL,
  `fecha_y_hora` datetime NOT NULL,
  `fecha_hora_start` datetime NOT NULL,
  `fecha_hora_end` datetime DEFAULT NULL,
  `created_at` timestamp NULL DEFAULT NULL,
  `updated_at` timestamp NULL DEFAULT NULL,
  `deleted_at` timestamp NULL DEFAULT NULL,
  PRIMARY KEY (`id`),
  KEY `horas_productivas_syj_empleado_id_foreign` (`syj_empleado_id`),
  KEY `horas_productivas_ot_id_foreign` (`ot_id`),
  CONSTRAINT `horas_productivas_ot_id_foreign` FOREIGN KEY (`ot_id`) REFERENCES `inv_orden_trabajos` (`id`),
  CONSTRAINT `horas_productivas_syj_empleado_id_foreign` FOREIGN KEY (`syj_empleado_id`) REFERENCES `syj_empleados` (`id`)
) ENGINE=InnoDB DEFAULT CHARSET=utf8mb4 COLLATE=utf8mb4_unicode_ci;

--
-- Dumping data for table `horas_productivas`
--


--
-- Table structure for table `iibb_perceptions`
--

CREATE TABLE `iibb_perceptions` (
  `id` int(10) unsigned NOT NULL AUTO_INCREMENT,
  `user_id` int(10) unsigned DEFAULT NULL,
  `created_at` timestamp NULL DEFAULT NULL,
  `updated_at` timestamp NULL DEFAULT NULL,
  `name` varchar(255) COLLATE utf8mb4_unicode_ci NOT NULL,
  `code` varchar(255) COLLATE utf8mb4_unicode_ci NOT NULL,
  PRIMARY KEY (`id`)
) ENGINE=InnoDB AUTO_INCREMENT=10 DEFAULT CHARSET=utf8mb4 COLLATE=utf8mb4_unicode_ci;

--
-- Dumping data for table `iibb_perceptions`
--

INSERT INTO `iibb_perceptions` VALUES (1,NULL,NULL,NULL,'IIBB CABA','IIBBCABA'),(2,NULL,NULL,NULL,'IIBB Bs. As.','IIBBBSAS'),(3,NULL,NULL,NULL,'Percepcion IIBB Tucuman','IIBBTucuman'),(4,NULL,NULL,NULL,'Perc IIBB Misiones','IIBBMisiones'),(5,NULL,NULL,NULL,'Perc IIBB Cordoba','IIBBCba'),(6,NULL,NULL,NULL,'Pec IIBB La Pampa','IIBB La Pampa'),(7,NULL,NULL,NULL,'Perc IIBB Rio Negro','IIBB Rio Negro'),(8,NULL,NULL,NULL,'Perc IIBB Corrientes','IIIBB Corrientes'),(9,NULL,NULL,NULL,'Perc IIBB Santiago del Estero','IIBBSantiago');

--
-- Table structure for table `inv_combos`
--

CREATE TABLE `inv_combos` (
  `id` bigint(20) unsigned NOT NULL AUTO_INCREMENT,
  `inv_product_combo_id` bigint(20) unsigned NOT NULL,
  `inv_product_id` bigint(20) unsigned NOT NULL,
  `cantidades` int(11) NOT NULL,
  `codigo_interno` varchar(191) COLLATE utf8mb4_unicode_ci NOT NULL,
  `descripcion` varchar(191) COLLATE utf8mb4_unicode_ci NOT NULL,
  `created_at` timestamp NULL DEFAULT NULL,
  `updated_at` timestamp NULL DEFAULT NULL,
  `deleted_at` timestamp NULL DEFAULT NULL,
  PRIMARY KEY (`id`),
  KEY `inv_combos_inv_product_combo_id_foreign` (`inv_product_combo_id`),
  KEY `inv_combos_inv_product_id_foreign` (`inv_product_id`),
  CONSTRAINT `inv_combos_inv_product_combo_id_foreign` FOREIGN KEY (`inv_product_combo_id`) REFERENCES `inv_productos` (`id`),
  CONSTRAINT `inv_combos_inv_product_id_foreign` FOREIGN KEY (`inv_product_id`) REFERENCES `inv_productos` (`id`)
) ENGINE=InnoDB AUTO_INCREMENT=3 DEFAULT CHARSET=utf8mb4 COLLATE=utf8mb4_unicode_ci;

--
-- Dumping data for table `inv_combos`
--

INSERT INTO `inv_combos` VALUES (1,6,5,1,'25','Producto #1',NULL,NULL,NULL),(2,6,4,1,'101','Producto #2',NULL,NULL,NULL);

--
-- Table structure for table `inv_control_stock`
--

CREATE TABLE `inv_control_stock` (
  `id` bigint(20) unsigned NOT NULL AUTO_INCREMENT,
  `user_id` int(11) DEFAULT NULL,
  `person_id` int(10) unsigned NOT NULL,
  `created_at` timestamp NULL DEFAULT NULL,
  `updated_at` timestamp NULL DEFAULT NULL,
  `deleted_at` timestamp NULL DEFAULT NULL,
  PRIMARY KEY (`id`),
  KEY `inv_control_stock_person_id_foreign` (`person_id`),
  CONSTRAINT `inv_control_stock_person_id_foreign` FOREIGN KEY (`person_id`) REFERENCES `persons` (`id`)
) ENGINE=InnoDB AUTO_INCREMENT=2 DEFAULT CHARSET=utf8mb4 COLLATE=utf8mb4_unicode_ci;

--
-- Dumping data for table `inv_control_stock`
--

INSERT INTO `inv_control_stock` VALUES (1,8522,40718,'2023-03-01 11:49:38','2023-03-01 11:49:38',NULL);

--
-- Table structure for table `inv_control_stock_detail`
--

CREATE TABLE `inv_control_stock_detail` (
  `id` bigint(20) unsigned NOT NULL AUTO_INCREMENT,
  `user_id` int(11) DEFAULT NULL,
  `person_id` int(10) unsigned NOT NULL,
  `inv_control_stock_id` bigint(20) unsigned NOT NULL,
  `inv_product_id` bigint(20) unsigned NOT NULL,
  `inv_deposito_id` bigint(20) unsigned DEFAULT NULL,
  `stock_actual` decimal(16,2) NOT NULL DEFAULT '0.00',
  `stock_real` decimal(16,2) NOT NULL DEFAULT '0.00',
  `stock_diferencia` decimal(16,2) NOT NULL DEFAULT '0.00',
  `precio_costo` decimal(16,2) NOT NULL DEFAULT '0.00',
  `precio_diferencia` decimal(16,2) NOT NULL DEFAULT '0.00',
  `created_at` timestamp NULL DEFAULT NULL,
  `updated_at` timestamp NULL DEFAULT NULL,
  `deleted_at` timestamp NULL DEFAULT NULL,
  PRIMARY KEY (`id`),
  KEY `inv_control_stock_detail_person_id_foreign` (`person_id`),
  KEY `inv_control_stock_detail_inv_control_stock_id_foreign` (`inv_control_stock_id`),
  KEY `inv_control_stock_detail_inv_product_id_foreign` (`inv_product_id`),
  KEY `inv_control_stock_detail_inv_deposito_id_foreign` (`inv_deposito_id`),
  CONSTRAINT `inv_control_stock_detail_inv_control_stock_id_foreign` FOREIGN KEY (`inv_control_stock_id`) REFERENCES `inv_control_stock` (`id`),
  CONSTRAINT `inv_control_stock_detail_inv_deposito_id_foreign` FOREIGN KEY (`inv_deposito_id`) REFERENCES `inv_depositos` (`id`),
  CONSTRAINT `inv_control_stock_detail_inv_product_id_foreign` FOREIGN KEY (`inv_product_id`) REFERENCES `inv_productos` (`id`),
  CONSTRAINT `inv_control_stock_detail_person_id_foreign` FOREIGN KEY (`person_id`) REFERENCES `persons` (`id`)
) ENGINE=InnoDB AUTO_INCREMENT=2 DEFAULT CHARSET=utf8mb4 COLLATE=utf8mb4_unicode_ci;

--
-- Dumping data for table `inv_control_stock_detail`
--

INSERT INTO `inv_control_stock_detail` VALUES (1,8522,40718,1,4,1,325.00,295.00,-30.00,5000.00,-150000.00,'2023-03-01 11:49:38','2023-03-01 11:49:38',NULL);

--
-- Table structure for table `inv_depositos`
--

CREATE TABLE `inv_depositos` (
  `id` bigint(20) unsigned NOT NULL AUTO_INCREMENT,
  `user_id` int(10) unsigned DEFAULT NULL,
  `person_id` int(10) unsigned NOT NULL,
  `descripcion` text COLLATE utf8mb4_unicode_ci NOT NULL,
  `habilitado` tinyint(1) NOT NULL DEFAULT '1',
  `deleted_at` timestamp NULL DEFAULT NULL,
  `created_at` timestamp NULL DEFAULT NULL,
  `updated_at` timestamp NULL DEFAULT NULL,
  PRIMARY KEY (`id`),
  KEY `inv_depositos_person_id_foreign` (`person_id`),
  CONSTRAINT `inv_depositos_person_id_foreign` FOREIGN KEY (`person_id`) REFERENCES `persons` (`id`)
) ENGINE=InnoDB AUTO_INCREMENT=2 DEFAULT CHARSET=utf8mb4 COLLATE=utf8mb4_unicode_ci;

--
-- Dumping data for table `inv_depositos`
--

INSERT INTO `inv_depositos` VALUES (1,NULL,40718,'Deposito 1',1,NULL,NULL,NULL);

--
-- Table structure for table `inv_descarga_details`
--

CREATE TABLE `inv_descarga_details` (
  `id` bigint(20) unsigned NOT NULL AUTO_INCREMENT,
  `user_id` int(10) unsigned DEFAULT NULL,
  `person_id` int(10) unsigned NOT NULL,
  `inv_descarga_id` bigint(20) unsigned DEFAULT NULL,
  `inv_producto_id` bigint(20) unsigned DEFAULT NULL,
  `inv_deposito_id` bigint(20) unsigned DEFAULT NULL,
  `cantidades` decimal(16,2) NOT NULL DEFAULT '0.00',
  `created_at` timestamp NULL DEFAULT NULL,
  `updated_at` timestamp NULL DEFAULT NULL,
  `deleted_at` timestamp NULL DEFAULT NULL,
  PRIMARY KEY (`id`),
  KEY `inv_descarga_details_person_id_foreign` (`person_id`),
  KEY `inv_descarga_details_inv_producto_id_foreign` (`inv_producto_id`),
  KEY `inv_descarga_details_inv_descarga_id_foreign` (`inv_descarga_id`),
  KEY `inv_descarga_details_inv_deposito_id_foreign` (`inv_deposito_id`),
  CONSTRAINT `inv_descarga_details_inv_deposito_id_foreign` FOREIGN KEY (`inv_deposito_id`) REFERENCES `inv_depositos` (`id`),
  CONSTRAINT `inv_descarga_details_inv_descarga_id_foreign` FOREIGN KEY (`inv_descarga_id`) REFERENCES `inv_descargas` (`id`),
  CONSTRAINT `inv_descarga_details_inv_producto_id_foreign` FOREIGN KEY (`inv_producto_id`) REFERENCES `inv_productos` (`id`),
  CONSTRAINT `inv_descarga_details_person_id_foreign` FOREIGN KEY (`person_id`) REFERENCES `persons` (`id`)
) ENGINE=InnoDB DEFAULT CHARSET=utf8mb4 COLLATE=utf8mb4_unicode_ci;

--
-- Dumping data for table `inv_descarga_details`
--


--
-- Table structure for table `inv_descargas`
--

CREATE TABLE `inv_descargas` (
  `id` bigint(20) unsigned NOT NULL AUTO_INCREMENT,
  `user_id` int(10) unsigned DEFAULT NULL,
  `person_id` int(10) unsigned NOT NULL,
  `inv_orden_trabajo_gastos_tipo_id` bigint(20) unsigned DEFAULT NULL,
  `syj_empleado_id` int(10) unsigned DEFAULT NULL,
  `comentario` text COLLATE utf8mb4_unicode_ci,
  `fecha` datetime NOT NULL DEFAULT '2024-02-09 06:46:13',
  `created_at` timestamp NULL DEFAULT NULL,
  `updated_at` timestamp NULL DEFAULT NULL,
  `deleted_at` timestamp NULL DEFAULT NULL,
  PRIMARY KEY (`id`),
  KEY `inv_descargas_person_id_foreign` (`person_id`),
  KEY `inv_descargas_inv_orden_trabajo_gastos_tipo_id_foreign` (`inv_orden_trabajo_gastos_tipo_id`),
  KEY `inv_descargas_syj_empleado_id_foreign` (`syj_empleado_id`),
  CONSTRAINT `inv_descargas_inv_orden_trabajo_gastos_tipo_id_foreign` FOREIGN KEY (`inv_orden_trabajo_gastos_tipo_id`) REFERENCES `inv_orden_trabajo_gastos_tipos` (`id`),
  CONSTRAINT `inv_descargas_person_id_foreign` FOREIGN KEY (`person_id`) REFERENCES `persons` (`id`),
  CONSTRAINT `inv_descargas_syj_empleado_id_foreign` FOREIGN KEY (`syj_empleado_id`) REFERENCES `syj_empleados` (`id`)
) ENGINE=InnoDB DEFAULT CHARSET=utf8mb4 COLLATE=utf8mb4_unicode_ci;

--
-- Dumping data for table `inv_descargas`
--


--
-- Table structure for table `inv_indicadores`
--

CREATE TABLE `inv_indicadores` (
  `id` bigint(20) unsigned NOT NULL AUTO_INCREMENT,
  `user_id` int(10) unsigned DEFAULT NULL,
  `descripcion` varchar(191) COLLATE utf8mb4_unicode_ci NOT NULL,
  `metodo` varchar(191) COLLATE utf8mb4_unicode_ci NOT NULL,
  `tipo` varchar(191) COLLATE utf8mb4_unicode_ci NOT NULL,
  `orden` int(10) unsigned NOT NULL,
  `habilitado` tinyint(1) NOT NULL DEFAULT '1',
  `created_at` timestamp NULL DEFAULT NULL,
  `updated_at` timestamp NULL DEFAULT NULL,
  `deleted_at` timestamp NULL DEFAULT NULL,
  PRIMARY KEY (`id`)
) ENGINE=InnoDB AUTO_INCREMENT=11 DEFAULT CHARSET=utf8mb4 COLLATE=utf8mb4_unicode_ci;

--
-- Dumping data for table `inv_indicadores`
--

INSERT INTO `inv_indicadores` VALUES (1,NULL,'Datos Grales','datos_grales','card_info',5,1,NULL,'2023-02-16 08:53:02',NULL),(2,NULL,'Impuestos Asociados','impuestos_asociados','card_info',6,1,NULL,'2023-02-16 08:53:02',NULL),(3,NULL,'Informacion de Liquidacion','informacion_de_liquidacion','card_info',7,1,NULL,'2023-02-16 08:53:02',NULL),(4,NULL,'Cantidad Ventas del Mes','cantidad_ventas_del_mes','card',1,1,NULL,'2023-02-16 08:53:02',NULL),(5,NULL,'Total Facturado En El Mes','total_facturado_en_el_mes','card',2,1,NULL,'2023-02-16 08:53:02',NULL),(6,NULL,'Total Facturado En El Dia','total_facturado_en_el_dia','card',3,1,NULL,'2023-02-16 08:53:02',NULL),(7,NULL,'Total Facturado En El Año','total_facturado_en_el_anio','card',4,1,NULL,'2023-02-16 08:53:02',NULL),(8,NULL,'Facturacion Mensual','facturacion_mensual','grafico',8,1,NULL,'2023-02-16 08:53:02',NULL),(9,NULL,'Proyeccion de Ganancias','proyeccion_de_ganancias','tabla',9,1,NULL,'2023-02-16 08:53:02',NULL),(10,NULL,'Posicion IVA','posicion_de_iva','tabla',10,1,NULL,'2023-02-16 08:53:02',NULL);

--
-- Table structure for table `inv_indicadores_persons`
--

CREATE TABLE `inv_indicadores_persons` (
  `id` bigint(20) unsigned NOT NULL AUTO_INCREMENT,
  `user_id` int(10) unsigned DEFAULT NULL,
  `person_id` int(10) unsigned NOT NULL,
  `inv_indicador_id` bigint(20) unsigned NOT NULL,
  `objetivo` decimal(16,2) NOT NULL DEFAULT '0.00',
  `created_at` timestamp NULL DEFAULT NULL,
  `updated_at` timestamp NULL DEFAULT NULL,
  `deleted_at` timestamp NULL DEFAULT NULL,
  PRIMARY KEY (`id`),
  KEY `inv_indicadores_persons_person_id_foreign` (`person_id`),
  KEY `inv_indicadores_persons_inv_indicador_id_foreign` (`inv_indicador_id`),
  CONSTRAINT `inv_indicadores_persons_inv_indicador_id_foreign` FOREIGN KEY (`inv_indicador_id`) REFERENCES `inv_indicadores` (`id`),
  CONSTRAINT `inv_indicadores_persons_person_id_foreign` FOREIGN KEY (`person_id`) REFERENCES `persons` (`id`)
) ENGINE=InnoDB AUTO_INCREMENT=12 DEFAULT CHARSET=utf8mb4 COLLATE=utf8mb4_unicode_ci;

--
-- Dumping data for table `inv_indicadores_persons`
--

INSERT INTO `inv_indicadores_persons` VALUES (1,NULL,40719,1,0.00,NULL,NULL,NULL),(2,NULL,40718,1,0.00,NULL,'2023-03-01 16:20:46','2023-03-01 16:20:46'),(3,NULL,40718,1,0.00,NULL,'2023-03-01 16:20:49','2023-03-01 16:20:49'),(4,NULL,40718,2,0.00,NULL,'2023-03-01 16:20:49','2023-03-01 16:20:49'),(5,NULL,40718,1,0.00,NULL,NULL,NULL),(6,NULL,40718,2,0.00,NULL,NULL,NULL),(7,NULL,40718,3,0.00,NULL,NULL,NULL),(8,NULL,40817,8,0.00,NULL,'2024-10-10 07:22:35','2024-10-10 07:22:35'),(9,NULL,40817,5,0.00,NULL,NULL,NULL),(10,NULL,40817,8,0.00,NULL,NULL,NULL),(11,NULL,40909,4,0.00,NULL,NULL,NULL);

--
-- Table structure for table `inv_ing_egr_stock`
--

CREATE TABLE `inv_ing_egr_stock` (
  `id` bigint(20) unsigned NOT NULL AUTO_INCREMENT,
  `user_id` int(11) DEFAULT NULL,
  `person_id` int(10) unsigned NOT NULL,
  `created_at` timestamp NULL DEFAULT NULL,
  `updated_at` timestamp NULL DEFAULT NULL,
  `deleted_at` timestamp NULL DEFAULT NULL,
  PRIMARY KEY (`id`),
  KEY `inv_ing_egr_stock_person_id_foreign` (`person_id`),
  CONSTRAINT `inv_ing_egr_stock_person_id_foreign` FOREIGN KEY (`person_id`) REFERENCES `persons` (`id`)
) ENGINE=InnoDB DEFAULT CHARSET=utf8mb4 COLLATE=utf8mb4_unicode_ci;

--
-- Dumping data for table `inv_ing_egr_stock`
--


--
-- Table structure for table `inv_ing_egr_stock_detail`
--

CREATE TABLE `inv_ing_egr_stock_detail` (
  `id` bigint(20) unsigned NOT NULL AUTO_INCREMENT,
  `user_id` int(11) DEFAULT NULL,
  `person_id` int(10) unsigned NOT NULL,
  `inv_ing_egr_stock_id` bigint(20) unsigned NOT NULL,
  `inv_product_id` bigint(20) unsigned NOT NULL,
  `prod_variant_id` bigint(20) unsigned DEFAULT NULL,
  `inv_deposito_id` bigint(20) unsigned DEFAULT NULL,
  `sumar1_restar0` tinyint(1) NOT NULL DEFAULT '1',
  `cantidades` decimal(16,2) NOT NULL DEFAULT '0.00',
  `created_at` timestamp NULL DEFAULT NULL,
  `updated_at` timestamp NULL DEFAULT NULL,
  `deleted_at` timestamp NULL DEFAULT NULL,
  PRIMARY KEY (`id`),
  KEY `inv_ing_egr_stock_detail_person_id_foreign` (`person_id`),
  KEY `inv_ing_egr_stock_detail_inv_ing_egr_stock_id_foreign` (`inv_ing_egr_stock_id`),
  KEY `inv_ing_egr_stock_detail_inv_product_id_foreign` (`inv_product_id`),
  KEY `inv_ing_egr_stock_detail_inv_deposito_id_foreign` (`inv_deposito_id`),
  KEY `inv_ing_egr_stock_detail_prod_variant_id_foreign` (`prod_variant_id`),
  CONSTRAINT `inv_ing_egr_stock_detail_inv_deposito_id_foreign` FOREIGN KEY (`inv_deposito_id`) REFERENCES `inv_depositos` (`id`),
  CONSTRAINT `inv_ing_egr_stock_detail_inv_ing_egr_stock_id_foreign` FOREIGN KEY (`inv_ing_egr_stock_id`) REFERENCES `inv_ing_egr_stock` (`id`),
  CONSTRAINT `inv_ing_egr_stock_detail_inv_product_id_foreign` FOREIGN KEY (`inv_product_id`) REFERENCES `inv_productos` (`id`),
  CONSTRAINT `inv_ing_egr_stock_detail_person_id_foreign` FOREIGN KEY (`person_id`) REFERENCES `persons` (`id`),
  CONSTRAINT `inv_ing_egr_stock_detail_prod_variant_id_foreign` FOREIGN KEY (`prod_variant_id`) REFERENCES `prod_variants` (`id`)
) ENGINE=InnoDB DEFAULT CHARSET=utf8mb4 COLLATE=utf8mb4_unicode_ci;

--
-- Dumping data for table `inv_ing_egr_stock_detail`
--


--
-- Table structure for table `inv_lista_de_precios`
--

CREATE TABLE `inv_lista_de_precios` (
  `id` bigint(20) unsigned NOT NULL AUTO_INCREMENT,
  `user_id` int(11) DEFAULT NULL,
  `person_id` int(10) unsigned NOT NULL,
  `descripcion` varchar(191) COLLATE utf8mb4_unicode_ci DEFAULT NULL,
  `cliente_id` int(10) unsigned DEFAULT NULL COMMENT 'Cliente específico al que aplica la lista (opcional)',
  `descuento_general` decimal(10,2) DEFAULT NULL COMMENT 'Porcentaje de descuento general para todos los productos',
  `incremento_general` decimal(10,2) DEFAULT NULL COMMENT 'Porcentaje de incremento general para todos los productos',
  `aplicar_redondeo` tinyint(1) NOT NULL DEFAULT '0' COMMENT 'Si se debe aplicar redondeo al precio calculado',
  `redondeo_a` decimal(10,2) DEFAULT NULL COMMENT 'Múltiplo al cual redondear el precio (ej: 10, 50, 100)',
  `fecha_desde` date DEFAULT NULL COMMENT 'Fecha de inicio de vigencia',
  `fecha_hasta` date DEFAULT NULL COMMENT 'Fecha de fin de vigencia',
  `habilitado` tinyint(1) NOT NULL DEFAULT '1',
  `created_at` timestamp NULL DEFAULT NULL,
  `updated_at` timestamp NULL DEFAULT NULL,
  `deleted_at` timestamp NULL DEFAULT NULL,
  PRIMARY KEY (`id`),
  KEY `inv_lista_de_precios_person_id_foreign` (`person_id`),
  KEY `inv_lista_de_precios_cliente_id_index` (`cliente_id`),
  KEY `inv_lista_de_precios_fecha_desde_index` (`fecha_desde`),
  KEY `inv_lista_de_precios_fecha_hasta_index` (`fecha_hasta`),
  CONSTRAINT `inv_lista_de_precios_cliente_id_foreign` FOREIGN KEY (`cliente_id`) REFERENCES `persons` (`id`) ON DELETE CASCADE,
  CONSTRAINT `inv_lista_de_precios_person_id_foreign` FOREIGN KEY (`person_id`) REFERENCES `persons` (`id`)
) ENGINE=InnoDB AUTO_INCREMENT=2 DEFAULT CHARSET=utf8mb4 COLLATE=utf8mb4_unicode_ci;

--
-- Dumping data for table `inv_lista_de_precios`
--

INSERT INTO `inv_lista_de_precios` VALUES (1,8522,40718,'Lista General',NULL,NULL,NULL,0,NULL,NULL,NULL,1,'2023-03-01 11:43:01','2023-03-01 11:43:01',NULL);

--
-- Table structure for table `inv_lista_de_precios_productos`
--

CREATE TABLE `inv_lista_de_precios_productos` (
  `id` bigint(20) unsigned NOT NULL AUTO_INCREMENT,
  `inv_lista_de_precio_id` bigint(20) unsigned NOT NULL,
  `inv_producto_id` bigint(20) unsigned NOT NULL,
  `precio_sin_iva` decimal(15,2) DEFAULT NULL COMMENT 'Override del precio sin IVA (si es null, se calcula desde precio base)',
  `precio_final` decimal(15,2) DEFAULT NULL COMMENT 'Override del precio final (si es null, se calcula desde precio base)',
  `descuento_porcentaje` decimal(10,2) DEFAULT NULL COMMENT 'Porcentaje de descuento sobre precio base del producto',
  `incremento_porcentaje` decimal(10,2) DEFAULT NULL COMMENT 'Porcentaje de incremento sobre precio base del producto',
  `margen` decimal(10,2) DEFAULT NULL COMMENT 'Override del margen para recalcular precio',
  `habilitado` tinyint(1) NOT NULL DEFAULT '1',
  `created_at` timestamp NULL DEFAULT NULL,
  `updated_at` timestamp NULL DEFAULT NULL,
  PRIMARY KEY (`id`),
  UNIQUE KEY `unique_lista_producto` (`inv_lista_de_precio_id`,`inv_producto_id`),
  KEY `inv_lista_de_precios_productos_habilitado_index` (`habilitado`),
  KEY `inv_lista_de_precios_productos_inv_producto_id_habilitado_index` (`inv_producto_id`,`habilitado`),
  CONSTRAINT `inv_lista_de_precios_productos_inv_lista_de_precio_id_foreign` FOREIGN KEY (`inv_lista_de_precio_id`) REFERENCES `inv_lista_de_precios` (`id`) ON DELETE CASCADE,
  CONSTRAINT `inv_lista_de_precios_productos_inv_producto_id_foreign` FOREIGN KEY (`inv_producto_id`) REFERENCES `inv_productos` (`id`) ON DELETE CASCADE
) ENGINE=InnoDB DEFAULT CHARSET=utf8mb4 COLLATE=utf8mb4_unicode_ci;

--
-- Dumping data for table `inv_lista_de_precios_productos`
--


--
-- Table structure for table `inv_orden_trabajo_clasificacion`
--

CREATE TABLE `inv_orden_trabajo_clasificacion` (
  `id` int(10) unsigned NOT NULL AUTO_INCREMENT,
  `user_id` int(10) unsigned DEFAULT NULL,
  `person_id` int(10) unsigned NOT NULL,
  `descripcion` text COLLATE utf8mb4_unicode_ci NOT NULL,
  `habilitado` tinyint(1) NOT NULL DEFAULT '1',
  `created_at` timestamp NULL DEFAULT NULL,
  `updated_at` timestamp NULL DEFAULT NULL,
  `deleted_at` timestamp NULL DEFAULT NULL,
  PRIMARY KEY (`id`),
  KEY `inv_orden_trabajo_clasificacion_person_id_foreign` (`person_id`),
  CONSTRAINT `inv_orden_trabajo_clasificacion_person_id_foreign` FOREIGN KEY (`person_id`) REFERENCES `persons` (`id`)
) ENGINE=InnoDB DEFAULT CHARSET=utf8mb4 COLLATE=utf8mb4_unicode_ci;

--
-- Dumping data for table `inv_orden_trabajo_clasificacion`
--


--
-- Table structure for table `inv_orden_trabajo_config_cc`
--

CREATE TABLE `inv_orden_trabajo_config_cc` (
  `id` bigint(20) unsigned NOT NULL AUTO_INCREMENT,
  `user_id` int(10) unsigned DEFAULT NULL,
  `person_id` int(10) unsigned NOT NULL,
  `horas_conta_plan_cuenta_id` int(10) unsigned NOT NULL,
  `horas_contra_conta_plan_cuenta_id` int(10) unsigned NOT NULL,
  `gastos_conta_plan_cuenta_id` int(10) unsigned NOT NULL,
  `gastos_contra_conta_plan_cuenta_id` int(10) unsigned NOT NULL,
  `productos_conta_plan_cuenta_id` int(10) unsigned NOT NULL,
  `productos_contra_conta_plan_cuenta_id` int(10) unsigned NOT NULL,
  `asiento_horas_cpc_id` int(10) unsigned NOT NULL DEFAULT '217',
  `asiento_contra_horas_cpc_id` int(10) unsigned NOT NULL DEFAULT '217',
  `asiento_gastos_cpc_id` int(10) unsigned NOT NULL DEFAULT '217',
  `asiento_contra_gastos_cpc_id` int(10) unsigned NOT NULL DEFAULT '217',
  `asiento_productos_cpc_id` int(10) unsigned NOT NULL DEFAULT '217',
  `asiento_contra_productos_cpc_id` int(10) unsigned NOT NULL DEFAULT '217',
  `created_at` timestamp NULL DEFAULT NULL,
  `updated_at` timestamp NULL DEFAULT NULL,
  `deleted_at` timestamp NULL DEFAULT NULL,
  PRIMARY KEY (`id`),
  KEY `inv_orden_trabajo_config_cc_person_id_foreign` (`person_id`),
  KEY `hcc_id_foreign` (`horas_conta_plan_cuenta_id`),
  KEY `gcc_id_foreign` (`gastos_conta_plan_cuenta_id`),
  KEY `pcc_id_foreign` (`productos_conta_plan_cuenta_id`),
  KEY `h_contra_cc_id_foreign` (`horas_contra_conta_plan_cuenta_id`),
  KEY `g_contra_cc_id_foreign` (`gastos_contra_conta_plan_cuenta_id`),
  KEY `p_contra_cc_id_foreign` (`productos_contra_conta_plan_cuenta_id`),
  KEY `ahcc_id_foreign` (`asiento_horas_cpc_id`),
  KEY `agcc_id_foreign` (`asiento_gastos_cpc_id`),
  KEY `apcc_id_foreign` (`asiento_productos_cpc_id`),
  KEY `ah_contra_cc_id_foreign` (`asiento_contra_horas_cpc_id`),
  KEY `ag_contra_cc_id_foreign` (`asiento_contra_gastos_cpc_id`),
  KEY `ap_contra_cc_id_foreign` (`asiento_contra_productos_cpc_id`),
  CONSTRAINT `ag_contra_cc_id_foreign` FOREIGN KEY (`asiento_contra_gastos_cpc_id`) REFERENCES `conta_plan_cuenta` (`id`),
  CONSTRAINT `agcc_id_foreign` FOREIGN KEY (`asiento_gastos_cpc_id`) REFERENCES `conta_plan_cuenta` (`id`),
  CONSTRAINT `ah_contra_cc_id_foreign` FOREIGN KEY (`asiento_contra_horas_cpc_id`) REFERENCES `conta_plan_cuenta` (`id`),
  CONSTRAINT `ahcc_id_foreign` FOREIGN KEY (`asiento_horas_cpc_id`) REFERENCES `conta_plan_cuenta` (`id`),
  CONSTRAINT `ap_contra_cc_id_foreign` FOREIGN KEY (`asiento_contra_productos_cpc_id`) REFERENCES `conta_plan_cuenta` (`id`),
  CONSTRAINT `apcc_id_foreign` FOREIGN KEY (`asiento_productos_cpc_id`) REFERENCES `conta_plan_cuenta` (`id`),
  CONSTRAINT `g_contra_cc_id_foreign` FOREIGN KEY (`gastos_contra_conta_plan_cuenta_id`) REFERENCES `conta_plan_cuenta` (`id`),
  CONSTRAINT `gcc_id_foreign` FOREIGN KEY (`gastos_conta_plan_cuenta_id`) REFERENCES `conta_plan_cuenta` (`id`),
  CONSTRAINT `h_contra_cc_id_foreign` FOREIGN KEY (`horas_contra_conta_plan_cuenta_id`) REFERENCES `conta_plan_cuenta` (`id`),
  CONSTRAINT `hcc_id_foreign` FOREIGN KEY (`horas_conta_plan_cuenta_id`) REFERENCES `conta_plan_cuenta` (`id`),
  CONSTRAINT `inv_orden_trabajo_config_cc_person_id_foreign` FOREIGN KEY (`person_id`) REFERENCES `persons` (`id`),
  CONSTRAINT `p_contra_cc_id_foreign` FOREIGN KEY (`productos_contra_conta_plan_cuenta_id`) REFERENCES `conta_plan_cuenta` (`id`),
  CONSTRAINT `pcc_id_foreign` FOREIGN KEY (`productos_conta_plan_cuenta_id`) REFERENCES `conta_plan_cuenta` (`id`)
) ENGINE=InnoDB DEFAULT CHARSET=utf8mb4 COLLATE=utf8mb4_unicode_ci;

--
-- Dumping data for table `inv_orden_trabajo_config_cc`
--


--
-- Table structure for table `inv_orden_trabajo_files`
--

CREATE TABLE `inv_orden_trabajo_files` (
  `id` bigint(20) unsigned NOT NULL AUTO_INCREMENT,
  `user_id` int(10) unsigned DEFAULT NULL,
  `inv_orden_trabajo_id` bigint(20) unsigned DEFAULT NULL,
  `path` text COLLATE utf8mb4_unicode_ci NOT NULL,
  `original_name` text COLLATE utf8mb4_unicode_ci NOT NULL,
  `created_at` timestamp NULL DEFAULT NULL,
  `updated_at` timestamp NULL DEFAULT NULL,
  `deleted_at` timestamp NULL DEFAULT NULL,
  PRIMARY KEY (`id`),
  KEY `inv_orden_trabajo_files_inv_orden_trabajo_id_foreign` (`inv_orden_trabajo_id`),
  CONSTRAINT `inv_orden_trabajo_files_inv_orden_trabajo_id_foreign` FOREIGN KEY (`inv_orden_trabajo_id`) REFERENCES `inv_orden_trabajos` (`id`)
) ENGINE=InnoDB DEFAULT CHARSET=utf8mb4 COLLATE=utf8mb4_unicode_ci;

--
-- Dumping data for table `inv_orden_trabajo_files`
--


--
-- Table structure for table `inv_orden_trabajo_gastos`
--

CREATE TABLE `inv_orden_trabajo_gastos` (
  `id` bigint(20) unsigned NOT NULL AUTO_INCREMENT,
  `user_id` int(10) unsigned DEFAULT NULL,
  `person_id` int(10) unsigned NOT NULL,
  `inv_orden_trabajo_id` bigint(20) unsigned DEFAULT NULL,
  `inv_orden_trabajo_gastos_tipo_id` bigint(20) unsigned DEFAULT NULL,
  `person_id_relationed` int(10) unsigned DEFAULT NULL,
  `receipt_id` int(10) unsigned DEFAULT NULL,
  `fecha` datetime NOT NULL DEFAULT '2023-02-16 08:52:59',
  `importe` decimal(16,2) NOT NULL DEFAULT '0.00',
  `total` decimal(16,2) NOT NULL DEFAULT '0.00',
  `comentario` text COLLATE utf8mb4_unicode_ci,
  `created_at` timestamp NULL DEFAULT NULL,
  `updated_at` timestamp NULL DEFAULT NULL,
  `deleted_at` timestamp NULL DEFAULT NULL,
  PRIMARY KEY (`id`),
  KEY `inv_orden_trabajo_gastos_person_id_foreign` (`person_id`),
  KEY `inv_orden_trabajo_gastos_person_id_relationed_foreign` (`person_id_relationed`),
  KEY `inv_orden_trabajo_gastos_receipt_id_foreign` (`receipt_id`),
  KEY `i_o_t_g_t_id_foreign` (`inv_orden_trabajo_gastos_tipo_id`),
  KEY `inv_orden_trabajo_gastos_inv_orden_trabajo_id_foreign` (`inv_orden_trabajo_id`),
  CONSTRAINT `i_o_t_g_t_id_foreign` FOREIGN KEY (`inv_orden_trabajo_gastos_tipo_id`) REFERENCES `inv_orden_trabajo_gastos_tipos` (`id`),
  CONSTRAINT `inv_orden_trabajo_gastos_inv_orden_trabajo_id_foreign` FOREIGN KEY (`inv_orden_trabajo_id`) REFERENCES `inv_orden_trabajos` (`id`),
  CONSTRAINT `inv_orden_trabajo_gastos_person_id_foreign` FOREIGN KEY (`person_id`) REFERENCES `persons` (`id`),
  CONSTRAINT `inv_orden_trabajo_gastos_person_id_relationed_foreign` FOREIGN KEY (`person_id_relationed`) REFERENCES `persons` (`id`),
  CONSTRAINT `inv_orden_trabajo_gastos_receipt_id_foreign` FOREIGN KEY (`receipt_id`) REFERENCES `receipts` (`id`)
) ENGINE=InnoDB DEFAULT CHARSET=utf8mb4 COLLATE=utf8mb4_unicode_ci;

--
-- Dumping data for table `inv_orden_trabajo_gastos`
--


--
-- Table structure for table `inv_orden_trabajo_gastos_tipos`
--

CREATE TABLE `inv_orden_trabajo_gastos_tipos` (
  `id` bigint(20) unsigned NOT NULL AUTO_INCREMENT,
  `user_id` int(10) unsigned DEFAULT NULL,
  `person_id` int(10) unsigned NOT NULL,
  `descripcion` text COLLATE utf8mb4_unicode_ci NOT NULL,
  `habilitado` tinyint(1) NOT NULL DEFAULT '1',
  `created_at` timestamp NULL DEFAULT NULL,
  `updated_at` timestamp NULL DEFAULT NULL,
  `deleted_at` timestamp NULL DEFAULT NULL,
  PRIMARY KEY (`id`),
  KEY `inv_orden_trabajo_gastos_tipos_person_id_foreign` (`person_id`),
  CONSTRAINT `inv_orden_trabajo_gastos_tipos_person_id_foreign` FOREIGN KEY (`person_id`) REFERENCES `persons` (`id`)
) ENGINE=InnoDB DEFAULT CHARSET=utf8mb4 COLLATE=utf8mb4_unicode_ci;

--
-- Dumping data for table `inv_orden_trabajo_gastos_tipos`
--


--
-- Table structure for table `inv_orden_trabajo_horas`
--

CREATE TABLE `inv_orden_trabajo_horas` (
  `id` bigint(20) unsigned NOT NULL AUTO_INCREMENT,
  `user_id` int(10) unsigned DEFAULT NULL,
  `fecha` datetime NOT NULL DEFAULT '2024-02-09 06:46:27',
  `person_id` int(10) unsigned NOT NULL,
  `inv_orden_trabajo_id` bigint(20) unsigned DEFAULT NULL,
  `inv_orden_trabajo_horas_tipo_id` bigint(20) unsigned DEFAULT NULL,
  `inv_ot_hora_disponible_id` bigint(20) unsigned NOT NULL,
  `cantidad` decimal(16,2) NOT NULL DEFAULT '0.00',
  `importe` decimal(16,2) NOT NULL DEFAULT '0.00',
  `total` decimal(16,2) NOT NULL DEFAULT '0.00',
  `comentario` text COLLATE utf8mb4_unicode_ci,
  `created_at` timestamp NULL DEFAULT NULL,
  `updated_at` timestamp NULL DEFAULT NULL,
  `deleted_at` timestamp NULL DEFAULT NULL,
  PRIMARY KEY (`id`),
  KEY `inv_orden_trabajo_horas_person_id_foreign` (`person_id`),
  KEY `inv_orden_trabajo_horas_inv_orden_trabajo_horas_tipo_id_foreign` (`inv_orden_trabajo_horas_tipo_id`),
  KEY `inv_orden_trabajo_horas_inv_orden_trabajo_id_foreign` (`inv_orden_trabajo_id`),
  KEY `inv_orden_trabajo_horas_inv_ot_hora_disponible_id_foreign` (`inv_ot_hora_disponible_id`),
  CONSTRAINT `inv_orden_trabajo_horas_inv_orden_trabajo_horas_tipo_id_foreign` FOREIGN KEY (`inv_orden_trabajo_horas_tipo_id`) REFERENCES `inv_orden_trabajo_horas_tipos` (`id`),
  CONSTRAINT `inv_orden_trabajo_horas_inv_orden_trabajo_id_foreign` FOREIGN KEY (`inv_orden_trabajo_id`) REFERENCES `inv_orden_trabajos` (`id`),
  CONSTRAINT `inv_orden_trabajo_horas_inv_ot_hora_disponible_id_foreign` FOREIGN KEY (`inv_ot_hora_disponible_id`) REFERENCES `inv_orden_trabajo_horas_disponibles` (`id`),
  CONSTRAINT `inv_orden_trabajo_horas_person_id_foreign` FOREIGN KEY (`person_id`) REFERENCES `persons` (`id`)
) ENGINE=InnoDB DEFAULT CHARSET=utf8mb4 COLLATE=utf8mb4_unicode_ci;

--
-- Dumping data for table `inv_orden_trabajo_horas`
--


--
-- Table structure for table `inv_orden_trabajo_horas_dispo`
--

CREATE TABLE `inv_orden_trabajo_horas_dispo` (
  `id` bigint(20) unsigned NOT NULL AUTO_INCREMENT,
  `user_id` int(10) unsigned DEFAULT NULL,
  `cargar_asignar` int(10) unsigned NOT NULL DEFAULT '1',
  `person_id` int(10) unsigned NOT NULL,
  `fecha` datetime NOT NULL DEFAULT '2024-02-09 06:46:28',
  `dc_estado_id` bigint(20) unsigned NOT NULL,
  `dc_firma_id` bigint(20) unsigned NOT NULL,
  `created_at` timestamp NULL DEFAULT NULL,
  `updated_at` timestamp NULL DEFAULT NULL,
  `deleted_at` timestamp NULL DEFAULT NULL,
  PRIMARY KEY (`id`),
  KEY `inv_orden_trabajo_horas_dispo_person_id_foreign` (`person_id`),
  KEY `inv_orden_trabajo_horas_dispo_dc_estado_id_foreign` (`dc_estado_id`),
  KEY `inv_orden_trabajo_horas_dispo_dc_firma_id_foreign` (`dc_firma_id`),
  CONSTRAINT `inv_orden_trabajo_horas_dispo_dc_estado_id_foreign` FOREIGN KEY (`dc_estado_id`) REFERENCES `dc_estados` (`id`),
  CONSTRAINT `inv_orden_trabajo_horas_dispo_dc_firma_id_foreign` FOREIGN KEY (`dc_firma_id`) REFERENCES `dc_firmas` (`id`),
  CONSTRAINT `inv_orden_trabajo_horas_dispo_person_id_foreign` FOREIGN KEY (`person_id`) REFERENCES `persons` (`id`)
) ENGINE=InnoDB DEFAULT CHARSET=utf8mb4 COLLATE=utf8mb4_unicode_ci;

--
-- Dumping data for table `inv_orden_trabajo_horas_dispo`
--


--
-- Table structure for table `inv_orden_trabajo_horas_disponibles`
--

CREATE TABLE `inv_orden_trabajo_horas_disponibles` (
  `id` bigint(20) unsigned NOT NULL AUTO_INCREMENT,
  `user_id` int(10) unsigned DEFAULT NULL,
  `person_id` int(10) unsigned NOT NULL,
  `inv_orden_trabajo_horas_dispo_id` bigint(20) unsigned NOT NULL,
  `inv_orden_trabajo_id` bigint(20) unsigned DEFAULT NULL,
  `fecha` datetime NOT NULL DEFAULT '2024-02-09 06:46:27',
  `inv_orden_trabajo_horas_tipo_id` bigint(20) unsigned DEFAULT NULL,
  `cantidad` decimal(16,2) NOT NULL DEFAULT '0.00',
  `comentario` text COLLATE utf8mb4_unicode_ci,
  `created_at` timestamp NULL DEFAULT NULL,
  `updated_at` timestamp NULL DEFAULT NULL,
  `deleted_at` timestamp NULL DEFAULT NULL,
  PRIMARY KEY (`id`),
  KEY `inv_orden_trabajo_horas_disponibles_person_id_foreign` (`person_id`),
  KEY `inv_orden_trabajo_horas_disponibles_inv_orden_trabajo_id_foreign` (`inv_orden_trabajo_id`),
  KEY `inv_ot_hs_tipo_dis` (`inv_orden_trabajo_horas_tipo_id`),
  KEY `inv_ot_horas_dispo_id` (`inv_orden_trabajo_horas_dispo_id`),
  CONSTRAINT `inv_orden_trabajo_horas_disponibles_inv_orden_trabajo_id_foreign` FOREIGN KEY (`inv_orden_trabajo_id`) REFERENCES `inv_orden_trabajos` (`id`),
  CONSTRAINT `inv_orden_trabajo_horas_disponibles_person_id_foreign` FOREIGN KEY (`person_id`) REFERENCES `persons` (`id`),
  CONSTRAINT `inv_ot_horas_dispo_id` FOREIGN KEY (`inv_orden_trabajo_horas_dispo_id`) REFERENCES `inv_orden_trabajo_horas_dispo` (`id`),
  CONSTRAINT `inv_ot_hs_tipo_dis` FOREIGN KEY (`inv_orden_trabajo_horas_tipo_id`) REFERENCES `inv_orden_trabajo_horas_tipos` (`id`)
) ENGINE=InnoDB DEFAULT CHARSET=utf8mb4 COLLATE=utf8mb4_unicode_ci;

--
-- Dumping data for table `inv_orden_trabajo_horas_disponibles`
--


--
-- Table structure for table `inv_orden_trabajo_horas_tipos`
--

CREATE TABLE `inv_orden_trabajo_horas_tipos` (
  `id` bigint(20) unsigned NOT NULL AUTO_INCREMENT,
  `user_id` int(10) unsigned DEFAULT NULL,
  `person_id` int(10) unsigned NOT NULL,
  `syj_centros_costo_id` int(10) unsigned NOT NULL,
  `valor` decimal(16,2) NOT NULL DEFAULT '1.00',
  `cantidad_disponible` decimal(16,2) NOT NULL DEFAULT '0.00',
  `importe_disponible` decimal(16,2) NOT NULL DEFAULT '0.00',
  `show_para_produccion` tinyint(1) NOT NULL DEFAULT '1',
  `show_para_horas` tinyint(1) NOT NULL DEFAULT '1',
  `habilitado` tinyint(1) NOT NULL DEFAULT '1',
  `created_at` timestamp NULL DEFAULT NULL,
  `updated_at` timestamp NULL DEFAULT NULL,
  `deleted_at` timestamp NULL DEFAULT NULL,
  PRIMARY KEY (`id`),
  KEY `inv_orden_trabajo_horas_tipos_person_id_foreign` (`person_id`),
  KEY `inv_orden_trabajo_horas_tipos_syj_centros_costo_id_foreign` (`syj_centros_costo_id`),
  CONSTRAINT `inv_orden_trabajo_horas_tipos_person_id_foreign` FOREIGN KEY (`person_id`) REFERENCES `persons` (`id`),
  CONSTRAINT `inv_orden_trabajo_horas_tipos_syj_centros_costo_id_foreign` FOREIGN KEY (`syj_centros_costo_id`) REFERENCES `syj_centros_costos` (`id`)
) ENGINE=InnoDB DEFAULT CHARSET=utf8mb4 COLLATE=utf8mb4_unicode_ci;

--
-- Dumping data for table `inv_orden_trabajo_horas_tipos`
--


--
-- Table structure for table `inv_orden_trabajo_productos`
--

CREATE TABLE `inv_orden_trabajo_productos` (
  `id` bigint(20) unsigned NOT NULL AUTO_INCREMENT,
  `user_id` int(10) unsigned DEFAULT NULL,
  `person_id` int(10) unsigned NOT NULL,
  `inv_orden_trabajo_id` bigint(20) unsigned DEFAULT NULL,
  `inv_producto_id` bigint(20) unsigned DEFAULT NULL,
  `moneda_id` int(10) unsigned NOT NULL DEFAULT '1',
  `cotizacion` decimal(16,2) NOT NULL DEFAULT '0.00',
  `dc_orden_id` bigint(20) unsigned DEFAULT NULL,
  `fecha` datetime NOT NULL DEFAULT '2023-02-16 08:53:00',
  `cantidades` decimal(16,2) NOT NULL DEFAULT '0.00',
  `importe` decimal(16,2) NOT NULL DEFAULT '1.00',
  `total` decimal(16,2) NOT NULL DEFAULT '1.00',
  `comentario` text COLLATE utf8mb4_unicode_ci,
  `created_at` timestamp NULL DEFAULT NULL,
  `updated_at` timestamp NULL DEFAULT NULL,
  `deleted_at` timestamp NULL DEFAULT NULL,
  PRIMARY KEY (`id`),
  KEY `inv_orden_trabajo_productos_person_id_foreign` (`person_id`),
  KEY `inv_orden_trabajo_productos_inv_orden_trabajo_id_foreign` (`inv_orden_trabajo_id`),
  KEY `inv_orden_trabajo_productos_inv_producto_id_foreign` (`inv_producto_id`),
  KEY `inv_orden_trabajo_productos_dc_orden_id_foreign` (`dc_orden_id`),
  KEY `inv_orden_trabajo_productos_moneda_id_foreign` (`moneda_id`),
  CONSTRAINT `inv_orden_trabajo_productos_dc_orden_id_foreign` FOREIGN KEY (`dc_orden_id`) REFERENCES `dc_ordenes` (`id`),
  CONSTRAINT `inv_orden_trabajo_productos_inv_orden_trabajo_id_foreign` FOREIGN KEY (`inv_orden_trabajo_id`) REFERENCES `inv_orden_trabajos` (`id`),
  CONSTRAINT `inv_orden_trabajo_productos_inv_producto_id_foreign` FOREIGN KEY (`inv_producto_id`) REFERENCES `inv_productos` (`id`),
  CONSTRAINT `inv_orden_trabajo_productos_moneda_id_foreign` FOREIGN KEY (`moneda_id`) REFERENCES `monedas` (`id`),
  CONSTRAINT `inv_orden_trabajo_productos_person_id_foreign` FOREIGN KEY (`person_id`) REFERENCES `persons` (`id`)
) ENGINE=InnoDB DEFAULT CHARSET=utf8mb4 COLLATE=utf8mb4_unicode_ci;

--
-- Dumping data for table `inv_orden_trabajo_productos`
--


--
-- Table structure for table `inv_orden_trabajo_servicios`
--

CREATE TABLE `inv_orden_trabajo_servicios` (
  `id` bigint(20) unsigned NOT NULL AUTO_INCREMENT,
  `user_id` int(10) unsigned DEFAULT NULL,
  `person_id` int(10) unsigned NOT NULL,
  `inv_orden_trabajo_id` bigint(20) unsigned DEFAULT NULL,
  `dc_orden_id` bigint(20) unsigned NOT NULL,
  `dc_orden_detail_id` bigint(20) unsigned NOT NULL,
  `fecha` datetime NOT NULL DEFAULT '2024-02-09 06:46:26',
  `created_at` timestamp NULL DEFAULT NULL,
  `updated_at` timestamp NULL DEFAULT NULL,
  `deleted_at` timestamp NULL DEFAULT NULL,
  PRIMARY KEY (`id`),
  KEY `inv_orden_trabajo_servicios_person_id_foreign` (`person_id`),
  KEY `inv_orden_trabajo_servicios_inv_orden_trabajo_id_foreign` (`inv_orden_trabajo_id`),
  KEY `inv_orden_trabajo_servicios_dc_orden_id_foreign` (`dc_orden_id`),
  KEY `inv_orden_trabajo_servicios_dc_orden_detail_id_foreign` (`dc_orden_detail_id`),
  CONSTRAINT `inv_orden_trabajo_servicios_dc_orden_detail_id_foreign` FOREIGN KEY (`dc_orden_detail_id`) REFERENCES `dc_ordenes_details` (`id`),
  CONSTRAINT `inv_orden_trabajo_servicios_dc_orden_id_foreign` FOREIGN KEY (`dc_orden_id`) REFERENCES `dc_ordenes` (`id`),
  CONSTRAINT `inv_orden_trabajo_servicios_inv_orden_trabajo_id_foreign` FOREIGN KEY (`inv_orden_trabajo_id`) REFERENCES `inv_orden_trabajos` (`id`),
  CONSTRAINT `inv_orden_trabajo_servicios_person_id_foreign` FOREIGN KEY (`person_id`) REFERENCES `persons` (`id`)
) ENGINE=InnoDB DEFAULT CHARSET=utf8mb4 COLLATE=utf8mb4_unicode_ci;

--
-- Dumping data for table `inv_orden_trabajo_servicios`
--


--
-- Table structure for table `inv_orden_trabajo_tareas`
--

CREATE TABLE `inv_orden_trabajo_tareas` (
  `id` bigint(20) unsigned NOT NULL AUTO_INCREMENT,
  `user_id` int(10) unsigned DEFAULT NULL,
  `fecha` datetime NOT NULL DEFAULT '2024-02-09 06:46:30',
  `person_id` int(10) unsigned NOT NULL,
  `inv_orden_trabajo_id` bigint(20) unsigned NOT NULL,
  `syj_centro_costo_id` int(10) unsigned NOT NULL,
  `syj_empleado_id` int(10) unsigned NOT NULL,
  `descripcion` longtext COLLATE utf8mb4_unicode_ci,
  `horas_estimadas` decimal(16,2) DEFAULT NULL,
  `is_terminada` tinyint(1) NOT NULL DEFAULT '0',
  `created_at` timestamp NULL DEFAULT NULL,
  `updated_at` timestamp NULL DEFAULT NULL,
  `deleted_at` timestamp NULL DEFAULT NULL,
  PRIMARY KEY (`id`),
  KEY `inv_orden_trabajo_tareas_person_id_foreign` (`person_id`),
  KEY `inv_orden_trabajo_tareas_inv_orden_trabajo_id_foreign` (`inv_orden_trabajo_id`),
  KEY `inv_orden_trabajo_tareas_syj_centro_costo_id_foreign` (`syj_centro_costo_id`),
  KEY `inv_orden_trabajo_tareas_syj_empleado_id_foreign` (`syj_empleado_id`),
  CONSTRAINT `inv_orden_trabajo_tareas_inv_orden_trabajo_id_foreign` FOREIGN KEY (`inv_orden_trabajo_id`) REFERENCES `inv_orden_trabajos` (`id`),
  CONSTRAINT `inv_orden_trabajo_tareas_person_id_foreign` FOREIGN KEY (`person_id`) REFERENCES `persons` (`id`),
  CONSTRAINT `inv_orden_trabajo_tareas_syj_centro_costo_id_foreign` FOREIGN KEY (`syj_centro_costo_id`) REFERENCES `syj_centros_costos` (`id`),
  CONSTRAINT `inv_orden_trabajo_tareas_syj_empleado_id_foreign` FOREIGN KEY (`syj_empleado_id`) REFERENCES `syj_empleados` (`id`)
) ENGINE=InnoDB DEFAULT CHARSET=utf8mb4 COLLATE=utf8mb4_unicode_ci;

--
-- Dumping data for table `inv_orden_trabajo_tareas`
--


--
-- Table structure for table `inv_orden_trabajos`
--

CREATE TABLE `inv_orden_trabajos` (
  `id` bigint(20) unsigned NOT NULL AUTO_INCREMENT,
  `user_id` int(10) unsigned DEFAULT NULL,
  `person_id` int(10) unsigned NOT NULL,
  `person_id_relationed` int(10) unsigned DEFAULT NULL,
  `inv_ot_clasificacion_id` int(10) unsigned DEFAULT NULL,
  `direccion` varchar(191) COLLATE utf8mb4_unicode_ci DEFAULT NULL,
  `latitud` varchar(191) COLLATE utf8mb4_unicode_ci DEFAULT NULL,
  `longitud` varchar(191) COLLATE utf8mb4_unicode_ci DEFAULT NULL,
  `patente` varchar(191) COLLATE utf8mb4_unicode_ci DEFAULT NULL,
  `rodado_id` bigint(20) unsigned DEFAULT NULL,
  `fecha` datetime NOT NULL DEFAULT '2023-02-16 08:52:59',
  `fecha_estimada` datetime DEFAULT NULL,
  `fecha_cierre` datetime DEFAULT NULL,
  `numero` int(10) unsigned NOT NULL,
  `responsable` text COLLATE utf8mb4_unicode_ci,
  `syj_empleado_id` int(10) unsigned DEFAULT NULL,
  `responsable_emp_id` int(10) unsigned DEFAULT NULL,
  `importe` decimal(16,2) NOT NULL DEFAULT '0.00',
  `titulo` text COLLATE utf8mb4_unicode_ci,
  `descripcion` longtext COLLATE utf8mb4_unicode_ci,
  `cerrada` tinyint(1) NOT NULL DEFAULT '0',
  `created_at` timestamp NULL DEFAULT NULL,
  `updated_at` timestamp NULL DEFAULT NULL,
  `deleted_at` timestamp NULL DEFAULT NULL,
  PRIMARY KEY (`id`),
  KEY `inv_orden_trabajos_person_id_foreign` (`person_id`),
  KEY `inv_orden_trabajos_person_id_relationed_foreign` (`person_id_relationed`),
  KEY `inv_orden_trabajos_inv_ot_clasificacion_id_foreign` (`inv_ot_clasificacion_id`),
  KEY `inv_orden_trabajos_rodado_id_foreign` (`rodado_id`),
  KEY `inv_orden_trabajos_syj_empleado_id_foreign` (`syj_empleado_id`),
  KEY `inv_orden_trabajos_responsable_emp_id_foreign` (`responsable_emp_id`),
  CONSTRAINT `inv_orden_trabajos_inv_ot_clasificacion_id_foreign` FOREIGN KEY (`inv_ot_clasificacion_id`) REFERENCES `inv_orden_trabajo_clasificacion` (`id`),
  CONSTRAINT `inv_orden_trabajos_person_id_foreign` FOREIGN KEY (`person_id`) REFERENCES `persons` (`id`),
  CONSTRAINT `inv_orden_trabajos_person_id_relationed_foreign` FOREIGN KEY (`person_id_relationed`) REFERENCES `persons` (`id`),
  CONSTRAINT `inv_orden_trabajos_responsable_emp_id_foreign` FOREIGN KEY (`responsable_emp_id`) REFERENCES `syj_empleados` (`id`),
  CONSTRAINT `inv_orden_trabajos_rodado_id_foreign` FOREIGN KEY (`rodado_id`) REFERENCES `rodados` (`id`),
  CONSTRAINT `inv_orden_trabajos_syj_empleado_id_foreign` FOREIGN KEY (`syj_empleado_id`) REFERENCES `syj_empleados` (`id`)
) ENGINE=InnoDB DEFAULT CHARSET=utf8mb4 COLLATE=utf8mb4_unicode_ci;

--
-- Dumping data for table `inv_orden_trabajos`
--


--
-- Table structure for table `inv_ot_devoluciones`
--

CREATE TABLE `inv_ot_devoluciones` (
  `id` bigint(20) unsigned NOT NULL AUTO_INCREMENT,
  `user_id` int(10) unsigned DEFAULT NULL,
  `person_id` int(10) unsigned NOT NULL,
  `inv_ot_id` bigint(20) unsigned NOT NULL,
  `fecha` datetime NOT NULL DEFAULT '2025-03-17 01:32:44',
  `descripcion` longtext COLLATE utf8mb4_unicode_ci,
  `estado` tinyint(1) NOT NULL DEFAULT '0',
  `firma` text COLLATE utf8mb4_unicode_ci,
  `created_at` timestamp NULL DEFAULT NULL,
  `updated_at` timestamp NULL DEFAULT NULL,
  `deleted_at` timestamp NULL DEFAULT NULL,
  PRIMARY KEY (`id`),
  KEY `inv_ot_devoluciones_person_id_foreign` (`person_id`),
  KEY `inv_ot_devoluciones_inv_ot_id_foreign` (`inv_ot_id`),
  CONSTRAINT `inv_ot_devoluciones_inv_ot_id_foreign` FOREIGN KEY (`inv_ot_id`) REFERENCES `inv_orden_trabajos` (`id`),
  CONSTRAINT `inv_ot_devoluciones_person_id_foreign` FOREIGN KEY (`person_id`) REFERENCES `persons` (`id`)
) ENGINE=InnoDB DEFAULT CHARSET=utf8mb4 COLLATE=utf8mb4_unicode_ci;

--
