INSERT INTO `calendar` VALUES (714,NULL,41207,NULL,NULL,NULL,NULL,'Honorarios Contables',NULL,NULL,'','2023-09-10 10:00:00',1,NULL,'2023-09-10 10:30:00',NULL,0,NULL,'#FF0000',NULL,NULL,NULL,'auto',1,NULL,NULL,NULL,NULL,'#FFFFFF',1,NULL,NULL,NULL),(715,NULL,41207,NULL,NULL,NULL,NULL,'Honorarios Contables',NULL,NULL,'','2023-10-10 10:00:00',1,NULL,'2023-10-10 10:30:00',NULL,0,NULL,'#FF0000',NULL,NULL,NULL,'auto',1,NULL,NULL,NULL,NULL,'#FFFFFF',1,NULL,NULL,NULL),(716,NULL,41207,NULL,NULL,NULL,NULL,'Honorarios Contables',NULL,NULL,'','2023-11-10 10:00:00',1,NULL,'2023-11-10 10:30:00',NULL,0,NULL,'#FF0000',NULL,NULL,NULL,'auto',1,NULL,NULL,NULL,NULL,'#FFFFFF',1,NULL,NULL,NULL),(717,NULL,41207,NULL,NULL,NULL,NULL,'Honorarios Contables',NULL,NULL,'','2023-12-10 10:00:00',1,NULL,'2023-12-10 10:30:00',NULL,0,NULL,'#FF0000',NULL,NULL,NULL,'auto',1,NULL,NULL,NULL,NULL,'#FFFFFF',1,NULL,NULL,NULL),(718,NULL,41207,NULL,NULL,NULL,NULL,'Monotributo',NULL,NULL,'','2023-01-20 10:00:00',1,NULL,'2023-01-20 10:30:00',NULL,0,NULL,'#FF0000',NULL,NULL,NULL,'auto',1,NULL,NULL,NULL,NULL,'#FFFFFF',1,NULL,NULL,NULL),(719,NULL,41207,NULL,NULL,NULL,NULL,'Monotributo',NULL,NULL,'','2023-02-22 10:00:00',1,NULL,'2023-02-22 10:30:00',NULL,0,NULL,'#FF0000',NULL,NULL,NULL,'auto',1,NULL,NULL,NULL,NULL,'#FFFFFF',1,NULL,NULL,NULL),(720,NULL,41207,NULL,NULL,NULL,NULL,'Monotributo',NULL,NULL,'','2023-03-20 10:00:00',1,NULL,'2023-03-20 10:30:00',NULL,0,NULL,'#FF0000',NULL,NULL,NULL,'auto',1,NULL,NULL,NULL,NULL,'#FFFFFF',1,NULL,NULL,NULL),(721,NULL,41207,NULL,NULL,NULL,NULL,'Monotributo',NULL,NULL,'','2023-04-20 10:00:00',1,NULL,'2023-04-20 10:30:00',NULL,0,NULL,'#FF0000',NULL,NULL,NULL,'auto',1,NULL,NULL,NULL,NULL,'#FFFFFF',1,NULL,NULL,NULL),(722,NULL,41207,NULL,NULL,NULL,NULL,'Monotributo',NULL,NULL,'','2023-05-22 10:00:00',1,NULL,'2023-05-22 10:30:00',NULL,0,NULL,'#FF0000',NULL,NULL,NULL,'auto',1,NULL,NULL,NULL,NULL,'#FFFFFF',1,NULL,NULL,NULL),(723,NULL,41207,NULL,NULL,NULL,NULL,'Monotributo',NULL,NULL,'','2023-06-21 10:00:00',1,NULL,'2023-06-21 10:30:00',NULL,0,NULL,'#FF0000',NULL,NULL,NULL,'auto',1,NULL,NULL,NULL,NULL,'#FFFFFF',1,NULL,NULL,NULL),(724,NULL,41207,NULL,NULL,NULL,NULL,'Monotributo',NULL,NULL,'','2023-07-20 10:00:00',1,NULL,'2023-07-20 10:30:00',NULL,0,NULL,'#FF0000',NULL,NULL,NULL,'auto',1,NULL,NULL,NULL,NULL,'#FFFFFF',1,NULL,NULL,NULL),(725,NULL,41207,NULL,NULL,NULL,NULL,'Monotributo',NULL,NULL,'','2023-08-22 10:00:00',1,NULL,'2023-08-22 10:30:00',NULL,0,NULL,'#FF0000',NULL,NULL,NULL,'auto',1,NULL,NULL,NULL,NULL,'#FFFFFF',1,NULL,NULL,NULL),(726,NULL,41207,NULL,NULL,NULL,NULL,'Monotributo',NULL,NULL,'','2023-09-20 10:00:00',1,NULL,'2023-09-20 10:30:00',NULL,0,NULL,'#FF0000',NULL,NULL,NULL,'auto',1,NULL,NULL,NULL,NULL,'#FFFFFF',1,NULL,NULL,NULL),(727,NULL,41207,NULL,NULL,NULL,NULL,'Monotributo',NULL,NULL,'','2023-10-20 10:00:00',1,NULL,'2023-10-20 10:30:00',NULL,0,NULL,'#FF0000',NULL,NULL,NULL,'auto',1,NULL,NULL,NULL,NULL,'#FFFFFF',1,NULL,NULL,NULL),(728,NULL,41207,NULL,NULL,NULL,NULL,'Monotributo',NULL,NULL,'','2023-11-21 10:00:00',1,NULL,'2023-11-21 10:30:00',NULL,0,NULL,'#FF0000',NULL,NULL,NULL,'auto',1,NULL,NULL,NULL,NULL,'#FFFFFF',1,NULL,NULL,NULL),(729,NULL,41207,NULL,NULL,NULL,NULL,'Monotributo',NULL,NULL,'','2023-12-20 10:00:00',1,NULL,'2023-12-20 10:30:00',NULL,0,NULL,'#FF0000',NULL,NULL,NULL,'auto',1,NULL,NULL,NULL,NULL,'#FFFFFF',1,NULL,NULL,NULL),(730,NULL,41207,NULL,NULL,NULL,NULL,'Monotributo - Recategorizacion',NULL,NULL,'','2023-01-20 10:00:00',1,NULL,'2023-01-20 10:30:00',NULL,0,NULL,'#FF0000',NULL,NULL,NULL,'auto',1,NULL,NULL,NULL,NULL,'#FFFFFF',1,NULL,NULL,NULL),(731,NULL,41207,NULL,NULL,NULL,NULL,'Monotributo - Recategorizacion',NULL,NULL,'','2022-07-20 10:00:00',1,NULL,'2022-07-20 10:30:00',NULL,0,NULL,'#FF0000',NULL,NULL,NULL,'auto',1,NULL,NULL,NULL,NULL,'#FFFFFF',1,NULL,NULL,NULL),(732,NULL,41207,NULL,NULL,NULL,NULL,'IIBB SICOL - Anual',NULL,NULL,'','2018-08-21 10:00:00',1,NULL,'2018-08-21 10:30:00',NULL,0,NULL,'#FF0000',NULL,NULL,NULL,'auto',1,NULL,NULL,NULL,NULL,'#FFFFFF',1,NULL,NULL,NULL);
INSERT INTO `calendar` VALUES (733,NULL,41207,NULL,NULL,NULL,NULL,'IIBB SICOL - DDJJ',NULL,NULL,'','2024-01-15 10:00:00',1,NULL,'2024-01-15 10:30:00',NULL,0,NULL,'#FF0000',NULL,NULL,NULL,'auto',1,NULL,NULL,NULL,NULL,'#FFFFFF',1,NULL,NULL,NULL),(734,NULL,41207,NULL,NULL,NULL,NULL,'IIBB SICOL - DDJJ',NULL,NULL,'','2023-02-13 10:00:00',1,NULL,'2023-02-13 10:30:00',NULL,0,NULL,'#FF0000',NULL,NULL,NULL,'auto',1,NULL,NULL,NULL,NULL,'#FFFFFF',1,NULL,NULL,NULL),(735,NULL,41207,NULL,NULL,NULL,NULL,'IIBB SICOL - DDJJ',NULL,NULL,'','2023-03-13 10:00:00',1,NULL,'2023-03-13 10:30:00',NULL,0,NULL,'#FF0000',NULL,NULL,NULL,'auto',1,NULL,NULL,NULL,NULL,'#FFFFFF',1,NULL,NULL,NULL),(736,NULL,41207,NULL,NULL,NULL,NULL,'IIBB SICOL - DDJJ',NULL,NULL,'','2023-04-11 10:00:00',1,NULL,'2023-04-11 10:30:00',NULL,0,NULL,'#FF0000',NULL,NULL,NULL,'auto',1,NULL,NULL,NULL,NULL,'#FFFFFF',1,NULL,NULL,NULL),(737,NULL,41207,NULL,NULL,NULL,NULL,'IIBB SICOL - DDJJ',NULL,NULL,'','2023-05-15 10:00:00',1,NULL,'2023-05-15 10:30:00',NULL,0,NULL,'#FF0000',NULL,NULL,NULL,'auto',1,NULL,NULL,NULL,NULL,'#FFFFFF',1,NULL,NULL,NULL),(738,NULL,41207,NULL,NULL,NULL,NULL,'IIBB SICOL - DDJJ',NULL,NULL,'','2023-06-12 10:00:00',1,NULL,'2023-06-12 10:30:00',NULL,0,NULL,'#FF0000',NULL,NULL,NULL,'auto',1,NULL,NULL,NULL,NULL,'#FFFFFF',1,NULL,NULL,NULL),(739,NULL,41207,NULL,NULL,NULL,NULL,'IIBB SICOL - DDJJ',NULL,NULL,'','2023-07-11 10:00:00',1,NULL,'2023-07-11 10:30:00',NULL,0,NULL,'#FF0000',NULL,NULL,NULL,'auto',1,NULL,NULL,NULL,NULL,'#FFFFFF',1,NULL,NULL,NULL),(740,NULL,41207,NULL,NULL,NULL,NULL,'IIBB SICOL - DDJJ',NULL,NULL,'','2023-08-11 10:00:00',1,NULL,'2023-08-11 10:30:00',NULL,0,NULL,'#FF0000',NULL,NULL,NULL,'auto',1,NULL,NULL,NULL,NULL,'#FFFFFF',1,NULL,NULL,NULL),(741,NULL,41207,NULL,NULL,NULL,NULL,'IIBB SICOL - DDJJ',NULL,NULL,'','2023-09-11 10:00:00',1,NULL,'2023-09-11 10:30:00',NULL,0,NULL,'#FF0000',NULL,NULL,NULL,'auto',1,NULL,NULL,NULL,NULL,'#FFFFFF',1,NULL,NULL,NULL),(742,NULL,41207,NULL,NULL,NULL,NULL,'IIBB SICOL - DDJJ',NULL,NULL,'','2023-10-11 10:00:00',1,NULL,'2023-10-11 10:30:00',NULL,0,NULL,'#FF0000',NULL,NULL,NULL,'auto',1,NULL,NULL,NULL,NULL,'#FFFFFF',1,NULL,NULL,NULL),(743,NULL,41207,NULL,NULL,NULL,NULL,'IIBB SICOL - DDJJ',NULL,NULL,'','2023-11-13 10:00:00',1,NULL,'2023-11-13 10:30:00',NULL,0,NULL,'#FF0000',NULL,NULL,NULL,'auto',1,NULL,NULL,NULL,NULL,'#FFFFFF',1,NULL,NULL,NULL),(744,NULL,41207,NULL,NULL,NULL,NULL,'IIBB SICOL - DDJJ',NULL,NULL,'','2023-12-11 10:00:00',1,NULL,'2023-12-11 10:30:00',NULL,0,NULL,'#FF0000',NULL,NULL,NULL,'auto',1,NULL,NULL,NULL,NULL,'#FFFFFF',1,NULL,NULL,NULL),(745,NULL,40730,NULL,NULL,NULL,NULL,'IIBB SICOL - DDJJ',NULL,NULL,'','2024-01-15 10:00:00',1,NULL,'2024-01-15 10:30:00',NULL,0,NULL,'#FF0000',NULL,NULL,NULL,'auto',1,NULL,NULL,NULL,NULL,'#FFFFFF',1,NULL,NULL,NULL),(746,NULL,40730,NULL,NULL,NULL,NULL,'IIBB SICOL - DDJJ',NULL,NULL,'','2023-02-13 10:00:00',1,NULL,'2023-02-13 10:30:00',NULL,0,NULL,'#FF0000',NULL,NULL,NULL,'auto',1,NULL,NULL,NULL,NULL,'#FFFFFF',1,NULL,NULL,NULL),(747,NULL,40730,NULL,NULL,NULL,NULL,'IIBB SICOL - DDJJ',NULL,NULL,'','2023-03-13 10:00:00',1,NULL,'2023-03-13 10:30:00',NULL,0,NULL,'#FF0000',NULL,NULL,NULL,'auto',1,NULL,NULL,NULL,NULL,'#FFFFFF',1,NULL,NULL,NULL),(748,NULL,40730,NULL,NULL,NULL,NULL,'IIBB SICOL - DDJJ',NULL,NULL,'','2023-04-11 10:00:00',1,NULL,'2023-04-11 10:30:00',NULL,0,NULL,'#FF0000',NULL,NULL,NULL,'auto',1,NULL,NULL,NULL,NULL,'#FFFFFF',1,NULL,NULL,NULL),(749,NULL,40730,NULL,NULL,NULL,NULL,'IIBB SICOL - DDJJ',NULL,NULL,'','2023-05-15 10:00:00',1,NULL,'2023-05-15 10:30:00',NULL,0,NULL,'#FF0000',NULL,NULL,NULL,'auto',1,NULL,NULL,NULL,NULL,'#FFFFFF',1,NULL,NULL,NULL),(750,NULL,40730,NULL,NULL,NULL,NULL,'IIBB SICOL - DDJJ',NULL,NULL,'','2023-06-12 10:00:00',1,NULL,'2023-06-12 10:30:00',NULL,0,NULL,'#FF0000',NULL,NULL,NULL,'auto',1,NULL,NULL,NULL,NULL,'#FFFFFF',1,NULL,NULL,NULL);
INSERT INTO `calendar` VALUES (751,NULL,40730,NULL,NULL,NULL,NULL,'IIBB SICOL - DDJJ',NULL,NULL,'','2023-07-11 10:00:00',1,NULL,'2023-07-11 10:30:00',NULL,0,NULL,'#FF0000',NULL,NULL,NULL,'auto',1,NULL,NULL,NULL,NULL,'#FFFFFF',1,NULL,NULL,NULL),(752,NULL,40730,NULL,NULL,NULL,NULL,'IIBB SICOL - DDJJ',NULL,NULL,'','2023-08-11 10:00:00',1,NULL,'2023-08-11 10:30:00',NULL,0,NULL,'#FF0000',NULL,NULL,NULL,'auto',1,NULL,NULL,NULL,NULL,'#FFFFFF',1,NULL,NULL,NULL),(753,NULL,40730,NULL,NULL,NULL,NULL,'IIBB SICOL - DDJJ',NULL,NULL,'','2023-09-11 10:00:00',1,NULL,'2023-09-11 10:30:00',NULL,0,NULL,'#FF0000',NULL,NULL,NULL,'auto',1,NULL,NULL,NULL,NULL,'#FFFFFF',1,NULL,NULL,NULL),(754,NULL,40730,NULL,NULL,NULL,NULL,'IIBB SICOL - DDJJ',NULL,NULL,'','2023-10-11 10:00:00',1,NULL,'2023-10-11 10:30:00',NULL,0,NULL,'#FF0000',NULL,NULL,NULL,'auto',1,NULL,NULL,NULL,NULL,'#FFFFFF',1,NULL,NULL,NULL),(755,NULL,40730,NULL,NULL,NULL,NULL,'IIBB SICOL - DDJJ',NULL,NULL,'','2023-11-13 10:00:00',1,NULL,'2023-11-13 10:30:00',NULL,0,NULL,'#FF0000',NULL,NULL,NULL,'auto',1,NULL,NULL,NULL,NULL,'#FFFFFF',1,NULL,NULL,NULL),(756,NULL,40730,NULL,NULL,NULL,NULL,'IIBB SICOL - DDJJ',NULL,NULL,'','2023-12-11 10:00:00',1,NULL,'2023-12-11 10:30:00',NULL,0,NULL,'#FF0000',NULL,NULL,NULL,'auto',1,NULL,NULL,NULL,NULL,'#FFFFFF',1,NULL,NULL,NULL),(757,NULL,40730,NULL,NULL,NULL,NULL,'IIBB SICOL - Anual',NULL,NULL,'','2018-08-21 10:00:00',1,NULL,'2018-08-21 10:30:00',NULL,0,NULL,'#FF0000',NULL,NULL,NULL,'auto',1,NULL,NULL,NULL,NULL,'#FFFFFF',1,NULL,NULL,NULL),(758,NULL,40730,NULL,NULL,NULL,NULL,'Monotributo',NULL,NULL,'','2023-01-20 10:00:00',1,NULL,'2023-01-20 10:30:00',NULL,0,NULL,'#FF0000',NULL,NULL,NULL,'auto',1,NULL,NULL,NULL,NULL,'#FFFFFF',1,NULL,NULL,NULL),(759,NULL,40730,NULL,NULL,NULL,NULL,'Monotributo',NULL,NULL,'','2023-02-22 10:00:00',1,NULL,'2023-02-22 10:30:00',NULL,0,NULL,'#FF0000',NULL,NULL,NULL,'auto',1,NULL,NULL,NULL,NULL,'#FFFFFF',1,NULL,NULL,NULL),(760,NULL,40730,NULL,NULL,NULL,NULL,'Monotributo',NULL,NULL,'','2023-03-20 10:00:00',1,NULL,'2023-03-20 10:30:00',NULL,0,NULL,'#FF0000',NULL,NULL,NULL,'auto',1,NULL,NULL,NULL,NULL,'#FFFFFF',1,NULL,NULL,NULL),(761,NULL,40730,NULL,NULL,NULL,NULL,'Monotributo',NULL,NULL,'','2023-04-20 10:00:00',1,NULL,'2023-04-20 10:30:00',NULL,0,NULL,'#FF0000',NULL,NULL,NULL,'auto',1,NULL,NULL,NULL,NULL,'#FFFFFF',1,NULL,NULL,NULL),(762,NULL,40730,NULL,NULL,NULL,NULL,'Monotributo',NULL,NULL,'','2023-05-22 10:00:00',1,NULL,'2023-05-22 10:30:00',NULL,0,NULL,'#FF0000',NULL,NULL,NULL,'auto',1,NULL,NULL,NULL,NULL,'#FFFFFF',1,NULL,NULL,NULL),(763,NULL,40730,NULL,NULL,NULL,NULL,'Monotributo',NULL,NULL,'','2023-06-21 10:00:00',1,NULL,'2023-06-21 10:30:00',NULL,0,NULL,'#FF0000',NULL,NULL,NULL,'auto',1,NULL,NULL,NULL,NULL,'#FFFFFF',1,NULL,NULL,NULL),(764,NULL,40730,NULL,NULL,NULL,NULL,'Monotributo',NULL,NULL,'','2023-07-20 10:00:00',1,NULL,'2023-07-20 10:30:00',NULL,0,NULL,'#FF0000',NULL,NULL,NULL,'auto',1,NULL,NULL,NULL,NULL,'#FFFFFF',1,NULL,NULL,NULL),(765,NULL,40730,NULL,NULL,NULL,NULL,'Monotributo',NULL,NULL,'','2023-08-22 10:00:00',1,NULL,'2023-08-22 10:30:00',NULL,0,NULL,'#FF0000',NULL,NULL,NULL,'auto',1,NULL,NULL,NULL,NULL,'#FFFFFF',1,NULL,NULL,NULL),(766,NULL,40730,NULL,NULL,NULL,NULL,'Monotributo',NULL,NULL,'','2023-09-20 10:00:00',1,NULL,'2023-09-20 10:30:00',NULL,0,NULL,'#FF0000',NULL,NULL,NULL,'auto',1,NULL,NULL,NULL,NULL,'#FFFFFF',1,NULL,NULL,NULL),(767,NULL,40730,NULL,NULL,NULL,NULL,'Monotributo',NULL,NULL,'','2023-10-20 10:00:00',1,NULL,'2023-10-20 10:30:00',NULL,0,NULL,'#FF0000',NULL,NULL,NULL,'auto',1,NULL,NULL,NULL,NULL,'#FFFFFF',1,NULL,NULL,NULL),(768,NULL,40730,NULL,NULL,NULL,NULL,'Monotributo',NULL,NULL,'','2023-11-21 10:00:00',1,NULL,'2023-11-21 10:30:00',NULL,0,NULL,'#FF0000',NULL,NULL,NULL,'auto',1,NULL,NULL,NULL,NULL,'#FFFFFF',1,NULL,NULL,NULL),(769,NULL,40730,NULL,NULL,NULL,NULL,'Monotributo',NULL,NULL,'','2023-12-20 10:00:00',1,NULL,'2023-12-20 10:30:00',NULL,0,NULL,'#FF0000',NULL,NULL,NULL,'auto',1,NULL,NULL,NULL,NULL,'#FFFFFF',1,NULL,NULL,NULL);
INSERT INTO `calendar` VALUES (770,NULL,40730,NULL,NULL,NULL,NULL,'Monotributo - Recategorizacion',NULL,NULL,'','2023-01-20 10:00:00',1,NULL,'2023-01-20 10:30:00',NULL,0,NULL,'#FF0000',NULL,NULL,NULL,'auto',1,NULL,NULL,NULL,NULL,'#FFFFFF',1,NULL,NULL,NULL),(771,NULL,40730,NULL,NULL,NULL,NULL,'Monotributo - Recategorizacion',NULL,NULL,'','2022-07-20 10:00:00',1,NULL,'2022-07-20 10:30:00',NULL,0,NULL,'#FF0000',NULL,NULL,NULL,'auto',1,NULL,NULL,NULL,NULL,'#FFFFFF',1,NULL,NULL,NULL),(772,NULL,40730,NULL,NULL,NULL,NULL,'Honorarios Contables',NULL,NULL,'','2023-01-10 10:00:00',1,NULL,'2023-01-10 10:30:00',NULL,0,NULL,'#FF0000',NULL,NULL,NULL,'auto',1,NULL,NULL,NULL,NULL,'#FFFFFF',1,NULL,NULL,NULL),(773,NULL,40730,NULL,NULL,NULL,NULL,'Honorarios Contables',NULL,NULL,'','2023-02-10 10:00:00',1,NULL,'2023-02-10 10:30:00',NULL,0,NULL,'#FF0000',NULL,NULL,NULL,'auto',1,NULL,NULL,NULL,NULL,'#FFFFFF',1,NULL,NULL,NULL),(774,NULL,40730,NULL,NULL,NULL,NULL,'Honorarios Contables',NULL,NULL,'','2023-03-10 10:00:00',1,NULL,'2023-03-10 10:30:00',NULL,0,NULL,'#FF0000',NULL,NULL,NULL,'auto',1,NULL,NULL,NULL,NULL,'#FFFFFF',1,NULL,NULL,NULL),(775,NULL,40730,NULL,NULL,NULL,NULL,'Honorarios Contables',NULL,NULL,'','2023-04-10 10:00:00',1,NULL,'2023-04-10 10:30:00',NULL,0,NULL,'#FF0000',NULL,NULL,NULL,'auto',1,NULL,NULL,NULL,NULL,'#FFFFFF',1,NULL,NULL,NULL),(776,NULL,40730,NULL,NULL,NULL,NULL,'Honorarios Contables',NULL,NULL,'','2023-05-10 10:00:00',1,NULL,'2023-05-10 10:30:00',NULL,0,NULL,'#FF0000',NULL,NULL,NULL,'auto',1,NULL,NULL,NULL,NULL,'#FFFFFF',1,NULL,NULL,NULL),(777,NULL,40730,NULL,NULL,NULL,NULL,'Honorarios Contables',NULL,NULL,'','2023-06-10 10:00:00',1,NULL,'2023-06-10 10:30:00',NULL,0,NULL,'#FF0000',NULL,NULL,NULL,'auto',1,NULL,NULL,NULL,NULL,'#FFFFFF',1,NULL,NULL,NULL),(778,NULL,40730,NULL,NULL,NULL,NULL,'Honorarios Contables',NULL,NULL,'','2023-07-10 10:00:00',1,NULL,'2023-07-10 10:30:00',NULL,0,NULL,'#FF0000',NULL,NULL,NULL,'auto',1,NULL,NULL,NULL,NULL,'#FFFFFF',1,NULL,NULL,NULL),(779,NULL,40730,NULL,NULL,NULL,NULL,'Honorarios Contables',NULL,NULL,'','2023-08-10 10:00:00',1,NULL,'2023-08-10 10:30:00',NULL,0,NULL,'#FF0000',NULL,NULL,NULL,'auto',1,NULL,NULL,NULL,NULL,'#FFFFFF',1,NULL,NULL,NULL),(780,NULL,40730,NULL,NULL,NULL,NULL,'Honorarios Contables',NULL,NULL,'','2023-09-10 10:00:00',1,NULL,'2023-09-10 10:30:00',NULL,0,NULL,'#FF0000',NULL,NULL,NULL,'auto',1,NULL,NULL,NULL,NULL,'#FFFFFF',1,NULL,NULL,NULL),(781,NULL,40730,NULL,NULL,NULL,NULL,'Honorarios Contables',NULL,NULL,'','2023-10-10 10:00:00',1,NULL,'2023-10-10 10:30:00',NULL,0,NULL,'#FF0000',NULL,NULL,NULL,'auto',1,NULL,NULL,NULL,NULL,'#FFFFFF',1,NULL,NULL,NULL),(782,NULL,40730,NULL,NULL,NULL,NULL,'Honorarios Contables',NULL,NULL,'','2023-11-10 10:00:00',1,NULL,'2023-11-10 10:30:00',NULL,0,NULL,'#FF0000',NULL,NULL,NULL,'auto',1,NULL,NULL,NULL,NULL,'#FFFFFF',1,NULL,NULL,NULL),(783,NULL,40730,NULL,NULL,NULL,NULL,'Honorarios Contables',NULL,NULL,'','2023-12-10 10:00:00',1,NULL,'2023-12-10 10:30:00',NULL,0,NULL,'#FF0000',NULL,NULL,NULL,'auto',1,NULL,NULL,NULL,NULL,'#FFFFFF',1,NULL,NULL,NULL),(784,NULL,41161,NULL,NULL,NULL,NULL,'Honorarios Contables',NULL,NULL,'','2024-01-10 10:00:00',1,NULL,'2024-01-10 10:30:00',NULL,0,NULL,'#FF0000',NULL,NULL,NULL,'auto',1,NULL,NULL,NULL,NULL,'#FFFFFF',1,NULL,NULL,NULL),(785,NULL,41161,NULL,NULL,NULL,NULL,'Honorarios Contables',NULL,NULL,'','2024-02-10 10:00:00',1,NULL,'2024-02-10 10:30:00',NULL,0,NULL,'#FF0000',NULL,NULL,NULL,'auto',1,NULL,NULL,NULL,NULL,'#FFFFFF',1,NULL,NULL,NULL),(786,NULL,41161,NULL,NULL,NULL,NULL,'Honorarios Contables',NULL,NULL,'','2024-03-10 10:00:00',1,NULL,'2024-03-10 10:30:00',NULL,0,NULL,'#FF0000',NULL,NULL,NULL,'auto',1,NULL,NULL,NULL,NULL,'#FFFFFF',1,NULL,NULL,NULL),(787,NULL,41161,NULL,NULL,NULL,NULL,'Honorarios Contables',NULL,NULL,'','2024-04-10 10:00:00',1,NULL,'2024-04-10 10:30:00',NULL,0,NULL,'#FF0000',NULL,NULL,NULL,'auto',1,NULL,NULL,NULL,NULL,'#FFFFFF',1,NULL,NULL,NULL);
INSERT INTO `calendar` VALUES (788,NULL,41161,NULL,NULL,NULL,NULL,'Honorarios Contables',NULL,NULL,'','2024-05-10 10:00:00',1,NULL,'2024-05-10 10:30:00',NULL,0,NULL,'#FF0000',NULL,NULL,NULL,'auto',1,NULL,NULL,NULL,NULL,'#FFFFFF',1,NULL,NULL,NULL),(789,NULL,41161,NULL,NULL,NULL,NULL,'Honorarios Contables',NULL,NULL,'','2024-06-10 10:00:00',1,NULL,'2024-06-10 10:30:00',NULL,0,NULL,'#FF0000',NULL,NULL,NULL,'auto',1,NULL,NULL,NULL,NULL,'#FFFFFF',1,NULL,NULL,NULL),(790,NULL,41161,NULL,NULL,NULL,NULL,'Honorarios Contables',NULL,NULL,'','2024-07-10 10:00:00',1,NULL,'2024-07-10 10:30:00',NULL,0,NULL,'#FF0000',NULL,NULL,NULL,'auto',1,NULL,NULL,NULL,NULL,'#FFFFFF',1,NULL,NULL,NULL),(791,NULL,41161,NULL,NULL,NULL,NULL,'Honorarios Contables',NULL,NULL,'','2024-08-10 10:00:00',1,NULL,'2024-08-10 10:30:00',NULL,0,NULL,'#FF0000',NULL,NULL,NULL,'auto',1,NULL,NULL,NULL,NULL,'#FFFFFF',1,NULL,NULL,NULL),(792,NULL,41161,NULL,NULL,NULL,NULL,'Honorarios Contables',NULL,NULL,'','2024-09-10 10:00:00',1,NULL,'2024-09-10 10:30:00',NULL,0,NULL,'#FF0000',NULL,NULL,NULL,'auto',1,NULL,NULL,NULL,NULL,'#FFFFFF',1,NULL,NULL,NULL),(793,NULL,41161,NULL,NULL,NULL,NULL,'Honorarios Contables',NULL,NULL,'','2024-10-10 10:00:00',1,NULL,'2024-10-10 10:30:00',NULL,0,NULL,'#FF0000',NULL,NULL,NULL,'auto',1,NULL,NULL,NULL,NULL,'#FFFFFF',1,NULL,NULL,NULL),(794,NULL,41161,NULL,NULL,NULL,NULL,'Honorarios Contables',NULL,NULL,'','2024-11-10 10:00:00',1,NULL,'2024-11-10 10:30:00',NULL,0,NULL,'#FF0000',NULL,NULL,NULL,'auto',1,NULL,NULL,NULL,NULL,'#FFFFFF',1,NULL,NULL,NULL),(795,NULL,41161,NULL,NULL,NULL,NULL,'Honorarios Contables',NULL,NULL,'','2024-12-10 10:00:00',1,NULL,'2024-12-10 10:30:00',NULL,0,NULL,'#FF0000',NULL,NULL,NULL,'auto',1,NULL,NULL,NULL,NULL,'#FFFFFF',1,NULL,NULL,NULL),(796,NULL,41161,NULL,NULL,NULL,NULL,'IIBB SICOL - Anual',NULL,NULL,'','2018-08-24 10:00:00',1,NULL,'2018-08-24 10:30:00',NULL,0,NULL,'#FF0000',NULL,NULL,NULL,'auto',1,NULL,NULL,NULL,NULL,'#FFFFFF',1,NULL,NULL,NULL),(797,NULL,41161,NULL,NULL,NULL,NULL,'IIBB SICOL - DDJJ',NULL,NULL,'','2024-01-18 10:00:00',1,NULL,'2024-01-18 10:30:00',NULL,0,NULL,'#FF0000',NULL,NULL,NULL,'auto',1,NULL,NULL,NULL,NULL,'#FFFFFF',1,NULL,NULL,NULL),(798,NULL,41161,NULL,NULL,NULL,NULL,'IIBB SICOL - DDJJ',NULL,NULL,'','2024-02-16 10:00:00',1,NULL,'2024-02-16 10:30:00',NULL,0,NULL,'#FF0000',NULL,NULL,NULL,'auto',1,NULL,NULL,NULL,NULL,'#FFFFFF',1,NULL,NULL,NULL),(799,NULL,41161,NULL,NULL,NULL,NULL,'IIBB SICOL - DDJJ',NULL,NULL,'','2024-03-16 10:00:00',1,NULL,'2024-03-16 10:30:00',NULL,0,NULL,'#FF0000',NULL,NULL,NULL,'auto',1,NULL,NULL,NULL,NULL,'#FFFFFF',1,NULL,NULL,NULL),(800,NULL,41161,NULL,NULL,NULL,NULL,'IIBB SICOL - DDJJ',NULL,NULL,'','2024-04-14 10:00:00',1,NULL,'2024-04-14 10:30:00',NULL,0,NULL,'#FF0000',NULL,NULL,NULL,'auto',1,NULL,NULL,NULL,NULL,'#FFFFFF',1,NULL,NULL,NULL),(801,NULL,41161,NULL,NULL,NULL,NULL,'IIBB SICOL - DDJJ',NULL,NULL,'','2024-05-18 10:00:00',1,NULL,'2024-05-18 10:30:00',NULL,0,NULL,'#FF0000',NULL,NULL,NULL,'auto',1,NULL,NULL,NULL,NULL,'#FFFFFF',1,NULL,NULL,NULL),(802,NULL,41161,NULL,NULL,NULL,NULL,'IIBB SICOL - DDJJ',NULL,NULL,'','2024-06-15 10:00:00',1,NULL,'2024-06-15 10:30:00',NULL,0,NULL,'#FF0000',NULL,NULL,NULL,'auto',1,NULL,NULL,NULL,NULL,'#FFFFFF',1,NULL,NULL,NULL),(803,NULL,41161,NULL,NULL,NULL,NULL,'IIBB SICOL - DDJJ',NULL,NULL,'','2024-07-14 10:00:00',1,NULL,'2024-07-14 10:30:00',NULL,0,NULL,'#FF0000',NULL,NULL,NULL,'auto',1,NULL,NULL,NULL,NULL,'#FFFFFF',1,NULL,NULL,NULL),(804,NULL,41161,NULL,NULL,NULL,NULL,'IIBB SICOL - DDJJ',NULL,NULL,'','2024-08-16 10:00:00',1,NULL,'2024-08-16 10:30:00',NULL,0,NULL,'#FF0000',NULL,NULL,NULL,'auto',1,NULL,NULL,NULL,NULL,'#FFFFFF',1,NULL,NULL,NULL),(805,NULL,41161,NULL,NULL,NULL,NULL,'IIBB SICOL - DDJJ',NULL,NULL,'','2024-09-14 10:00:00',1,NULL,'2024-09-14 10:30:00',NULL,0,NULL,'#FF0000',NULL,NULL,NULL,'auto',1,NULL,NULL,NULL,NULL,'#FFFFFF',1,NULL,NULL,NULL);
INSERT INTO `calendar` VALUES (806,NULL,41161,NULL,NULL,NULL,NULL,'IIBB SICOL - DDJJ',NULL,NULL,'','2024-10-18 10:00:00',1,NULL,'2024-10-18 10:30:00',NULL,0,NULL,'#FF0000',NULL,NULL,NULL,'auto',1,NULL,NULL,NULL,NULL,'#FFFFFF',1,NULL,NULL,NULL),(807,NULL,41161,NULL,NULL,NULL,NULL,'IIBB SICOL - DDJJ',NULL,NULL,'','2024-11-16 10:00:00',1,NULL,'2024-11-16 10:30:00',NULL,0,NULL,'#FF0000',NULL,NULL,NULL,'auto',1,NULL,NULL,NULL,NULL,'#FFFFFF',1,NULL,NULL,NULL),(808,NULL,41161,NULL,NULL,NULL,NULL,'IIBB SICOL - DDJJ',NULL,NULL,'','2024-12-14 10:00:00',1,NULL,'2024-12-14 10:30:00',NULL,0,NULL,'#FF0000',NULL,NULL,NULL,'auto',1,NULL,NULL,NULL,NULL,'#FFFFFF',1,NULL,NULL,NULL),(809,NULL,41161,NULL,NULL,NULL,NULL,'Monotributo - Recategorizacion',NULL,NULL,'','2024-01-22 10:00:00',1,NULL,'2024-01-22 10:30:00',NULL,0,NULL,'#FF0000',NULL,NULL,NULL,'auto',1,NULL,NULL,NULL,NULL,'#FFFFFF',1,NULL,NULL,NULL),(810,NULL,41161,NULL,NULL,NULL,NULL,'Monotributo - Recategorizacion',NULL,NULL,'','2022-07-20 10:00:00',1,NULL,'2022-07-20 10:30:00',NULL,0,NULL,'#FF0000',NULL,NULL,NULL,'auto',1,NULL,NULL,NULL,NULL,'#FFFFFF',1,NULL,NULL,NULL),(811,NULL,41161,NULL,NULL,NULL,NULL,'Monotributo',NULL,NULL,'','2024-01-22 10:00:00',1,NULL,'2024-01-22 10:30:00',NULL,0,NULL,'#FF0000',NULL,NULL,NULL,'auto',1,NULL,NULL,NULL,NULL,'#FFFFFF',1,NULL,NULL,NULL),(812,NULL,41161,NULL,NULL,NULL,NULL,'Monotributo',NULL,NULL,'','2024-02-20 10:00:00',1,NULL,'2024-02-20 10:30:00',NULL,0,NULL,'#FF0000',NULL,NULL,NULL,'auto',1,NULL,NULL,NULL,NULL,'#FFFFFF',1,NULL,NULL,NULL),(813,NULL,41161,NULL,NULL,NULL,NULL,'Monotributo',NULL,NULL,'','2024-03-20 10:00:00',1,NULL,'2024-03-20 10:30:00',NULL,0,NULL,'#FF0000',NULL,NULL,NULL,'auto',1,NULL,NULL,NULL,NULL,'#FFFFFF',1,NULL,NULL,NULL),(814,NULL,41161,NULL,NULL,NULL,NULL,'Monotributo',NULL,NULL,'','2024-04-22 10:00:00',1,NULL,'2024-04-22 10:30:00',NULL,0,NULL,'#FF0000',NULL,NULL,NULL,'auto',1,NULL,NULL,NULL,NULL,'#FFFFFF',1,NULL,NULL,NULL),(815,NULL,41161,NULL,NULL,NULL,NULL,'Monotributo',NULL,NULL,'','2024-05-20 10:00:00',1,NULL,'2024-05-20 10:30:00',NULL,0,NULL,'#FF0000',NULL,NULL,NULL,'auto',1,NULL,NULL,NULL,NULL,'#FFFFFF',1,NULL,NULL,NULL),(816,NULL,41161,NULL,NULL,NULL,NULL,'Monotributo',NULL,NULL,'','2024-06-24 10:00:00',1,NULL,'2024-06-24 10:30:00',NULL,0,NULL,'#FF0000',NULL,NULL,NULL,'auto',1,NULL,NULL,NULL,NULL,'#FFFFFF',1,NULL,NULL,NULL),(817,NULL,41161,NULL,NULL,NULL,NULL,'Monotributo',NULL,NULL,'','2024-07-22 10:00:00',1,NULL,'2024-07-22 10:30:00',NULL,0,NULL,'#FF0000',NULL,NULL,NULL,'auto',1,NULL,NULL,NULL,NULL,'#FFFFFF',1,NULL,NULL,NULL),(818,NULL,41161,NULL,NULL,NULL,NULL,'Monotributo',NULL,NULL,'','2024-08-20 10:00:00',1,NULL,'2024-08-20 10:30:00',NULL,0,NULL,'#FF0000',NULL,NULL,NULL,'auto',1,NULL,NULL,NULL,NULL,'#FFFFFF',1,NULL,NULL,NULL),(819,NULL,41161,NULL,NULL,NULL,NULL,'Monotributo',NULL,NULL,'','2024-09-20 10:00:00',1,NULL,'2024-09-20 10:30:00',NULL,0,NULL,'#FF0000',NULL,NULL,NULL,'auto',1,NULL,NULL,NULL,NULL,'#FFFFFF',1,NULL,NULL,NULL),(820,NULL,41161,NULL,NULL,NULL,NULL,'Monotributo',NULL,NULL,'','2024-10-21 10:00:00',1,NULL,'2024-10-21 10:30:00',NULL,0,NULL,'#FF0000',NULL,NULL,NULL,'auto',1,NULL,NULL,NULL,NULL,'#FFFFFF',1,NULL,NULL,NULL),(821,NULL,41161,NULL,NULL,NULL,NULL,'Monotributo',NULL,NULL,'','2024-11-21 10:00:00',1,NULL,'2024-11-21 10:30:00',NULL,0,NULL,'#FF0000',NULL,NULL,NULL,'auto',1,NULL,NULL,NULL,NULL,'#FFFFFF',1,NULL,NULL,NULL),(822,NULL,41161,NULL,NULL,NULL,NULL,'Monotributo',NULL,NULL,'','2024-12-20 10:00:00',1,NULL,'2024-12-20 10:30:00',NULL,0,NULL,'#FF0000',NULL,NULL,NULL,'auto',1,NULL,NULL,NULL,NULL,'#FFFFFF',1,NULL,NULL,NULL),(823,NULL,40722,NULL,NULL,NULL,NULL,'IIBB SICOL - Anual',NULL,NULL,'','2018-08-21 10:00:00',1,NULL,'2018-08-21 10:30:00',NULL,0,NULL,'#FF0000',NULL,NULL,NULL,'auto',1,NULL,NULL,NULL,NULL,'#FFFFFF',1,NULL,NULL,NULL),(824,NULL,40722,NULL,NULL,NULL,NULL,'IIBB SICOL - DDJJ',NULL,NULL,'','2024-01-15 10:00:00',1,NULL,'2024-01-15 10:30:00',NULL,0,NULL,'#FF0000',NULL,NULL,NULL,'auto',1,NULL,NULL,NULL,NULL,'#FFFFFF',1,NULL,NULL,NULL);
INSERT INTO `calendar` VALUES (825,NULL,40722,NULL,NULL,NULL,NULL,'IIBB SICOL - DDJJ',NULL,NULL,'','2024-02-14 10:00:00',1,NULL,'2024-02-14 10:30:00',NULL,0,NULL,'#FF0000',NULL,NULL,NULL,'auto',1,NULL,NULL,NULL,NULL,'#FFFFFF',1,NULL,NULL,NULL),(826,NULL,40722,NULL,NULL,NULL,NULL,'IIBB SICOL - DDJJ',NULL,NULL,'','2024-03-11 10:00:00',1,NULL,'2024-03-11 10:30:00',NULL,0,NULL,'#FF0000',NULL,NULL,NULL,'auto',1,NULL,NULL,NULL,NULL,'#FFFFFF',1,NULL,NULL,NULL),(827,NULL,40722,NULL,NULL,NULL,NULL,'IIBB SICOL - DDJJ',NULL,NULL,'','2024-04-11 10:00:00',1,NULL,'2024-04-11 10:30:00',NULL,0,NULL,'#FF0000',NULL,NULL,NULL,'auto',1,NULL,NULL,NULL,NULL,'#FFFFFF',1,NULL,NULL,NULL),(828,NULL,40722,NULL,NULL,NULL,NULL,'IIBB SICOL - DDJJ',NULL,NULL,'','2024-05-13 10:00:00',1,NULL,'2024-05-13 10:30:00',NULL,0,NULL,'#FF0000',NULL,NULL,NULL,'auto',1,NULL,NULL,NULL,NULL,'#FFFFFF',1,NULL,NULL,NULL),(829,NULL,40722,NULL,NULL,NULL,NULL,'IIBB SICOL - DDJJ',NULL,NULL,'','2024-06-11 10:00:00',1,NULL,'2024-06-11 10:30:00',NULL,0,NULL,'#FF0000',NULL,NULL,NULL,'auto',1,NULL,NULL,NULL,NULL,'#FFFFFF',1,NULL,NULL,NULL),(830,NULL,40722,NULL,NULL,NULL,NULL,'IIBB SICOL - DDJJ',NULL,NULL,'','2024-07-11 10:00:00',1,NULL,'2024-07-11 10:30:00',NULL,0,NULL,'#FF0000',NULL,NULL,NULL,'auto',1,NULL,NULL,NULL,NULL,'#FFFFFF',1,NULL,NULL,NULL),(831,NULL,40722,NULL,NULL,NULL,NULL,'IIBB SICOL - DDJJ',NULL,NULL,'','2024-08-12 10:00:00',1,NULL,'2024-08-12 10:30:00',NULL,0,NULL,'#FF0000',NULL,NULL,NULL,'auto',1,NULL,NULL,NULL,NULL,'#FFFFFF',1,NULL,NULL,NULL),(832,NULL,40722,NULL,NULL,NULL,NULL,'IIBB SICOL - DDJJ',NULL,NULL,'','2024-09-11 10:00:00',1,NULL,'2024-09-11 10:30:00',NULL,0,NULL,'#FF0000',NULL,NULL,NULL,'auto',1,NULL,NULL,NULL,NULL,'#FFFFFF',1,NULL,NULL,NULL),(833,NULL,40722,NULL,NULL,NULL,NULL,'IIBB SICOL - DDJJ',NULL,NULL,'','2024-10-14 10:00:00',1,NULL,'2024-10-14 10:30:00',NULL,0,NULL,'#FF0000',NULL,NULL,NULL,'auto',1,NULL,NULL,NULL,NULL,'#FFFFFF',1,NULL,NULL,NULL),(834,NULL,40722,NULL,NULL,NULL,NULL,'IIBB SICOL - DDJJ',NULL,NULL,'','2024-11-11 10:00:00',1,NULL,'2024-11-11 10:30:00',NULL,0,NULL,'#FF0000',NULL,NULL,NULL,'auto',1,NULL,NULL,NULL,NULL,'#FFFFFF',1,NULL,NULL,NULL),(835,NULL,40722,NULL,NULL,NULL,NULL,'IIBB SICOL - DDJJ',NULL,NULL,'','2024-12-11 10:00:00',1,NULL,'2024-12-11 10:30:00',NULL,0,NULL,'#FF0000',NULL,NULL,NULL,'auto',1,NULL,NULL,NULL,NULL,'#FFFFFF',1,NULL,NULL,NULL),(836,NULL,40722,NULL,NULL,NULL,NULL,'Monotributo - Recategorizacion',NULL,NULL,'','2024-01-22 10:00:00',1,NULL,'2024-01-22 10:30:00',NULL,0,NULL,'#FF0000',NULL,NULL,NULL,'auto',1,NULL,NULL,NULL,NULL,'#FFFFFF',1,NULL,NULL,NULL),(837,NULL,40722,NULL,NULL,NULL,NULL,'Monotributo - Recategorizacion',NULL,NULL,'','2022-07-20 10:00:00',1,NULL,'2022-07-20 10:30:00',NULL,0,NULL,'#FF0000',NULL,NULL,NULL,'auto',1,NULL,NULL,NULL,NULL,'#FFFFFF',1,NULL,NULL,NULL),(838,NULL,40722,NULL,NULL,NULL,NULL,'Monotributo',NULL,NULL,'','2024-01-22 10:00:00',1,NULL,'2024-01-22 10:30:00',NULL,0,NULL,'#FF0000',NULL,NULL,NULL,'auto',1,NULL,NULL,NULL,NULL,'#FFFFFF',1,NULL,NULL,NULL),(839,NULL,40722,NULL,NULL,NULL,NULL,'Monotributo',NULL,NULL,'','2024-02-20 10:00:00',1,NULL,'2024-02-20 10:30:00',NULL,0,NULL,'#FF0000',NULL,NULL,NULL,'auto',1,NULL,NULL,NULL,NULL,'#FFFFFF',1,NULL,NULL,NULL),(840,NULL,40722,NULL,NULL,NULL,NULL,'Monotributo',NULL,NULL,'','2024-03-20 10:00:00',1,NULL,'2024-03-20 10:30:00',NULL,0,NULL,'#FF0000',NULL,NULL,NULL,'auto',1,NULL,NULL,NULL,NULL,'#FFFFFF',1,NULL,NULL,NULL),(841,NULL,40722,NULL,NULL,NULL,NULL,'Monotributo',NULL,NULL,'','2024-04-22 10:00:00',1,NULL,'2024-04-22 10:30:00',NULL,0,NULL,'#FF0000',NULL,NULL,NULL,'auto',1,NULL,NULL,NULL,NULL,'#FFFFFF',1,NULL,NULL,NULL),(842,NULL,40722,NULL,NULL,NULL,NULL,'Monotributo',NULL,NULL,'','2024-05-20 10:00:00',1,NULL,'2024-05-20 10:30:00',NULL,0,NULL,'#FF0000',NULL,NULL,NULL,'auto',1,NULL,NULL,NULL,NULL,'#FFFFFF',1,NULL,NULL,NULL);
INSERT INTO `calendar` VALUES (843,NULL,40722,NULL,NULL,NULL,NULL,'Monotributo',NULL,NULL,'','2024-06-24 10:00:00',1,NULL,'2024-06-24 10:30:00',NULL,0,NULL,'#FF0000',NULL,NULL,NULL,'auto',1,NULL,NULL,NULL,NULL,'#FFFFFF',1,NULL,NULL,NULL),(844,NULL,40722,NULL,NULL,NULL,NULL,'Monotributo',NULL,NULL,'','2024-07-22 10:00:00',1,NULL,'2024-07-22 10:30:00',NULL,0,NULL,'#FF0000',NULL,NULL,NULL,'auto',1,NULL,NULL,NULL,NULL,'#FFFFFF',1,NULL,NULL,NULL),(845,NULL,40722,NULL,NULL,NULL,NULL,'Monotributo',NULL,NULL,'','2024-08-20 10:00:00',1,NULL,'2024-08-20 10:30:00',NULL,0,NULL,'#FF0000',NULL,NULL,NULL,'auto',1,NULL,NULL,NULL,NULL,'#FFFFFF',1,NULL,NULL,NULL),(846,NULL,40722,NULL,NULL,NULL,NULL,'Monotributo',NULL,NULL,'','2024-09-20 10:00:00',1,NULL,'2024-09-20 10:30:00',NULL,0,NULL,'#FF0000',NULL,NULL,NULL,'auto',1,NULL,NULL,NULL,NULL,'#FFFFFF',1,NULL,NULL,NULL),(847,NULL,40722,NULL,NULL,NULL,NULL,'Monotributo',NULL,NULL,'','2024-10-21 10:00:00',1,NULL,'2024-10-21 10:30:00',NULL,0,NULL,'#FF0000',NULL,NULL,NULL,'auto',1,NULL,NULL,NULL,NULL,'#FFFFFF',1,NULL,NULL,NULL),(848,NULL,40722,NULL,NULL,NULL,NULL,'Monotributo',NULL,NULL,'','2024-11-21 10:00:00',1,NULL,'2024-11-21 10:30:00',NULL,0,NULL,'#FF0000',NULL,NULL,NULL,'auto',1,NULL,NULL,NULL,NULL,'#FFFFFF',1,NULL,NULL,NULL),(849,NULL,40722,NULL,NULL,NULL,NULL,'Monotributo',NULL,NULL,'','2024-12-20 10:00:00',1,NULL,'2024-12-20 10:30:00',NULL,0,NULL,'#FF0000',NULL,NULL,NULL,'auto',1,NULL,NULL,NULL,NULL,'#FFFFFF',1,NULL,NULL,NULL);

--
-- Table structure for table `calendar_emails_telefonos`
--

CREATE TABLE `calendar_emails_telefonos` (
  `id` bigint(20) unsigned NOT NULL AUTO_INCREMENT,
  `user_id` int(10) unsigned DEFAULT NULL,
  `calendar_id` bigint(20) unsigned NOT NULL,
  `email` text COLLATE utf8mb4_unicode_ci,
  `celular` text COLLATE utf8mb4_unicode_ci,
  `created_at` timestamp NULL DEFAULT NULL,
  `updated_at` timestamp NULL DEFAULT NULL,
  `deleted_at` timestamp NULL DEFAULT NULL,
  PRIMARY KEY (`id`),
  KEY `calendar_emails_telefonos_calendar_id_foreign` (`calendar_id`),
  CONSTRAINT `calendar_emails_telefonos_calendar_id_foreign` FOREIGN KEY (`calendar_id`) REFERENCES `calendar` (`id`)
) ENGINE=InnoDB DEFAULT CHARSET=utf8mb4 COLLATE=utf8mb4_unicode_ci;

--
-- Dumping data for table `calendar_emails_telefonos`
--


--
-- Table structure for table `calendar_files`
--

CREATE TABLE `calendar_files` (
  `id` bigint(20) unsigned NOT NULL AUTO_INCREMENT,
  `user_id` int(10) unsigned DEFAULT NULL,
  `calendar_id` bigint(20) unsigned NOT NULL,
  `path` text COLLATE utf8mb4_unicode_ci NOT NULL,
  `original_name` text COLLATE utf8mb4_unicode_ci NOT NULL,
  `created_at` timestamp NULL DEFAULT NULL,
  `updated_at` timestamp NULL DEFAULT NULL,
  `deleted_at` timestamp NULL DEFAULT NULL,
  PRIMARY KEY (`id`),
  KEY `calendar_files_calendar_id_foreign` (`calendar_id`),
  CONSTRAINT `calendar_files_calendar_id_foreign` FOREIGN KEY (`calendar_id`) REFERENCES `calendar` (`id`)
) ENGINE=InnoDB DEFAULT CHARSET=utf8mb4 COLLATE=utf8mb4_unicode_ci;

--
-- Dumping data for table `calendar_files`
--


--
-- Table structure for table `calendar_niv_1`
--

CREATE TABLE `calendar_niv_1` (
  `id` bigint(20) unsigned NOT NULL AUTO_INCREMENT,
  `user_id` int(10) unsigned DEFAULT NULL,
  `person_id` int(10) unsigned NOT NULL,
  `descripcion` longtext COLLATE utf8mb4_unicode_ci,
  `detalle` text COLLATE utf8mb4_unicode_ci,
  `habilitado` tinyint(1) NOT NULL DEFAULT '1',
  `created_at` timestamp NULL DEFAULT NULL,
  `updated_at` timestamp NULL DEFAULT NULL,
  `deleted_at` timestamp NULL DEFAULT NULL,
  PRIMARY KEY (`id`),
  KEY `calendar_niv_1_person_id_foreign` (`person_id`),
  CONSTRAINT `calendar_niv_1_person_id_foreign` FOREIGN KEY (`person_id`) REFERENCES `persons` (`id`)
) ENGINE=InnoDB DEFAULT CHARSET=utf8mb4 COLLATE=utf8mb4_unicode_ci;

--
-- Dumping data for table `calendar_niv_1`
--


--
-- Table structure for table `calendar_niv_1_2`
--

CREATE TABLE `calendar_niv_1_2` (
  `id` bigint(20) unsigned NOT NULL AUTO_INCREMENT,
  `user_id` int(10) unsigned DEFAULT NULL,
  `person_id` int(10) unsigned NOT NULL,
  `calendar_niv_1_id` bigint(20) unsigned NOT NULL,
  `calendar_niv_2_id` bigint(20) unsigned NOT NULL,
  `created_at` timestamp NULL DEFAULT NULL,
  `updated_at` timestamp NULL DEFAULT NULL,
  `deleted_at` timestamp NULL DEFAULT NULL,
  PRIMARY KEY (`id`),
  KEY `calendar_niv_1_2_person_id_foreign` (`person_id`),
  KEY `calendar_niv_1_2_calendar_niv_1_id_foreign` (`calendar_niv_1_id`),
  KEY `calendar_niv_1_2_calendar_niv_2_id_foreign` (`calendar_niv_2_id`),
  CONSTRAINT `calendar_niv_1_2_calendar_niv_1_id_foreign` FOREIGN KEY (`calendar_niv_1_id`) REFERENCES `calendar_niv_1` (`id`),
  CONSTRAINT `calendar_niv_1_2_calendar_niv_2_id_foreign` FOREIGN KEY (`calendar_niv_2_id`) REFERENCES `calendar_niv_2` (`id`),
  CONSTRAINT `calendar_niv_1_2_person_id_foreign` FOREIGN KEY (`person_id`) REFERENCES `persons` (`id`)
) ENGINE=InnoDB DEFAULT CHARSET=utf8mb4 COLLATE=utf8mb4_unicode_ci;

--
-- Dumping data for table `calendar_niv_1_2`
--


--
-- Table structure for table `calendar_niv_2`
--

CREATE TABLE `calendar_niv_2` (
  `id` bigint(20) unsigned NOT NULL AUTO_INCREMENT,
  `user_id` int(10) unsigned DEFAULT NULL,
  `person_id` int(10) unsigned NOT NULL,
  `descripcion` longtext COLLATE utf8mb4_unicode_ci,
  `detalle` text COLLATE utf8mb4_unicode_ci,
  `habilitado` tinyint(1) NOT NULL DEFAULT '1',
  `created_at` timestamp NULL DEFAULT NULL,
  `updated_at` timestamp NULL DEFAULT NULL,
  `deleted_at` timestamp NULL DEFAULT NULL,
  PRIMARY KEY (`id`),
  KEY `calendar_niv_2_person_id_foreign` (`person_id`),
  CONSTRAINT `calendar_niv_2_person_id_foreign` FOREIGN KEY (`person_id`) REFERENCES `persons` (`id`)
) ENGINE=InnoDB DEFAULT CHARSET=utf8mb4 COLLATE=utf8mb4_unicode_ci;

--
-- Dumping data for table `calendar_niv_2`
--


--
-- Table structure for table `calendar_notificaciones`
--

CREATE TABLE `calendar_notificaciones` (
  `id` bigint(20) unsigned NOT NULL AUTO_INCREMENT,
  `user_id` int(10) unsigned DEFAULT NULL,
  `calendar_id` bigint(20) unsigned NOT NULL,
  `start` datetime DEFAULT NULL,
  `tipo_de_notificacion_id` int(10) unsigned NOT NULL,
  `cantidad` int(10) unsigned NOT NULL,
  `unidad_de_tiempo_id` int(10) unsigned NOT NULL,
  `created_at` timestamp NULL DEFAULT NULL,
  `updated_at` timestamp NULL DEFAULT NULL,
  `deleted_at` timestamp NULL DEFAULT NULL,
  PRIMARY KEY (`id`),
  KEY `calendar_notificaciones_calendar_id_foreign` (`calendar_id`),
  CONSTRAINT `calendar_notificaciones_calendar_id_foreign` FOREIGN KEY (`calendar_id`) REFERENCES `calendar` (`id`)
) ENGINE=InnoDB DEFAULT CHARSET=utf8mb4 COLLATE=utf8mb4_unicode_ci;

--
-- Dumping data for table `calendar_notificaciones`
--


--
-- Table structure for table `calendar_tur_dispo`
--

CREATE TABLE `calendar_tur_dispo` (
  `id` bigint(20) unsigned NOT NULL AUTO_INCREMENT,
  `user_id` int(10) unsigned DEFAULT NULL,
  `person_id` int(10) unsigned NOT NULL,
  `calendar_niv_1_id` bigint(20) unsigned NOT NULL,
  `calendar_niv_2_id` bigint(20) unsigned NOT NULL,
  `dia_hora` datetime(5) DEFAULT NULL,
  `duracion` varchar(191) COLLATE utf8mb4_unicode_ci NOT NULL DEFAULT '00:30',
  `created_at` timestamp NULL DEFAULT NULL,
  `updated_at` timestamp NULL DEFAULT NULL,
  `deleted_at` timestamp NULL DEFAULT NULL,
  PRIMARY KEY (`id`),
  KEY `calendar_tur_dispo_person_id_foreign` (`person_id`),
  KEY `calendar_tur_dispo_calendar_niv_1_id_foreign` (`calendar_niv_1_id`),
  KEY `calendar_tur_dispo_calendar_niv_2_id_foreign` (`calendar_niv_2_id`),
  CONSTRAINT `calendar_tur_dispo_calendar_niv_1_id_foreign` FOREIGN KEY (`calendar_niv_1_id`) REFERENCES `calendar_niv_1` (`id`),
  CONSTRAINT `calendar_tur_dispo_calendar_niv_2_id_foreign` FOREIGN KEY (`calendar_niv_2_id`) REFERENCES `calendar_niv_2` (`id`),
  CONSTRAINT `calendar_tur_dispo_person_id_foreign` FOREIGN KEY (`person_id`) REFERENCES `persons` (`id`)
) ENGINE=InnoDB DEFAULT CHARSET=utf8mb4 COLLATE=utf8mb4_unicode_ci;

--
-- Dumping data for table `calendar_tur_dispo`
--


--
-- Table structure for table `calendar_tur_dispo_datos`
--

CREATE TABLE `calendar_tur_dispo_datos` (
  `id` bigint(20) unsigned NOT NULL AUTO_INCREMENT,
  `user_id` int(10) unsigned DEFAULT NULL,
  `person_id` int(10) unsigned NOT NULL,
  `calendar_tur_dispo_id` bigint(20) unsigned NOT NULL,
  `email` text COLLATE utf8mb4_unicode_ci NOT NULL,
  `nombre_ape` text COLLATE utf8mb4_unicode_ci NOT NULL,
  `celular` text COLLATE utf8mb4_unicode_ci NOT NULL,
  `created_at` timestamp NULL DEFAULT NULL,
  `updated_at` timestamp NULL DEFAULT NULL,
  `deleted_at` timestamp NULL DEFAULT NULL,
  PRIMARY KEY (`id`),
  KEY `calendar_tur_dispo_datos_person_id_foreign` (`person_id`),
  KEY `calendar_tur_dispo_datos_calendar_tur_dispo_id_foreign` (`calendar_tur_dispo_id`),
  CONSTRAINT `calendar_tur_dispo_datos_calendar_tur_dispo_id_foreign` FOREIGN KEY (`calendar_tur_dispo_id`) REFERENCES `calendar_tur_dispo` (`id`),
  CONSTRAINT `calendar_tur_dispo_datos_person_id_foreign` FOREIGN KEY (`person_id`) REFERENCES `persons` (`id`)
) ENGINE=InnoDB DEFAULT CHARSET=utf8mb4 COLLATE=utf8mb4_unicode_ci;

--
-- Dumping data for table `calendar_tur_dispo_datos`
--


--
-- Table structure for table `calle`
--

CREATE TABLE `calle` (
  `id` int(10) unsigned NOT NULL AUTO_INCREMENT,
  `user_id` int(10) unsigned DEFAULT NULL,
  `localidad_id` int(10) unsigned NOT NULL,
  `descripcion` varchar(191) COLLATE utf8mb4_unicode_ci NOT NULL,
  `desdealt` int(10) unsigned DEFAULT NULL,
  `hastaalt` int(10) unsigned DEFAULT NULL,
  `codpostal` int(10) unsigned DEFAULT NULL,
  `habilitado` tinyint(1) NOT NULL DEFAULT '1',
  `created_at` timestamp NULL DEFAULT NULL,
  `updated_at` timestamp NULL DEFAULT NULL,
  `deleted_at` timestamp NULL DEFAULT NULL,
  PRIMARY KEY (`id`),
  KEY `calle_localidad_id_foreign` (`localidad_id`),
  CONSTRAINT `calle_localidad_id_foreign` FOREIGN KEY (`localidad_id`) REFERENCES `localidad` (`id`)
) ENGINE=InnoDB AUTO_INCREMENT=2 DEFAULT CHARSET=utf8mb4 COLLATE=utf8mb4_unicode_ci;

--
-- Dumping data for table `calle`
--

INSERT INTO `calle` VALUES (1,NULL,1,'Ramon Falcon',6800,7500,1408,1,'2020-05-28 20:55:23','2020-05-28 20:55:23',NULL);

--
-- Table structure for table `categorias_iibb`
--

CREATE TABLE `categorias_iibb` (
  `id` int(10) unsigned NOT NULL AUTO_INCREMENT,
  `categoria` varchar(255) COLLATE utf8mb4_unicode_ci DEFAULT NULL,
  `impuesto` decimal(16,2) DEFAULT NULL,
  `anual` decimal(16,2) DEFAULT NULL,
  `facAnual` decimal(16,2) DEFAULT NULL,
  `superficie` int(11) DEFAULT NULL,
  `energia` int(11) DEFAULT NULL,
  `comentario` varchar(255) COLLATE utf8mb4_unicode_ci DEFAULT NULL,
  `vigente` varchar(255) COLLATE utf8mb4_unicode_ci NOT NULL DEFAULT '1',
  `created_at` timestamp NULL DEFAULT NULL,
  `updated_at` timestamp NULL DEFAULT NULL,
  `deleted_at` timestamp NULL DEFAULT NULL,
  PRIMARY KEY (`id`)
) ENGINE=InnoDB AUTO_INCREMENT=9 DEFAULT CHARSET=utf8mb4 COLLATE=utf8mb4_unicode_ci;

--
-- Dumping data for table `categorias_iibb`
--

INSERT INTO `categorias_iibb` VALUES (1,'A',1850.00,11100.00,370000.00,30,3300,NULL,'1',NULL,'2022-10-23 23:29:44',NULL),(2,'B',2750.00,16500.00,550000.00,45,5000,NULL,'1',NULL,'2022-10-23 23:29:44',NULL),(3,'C',3850.00,23100.00,770000.00,60,6700,NULL,'1',NULL,'2022-10-23 23:29:44',NULL),(4,'D',5300.00,31800.00,1060000.00,85,10000,NULL,'1',NULL,'2022-10-23 23:29:44',NULL),(5,'E',7000.00,42000.00,1400000.00,110,13000,NULL,'1',NULL,'2022-10-23 23:29:44',NULL),(6,'F',8750.00,52500.00,1750000.00,150,16500,NULL,'1',NULL,'2022-10-23 23:29:44',NULL),(7,'G',10500.00,63000.00,2100000.00,200,20000,NULL,'1',NULL,'2022-10-23 23:29:44',NULL),(8,'H',13000.00,78000.00,2600000.00,200,20000,NULL,'1',NULL,'2022-10-23 23:29:44',NULL);

--
-- Table structure for table `categorias_monotributo`
--

CREATE TABLE `categorias_monotributo` (
  `id` int(10) unsigned NOT NULL AUTO_INCREMENT,
  `categoria` varchar(255) COLLATE utf8mb4_unicode_ci DEFAULT NULL,
  `facAnual` decimal(16,2) DEFAULT NULL,
  `facMensual` decimal(16,2) DEFAULT NULL,
  `actividad` varchar(255) COLLATE utf8mb4_unicode_ci DEFAULT NULL,
  `empleados` varchar(255) COLLATE utf8mb4_unicode_ci DEFAULT NULL,
  `superficie` int(11) DEFAULT NULL,
  `energia` int(11) DEFAULT NULL,
  `alquileres` decimal(16,2) DEFAULT NULL,
  `impuesto_servicio` decimal(16,2) DEFAULT NULL,
  `impuesto_venta` decimal(16,2) DEFAULT NULL,
  `sipa` decimal(16,2) DEFAULT NULL,
  `obraSocial` decimal(16,2) DEFAULT NULL,
  `totalServicio` decimal(16,2) DEFAULT NULL,
  `totalVenta` decimal(16,2) DEFAULT NULL,
  `comentario` varchar(255) COLLATE utf8mb4_unicode_ci DEFAULT NULL,
  `desde` date DEFAULT NULL,
  `hasta` date DEFAULT NULL,
  `vigente` varchar(255) COLLATE utf8mb4_unicode_ci NOT NULL DEFAULT '0',
  `created_at` timestamp NULL DEFAULT NULL,
  `updated_at` timestamp NULL DEFAULT NULL,
  `deleted_at` timestamp NULL DEFAULT NULL,
  PRIMARY KEY (`id`)
) ENGINE=InnoDB AUTO_INCREMENT=15 DEFAULT CHARSET=utf8mb4 COLLATE=utf8mb4_unicode_ci;

--
-- Dumping data for table `categorias_monotributo`
--

INSERT INTO `categorias_monotributo` VALUES (1,'A',8992597.87,749383.16,'No Excluida','0',30,3330,2091301.83,4182.60,4182.60,13663.17,19239.97,37085.74,37085.74,NULL,'2018-01-01',NULL,'1',NULL,NULL,NULL),(2,'B',13175201.52,1097933.46,'No Excluida','0',45,5000,2091301.83,7946.95,7946.95,15029.49,19239.97,42216.41,42216.41,NULL,'2018-01-01',NULL,'1',NULL,NULL,NULL),(3,'C',18473166.15,1539430.51,'No Excluida','0',60,6700,2858112.50,13663.17,12547.81,16532.44,19239.97,49435.58,48320.22,NULL,'2018-01-01',NULL,'1',NULL,NULL,NULL),(4,'D',22934610.05,1911217.50,'No Excluida','0',85,10000,2858112.50,22307.22,20773.60,18185.68,22864.90,63357.80,61824.18,NULL,'2018-01-01',NULL,'1',NULL,NULL,NULL),(5,'E',26977793.60,2248149.47,'No Excluida','0',110,13000,3624923.17,41826.04,33181.99,20004.25,27884.02,89714.31,81070.26,NULL,'2018-01-01',NULL,'1',NULL,NULL,NULL),(6,'F',33809379.57,2817448.30,'No Excluida','0',150,16500,3624923.17,58835.29,43220.24,22004.67,32066.63,112906.59,97291.54,NULL,'2018-01-01',NULL,'1',NULL,NULL,NULL),(7,'G',40431835.35,3369319.61,'No Excluida','0',200,20000,4322023.77,107074.65,53537.32,30806.54,34576.19,172457.38,118920.05,NULL,'2018-01-01',NULL,'1',NULL,NULL,NULL),(8,'H',61344853.64,5112071.14,'No Excluida','0',200,20000,6273905.49,306724.27,153362.13,43129.16,41547.19,391400.62,238038.48,NULL,'2018-01-01',NULL,'1',NULL,NULL,NULL),(9,'I',68664410.05,5722034.17,'Venta de Bs Muebles','0',200,20000,6273905.49,609963.03,243985.21,60380.82,51306.61,721650.46,355672.64,NULL,'2018-01-01',NULL,'1',NULL,NULL,NULL),(10,'J',78632948.76,6552745.73,'Venta de Bs Muebles','0',200,20000,6273905.49,731955.63,292782.26,84533.15,57580.51,874069.29,434895.92,NULL,'2018-01-01',NULL,'1',NULL,NULL,NULL),(11,'K',94805682.90,7900473.58,'Venta de Bs Muebles','0',200,20000,6273905.49,1024737.89,341579.30,118346.41,65806.30,1208890.60,525732.01,NULL,'2018-01-01',NULL,'1',NULL,NULL,NULL),(12,'Monotributo Social',1414762.00,117896.00,'No Excluida','0',0,0,0.00,0.00,0.00,0.00,0.00,0.00,0.00,NULL,'2018-01-01',NULL,'1','2020-02-27 02:46:40','2020-02-27 02:46:40',NULL),(13,'A Exento',1414762.00,117896.00,NULL,NULL,NULL,NULL,230178.48,0.00,0.00,2192.15,3061.75,5253.90,5253.90,'',NULL,NULL,'0',NULL,NULL,NULL),(14,'B Exento',2103025.00,175252.00,NULL,NULL,NULL,NULL,230178.48,0.00,0.00,2411.36,3061.75,5473.11,5473.11,'',NULL,NULL,'0',NULL,NULL,NULL);

--
-- Table structure for table `charlas_details`
--

CREATE TABLE `charlas_details` (
  `id` int(10) unsigned NOT NULL AUTO_INCREMENT,
  `user_id` int(10) unsigned DEFAULT NULL,
  `charla` longtext COLLATE utf8mb4_unicode_ci NOT NULL,
  `person_id` int(10) unsigned NOT NULL,
  `status` int(10) unsigned NOT NULL DEFAULT '1',
  `created_at` timestamp NULL DEFAULT NULL,
  `updated_at` timestamp NULL DEFAULT NULL,
  `deleted_at` timestamp NULL DEFAULT NULL,
  PRIMARY KEY (`id`),
  KEY `charlas_details_person_id_foreign` (`person_id`),
  CONSTRAINT `charlas_details_person_id_foreign` FOREIGN KEY (`person_id`) REFERENCES `persons` (`id`)
) ENGINE=InnoDB AUTO_INCREMENT=54 DEFAULT CHARSET=utf8mb4 COLLATE=utf8mb4_unicode_ci;

--
-- Dumping data for table `charlas_details`
--

INSERT INTO `charlas_details` VALUES (39,486,'2020-11-27: Determinación de situación fiscal para adhesión a Moratoria 2020.',40747,1,'2022-03-03 09:32:40','2022-03-03 09:32:40',NULL),(49,486,'2021-02-04 - Recibe intimación por adeudar DDJJ de ganancias 2016.\r\n2021-02-16 - Envié detalle de información requerida para elaborar la DDJJ.',40792,1,'2024-03-15 16:25:01','2024-03-15 16:25:01',NULL),(50,486,'- Actividad de apuestas online',41161,1,'2024-04-18 19:26:50','2024-04-18 19:26:50',NULL),(52,486,'“Adicionales por RG”, los datos que se indican a continuación:\r\n\r\nCódigo de Identificación “17” - Dato 01 (Operación facturada a través de intermediario), Dato 02 (Operación facturada directamente por el propietario del inmueble).\r\nCódigo de Identificación “18.1” - Dato a ingresar: CUIT del propietario del inmueble o de cada uno de los titulares en caso de tratarse de un condominio.\r\nCódigo de Identificación “18.2” - Dato a informar: Apellido y nombres, denominación y/o razón social del propietario del inmueble o de cada uno de los titulares en caso de tratarse de un condominio.',40726,1,'2025-04-21 18:36:17','2025-04-21 18:36:17',NULL),(53,486,'2021-07-11 - Entrega de documentación y facturas. Todo al día hasta 06/2021 inclusive, salvo pago de municipalidad.',40813,1,'2025-07-30 19:42:25','2025-07-30 19:42:25',NULL);
DELIMITER ;;
/*!50003 CREATE*/ /*!50017 DEFINER=`forge`@`%`*/ /*!50003 TRIGGER `CharlaDetail_BD` BEFORE DELETE ON `charlas_details` FOR EACH ROW insert into back_up_charlas_details (charla,person_id,modificado)
values(old.charla,old.person_id,now()) */;;
DELIMITER ;

--
-- Table structure for table `chequeras_tipos`
--

CREATE TABLE `chequeras_tipos` (
  `id` int(10) unsigned NOT NULL AUTO_INCREMENT,
  `user_id` int(10) unsigned DEFAULT NULL,
  `descripcion` text COLLATE utf8mb4_unicode_ci NOT NULL,
  `habilitado` tinyint(1) NOT NULL DEFAULT '1',
  `created_at` timestamp NULL DEFAULT NULL,
  `updated_at` timestamp NULL DEFAULT NULL,
  `deleted_at` timestamp NULL DEFAULT NULL,
  PRIMARY KEY (`id`)
) ENGINE=InnoDB AUTO_INCREMENT=4 DEFAULT CHARSET=utf8mb4 COLLATE=utf8mb4_unicode_ci;

--
-- Dumping data for table `chequeras_tipos`
--

INSERT INTO `chequeras_tipos` VALUES (1,NULL,'Fisica',1,NULL,NULL,NULL),(2,NULL,'Electronica',1,NULL,NULL,NULL),(3,NULL,'Transferencias',1,NULL,NULL,NULL);

--
-- Table structure for table `cheques_transfer_emitidas`
--

CREATE TABLE `cheques_transfer_emitidas` (
  `id` bigint(20) unsigned NOT NULL AUTO_INCREMENT,
  `user_id` int(10) unsigned DEFAULT NULL,
  `person_id` int(10) unsigned NOT NULL,
  `cta_cte_cliente_detail_id` int(10) unsigned DEFAULT NULL,
  `cta_cte_tesoreria_detail_id` int(10) unsigned DEFAULT NULL,
  `cta_cte_tesoreria_cuenta_id` int(10) unsigned NOT NULL,
  `cta_cte_tesoreria_banco_cheq_id` int(10) unsigned NOT NULL,
  `fecha_emision` date NOT NULL,
  `fecha_cobro` date NOT NULL,
  `numero_cheque` int(11) NOT NULL,
  `importe` decimal(16,2) NOT NULL DEFAULT '0.00',
  `created_at` timestamp NULL DEFAULT NULL,
  `updated_at` timestamp NULL DEFAULT NULL,
  `deleted_at` timestamp NULL DEFAULT NULL,
  PRIMARY KEY (`id`),
  KEY `cheques_transfer_emitidas_person_id_foreign` (`person_id`),
  KEY `cheques_transfer_emitidas_cta_cte_cliente_detail_id_foreign` (`cta_cte_cliente_detail_id`),
  KEY `cheques_transfer_emitidas_cta_cte_tesoreria_detail_id_foreign` (`cta_cte_tesoreria_detail_id`),
  KEY `cheques_transfer_emitidas_cta_cte_tesoreria_cuenta_id_foreign` (`cta_cte_tesoreria_cuenta_id`),
  KEY `cte_tes_ban_che_id_foreign` (`cta_cte_tesoreria_banco_cheq_id`),
  CONSTRAINT `cheques_transfer_emitidas_cta_cte_cliente_detail_id_foreign` FOREIGN KEY (`cta_cte_cliente_detail_id`) REFERENCES `cta_cte_cliente_details` (`id`),
  CONSTRAINT `cheques_transfer_emitidas_cta_cte_tesoreria_cuenta_id_foreign` FOREIGN KEY (`cta_cte_tesoreria_cuenta_id`) REFERENCES `cta_cte_tesoreria_cuentas` (`id`),
  CONSTRAINT `cheques_transfer_emitidas_cta_cte_tesoreria_detail_id_foreign` FOREIGN KEY (`cta_cte_tesoreria_detail_id`) REFERENCES `cta_cte_tesoreria_detail` (`id`),
  CONSTRAINT `cheques_transfer_emitidas_person_id_foreign` FOREIGN KEY (`person_id`) REFERENCES `persons` (`id`),
  CONSTRAINT `cte_tes_ban_che_id_foreign` FOREIGN KEY (`cta_cte_tesoreria_banco_cheq_id`) REFERENCES `cta_cte_tesoreria_banco_cheq` (`id`)
) ENGINE=InnoDB DEFAULT CHARSET=utf8mb4 COLLATE=utf8mb4_unicode_ci;

--
-- Dumping data for table `cheques_transfer_emitidas`
--


--
-- Table structure for table `claves`
--

CREATE TABLE `claves` (
  `id` int(10) unsigned NOT NULL AUTO_INCREMENT,
  `user_id` int(10) unsigned DEFAULT NULL,
  `name` varchar(255) COLLATE utf8mb4_unicode_ci NOT NULL,
  `created_at` timestamp NULL DEFAULT NULL,
  `updated_at` timestamp NULL DEFAULT NULL,
  `deleted_at` timestamp NULL DEFAULT NULL,
  PRIMARY KEY (`id`)
) ENGINE=InnoDB AUTO_INCREMENT=44 DEFAULT CHARSET=utf8mb4 COLLATE=utf8mb4_unicode_ci;

--
-- Dumping data for table `claves`
--

INSERT INTO `claves` VALUES (1,NULL,'Clave Fiscal',NULL,NULL,NULL),(2,NULL,'Clave Ciudad',NULL,NULL,NULL),(3,NULL,'Clave ARBA',NULL,NULL,NULL),(4,NULL,'Clave ANSES',NULL,NULL,NULL),(5,NULL,'Catedral',NULL,NULL,NULL),(6,NULL,'CEMIBA',NULL,NULL,NULL),(7,NULL,'COMPRA ARG',NULL,NULL,NULL),(8,NULL,'Consejo Ciencias Economicas',NULL,NULL,NULL),(9,NULL,'Correo',NULL,NULL,NULL),(10,NULL,'CUR',NULL,NULL,NULL),(11,NULL,'Firma Digital',NULL,NULL,NULL),(12,NULL,'Interbanking',NULL,NULL,NULL),(13,NULL,'Banco Citibank',NULL,NULL,NULL),(14,NULL,'Banco Ciudad',NULL,NULL,NULL),(15,NULL,'Banco Frances',NULL,NULL,NULL),(16,NULL,'Banco Galicia',NULL,NULL,NULL),(17,NULL,'Banco HSBC',NULL,NULL,NULL),(18,NULL,'Banco Itau',NULL,NULL,NULL),(19,NULL,'Banco Nacion',NULL,NULL,NULL),(20,NULL,'Banco Macro',NULL,NULL,NULL),(21,NULL,'Banco Patagonia',NULL,NULL,NULL),(22,NULL,'Banco Provincia',NULL,NULL,NULL),(23,NULL,'Banco Santander',NULL,NULL,NULL),(24,NULL,'Banco Supervielle',NULL,NULL,NULL),(25,NULL,'Seguridad e Higiene',NULL,NULL,NULL),(26,NULL,'Sindicato - ANSES',NULL,NULL,NULL),(27,NULL,'Sindicato - AOT',NULL,NULL,NULL),(28,NULL,'Sindicato - ATSA',NULL,NULL,NULL),(29,NULL,'Sindicato - Camioneros',NULL,NULL,NULL),(30,NULL,'Sindicato - Guinchero',NULL,NULL,NULL),(31,NULL,'Sindicato - IERIC',NULL,NULL,NULL),(32,NULL,'Sindicato - La Estrella',NULL,NULL,NULL),(33,NULL,'Sindicato - Nemesis',NULL,NULL,NULL),(34,NULL,'Sindicato - Pasta',NULL,NULL,NULL),(35,NULL,'Sindicato - SEC',NULL,NULL,NULL),(36,NULL,'Sindicato - SICOP',NULL,NULL,NULL),(37,NULL,'Sindicato - SOCAYA',NULL,NULL,NULL),(38,NULL,'Sindicato - UTHGRA',NULL,NULL,NULL),(39,NULL,'Sindicato - INACAP',NULL,NULL,NULL),(40,NULL,'Sindicato - Otro',NULL,NULL,NULL),(41,NULL,'Otra',NULL,NULL,NULL),(42,NULL,'Prisma - Firma Digital',NULL,NULL,NULL),(43,NULL,'Sindicato - FATSA',NULL,NULL,NULL);

--
-- Table structure for table `claves_details`
--

CREATE TABLE `claves_details` (
  `id` int(10) unsigned NOT NULL AUTO_INCREMENT,
  `user_id` int(10) unsigned DEFAULT NULL,
  `clave` varchar(255) COLLATE utf8mb4_unicode_ci DEFAULT NULL,
  `valor` varchar(255) COLLATE utf8mb4_unicode_ci NOT NULL,
  `comentario` varchar(255) COLLATE utf8mb4_unicode_ci DEFAULT NULL,
  `clave_id` int(10) unsigned NOT NULL,
  `person_id` int(10) unsigned NOT NULL,
  `status` int(10) unsigned NOT NULL DEFAULT '1',
  `created_at` timestamp NULL DEFAULT NULL,
  `updated_at` timestamp NULL DEFAULT NULL,
  `deleted_at` timestamp NULL DEFAULT NULL,
  PRIMARY KEY (`id`),
  KEY `claves_details_clave_id_foreign` (`clave_id`),
  KEY `claves_details_person_id_foreign` (`person_id`),
  CONSTRAINT `claves_details_clave_id_foreign` FOREIGN KEY (`clave_id`) REFERENCES `claves` (`id`),
  CONSTRAINT `claves_details_person_id_foreign` FOREIGN KEY (`person_id`) REFERENCES `persons` (`id`)
) ENGINE=InnoDB AUTO_INCREMENT=335 DEFAULT CHARSET=utf8mb4 COLLATE=utf8mb4_unicode_ci;

--
-- Dumping data for table `claves_details`
--

INSERT INTO `claves_details` VALUES (161,486,NULL,'tadeoY0239',NULL,1,40747,1,'2022-03-03 09:32:40','2022-03-03 09:32:40',NULL),(186,486,NULL,'Almeida3408',NULL,1,40984,1,'2022-10-24 08:11:16','2022-10-24 08:11:16',NULL),(187,486,'Rentas Misiones','Matilde0340',NULL,41,40984,1,'2022-10-24 08:11:16','2022-10-24 08:11:16',NULL),(203,486,'Rentas Misiones','marcos',NULL,41,40946,1,'2022-11-18 09:16:14','2022-11-18 09:16:14',NULL),(204,486,NULL,'Marcos1981',NULL,1,40946,1,'2022-11-18 09:16:14','2022-11-18 09:16:14',NULL),(243,486,NULL,'Misiones23',NULL,1,41207,1,'2023-07-12 14:48:24','2023-07-12 14:48:24',NULL),(246,486,NULL,'Montecarlo2023',NULL,1,40819,1,'2023-07-26 11:07:50','2023-07-26 11:07:50',NULL),(249,486,NULL,'Civila6719',NULL,1,40903,1,'2023-07-27 11:15:11','2023-07-27 11:15:11',NULL),(250,486,NULL,'Aayala1867',NULL,1,40985,1,'2023-08-17 10:43:45','2023-08-17 10:43:45',NULL),(251,486,'Rentas Misiones','Ayala186',NULL,41,40985,1,'2023-08-17 10:43:45','2023-08-17 10:43:45',NULL),(259,486,NULL,'Candela3491',NULL,1,40730,1,'2023-10-17 10:46:54','2023-10-17 10:46:54',NULL),(272,486,NULL,'HsYySmWj81!',NULL,1,41081,1,'2024-01-16 14:09:43','2024-01-16 14:09:43',NULL),(273,486,'Rentas Misiones','sofiaL6903',NULL,41,41081,1,'2024-01-16 14:09:43','2024-01-16 14:09:43',NULL),(277,486,NULL,'202417Trixi',NULL,1,40792,1,'2024-03-15 16:25:01','2024-03-15 16:25:01',NULL),(278,486,'Rentas Misiones','2417Trixi',NULL,41,40792,1,'2024-03-15 16:25:01','2024-03-15 16:25:01',NULL),(279,486,'Rentas Misiones','Douglas4959',NULL,41,40902,1,'2024-03-20 13:28:03','2024-03-20 13:28:03',NULL),(280,486,NULL,'Douglas4959',NULL,1,40902,1,'2024-03-20 13:28:03','2024-03-20 13:28:03',NULL),(281,486,NULL,'Hivall2022',NULL,1,41040,1,'2024-04-15 16:51:27','2024-04-15 16:51:27',NULL),(282,486,'Rentas Misiones','Cardozo2096',NULL,41,41040,1,'2024-04-15 16:51:27','2024-04-15 16:51:27',NULL),(283,486,NULL,'Jaquino89900',NULL,1,40915,1,'2024-04-15 16:51:36','2024-04-15 16:51:36',NULL),(284,486,'Rentas Misiones','Jaquino90',NULL,41,40915,1,'2024-04-15 16:51:36','2024-04-15 16:51:36',NULL),(285,486,NULL,'Denisayala1109',NULL,1,41161,1,'2024-04-18 19:26:50','2024-04-18 19:26:50',NULL),(286,486,'Rentas Misiones','Denisfabian2305',NULL,41,41161,1,'2024-04-18 19:26:50','2024-04-18 19:26:50',NULL),(293,486,NULL,'Tungales24',NULL,1,40731,1,'2024-06-06 18:39:46','2024-06-06 18:39:46',NULL),(294,486,'Rentas Misiones','1685beil',NULL,41,40731,1,'2024-06-06 18:39:46','2024-06-06 18:39:46',NULL),(295,486,'Coop. Agrícola','beno1109','Usuario: 1685',41,40731,1,'2024-06-06 18:39:46','2024-06-06 18:39:46',NULL),(299,486,NULL,'pepyyR2024',NULL,1,40722,1,'2024-08-23 11:06:35','2024-08-23 11:06:35',NULL),(300,486,'Rentas Misiones','ROCA3664',NULL,41,40722,1,'2024-08-23 11:06:35','2024-08-23 11:06:35',NULL),(301,486,NULL,'Sofia0721',NULL,4,40722,1,'2024-08-23 11:06:35','2024-08-23 11:06:35',NULL),(304,486,NULL,'Sandro2024',NULL,1,40998,1,'2024-09-19 16:26:04','2024-09-19 16:26:04',NULL),(305,486,'Rentas Misiones','Gonzalez238',NULL,41,40998,1,'2024-09-19 16:26:04','2024-09-19 16:26:04',NULL),(310,486,NULL,'Fernandez25',NULL,1,40871,1,'2024-12-16 21:38:42','2024-12-16 21:38:42',NULL),(311,486,'Rentas Misiones','ReneAF141094',NULL,41,40871,1,'2024-12-16 21:38:42','2024-12-16 21:38:42',NULL),(312,486,NULL,'Nelida2024',NULL,1,40732,1,'2024-12-18 11:30:37','2024-12-18 11:30:37',NULL),(313,486,'Rentas Misiones','Vera4063',NULL,41,40732,1,'2024-12-18 11:30:37','2024-12-18 11:30:37',NULL),(314,486,'Rubrica Libros','Neli.4063',NULL,41,40732,1,'2024-12-18 11:30:37','2024-12-18 11:30:37',NULL),(315,486,'Sind. Panaderos','Colo2023','Usuario: CUIT',40,40732,1,'2024-12-18 11:30:37','2024-12-18 11:30:37',NULL),(320,486,'1l50r68l8','1210',NULL,16,40717,1,'2025-03-05 11:44:59','2025-03-05 11:44:59',NULL),(321,486,NULL,'Laumann2025',NULL,1,40717,1,'2025-03-05 11:44:59','2025-03-05 11:44:59',NULL),(322,486,'Rentas Misiones','Laura1506',NULL,41,40717,1,'2025-03-05 11:44:59','2025-03-05 11:44:59',NULL);
INSERT INTO `claves_details` VALUES (323,486,'Llaumann88','Sofia.2025',NULL,20,40717,1,'2025-03-05 11:44:59','2025-03-05 11:44:59',NULL),(324,486,NULL,'Keller2024',NULL,1,40726,1,'2025-04-21 18:36:17','2025-04-21 18:36:17',NULL),(325,486,'Rentas Misiones','Mariana27',NULL,41,40726,1,'2025-04-21 18:36:17','2025-04-21 18:36:17',NULL),(326,486,NULL,'Mariana27',NULL,4,40726,1,'2025-04-21 18:36:17','2025-04-21 18:36:17',NULL),(330,486,NULL,'diegoH4583',NULL,1,40736,1,'2025-07-15 19:14:46','2025-07-15 19:14:46',NULL),(331,486,'Rentas Misiones','diegoH4583',NULL,41,40736,1,'2025-07-15 19:14:46','2025-07-15 19:14:46',NULL),(332,486,'Diego.2025','Hiller2025',NULL,23,40736,1,'2025-07-15 19:14:46','2025-07-15 19:14:46',NULL),(333,486,NULL,'Noaheze0318+',NULL,1,40813,1,'2025-07-30 19:42:25','2025-07-30 19:42:25',NULL),(334,486,'Rentas Misiones','Marcos2021',NULL,41,40813,1,'2025-07-30 19:42:25','2025-07-30 19:42:25',NULL);
DELIMITER ;;
/*!50003 CREATE*/ /*!50017 DEFINER=`forge`@`%`*/ /*!50003 TRIGGER `ClavesDetail_BD` BEFORE DELETE ON `claves_details` FOR EACH ROW insert into back_up_claves_details (clave,valor,comentario,clave_id,person_id,modificado)
values(old.clave,old.valor,old.comentario,old.clave_id,old.person_id,now()) */;;
DELIMITER ;

--
-- Table structure for table `claves_mails`
--

CREATE TABLE `claves_mails` (
  `id` int(10) unsigned NOT NULL AUTO_INCREMENT,
  `description` varchar(180) COLLATE utf8mb4_unicode_ci NOT NULL,
  `class` int(10) unsigned NOT NULL,
  `class_description` varchar(180) COLLATE utf8mb4_unicode_ci NOT NULL,
  `path` varchar(255) COLLATE utf8mb4_unicode_ci DEFAULT NULL,
  `created_at` timestamp NULL DEFAULT NULL,
  `updated_at` timestamp NULL DEFAULT NULL,
  PRIMARY KEY (`id`)
) ENGINE=InnoDB AUTO_INCREMENT=6 DEFAULT CHARSET=utf8mb4 COLLATE=utf8mb4_unicode_ci;

--
-- Dumping data for table `claves_mails`
--

INSERT INTO `claves_mails` VALUES (1,'Listado de Claves',1,'Claves','claves_mails/claves_listado',NULL,NULL),(3,'Listado de Mails',2,'Mails','claves_mails/mails_listado',NULL,NULL),(5,'Listado de Charlas',3,'Charlas','claves_mails/charlas_listado',NULL,NULL);

--
-- Table structure for table `cm_articulos_regimenes`
--

CREATE TABLE `cm_articulos_regimenes` (
  `id` int(10) unsigned NOT NULL AUTO_INCREMENT,
  `user_id` int(11) DEFAULT NULL,
  `descripcion` longtext COLLATE utf8mb4_unicode_ci,
  `codigo` int(11) DEFAULT NULL,
  `habilitado` tinyint(1) NOT NULL DEFAULT '0',
  `created_at` timestamp NULL DEFAULT NULL,
  `updated_at` timestamp NULL DEFAULT NULL,
  `deleted_at` timestamp NULL DEFAULT NULL,
  PRIMARY KEY (`id`)
) ENGINE=InnoDB AUTO_INCREMENT=11 DEFAULT CHARSET=utf8mb4 COLLATE=utf8mb4_unicode_ci;

--
-- Dumping data for table `cm_articulos_regimenes`
--

INSERT INTO `cm_articulos_regimenes` VALUES (1,NULL,'Articulo 2',2,1,'2021-07-26 00:48:27','2021-07-29 05:44:35',NULL),(2,NULL,'Articulo 6',6,0,'2021-07-26 00:48:27','2021-07-29 05:44:35',NULL),(3,NULL,'Articulo 7',7,0,'2021-07-26 00:48:27','2021-07-29 05:44:35',NULL),(4,NULL,'Articulo 8',8,0,'2021-07-26 00:48:27','2021-07-29 05:44:35',NULL),(5,NULL,'Articulo 9',9,0,'2021-07-26 00:48:27','2021-07-29 05:44:35',NULL),(6,NULL,'Articulo 10',10,0,'2021-07-26 00:48:27','2021-07-29 05:44:35',NULL),(7,NULL,'Articulo 11',11,0,'2021-07-26 00:48:27','2021-07-29 05:44:35',NULL),(8,NULL,'Articulo 12',12,0,'2021-07-26 00:48:27','2021-07-29 05:44:35',NULL),(9,NULL,'Articulo 13',13,0,'2021-07-26 00:48:27','2021-07-29 05:44:35',NULL),(10,NULL,'Articulo 14',14,1,'2021-07-26 00:48:27','2021-07-29 05:44:35',NULL);

--
-- Table structure for table `cobradores`
--

CREATE TABLE `cobradores` (
  `id` bigint(20) unsigned NOT NULL AUTO_INCREMENT,
  `person_id` int(10) unsigned NOT NULL,
  `descripcion` text COLLATE utf8mb4_unicode_ci NOT NULL,
  `telefono` text COLLATE utf8mb4_unicode_ci NOT NULL,
  `habilitado` tinyint(1) NOT NULL DEFAULT '1',
  `created_at` timestamp NULL DEFAULT NULL,
  `updated_at` timestamp NULL DEFAULT NULL,
  `deleted_at` timestamp NULL DEFAULT NULL,
  PRIMARY KEY (`id`),
  KEY `cobradores_person_id_foreign` (`person_id`),
  CONSTRAINT `cobradores_person_id_foreign` FOREIGN KEY (`person_id`) REFERENCES `persons` (`id`)
) ENGINE=InnoDB DEFAULT CHARSET=utf8mb4 COLLATE=utf8mb4_unicode_ci;

--
-- Dumping data for table `cobradores`
--


--
-- Table structure for table `cobradores_datos`
--

CREATE TABLE `cobradores_datos` (
  `id` bigint(20) unsigned NOT NULL AUTO_INCREMENT,
  `user_id` int(10) unsigned DEFAULT NULL,
  `cobrador_id` bigint(20) unsigned NOT NULL,
  `url_panel` longtext COLLATE utf8mb4_unicode_ci,
  `usuario` text COLLATE utf8mb4_unicode_ci,
  `clave` text COLLATE utf8mb4_unicode_ci,
  `numero_de_soporte` text COLLATE utf8mb4_unicode_ci,
  `inicial_create_user` text COLLATE utf8mb4_unicode_ci,
  `imp_min_p_retirar` int(11) DEFAULT NULL,
  `secret_recarga` text COLLATE utf8mb4_unicode_ci,
  `secret_on_off` text COLLATE utf8mb4_unicode_ci,
  `clave_new_user` text COLLATE utf8mb4_unicode_ci,
  `created_at` timestamp NULL DEFAULT NULL,
  `updated_at` timestamp NULL DEFAULT NULL,
  `deleted_at` timestamp NULL DEFAULT NULL,
  PRIMARY KEY (`id`),
  KEY `cobradores_datos_cobrador_id_foreign` (`cobrador_id`),
  CONSTRAINT `cobradores_datos_cobrador_id_foreign` FOREIGN KEY (`cobrador_id`) REFERENCES `cobradores` (`id`)
) ENGINE=InnoDB DEFAULT CHARSET=utf8mb4 COLLATE=utf8mb4_unicode_ci;

--
-- Dumping data for table `cobradores_datos`
--


--
-- Table structure for table `cobradores_metodos`
--

CREATE TABLE `cobradores_metodos` (
  `id` bigint(20) unsigned NOT NULL AUTO_INCREMENT,
  `user_id` int(10) unsigned DEFAULT NULL,
  `person_id` int(10) unsigned NOT NULL,
  `descripcion` varchar(255) COLLATE utf8mb4_unicode_ci NOT NULL,
  `habilitado` tinyint(1) NOT NULL DEFAULT '1',
  `created_at` timestamp NULL DEFAULT NULL,
  `updated_at` timestamp NULL DEFAULT NULL,
  `deleted_at` timestamp NULL DEFAULT NULL,
  PRIMARY KEY (`id`),
  UNIQUE KEY `cobradores_metodos_descripcion_unique` (`descripcion`),
  KEY `cobradores_metodos_person_id_foreign` (`person_id`),
  CONSTRAINT `cobradores_metodos_person_id_foreign` FOREIGN KEY (`person_id`) REFERENCES `persons` (`id`)
) ENGINE=InnoDB DEFAULT CHARSET=utf8mb4 COLLATE=utf8mb4_unicode_ci;

--
-- Dumping data for table `cobradores_metodos`
--


--
-- Table structure for table `cobradores_on_off`
--

CREATE TABLE `cobradores_on_off` (
  `id` bigint(20) unsigned NOT NULL AUTO_INCREMENT,
  `user_id` int(10) unsigned DEFAULT NULL,
  `cobrador_id` bigint(20) unsigned NOT NULL,
  `on_off` tinyint(1) NOT NULL,
  `created_at` timestamp NULL DEFAULT NULL,
  `updated_at` timestamp NULL DEFAULT NULL,
  `deleted_at` timestamp NULL DEFAULT NULL,
  PRIMARY KEY (`id`),
  KEY `cobradores_on_off_cobrador_id_foreign` (`cobrador_id`),
  CONSTRAINT `cobradores_on_off_cobrador_id_foreign` FOREIGN KEY (`cobrador_id`) REFERENCES `cobradores` (`id`)
) ENGINE=InnoDB DEFAULT CHARSET=utf8mb4 COLLATE=utf8mb4_unicode_ci;

--
-- Dumping data for table `cobradores_on_off`
--


--
-- Table structure for table `conciliaciones`
--

CREATE TABLE `conciliaciones` (
  `id` bigint(20) unsigned NOT NULL AUTO_INCREMENT,
  `user_id` int(10) unsigned DEFAULT NULL,
  `person_id` int(10) unsigned NOT NULL,
  `fecha` datetime NOT NULL,
  `cta_cte_tesoreria_cuenta_id` int(10) unsigned NOT NULL,
  `saldo_conciliado` decimal(13,2) NOT NULL DEFAULT '0.00',
  `created_at` timestamp NULL DEFAULT NULL,
  `updated_at` timestamp NULL DEFAULT NULL,
  `deleted_at` timestamp NULL DEFAULT NULL,
  PRIMARY KEY (`id`),
  KEY `conciliaciones_person_id_foreign` (`person_id`),
  CONSTRAINT `conciliaciones_person_id_foreign` FOREIGN KEY (`person_id`) REFERENCES `persons` (`id`) ON DELETE CASCADE
) ENGINE=InnoDB DEFAULT CHARSET=utf8mb4 COLLATE=utf8mb4_unicode_ci;

--
-- Dumping data for table `conciliaciones`
--


--
-- Table structure for table `conciliaciones_details`
--

CREATE TABLE `conciliaciones_details` (
  `id` bigint(20) unsigned NOT NULL AUTO_INCREMENT,
  `user_id` int(10) unsigned DEFAULT NULL,
  `conciliacion_id` bigint(20) unsigned NOT NULL,
  `person_id` int(10) unsigned NOT NULL,
  `cta_cte_tesoreria_detail_id` int(10) unsigned DEFAULT NULL,
  `created_at` timestamp NULL DEFAULT NULL,
  `updated_at` timestamp NULL DEFAULT NULL,
  `deleted_at` timestamp NULL DEFAULT NULL,
  PRIMARY KEY (`id`),
  KEY `conciliaciones_details_person_id_foreign` (`person_id`),
  KEY `conciliaciones_details_cta_cte_tesoreria_detail_id_foreign` (`cta_cte_tesoreria_detail_id`),
  CONSTRAINT `conciliaciones_details_cta_cte_tesoreria_detail_id_foreign` FOREIGN KEY (`cta_cte_tesoreria_detail_id`) REFERENCES `cta_cte_tesoreria_detail` (`id`),
  CONSTRAINT `conciliaciones_details_person_id_foreign` FOREIGN KEY (`person_id`) REFERENCES `persons` (`id`) ON DELETE CASCADE
) ENGINE=InnoDB DEFAULT CHARSET=utf8mb4 COLLATE=utf8mb4_unicode_ci;

--
-- Dumping data for table `conciliaciones_details`
--


--
-- Table structure for table `condicion_frente_al_iva`
--

CREATE TABLE `condicion_frente_al_iva` (
  `id` int(10) unsigned NOT NULL AUTO_INCREMENT,
  `user_id` int(10) unsigned DEFAULT NULL,
  `codigo_afip` int(11) DEFAULT NULL,
  `descripcion` text COLLATE utf8mb4_unicode_ci NOT NULL,
  `show_comprobantes_a` tinyint(1) NOT NULL DEFAULT '0',
  `show_comprobantes_b` tinyint(1) NOT NULL DEFAULT '0',
  `habilitado` tinyint(1) NOT NULL DEFAULT '1',
  `created_at` timestamp NULL DEFAULT NULL,
  `updated_at` timestamp NULL DEFAULT NULL,
  `deleted_at` timestamp NULL DEFAULT NULL,
  PRIMARY KEY (`id`)
) ENGINE=InnoDB AUTO_INCREMENT=17 DEFAULT CHARSET=utf8mb4 COLLATE=utf8mb4_unicode_ci;

--
-- Dumping data for table `condicion_frente_al_iva`
--

INSERT INTO `condicion_frente_al_iva` VALUES (1,NULL,1,'IVA Responsable Inscripto',1,0,1,NULL,NULL,NULL),(2,NULL,2,'IVA Responsable no Inscripto',0,0,1,NULL,'2025-02-11 16:29:54','2025-02-11 16:29:54'),(3,NULL,3,'IVA no Responsable',0,0,1,NULL,'2025-02-11 16:29:54','2025-02-11 16:29:54'),(4,NULL,4,'IVA Sujeto Exento',0,1,1,NULL,NULL,NULL),(5,NULL,5,'Consumidor Final',0,1,1,NULL,NULL,NULL),(6,NULL,6,'Responsable Monotributo',1,0,1,NULL,NULL,NULL),(7,NULL,7,'Sujeto no Categorizado',0,1,1,NULL,NULL,NULL),(8,NULL,8,'Proveedor del Exterior',0,1,1,NULL,NULL,NULL),(9,NULL,9,'Cliente del Exterior',0,1,1,NULL,NULL,NULL),(10,NULL,10,'IVA Liberado – Ley Nº 19.640',0,1,1,NULL,NULL,NULL),(11,NULL,11,'IVA Responsable Inscripto – Agente de Percepción',0,0,1,NULL,'2025-02-11 16:29:54','2025-02-11 16:29:54'),(12,NULL,12,'Pequeño Contribuyente Eventual',0,0,1,NULL,'2025-02-11 16:29:54','2025-02-11 16:29:54'),(13,NULL,13,'Monotributista Social',1,0,1,NULL,NULL,NULL),(14,NULL,14,'Pequeño Contribuyente Eventual Social',0,0,1,NULL,'2025-02-11 16:29:54','2025-02-11 16:29:54'),(15,NULL,15,'IVA No Alcanzado',0,1,1,NULL,'2025-02-11 19:29:54',NULL),(16,NULL,NULL,'Monotributista Trabajador Independiente Promovido',1,0,1,NULL,'2025-02-11 16:29:54','2025-02-11 16:29:54');

--
-- Table structure for table `condiciones_venta`
--

CREATE TABLE `condiciones_venta` (
  `id` int(10) unsigned NOT NULL AUTO_INCREMENT,
  `descripcion` varchar(100) COLLATE utf8mb4_unicode_ci NOT NULL,
  `created_at` timestamp NULL DEFAULT NULL,
  `updated_at` timestamp NULL DEFAULT NULL,
  PRIMARY KEY (`id`)
) ENGINE=InnoDB AUTO_INCREMENT=9 DEFAULT CHARSET=utf8mb4 COLLATE=utf8mb4_unicode_ci;

--
-- Dumping data for table `condiciones_venta`
--

INSERT INTO `condiciones_venta` VALUES (1,'Contado',NULL,NULL),(2,'Tarjeta de Debito',NULL,NULL),(3,'Tarjeta de Credito',NULL,NULL),(4,'Cuenta Corriente',NULL,NULL),(5,'Cheque',NULL,NULL),(6,'Ticket',NULL,NULL),(7,'Transferencia',NULL,NULL),(8,'Otra',NULL,NULL);

--
-- Table structure for table `consultas`
--

CREATE TABLE `consultas` (
  `id` int(10) unsigned NOT NULL AUTO_INCREMENT,
  `user_id` int(11) DEFAULT NULL,
  `descripcion` varchar(191) COLLATE utf8mb4_unicode_ci DEFAULT NULL,
  `habilitado` tinyint(1) NOT NULL DEFAULT '1',
  `created_at` timestamp NULL DEFAULT NULL,
  `updated_at` timestamp NULL DEFAULT NULL,
  `deleted_at` timestamp NULL DEFAULT NULL,
  PRIMARY KEY (`id`)
) ENGINE=InnoDB AUTO_INCREMENT=5 DEFAULT CHARSET=utf8mb4 COLLATE=utf8mb4_unicode_ci;

--
-- Dumping data for table `consultas`
--

INSERT INTO `consultas` VALUES (1,NULL,'Estado Liquidaciones',1,NULL,NULL,NULL),(2,NULL,'Consumo',1,NULL,NULL,NULL),(3,NULL,'Resultado Liquidacion Hijas',1,'2023-03-12 23:40:23','2023-03-12 23:40:23',NULL),(4,NULL,'Tablero Control',1,NULL,NULL,NULL);

--
-- Table structure for table `consultas_aux`
--

CREATE TABLE `consultas_aux` (
  `id` int(10) unsigned NOT NULL AUTO_INCREMENT,
  `user_id` int(11) DEFAULT NULL,
  `consulta_id` int(10) unsigned NOT NULL,
  `person_id` int(10) unsigned DEFAULT NULL,
  `descripcion` longtext COLLATE utf8mb4_unicode_ci,
  `estado` tinyint(1) NOT NULL DEFAULT '0',
  `created_at` timestamp NULL DEFAULT NULL,
  `updated_at` timestamp NULL DEFAULT NULL,
  `deleted_at` timestamp NULL DEFAULT NULL,
  PRIMARY KEY (`id`),
  KEY `consultas_aux_consulta_id_foreign` (`consulta_id`),
  KEY `consultas_aux_person_id_foreign` (`person_id`),
  CONSTRAINT `consultas_aux_consulta_id_foreign` FOREIGN KEY (`consulta_id`) REFERENCES `consultas` (`id`),
  CONSTRAINT `consultas_aux_person_id_foreign` FOREIGN KEY (`person_id`) REFERENCES `persons` (`id`)
) ENGINE=InnoDB DEFAULT CHARSET=utf8mb4 COLLATE=utf8mb4_unicode_ci;

--
-- Dumping data for table `consultas_aux`
--


--
-- Table structure for table `conta_asientos`
--

CREATE TABLE `conta_asientos` (
  `id` int(10) unsigned NOT NULL AUTO_INCREMENT,
  `user_id` int(10) unsigned DEFAULT NULL,
  `person_id` int(10) unsigned DEFAULT NULL,
  `period_id` int(10) unsigned DEFAULT NULL,
  `tipo_asiento_id` int(10) unsigned NOT NULL,
  `debe_cta_cte_tesoreria_cuenta_id` int(10) unsigned DEFAULT NULL,
  `haber_cta_cte_tesoreria_cuenta_id` int(10) unsigned DEFAULT NULL,
  `ctactecheque_id` int(10) unsigned DEFAULT NULL,
  `num_asiento` int(11) DEFAULT NULL,
  `fecha_registracion` date DEFAULT NULL,
  `fecha_vencimiento` date DEFAULT NULL,
  `total` decimal(16,2) NOT NULL,
  `adjunto` text COLLATE utf8mb4_unicode_ci,
  `comentario` varchar(255) COLLATE utf8mb4_unicode_ci DEFAULT NULL,
  `radioChecked` int(11) DEFAULT NULL,
  `status` int(11) NOT NULL DEFAULT '1',
  `CuentaTipo_id` int(10) unsigned DEFAULT NULL,
  `CentroCosto_id` int(10) unsigned DEFAULT NULL,
  `pagado` int(10) unsigned DEFAULT NULL,
  `created_at` timestamp NULL DEFAULT NULL,
  `updated_at` timestamp NULL DEFAULT NULL,
  `deleted_at` timestamp NULL DEFAULT NULL,
  PRIMARY KEY (`id`),
  KEY `conta_asientos_person_id_foreign` (`person_id`),
  KEY `conta_asientos_period_id_foreign` (`period_id`),
  KEY `conta_asientos_tipo_asiento_id_foreign` (`tipo_asiento_id`),
  KEY `conta_asientos_cuentatipo_id_foreign` (`CuentaTipo_id`),
  KEY `conta_asientos_centrocosto_id_foreign` (`CentroCosto_id`),
  KEY `conta_asientos_ctactecheque_id_foreign` (`ctactecheque_id`),
  KEY `conta_asientos_haber_cta_cte_tesoreria_cuenta_id_foreign` (`haber_cta_cte_tesoreria_cuenta_id`),
  KEY `conta_asientos_debe_cta_cte_tesoreria_cuenta_id_foreign` (`debe_cta_cte_tesoreria_cuenta_id`),
  CONSTRAINT `conta_asientos_centrocosto_id_foreign` FOREIGN KEY (`CentroCosto_id`) REFERENCES `ctactegastos_centrocosto` (`id`),
  CONSTRAINT `conta_asientos_ctactecheque_id_foreign` FOREIGN KEY (`ctactecheque_id`) REFERENCES `ctacte_cheques` (`id`),
  CONSTRAINT `conta_asientos_cuentatipo_id_foreign` FOREIGN KEY (`CuentaTipo_id`) REFERENCES `ctactegastos_cuenta_tipo` (`idCuentaTipo`),
  CONSTRAINT `conta_asientos_debe_cta_cte_tesoreria_cuenta_id_foreign` FOREIGN KEY (`debe_cta_cte_tesoreria_cuenta_id`) REFERENCES `cta_cte_tesoreria_cuentas` (`id`),
  CONSTRAINT `conta_asientos_haber_cta_cte_tesoreria_cuenta_id_foreign` FOREIGN KEY (`haber_cta_cte_tesoreria_cuenta_id`) REFERENCES `cta_cte_tesoreria_cuentas` (`id`),
  CONSTRAINT `conta_asientos_period_id_foreign` FOREIGN KEY (`period_id`) REFERENCES `periods` (`id`),
  CONSTRAINT `conta_asientos_person_id_foreign` FOREIGN KEY (`person_id`) REFERENCES `persons` (`id`),
  CONSTRAINT `conta_asientos_tipo_asiento_id_foreign` FOREIGN KEY (`tipo_asiento_id`) REFERENCES `conta_tipo_asientos` (`id`)
) ENGINE=InnoDB AUTO_INCREMENT=81 DEFAULT CHARSET=utf8mb4 COLLATE=utf8mb4_unicode_ci;

--
-- Dumping data for table `conta_asientos`
--

INSERT INTO `conta_asientos` VALUES (1,486,40726,NULL,2,NULL,NULL,NULL,NULL,'2020-10-01','2020-10-01',1000.00,NULL,'Honorario Mensual',1,1,NULL,NULL,NULL,'2020-11-02 14:40:36','2020-11-03 12:09:11','2020-11-03 12:09:11'),(2,486,40730,NULL,2,NULL,NULL,NULL,NULL,'2020-11-01','2020-11-01',1500.00,NULL,'Honorario Mensual',1,1,NULL,NULL,NULL,'2020-11-02 14:40:59','2020-11-03 12:09:22','2020-11-03 12:09:22'),(3,486,40726,NULL,2,NULL,NULL,NULL,NULL,'2020-11-01','2020-11-01',1000.00,NULL,'Honorario Mensual',1,1,NULL,NULL,NULL,'2020-11-02 14:40:59','2020-11-03 12:09:17','2020-11-03 12:09:17'),(4,486,40730,NULL,2,NULL,NULL,NULL,NULL,'2020-09-30','2020-09-30',1500.00,NULL,'Honorario Mensual',1,1,NULL,NULL,NULL,'2020-11-03 12:09:47','2020-11-03 12:10:15','2020-11-03 12:10:15'),(5,486,40726,NULL,2,NULL,NULL,NULL,NULL,'2020-09-30','2020-09-30',1000.00,NULL,'Honorario Mensual',1,1,NULL,NULL,NULL,'2020-11-03 12:09:47','2020-11-03 12:09:47',NULL),(6,486,40732,NULL,2,NULL,NULL,NULL,NULL,'2020-09-30','2020-09-30',1500.00,NULL,'Honorario Mensual',1,1,NULL,NULL,NULL,'2020-11-03 12:09:47','2020-11-03 12:10:03','2020-11-03 12:10:03'),(7,486,40730,NULL,2,NULL,NULL,NULL,NULL,'2020-10-31','2020-10-31',1500.00,NULL,'Honorario Mensual',1,1,NULL,NULL,NULL,'2020-11-03 12:10:35','2020-11-03 12:10:35',NULL),(8,486,40726,NULL,2,NULL,NULL,NULL,NULL,'2020-10-31','2020-10-31',1000.00,NULL,'Honorario Mensual',1,1,NULL,NULL,NULL,'2020-11-03 12:10:35','2020-11-03 12:10:35',NULL),(9,486,40732,NULL,2,NULL,NULL,NULL,NULL,'2020-10-31','2020-10-31',1500.00,NULL,'Honorario Mensual',1,1,NULL,NULL,NULL,'2020-11-03 12:10:35','2020-11-03 12:10:50','2020-11-03 12:10:50'),(10,486,40736,NULL,2,13,480,NULL,NULL,'2020-10-31','2020-11-12',1500.00,NULL,'Honorario Mensual',1,1,NULL,NULL,NULL,'2020-11-12 17:40:06','2020-11-12 17:40:06',NULL),(11,486,40736,NULL,2,NULL,13,NULL,NULL,'2020-11-05','2020-11-12',15000.00,NULL,'A cuenta de gastos y honorarios',2,1,NULL,NULL,NULL,'2020-11-12 17:41:16','2020-11-12 17:41:16',NULL),(12,486,40726,NULL,2,NULL,13,NULL,NULL,'2020-11-17','2020-11-25',1000.00,NULL,'Más monotributo 10-2020.-',2,1,NULL,NULL,NULL,'2020-11-25 19:38:44','2020-11-25 19:38:44',NULL),(13,486,40726,NULL,2,NULL,13,NULL,NULL,'2020-12-05','2020-12-14',1000.00,NULL,'Más cuota monotributo 11-2020.-',2,1,NULL,NULL,NULL,'2020-12-14 15:02:35','2020-12-14 15:44:10','2020-12-14 15:44:10'),(14,486,40726,NULL,2,NULL,13,NULL,NULL,'2020-12-05','2020-12-14',1000.00,NULL,'Más monotributo 11-2020.-',2,1,NULL,NULL,NULL,'2020-12-14 15:44:10','2020-12-14 15:44:10',NULL),(15,486,40736,NULL,2,NULL,NULL,NULL,NULL,'2020-11-30','2020-11-30',1500.00,NULL,'Honorario Mensual',1,1,NULL,NULL,NULL,'2020-12-14 15:45:06','2020-12-14 15:45:06',NULL),(16,486,40726,NULL,2,NULL,NULL,NULL,NULL,'2020-11-30','2020-11-30',1000.00,NULL,'Honorario Mensual',1,1,NULL,NULL,NULL,'2020-12-14 15:45:06','2020-12-14 15:45:06',NULL),(17,486,40732,NULL,2,NULL,NULL,NULL,NULL,'2020-11-30','2020-11-30',1500.00,NULL,'Honorario Mensual',1,1,NULL,NULL,NULL,'2020-12-14 15:45:06','2020-12-14 15:45:06',NULL),(18,486,40732,NULL,2,NULL,13,NULL,NULL,'2020-12-17','2020-12-21',1500.00,NULL,'Más monotributo 12-2020.-',2,1,NULL,NULL,NULL,'2020-12-21 20:20:07','2020-12-21 20:20:07',NULL),(19,486,40726,NULL,2,NULL,13,NULL,NULL,'2021-01-04','2021-01-06',1000.00,NULL,'Más monotributo 12-2020.-',2,1,NULL,NULL,NULL,'2021-01-06 13:53:12','2021-01-06 13:53:12',NULL),(20,486,40736,NULL,2,NULL,NULL,NULL,NULL,'2020-12-31','2020-12-31',1500.00,NULL,'Honorario Mensual',1,1,NULL,NULL,NULL,'2021-01-21 13:24:19','2021-01-21 13:24:19',NULL),(21,486,40726,NULL,2,NULL,NULL,NULL,NULL,'2020-12-31','2020-12-31',1000.00,NULL,'Honorario Mensual',1,1,NULL,NULL,NULL,'2021-01-21 13:24:19','2021-01-21 13:24:19',NULL),(22,486,40732,NULL,2,NULL,NULL,NULL,NULL,'2020-12-31','2020-12-31',1500.00,NULL,'Honorario Mensual',1,1,NULL,NULL,NULL,'2021-01-21 13:24:19','2021-01-21 13:24:19',NULL);
INSERT INTO `conta_asientos` VALUES (23,486,40732,NULL,2,NULL,13,NULL,NULL,'2021-01-18','2021-01-21',1500.00,NULL,'Más monotributo 01/2021.-',2,1,NULL,NULL,NULL,'2021-01-21 13:25:25','2021-01-21 13:25:25',NULL),(24,486,40726,NULL,2,NULL,13,NULL,NULL,'2021-02-03','2021-02-19',1000.00,NULL,'Más monotributo 01-2021.-',2,1,NULL,NULL,NULL,'2021-02-19 13:56:53','2021-02-19 13:56:53',NULL),(25,486,40736,NULL,2,NULL,NULL,NULL,NULL,'2021-01-31','2021-01-31',1500.00,NULL,'Honorario Mensual',1,1,NULL,NULL,NULL,'2021-02-19 14:08:16','2021-02-19 14:08:16',NULL),(26,486,40726,NULL,2,NULL,NULL,NULL,NULL,'2021-01-31','2021-01-31',1000.00,NULL,'Honorario Mensual',1,1,NULL,NULL,NULL,'2021-02-19 14:08:16','2021-02-19 14:08:16',NULL),(27,486,40732,NULL,2,NULL,NULL,NULL,NULL,'2021-01-31','2021-01-31',1500.00,NULL,'Honorario Mensual',1,1,NULL,NULL,NULL,'2021-02-19 14:08:16','2021-02-19 14:08:16',NULL),(28,486,40792,NULL,2,NULL,NULL,NULL,NULL,'2021-01-31','2021-01-31',1500.00,NULL,'Honorario Mensual',1,1,NULL,NULL,NULL,'2021-02-19 14:08:16','2021-02-19 14:08:16',NULL),(29,486,40736,NULL,2,NULL,NULL,NULL,NULL,'2021-02-28','2021-02-28',1500.00,NULL,'Honorario Mensual',1,1,NULL,NULL,NULL,'2021-04-16 10:48:27','2021-04-16 10:48:27',NULL),(30,486,40726,NULL,2,NULL,NULL,NULL,NULL,'2021-02-28','2021-02-28',1000.00,NULL,'Honorario Mensual',1,1,NULL,NULL,NULL,'2021-04-16 10:48:27','2021-04-16 10:48:27',NULL),(31,486,40732,NULL,2,NULL,NULL,NULL,NULL,'2021-02-28','2021-02-28',1500.00,NULL,'Honorario Mensual',1,1,NULL,NULL,NULL,'2021-04-16 10:48:27','2021-04-16 10:48:27',NULL),(32,486,40792,NULL,2,NULL,NULL,NULL,NULL,'2021-02-28','2021-02-28',1500.00,NULL,'Honorario Mensual',1,1,NULL,NULL,NULL,'2021-04-16 10:48:27','2021-04-16 10:48:27',NULL),(33,486,40736,NULL,2,NULL,NULL,NULL,NULL,'2021-03-31','2021-03-31',1500.00,NULL,'Honorario Mensual',1,1,NULL,NULL,NULL,'2021-04-16 10:48:59','2021-04-16 10:48:59',NULL),(34,486,40726,NULL,2,NULL,NULL,NULL,NULL,'2021-03-31','2021-03-31',1000.00,NULL,'Honorario Mensual',1,1,NULL,NULL,NULL,'2021-04-16 10:48:59','2021-04-16 10:48:59',NULL),(35,486,40732,NULL,2,NULL,NULL,NULL,NULL,'2021-03-31','2021-03-31',1500.00,NULL,'Honorario Mensual',1,1,NULL,NULL,NULL,'2021-04-16 10:48:59','2021-04-16 10:48:59',NULL),(36,486,40792,NULL,2,NULL,NULL,NULL,NULL,'2021-03-31','2021-03-31',1500.00,NULL,'Honorario Mensual',1,1,NULL,NULL,NULL,'2021-04-16 10:48:59','2021-04-16 10:48:59',NULL),(37,486,40732,NULL,2,NULL,13,NULL,NULL,'2021-02-24','2021-04-16',1500.00,NULL,'Más monotributo 02/2021.-',2,1,NULL,NULL,NULL,'2021-04-16 10:51:58','2021-04-16 10:51:58',NULL),(38,486,40732,NULL,2,NULL,13,NULL,NULL,'2021-03-26','2021-04-16',1500.00,NULL,'Más monotributo 03/2021.-',2,1,NULL,NULL,NULL,'2021-04-16 10:52:26','2021-04-16 10:52:26',NULL),(39,486,40726,NULL,2,NULL,13,NULL,NULL,'2021-02-03','2021-04-16',1000.00,NULL,'Más monotributo 01/2021.-',2,1,NULL,NULL,NULL,'2021-04-16 10:54:06','2021-04-16 10:54:06',NULL),(40,486,40792,NULL,2,NULL,13,NULL,NULL,'2021-03-02','2021-04-16',1500.00,NULL,'Más monotributo 02/2021.-',2,1,NULL,NULL,NULL,'2021-04-16 10:55:10','2021-04-16 10:55:10',NULL),(41,486,40792,NULL,2,NULL,13,NULL,NULL,'2021-04-07','2021-04-16',1500.00,NULL,'Más monotributo 03/2021.-',2,1,NULL,NULL,NULL,'2021-04-16 10:55:40','2021-04-16 10:55:40',NULL),(42,486,40726,NULL,2,NULL,13,NULL,NULL,'2021-04-18','2021-04-26',1000.00,NULL,'Más monotributo 03/2021.-',2,1,NULL,NULL,NULL,'2021-04-26 16:52:21','2021-04-26 16:52:21',NULL),(43,486,40736,NULL,2,NULL,NULL,NULL,NULL,'2021-04-30','2021-04-30',1500.00,NULL,'Honorario Mensual',1,1,NULL,NULL,NULL,'2021-05-31 11:01:22','2021-05-31 11:01:22',NULL),(44,486,40726,NULL,2,NULL,NULL,NULL,NULL,'2021-04-30','2021-04-30',1000.00,NULL,'Honorario Mensual',1,1,NULL,NULL,NULL,'2021-05-31 11:01:22','2021-05-31 11:01:22',NULL),(45,486,40732,NULL,2,NULL,NULL,NULL,NULL,'2021-04-30','2021-04-30',1500.00,NULL,'Honorario Mensual',1,1,NULL,NULL,NULL,'2021-05-31 11:01:22','2021-05-31 11:01:22',NULL);
INSERT INTO `conta_asientos` VALUES (46,486,40792,NULL,2,NULL,NULL,NULL,NULL,'2021-04-30','2021-04-30',1500.00,NULL,'Honorario Mensual',1,1,NULL,NULL,NULL,'2021-05-31 11:01:22','2021-05-31 11:01:22',NULL),(47,486,40736,NULL,2,NULL,NULL,NULL,NULL,'2021-05-31','2021-05-31',1500.00,NULL,'Honorario Mensual',1,1,NULL,NULL,NULL,'2021-05-31 11:01:34','2021-05-31 11:01:34',NULL),(48,486,40726,NULL,2,NULL,NULL,NULL,NULL,'2021-05-31','2021-05-31',1000.00,NULL,'Honorario Mensual',1,1,NULL,NULL,NULL,'2021-05-31 11:01:34','2021-05-31 11:01:34',NULL),(49,486,40732,NULL,2,NULL,NULL,NULL,NULL,'2021-05-31','2021-05-31',1500.00,NULL,'Honorario Mensual',1,1,NULL,NULL,NULL,'2021-05-31 11:01:34','2021-05-31 11:01:34',NULL),(50,486,40792,NULL,2,NULL,NULL,NULL,NULL,'2021-05-31','2021-05-31',1500.00,NULL,'Honorario Mensual',1,1,NULL,NULL,NULL,'2021-05-31 11:02:13','2021-05-31 11:02:13',NULL),(51,486,40732,NULL,2,NULL,13,NULL,NULL,'2021-04-28','2021-07-13',1500.00,NULL,'Más monotributo 04-2021.-',2,1,NULL,NULL,NULL,'2021-07-13 00:45:06','2021-07-13 00:45:06',NULL),(52,486,40732,NULL,2,NULL,13,NULL,NULL,'2021-05-28','2021-07-13',1500.00,NULL,'Más monotributo 05-2021.-',2,1,NULL,NULL,NULL,'2021-07-13 00:46:15','2021-07-13 00:46:15',NULL),(53,486,40732,NULL,2,NULL,13,NULL,NULL,'2021-06-30','2021-07-13',1500.00,NULL,'Más monotributo 06-2021.- (valor viejo - no pagado)',2,1,NULL,NULL,NULL,'2021-07-13 00:47:04','2021-07-13 00:47:04',NULL),(54,486,40726,NULL,2,NULL,13,NULL,NULL,'2021-06-08','2021-07-13',1000.00,NULL,'Más monotributo 04-2021.-',2,1,NULL,NULL,NULL,'2021-07-13 00:49:33','2021-07-13 00:52:11','2021-07-13 00:52:11'),(55,486,40726,NULL,2,NULL,13,NULL,NULL,'2021-06-08','2021-07-13',1000.00,NULL,'Más monotributo 05-2021.-',2,1,NULL,NULL,NULL,'2021-07-13 00:52:11','2021-07-13 00:52:11',NULL),(56,486,40726,NULL,2,NULL,13,NULL,NULL,'2021-04-21','2021-07-13',1000.00,NULL,'Más monotributo 04-2021.-',2,1,NULL,NULL,NULL,'2021-07-13 00:52:43','2021-07-13 00:52:43',NULL),(57,486,40726,NULL,2,NULL,13,NULL,NULL,'2021-07-12','2021-07-13',1000.00,NULL,'-Sin monotributo 06-2021, pendiente de pago-',2,1,NULL,NULL,NULL,'2021-07-13 00:53:26','2021-07-13 00:53:26',NULL),(58,486,40792,NULL,2,NULL,13,NULL,NULL,'2021-06-29','2021-07-13',3000.00,NULL,'Más monotributo de 05/2021 y 06/2021 (pendiente de pago).-',2,1,NULL,NULL,NULL,'2021-07-13 00:55:08','2021-07-13 00:55:08',NULL),(59,486,40792,NULL,2,NULL,13,NULL,NULL,'2021-05-06','2021-07-13',1500.00,NULL,'Más monotributo 04-2021.-',2,1,NULL,NULL,NULL,'2021-07-13 00:55:40','2021-07-13 00:55:40',NULL),(60,486,40736,NULL,2,NULL,NULL,NULL,NULL,'2021-06-30','2021-06-30',1800.00,NULL,'Honorario Mensual',1,1,NULL,NULL,NULL,'2021-07-13 00:58:25','2021-07-13 00:58:25',NULL),(61,486,40726,NULL,2,NULL,NULL,NULL,NULL,'2021-06-30','2021-06-30',1300.00,NULL,'Honorario Mensual',1,1,NULL,NULL,NULL,'2021-07-13 00:58:25','2021-07-13 00:58:25',NULL),(62,486,40732,NULL,2,NULL,NULL,NULL,NULL,'2021-06-30','2021-06-30',1800.00,NULL,'Honorario Mensual',1,1,NULL,NULL,NULL,'2021-07-13 00:58:25','2021-07-13 00:58:25',NULL),(63,486,40792,NULL,2,NULL,NULL,NULL,NULL,'2021-06-30','2021-06-30',1500.00,NULL,'Honorario Mensual',1,1,NULL,NULL,NULL,'2021-07-13 00:58:25','2021-07-13 00:58:25',NULL),(64,486,40736,NULL,2,NULL,NULL,NULL,NULL,'2021-07-31','2021-07-31',1800.00,NULL,'Honorario Mensual',1,1,NULL,NULL,NULL,'2021-08-23 10:47:25','2021-08-23 10:47:25',NULL),(65,486,40813,NULL,2,NULL,NULL,NULL,NULL,'2021-07-31','2021-07-31',1500.00,NULL,'Honorario Mensual',1,1,NULL,NULL,NULL,'2021-08-23 10:47:25','2021-08-23 10:47:25',NULL),(66,486,40726,NULL,2,NULL,NULL,NULL,NULL,'2021-07-31','2021-07-31',1300.00,NULL,'Honorario Mensual',1,1,NULL,NULL,NULL,'2021-08-23 10:47:25','2021-08-23 10:47:25',NULL),(67,486,40732,NULL,2,NULL,NULL,NULL,NULL,'2021-07-31','2021-07-31',1800.00,NULL,'Honorario Mensual',1,1,NULL,NULL,NULL,'2021-08-23 10:47:25','2021-08-23 10:47:25',NULL);
INSERT INTO `conta_asientos` VALUES (68,486,40792,NULL,2,NULL,NULL,NULL,NULL,'2021-07-31','2021-07-31',1500.00,NULL,'Honorario Mensual',1,1,NULL,NULL,NULL,'2021-08-23 10:47:25','2021-08-23 10:47:25',NULL),(69,486,40726,NULL,2,NULL,13,NULL,NULL,'2021-08-05','2021-08-23',1000.00,NULL,'Más monotributo 06/2021.-',2,1,NULL,NULL,NULL,'2021-08-23 11:05:56','2021-08-30 09:38:08','2021-08-30 09:38:08'),(70,486,40726,NULL,2,NULL,13,NULL,NULL,'2021-07-20','2021-08-23',1300.00,NULL,'Más monotributo 07/2021.-',2,1,NULL,NULL,NULL,'2021-08-23 11:06:46','2021-08-23 11:06:46',NULL),(71,486,40732,NULL,2,NULL,13,NULL,NULL,'2021-08-03','2021-08-23',1800.00,NULL,'Más monotributo 07/2021.-',2,1,NULL,NULL,NULL,'2021-08-23 11:09:26','2021-08-23 11:09:26',NULL),(72,486,40730,NULL,2,NULL,13,NULL,NULL,'2021-07-31','2021-08-23',1500.00,NULL,'INCOBRABLE.-',2,1,NULL,NULL,NULL,'2021-08-23 11:10:23','2021-08-23 11:10:23',NULL),(73,486,40813,NULL,2,NULL,13,NULL,NULL,'2021-08-27','2021-08-30',1500.00,NULL,'Más municipalidad 07/2021.-',2,1,NULL,NULL,NULL,'2021-08-30 09:31:55','2021-08-30 09:31:55',NULL),(74,486,40726,NULL,2,NULL,13,NULL,NULL,'2021-08-23','2021-08-30',1300.00,NULL,'Más monotributo 08/2021.-',2,1,NULL,NULL,NULL,'2021-08-30 09:33:51','2021-08-30 09:33:51',NULL),(75,486,40736,NULL,2,NULL,NULL,NULL,NULL,'2021-08-30','2021-08-30',1800.00,NULL,'Honorario Mensual',1,1,NULL,NULL,NULL,'2021-08-30 09:34:53','2021-08-30 09:34:53',NULL),(76,486,40813,NULL,2,NULL,NULL,NULL,NULL,'2021-08-30','2021-08-30',1500.00,NULL,'Honorario Mensual',1,1,NULL,NULL,NULL,'2021-08-30 09:34:53','2021-08-30 09:34:53',NULL),(77,486,40726,NULL,2,NULL,NULL,NULL,NULL,'2021-08-30','2021-08-30',1300.00,NULL,'Honorario Mensual',1,1,NULL,NULL,NULL,'2021-08-30 09:34:53','2021-08-30 09:34:53',NULL),(78,486,40732,NULL,2,NULL,NULL,NULL,NULL,'2021-08-30','2021-08-30',1800.00,NULL,'Honorario Mensual',1,1,NULL,NULL,NULL,'2021-08-30 09:34:53','2021-08-30 09:34:53',NULL),(79,486,40792,NULL,2,NULL,NULL,NULL,NULL,'2021-08-30','2021-08-30',1500.00,NULL,'Honorario Mensual',1,1,NULL,NULL,NULL,'2021-08-30 09:34:53','2021-08-30 09:34:53',NULL),(80,486,40726,NULL,2,NULL,13,NULL,NULL,'2021-08-05','2021-08-30',1300.00,NULL,'Más monotributo 06/2021.-',2,1,NULL,NULL,NULL,'2021-08-30 09:38:08','2021-08-30 09:38:08',NULL);

--
-- Table structure for table `conta_asientos_details`
--

CREATE TABLE `conta_asientos_details` (
  `id` int(10) unsigned NOT NULL AUTO_INCREMENT,
  `user_id` int(10) unsigned DEFAULT NULL,
  `conta_asiento_id` int(10) unsigned NOT NULL,
  `person_id` int(10) unsigned DEFAULT NULL,
  `period_id` int(10) unsigned DEFAULT NULL,
  `tipo_asiento_id` int(10) unsigned NOT NULL,
  `cta_cte_tesoreria_cuenta_id` int(10) unsigned DEFAULT NULL,
  `saldo_id` int(10) unsigned NOT NULL,
  `monto` decimal(16,2) NOT NULL,
  `created_at` timestamp NULL DEFAULT NULL,
  `updated_at` timestamp NULL DEFAULT NULL,
  `deleted_at` timestamp NULL DEFAULT NULL,
  PRIMARY KEY (`id`),
  KEY `conta_asientos_details_conta_asiento_id_foreign` (`conta_asiento_id`),
  KEY `conta_asientos_details_person_id_foreign` (`person_id`),
  KEY `conta_asientos_details_period_id_foreign` (`period_id`),
  KEY `conta_asientos_details_tipo_asiento_id_foreign` (`tipo_asiento_id`),
  KEY `conta_asientos_details_saldo_id_foreign` (`saldo_id`),
  KEY `conta_asientos_details_cta_cte_tesoreria_cuenta_id_foreign` (`cta_cte_tesoreria_cuenta_id`),
  CONSTRAINT `conta_asientos_details_conta_asiento_id_foreign` FOREIGN KEY (`conta_asiento_id`) REFERENCES `conta_asientos` (`id`),
  CONSTRAINT `conta_asientos_details_cta_cte_tesoreria_cuenta_id_foreign` FOREIGN KEY (`cta_cte_tesoreria_cuenta_id`) REFERENCES `cta_cte_tesoreria_cuentas` (`id`),
  CONSTRAINT `conta_asientos_details_period_id_foreign` FOREIGN KEY (`period_id`) REFERENCES `periods` (`id`),
  CONSTRAINT `conta_asientos_details_person_id_foreign` FOREIGN KEY (`person_id`) REFERENCES `persons` (`id`),
  CONSTRAINT `conta_asientos_details_saldo_id_foreign` FOREIGN KEY (`saldo_id`) REFERENCES `conta_tipo_saldos` (`id`),
  CONSTRAINT `conta_asientos_details_tipo_asiento_id_foreign` FOREIGN KEY (`tipo_asiento_id`) REFERENCES `conta_tipo_asientos` (`id`)
) ENGINE=InnoDB AUTO_INCREMENT=161 DEFAULT CHARSET=utf8mb4 COLLATE=utf8mb4_unicode_ci;

--
-- Dumping data for table `conta_asientos_details`
--

INSERT INTO `conta_asientos_details` VALUES (1,486,1,40726,NULL,2,13,1,1000.00,'2020-11-02 14:40:36','2020-11-03 12:09:11','2020-11-03 12:09:11'),(2,486,1,40726,NULL,2,480,2,1000.00,'2020-11-02 14:40:36','2020-11-03 12:09:11','2020-11-03 12:09:11'),(3,486,2,40730,NULL,2,13,1,1500.00,'2020-11-02 14:40:59','2020-11-03 12:09:22','2020-11-03 12:09:22'),(4,486,2,40730,NULL,2,480,2,1500.00,'2020-11-02 14:40:59','2020-11-03 12:09:22','2020-11-03 12:09:22'),(5,486,3,40726,NULL,2,13,1,1000.00,'2020-11-02 14:40:59','2020-11-03 12:09:17','2020-11-03 12:09:17'),(6,486,3,40726,NULL,2,480,2,1000.00,'2020-11-02 14:40:59','2020-11-03 12:09:17','2020-11-03 12:09:17'),(7,486,4,40730,NULL,2,13,1,1500.00,'2020-11-03 12:09:47','2020-11-03 12:10:15','2020-11-03 12:10:15'),(8,486,4,40730,NULL,2,480,2,1500.00,'2020-11-03 12:09:47','2020-11-03 12:10:15','2020-11-03 12:10:15'),(9,486,5,40726,NULL,2,13,1,1000.00,'2020-11-03 12:09:47','2020-11-03 12:09:47',NULL),(10,486,5,40726,NULL,2,480,2,1000.00,'2020-11-03 12:09:47','2020-11-03 12:09:47',NULL),(11,486,6,40732,NULL,2,13,1,1500.00,'2020-11-03 12:09:47','2020-11-03 12:10:03','2020-11-03 12:10:03'),(12,486,6,40732,NULL,2,480,2,1500.00,'2020-11-03 12:09:47','2020-11-03 12:10:03','2020-11-03 12:10:03'),(13,486,7,40730,NULL,2,13,1,1500.00,'2020-11-03 12:10:35','2020-11-03 12:10:35',NULL),(14,486,7,40730,NULL,2,480,2,1500.00,'2020-11-03 12:10:35','2020-11-03 12:10:35',NULL),(15,486,8,40726,NULL,2,13,1,1000.00,'2020-11-03 12:10:35','2020-11-03 12:10:35',NULL),(16,486,8,40726,NULL,2,480,2,1000.00,'2020-11-03 12:10:35','2020-11-03 12:10:35',NULL),(17,486,9,40732,NULL,2,13,1,1500.00,'2020-11-03 12:10:35','2020-11-03 12:10:50','2020-11-03 12:10:50'),(18,486,9,40732,NULL,2,480,2,1500.00,'2020-11-03 12:10:35','2020-11-03 12:10:50','2020-11-03 12:10:50'),(19,486,10,40736,NULL,2,13,1,1500.00,'2020-11-12 17:40:06','2020-11-12 17:40:06',NULL),(20,486,10,40736,NULL,2,480,2,1500.00,'2020-11-12 17:40:06','2020-11-12 17:40:06',NULL),(21,486,11,40736,NULL,2,NULL,1,15000.00,'2020-11-12 17:41:16','2020-11-12 17:41:16',NULL),(22,486,11,40736,NULL,2,13,2,15000.00,'2020-11-12 17:41:16','2020-11-12 17:41:16',NULL),(23,486,12,40726,NULL,2,NULL,1,1000.00,'2020-11-25 19:38:44','2020-11-25 19:38:44',NULL),(24,486,12,40726,NULL,2,13,2,1000.00,'2020-11-25 19:38:44','2020-11-25 19:38:44',NULL),(25,486,13,40726,NULL,2,NULL,1,1000.00,'2020-12-14 15:02:35','2020-12-14 15:44:10','2020-12-14 15:44:10'),(26,486,13,40726,NULL,2,13,2,1000.00,'2020-12-14 15:02:35','2020-12-14 15:44:10','2020-12-14 15:44:10'),(27,486,14,40726,NULL,2,NULL,1,1000.00,'2020-12-14 15:44:10','2020-12-14 15:44:10',NULL),(28,486,14,40726,NULL,2,13,2,1000.00,'2020-12-14 15:44:10','2020-12-14 15:44:10',NULL),(29,486,15,40736,NULL,2,13,1,1500.00,'2020-12-14 15:45:06','2020-12-14 15:45:06',NULL),(30,486,15,40736,NULL,2,480,2,1500.00,'2020-12-14 15:45:06','2020-12-14 15:45:06',NULL),(31,486,16,40726,NULL,2,13,1,1000.00,'2020-12-14 15:45:06','2020-12-14 15:45:06',NULL),(32,486,16,40726,NULL,2,480,2,1000.00,'2020-12-14 15:45:06','2020-12-14 15:45:06',NULL),(33,486,17,40732,NULL,2,13,1,1500.00,'2020-12-14 15:45:06','2020-12-14 15:45:06',NULL),(34,486,17,40732,NULL,2,480,2,1500.00,'2020-12-14 15:45:06','2020-12-14 15:45:06',NULL),(35,486,18,40732,NULL,2,NULL,1,1500.00,'2020-12-21 20:20:07','2020-12-21 20:20:07',NULL),(36,486,18,40732,NULL,2,13,2,1500.00,'2020-12-21 20:20:07','2020-12-21 20:20:07',NULL),(37,486,19,40726,NULL,2,NULL,1,1000.00,'2021-01-06 13:53:12','2021-01-06 13:53:12',NULL),(38,486,19,40726,NULL,2,13,2,1000.00,'2021-01-06 13:53:12','2021-01-06 13:53:12',NULL),(39,486,20,40736,NULL,2,13,1,1500.00,'2021-01-21 13:24:19','2021-01-21 13:24:19',NULL),(40,486,20,40736,NULL,2,480,2,1500.00,'2021-01-21 13:24:19','2021-01-21 13:24:19',NULL),(41,486,21,40726,NULL,2,13,1,1000.00,'2021-01-21 13:24:19','2021-01-21 13:24:19',NULL),(42,486,21,40726,NULL,2,480,2,1000.00,'2021-01-21 13:24:19','2021-01-21 13:24:19',NULL),(43,486,22,40732,NULL,2,13,1,1500.00,'2021-01-21 13:24:19','2021-01-21 13:24:19',NULL);
INSERT INTO `conta_asientos_details` VALUES (44,486,22,40732,NULL,2,480,2,1500.00,'2021-01-21 13:24:19','2021-01-21 13:24:19',NULL),(45,486,23,40732,NULL,2,NULL,1,1500.00,'2021-01-21 13:25:25','2021-01-21 13:25:25',NULL),(46,486,23,40732,NULL,2,13,2,1500.00,'2021-01-21 13:25:25','2021-01-21 13:25:25',NULL),(47,486,24,40726,NULL,2,NULL,1,1000.00,'2021-02-19 13:56:53','2021-02-19 13:56:53',NULL),(48,486,24,40726,NULL,2,13,2,1000.00,'2021-02-19 13:56:53','2021-02-19 13:56:53',NULL),(49,486,25,40736,NULL,2,13,1,1500.00,'2021-02-19 14:08:16','2021-02-19 14:08:16',NULL),(50,486,25,40736,NULL,2,480,2,1500.00,'2021-02-19 14:08:16','2021-02-19 14:08:16',NULL),(51,486,26,40726,NULL,2,13,1,1000.00,'2021-02-19 14:08:16','2021-02-19 14:08:16',NULL),(52,486,26,40726,NULL,2,480,2,1000.00,'2021-02-19 14:08:16','2021-02-19 14:08:16',NULL),(53,486,27,40732,NULL,2,13,1,1500.00,'2021-02-19 14:08:16','2021-02-19 14:08:16',NULL),(54,486,27,40732,NULL,2,480,2,1500.00,'2021-02-19 14:08:16','2021-02-19 14:08:16',NULL),(55,486,28,40792,NULL,2,13,1,1500.00,'2021-02-19 14:08:16','2021-02-19 14:08:16',NULL),(56,486,28,40792,NULL,2,480,2,1500.00,'2021-02-19 14:08:16','2021-02-19 14:08:16',NULL),(57,486,29,40736,NULL,2,13,1,1500.00,'2021-04-16 10:48:27','2021-04-16 10:48:27',NULL),(58,486,29,40736,NULL,2,480,2,1500.00,'2021-04-16 10:48:27','2021-04-16 10:48:27',NULL),(59,486,30,40726,NULL,2,13,1,1000.00,'2021-04-16 10:48:27','2021-04-16 10:48:27',NULL),(60,486,30,40726,NULL,2,480,2,1000.00,'2021-04-16 10:48:27','2021-04-16 10:48:27',NULL),(61,486,31,40732,NULL,2,13,1,1500.00,'2021-04-16 10:48:27','2021-04-16 10:48:27',NULL),(62,486,31,40732,NULL,2,480,2,1500.00,'2021-04-16 10:48:27','2021-04-16 10:48:27',NULL),(63,486,32,40792,NULL,2,13,1,1500.00,'2021-04-16 10:48:27','2021-04-16 10:48:27',NULL),(64,486,32,40792,NULL,2,480,2,1500.00,'2021-04-16 10:48:27','2021-04-16 10:48:27',NULL),(65,486,33,40736,NULL,2,13,1,1500.00,'2021-04-16 10:48:59','2021-04-16 10:48:59',NULL),(66,486,33,40736,NULL,2,480,2,1500.00,'2021-04-16 10:48:59','2021-04-16 10:48:59',NULL),(67,486,34,40726,NULL,2,13,1,1000.00,'2021-04-16 10:48:59','2021-04-16 10:48:59',NULL),(68,486,34,40726,NULL,2,480,2,1000.00,'2021-04-16 10:48:59','2021-04-16 10:48:59',NULL),(69,486,35,40732,NULL,2,13,1,1500.00,'2021-04-16 10:48:59','2021-04-16 10:48:59',NULL),(70,486,35,40732,NULL,2,480,2,1500.00,'2021-04-16 10:48:59','2021-04-16 10:48:59',NULL),(71,486,36,40792,NULL,2,13,1,1500.00,'2021-04-16 10:48:59','2021-04-16 10:48:59',NULL),(72,486,36,40792,NULL,2,480,2,1500.00,'2021-04-16 10:48:59','2021-04-16 10:48:59',NULL),(73,486,37,40732,NULL,2,NULL,1,1500.00,'2021-04-16 10:51:58','2021-04-16 10:51:58',NULL),(74,486,37,40732,NULL,2,13,2,1500.00,'2021-04-16 10:51:58','2021-04-16 10:51:58',NULL),(75,486,38,40732,NULL,2,NULL,1,1500.00,'2021-04-16 10:52:26','2021-04-16 10:52:26',NULL),(76,486,38,40732,NULL,2,13,2,1500.00,'2021-04-16 10:52:26','2021-04-16 10:52:26',NULL),(77,486,39,40726,NULL,2,NULL,1,1000.00,'2021-04-16 10:54:06','2021-04-16 10:54:06',NULL),(78,486,39,40726,NULL,2,13,2,1000.00,'2021-04-16 10:54:06','2021-04-16 10:54:06',NULL),(79,486,40,40792,NULL,2,NULL,1,1500.00,'2021-04-16 10:55:10','2021-04-16 10:55:10',NULL),(80,486,40,40792,NULL,2,13,2,1500.00,'2021-04-16 10:55:10','2021-04-16 10:55:10',NULL),(81,486,41,40792,NULL,2,NULL,1,1500.00,'2021-04-16 10:55:40','2021-04-16 10:55:40',NULL),(82,486,41,40792,NULL,2,13,2,1500.00,'2021-04-16 10:55:40','2021-04-16 10:55:40',NULL),(83,486,42,40726,NULL,2,NULL,1,1000.00,'2021-04-26 16:52:21','2021-04-26 16:52:21',NULL),(84,486,42,40726,NULL,2,13,2,1000.00,'2021-04-26 16:52:21','2021-04-26 16:52:21',NULL),(85,486,43,40736,NULL,2,13,1,1500.00,'2021-05-31 11:01:22','2021-05-31 11:01:22',NULL),(86,486,43,40736,NULL,2,480,2,1500.00,'2021-05-31 11:01:22','2021-05-31 11:01:22',NULL),(87,486,44,40726,NULL,2,13,1,1000.00,'2021-05-31 11:01:22','2021-05-31 11:01:22',NULL),(88,486,44,40726,NULL,2,480,2,1000.00,'2021-05-31 11:01:22','2021-05-31 11:01:22',NULL);
INSERT INTO `conta_asientos_details` VALUES (89,486,45,40732,NULL,2,13,1,1500.00,'2021-05-31 11:01:22','2021-05-31 11:01:22',NULL),(90,486,45,40732,NULL,2,480,2,1500.00,'2021-05-31 11:01:22','2021-05-31 11:01:22',NULL),(91,486,46,40792,NULL,2,13,1,1500.00,'2021-05-31 11:01:22','2021-05-31 11:01:22',NULL),(92,486,46,40792,NULL,2,480,2,1500.00,'2021-05-31 11:01:22','2021-05-31 11:01:22',NULL),(93,486,47,40736,NULL,2,13,1,1500.00,'2021-05-31 11:01:34','2021-05-31 11:01:34',NULL),(94,486,47,40736,NULL,2,480,2,1500.00,'2021-05-31 11:01:34','2021-05-31 11:01:34',NULL),(95,486,48,40726,NULL,2,13,1,1000.00,'2021-05-31 11:01:34','2021-05-31 11:01:34',NULL),(96,486,48,40726,NULL,2,480,2,1000.00,'2021-05-31 11:01:34','2021-05-31 11:01:34',NULL),(97,486,49,40732,NULL,2,13,1,1500.00,'2021-05-31 11:01:34','2021-05-31 11:01:34',NULL),(98,486,49,40732,NULL,2,480,2,1500.00,'2021-05-31 11:01:34','2021-05-31 11:01:34',NULL),(99,486,50,40792,NULL,2,13,1,1500.00,'2021-05-31 11:02:13','2021-05-31 11:02:13',NULL),(100,486,50,40792,NULL,2,480,2,1500.00,'2021-05-31 11:02:13','2021-05-31 11:02:13',NULL),(101,486,51,40732,NULL,2,NULL,1,1500.00,'2021-07-13 00:45:06','2021-07-13 00:45:06',NULL),(102,486,51,40732,NULL,2,13,2,1500.00,'2021-07-13 00:45:06','2021-07-13 00:45:06',NULL),(103,486,52,40732,NULL,2,NULL,1,1500.00,'2021-07-13 00:46:15','2021-07-13 00:46:15',NULL),(104,486,52,40732,NULL,2,13,2,1500.00,'2021-07-13 00:46:15','2021-07-13 00:46:15',NULL),(105,486,53,40732,NULL,2,NULL,1,1500.00,'2021-07-13 00:47:04','2021-07-13 00:47:04',NULL),(106,486,53,40732,NULL,2,13,2,1500.00,'2021-07-13 00:47:04','2021-07-13 00:47:04',NULL),(107,486,54,40726,NULL,2,NULL,1,1000.00,'2021-07-13 00:49:33','2021-07-13 00:52:11','2021-07-13 00:52:11'),(108,486,54,40726,NULL,2,13,2,1000.00,'2021-07-13 00:49:33','2021-07-13 00:52:11','2021-07-13 00:52:11'),(109,486,55,40726,NULL,2,NULL,1,1000.00,'2021-07-13 00:52:11','2021-07-13 00:52:11',NULL),(110,486,55,40726,NULL,2,13,2,1000.00,'2021-07-13 00:52:11','2021-07-13 00:52:11',NULL),(111,486,56,40726,NULL,2,NULL,1,1000.00,'2021-07-13 00:52:43','2021-07-13 00:52:43',NULL),(112,486,56,40726,NULL,2,13,2,1000.00,'2021-07-13 00:52:43','2021-07-13 00:52:43',NULL),(113,486,57,40726,NULL,2,NULL,1,1000.00,'2021-07-13 00:53:26','2021-07-13 00:53:26',NULL),(114,486,57,40726,NULL,2,13,2,1000.00,'2021-07-13 00:53:26','2021-07-13 00:53:26',NULL),(115,486,58,40792,NULL,2,NULL,1,3000.00,'2021-07-13 00:55:08','2021-07-13 00:55:08',NULL),(116,486,58,40792,NULL,2,13,2,3000.00,'2021-07-13 00:55:08','2021-07-13 00:55:08',NULL),(117,486,59,40792,NULL,2,NULL,1,1500.00,'2021-07-13 00:55:40','2021-07-13 00:55:40',NULL),(118,486,59,40792,NULL,2,13,2,1500.00,'2021-07-13 00:55:40','2021-07-13 00:55:40',NULL),(119,486,60,40736,NULL,2,13,1,1800.00,'2021-07-13 00:58:25','2021-07-13 00:58:25',NULL),(120,486,60,40736,NULL,2,480,2,1800.00,'2021-07-13 00:58:25','2021-07-13 00:58:25',NULL),(121,486,61,40726,NULL,2,13,1,1300.00,'2021-07-13 00:58:25','2021-07-13 00:58:25',NULL),(122,486,61,40726,NULL,2,480,2,1300.00,'2021-07-13 00:58:25','2021-07-13 00:58:25',NULL),(123,486,62,40732,NULL,2,13,1,1800.00,'2021-07-13 00:58:25','2021-07-13 00:58:25',NULL),(124,486,62,40732,NULL,2,480,2,1800.00,'2021-07-13 00:58:25','2021-07-13 00:58:25',NULL),(125,486,63,40792,NULL,2,13,1,1500.00,'2021-07-13 00:58:25','2021-07-13 00:58:25',NULL),(126,486,63,40792,NULL,2,480,2,1500.00,'2021-07-13 00:58:25','2021-07-13 00:58:25',NULL),(127,486,64,40736,NULL,2,13,1,1800.00,'2021-08-23 10:47:25','2021-08-23 10:47:25',NULL),(128,486,64,40736,NULL,2,480,2,1800.00,'2021-08-23 10:47:25','2021-08-23 10:47:25',NULL),(129,486,65,40813,NULL,2,13,1,1500.00,'2021-08-23 10:47:25','2021-08-23 10:47:25',NULL),(130,486,65,40813,NULL,2,480,2,1500.00,'2021-08-23 10:47:25','2021-08-23 10:47:25',NULL),(131,486,66,40726,NULL,2,13,1,1300.00,'2021-08-23 10:47:25','2021-08-23 10:47:25',NULL),(132,486,66,40726,NULL,2,480,2,1300.00,'2021-08-23 10:47:25','2021-08-23 10:47:25',NULL);
INSERT INTO `conta_asientos_details` VALUES (133,486,67,40732,NULL,2,13,1,1800.00,'2021-08-23 10:47:25','2021-08-23 10:47:25',NULL),(134,486,67,40732,NULL,2,480,2,1800.00,'2021-08-23 10:47:25','2021-08-23 10:47:25',NULL),(135,486,68,40792,NULL,2,13,1,1500.00,'2021-08-23 10:47:25','2021-08-23 10:47:25',NULL),(136,486,68,40792,NULL,2,480,2,1500.00,'2021-08-23 10:47:25','2021-08-23 10:47:25',NULL),(137,486,69,40726,NULL,2,NULL,1,1000.00,'2021-08-23 11:05:56','2021-08-30 09:38:08','2021-08-30 09:38:08'),(138,486,69,40726,NULL,2,13,2,1000.00,'2021-08-23 11:05:56','2021-08-30 09:38:08','2021-08-30 09:38:08'),(139,486,70,40726,NULL,2,NULL,1,1300.00,'2021-08-23 11:06:46','2021-08-23 11:06:46',NULL),(140,486,70,40726,NULL,2,13,2,1300.00,'2021-08-23 11:06:46','2021-08-23 11:06:46',NULL),(141,486,71,40732,NULL,2,NULL,1,1800.00,'2021-08-23 11:09:26','2021-08-23 11:09:26',NULL),(142,486,71,40732,NULL,2,13,2,1800.00,'2021-08-23 11:09:26','2021-08-23 11:09:26',NULL),(143,486,72,40730,NULL,2,NULL,1,1500.00,'2021-08-23 11:10:23','2021-08-23 11:10:23',NULL),(144,486,72,40730,NULL,2,13,2,1500.00,'2021-08-23 11:10:23','2021-08-23 11:10:23',NULL),(145,486,73,40813,NULL,2,NULL,1,1500.00,'2021-08-30 09:31:55','2021-08-30 09:31:55',NULL),(146,486,73,40813,NULL,2,13,2,1500.00,'2021-08-30 09:31:55','2021-08-30 09:31:55',NULL),(147,486,74,40726,NULL,2,NULL,1,1300.00,'2021-08-30 09:33:51','2021-08-30 09:33:51',NULL),(148,486,74,40726,NULL,2,13,2,1300.00,'2021-08-30 09:33:51','2021-08-30 09:33:51',NULL),(149,486,75,40736,NULL,2,13,1,1800.00,'2021-08-30 09:34:53','2021-08-30 09:34:53',NULL),(150,486,75,40736,NULL,2,480,2,1800.00,'2021-08-30 09:34:53','2021-08-30 09:34:53',NULL),(151,486,76,40813,NULL,2,13,1,1500.00,'2021-08-30 09:34:53','2021-08-30 09:34:53',NULL),(152,486,76,40813,NULL,2,480,2,1500.00,'2021-08-30 09:34:53','2021-08-30 09:34:53',NULL),(153,486,77,40726,NULL,2,13,1,1300.00,'2021-08-30 09:34:53','2021-08-30 09:34:53',NULL),(154,486,77,40726,NULL,2,480,2,1300.00,'2021-08-30 09:34:53','2021-08-30 09:34:53',NULL),(155,486,78,40732,NULL,2,13,1,1800.00,'2021-08-30 09:34:53','2021-08-30 09:34:53',NULL),(156,486,78,40732,NULL,2,480,2,1800.00,'2021-08-30 09:34:53','2021-08-30 09:34:53',NULL),(157,486,79,40792,NULL,2,13,1,1500.00,'2021-08-30 09:34:53','2021-08-30 09:34:53',NULL),(158,486,79,40792,NULL,2,480,2,1500.00,'2021-08-30 09:34:53','2021-08-30 09:34:53',NULL),(159,486,80,40726,NULL,2,NULL,1,1300.00,'2021-08-30 09:38:08','2021-08-30 09:38:08',NULL),(160,486,80,40726,NULL,2,13,2,1300.00,'2021-08-30 09:38:08','2021-08-30 09:38:08',NULL);

--
-- Table structure for table `conta_centro_costo_plan_cuenta`
--

CREATE TABLE `conta_centro_costo_plan_cuenta` (
  `id` bigint(20) unsigned NOT NULL AUTO_INCREMENT,
  `user_id` int(10) unsigned DEFAULT NULL,
  `conta_centro_costo_id` bigint(20) unsigned DEFAULT NULL,
  `conta_plan_cuenta_id` int(10) unsigned NOT NULL,
  `created_at` timestamp NULL DEFAULT NULL,
  `updated_at` timestamp NULL DEFAULT NULL,
  `deleted_at` timestamp NULL DEFAULT NULL,
  PRIMARY KEY (`id`),
  KEY `conta_centro_costo_plan_cuenta_conta_centro_costo_id_foreign` (`conta_centro_costo_id`),
  KEY `conta_centro_costo_plan_cuenta_conta_plan_cuenta_id_foreign` (`conta_plan_cuenta_id`),
  CONSTRAINT `conta_centro_costo_plan_cuenta_conta_centro_costo_id_foreign` FOREIGN KEY (`conta_centro_costo_id`) REFERENCES `conta_centro_costos` (`id`),
  CONSTRAINT `conta_centro_costo_plan_cuenta_conta_plan_cuenta_id_foreign` FOREIGN KEY (`conta_plan_cuenta_id`) REFERENCES `conta_plan_cuenta` (`id`)
) ENGINE=InnoDB DEFAULT CHARSET=utf8mb4 COLLATE=utf8mb4_unicode_ci;

--
-- Dumping data for table `conta_centro_costo_plan_cuenta`
--


--
-- Table structure for table `conta_centro_costos`
--

CREATE TABLE `conta_centro_costos` (
  `id` bigint(20) unsigned NOT NULL AUTO_INCREMENT,
  `user_id` int(10) unsigned DEFAULT NULL,
  `person_id` int(10) unsigned NOT NULL,
  `descripcion` text COLLATE utf8mb4_unicode_ci NOT NULL,
  `habilitado` tinyint(1) NOT NULL DEFAULT '1',
  `created_at` timestamp NULL DEFAULT NULL,
  `updated_at` timestamp NULL DEFAULT NULL,
  `deleted_at` timestamp NULL DEFAULT NULL,
  PRIMARY KEY (`id`),
  KEY `conta_centro_costos_person_id_foreign` (`person_id`),
  CONSTRAINT `conta_centro_costos_person_id_foreign` FOREIGN KEY (`person_id`) REFERENCES `persons` (`id`)
) ENGINE=InnoDB DEFAULT CHARSET=utf8mb4 COLLATE=utf8mb4_unicode_ci;

--
-- Dumping data for table `conta_centro_costos`
--


--
-- Table structure for table `conta_plan_cuenta`
--

CREATE TABLE `conta_plan_cuenta` (
  `id` int(10) unsigned NOT NULL AUTO_INCREMENT,
  `user_id` int(10) unsigned DEFAULT NULL,
  `codigo` int(11) NOT NULL,
  `tipo_cuenta_id` int(10) unsigned NOT NULL,
  `saldo_id` int(10) unsigned NOT NULL,
  `padre` int(11) NOT NULL,
  `nombre` varchar(255) COLLATE utf8mb4_unicode_ci NOT NULL,
  `rubro` varchar(255) COLLATE utf8mb4_unicode_ci DEFAULT NULL,
  `cpcuenta_type_tc_id` bigint(20) unsigned DEFAULT NULL,
  `comentario` varchar(255) COLLATE utf8mb4_unicode_ci DEFAULT NULL,
  `status` int(10) unsigned NOT NULL DEFAULT '1',
  `no_editable` int(11) NOT NULL DEFAULT '1',
  `tes_cta_cte` tinyint(1) NOT NULL DEFAULT '0',
  `tes_cuenta_origen` tinyint(1) NOT NULL DEFAULT '0',
  `tes_cuenta_destino` tinyint(1) NOT NULL DEFAULT '0',
  `conta_asientos` tinyint(1) NOT NULL DEFAULT '0',
  `deleted_at` timestamp NULL DEFAULT NULL,
  PRIMARY KEY (`id`),
  KEY `conta_plan_cuenta_tipo_cuenta_id_foreign` (`tipo_cuenta_id`),
  KEY `conta_plan_cuenta_saldo_id_foreign` (`saldo_id`),
  KEY `conta_plan_cuenta_cpcuenta_type_tc_id_foreign` (`cpcuenta_type_tc_id`),
  CONSTRAINT `conta_plan_cuenta_cpcuenta_type_tc_id_foreign` FOREIGN KEY (`cpcuenta_type_tc_id`) REFERENCES `cpcuenta_types_tc` (`id`),
  CONSTRAINT `conta_plan_cuenta_saldo_id_foreign` FOREIGN KEY (`saldo_id`) REFERENCES `conta_tipo_saldos` (`id`),
  CONSTRAINT `conta_plan_cuenta_tipo_cuenta_id_foreign` FOREIGN KEY (`tipo_cuenta_id`) REFERENCES `conta_tipo_cuentas` (`id`)
) ENGINE=InnoDB AUTO_INCREMENT=1433 DEFAULT CHARSET=utf8mb4 COLLATE=utf8mb4_unicode_ci;

--
-- Dumping data for table `conta_plan_cuenta`
--

INSERT INTO `conta_plan_cuenta` VALUES (1,NULL,1000000,1,1,0,'ACTIVO','Activo',NULL,NULL,1,1,0,0,0,0,NULL),(2,NULL,1100000,2,1,1000000,'ACTIVO CORRIENTE','Activo',NULL,NULL,1,1,0,0,0,0,NULL),(3,NULL,1110000,3,1,1100000,'CAJA Y BANCOS','Activo',NULL,NULL,1,1,0,0,0,0,NULL),(4,NULL,1110100,4,1,1110000,'CAJAS','Activo',NULL,NULL,1,1,0,0,0,0,NULL),(5,NULL,1110101,5,1,1110100,'Caja Oficina','Activo',NULL,NULL,0,1,0,0,0,0,NULL),(6,NULL,1110102,5,1,1110100,'Caja Casa','Activo',NULL,NULL,0,1,0,0,0,0,NULL),(7,NULL,1110103,5,1,1110100,'Caja Dolares Casa','Activo',NULL,NULL,0,1,0,0,0,0,NULL),(8,486,1110126,5,1,1110100,'Banco Nación','Activo',NULL,NULL,0,1,0,0,0,0,NULL),(9,NULL,1110200,4,1,1110000,'BANCOS','Activo',NULL,NULL,1,1,0,0,0,0,NULL),(10,NULL,1110201,5,1,1110200,'Banco Santander Rio Cta Corriente','Activo',NULL,NULL,1,2,1,1,1,0,NULL),(11,NULL,1110202,5,1,1110200,'Banco Santander Rio Cta Corriente DOLARES','Activo',NULL,NULL,1,2,1,1,1,0,NULL),(12,NULL,1130000,3,1,1100000,'CREDITOS POR VENTAS','Activo',NULL,NULL,1,1,0,0,0,0,NULL),(13,NULL,1130101,5,1,1130100,'Clientes - Deudores','Activo',NULL,NULL,1,2,0,0,0,1,NULL),(14,NULL,1130102,5,1,1130100,'Deudores por ventas comunes','Activo',NULL,NULL,1,1,0,0,0,1,NULL),(15,NULL,1130103,5,1,1130100,'Deudores por ventas morosos','Activo',NULL,NULL,1,1,0,0,0,1,NULL),(16,NULL,1130104,5,1,1130100,'Deudores en gestión judicial','Activo',NULL,NULL,1,1,0,0,0,1,NULL),(17,NULL,1130105,5,1,1130100,'Previsión deudores incobrables','Activo',NULL,NULL,1,1,0,0,0,1,NULL),(18,NULL,1140000,3,1,1100000,'OTROS CREDITOS','Activo',NULL,NULL,1,1,0,0,0,0,NULL),(19,NULL,1140100,4,1,1140000,'Retenciones Sufridas','Activo',NULL,NULL,1,1,0,0,0,0,NULL),(20,NULL,1140301,5,1,1140300,'Anticipos Impuesto a las Ganancias','Activo',4,NULL,1,2,0,0,1,1,NULL),(21,NULL,1140102,5,1,1140100,'Retenciones Ingr. Brutos','Activo',NULL,NULL,0,1,0,0,0,0,NULL),(22,NULL,1140329,5,1,1140300,'Anticipo Impto.Ganancia Mínima Presunta','Activo',NULL,NULL,1,1,0,0,0,1,NULL),(23,NULL,1140105,5,1,1140100,'Retenciones Impuesto a las Ganancias','Activo',3,NULL,1,2,1,0,0,1,NULL),(24,NULL,1140106,5,1,1140100,'Impuesto a las Ganancias (Saldo a favor)','Activo',NULL,NULL,1,1,0,0,0,1,NULL),(25,NULL,1140107,5,1,1140100,'Retenciones de IVA','Activo',NULL,NULL,1,2,1,0,0,1,NULL),(26,NULL,1140200,4,1,1140000,'CREDITOS DIVERSOS','Activo',NULL,NULL,1,1,0,0,0,0,NULL),(27,NULL,1140201,5,1,1140200,'Anticipos de proveedores','Activo',NULL,NULL,1,1,0,0,0,1,NULL),(28,NULL,1140205,5,1,1140200,'Depósito en garantía alquileres','Activo',NULL,NULL,1,1,0,0,0,1,NULL),(29,NULL,1140206,5,1,1140200,'Derechos adquiridos a devengar','Activo',NULL,NULL,1,1,0,0,0,1,NULL),(30,NULL,1140207,5,1,1140200,'Intereses a devengar','Activo',NULL,NULL,1,1,0,0,0,1,NULL),(31,NULL,1140208,5,1,1140200,'Cuentas a rendir - Directores','Activo',NULL,NULL,1,1,0,0,0,1,NULL),(32,NULL,1140210,5,1,1140200,'Alquileres no devengados','Activo',NULL,NULL,1,1,0,0,0,1,NULL),(33,NULL,1150000,3,1,1100000,'BIENES DE CAMBIO','Activo',5,NULL,1,1,0,0,0,0,NULL),(34,NULL,1150400,4,1,1150000,'MERCADERIA DE REVENTA','Activo',5,NULL,1,1,0,0,0,0,NULL),(35,NULL,1200000,2,1,1000000,'ACTIVO NO CORRIENTE','Activo',5,NULL,1,1,0,0,0,0,NULL),(36,NULL,1220000,3,1,1200000,'BIENES DE USO','Activo',5,NULL,1,1,0,0,0,0,NULL),(37,NULL,1220100,4,1,1220000,'EQUIPOS DE COMPUTACION','Activo',5,NULL,1,1,0,0,0,0,NULL),(38,NULL,1220101,5,1,1220100,'Equipos de computación valores históricos','Activo',5,NULL,1,1,0,0,0,1,NULL),(39,NULL,1220102,5,1,1220100,'Equipos de computación ajuste','Activo',5,NULL,1,1,0,0,0,1,NULL),(40,NULL,1220108,5,1,1220100,'Amortización Acumulada Equipos de comput.','Activo',5,NULL,1,1,0,0,0,1,NULL),(41,NULL,1220200,4,1,1220000,'INSTALACIONES','Activo',5,NULL,1,1,0,0,0,0,NULL),(42,NULL,1220201,5,1,1220200,'Instalaciones valores históricos','Activo',5,NULL,1,1,0,0,0,1,NULL),(43,NULL,1220202,5,1,1220200,'Instalaciones ajuste','Activo',5,NULL,1,1,0,0,0,1,NULL);
INSERT INTO `conta_plan_cuenta` VALUES (44,NULL,1220206,5,1,1220200,'Amortización Acumulada Instalaciones','Activo',5,NULL,1,1,0,0,0,1,NULL),(45,NULL,1220300,4,1,1220000,'MUEBLES Y UTILES','Activo',5,NULL,1,1,0,0,0,0,NULL),(46,NULL,1220301,5,1,1220300,'Muebles y utiles valores históricos','Activo',5,NULL,1,1,0,0,0,1,NULL),(47,NULL,1220302,5,1,1220300,'Muebles y utiles ajuste','Activo',5,NULL,1,1,0,0,0,1,NULL),(48,NULL,1220306,5,1,1220300,'Amortización Acumulada Muebles y Útiles','Activo',5,NULL,1,1,0,0,0,1,NULL),(49,NULL,1230000,3,1,1200000,'ACTIVOS INTANGIBLES','Activo',5,NULL,1,1,0,0,0,0,NULL),(50,NULL,1230101,5,1,1230100,'Gastos de organización valores historicos','Activo',5,NULL,1,1,0,0,0,1,NULL),(51,NULL,1230102,5,1,1230100,'Gastos de organización ajuste','Activo',5,NULL,1,1,0,0,0,1,NULL),(52,NULL,1230103,5,1,1230100,'Amortización acumulada gs. de organización','Activo',5,NULL,1,1,0,0,0,1,NULL),(53,NULL,2000000,1,2,0,'PASIVO','Pasivo',NULL,NULL,1,1,0,0,0,0,NULL),(54,NULL,2100000,2,2,2000000,'PASIVO CORRIENTE','Pasivo',NULL,NULL,1,1,0,0,0,0,NULL),(55,NULL,2110000,3,2,2100000,'Deudas','Pasivo',NULL,NULL,1,1,0,0,0,0,NULL),(56,NULL,2110100,4,2,2110000,'Comerciales','Pasivo',NULL,NULL,1,1,0,0,0,0,NULL),(57,NULL,2110101,5,2,2110100,'Proveedores en Cta. Cte. locales','Pasivo',NULL,NULL,1,2,0,0,0,1,NULL),(58,NULL,2110102,5,2,2110100,'Proveedores en cta. cte. exterior','Pasivo',NULL,NULL,1,1,0,0,0,1,NULL),(59,NULL,2110103,5,2,2110100,'Derechos de exhibición a devengar','Pasivo',NULL,NULL,1,1,0,0,0,1,NULL),(60,NULL,2110104,5,2,2110100,'Cheques emitidos ','Pasivo',NULL,NULL,1,2,1,1,1,1,NULL),(61,NULL,2110200,4,2,2110000,'REMUNERACIONES Y CARGAS SOCIALES','Pasivo',NULL,NULL,1,1,0,0,0,0,NULL),(62,NULL,2110201,5,2,2110200,'Sueldos y Jornales a pagar','Pasivo',NULL,NULL,1,2,0,0,1,1,NULL),(63,NULL,2110202,5,2,2110200,'Cargas sociales a pagar','Pasivo',NULL,NULL,1,2,0,0,0,1,NULL),(64,NULL,2110203,5,2,2110200,'Sindicatos a Pagar','Pasivo',NULL,NULL,1,2,0,0,0,1,NULL),(65,NULL,2110300,4,2,2110000,'CARGAS FISCALES','Pasivo',NULL,NULL,1,1,0,0,0,0,NULL),(67,NULL,2110301,5,2,2110300,'IVA Debito Fiscal','Pasivo',NULL,NULL,1,2,0,0,0,1,NULL),(68,NULL,1140222,5,1,1140200,'IVA Credito Fiscal','Activo',NULL,NULL,1,2,0,0,0,1,NULL),(69,NULL,2110303,5,2,2110300,'Impuestos Internos','Pasivo',NULL,NULL,1,1,0,0,0,1,NULL),(70,NULL,2110304,5,2,2110300,'Impuestos al Combustible','Pasivo',NULL,NULL,1,1,0,0,0,1,NULL),(71,NULL,2110601,5,2,2110600,'IVA Retenciones de terceros','Pasivo',NULL,NULL,1,1,0,0,0,1,NULL),(72,NULL,2110306,5,2,2110300,'IVA Percepciones realiz.por terceros','Pasivo',NULL,NULL,1,2,0,0,0,1,NULL),(73,NULL,2110307,5,2,2110300,'IVA Saldo a favor','Pasivo',NULL,NULL,1,1,0,0,0,1,NULL),(74,NULL,2110308,5,2,2110300,'IVA a pagar','Pasivo',NULL,NULL,1,2,0,0,0,1,NULL),(75,NULL,2110309,5,2,2110300,'Percepciones Ingresos Brutos','Pasivo',NULL,NULL,1,1,0,0,0,1,NULL),(76,NULL,2110310,5,2,2110300,'Otros Pagos AFIP','Pasivo',NULL,NULL,1,1,0,0,0,1,NULL),(78,NULL,2110350,5,2,2110300,'Impuesto a los Ingresos Brutos Pasivo','Pasivo',NULL,NULL,1,1,0,0,0,1,NULL),(79,NULL,2110313,5,2,2110300,'Impuesto a las Ganancias','Pasivo',NULL,NULL,1,1,0,0,0,1,NULL),(80,NULL,2110314,5,2,2110300,'Impuesto a la Ganancia Mínima Presunta','Pasivo',NULL,NULL,1,1,0,0,0,1,NULL),(81,NULL,2110602,5,2,2110600,'AFIP - Retenciones Impuesto a las Ganancias','Pasivo',NULL,NULL,1,1,0,0,0,1,NULL),(82,NULL,2110316,5,2,2110300,'AFIP - Plan de Facilidades Decreto 338/02','Pasivo',NULL,NULL,1,1,0,0,0,1,NULL),(83,NULL,2200000,2,2,2000000,'PASIVO NO CORRIENTE','Pasivo',NULL,NULL,1,1,0,0,0,0,NULL),(84,NULL,3000000,1,2,0,'PATRIMONIO NETO','Patrimonio Neto',NULL,NULL,1,1,0,0,0,0,NULL),(85,NULL,3100000,2,2,3000000,'APORTE DE LOS PROPIETARIOS','Patrimonio Neto',NULL,NULL,1,1,0,0,0,0,NULL),(86,NULL,3110100,4,2,3110000,'CAPITAL SOCIAL','Patrimonio Neto',NULL,NULL,1,1,0,0,0,0,NULL),(87,NULL,3110101,5,2,3110100,'Acciones en circulación','Patrimonio Neto',NULL,NULL,1,1,0,0,0,1,NULL);
INSERT INTO `conta_plan_cuenta` VALUES (88,NULL,3110102,5,2,3110100,'Ajuste del Capital','Patrimonio Neto',NULL,NULL,1,2,0,0,0,1,NULL),(89,NULL,3110103,5,2,3110100,'Aportes Irrevocables Futuras Suscripciones','Patrimonio Neto',NULL,NULL,1,1,0,0,0,1,NULL),(90,NULL,3400000,2,2,3000000,'RESULTADOS','Patrimonio Neto',NULL,NULL,1,1,0,0,0,0,NULL),(91,NULL,3410101,5,2,3410100,'Resultado del ejercicio','Patrimonio Neto',NULL,NULL,1,1,0,0,0,1,NULL),(92,NULL,3410102,5,2,3410100,'Resultado ejercicios anteriores','Patrimonio Neto',NULL,NULL,1,1,0,0,0,1,NULL),(93,NULL,3410103,5,2,3410100,'A.R.E.A.','Patrimonio Neto',NULL,NULL,1,1,0,0,0,1,NULL),(94,NULL,4000000,1,2,0,'INGRESOS','Result. Positivo',NULL,NULL,1,1,0,0,0,0,NULL),(95,NULL,4100000,2,2,4000000,'INGRESOS ORDINARIOS','Result. Positivo',NULL,NULL,1,1,0,0,0,0,NULL),(96,NULL,4110101,5,2,4110100,'VENTAS','Result. Positivo',NULL,NULL,1,2,0,0,0,1,NULL),(97,NULL,4110102,5,2,4110100,'Honorarios','Result. Positivo',NULL,NULL,1,1,0,0,0,1,NULL),(98,NULL,4110103,5,2,4110100,'Sueldo Vane','Result. Positivo',NULL,NULL,0,1,0,0,0,0,NULL),(99,NULL,4110104,5,2,4110100,'Descuentos obtenidos','Result. Positivo',NULL,NULL,1,1,0,0,0,1,NULL),(100,NULL,4110105,5,2,4110100,'Reintegros por exportaciones','Result. Positivo',NULL,NULL,1,1,0,0,0,1,NULL),(101,NULL,4120000,3,2,4100000,'OTROS INGRESOS','Result. Positivo',NULL,NULL,1,1,0,0,0,0,NULL),(102,NULL,4120101,5,2,4120100,'Intereses Cobrados','Result. Positivo',NULL,NULL,1,1,0,0,0,1,NULL),(103,NULL,4120102,5,2,4120100,'Diferencias de cambio','Result. Positivo',NULL,NULL,1,1,0,0,0,1,NULL),(104,NULL,4120103,5,2,4120100,'Descuentos obtenidos','Result. Positivo',NULL,NULL,1,1,0,0,0,1,NULL),(107,NULL,5000000,1,1,0,'GASTOS','Result. Negativo',NULL,NULL,1,1,0,0,0,0,NULL),(108,NULL,5100000,2,1,5000000,'GASTOS ORDINARIOS','Result. Negativo',NULL,NULL,1,1,0,0,0,0,NULL),(109,NULL,5110100,4,1,5110000,'ASIENTO DE SUELDO','Result. Negativo',NULL,NULL,1,1,0,0,0,0,NULL),(110,NULL,5110101,5,1,5110100,'Sueldos','Result. Negativo',2,NULL,1,2,0,0,0,1,NULL),(111,NULL,5110102,5,1,5110100,'Contribuciones','Result. Negativo',2,NULL,1,2,0,0,0,1,NULL),(112,NULL,5110103,5,1,5110100,'Sindicato','Result. Negativo',2,NULL,1,2,0,0,0,1,NULL),(113,NULL,5120100,4,1,5120000,'GASTOS DE OPERACION','Result. Negativo',NULL,NULL,1,1,0,0,0,0,NULL),(114,NULL,5120101,5,1,5120100,'ACA','Result. Negativo',NULL,NULL,1,1,0,0,0,1,NULL),(115,NULL,5120102,5,1,5120100,'Aereos','Result. Negativo',NULL,NULL,1,1,0,0,0,1,NULL),(116,NULL,5120103,5,1,5120100,'Alquiler','Result. Negativo',NULL,NULL,1,1,0,0,0,1,NULL),(117,NULL,5120104,5,1,5120100,'AGUA AYSA','Result. Negativo',NULL,NULL,1,1,0,0,0,1,NULL),(118,NULL,5120105,5,1,5120100,'TV Cablevision','Result. Negativo',NULL,NULL,1,1,0,0,0,1,NULL),(119,NULL,5120106,5,1,5120100,'Caja Jubilacion Consejo','Result. Negativo',NULL,NULL,1,1,0,0,0,1,NULL),(120,NULL,5120107,5,1,5120100,'Celulares','Result. Negativo',NULL,NULL,1,1,0,0,0,1,NULL),(121,NULL,5120108,5,1,5120100,'Cheques','Result. Negativo',NULL,NULL,1,1,0,0,0,1,NULL),(122,NULL,5120109,5,1,5120100,'Club la Nacion','Result. Negativo',NULL,NULL,0,1,0,0,0,0,NULL),(123,NULL,5120110,5,1,5120100,'Comida','Result. Negativo',NULL,NULL,1,1,0,0,0,1,NULL),(124,NULL,5120111,5,1,5120100,'Diario Clarin','Result. Negativo',NULL,NULL,0,1,0,0,0,0,NULL),(125,NULL,5120112,5,1,5120100,'Digital Ocean','Result. Negativo',NULL,NULL,0,1,0,0,0,0,NULL),(126,NULL,5120113,5,1,5120100,'Fletes y acarreos','Result. Negativo',NULL,NULL,1,1,0,0,0,1,NULL),(127,NULL,5120114,5,1,5120100,'Luz Edesur','Result. Negativo',NULL,NULL,1,1,0,0,0,1,NULL),(128,NULL,5120115,5,1,5120100,'Movilidad y Viáticos','Result. Negativo',NULL,NULL,1,1,0,0,0,1,NULL),(129,NULL,5120116,5,1,5120100,'Mantenimiento','Result. Negativo',NULL,NULL,1,1,0,0,0,1,NULL),(130,NULL,5120117,5,1,5120100,'IVA No Computable','Result. Negativo',NULL,NULL,1,1,0,0,0,1,NULL),(131,NULL,5120118,5,1,5120100,'Entretenimiento','Result. Negativo',NULL,NULL,1,1,0,0,0,1,NULL);
INSERT INTO `conta_plan_cuenta` VALUES (132,NULL,5120119,5,1,5120100,'Amortización Bienes de Uso','Result. Negativo',NULL,NULL,1,1,0,0,0,1,NULL),(133,NULL,5120120,5,1,5120100,'Errepar','Result. Negativo',NULL,NULL,0,1,0,0,0,0,NULL),(134,NULL,5120121,5,1,5120100,'Hosting Página Web To Webs','Result. Negativo',NULL,NULL,0,1,0,0,0,0,NULL),(135,NULL,5120122,5,1,5120100,'Gastos varios','Result. Negativo',NULL,NULL,1,1,0,0,0,1,NULL),(136,NULL,5120123,5,1,5120100,'Ajuste por redondeo','Result. Negativo',NULL,NULL,1,2,0,0,0,1,NULL),(137,NULL,5120124,5,1,5120100,'Deudores Incobrables','Result. Negativo',NULL,NULL,1,1,0,0,0,1,NULL),(138,NULL,5120125,5,1,5120100,'Faby Goncalves','Result. Negativo',NULL,NULL,0,1,0,0,0,0,NULL),(139,NULL,5130100,4,1,5130000,'GASTOS FINANCIEROS','Result. Negativo',NULL,NULL,1,1,0,0,0,0,NULL),(140,NULL,5130101,5,1,5130100,'Intereses y Gastos bancarios','Result. Negativo',NULL,NULL,1,2,0,0,1,1,NULL),(141,NULL,5130102,5,1,5130100,'Intereses Proveedores','Result. Negativo',NULL,NULL,1,1,0,0,0,1,NULL),(142,NULL,5130103,5,1,5130100,'Damian Financiera','Result. Negativo',NULL,NULL,0,1,0,0,0,0,NULL),(143,NULL,5130104,5,1,5130100,'Diferencias de cambio','Result. Negativo',NULL,NULL,1,1,0,0,0,1,NULL),(144,NULL,5130105,5,1,5130100,'Diferencia de Cambio Bces. en M.Extranjera','Result. Negativo',NULL,NULL,1,1,0,0,0,1,NULL),(145,NULL,5130106,5,1,5130100,'Diferencia tipo cambio Vendedor/Comprador','Result. Negativo',NULL,NULL,1,1,0,0,0,1,NULL),(146,NULL,5130107,5,1,5130100,'Diferencia por conversion en Bce. en Mon. Extranj.','Result. Negativo',NULL,NULL,1,1,0,0,0,1,NULL),(147,NULL,5130108,5,1,5130100,'Diferencia de cambio CMV','Result. Negativo',NULL,NULL,1,1,0,0,0,1,NULL),(148,NULL,5130109,5,1,5130100,'Diferencia de cambio PT','Result. Negativo',NULL,NULL,1,1,0,0,0,1,NULL),(149,NULL,5130110,5,1,5130100,'Resultado por Exposición a la Inflación','Result. Negativo',NULL,NULL,1,1,0,0,0,1,NULL),(150,NULL,5130111,5,1,5130100,'Diferencia de cambio PE','Result. Negativo',NULL,NULL,1,1,0,0,0,1,NULL),(151,NULL,5130112,5,1,5130100,'Diferencia de cambio Ds.Vtas.','Result. Negativo',NULL,NULL,1,1,0,0,0,1,NULL),(152,NULL,5130113,5,1,5130100,'Diferencia de cambio ME','Result. Negativo',NULL,NULL,1,1,0,0,0,1,NULL),(153,NULL,5130114,5,1,5130100,'Descuentos otorgados','Result. Negativo',NULL,NULL,1,1,0,0,0,1,NULL),(154,NULL,5140100,4,1,5140000,'IMPUESTOS','Result. Negativo',NULL,NULL,1,1,0,0,0,0,NULL),(155,NULL,5140101,5,1,5140100,'Impuesto a las Ganancias','Result. Negativo',NULL,NULL,1,1,0,0,0,1,NULL),(156,NULL,5140164,5,1,5140100,'Impuesto a los Ingresos Brutos','Result. Negativo',NULL,NULL,1,2,0,0,0,1,NULL),(157,NULL,5140102,5,1,5140100,'Impuesto al Debito y Credito Bancario','Result. Negativo',NULL,NULL,1,1,0,0,0,1,NULL),(158,NULL,5200000,2,1,5000000,'GASTOS EXTRAORDINARIOS','Result. Negativo',NULL,NULL,1,1,0,0,0,0,NULL),(159,NULL,5210101,5,1,5210100,'Pérdida por venta bienes de uso','Result. Negativo',NULL,NULL,1,1,0,0,0,1,NULL),(160,NULL,5210102,5,1,5210100,'Inversiones','Result. Negativo',NULL,NULL,1,1,0,0,0,1,NULL),(161,NULL,5210103,5,1,5210100,'Amortizaciones extraordinarias','Result. Negativo',NULL,NULL,1,1,0,0,0,1,NULL),(162,NULL,1140103,5,1,1140100,'Retenciones SUSS','Activo',NULL,NULL,1,2,1,0,0,1,NULL),(163,NULL,1110122,5,1,1110100,'Banco Patagonia Cta. Cte.','Activo',NULL,NULL,0,1,0,0,0,0,NULL),(164,NULL,1110106,5,1,1110100,'Banco HSBC','Activo',NULL,NULL,0,1,0,0,0,0,NULL),(165,NULL,1110123,5,1,1110100,'Banco Ciudad Cta. Cte.','Activo',NULL,NULL,0,1,0,0,0,0,NULL),(166,NULL,1110124,5,1,1110100,'Banco Nacion Cta. Cte.','Activo',NULL,NULL,0,1,0,0,0,0,NULL),(167,NULL,1110109,5,1,1110100,'Banco Galicia Vane','Activo',NULL,NULL,0,1,0,0,0,0,NULL),(168,NULL,1110110,5,1,1110100,'Banco Frances Vane','Activo',NULL,NULL,0,1,0,0,0,0,NULL),(169,NULL,1110111,5,1,1110100,'Banco Patagonia In Time SRL','Activo',NULL,NULL,0,1,0,0,0,0,NULL),(170,NULL,1110112,5,1,1110100,'Banco Ciudad In Time SRL','Activo',NULL,NULL,0,1,0,0,0,0,NULL);
INSERT INTO `conta_plan_cuenta` VALUES (171,NULL,1110113,5,1,1110100,'Banco Provincia In Time SRL','Activo',NULL,NULL,0,1,0,0,0,0,NULL),(172,NULL,1110114,5,1,1110100,'Banco Macro PedimeOnline','Activo',NULL,NULL,0,1,0,0,0,0,NULL),(173,NULL,1110115,5,1,1110100,'Banco Patagonia Problema Resuelto','Activo',NULL,NULL,0,1,0,0,0,0,NULL),(174,NULL,1110116,5,1,1110100,'Banco Patagonia Graciela','Activo',NULL,NULL,0,1,0,0,0,0,NULL),(175,NULL,1110117,5,1,1110100,'Banco Patagonia Omar','Activo',NULL,NULL,0,1,0,0,0,0,NULL),(176,NULL,1110118,5,1,1110100,'Cheques','Activo',NULL,NULL,1,2,1,1,1,0,NULL),(177,NULL,5120126,5,1,5120100,'Gisela Larzabal','Result. Negativo',NULL,NULL,0,1,0,0,0,0,NULL),(178,NULL,5120127,5,1,5120100,'Google','Result. Negativo',NULL,NULL,1,1,0,0,0,1,NULL),(179,NULL,5120128,5,1,5120100,'Seguro Moto','Result. Negativo',NULL,NULL,0,1,0,0,0,0,NULL),(180,NULL,5120129,5,1,5120100,'Sueldo Agustina','Result. Negativo',NULL,NULL,0,1,0,0,0,0,NULL),(181,NULL,5120130,5,1,5120100,'Sueldo Betty','Result. Negativo',NULL,NULL,0,1,0,0,0,0,NULL),(182,NULL,5120131,5,1,5120100,'Sueldo Elizabet','Result. Negativo',NULL,NULL,0,1,0,0,0,0,NULL),(183,NULL,5120132,5,1,5120100,'Sueldo Florencia','Result. Negativo',NULL,NULL,0,1,0,0,0,0,NULL),(184,NULL,5120133,5,1,5120100,'Sueldo Graciela','Result. Negativo',NULL,NULL,0,1,0,0,0,0,NULL),(185,NULL,5120134,5,1,5120100,'Sueldo Franco Sanchez','Result. Negativo',NULL,NULL,0,1,0,0,0,0,NULL),(186,NULL,5120135,5,1,5120100,'Sueldo Santiago Sanchez','Result. Negativo',NULL,NULL,0,1,0,0,0,0,NULL),(187,NULL,5120136,5,1,5120100,'Sueldo Jose Luis','Result. Negativo',NULL,NULL,0,1,0,0,0,0,NULL),(188,NULL,5120137,5,1,5120100,'Publicidad','Result. Negativo',NULL,NULL,1,1,0,0,0,1,NULL),(189,NULL,5120138,5,1,5120100,'Las Nieves','Result. Negativo',NULL,NULL,0,1,0,0,0,0,NULL),(190,NULL,5120139,5,1,5120100,'Sueldo Lidia','Result. Negativo',NULL,NULL,0,1,0,0,0,0,NULL),(191,NULL,5120140,5,1,5120100,'Cargas Sociales','Result. Negativo',NULL,NULL,1,1,0,0,0,1,NULL),(192,NULL,5120141,5,1,5120100,'Honorarios','Result. Negativo',NULL,NULL,1,1,0,0,0,1,NULL),(193,NULL,5120142,5,1,5120100,'Telefono Fijo','Result. Negativo',NULL,NULL,1,1,0,0,0,1,NULL),(194,NULL,5120143,5,1,5120100,'ONE DRIVE','Result. Negativo',NULL,NULL,0,1,0,0,0,0,NULL),(195,NULL,5120144,5,1,5120100,'OSDE','Result. Negativo',NULL,NULL,0,1,0,0,0,0,NULL),(196,NULL,5120145,5,1,5120100,'SAS Constitucion','Result. Negativo',NULL,NULL,0,1,0,0,0,0,NULL),(197,NULL,5120146,5,1,5120100,'Seguro de Vida Zurich','Result. Negativo',NULL,NULL,0,1,0,0,0,0,NULL),(198,NULL,5120147,5,1,5120100,'Seguros','Result. Negativo',NULL,NULL,1,1,0,0,0,1,NULL),(199,NULL,5120148,5,1,5120100,'Internet','Result. Negativo',NULL,NULL,1,1,0,0,0,1,NULL),(200,NULL,5120149,5,1,5120100,'Seguro de Retiro Zurich','Result. Negativo',NULL,NULL,0,1,0,0,0,0,NULL),(201,NULL,5140165,5,1,5140100,'Monotributo','Result. Negativo',NULL,NULL,1,2,0,0,1,1,NULL),(202,NULL,5140104,5,1,5140100,'IVA In Time SRL','Result. Negativo',NULL,NULL,0,1,0,0,0,0,NULL),(203,NULL,5140105,5,1,5140100,'Autonomos','Result. Negativo',NULL,NULL,1,2,0,0,1,1,NULL),(204,NULL,5140106,5,1,5140100,'Multas Impositivas','Result. Negativo',NULL,NULL,1,1,0,0,0,1,NULL),(207,NULL,5120150,5,1,5120100,'Vanesa Gastos','Result. Negativo',NULL,NULL,0,1,0,0,0,0,NULL),(208,NULL,5140166,5,1,5140100,'Impuesto a los Ingresos Brutos - BS AS','Result. Negativo',NULL,NULL,1,1,0,0,0,1,NULL),(209,NULL,5140107,5,1,5140100,'SIRCREB','Result. Negativo',NULL,NULL,1,1,0,0,0,1,NULL),(210,NULL,5140108,5,1,5140100,'Consejo Ciencias Economicas','Result. Negativo',NULL,NULL,0,1,0,0,0,0,NULL),(211,NULL,5120152,5,1,5120100,'Albano Andres','Result. Negativo',NULL,NULL,0,1,0,0,0,0,NULL),(212,NULL,5120153,5,1,5120100,'Tarjeta Visa','Result. Negativo',NULL,NULL,1,1,0,0,0,1,NULL),(213,NULL,5120154,5,1,5120100,'Tarjeta American Express','Result. Negativo',NULL,NULL,1,1,0,0,0,1,NULL),(214,NULL,5120155,5,1,5120100,'Tarjeta Mastercard','Result. Negativo',NULL,NULL,1,1,0,0,0,1,NULL);
INSERT INTO `conta_plan_cuenta` VALUES (215,NULL,5120156,5,1,5120100,'Imp. Municipales Sufrida','Result. Negativo',NULL,NULL,1,2,0,0,0,1,NULL),(216,NULL,5120157,5,1,5120100,'Perc/Ret. Imp. Ganancias Sufrida','Result. Negativo',NULL,NULL,1,2,0,0,0,1,NULL),(217,NULL,5120158,5,1,5120100,'Compras','Result. Negativo',NULL,NULL,1,2,0,0,0,1,NULL),(218,NULL,4110106,5,2,4110100,'Ventas No Gravadas','Result. Positivo',1,NULL,1,2,0,0,0,1,NULL),(219,NULL,6110103,5,1,6110100,'Pagos AFIP','Movimiento',NULL,NULL,1,2,0,0,1,1,NULL),(220,NULL,5140167,5,1,5140100,'Perc IVA -RG3337 Sufrida','Result. Negativo',6,NULL,1,2,0,0,0,1,NULL),(221,NULL,5140109,5,1,5140100,'Imps. Internos Sufrida','Result. Negativo',NULL,NULL,1,2,0,0,0,1,NULL),(222,NULL,5140110,5,1,5140100,'Imp. Gasoil Sufrida','Result. Negativo',NULL,NULL,1,2,0,0,0,1,NULL),(223,NULL,5140111,5,1,5140100,'Imp. Hídricos Sufrida','Result. Negativo',NULL,NULL,1,2,0,0,0,1,NULL),(224,NULL,5140112,5,1,5140100,'ITC Sufrida','Result. Negativo',NULL,NULL,1,2,0,0,0,1,NULL),(225,NULL,5140113,5,1,5140100,'Perc IIBB  Buenos Aires Sufrida','Result. Negativo',7,NULL,1,2,0,0,0,1,NULL),(226,NULL,5140114,5,1,5140100,'Perc IIBB  Capital Federal Sufrida','Result. Negativo',7,NULL,1,2,0,0,0,1,NULL),(227,NULL,5140115,5,1,5140100,'Perc IIBB  Catamarca Sufrida','Result. Negativo',7,NULL,1,2,0,0,0,1,NULL),(228,NULL,5140116,5,1,5140100,'Perc IIBB  Chaco Sufrida','Result. Negativo',7,NULL,1,2,0,0,0,1,NULL),(229,NULL,5140117,5,1,5140100,'Perc IIBB  Chubut Sufrida','Result. Negativo',7,NULL,1,2,0,0,0,1,NULL),(230,NULL,5140118,5,1,5140100,'Perc IIBB  Córdoba Sufrida','Result. Negativo',7,NULL,1,2,0,0,0,1,NULL),(231,NULL,5140119,5,1,5140100,'Perc IIBB  Corrientes Sufrida','Result. Negativo',7,NULL,1,2,0,0,0,1,NULL),(232,NULL,5140120,5,1,5140100,'Perc IIBB  Entre Ríos Sufrida','Result. Negativo',7,NULL,1,2,0,0,0,1,NULL),(233,NULL,5140121,5,1,5140100,'Perc IIBB  Formosa Sufrida','Result. Negativo',7,NULL,1,2,0,0,0,1,NULL),(234,NULL,5140122,5,1,5140100,'Perc IIBB  Jujuy Sufrida','Result. Negativo',7,NULL,1,2,0,0,0,1,NULL),(235,NULL,5140123,5,1,5140100,'Perc IIBB  La Pampa Sufrida','Result. Negativo',7,NULL,1,2,0,0,0,1,NULL),(236,NULL,5140124,5,1,5140100,'Perc IIBB  La Rioja Sufrida','Result. Negativo',7,NULL,1,2,0,0,0,1,NULL),(237,NULL,5140125,5,1,5140100,'Perc IIBB  Mendoza Sufrida','Result. Negativo',7,NULL,1,2,0,0,0,1,NULL),(238,NULL,5140126,5,1,5140100,'Perc IIBB  Misiones Sufrida','Result. Negativo',7,NULL,1,2,0,0,0,1,NULL),(239,NULL,5140127,5,1,5140100,'Perc IIBB  Neuquén Sufrida','Result. Negativo',7,NULL,1,2,0,0,0,1,NULL),(240,NULL,5140128,5,1,5140100,'Perc IIBB  Pascua Lama Sufrida','Result. Negativo',7,NULL,1,2,0,0,0,1,NULL),(241,NULL,5140129,5,1,5140100,'Perc IIBB  Río Negro Sufrida','Result. Negativo',7,NULL,1,2,0,0,0,1,NULL),(242,NULL,5140130,5,1,5140100,'Perc IIBB  Salta Sufrida','Result. Negativo',7,NULL,1,2,0,0,0,1,NULL),(243,NULL,5140131,5,1,5140100,'Perc IIBB  San Juan Sufrida','Result. Negativo',7,NULL,1,2,0,0,0,1,NULL),(244,NULL,5140132,5,1,5140100,'Perc IIBB  San Luis Sufrida','Result. Negativo',7,NULL,1,2,0,0,0,1,NULL),(245,NULL,5140133,5,1,5140100,'Perc IIBB  Santa Cruz Sufrida','Result. Negativo',7,NULL,1,2,0,0,0,1,NULL),(246,NULL,5140134,5,1,5140100,'Perc IIBB  Santa Fe Sufrida','Result. Negativo',7,NULL,1,2,0,0,0,1,NULL),(247,NULL,5140135,5,1,5140100,'Perc IIBB  Santiago del Estero Sufrida','Result. Negativo',7,NULL,1,2,0,0,0,1,NULL),(248,NULL,5140136,5,1,5140100,'Perc IIBB  Tierra del Fuego Sufrida','Result. Negativo',7,NULL,1,2,0,0,0,1,NULL),(249,NULL,5140137,5,1,5140100,'Perc IIBB  Tucuman Sufrida','Result. Negativo',7,NULL,1,2,0,0,0,1,NULL),(250,NULL,5140138,5,1,5140100,'Compras No Gravadas','Result. Negativo',NULL,NULL,1,2,0,0,0,1,NULL),(251,NULL,1140108,5,1,1140100,'Retenciones de IIBB Buenos Aires','Activo',NULL,NULL,1,2,1,0,0,1,NULL),(252,NULL,1140109,5,1,1140100,'Retenciones de IIBB Capital Federal','Activo',NULL,NULL,1,2,1,0,0,1,NULL),(253,NULL,1140110,5,1,1140100,'Retenciones de IIBB Catamarca','Activo',NULL,NULL,1,2,1,0,0,1,NULL);
INSERT INTO `conta_plan_cuenta` VALUES (254,NULL,1140111,5,1,1140100,'Retenciones de IIBB Chaco','Activo',NULL,NULL,1,2,1,0,0,1,NULL),(255,NULL,1140112,5,1,1140100,'Retenciones de IIBB Chubut','Activo',NULL,NULL,1,2,1,0,0,1,NULL),(256,NULL,1140113,5,1,1140100,'Retenciones de IIBB Córdoba','Activo',NULL,NULL,1,2,1,0,0,1,NULL),(257,NULL,1140114,5,1,1140100,'Retenciones de IIBB Corrientes','Activo',NULL,NULL,1,2,1,0,0,1,NULL),(258,NULL,1140115,5,1,1140100,'Retenciones de IIBB Entre Ríos','Activo',NULL,NULL,1,2,1,0,0,1,NULL),(259,NULL,1140116,5,1,1140100,'Retenciones de IIBB Formosa','Activo',NULL,NULL,1,2,1,0,0,1,NULL),(260,NULL,1140117,5,1,1140100,'Retenciones de IIBB Jujuy','Activo',NULL,NULL,1,2,1,0,0,1,NULL),(261,NULL,1140118,5,1,1140100,'Retenciones de IIBB La Pampa','Activo',NULL,NULL,1,2,1,0,0,1,NULL),(262,NULL,1140119,5,1,1140100,'Retenciones de IIBB La Rioja','Activo',NULL,NULL,1,2,1,0,0,1,NULL),(263,NULL,1140120,5,1,1140100,'Retenciones de IIBB Mendoza','Activo',NULL,NULL,1,2,1,0,0,1,NULL),(264,NULL,1140121,5,1,1140100,'Retenciones de IIBB Misiones','Activo',NULL,NULL,1,2,1,0,0,1,NULL),(265,NULL,1140122,5,1,1140100,'Retenciones de IIBB Neuquén','Activo',NULL,NULL,1,2,1,0,0,1,NULL),(266,NULL,1140123,5,1,1140100,'Retenciones de IIBB Pascua Lama','Activo',NULL,NULL,1,2,1,0,0,1,NULL),(267,NULL,1140124,5,1,1140100,'Retenciones de IIBB Río Negro','Activo',NULL,NULL,1,2,1,0,0,1,NULL),(268,NULL,1140125,5,1,1140100,'Retenciones de IIBB Salta','Activo',NULL,NULL,1,2,1,0,0,1,NULL),(269,NULL,1140126,5,1,1140100,'Retenciones de IIBB San Juan','Activo',NULL,NULL,1,2,1,0,0,1,NULL),(270,NULL,1140127,5,1,1140100,'Retenciones de IIBB San Luis','Activo',NULL,NULL,1,2,1,0,0,1,NULL),(271,NULL,1140128,5,1,1140100,'Retenciones de IIBB Santa Cruz','Activo',NULL,NULL,1,2,1,0,0,1,NULL),(272,NULL,1140129,5,1,1140100,'Retenciones de IIBB Santa Fe','Activo',NULL,NULL,1,2,1,0,0,1,NULL),(273,NULL,1140130,5,1,1140100,'Retenciones de IIBB Santiago del Estero','Activo',NULL,NULL,1,2,1,0,0,1,NULL),(274,NULL,1140131,5,1,1140100,'Retenciones de IIBB Tierra del Fuego','Activo',NULL,NULL,1,2,1,0,0,1,NULL),(275,NULL,1140132,5,1,1140100,'Retenciones de IIBB Tucuman','Activo',NULL,NULL,1,2,1,0,0,1,NULL),(276,NULL,5140168,5,1,5140100,'SIRCREB Buenos Aires','Result. Negativo',NULL,NULL,1,2,0,0,0,1,NULL),(277,NULL,5140139,5,1,5140100,'SIRCREB Capital Federal','Result. Negativo',NULL,NULL,1,2,0,0,0,1,NULL),(278,NULL,5140140,5,1,5140100,'SIRCREB Catamarca','Result. Negativo',NULL,NULL,1,2,0,0,0,1,NULL),(279,NULL,5140141,5,1,5140100,'SIRCREB Chaco','Result. Negativo',NULL,NULL,1,2,0,0,0,1,NULL),(280,NULL,5140142,5,1,5140100,'SIRCREB Chubut','Result. Negativo',NULL,NULL,1,2,0,0,0,1,NULL),(281,NULL,5140143,5,1,5140100,'SIRCREB Córdoba','Result. Negativo',NULL,NULL,1,2,0,0,0,1,NULL),(282,NULL,5140144,5,1,5140100,'SIRCREB Corrientes','Result. Negativo',NULL,NULL,1,2,0,0,0,1,NULL),(283,NULL,5140145,5,1,5140100,'SIRCREB Entre Ríos','Result. Negativo',NULL,NULL,1,2,0,0,0,1,NULL),(284,NULL,5140146,5,1,5140100,'SIRCREB Formosa','Result. Negativo',NULL,NULL,1,2,0,0,0,1,NULL),(285,NULL,5140147,5,1,5140100,'SIRCREB Jujuy','Result. Negativo',NULL,NULL,1,2,0,0,0,1,NULL),(286,NULL,5140148,5,1,5140100,'SIRCREB La Pampa','Result. Negativo',NULL,NULL,1,2,0,0,0,1,NULL),(287,NULL,5140149,5,1,5140100,'SIRCREB La Rioja','Result. Negativo',NULL,NULL,1,2,0,0,0,1,NULL),(288,NULL,5140150,5,1,5140100,'SIRCREB Mendoza','Result. Negativo',NULL,NULL,1,2,0,0,0,1,NULL),(289,NULL,5140151,5,1,5140100,'SIRCREB Misiones','Result. Negativo',NULL,NULL,1,2,0,0,0,1,NULL),(290,NULL,5140152,5,1,5140100,'SIRCREB Neuquén','Result. Negativo',NULL,NULL,1,2,0,0,0,1,NULL),(291,NULL,5140153,5,1,5140100,'SIRCREB Pascua Lama','Result. Negativo',NULL,NULL,1,2,0,0,0,1,NULL),(292,NULL,5140154,5,1,5140100,'SIRCREB Río Negro','Result. Negativo',NULL,NULL,1,2,0,0,0,1,NULL),(293,NULL,5140155,5,1,5140100,'SIRCREB Salta','Result. Negativo',NULL,NULL,1,2,0,0,0,1,NULL),(294,NULL,5140156,5,1,5140100,'SIRCREB San Juan','Result. Negativo',NULL,NULL,1,2,0,0,0,1,NULL);
INSERT INTO `conta_plan_cuenta` VALUES (295,NULL,5140157,5,1,5140100,'SIRCREB San Luis','Result. Negativo',NULL,NULL,1,2,0,0,0,1,NULL),(296,NULL,5140158,5,1,5140100,'SIRCREB Santa Cruz','Result. Negativo',NULL,NULL,1,2,0,0,0,1,NULL),(297,NULL,5140159,5,1,5140100,'SIRCREB Santa Fe','Result. Negativo',NULL,NULL,1,2,0,0,0,1,NULL),(298,NULL,5140160,5,1,5140100,'SIRCREB Santiago del Estero','Result. Negativo',NULL,NULL,1,2,0,0,0,1,NULL),(299,NULL,5140161,5,1,5140100,'SIRCREB Tierra del Fuego','Result. Negativo',NULL,NULL,1,2,0,0,0,1,NULL),(300,NULL,5140162,5,1,5140100,'SIRCREB Tucuman','Result. Negativo',NULL,NULL,1,2,0,0,0,1,NULL),(301,NULL,1140326,5,1,1140300,'IIBB a Favor Buenos Aires','Activo',NULL,NULL,1,2,0,0,0,1,NULL),(302,NULL,1140302,5,1,1140300,'IIBB a Favor Capital Federal','Activo',NULL,NULL,1,2,0,0,0,1,NULL),(303,NULL,1140303,5,1,1140300,'IIBB a Favor Catamarca','Activo',NULL,NULL,1,2,0,0,0,1,NULL),(304,NULL,1140304,5,1,1140300,'IIBB a Favor Chaco','Activo',NULL,NULL,1,2,0,0,0,1,NULL),(305,NULL,1140305,5,1,1140300,'IIBB a Favor Chubut','Activo',NULL,NULL,1,2,0,0,0,1,NULL),(306,NULL,1140306,5,1,1140300,'IIBB a Favor Córdoba','Activo',NULL,NULL,1,2,0,0,0,1,NULL),(307,NULL,1140307,5,1,1140300,'IIBB a Favor Corrientes','Activo',NULL,NULL,1,2,0,0,0,1,NULL),(308,NULL,1140308,5,1,1140300,'IIBB a Favor Entre Ríos','Activo',NULL,NULL,1,2,0,0,0,1,NULL),(309,NULL,1140309,5,1,1140300,'IIBB a Favor Formosa','Activo',NULL,NULL,1,2,0,0,0,1,NULL),(310,NULL,1140310,5,1,1140300,'IIBB a Favor Jujuy','Activo',NULL,NULL,1,2,0,0,0,1,NULL),(311,NULL,1140311,5,1,1140300,'IIBB a Favor La Pampa','Activo',NULL,NULL,1,2,0,0,0,1,NULL),(312,NULL,1140312,5,1,1140300,'IIBB a Favor La Rioja','Activo',NULL,NULL,1,2,0,0,0,1,NULL),(313,NULL,1140313,5,1,1140300,'IIBB a Favor Mendoza','Activo',NULL,NULL,1,2,0,0,0,1,NULL),(314,NULL,1140314,5,1,1140300,'IIBB a Favor Misiones','Activo',NULL,NULL,1,2,0,0,0,1,NULL),(315,NULL,1140315,5,1,1140300,'IIBB a Favor Neuquén','Activo',NULL,NULL,1,2,0,0,0,1,NULL),(316,NULL,1140316,5,1,1140300,'IIBB a Favor Pascua Lama','Activo',NULL,NULL,1,2,0,0,0,1,NULL),(317,NULL,1140317,5,1,1140300,'IIBB a Favor Río Negro','Activo',NULL,NULL,1,2,0,0,0,1,NULL),(318,NULL,1140318,5,1,1140300,'IIBB a Favor Salta','Activo',NULL,NULL,1,2,0,0,0,1,NULL),(319,NULL,1140319,5,1,1140300,'IIBB a Favor San Juan','Activo',NULL,NULL,1,2,0,0,0,1,NULL),(320,NULL,1140320,5,1,1140300,'IIBB a Favor San Luis','Activo',NULL,NULL,1,2,0,0,0,1,NULL),(321,NULL,1140321,5,1,1140300,'IIBB a Favor Santa Cruz','Activo',NULL,NULL,1,2,0,0,0,1,NULL),(322,NULL,1140322,5,1,1140300,'IIBB a Favor Santa Fe','Activo',NULL,NULL,1,2,0,0,0,1,NULL),(323,NULL,1140323,5,1,1140300,'IIBB a Favor Santiago del Estero','Activo',NULL,NULL,1,2,0,0,0,1,NULL),(324,NULL,1140324,5,1,1140300,'IIBB a Favor Tierra del Fuego','Activo',NULL,NULL,1,2,0,0,0,1,NULL),(325,NULL,1140325,5,1,1140300,'IIBB a Favor Tucuman','Activo',NULL,NULL,1,2,0,0,0,1,NULL),(326,NULL,2110317,5,2,2110300,'IIBB a Pagar Buenos Aires','Pasivo',NULL,NULL,1,2,0,0,0,1,NULL),(327,NULL,2110318,5,2,2110300,'IIBB a Pagar Capital Federal','Pasivo',NULL,NULL,1,2,0,0,0,1,NULL),(328,NULL,2110319,5,2,2110300,'IIBB a Pagar Catamarca','Pasivo',NULL,NULL,1,2,0,0,0,1,NULL),(329,NULL,2110320,5,2,2110300,'IIBB a Pagar Chaco','Pasivo',NULL,NULL,1,2,0,0,0,1,NULL),(330,NULL,2110321,5,2,2110300,'IIBB a Pagar Chubut','Pasivo',NULL,NULL,1,2,0,0,0,1,NULL),(331,NULL,2110322,5,2,2110300,'IIBB a Pagar Córdoba','Pasivo',NULL,NULL,1,2,0,0,0,1,NULL),(332,NULL,2110323,5,2,2110300,'IIBB a Pagar Corrientes','Pasivo',NULL,NULL,1,2,0,0,0,1,NULL),(333,NULL,2110324,5,2,2110300,'IIBB a Pagar Entre Ríos','Pasivo',NULL,NULL,1,2,0,0,0,1,NULL),(334,NULL,2110325,5,2,2110300,'IIBB a Pagar Formosa','Pasivo',NULL,NULL,1,2,0,0,0,1,NULL),(335,NULL,2110326,5,2,2110300,'IIBB a Pagar Jujuy','Pasivo',NULL,NULL,1,2,0,0,0,1,NULL),(336,NULL,2110327,5,2,2110300,'IIBB a Pagar La Pampa','Pasivo',NULL,NULL,1,2,0,0,0,1,NULL),(337,NULL,2110328,5,2,2110300,'IIBB a Pagar La Rioja','Pasivo',NULL,NULL,1,2,0,0,0,1,NULL);
INSERT INTO `conta_plan_cuenta` VALUES (338,NULL,2110329,5,2,2110300,'IIBB a Pagar Mendoza','Pasivo',NULL,NULL,1,2,0,0,0,1,NULL),(339,NULL,2110330,5,2,2110300,'IIBB a Pagar Misiones','Pasivo',NULL,NULL,1,2,0,0,0,1,NULL),(340,NULL,2110331,5,2,2110300,'IIBB a Pagar Neuquén','Pasivo',NULL,NULL,1,2,0,0,0,1,NULL),(341,NULL,2110332,5,2,2110300,'IIBB a Pagar Pascua Lama','Pasivo',NULL,NULL,1,2,0,0,0,1,NULL),(342,NULL,2110333,5,2,2110300,'IIBB a Pagar Río Negro','Pasivo',NULL,NULL,1,2,0,0,0,1,NULL),(343,NULL,2110334,5,2,2110300,'IIBB a Pagar Salta','Pasivo',NULL,NULL,1,2,0,0,0,1,NULL),(344,NULL,2110335,5,2,2110300,'IIBB a Pagar San Juan','Pasivo',NULL,NULL,1,2,0,0,0,1,NULL),(345,NULL,2110336,5,2,2110300,'IIBB a Pagar San Luis','Pasivo',NULL,NULL,1,2,0,0,0,1,NULL),(346,NULL,2110337,5,2,2110300,'IIBB a Pagar Santa Cruz','Pasivo',NULL,NULL,1,2,0,0,0,1,NULL),(347,NULL,2110338,5,2,2110300,'IIBB a Pagar Santa Fe','Pasivo',NULL,NULL,1,2,0,0,0,1,NULL),(348,NULL,2110339,5,2,2110300,'IIBB a Pagar Santiago del Estero','Pasivo',NULL,NULL,1,2,0,0,0,1,NULL),(349,NULL,2110340,5,2,2110300,'IIBB a Pagar Tierra del Fuego','Pasivo',NULL,NULL,1,2,0,0,0,1,NULL),(350,NULL,2110341,5,2,2110300,'IIBB a Pagar Tucuman','Pasivo',NULL,NULL,1,2,0,0,0,1,NULL),(351,NULL,6110101,5,1,6110100,'BANCO SIRCREB','Movimiento',NULL,NULL,1,2,0,0,1,1,NULL),(352,NULL,6110102,5,1,6110100,'Compensacion','Movimiento',NULL,NULL,1,2,0,0,0,1,NULL),(353,NULL,1140327,5,1,1140300,'IVA Saldo Tecnico','Activo',NULL,NULL,1,2,0,0,0,1,NULL),(354,NULL,1140328,5,1,1140300,'IVA Saldo Libre Disponibilidad','Activo',NULL,NULL,1,2,0,0,0,1,NULL),(355,NULL,6000000,1,1,0,'Movimiento','Movimiento',NULL,NULL,1,1,0,0,0,0,NULL),(356,NULL,6100000,2,1,6000000,'Movimiento','Movimiento',NULL,NULL,1,1,0,0,0,0,NULL),(357,NULL,6110000,3,1,6100000,'Movimiento','Movimiento',NULL,NULL,1,1,0,0,0,0,NULL),(358,NULL,4110000,3,2,4100000,'Ingresos Operativos','Result. Positivo',NULL,NULL,1,1,0,0,0,0,NULL),(359,NULL,1110120,5,1,1110100,'Caja en Pesos','Activo',NULL,NULL,1,2,1,1,1,0,NULL),(360,NULL,1140211,5,1,1140200,'Retenciones Bancarias de Ganancias a Favor','Activo',3,NULL,1,2,0,0,1,1,NULL),(361,NULL,1220104,5,1,1220100,'Equipos de Computación','Activo',5,NULL,1,1,0,0,0,1,NULL),(362,NULL,1220105,5,1,1220100,'Computadoras','Activo',5,NULL,1,1,0,0,0,1,NULL),(363,NULL,1220304,5,1,1220300,'Muebles y Utiles','Activo',5,NULL,1,1,0,0,0,1,NULL),(364,NULL,2110105,5,2,2110100,'Anticipo de Clientes','Pasivo',NULL,NULL,1,2,0,0,1,1,NULL),(365,NULL,2110401,5,2,2110400,'Provision Honorarios','Pasivo',NULL,NULL,1,1,0,0,0,1,NULL),(366,NULL,2110106,5,2,2110100,'Cta. Cte Directores','Pasivo',NULL,NULL,1,1,0,0,0,1,NULL),(367,NULL,2110107,5,2,2110100,'Provisión Honorarios Directores','Pasivo',NULL,NULL,1,1,0,0,0,1,NULL),(368,NULL,2110110,5,2,2110100,'Cuenta Particular Socio 1','Pasivo',NULL,NULL,1,1,0,0,0,1,NULL),(369,NULL,3110104,5,2,3110100,'Capital','Patrimonio Neto',NULL,NULL,1,1,0,0,0,1,NULL),(370,NULL,1120000,3,1,1100000,'INVERSIONES','Activo',NULL,NULL,1,1,0,0,0,0,NULL),(371,NULL,1160000,3,1,1100000,'OTROS ACTIVOS','Activo',5,NULL,1,1,0,0,0,0,NULL),(372,NULL,1160100,4,1,1160000,'OTROS','Activo',5,NULL,1,1,0,0,0,0,NULL),(373,NULL,2110400,4,2,2110000,'Provision de Honorarios','Pasivo',NULL,NULL,1,1,0,0,0,0,NULL),(374,NULL,3410100,4,1,3410000,'RESULTADOS ACUMULADOS','Patrimonio Neto',NULL,NULL,1,1,0,0,0,0,NULL),(375,NULL,3420000,3,1,3400000,'GANACIAS RESERVADAS','Patrimonio Neto',NULL,NULL,1,1,0,0,0,0,NULL),(376,NULL,3420100,4,1,3420000,'Rerva Legal','Patrimonio Neto',NULL,NULL,1,1,0,0,0,0,NULL),(377,NULL,1220400,4,1,1220000,'INMUEBLES','Activo',5,NULL,1,1,0,0,0,0,NULL),(378,NULL,1220500,4,1,1220000,'RODADOS','Activo',5,NULL,1,1,0,0,0,0,NULL),(379,NULL,1220600,4,1,1220000,'MAQUINARIAS','Activo',5,NULL,1,1,0,0,0,0,NULL),(380,NULL,1220204,5,1,1220200,'Instalaciones','Activo',5,NULL,1,1,0,0,0,1,NULL),(381,NULL,3420101,5,2,3420100,'Reserva Legal','Patrimonio Neto',NULL,NULL,1,1,0,0,0,1,NULL);
INSERT INTO `conta_plan_cuenta` VALUES (382,NULL,3420102,5,2,3420100,'Reserva Legal','Patrimonio Neto',NULL,NULL,1,1,0,0,0,1,NULL),(383,NULL,3410105,5,2,3410100,'Resultado no asignado','Patrimonio Neto',NULL,NULL,1,1,0,0,0,1,NULL),(384,NULL,1110121,5,1,1110100,'Caja en Dolares','Activo',NULL,NULL,1,2,1,1,1,0,NULL),(385,NULL,1120100,4,1,1120000,'TEMPORARIAS','Activo',NULL,NULL,1,1,0,0,0,0,NULL),(386,NULL,1120101,5,1,1120100,'PLAZO FIJO','Activo',NULL,NULL,1,1,0,0,0,1,NULL),(387,NULL,1120200,4,1,1120000,'PERMANENTES','Activo',NULL,NULL,1,1,0,0,0,0,NULL),(388,NULL,1120201,5,1,1120200,'ACCIONES','Activo',NULL,NULL,1,1,0,0,0,1,NULL),(389,NULL,1220401,5,1,1220400,'Inmuebles','Activo',5,NULL,1,1,0,0,0,1,NULL),(390,NULL,1220501,5,1,1220500,'Vehiculos','Activo',5,NULL,1,1,0,0,0,1,NULL),(391,NULL,1220601,5,1,1220600,'Maquinarias','Activo',5,NULL,1,1,0,0,0,1,NULL),(392,NULL,1150401,5,1,1150400,'MERCADERIAS','Activo',5,NULL,1,1,0,0,0,1,NULL),(393,NULL,1160101,5,1,1160100,'OTROS','Activo',5,NULL,1,1,0,0,0,1,NULL),(394,NULL,1230100,4,1,1230000,'INTANGIBLES','Activo',5,NULL,1,1,0,0,0,0,NULL),(395,NULL,2110119,5,2,2110100,'Cuenta Particular Socio 2','Pasivo',NULL,NULL,1,1,0,0,0,1,NULL),(396,NULL,5120160,5,1,5120100,'Comisiones Y gastos Bancarios','Result. Negativo',NULL,NULL,1,1,0,0,0,1,NULL),(397,NULL,4110100,4,2,4110000,'Ingresos Operativos','Result. Positivo',NULL,NULL,1,1,0,0,0,0,NULL),(398,NULL,4120100,4,2,4120000,'OTROS INGRESOS','Result. Positivo',NULL,NULL,1,1,0,0,0,0,NULL),(399,NULL,5110000,3,1,5100000,'GASTOS ORDINARIOS','Result. Negativo',NULL,NULL,1,1,0,0,0,0,NULL),(400,NULL,5120000,3,1,5100000,'GASTOS DE OPERACION','Result. Negativo',NULL,NULL,1,1,0,0,0,0,NULL),(401,NULL,5130000,3,1,5100000,'GASTOS DE OPERACION','Result. Negativo',NULL,NULL,1,1,0,0,0,0,NULL),(402,NULL,5140000,3,1,5100000,'GASTOS DE OPERACION','Result. Negativo',NULL,NULL,1,1,0,0,0,0,NULL),(403,NULL,5210000,3,1,5200000,'GASTOS EXTRAORDINARIOS','Result. Negativo',NULL,NULL,1,1,0,0,0,0,NULL),(404,NULL,5210100,4,1,5210000,'GASTOS EXTRAORDINARIOS','Result. Negativo',NULL,NULL,1,1,0,0,0,0,NULL),(405,NULL,6110100,4,1,6110000,'Movimiento','Movimiento',NULL,NULL,1,1,0,0,0,0,NULL),(406,NULL,1130100,4,1,1130000,'Operaciones Ordinarias','Activo',NULL,NULL,1,1,0,0,0,0,NULL),(407,NULL,3110000,3,2,3100000,'CAPITAL SOCIAL','Patrimonio Neto',NULL,NULL,1,1,0,0,0,0,NULL),(408,NULL,3410000,3,2,3400000,'RESULTADOS ANTERIORES','Patrimonio Neto',NULL,NULL,1,1,0,0,0,0,NULL),(409,NULL,5110101,5,2,5110000,'IVA Crédito Fiscal No computable','Result. Negativo',NULL,NULL,1,2,0,0,1,1,NULL),(410,NULL,1110203,5,1,1110200,'Banco ICBC Cta. Cte.','Activo',NULL,NULL,1,2,1,1,1,0,NULL),(411,NULL,2110342,5,2,2110300,'Provisión Impuesto a las Ganancias','Pasivo',NULL,NULL,1,1,0,0,0,1,NULL),(412,NULL,5120107,5,2,5120000,'Amortización Muebles y Útiles','Result. Negativo',NULL,NULL,1,1,0,0,0,1,NULL),(413,NULL,5120102,5,2,5120000,'Amortización Equipos','Result. Negativo',NULL,NULL,1,1,0,0,0,1,NULL),(414,NULL,1220109,5,1,1220100,'Amortizacion Acumulada Equipos','Activo',5,NULL,1,1,0,0,0,1,NULL),(415,NULL,1220602,5,1,1220600,'Amortización Acumulada Maquinarias','Activo',5,NULL,1,1,0,0,0,1,NULL),(416,NULL,1160102,5,1,1160100,'Materias Primas','Activo',5,NULL,1,1,0,0,0,1,NULL),(417,NULL,1110204,5,1,1110200,'Banco Itaú Cta. Cte.','Activo',NULL,NULL,1,2,1,1,1,0,NULL),(418,NULL,2110113,5,2,2110100,'Deudas Bancarias','Pasivo',NULL,NULL,1,2,0,1,1,1,NULL),(419,NULL,1220502,5,1,1220500,'Rodados','Activo',5,NULL,1,1,0,0,0,1,NULL),(420,NULL,1220503,5,1,1220500,'Amortización Acumulada Rodados','Activo',5,NULL,1,1,0,0,0,1,NULL),(421,NULL,5120105,5,2,5120000,'Amortización Rodados','Result. Negativo',NULL,NULL,1,1,0,0,0,1,NULL),(422,NULL,5120109,5,2,5120000,'Amortización Maquinarias','Result. Negativo',NULL,NULL,1,1,0,0,0,1,NULL),(423,NULL,1220504,5,1,1220500,'Accesorios','Activo',5,NULL,1,1,0,0,0,1,NULL),(424,NULL,1220505,5,1,1220500,'Amortización Acumulada Accesorios','Activo',5,NULL,1,1,0,0,0,1,NULL);
INSERT INTO `conta_plan_cuenta` VALUES (425,NULL,1110205,5,1,1110200,'Banco Galicia Cta. Cte.','Activo',NULL,NULL,1,2,1,1,1,0,NULL),(426,NULL,3420101,5,2,3420000,'Reserva Facultativa','Patrimonio Neto',NULL,NULL,1,1,0,0,0,1,NULL),(427,NULL,1140212,5,1,1140200,'Créditos por Impuestos Diferidos','Activo',NULL,NULL,1,1,0,0,0,1,NULL),(428,NULL,1160103,5,1,1160100,'Fondo de Comercio','Activo',5,NULL,1,1,0,0,0,1,NULL),(429,NULL,1160104,5,1,1160100,'Amortizacion Acumulada Fondo de Comercio','Activo',5,NULL,1,1,0,0,0,1,NULL),(430,NULL,1140213,5,1,1140200,'Intereses a devengar AGIP','Activo',NULL,NULL,1,1,0,0,0,1,NULL),(431,NULL,2110343,5,2,2110300,'PFP IIBB','Pasivo',NULL,NULL,1,1,0,0,0,1,NULL),(432,NULL,1140330,5,1,1140300,'Pago a Cuenta ITC','Activo',NULL,NULL,1,2,0,0,0,1,NULL),(433,NULL,2110114,5,2,2110100,'Préstamo','Pasivo',NULL,NULL,1,2,0,1,1,1,NULL),(434,NULL,1160106,5,1,1160100,'Productos','Activo',5,NULL,1,1,0,0,0,1,NULL),(435,NULL,2110345,5,2,2110300,'Intereses a devengar PFP','Pasivo',NULL,NULL,1,1,0,0,0,1,NULL),(436,NULL,1110206,5,1,1110200,'Banco Provincia Cta. Cte.','Activo',NULL,NULL,1,2,1,1,1,0,NULL),(437,NULL,1140215,5,1,1140200,'Imp. Ley 25413 Cred 0.6%','Activo',NULL,NULL,1,1,0,0,0,1,NULL),(438,NULL,2110402,5,2,2110400,'Honorarios Directorio a Pagar','Pasivo',NULL,NULL,1,1,0,0,0,1,NULL),(439,NULL,3110101,5,2,3110100,'Reserva para Futuras Inversiones','Patrimonio Neto',NULL,NULL,1,1,0,0,0,1,NULL),(440,NULL,1130106,5,1,1130100,'TEAC - Trabajos Ejecutados a Certificar','Activo',NULL,NULL,1,1,0,0,0,1,NULL),(441,NULL,2110115,5,2,2110100,'Leasing','Pasivo',NULL,NULL,1,2,0,1,1,1,NULL),(442,NULL,1110207,5,1,1110200,'Banco Comafi Cta. Cte','Activo',NULL,NULL,1,2,1,1,1,0,NULL),(443,NULL,2110500,4,2,2110000,'Deudas Financieras','Pasivo',NULL,NULL,1,1,0,0,0,0,NULL),(444,NULL,2110501,5,2,2110500,'Banco Santander Rio Cta Cte','Pasivo',NULL,NULL,1,1,0,0,0,1,NULL),(446,NULL,2210000,3,2,2200000,'Deudas','Pasivo',NULL,NULL,1,1,0,0,0,0,NULL),(447,NULL,2210100,4,2,2210000,'Otras Deudas','Pasivo',NULL,NULL,1,1,0,0,0,0,NULL),(448,NULL,2210101,5,2,2210100,'Planes de Pagos AFIP','Pasivo',NULL,NULL,1,2,0,1,1,1,NULL),(449,NULL,2110502,5,2,2110500,'Leasing','Pasivo',NULL,NULL,1,1,0,0,0,1,NULL),(450,NULL,6110101,5,1,6110000,'Cheques Rechazados','Movimiento',NULL,NULL,1,2,0,0,1,1,NULL),(451,NULL,1110208,5,1,1110200,'Banco Patagonia Taxes Software','Activo',NULL,NULL,1,2,1,1,1,0,NULL),(452,NULL,1110209,5,1,1110200,'Banco Macro Cta. Cte.','Activo',NULL,NULL,1,2,1,1,1,0,NULL),(453,NULL,1120202,5,1,1120200,'Inversión Central Caribe','Activo',NULL,NULL,1,1,0,0,0,1,NULL),(454,NULL,1120102,5,1,1120100,'Otras Inversiones','Activo',NULL,NULL,1,1,0,0,0,1,NULL),(455,NULL,1140216,5,1,1140200,'Otros Créditos','Activo',NULL,NULL,1,1,0,0,0,1,NULL),(456,NULL,2110403,5,2,2110400,'Provisión Honorarios Socio Gerente','Pasivo',NULL,NULL,1,1,0,0,0,1,NULL),(457,NULL,1110210,5,1,1110200,'Cheque Diferido Banco Santander Rio','Activo',NULL,NULL,1,2,1,1,1,0,NULL),(458,NULL,1110211,5,1,1110200,'Cheque Diferido Banco Macro','Activo',NULL,NULL,1,2,1,1,1,0,NULL),(459,NULL,2110204,5,2,2110200,'Moratoria SUSS a pagar','Pasivo',NULL,NULL,1,1,0,0,0,1,NULL),(460,NULL,2110344,5,2,2110300,'Impuestos Municipales a Pagar','Pasivo',NULL,NULL,1,1,0,0,0,1,NULL),(461,NULL,5110103,5,2,5110000,'Amortización Instalaciones','Result. Negativo',NULL,NULL,1,1,0,0,0,1,NULL),(462,NULL,5120110,5,2,5120000,'Amortización Equipos de comput.','Result. Negativo',NULL,NULL,1,1,0,0,0,1,NULL),(463,NULL,2110118,5,2,2110100,'Cuenta Particular Socio 3','Pasivo',NULL,NULL,1,1,0,0,0,1,NULL),(464,NULL,2110120,5,2,2110100,'Cuenta Particular Socio 4','Pasivo',NULL,NULL,1,1,0,0,0,1,NULL),(465,NULL,3110102,5,2,3110100,'Otras Reservas','Patrimonio Neto',NULL,NULL,1,1,0,0,0,1,NULL),(466,NULL,1140331,5,1,1140300,'IGMP (Saldo a Favor)','Activo',NULL,NULL,1,1,0,0,0,1,NULL),(467,NULL,5110104,5,2,5110000,'Interés','Result. Negativo',NULL,NULL,1,2,0,0,1,1,NULL),(468,NULL,1150402,5,1,1150400,'Productos en Proceso','Activo',5,NULL,1,1,0,0,0,1,NULL);
INSERT INTO `conta_plan_cuenta` VALUES (469,NULL,2110205,5,2,2110200,'Depósitos en Garantía Socio Gerente','Pasivo',NULL,NULL,1,1,0,0,0,1,NULL),(470,NULL,2110346,5,2,2110300,'Fondos Embargados','Pasivo',NULL,NULL,1,1,0,0,0,1,NULL),(471,NULL,2110347,5,2,2110300,'Cuota Solid.','Pasivo',NULL,NULL,1,1,0,0,0,1,NULL),(472,NULL,1140332,5,1,1140300,'Anticipo Honorarios Directores','Activo',NULL,NULL,1,1,0,0,0,1,NULL),(473,NULL,2110348,5,2,2110300,'SICORE a Pagar','Pasivo',NULL,NULL,1,1,0,0,0,1,NULL),(474,NULL,1110212,5,1,1110200,'Banco Credicoop Cta. Cte.','Activo',NULL,NULL,1,2,1,1,1,0,NULL),(475,NULL,1110213,5,1,1110200,'Banco Superville Cta. Cte.','Activo',NULL,NULL,1,2,1,1,1,0,NULL),(476,NULL,5110105,5,2,5110000,'RECPAM','Result. Negativo',NULL,NULL,1,2,0,0,0,1,NULL),(477,NULL,1110125,5,1,1110100,'Caja Reales','Activo',NULL,NULL,1,2,1,1,1,0,NULL),(478,NULL,5140169,5,1,5140100,'CO2 - Imp. Al Carbono Sufrida','Result. Negativo',NULL,NULL,1,2,0,0,0,1,NULL),(479,NULL,1140300,4,1,1140000,'Anticipo de Impuestos','Activo',NULL,NULL,1,1,0,0,0,0,NULL),(480,NULL,2110600,4,2,2110000,'Retenciones Efectuadas','Pasivo',NULL,NULL,1,1,0,0,0,0,NULL),(481,NULL,4200000,2,2,4000000,'INGRESOS EXTRAORDINARIOS','Result. Positivo',NULL,NULL,1,1,0,0,0,0,NULL),(1001,NULL,5140170,5,1,5140100,'SIRTAC Córdoba','Result. Negativo',NULL,NULL,1,2,0,0,0,1,NULL),(1002,NULL,5140171,5,1,5140100,'SIRTAC Corrientes','Result. Negativo',NULL,NULL,1,2,0,0,0,1,NULL),(1003,NULL,5140172,5,1,5140100,'SIRTAC Chaco','Result. Negativo',NULL,NULL,1,2,0,0,0,1,NULL),(1004,NULL,5140173,5,1,5140100,'SIRTAC Chubut','Result. Negativo',NULL,NULL,1,2,0,0,0,1,NULL),(1005,NULL,5140174,5,1,5140100,'SIRTAC Entre Ríos','Result. Negativo',NULL,NULL,1,2,0,0,0,1,NULL),(1006,NULL,5140175,5,1,5140100,'SIRTAC Formosa','Result. Negativo',NULL,NULL,1,2,0,0,0,1,NULL),(1007,NULL,5140176,5,1,5140100,'SIRTAC Jujuy','Result. Negativo',NULL,NULL,1,2,0,0,0,1,NULL),(1008,NULL,5140177,5,1,5140100,'SIRTAC La Pampa','Result. Negativo',NULL,NULL,1,2,0,0,0,1,NULL),(1009,NULL,5140178,5,1,5140100,'SIRTAC La Rioja','Result. Negativo',NULL,NULL,1,2,0,0,0,1,NULL),(1010,NULL,5140179,5,1,5140100,'SIRTAC Mendoza','Result. Negativo',NULL,NULL,1,2,0,0,0,1,NULL),(1011,NULL,5140180,5,1,5140100,'SIRTAC Misiones','Result. Negativo',NULL,NULL,1,2,0,0,0,1,NULL),(1012,NULL,5140181,5,1,5140100,'SIRTAC Neuquén','Result. Negativo',NULL,NULL,1,2,0,0,0,1,NULL),(1013,NULL,5140182,5,1,5140100,'SIRTAC Río Negro','Result. Negativo',NULL,NULL,1,2,0,0,0,1,NULL),(1014,NULL,5140183,5,1,5140100,'SIRTAC Salta','Result. Negativo',NULL,NULL,1,2,0,0,0,1,NULL),(1015,NULL,5140184,5,1,5140100,'SIRTAC San Juan','Result. Negativo',NULL,NULL,1,2,0,0,0,1,NULL),(1016,NULL,5140185,5,1,5140100,'SIRTAC San Luis','Result. Negativo',NULL,NULL,1,2,0,0,0,1,NULL),(1017,NULL,5140186,5,1,5140100,'SIRTAC Santa Cruz','Result. Negativo',NULL,NULL,1,2,0,0,0,1,NULL),(1018,NULL,5140187,5,1,5140100,'SIRTAC Santa Fe','Result. Negativo',NULL,NULL,1,2,0,0,0,1,NULL),(1019,NULL,5140188,5,1,5140100,'SIRTAC Santiago del Estero','Result. Negativo',NULL,NULL,1,2,0,0,0,1,NULL),(1020,NULL,5140189,5,1,5140100,'SIRTAC Tierra del Fuego','Result. Negativo',NULL,NULL,1,2,0,0,0,1,NULL),(1021,NULL,5140190,5,1,5140100,'SIRTAC Tucuman','Result. Negativo',NULL,NULL,1,2,0,0,0,1,NULL),(1022,NULL,5140191,5,1,5140100,'SIRTAC Capital Federal','Result. Negativo',NULL,NULL,1,2,0,0,0,1,NULL),(1023,NULL,5140192,5,1,5140100,'SIRTAC Buenos Aires','Result. Negativo',NULL,NULL,1,2,0,0,0,1,NULL),(1024,NULL,5140193,5,1,5140100,'SIRTAC Catamarca','Result. Negativo',NULL,NULL,1,2,0,0,0,1,NULL),(1025,NULL,5140194,5,1,5140100,'SIRTAC Pascua Lama','Result. Negativo',NULL,NULL,1,2,0,0,0,1,NULL),(1026,NULL,6110104,5,1,6110100,'BANCO SIRTAC','Movimiento',NULL,NULL,1,2,0,0,1,1,NULL),(1400,NULL,5140267,5,1,5140100,'Perc IVA -RG3337 Efectuada','Result. Negativo',NULL,NULL,1,2,0,0,0,1,NULL),(1401,NULL,5140209,5,1,5140100,'Imps. Internos Efectuada','Result. Negativo',NULL,NULL,1,2,0,0,0,1,NULL);
INSERT INTO `conta_plan_cuenta` VALUES (1402,NULL,5140210,5,1,5140100,'Imp. Gasoil Efectuada','Result. Negativo',NULL,NULL,1,2,0,0,0,1,NULL),(1403,NULL,5140211,5,1,5140100,'Imp. Hídricos Efectuada','Result. Negativo',NULL,NULL,1,2,0,0,0,1,NULL),(1404,NULL,5140212,5,1,5140100,'ITC Efectuada','Result. Negativo',NULL,NULL,1,2,0,0,0,1,NULL),(1405,NULL,5140213,5,1,5140100,'Perc IIBB  Buenos Aires Efectuada','Result. Negativo',NULL,NULL,1,2,0,0,0,1,NULL),(1406,NULL,5140214,5,1,5140100,'Perc IIBB  Capital Federal Efectuada','Result. Negativo',NULL,NULL,1,2,0,0,0,1,NULL),(1407,NULL,5140215,5,1,5140100,'Perc IIBB  Catamarca Efectuada','Result. Negativo',NULL,NULL,1,2,0,0,0,1,NULL),(1408,NULL,5140216,5,1,5140100,'Perc IIBB  Chaco Efectuada','Result. Negativo',NULL,NULL,1,2,0,0,0,1,NULL),(1409,NULL,5140217,5,1,5140100,'Perc IIBB  Chubut Efectuada','Result. Negativo',NULL,NULL,1,2,0,0,0,1,NULL),(1410,NULL,5140218,5,1,5140100,'Perc IIBB  Córdoba Efectuada','Result. Negativo',NULL,NULL,1,2,0,0,0,1,NULL),(1411,NULL,5140219,5,1,5140100,'Perc IIBB  Corrientes Efectuada','Result. Negativo',NULL,NULL,1,2,0,0,0,1,NULL),(1412,NULL,5140220,5,1,5140100,'Perc IIBB  Entre Ríos Efectuada','Result. Negativo',NULL,NULL,1,2,0,0,0,1,NULL),(1413,NULL,5140221,5,1,5140100,'Perc IIBB  Formosa Efectuada','Result. Negativo',NULL,NULL,1,2,0,0,0,1,NULL),(1414,NULL,5140222,5,1,5140100,'Perc IIBB  Jujuy Efectuada','Result. Negativo',NULL,NULL,1,2,0,0,0,1,NULL),(1415,NULL,5140223,5,1,5140100,'Perc IIBB  La Pampa Efectuada','Result. Negativo',NULL,NULL,1,2,0,0,0,1,NULL),(1416,NULL,5140224,5,1,5140100,'Perc IIBB  La Rioja Efectuada','Result. Negativo',NULL,NULL,1,2,0,0,0,1,NULL),(1417,NULL,5140225,5,1,5140100,'Perc IIBB  Mendoza Efectuada','Result. Negativo',NULL,NULL,1,2,0,0,0,1,NULL),(1418,NULL,5140226,5,1,5140100,'Perc IIBB  Misiones Efectuada','Result. Negativo',NULL,NULL,1,2,0,0,0,1,NULL),(1419,NULL,5140227,5,1,5140100,'Perc IIBB  Neuquén Efectuada','Result. Negativo',NULL,NULL,1,2,0,0,0,1,NULL),(1420,NULL,5140228,5,1,5140100,'Perc IIBB  Pascua Lama Efectuada','Result. Negativo',NULL,NULL,1,2,0,0,0,1,NULL),(1421,NULL,5140229,5,1,5140100,'Perc IIBB  Río Negro Efectuada','Result. Negativo',NULL,NULL,1,2,0,0,0,1,NULL),(1422,NULL,5140230,5,1,5140100,'Perc IIBB  Salta Efectuada','Result. Negativo',NULL,NULL,1,2,0,0,0,1,NULL),(1423,NULL,5140231,5,1,5140100,'Perc IIBB  San Juan Efectuada','Result. Negativo',NULL,NULL,1,2,0,0,0,1,NULL),(1424,NULL,5140232,5,1,5140100,'Perc IIBB  San Luis Efectuada','Result. Negativo',NULL,NULL,1,2,0,0,0,1,NULL),(1425,NULL,5140233,5,1,5140100,'Perc IIBB  Santa Cruz Efectuada','Result. Negativo',NULL,NULL,1,2,0,0,0,1,NULL),(1426,NULL,5140234,5,1,5140100,'Perc IIBB  Santa Fe Efectuada','Result. Negativo',NULL,NULL,1,2,0,0,0,1,NULL),(1427,NULL,5140235,5,1,5140100,'Perc IIBB  Santiago del Estero Efectuada','Result. Negativo',NULL,NULL,1,2,0,0,0,1,NULL),(1428,NULL,5140236,5,1,5140100,'Perc IIBB  Tierra del Fuego Efectuada','Result. Negativo',NULL,NULL,1,2,0,0,0,1,NULL),(1429,NULL,5140237,5,1,5140100,'Perc IIBB  Tucuman Efectuada','Result. Negativo',NULL,NULL,1,2,0,0,0,1,NULL),(1430,NULL,5140269,5,1,5140100,'CO2 - Imp. Al Carbono Efectuada','Result. Negativo',NULL,NULL,1,2,0,0,0,1,NULL),(1431,NULL,5120256,5,1,5120100,'Imp. Municipales Efectuada','Result. Negativo',NULL,NULL,1,2,0,0,0,1,NULL),(1432,NULL,5120257,5,1,5120100,'Perc/Ret. Imp. Ganancias Efectuada','Result. Negativo',NULL,NULL,1,2,0,0,0,1,NULL);

--
-- Table structure for table `conta_tipo_asientos`
--

CREATE TABLE `conta_tipo_asientos` (
  `id` int(10) unsigned NOT NULL AUTO_INCREMENT,
  `nombre` varchar(255) COLLATE utf8mb4_unicode_ci DEFAULT NULL,
  `created_at` timestamp NULL DEFAULT NULL,
  `updated_at` timestamp NULL DEFAULT NULL,
  `deleted_at` timestamp NULL DEFAULT NULL,
  `orden` int(11) DEFAULT NULL,
  PRIMARY KEY (`id`)
) ENGINE=InnoDB AUTO_INCREMENT=27 DEFAULT CHARSET=utf8mb4 COLLATE=utf8mb4_unicode_ci;

--
-- Dumping data for table `conta_tipo_asientos`
--

INSERT INTO `conta_tipo_asientos` VALUES (1,'Sueldos',NULL,NULL,NULL,11),(2,'Ingresos',NULL,NULL,NULL,9),(3,'Egresos',NULL,NULL,NULL,10),(4,'Amortizaciones',NULL,NULL,NULL,4),(5,'Banco',NULL,NULL,NULL,15),(6,'Ganancias',NULL,NULL,NULL,12),(7,'Retenciones',NULL,NULL,NULL,13),(8,'SIRCREB',NULL,NULL,NULL,14),(9,'Compensaciones',NULL,NULL,NULL,16),(10,'Pagos AFIP',NULL,NULL,NULL,17),(11,'Ajustes',NULL,NULL,NULL,3),(12,'Saldos Iniciales',NULL,NULL,NULL,1),(13,'Cancelacion de Iniciales',NULL,NULL,NULL,2),(14,'Patrimonio Neto',NULL,NULL,NULL,8),(15,'Liquidaciones IVA',NULL,NULL,NULL,18),(16,'Liquidacion IIBB',NULL,NULL,NULL,19),(17,'Asientos de Cierre',NULL,NULL,NULL,5),(18,'Reclasificacion',NULL,NULL,NULL,6),(19,'Otros',NULL,NULL,NULL,7),(20,'Cobranzas','2019-10-02 03:20:37','2019-10-02 03:20:37',NULL,NULL),(21,'Pagos','2019-10-02 03:20:37','2019-10-02 03:20:37',NULL,NULL),(22,'Tesoreria','2019-10-19 02:10:24','2019-10-19 02:10:24',NULL,NULL),(23,'Ajuste por Inflacion','2020-03-01 06:39:20','2020-03-01 06:39:20',NULL,NULL),(24,'SIRTAC','2023-10-16 21:10:34','2023-10-16 21:10:34',NULL,20),(25,'Compensaciones Compras',NULL,NULL,NULL,NULL),(26,'Compensaciones Ventas',NULL,NULL,NULL,NULL);

--
-- Table structure for table `conta_tipo_cuentas`
--

CREATE TABLE `conta_tipo_cuentas` (
  `id` int(10) unsigned NOT NULL AUTO_INCREMENT,
  `tipo_cuenta` varchar(255) COLLATE utf8mb4_unicode_ci DEFAULT NULL,
  `created_at` timestamp NULL DEFAULT NULL,
  `updated_at` timestamp NULL DEFAULT NULL,
  `deleted_at` timestamp NULL DEFAULT NULL,
  PRIMARY KEY (`id`)
) ENGINE=InnoDB AUTO_INCREMENT=6 DEFAULT CHARSET=utf8mb4 COLLATE=utf8mb4_unicode_ci;

--
-- Dumping data for table `conta_tipo_cuentas`
--

INSERT INTO `conta_tipo_cuentas` VALUES (1,'Rubro',NULL,NULL,NULL),(2,'SubRubro',NULL,NULL,NULL),(3,'Grupo',NULL,NULL,NULL),(4,'SubGrupo',NULL,NULL,NULL),(5,'Cuenta',NULL,NULL,NULL);

--
-- Table structure for table `conta_tipo_saldos`
--

CREATE TABLE `conta_tipo_saldos` (
  `id` int(10) unsigned NOT NULL AUTO_INCREMENT,
  `saldo` varchar(255) COLLATE utf8mb4_unicode_ci DEFAULT NULL,
  `created_at` timestamp NULL DEFAULT NULL,
  `updated_at` timestamp NULL DEFAULT NULL,
  `deleted_at` timestamp NULL DEFAULT NULL,
  PRIMARY KEY (`id`)
) ENGINE=InnoDB AUTO_INCREMENT=3 DEFAULT CHARSET=utf8mb4 COLLATE=utf8mb4_unicode_ci;

--
-- Dumping data for table `conta_tipo_saldos`
--

INSERT INTO `conta_tipo_saldos` VALUES (1,'Deudor',NULL,NULL,NULL),(2,'Acreedor',NULL,NULL,NULL);

--
-- Table structure for table `control_cuits_afip`
--

CREATE TABLE `control_cuits_afip` (
  `id` int(10) unsigned NOT NULL AUTO_INCREMENT,
  `user_id` int(10) unsigned DEFAULT NULL,
  `person_id` int(10) unsigned NOT NULL,
  `field_name1` varchar(191) COLLATE utf8mb4_unicode_ci DEFAULT NULL,
  `cuit` varchar(191) COLLATE utf8mb4_unicode_ci DEFAULT NULL,
  `error` varchar(191) COLLATE utf8mb4_unicode_ci DEFAULT NULL,
  `created_at` timestamp NULL DEFAULT NULL,
  `updated_at` timestamp NULL DEFAULT NULL,
  `deleted_at` timestamp NULL DEFAULT NULL,
  PRIMARY KEY (`id`),
  KEY `control_cuits_afip_person_id_foreign` (`person_id`),
  CONSTRAINT `control_cuits_afip_person_id_foreign` FOREIGN KEY (`person_id`) REFERENCES `persons` (`id`)
) ENGINE=InnoDB DEFAULT CHARSET=utf8mb4 COLLATE=utf8mb4_unicode_ci;

--
-- Dumping data for table `control_cuits_afip`
--


--
-- Table structure for table `control_general`
--

CREATE TABLE `control_general` (
  `id` int(10) unsigned NOT NULL AUTO_INCREMENT,
  `description` varchar(180) COLLATE utf8mb4_unicode_ci NOT NULL,
  `class` int(10) unsigned NOT NULL,
  `class_description` varchar(180) COLLATE utf8mb4_unicode_ci NOT NULL,
  `path` varchar(255) COLLATE utf8mb4_unicode_ci DEFAULT NULL,
  `created_at` timestamp NULL DEFAULT NULL,
  `updated_at` timestamp NULL DEFAULT NULL,
  PRIMARY KEY (`id`),
  UNIQUE KEY `control_general_description_unique` (`description`)
) ENGINE=InnoDB AUTO_INCREMENT=6 DEFAULT CHARSET=utf8mb4 COLLATE=utf8mb4_unicode_ci;

--
-- Dumping data for table `control_general`
--

INSERT INTO `control_general` VALUES (1,'Ingresos - Egresos - Resultado',1,'Proyeccion Ganancias','control_general/proyecGanancias',NULL,NULL),(2,'IVA',2,'IVA','control_general/iva',NULL,NULL),(3,'IIBB',3,'IIBB','control_general/iibb',NULL,NULL),(4,'Por Mes',4,'Vto. Impuestos','control_general/vto',NULL,NULL),(5,'Por Impuesto',4,'Vto. Impuestos','control_general/vtoPorImpuestos',NULL,NULL);

--
-- Table structure for table `cpc_nivel_1`
--

CREATE TABLE `cpc_nivel_1` (
  `id` bigint(20) unsigned NOT NULL AUTO_INCREMENT,
  `user_id` int(10) unsigned DEFAULT NULL,
  `person_id` int(10) unsigned NOT NULL,
  `descripcion` varchar(191) COLLATE utf8mb4_unicode_ci NOT NULL,
  `habilitado` tinyint(1) NOT NULL DEFAULT '1',
  `created_at` timestamp NULL DEFAULT NULL,
  `updated_at` timestamp NULL DEFAULT NULL,
  `deleted_at` timestamp NULL DEFAULT NULL,
  PRIMARY KEY (`id`),
  KEY `cpc_nivel_1_person_id_foreign` (`person_id`),
  CONSTRAINT `cpc_nivel_1_person_id_foreign` FOREIGN KEY (`person_id`) REFERENCES `persons` (`id`) ON DELETE CASCADE
) ENGINE=InnoDB DEFAULT CHARSET=utf8mb4 COLLATE=utf8mb4_unicode_ci;

--
-- Dumping data for table `cpc_nivel_1`
--


--
-- Table structure for table `cpc_nivel_2`
--

CREATE TABLE `cpc_nivel_2` (
  `id` bigint(20) unsigned NOT NULL AUTO_INCREMENT,
  `user_id` int(10) unsigned DEFAULT NULL,
  `person_id` int(10) unsigned NOT NULL,
  `cpc_nivel_1_id` bigint(20) unsigned NOT NULL,
  `descripcion` varchar(191) COLLATE utf8mb4_unicode_ci NOT NULL,
  `habilitado` tinyint(1) NOT NULL DEFAULT '1',
  `created_at` timestamp NULL DEFAULT NULL,
  `updated_at` timestamp NULL DEFAULT NULL,
  `deleted_at` timestamp NULL DEFAULT NULL,
  PRIMARY KEY (`id`),
  KEY `cpc_nivel_2_person_id_foreign` (`person_id`),
  KEY `cpc_nivel_2_cpc_nivel_1_id_foreign` (`cpc_nivel_1_id`),
  CONSTRAINT `cpc_nivel_2_cpc_nivel_1_id_foreign` FOREIGN KEY (`cpc_nivel_1_id`) REFERENCES `cpc_nivel_1` (`id`),
  CONSTRAINT `cpc_nivel_2_person_id_foreign` FOREIGN KEY (`person_id`) REFERENCES `persons` (`id`)
) ENGINE=InnoDB DEFAULT CHARSET=utf8mb4 COLLATE=utf8mb4_unicode_ci;

--
-- Dumping data for table `cpc_nivel_2`
--


--
-- Table structure for table `cpc_nivel_2_details`
--

CREATE TABLE `cpc_nivel_2_details` (
  `id` bigint(20) unsigned NOT NULL AUTO_INCREMENT,
  `user_id` int(10) unsigned DEFAULT NULL,
  `person_id` int(10) unsigned NOT NULL,
  `cpc_nivel_2_id` bigint(20) unsigned NOT NULL,
  `cuenta_contable_id` int(10) unsigned NOT NULL,
  `created_at` timestamp NULL DEFAULT NULL,
  `updated_at` timestamp NULL DEFAULT NULL,
  `deleted_at` timestamp NULL DEFAULT NULL,
  PRIMARY KEY (`id`),
  KEY `cpc_nivel_2_details_person_id_foreign` (`person_id`),
  KEY `cpc_nivel_2_details_cpc_nivel_2_id_foreign` (`cpc_nivel_2_id`),
  KEY `cpc_nivel_2_details_cuenta_contable_id_foreign` (`cuenta_contable_id`),
  CONSTRAINT `cpc_nivel_2_details_cpc_nivel_2_id_foreign` FOREIGN KEY (`cpc_nivel_2_id`) REFERENCES `cpc_nivel_2` (`id`),
  CONSTRAINT `cpc_nivel_2_details_cuenta_contable_id_foreign` FOREIGN KEY (`cuenta_contable_id`) REFERENCES `conta_plan_cuenta` (`id`),
  CONSTRAINT `cpc_nivel_2_details_person_id_foreign` FOREIGN KEY (`person_id`) REFERENCES `persons` (`id`)
) ENGINE=InnoDB DEFAULT CHARSET=utf8mb4 COLLATE=utf8mb4_unicode_ci;

--
-- Dumping data for table `cpc_nivel_2_details`
--


--
-- Table structure for table `cpcuenta_types_tc`
--

CREATE TABLE `cpcuenta_types_tc` (
  `id` bigint(20) unsigned NOT NULL AUTO_INCREMENT,
  `user_id` int(10) unsigned DEFAULT NULL,
  `descripcion` text COLLATE utf8mb4_unicode_ci NOT NULL,
  `habilitado` tinyint(1) NOT NULL DEFAULT '1',
  `created_at` timestamp NULL DEFAULT NULL,
  `updated_at` timestamp NULL DEFAULT NULL,
  `deleted_at` timestamp NULL DEFAULT NULL,
  PRIMARY KEY (`id`)
) ENGINE=InnoDB AUTO_INCREMENT=8 DEFAULT CHARSET=utf8mb4 COLLATE=utf8mb4_unicode_ci;

--
-- Dumping data for table `cpcuenta_types_tc`
--

INSERT INTO `cpcuenta_types_tc` VALUES (1,NULL,'Ingresos No Gravados',1,NULL,NULL,NULL),(2,NULL,'Sueldos',1,NULL,NULL,NULL),(3,NULL,'Retenciones de Ganancias',1,NULL,NULL,NULL),(4,NULL,'Anticipos de Ganancias',1,NULL,NULL,NULL),(5,NULL,'Bienes Activados',1,NULL,NULL,NULL),(6,NULL,'Percepciones de IVA',1,NULL,NULL,NULL),(7,NULL,'Percepciones de IIBB',1,NULL,NULL,NULL);

--
-- Table structure for table `cta_cte_cliente`
--

CREATE TABLE `cta_cte_cliente` (
  `id` int(10) unsigned NOT NULL AUTO_INCREMENT,
  `user_id` int(10) unsigned DEFAULT NULL,
  `is_no_fiscal` tinyint(1) DEFAULT '0',
  `user_id_que_firma` int(10) unsigned DEFAULT NULL,
  `numero` bigint(20) DEFAULT NULL,
  `tipo_asiento_id` int(10) unsigned NOT NULL,
  `person_id` int(10) unsigned NOT NULL,
  `person_id_relationed` int(10) unsigned NOT NULL,
  `cta_cte_tesoreria_cuenta_id` int(10) unsigned DEFAULT NULL,
  `period_id` int(10) unsigned NOT NULL,
  `saldo_id` int(10) unsigned NOT NULL,
  `compensado` tinyint(1) NOT NULL DEFAULT '0',
  `fecha` date DEFAULT NULL,
  `fecha_vencimiento` date DEFAULT NULL,
  `total` decimal(16,2) NOT NULL,
  `moneda_id` int(10) unsigned NOT NULL DEFAULT '1',
  `cotizacion` decimal(9,2) NOT NULL DEFAULT '1.00',
  `comentario` varchar(191) COLLATE utf8mb4_unicode_ci DEFAULT NULL,
  `file` varchar(191) COLLATE utf8mb4_unicode_ci DEFAULT NULL,
  `user_cta_cte_id` int(10) unsigned DEFAULT NULL,
  `created_at` timestamp NULL DEFAULT NULL,
  `updated_at` timestamp NULL DEFAULT NULL,
  `deleted_at` timestamp NULL DEFAULT NULL,
  PRIMARY KEY (`id`),
  KEY `cta_cte_cliente_person_id_foreign` (`person_id`),
  KEY `cta_cte_cliente_person_id_relationed_foreign` (`person_id_relationed`),
  KEY `cta_cte_cliente_period_id_foreign` (`period_id`),
  KEY `cta_cte_cliente_saldo_id_foreign` (`saldo_id`),
  KEY `cta_cte_cliente_tipo_asiento_id_foreign` (`tipo_asiento_id`),
  KEY `cta_cte_cliente_cta_cte_tesoreria_cuenta_id_foreign` (`cta_cte_tesoreria_cuenta_id`),
  KEY `cta_cte_cliente_moneda_id_foreign` (`moneda_id`),
  CONSTRAINT `cta_cte_cliente_cta_cte_tesoreria_cuenta_id_foreign` FOREIGN KEY (`cta_cte_tesoreria_cuenta_id`) REFERENCES `cta_cte_tesoreria_cuentas` (`id`),
  CONSTRAINT `cta_cte_cliente_moneda_id_foreign` FOREIGN KEY (`moneda_id`) REFERENCES `monedas` (`id`),
  CONSTRAINT `cta_cte_cliente_period_id_foreign` FOREIGN KEY (`period_id`) REFERENCES `periods` (`id`),
  CONSTRAINT `cta_cte_cliente_person_id_foreign` FOREIGN KEY (`person_id`) REFERENCES `persons` (`id`),
  CONSTRAINT `cta_cte_cliente_person_id_relationed_foreign` FOREIGN KEY (`person_id_relationed`) REFERENCES `persons` (`id`),
  CONSTRAINT `cta_cte_cliente_saldo_id_foreign` FOREIGN KEY (`saldo_id`) REFERENCES `conta_tipo_saldos` (`id`),
  CONSTRAINT `cta_cte_cliente_tipo_asiento_id_foreign` FOREIGN KEY (`tipo_asiento_id`) REFERENCES `conta_tipo_asientos` (`id`)
) ENGINE=InnoDB AUTO_INCREMENT=12647 DEFAULT CHARSET=utf8mb4 COLLATE=utf8mb4_unicode_ci;

--
-- Dumping data for table `cta_cte_cliente`
--

INSERT INTO `cta_cte_cliente` VALUES (1,486,0,NULL,1,2,40717,8183,13,10,1,0,'2020-08-20','2020-08-20',10000.00,1,1.00,'Factura C N°: 0001-00000001',NULL,NULL,'2020-09-11 12:32:36','2020-10-02 20:43:29','2020-10-02 20:43:29'),(2,486,0,NULL,2,2,40717,35754,13,10,1,0,'2020-08-24','2020-08-24',5000.00,1,1.00,'Factura C N°: 0001-00000000',NULL,NULL,'2020-09-11 12:33:35','2020-10-02 20:43:25','2020-10-02 20:43:25'),(3,486,0,NULL,3,2,40722,40724,13,7575,1,0,'2020-01-15','2020-01-15',1000.00,1,1.00,'Factura C N°: 0001-00000050',NULL,NULL,'2020-09-17 20:39:29','2020-09-17 20:50:00','2020-09-17 20:50:00'),(4,486,0,NULL,4,2,40722,40723,13,7577,1,0,'2020-03-03','2020-03-03',10250.00,1,1.00,'Factura C N°: 0001-00000051',NULL,NULL,'2020-09-17 20:49:34','2020-09-17 20:49:34',NULL),(5,486,0,NULL,5,2,40722,40724,13,7575,1,0,'2020-01-15','2020-01-15',1000.00,1,1.00,'Factura C N°: 0001-00000050',NULL,NULL,'2020-09-17 20:50:00','2020-09-17 20:50:00',NULL),(6,486,0,NULL,6,2,40722,40725,13,7577,1,0,'2020-03-15','2020-03-15',10600.00,1,1.00,'Factura C N°: 0001-00000052',NULL,NULL,'2020-09-17 20:54:05','2020-10-15 16:41:43','2020-10-15 16:41:43'),(7,486,0,NULL,7,2,40722,40725,13,7577,1,0,'2020-03-16','2020-03-16',560.00,1,1.00,'Factura C N°: 0001-00000053',NULL,NULL,'2020-09-17 20:56:03','2020-10-15 16:42:16','2020-10-15 16:42:16'),(8,486,0,NULL,8,2,40726,40727,13,9087,1,0,'2020-09-30','2020-09-30',14400.00,1,1.00,'Factura C N°: 0003-00000001',NULL,NULL,'2020-10-06 19:46:34','2020-10-30 21:09:12','2020-10-30 21:09:12'),(9,486,0,NULL,9,2,40722,40725,13,7577,1,0,'2020-03-03','2020-03-03',10600.00,1,1.00,'Factura C N°: 0001-00000052',NULL,NULL,'2020-10-15 16:41:43','2020-10-15 16:41:43',NULL),(10,486,0,NULL,10,2,40722,40725,13,7577,1,0,'2020-03-04','2020-03-04',560.00,1,1.00,'Factura C N°: 0001-00000053',NULL,NULL,'2020-10-15 16:42:16','2020-10-15 16:42:16',NULL),(11,486,0,NULL,11,2,40722,40728,13,7578,1,0,'2020-04-20','2020-04-20',1200.00,1,1.00,'Factura C N°: 0001-00000054',NULL,NULL,'2020-10-15 16:46:14','2020-10-15 16:46:14',NULL),(12,486,0,NULL,12,2,40722,40723,13,7578,1,0,'2020-04-29','2020-04-29',5000.00,1,1.00,'Factura C N°: 0001-00000055',NULL,NULL,'2020-10-15 16:48:00','2020-10-15 16:48:00',NULL),(13,486,0,NULL,13,2,40722,40725,13,7580,1,0,'2020-06-12','2020-06-12',11200.00,1,1.00,'Factura C N°: 0001-00000056',NULL,NULL,'2020-10-15 16:50:51','2020-10-15 16:50:51',NULL),(14,486,0,NULL,14,2,40722,40723,13,7580,1,0,'2020-06-12','2020-06-12',8250.00,1,1.00,'Factura C N°: 0001-00000057',NULL,NULL,'2020-10-15 16:51:46','2020-10-15 16:51:46',NULL),(15,486,0,NULL,15,2,40722,40723,13,7581,1,0,'2020-07-13','2020-07-13',9300.00,1,1.00,'Factura C N°: 0001-00000058',NULL,NULL,'2020-10-15 16:52:33','2020-10-15 16:52:33',NULL),(16,486,0,NULL,16,2,40722,40723,13,7582,1,0,'2020-08-12','2020-08-12',29970.00,1,1.00,'Factura C N°: 0001-00000059',NULL,NULL,'2020-10-15 16:53:15','2020-10-15 16:53:15',NULL),(17,486,0,NULL,17,2,40722,40725,13,7583,1,0,'2020-09-10','2020-09-10',6000.00,1,1.00,'Factura C N°: 0001-00000060',NULL,NULL,'2020-10-15 16:54:17','2020-10-15 16:54:17',NULL),(18,486,0,NULL,18,2,40722,40725,13,7583,1,0,'2020-09-10','2020-09-10',1040.00,1,1.00,'Factura C N°: 0001-00000061',NULL,NULL,'2020-10-15 16:54:48','2020-10-15 16:54:48',NULL),(19,486,0,NULL,19,2,40722,40723,13,7583,1,0,'2020-09-10','2020-09-10',21850.00,1,1.00,'Factura C N°: 0001-00000062',NULL,NULL,'2020-10-15 16:55:40','2020-10-15 16:55:40',NULL),(20,486,0,NULL,20,2,40722,40729,13,7584,1,0,'2020-10-08','2020-10-08',5500.00,1,1.00,'Factura C N°: 0001-00000063',NULL,NULL,'2020-10-15 16:59:10','2020-10-15 16:59:10',NULL),(21,486,0,NULL,21,3,40726,40728,57,9087,2,0,'2020-09-14','2020-09-14',4143.64,1,1.00,'Factura B N°: 0001-00000001',NULL,NULL,'2020-10-16 11:49:47','2020-10-16 11:49:47',NULL),(22,486,0,NULL,22,3,40726,40728,57,9087,2,0,'2020-08-12','2020-08-12',13895.35,1,1.00,'Factura B N°: 0001-00000002',NULL,NULL,'2020-10-16 11:51:10','2020-10-16 11:52:16','2020-10-16 11:52:16');
INSERT INTO `cta_cte_cliente` VALUES (23,486,0,NULL,23,20,40726,40727,13,9087,2,0,'2020-09-30','2020-09-30',14400.00,1,1.00,'',NULL,NULL,'2020-10-19 19:43:24','2020-10-19 19:43:24',NULL),(24,486,0,NULL,24,2,40731,40729,13,10498,1,0,'2020-04-03','2020-04-03',17838.94,1,1.00,'Factura B N°: 0002-00077086',NULL,NULL,'2020-10-20 13:10:36','2020-10-20 13:10:36',NULL),(25,486,0,NULL,25,2,40731,40729,13,10501,1,0,'2020-07-01','2020-07-01',79300.00,1,1.00,'Factura B N°: 0002-00077952',NULL,NULL,'2020-10-20 13:12:30','2020-10-20 13:12:30',NULL),(26,486,0,NULL,26,2,40731,40729,13,10502,1,0,'2020-08-06','2020-08-06',27199.90,1,1.00,'Factura B N°: 0002-00078506',NULL,NULL,'2020-10-20 13:14:14','2020-10-20 13:14:14',NULL),(27,486,0,NULL,27,2,40731,40729,13,10502,1,0,'2020-08-18','2020-08-18',150770.00,1,1.00,'Factura B N°: 0002-00078563',NULL,NULL,'2020-10-20 13:15:58','2020-10-20 13:15:58',NULL),(28,486,0,NULL,28,2,40731,40729,13,10503,1,0,'2020-09-01','2020-09-01',28365.61,1,1.00,'Factura B N°: 0002-00078851',NULL,NULL,'2020-10-20 13:16:54','2020-10-20 13:16:54',NULL),(29,486,0,NULL,29,2,40731,40729,13,10503,1,0,'2020-09-03','2020-09-03',29800.00,1,1.00,'Factura B N°: 0002-00078911',NULL,NULL,'2020-10-20 13:17:54','2020-10-20 13:17:54',NULL),(30,486,0,NULL,30,2,40731,40729,13,10503,1,0,'2020-09-17','2020-09-17',51714.11,1,1.00,'Factura B N°: 0002-00079101',NULL,NULL,'2020-10-20 13:19:04','2020-10-20 13:19:04',NULL),(31,486,0,NULL,31,2,40731,40729,13,10504,1,0,'2020-10-06','2020-10-06',29919.89,1,1.00,'Factura B N°: 0002-00079232',NULL,NULL,'2020-10-20 13:20:05','2020-10-20 13:20:05',NULL),(32,486,0,NULL,32,2,40731,40729,13,10504,1,0,'2020-10-06','2020-10-06',10221.40,1,1.00,'Factura B N°: 0002-00079292',NULL,NULL,'2020-10-20 13:20:47','2020-10-20 13:20:47',NULL),(33,486,0,NULL,33,2,40731,40729,13,10504,1,0,'2020-10-15','2020-10-15',53930.43,1,1.00,'Factura B N°: 0002-00079414',NULL,NULL,'2020-10-20 13:21:37','2020-10-20 13:21:37',NULL),(34,486,0,NULL,34,2,40731,40729,13,12321,1,0,'2019-12-09','2019-12-09',17838.94,1,1.00,'Factura B N°: 0002-00074452',NULL,NULL,'2020-10-21 12:32:05','2020-10-21 12:32:05',NULL),(35,486,0,NULL,35,2,40731,40729,13,12321,1,0,'2019-11-20','2019-11-20',16128.84,1,1.00,'Factura B N°: 0002-00074162',NULL,NULL,'2020-10-21 12:34:59','2020-10-21 12:38:50','2020-10-21 12:38:50'),(36,486,0,NULL,36,2,40731,40729,13,12321,1,0,'2019-11-15','2019-11-15',12499.85,1,1.00,'Factura B N°: 0002-00074075',NULL,NULL,'2020-10-21 12:37:49','2020-10-21 12:39:02','2020-10-21 12:39:02'),(37,486,0,NULL,37,2,40731,40729,13,12320,1,0,'2019-11-20','2019-11-20',16128.84,1,1.00,'Factura B N°: 0002-00074162',NULL,NULL,'2020-10-21 12:38:50','2020-10-21 12:38:50',NULL),(38,486,0,NULL,38,2,40731,40729,13,12320,1,0,'2019-11-15','2019-11-15',12499.85,1,1.00,'Factura B N°: 0002-00074075',NULL,NULL,'2020-10-21 12:39:02','2020-10-21 12:39:02',NULL),(39,1179,0,NULL,39,2,40722,40733,13,7584,1,0,'2020-10-14','2020-10-14',2600.00,1,1.00,'Factura C N°: 0001-00000064',NULL,NULL,'2020-10-23 19:56:26','2020-10-23 19:56:26',NULL),(40,1179,0,NULL,40,2,40722,40734,13,7584,1,0,'2020-10-17','2020-10-17',2000.00,1,1.00,'Factura C N°: 0001-00000065',NULL,NULL,'2020-10-23 19:58:14','2020-10-23 19:58:14',NULL),(41,1179,0,NULL,41,2,40722,40723,13,7584,1,0,'2020-10-23','2020-10-23',19900.00,1,1.00,'Factura C N°: 0001-00000066',NULL,NULL,'2020-10-23 19:59:14','2020-10-23 19:59:14',NULL),(42,486,0,NULL,42,2,40726,40727,13,9087,1,0,'2020-09-30','2020-09-30',14400.00,1,1.00,'Factura C N°: 0003-00000001',NULL,NULL,'2020-10-30 21:09:12','2020-10-30 21:09:12',NULL),(43,486,0,NULL,43,2,40726,40727,13,9088,1,0,'2020-10-31','2020-10-31',18000.00,1,1.00,'Factura C N°: 0003-00000002',NULL,NULL,'2020-11-02 13:23:09','2020-11-02 13:34:06','2020-11-02 13:34:06'),(44,486,0,NULL,44,2,40726,40735,13,9088,1,0,'2020-10-19','2020-10-19',1000.02,1,1.00,'Factura C N°: 0002-00000128',NULL,NULL,'2020-11-02 13:33:52','2020-11-02 13:33:52',NULL);
INSERT INTO `cta_cte_cliente` VALUES (45,486,0,NULL,45,2,40726,40727,13,9088,1,0,'2020-10-31','2020-10-31',18000.00,1,1.00,'Factura C N°: 0003-00000002',NULL,NULL,'2020-11-02 13:34:06','2020-11-02 13:34:06',NULL),(46,486,0,NULL,46,3,40736,40737,57,12322,2,0,'2020-10-02','2020-10-02',1200.00,1,1.00,'Factura B N°: 0003-00002570',NULL,NULL,'2020-11-03 20:35:05','2020-11-03 20:35:05',NULL),(47,486,0,NULL,47,3,40736,40738,57,12322,2,0,'2020-10-13','2020-10-13',5050.00,1,1.00,'Factura C N°: 0002-00001914',NULL,NULL,'2020-11-03 20:35:05','2020-11-03 20:35:05',NULL),(48,486,0,NULL,48,3,40736,40737,57,12322,2,0,'2020-10-19','2020-10-19',9350.00,1,1.00,'Factura B N°: 0003-00002599',NULL,NULL,'2020-11-03 20:35:05','2020-11-03 20:35:05',NULL),(49,486,0,NULL,49,3,40736,40739,57,12322,2,0,'2020-10-19','2020-10-19',1780000.00,1,1.00,'Factura B N°: 0024-00001940',NULL,NULL,'2020-11-03 20:35:05','2020-11-03 20:40:52','2020-11-03 20:40:52'),(50,486,0,NULL,50,3,40736,40740,57,12322,2,0,'2020-10-23','2020-10-23',1560.00,1,1.00,'Factura C N°: 0006-00000969',NULL,NULL,'2020-11-03 20:35:05','2020-11-03 20:35:05',NULL),(51,486,0,NULL,51,3,40736,40728,57,12322,2,0,'2020-10-28','2020-10-28',1180.00,1,1.00,'Factura B N°: 0017-00473170',NULL,NULL,'2020-11-03 20:35:05','2020-11-03 20:35:05',NULL),(52,486,0,NULL,52,3,40736,40728,57,12322,2,0,'2020-10-28','2020-10-28',1334.99,1,1.00,'Factura B N°: 0037-00444976',NULL,NULL,'2020-11-03 20:35:05','2020-11-03 20:35:05',NULL),(53,486,0,NULL,53,2,40736,40740,13,12322,1,0,'2020-10-19','2020-10-19',7569.27,1,1.00,'Factura C N°: 0002-00000135',NULL,NULL,'2020-11-03 20:35:20','2020-11-03 20:35:20',NULL),(54,486,0,NULL,54,2,40736,40741,13,12322,1,0,'2020-10-27','2020-10-27',5100.00,1,1.00,'Factura C N°: 0002-00000136',NULL,NULL,'2020-11-03 20:35:20','2020-11-03 20:35:20',NULL),(55,486,0,NULL,55,2,40736,40742,13,12322,1,0,'2020-10-27','2020-10-27',1600.00,1,1.00,'Factura C N°: 0002-00000137',NULL,NULL,'2020-11-03 20:35:20','2020-11-03 20:35:20',NULL),(56,486,0,NULL,56,2,40736,40743,13,12322,1,0,'2020-10-27','2020-10-27',5000.00,1,1.00,'Factura C N°: 0002-00000138',NULL,NULL,'2020-11-03 20:35:20','2020-11-03 20:35:20',NULL),(57,486,0,NULL,57,3,40736,40739,57,12322,2,0,'2020-10-19','2020-10-19',1780000.00,1,1.00,'Factura B N°: 0024-00001940',NULL,NULL,'2020-11-03 20:40:52','2020-11-03 20:40:52',NULL),(58,486,0,NULL,58,3,40726,40728,57,9088,2,0,'2020-10-09','2020-10-09',999.99,1,1.00,'Factura B N°: 0033-00004107',NULL,NULL,'2020-11-16 21:46:57','2020-11-16 21:46:57',NULL),(59,486,0,NULL,59,3,40726,40728,57,9088,2,0,'2020-10-15','2020-10-15',500.00,1,1.00,'Factura B N°: 0032-00009570',NULL,NULL,'2020-11-16 21:46:57','2020-11-16 21:46:57',NULL),(60,486,0,NULL,60,3,40726,40745,57,9088,2,0,'2020-10-28','2020-10-28',3688.21,1,1.00,'Factura B N°: 0007-00000258',NULL,NULL,'2020-11-16 21:46:57','2020-11-16 21:46:57',NULL),(61,486,0,NULL,61,3,40726,40746,57,9088,2,0,'2020-10-28','2020-10-28',6174.41,1,1.00,'Factura B N°: 0005-00001391',NULL,NULL,'2020-11-16 21:46:57','2020-11-16 21:46:57',NULL),(62,486,0,NULL,62,3,40726,40728,57,9088,2,0,'2020-10-28','2020-10-28',250.00,1,1.00,'Factura B N°: 0037-00447047',NULL,NULL,'2020-11-16 21:46:57','2020-11-16 21:46:57',NULL),(63,486,0,NULL,63,2,40736,40748,13,12323,1,0,'2020-11-05','2020-11-05',4600.00,1,1.00,'Factura C N°: 0002-00000139',NULL,NULL,'2020-12-04 20:46:27','2020-12-04 20:46:27',NULL),(64,486,0,NULL,64,2,40736,40749,13,12323,1,0,'2020-11-05','2020-11-05',1500.00,1,1.00,'Factura C N°: 0002-00000140',NULL,NULL,'2020-12-04 20:46:27','2020-12-04 20:46:27',NULL),(65,486,0,NULL,65,2,40736,40750,13,12323,1,0,'2020-11-10','2020-11-10',40000.00,1,1.00,'Factura C N°: 0002-00000141',NULL,NULL,'2020-12-04 20:46:27','2020-12-04 20:46:27',NULL),(66,486,0,NULL,66,3,40736,40737,57,12323,2,0,'2020-11-03','2020-11-03',16500.00,1,1.00,'Factura B N°: 0003-00002614',NULL,NULL,'2020-12-04 20:46:39','2020-12-04 20:46:39',NULL);
INSERT INTO `cta_cte_cliente` VALUES (67,486,0,NULL,67,3,40736,40717,57,12323,2,0,'2020-11-20','2020-11-20',1500.00,1,1.00,'Factura C N°: 0001-00000001',NULL,NULL,'2020-12-04 20:46:39','2020-12-04 20:46:39',NULL),(68,486,0,NULL,68,3,40736,40740,57,12323,2,0,'2020-11-25','2020-11-25',14578.00,1,1.00,'Factura C N°: 0006-00001010',NULL,NULL,'2020-12-04 20:46:39','2020-12-04 20:46:39',NULL),(69,486,0,NULL,69,3,40736,40728,57,12323,2,0,'2020-11-26','2020-11-26',1334.99,1,1.00,'Factura B N°: 0037-00455083',NULL,NULL,'2020-12-04 20:46:39','2020-12-04 20:46:39',NULL),(70,486,0,NULL,70,3,40736,40728,57,12323,2,0,'2020-11-26','2020-11-26',1180.00,1,1.00,'Factura B N°: 0017-00477791',NULL,NULL,'2020-12-04 20:46:39','2020-12-04 20:46:39',NULL),(71,486,0,NULL,71,2,40722,1989,13,7585,1,0,'2020-11-17','2020-11-17',8000.00,1,1.00,'Factura C N°: 0001-00000067',NULL,NULL,'2020-12-10 13:02:27','2020-12-10 13:02:27',NULL),(72,486,0,NULL,72,2,40722,40725,13,7585,1,0,'2020-11-25','2020-11-25',16700.00,1,1.00,'Factura C N°: 0001-00000068',NULL,NULL,'2020-12-10 13:02:27','2020-12-10 13:02:27',NULL),(73,486,0,NULL,73,2,40722,40725,13,7585,1,0,'2020-11-25','2020-11-25',19440.00,1,1.00,'Factura C N°: 0001-00000069',NULL,NULL,'2020-12-10 13:02:27','2020-12-10 13:02:27',NULL),(74,486,0,NULL,74,3,40722,40751,57,7585,2,0,'2020-11-02','2020-11-02',780.00,1,1.00,'Factura B N°: 1971-00011976',NULL,NULL,'2020-12-10 13:02:46','2020-12-10 13:02:46',NULL),(75,486,0,NULL,75,3,40722,1297,57,7585,2,0,'2020-11-10','2020-11-10',222.78,1,1.00,'Factura B N°: 0026-02634923',NULL,NULL,'2020-12-10 13:02:46','2020-12-10 13:02:46',NULL),(76,486,0,NULL,76,3,40722,40752,57,7585,2,0,'2020-11-15','2020-11-15',51660.00,1,1.00,'Factura B N°: 0001-00000949',NULL,NULL,'2020-12-10 13:02:47','2020-12-10 13:02:47',NULL),(77,486,0,NULL,77,3,40722,40753,57,7585,2,0,'2020-11-27','2020-11-27',4095.99,1,1.00,'Factura B N°: 0011-00001895',NULL,NULL,'2020-12-10 13:02:47','2020-12-10 13:02:47',NULL),(78,486,0,NULL,78,3,40722,40751,57,7583,2,0,'2020-09-04','2020-09-04',580.00,1,1.00,'Factura B N°: 1971-00011507',NULL,NULL,'2020-12-10 13:03:11','2020-12-10 13:03:11',NULL),(79,486,0,NULL,79,3,40722,40755,57,7583,2,0,'2020-09-12','2020-09-12',949.99,1,1.00,'Factura B N°: 0005-00030940',NULL,NULL,'2020-12-10 13:03:11','2020-12-10 13:03:11',NULL),(80,486,0,NULL,80,3,40722,40756,57,7583,2,0,'2020-09-12','2020-09-12',900.00,1,1.00,'Factura B N°: 0003-00002555',NULL,NULL,'2020-12-10 13:03:11','2020-12-10 13:03:11',NULL),(81,486,0,NULL,81,3,40722,40751,57,7583,2,0,'2020-09-25','2020-09-25',590.00,1,1.00,'Factura B N°: 1971-00011674',NULL,NULL,'2020-12-10 13:03:11','2020-12-10 13:03:11',NULL),(82,486,0,NULL,82,3,40722,40752,57,7583,2,0,'2020-09-26','2020-09-26',26990.00,1,1.00,'Factura B N°: 0001-00000673',NULL,NULL,'2020-12-10 13:03:11','2020-12-10 13:03:11',NULL),(83,486,0,NULL,83,3,40722,40757,57,7582,2,0,'2020-08-09','2020-08-09',2094.99,1,1.00,'Factura B N°: 0012-00009149',NULL,NULL,'2020-12-10 13:03:23','2020-12-10 13:03:23',NULL),(84,486,0,NULL,84,3,40722,40758,57,7582,2,0,'2020-08-12','2020-08-12',21117.00,1,1.00,'Factura B N°: 0004-00000570',NULL,NULL,'2020-12-10 13:03:23','2020-12-10 13:03:23',NULL),(85,486,0,NULL,85,3,40722,3446,57,7582,2,0,'2020-08-14','2020-08-14',6800.00,1,1.00,'Factura B N°: 0009-00001303',NULL,NULL,'2020-12-10 13:03:23','2020-12-10 13:03:23',NULL),(86,486,0,NULL,86,3,40722,40759,57,7582,2,0,'2020-08-26','2020-08-26',21900.00,1,1.00,'Factura B N°: 0005-00000861',NULL,NULL,'2020-12-10 13:03:23','2020-12-10 13:03:23',NULL),(87,486,0,NULL,87,3,40722,40760,57,7581,2,0,'2020-07-15','2020-07-15',2940.00,1,1.00,'Factura B N°: 0005-00025640',NULL,NULL,'2020-12-10 13:03:33','2020-12-10 13:03:33',NULL),(88,486,0,NULL,88,3,40722,40751,57,7581,2,0,'2020-07-18','2020-07-18',790.00,1,1.00,'Factura B N°: 1971-00011179',NULL,NULL,'2020-12-10 13:03:33','2020-12-10 13:03:33',NULL);
INSERT INTO `cta_cte_cliente` VALUES (89,486,0,NULL,89,3,40722,40761,57,7581,2,0,'2020-07-19','2020-07-19',23465.00,1,1.00,'Factura C N°: 0002-00000443',NULL,NULL,'2020-12-10 13:03:33','2020-12-10 13:03:33',NULL),(90,486,0,NULL,90,3,40722,40762,57,7580,2,0,'2020-06-10','2020-06-10',8907.66,1,1.00,'Factura B N°: 0009-00092314',NULL,NULL,'2020-12-10 13:03:44','2020-12-10 13:03:44',NULL),(91,486,0,NULL,91,3,40722,34435,57,7580,2,0,'2020-06-16','2020-06-16',3699.00,1,1.00,'Factura B N°: 0001-00214325',NULL,NULL,'2020-12-10 13:03:44','2020-12-10 13:03:44',NULL),(92,486,0,NULL,92,3,40722,40752,57,7580,2,0,'2020-06-28','2020-06-28',8280.00,1,1.00,'Factura B N°: 0001-00000159',NULL,NULL,'2020-12-10 13:03:44','2020-12-10 13:03:44',NULL),(93,486,0,NULL,93,3,40722,40763,57,7580,2,0,'2020-06-30','2020-06-30',5890.00,1,1.00,'Factura B N°: 0005-00208914',NULL,NULL,'2020-12-10 13:03:44','2020-12-10 13:03:44',NULL),(94,486,0,NULL,94,3,40722,40751,57,7580,2,0,'2020-06-30','2020-06-30',646.65,1,1.00,'Factura B N°: 1971-00011054',NULL,NULL,'2020-12-10 13:03:44','2020-12-10 13:03:44',NULL),(95,486,0,NULL,95,3,40722,8240,57,7578,2,0,'2020-04-01','2020-04-01',750.00,1,1.00,'Factura B N°: 1043-26988328',NULL,NULL,'2020-12-10 13:03:55','2020-12-10 13:03:55',NULL),(96,486,0,NULL,96,3,40722,8240,57,7577,2,0,'2020-03-01','2020-03-01',630.00,1,1.00,'Factura B N°: 1043-21476749',NULL,NULL,'2020-12-10 13:04:08','2020-12-10 13:04:08',NULL),(97,486,0,NULL,97,3,40722,40764,57,7577,2,0,'2020-03-18','2020-03-18',2444.76,1,1.00,'Factura B N°: 0002-00000685',NULL,NULL,'2020-12-10 13:04:08','2020-12-10 13:04:08',NULL),(98,486,0,NULL,98,3,40722,8240,57,7576,2,0,'2020-02-01','2020-02-01',630.00,1,1.00,'Factura B N°: 1043-15782863',NULL,NULL,'2020-12-10 13:04:18','2020-12-10 13:04:18',NULL),(99,486,0,NULL,99,3,40722,40765,57,7576,2,0,'2020-02-28','2020-02-28',1667.00,1,1.00,'Factura B N°: 0005-00059836',NULL,NULL,'2020-12-10 13:04:18','2020-12-10 13:04:18',NULL),(100,486,0,NULL,100,3,40722,8240,57,7575,2,0,'2020-01-01','2020-01-01',630.00,1,1.00,'Factura B N°: 1043-10163064',NULL,NULL,'2020-12-10 13:04:30','2020-12-10 13:04:30',NULL),(101,486,0,NULL,101,2,40717,40736,13,13,1,0,'2020-11-20','2020-11-20',1500.00,1,1.00,'Factura C N°: 0001-00000001',NULL,NULL,'2020-12-16 19:13:18','2020-12-16 19:13:18',NULL),(102,486,0,NULL,102,2,40717,40726,13,13,1,0,'2020-11-20','2020-11-20',2000.00,1,1.00,'Factura C N°: 0001-00000002',NULL,NULL,'2020-12-16 19:13:18','2020-12-16 19:13:18',NULL),(103,486,0,NULL,103,3,40717,2648,57,13,2,0,'2020-11-01','2020-11-01',5681.71,1,1.00,'Factura C N°: 0100-00186544',NULL,NULL,'2020-12-16 19:13:28','2020-12-16 19:13:28',NULL),(104,486,0,NULL,104,3,40717,40766,57,13,2,0,'2020-11-29','2020-11-29',3375.00,1,1.00,'Factura B N°: 0001-00000211',NULL,NULL,'2020-12-16 19:13:28','2020-12-16 19:13:28',NULL),(105,486,0,NULL,105,2,40726,40767,13,9089,1,0,'2020-11-03','2020-11-03',6000.00,1,1.00,'Factura C N°: 0004-00000001',NULL,NULL,'2020-12-17 12:38:56','2020-12-17 12:38:56',NULL),(106,486,0,NULL,106,2,40726,40727,13,9089,1,0,'2020-11-30','2020-11-30',18000.00,1,1.00,'Factura C N°: 0003-00000003',NULL,NULL,'2020-12-17 12:38:56','2020-12-17 12:38:56',NULL),(107,486,0,NULL,107,3,40726,40717,57,9089,2,0,'2020-11-20','2020-11-20',2000.00,1,1.00,'Factura C N°: 0001-00000002',NULL,NULL,'2020-12-17 12:39:06','2020-12-17 12:39:06',NULL),(108,486,0,NULL,108,3,40726,40728,57,9089,2,0,'2020-11-26','2020-11-26',250.00,1,1.00,'Factura B N°: 0037-00457148',NULL,NULL,'2020-12-17 12:39:06','2020-12-17 12:39:06',NULL),(109,486,0,NULL,109,2,40722,40725,13,7586,1,0,'2020-12-10','2020-12-10',8640.00,1,1.00,'Factura C N°: 0001-00000070',NULL,NULL,'2021-01-07 18:49:51','2021-01-07 18:49:51',NULL),(110,486,0,NULL,110,2,40722,1989,13,7586,1,0,'2020-12-14','2020-12-14',7800.00,1,1.00,'Factura C N°: 0001-00000071',NULL,NULL,'2021-01-07 18:49:51','2021-01-07 18:49:51',NULL);
INSERT INTO `cta_cte_cliente` VALUES (111,486,0,NULL,111,2,40722,1989,13,7586,1,0,'2020-12-14','2020-12-14',1500.00,1,1.00,'Factura C N°: 0001-00000072',NULL,NULL,'2021-01-07 18:49:51','2021-01-07 18:49:51',NULL),(112,486,0,NULL,112,2,40722,1989,13,7586,1,0,'2020-12-14','2020-12-14',1300.00,1,1.00,'Factura C N°: 0001-00000073',NULL,NULL,'2021-01-07 18:49:51','2021-01-07 18:49:51',NULL),(113,486,0,NULL,113,2,40722,40725,13,7586,1,0,'2020-12-15','2020-12-15',11400.00,1,1.00,'Factura C N°: 0001-00000074',NULL,NULL,'2021-01-07 18:49:51','2021-01-07 18:49:51',NULL),(114,486,0,NULL,114,2,40722,40723,13,7586,1,0,'2020-12-17','2020-12-17',17750.00,1,1.00,'Factura C N°: 0001-00000075',NULL,NULL,'2021-01-07 18:49:51','2021-01-07 18:49:51',NULL),(115,486,0,NULL,115,2,40722,1989,13,7586,1,0,'2020-12-29','2020-12-29',3450.00,1,1.00,'Factura C N°: 0001-00000076',NULL,NULL,'2021-01-07 18:49:51','2021-01-07 18:49:51',NULL),(116,486,0,NULL,116,2,40722,1989,13,7586,1,0,'2020-12-29','2020-12-29',1400.00,1,1.00,'Factura C N°: 0001-00000077',NULL,NULL,'2021-01-07 18:49:51','2021-01-07 18:49:51',NULL),(117,486,0,NULL,117,2,40722,1989,13,7586,1,0,'2020-12-29','2020-12-29',1500.00,1,1.00,'Factura C N°: 0001-00000078',NULL,NULL,'2021-01-07 18:49:51','2021-01-07 18:49:51',NULL),(118,486,0,NULL,118,2,40722,40725,13,7586,1,0,'2020-12-29','2020-12-29',8440.00,1,1.00,'Factura C N°: 0001-00000079',NULL,NULL,'2021-01-07 18:49:51','2021-01-07 18:49:51',NULL),(119,486,0,NULL,119,2,40722,40729,13,7586,1,0,'2020-12-29','2020-12-29',3688.00,1,1.00,'Factura C N°: 0001-00000080',NULL,NULL,'2021-01-07 18:49:51','2021-01-07 18:49:51',NULL),(120,486,0,NULL,120,3,40722,40768,57,7586,2,0,'2020-12-04','2020-12-04',6458.94,1,1.00,'Factura B N°: 0020-00026012',NULL,NULL,'2021-01-07 18:50:03','2021-01-07 18:50:03',NULL),(121,486,0,NULL,121,3,40722,1297,57,7586,2,0,'2020-12-10','2020-12-10',2868.99,1,1.00,'Factura B N°: 0031-00476877',NULL,NULL,'2021-01-07 18:50:03','2021-01-07 18:50:03',NULL),(122,486,0,NULL,122,3,40722,40761,57,7586,1,0,'2020-12-23','2020-12-23',30910.00,1,1.00,'Nota de crédito C N°: 0002-00000004',NULL,NULL,'2021-01-07 18:50:03','2021-01-07 18:50:03',NULL),(123,486,0,NULL,123,3,40722,40761,57,7586,2,0,'2020-12-23','2020-12-23',30910.00,1,1.00,'Factura C N°: 0002-00000532',NULL,NULL,'2021-01-07 18:50:03','2021-01-07 18:50:03',NULL),(124,486,0,NULL,124,3,40722,40751,57,7586,2,0,'2020-12-23','2020-12-23',790.00,1,1.00,'Factura B N°: 1971-00012413',NULL,NULL,'2021-01-07 18:50:03','2021-01-07 18:50:03',NULL),(125,486,0,NULL,125,3,40722,40761,57,7586,2,0,'2020-12-28','2020-12-28',31500.00,1,1.00,'Factura C N°: 0002-00000536',NULL,NULL,'2021-01-07 18:50:03','2021-01-07 18:50:03',NULL),(126,486,0,NULL,126,3,40722,40752,57,7586,2,0,'2020-12-28','2020-12-28',2520.00,1,1.00,'Factura B N°: 0001-00001186',NULL,NULL,'2021-01-07 18:50:03','2021-01-07 18:50:03',NULL),(127,486,0,NULL,127,3,40722,1297,57,7586,2,0,'2020-12-29','2020-12-29',39999.00,1,1.00,'Factura B N°: 0031-00515656',NULL,NULL,'2021-01-07 18:50:03','2021-01-07 18:50:03',NULL),(128,486,0,NULL,128,3,40736,40737,57,12324,2,0,'2020-12-03','2020-12-03',12750.00,1,1.00,'Factura B N°: 0003-00002645',NULL,NULL,'2021-01-08 20:27:01','2021-01-08 20:27:01',NULL),(129,486,0,NULL,129,3,40736,40717,57,12324,2,0,'2020-12-21','2020-12-21',1500.00,1,1.00,'Factura C N°: 0001-00000005',NULL,NULL,'2021-01-08 20:27:01','2021-01-08 20:27:01',NULL),(130,486,0,NULL,130,3,40736,40769,57,12324,2,0,'2020-12-22','2020-12-22',20000.00,1,1.00,'Factura B N°: 0001-00000160',NULL,NULL,'2021-01-08 20:27:01','2021-01-08 20:27:01',NULL),(131,486,0,NULL,131,3,40736,40740,57,12324,2,0,'2020-12-28','2020-12-28',13162.00,1,1.00,'Factura C N°: 0006-00001083',NULL,NULL,'2021-01-08 20:27:01','2021-01-08 20:27:01',NULL),(132,486,0,NULL,132,3,40736,40728,57,12324,2,0,'2020-12-29','2020-12-29',1180.00,1,1.00,'Factura B N°: 0017-00482448',NULL,NULL,'2021-01-08 20:27:01','2021-01-08 20:27:01',NULL);
INSERT INTO `cta_cte_cliente` VALUES (133,486,0,NULL,133,3,40736,40728,57,12324,2,0,'2020-12-29','2020-12-29',1334.99,1,1.00,'Factura B N°: 0037-00465199',NULL,NULL,'2021-01-08 20:27:01','2021-01-08 20:27:01',NULL),(134,486,0,NULL,134,3,40736,40770,57,12324,2,0,'2020-12-31','2020-12-31',2300.00,1,1.00,'Factura C N°: 0004-00000264',NULL,NULL,'2021-01-08 20:27:01','2021-01-08 20:27:01',NULL),(135,486,0,NULL,135,2,40736,40771,13,12324,1,0,'2020-12-09','2020-12-09',6000.00,1,1.00,'Factura C N°: 0002-00000142',NULL,NULL,'2021-01-08 20:27:12','2021-01-08 20:27:12',NULL),(136,486,0,NULL,136,2,40736,40772,13,12324,1,0,'2020-12-09','2020-12-09',5600.00,1,1.00,'Factura C N°: 0002-00000143',NULL,NULL,'2021-01-08 20:27:12','2021-01-08 20:27:12',NULL),(137,486,0,NULL,137,2,40736,40743,13,12324,1,0,'2020-12-10','2020-12-10',8000.00,1,1.00,'Factura C N°: 0002-00000144',NULL,NULL,'2021-01-08 20:27:12','2021-01-08 20:27:12',NULL),(138,486,0,NULL,138,2,40736,40773,13,12324,1,0,'2020-12-22','2020-12-22',11600.00,1,1.00,'Factura C N°: 0002-00000145',NULL,NULL,'2021-01-08 20:27:12','2021-01-08 20:27:12',NULL),(139,486,0,NULL,139,2,40736,40774,13,12324,1,0,'2020-12-28','2020-12-28',5000.00,1,1.00,'Factura C N°: 0002-00000146',NULL,NULL,'2021-01-08 20:27:12','2021-01-08 20:27:12',NULL),(140,486,0,NULL,140,2,40736,40740,13,12324,1,0,'2020-12-28','2020-12-28',53952.35,1,1.00,'Factura C N°: 0002-00000147',NULL,NULL,'2021-01-08 20:27:12','2021-01-08 20:27:12',NULL),(141,486,0,NULL,141,2,40736,40740,13,12324,1,0,'2020-12-29','2020-12-29',79577.96,1,1.00,'Factura C N°: 0002-00000148',NULL,NULL,'2021-01-08 20:27:12','2021-01-08 20:27:12',NULL),(142,486,0,NULL,142,2,40736,40740,13,12324,1,0,'2020-12-29','2020-12-29',22379.52,1,1.00,'Factura C N°: 0002-00000149',NULL,NULL,'2021-01-08 20:27:12','2021-01-08 20:27:12',NULL),(143,486,0,NULL,143,2,40717,40732,13,14,1,0,'2020-12-21','2020-12-21',1500.00,1,1.00,'Factura C N°: 0001-00000003',NULL,NULL,'2021-01-11 19:57:30','2021-01-11 19:57:30',NULL),(144,486,0,NULL,144,2,40717,40726,13,14,1,0,'2020-12-21','2020-12-21',1000.00,1,1.00,'Factura C N°: 0001-00000004',NULL,NULL,'2021-01-11 19:57:30','2021-01-11 19:57:30',NULL),(145,486,0,NULL,145,2,40717,40736,13,14,1,0,'2020-12-21','2020-12-21',1500.00,1,1.00,'Factura C N°: 0001-00000005',NULL,NULL,'2021-01-11 19:57:30','2021-01-11 19:57:30',NULL),(146,486,0,NULL,146,3,40717,2648,57,14,2,0,'2020-12-01','2020-12-01',6581.71,1,1.00,'Factura C N°: 0100-00247948',NULL,NULL,'2021-01-11 19:57:41','2021-01-11 19:57:41',NULL),(147,486,0,NULL,147,3,40717,40775,57,14,2,0,'2020-12-15','2020-12-15',3541.28,1,1.00,'Factura B N°: 0005-00927528',NULL,NULL,'2021-01-11 19:57:41','2021-01-11 19:57:41',NULL),(148,486,0,NULL,148,3,40717,40766,57,14,2,0,'2020-12-29','2020-12-29',3375.00,1,1.00,'Factura B N°: 0001-00000270',NULL,NULL,'2021-01-11 19:57:41','2021-01-11 19:57:41',NULL),(149,486,0,NULL,149,2,40726,40732,13,9090,1,0,'2020-12-21','2020-12-21',1500.00,1,1.00,'Factura C N°: 0001-00000003',NULL,NULL,'2021-01-11 20:11:20','2021-01-15 12:47:32','2021-01-15 12:47:32'),(150,486,0,NULL,150,2,40726,40726,13,9090,1,0,'2020-12-21','2020-12-21',1000.00,1,1.00,'Factura C N°: 0001-00000004',NULL,NULL,'2021-01-11 20:11:20','2021-01-15 12:47:40','2021-01-15 12:47:40'),(151,486,0,NULL,151,2,40726,40736,13,9090,1,0,'2020-12-21','2020-12-21',1500.00,1,1.00,'Factura C N°: 0001-00000005',NULL,NULL,'2021-01-11 20:11:20','2021-01-15 12:47:49','2021-01-15 12:47:49'),(152,486,0,NULL,152,3,40726,2648,57,9090,2,0,'2020-12-01','2020-12-01',6581.71,1,1.00,'Factura C N°: 0100-00247948',NULL,NULL,'2021-01-11 20:11:30','2021-01-15 12:49:28','2021-01-15 12:49:28'),(153,486,0,NULL,153,3,40726,40775,57,9090,2,0,'2020-12-15','2020-12-15',3541.28,1,1.00,'Factura B N°: 0005-00927528',NULL,NULL,'2021-01-11 20:11:30','2021-01-15 12:49:18','2021-01-15 12:49:18'),(154,486,0,NULL,154,3,40726,40766,57,9090,2,0,'2020-12-29','2020-12-29',3375.00,1,1.00,'Factura B N°: 0001-00000270',NULL,NULL,'2021-01-11 20:11:30','2021-01-15 12:49:09','2021-01-15 12:49:09');
INSERT INTO `cta_cte_cliente` VALUES (155,486,0,NULL,155,3,40732,40776,57,12008,1,0,'2020-12-02','2020-12-02',933.00,1,1.00,'Nota de crédito B N°: 0024-00280367',NULL,NULL,'2021-01-14 18:00:42','2021-01-14 18:00:42',NULL),(156,486,0,NULL,156,3,40732,40776,57,12008,2,0,'2020-12-11','2020-12-11',52.69,1,1.00,'Nota de débito B N°: 0024-00256752',NULL,NULL,'2021-01-14 18:00:42','2021-01-14 18:00:42',NULL),(157,486,0,NULL,157,3,40732,40777,57,12008,2,0,'2020-12-12','2020-12-12',12911.99,1,1.00,'Factura B N°: 0003-00007505',NULL,NULL,'2021-01-14 18:00:42','2021-01-14 18:00:42',NULL),(158,486,0,NULL,158,3,40732,40717,57,12008,2,0,'2020-12-21','2020-12-21',1500.00,1,1.00,'Factura C N°: 0001-00000003',NULL,NULL,'2021-01-14 18:00:42','2021-01-14 18:00:42',NULL),(159,486,0,NULL,159,3,40732,40776,57,12008,2,0,'2020-12-22','2020-12-22',2547.75,1,1.00,'Factura B N°: 0024-02731399',NULL,NULL,'2021-01-14 18:00:42','2021-01-14 18:00:42',NULL),(160,486,0,NULL,160,3,40732,40778,57,12008,2,0,'2020-12-29','2020-12-29',4536.57,1,1.00,'Factura B N°: 0007-00018402',NULL,NULL,'2021-01-14 18:00:42','2021-01-14 18:00:42',NULL),(161,486,0,NULL,161,2,40726,40767,13,9090,1,0,'2020-12-01','2020-12-01',6000.00,1,1.00,'Factura C N°: 0004-00000002',NULL,NULL,'2021-01-15 12:50:56','2021-01-15 12:50:56',NULL),(162,486,0,NULL,162,2,40726,40735,13,9090,1,0,'2020-12-04','2020-12-04',1300.00,1,1.00,'Factura C N°: 0002-00000129',NULL,NULL,'2021-01-15 12:50:56','2021-01-15 12:50:56',NULL),(163,486,0,NULL,163,2,40726,40727,13,9090,1,0,'2020-12-31','2020-12-31',18000.00,1,1.00,'Factura C N°: 0003-00000004',NULL,NULL,'2021-01-15 12:50:56','2021-01-15 12:50:56',NULL),(164,486,0,NULL,164,3,40726,40779,57,9090,2,0,'2020-12-03','2020-12-03',3554.52,1,1.00,'Factura B N°: 5243-02238574',NULL,NULL,'2021-01-15 12:51:21','2021-01-15 12:51:21',NULL),(165,486,0,NULL,165,3,40726,40779,57,9090,2,0,'2020-12-10','2020-12-10',938.50,1,1.00,'Factura B N°: 5243-02245377',NULL,NULL,'2021-01-15 12:51:21','2021-01-15 12:51:21',NULL),(166,486,0,NULL,166,3,40726,40717,57,9090,2,0,'2020-12-21','2020-12-21',1000.00,1,1.00,'Factura C N°: 0001-00000004',NULL,NULL,'2021-01-15 12:51:21','2021-01-15 12:51:21',NULL),(167,486,0,NULL,167,3,40726,40728,57,9090,2,0,'2020-12-29','2020-12-29',250.00,1,1.00,'Factura B N°: 0037-00467266',NULL,NULL,'2021-01-15 12:51:21','2021-01-15 12:51:21',NULL),(168,486,0,NULL,168,3,40722,40782,57,7590,2,0,'2021-01-02','2021-01-02',2490.00,1,1.00,'Factura B N°: 0004-00017087',NULL,NULL,'2021-02-17 12:22:30','2021-02-17 12:22:30',NULL),(169,486,0,NULL,169,3,40722,40783,57,7590,2,0,'2021-01-07','2021-01-07',65999.00,1,1.00,'Factura B N°: 0018-00055801',NULL,NULL,'2021-02-17 12:22:30','2021-02-17 12:22:30',NULL),(170,486,0,NULL,170,3,40722,40768,57,7590,1,0,'2021-01-22','2021-01-22',1817.23,1,1.00,'Nota de crédito B N°: 0020-00001592',NULL,NULL,'2021-02-17 12:22:30','2021-02-17 12:22:30',NULL),(171,486,0,NULL,171,3,40722,40752,57,7590,2,0,'2021-01-24','2021-01-24',17880.00,1,1.00,'Factura B N°: 0001-00001340',NULL,NULL,'2021-02-17 12:22:30','2021-02-17 12:22:30',NULL),(172,486,0,NULL,172,2,40736,40741,13,14647,1,0,'2021-01-11','2021-01-11',4000.00,1,1.00,'Factura C N°: 0002-00000150',NULL,NULL,'2021-02-18 11:17:42','2021-02-18 11:17:42',NULL),(173,486,0,NULL,173,2,40736,40784,13,14647,1,0,'2021-01-12','2021-01-12',5000.00,1,1.00,'Factura C N°: 0002-00000151',NULL,NULL,'2021-02-18 11:17:42','2021-02-18 11:17:42',NULL),(174,486,0,NULL,174,2,40736,40742,13,14647,1,0,'2021-01-14','2021-01-14',1600.00,1,1.00,'Factura C N°: 0002-00000152',NULL,NULL,'2021-02-18 11:17:43','2021-02-18 11:17:43',NULL),(175,486,0,NULL,175,2,40736,40785,13,14647,1,0,'2021-01-18','2021-01-18',19000.00,1,1.00,'Factura C N°: 0002-00000153',NULL,NULL,'2021-02-18 11:17:43','2021-02-18 11:17:43',NULL),(176,486,0,NULL,176,2,40736,40740,13,14647,1,0,'2021-01-19','2021-01-19',119118.58,1,1.00,'Factura C N°: 0002-00000154',NULL,NULL,'2021-02-18 11:17:43','2021-02-18 11:17:43',NULL);
INSERT INTO `cta_cte_cliente` VALUES (177,486,0,NULL,177,3,40736,40738,57,14647,2,0,'2021-01-07','2021-01-07',12750.00,1,1.00,'Factura C N°: 0002-00001942',NULL,NULL,'2021-02-18 11:17:53','2021-02-18 11:17:53',NULL),(178,486,0,NULL,178,3,40736,40786,57,14647,2,0,'2021-01-21','2021-01-21',18089.73,1,1.00,'Factura B N°: 0009-00000381',NULL,NULL,'2021-02-18 11:17:53','2021-02-18 11:17:53',NULL),(179,486,0,NULL,179,3,40736,40717,57,14647,2,0,'2021-01-21','2021-01-21',1500.00,1,1.00,'Factura C N°: 0001-00000007',NULL,NULL,'2021-02-18 11:17:53','2021-02-18 11:17:53',NULL),(180,486,0,NULL,180,3,40736,40728,57,14647,2,0,'2021-01-27','2021-01-27',1180.00,1,1.00,'Factura B N°: 0017-00487105',NULL,NULL,'2021-02-18 11:17:53','2021-02-18 11:17:53',NULL),(181,486,0,NULL,181,3,40736,40728,57,14647,2,0,'2021-01-27','2021-01-27',1334.99,1,1.00,'Factura B N°: 0037-00475335',NULL,NULL,'2021-02-18 11:17:53','2021-02-18 11:17:53',NULL),(182,486,0,NULL,182,3,40736,40769,57,14647,2,0,'2021-01-27','2021-01-27',20000.00,1,1.00,'Factura B N°: 0001-00000166',NULL,NULL,'2021-02-18 11:17:53','2021-02-18 11:17:53',NULL),(183,486,0,NULL,183,3,40732,40787,57,14407,2,0,'2021-01-06','2021-01-06',2916.29,1,1.00,'Factura B N°: 0004-00026993',NULL,NULL,'2021-02-18 12:05:09','2021-02-18 12:05:09',NULL),(184,486,0,NULL,184,3,40732,40788,57,14407,2,0,'2021-01-09','2021-01-09',600.00,1,1.00,'Nota de débito B N°: 0304-00000013',NULL,NULL,'2021-02-18 12:05:09','2021-02-18 12:05:09',NULL),(185,486,0,NULL,185,3,40732,40787,57,14407,2,0,'2021-01-13','2021-01-13',2530.73,1,1.00,'Factura B N°: 0004-00027134',NULL,NULL,'2021-02-18 12:05:09','2021-02-18 12:05:09',NULL),(186,486,0,NULL,186,3,40732,40778,57,14407,2,0,'2021-01-13','2021-01-13',7435.59,1,1.00,'Factura B N°: 0007-00018563',NULL,NULL,'2021-02-18 12:05:09','2021-02-18 12:05:09',NULL),(187,486,0,NULL,187,3,40732,40776,57,14407,2,0,'2021-01-15','2021-01-15',76.43,1,1.00,'Nota de débito B N°: 0024-00298225',NULL,NULL,'2021-02-18 12:05:09','2021-02-18 12:05:09',NULL),(188,486,0,NULL,188,3,40732,40787,57,14407,2,0,'2021-01-20','2021-01-20',2916.29,1,1.00,'Factura B N°: 0004-00027287',NULL,NULL,'2021-02-18 12:05:09','2021-02-18 12:05:09',NULL),(189,486,0,NULL,189,3,40732,40778,57,14407,2,0,'2021-01-20','2021-01-20',3106.91,1,1.00,'Factura B N°: 0007-00018655',NULL,NULL,'2021-02-18 12:05:09','2021-02-18 12:05:09',NULL),(190,486,0,NULL,190,3,40732,40717,57,14407,2,0,'2021-01-21','2021-01-21',1500.00,1,1.00,'Factura C N°: 0001-00000008',NULL,NULL,'2021-02-18 12:05:09','2021-02-18 12:05:09',NULL),(191,486,0,NULL,191,3,40732,38591,57,14407,2,0,'2021-01-23','2021-01-23',31915.00,1,1.00,'Factura C N°: 0057-03325318',NULL,NULL,'2021-02-18 12:05:09','2021-02-18 12:05:09',NULL),(192,486,0,NULL,192,3,40732,40787,57,14407,2,0,'2021-01-27','2021-01-27',968.81,1,1.00,'Factura B N°: 0004-00027402',NULL,NULL,'2021-02-18 12:05:09','2021-02-18 12:05:09',NULL),(193,486,0,NULL,193,3,40732,40778,57,14407,2,0,'2021-01-27','2021-01-27',2523.65,1,1.00,'Factura B N°: 0007-00018740',NULL,NULL,'2021-02-18 12:05:09','2021-02-18 12:05:09',NULL),(194,486,0,NULL,194,2,40717,40726,13,18,1,0,'2021-01-21','2021-01-21',1000.00,1,1.00,'Factura C N°: 0001-00000006',NULL,NULL,'2021-02-19 12:55:57','2021-02-19 12:55:57',NULL),(195,486,0,NULL,195,2,40717,40736,13,18,1,0,'2021-01-21','2021-01-21',1500.00,1,1.00,'Factura C N°: 0001-00000007',NULL,NULL,'2021-02-19 12:55:57','2021-02-19 12:55:57',NULL),(196,486,0,NULL,196,2,40717,40732,13,18,1,0,'2021-01-21','2021-01-21',1500.00,1,1.00,'Factura C N°: 0001-00000008',NULL,NULL,'2021-02-19 12:55:57','2021-02-19 12:55:57',NULL),(197,486,0,NULL,197,3,40717,2648,57,18,2,0,'2021-01-01','2021-01-01',7161.19,1,1.00,'Factura C N°: 0100-00319625',NULL,NULL,'2021-02-19 12:56:06','2021-02-19 12:56:06',NULL),(198,486,0,NULL,198,3,40717,40789,57,18,2,0,'2021-01-28','2021-01-28',1147000.13,1,1.00,'Factura B N°: 0103-00017284',NULL,NULL,'2021-02-19 12:56:07','2021-02-19 12:56:07',NULL);
INSERT INTO `cta_cte_cliente` VALUES (199,486,0,NULL,199,3,40717,40766,57,18,2,0,'2021-01-31','2021-01-31',3375.00,1,1.00,'Factura B N°: 0001-00000331',NULL,NULL,'2021-02-19 12:56:07','2021-02-19 12:56:07',NULL),(200,486,0,NULL,200,2,40726,40767,13,14167,1,0,'2021-01-01','2021-01-01',6000.00,1,1.00,'Factura C N°: 0004-00000003',NULL,NULL,'2021-02-19 13:27:42','2021-02-19 13:27:42',NULL),(201,486,0,NULL,201,2,40726,40727,13,14167,1,0,'2021-01-31','2021-01-31',18000.00,1,1.00,'Factura C N°: 0003-00000005',NULL,NULL,'2021-02-19 13:27:42','2021-02-19 13:27:42',NULL),(202,486,0,NULL,202,3,40726,40779,57,14167,2,0,'2021-01-14','2021-01-14',31.98,1,1.00,'Factura B N°: 5243-02282481',NULL,NULL,'2021-02-19 13:27:56','2021-02-19 13:27:56',NULL),(203,486,0,NULL,203,3,40726,40779,57,14167,1,0,'2021-01-15','2021-01-15',31.98,1,1.00,'Nota de crédito B N°: 5242-00204366',NULL,NULL,'2021-02-19 13:27:56','2021-02-19 13:27:56',NULL),(204,486,0,NULL,204,3,40726,40717,57,14167,2,0,'2021-01-21','2021-01-21',1000.00,1,1.00,'Factura C N°: 0001-00000006',NULL,NULL,'2021-02-19 13:27:56','2021-02-19 13:27:56',NULL),(205,486,0,NULL,205,3,40726,40790,57,14167,2,0,'2021-01-25','2021-01-25',20000.00,1,1.00,'Factura C N°: 0004-00000007',NULL,NULL,'2021-02-19 13:27:56','2021-02-19 13:27:56',NULL),(206,486,0,NULL,206,3,40726,40728,57,14167,2,0,'2021-01-25','2021-01-25',1682.51,1,1.00,'Factura B N°: 0034-00006002',NULL,NULL,'2021-02-19 13:27:56','2021-02-19 13:27:56',NULL),(207,486,0,NULL,207,3,40726,40728,57,14167,2,0,'2021-01-27','2021-01-27',280.00,1,1.00,'Factura B N°: 0037-00477399',NULL,NULL,'2021-02-19 13:27:56','2021-02-19 13:27:56',NULL),(208,486,0,NULL,208,3,40726,1069,57,14167,1,0,'2021-01-28','2021-01-28',148.61,1,1.00,'Nota de crédito B N°: 0675-00379324',NULL,NULL,'2021-02-19 13:27:56','2021-02-19 13:27:56',NULL),(209,486,0,NULL,209,3,40726,40779,57,14167,2,0,'2021-01-28','2021-01-28',31.98,1,1.00,'Factura B N°: 5243-02296684',NULL,NULL,'2021-02-19 13:27:56','2021-02-19 13:27:56',NULL),(210,486,0,NULL,210,3,40726,40746,57,14167,2,0,'2021-01-29','2021-01-29',5114.18,1,1.00,'Factura B N°: 0005-00001844',NULL,NULL,'2021-02-19 13:27:56','2021-02-19 13:27:56',NULL),(211,486,0,NULL,211,3,40726,40779,57,14167,1,0,'2021-01-29','2021-01-29',31.98,1,1.00,'Nota de crédito B N°: 5242-00205499',NULL,NULL,'2021-02-19 13:27:56','2021-02-19 13:27:56',NULL),(212,486,0,NULL,212,3,40726,40791,57,14167,2,0,'2021-01-29','2021-01-29',7500.00,1,1.00,'Factura C N°: 0003-00000043',NULL,NULL,'2021-02-19 13:27:56','2021-02-19 13:27:56',NULL),(213,486,0,NULL,213,3,40722,34251,57,7591,2,0,'2021-02-12','2021-02-12',3690.00,1,1.00,'Factura B N°: 1000-00110201',NULL,NULL,'2021-03-15 12:24:37','2021-03-15 12:24:37',NULL),(214,486,0,NULL,214,2,40732,1989,13,14408,1,0,'2021-02-26','2021-02-26',10000.00,1,1.00,'Factura C N°: 0001-00000001',NULL,NULL,'2021-03-15 12:35:43','2021-03-15 12:35:43',NULL),(215,486,0,NULL,215,2,40732,1989,13,14408,1,0,'2021-02-26','2021-02-26',10250.00,1,1.00,'Factura C N°: 0001-00000002',NULL,NULL,'2021-03-15 12:35:43','2021-03-15 12:35:43',NULL),(216,486,0,NULL,216,2,40732,1989,13,14408,1,0,'2021-02-26','2021-02-26',10000.00,1,1.00,'Factura C N°: 0001-00000003',NULL,NULL,'2021-03-15 12:35:43','2021-03-15 12:35:43',NULL),(217,486,0,NULL,217,2,40732,1989,13,14408,1,0,'2021-02-26','2021-02-26',10250.00,1,1.00,'Factura C N°: 0001-00000004',NULL,NULL,'2021-03-15 12:35:43','2021-03-15 12:35:43',NULL),(218,486,0,NULL,218,3,40732,40787,57,14408,2,0,'2021-02-03','2021-02-03',4856.04,1,1.00,'Factura B N°: 0004-00027562',NULL,NULL,'2021-03-15 12:35:52','2021-03-15 12:35:52',NULL),(219,486,0,NULL,219,3,40732,40778,57,14408,2,0,'2021-02-03','2021-02-03',6288.26,1,1.00,'Factura B N°: 0007-00018844',NULL,NULL,'2021-03-15 12:35:52','2021-03-15 12:35:52',NULL),(220,486,0,NULL,220,3,40732,40787,57,14408,2,0,'2021-02-10','2021-02-10',4764.43,1,1.00,'Factura B N°: 0004-00027701',NULL,NULL,'2021-03-15 12:35:52','2021-03-15 12:35:52',NULL);
INSERT INTO `cta_cte_cliente` VALUES (221,486,0,NULL,221,3,40732,40778,57,14408,2,0,'2021-02-10','2021-02-10',8595.10,1,1.00,'Factura B N°: 0007-00018944',NULL,NULL,'2021-03-15 12:35:52','2021-03-15 12:35:52',NULL),(222,486,0,NULL,222,3,40732,40787,57,14408,2,0,'2021-02-17','2021-02-17',5133.30,1,1.00,'Factura B N°: 0004-00027843',NULL,NULL,'2021-03-15 12:35:52','2021-03-15 12:35:52',NULL),(223,486,0,NULL,223,3,40732,40778,57,14408,2,0,'2021-02-17','2021-02-17',2457.06,1,1.00,'Factura B N°: 0007-00019044',NULL,NULL,'2021-03-15 12:35:52','2021-03-15 12:35:52',NULL),(224,486,0,NULL,224,3,40732,40776,57,14408,2,0,'2021-02-20','2021-02-20',3764.83,1,1.00,'Factura B N°: 0024-02912652',NULL,NULL,'2021-03-15 12:35:52','2021-03-15 12:35:52',NULL),(225,486,0,NULL,225,3,40732,40717,57,14408,2,0,'2021-02-23','2021-02-23',1500.00,1,1.00,'Factura C N°: 0001-00000011',NULL,NULL,'2021-03-15 12:35:52','2021-03-15 12:35:52',NULL),(226,486,0,NULL,226,3,40732,40787,57,14408,2,0,'2021-02-24','2021-02-24',4248.42,1,1.00,'Factura B N°: 0004-00027998',NULL,NULL,'2021-03-15 12:35:52','2021-03-15 12:35:52',NULL),(227,486,0,NULL,227,3,40732,40778,57,14408,2,0,'2021-02-24','2021-02-24',4161.54,1,1.00,'Factura B N°: 0007-00019130',NULL,NULL,'2021-03-15 12:35:52','2021-03-15 12:35:52',NULL),(228,486,0,NULL,228,3,40732,38591,57,14408,2,0,'2021-02-26','2021-02-26',16735.50,1,1.00,'Factura C N°: 0057-03450952',NULL,NULL,'2021-03-15 12:35:52','2021-03-15 12:35:52',NULL),(229,486,0,NULL,229,3,40736,40737,57,14648,2,0,'2021-02-10','2021-02-10',4250.00,1,1.00,'Factura C N°: 0002-00000483',NULL,NULL,'2021-03-16 22:44:38','2021-03-16 22:44:38',NULL),(230,486,0,NULL,230,3,40736,40717,57,14648,2,0,'2021-02-23','2021-02-23',1500.00,1,1.00,'Factura C N°: 0001-00000009',NULL,NULL,'2021-03-16 22:44:38','2021-03-16 22:44:38',NULL),(231,486,0,NULL,231,3,40736,40740,57,14648,2,0,'2021-02-24','2021-02-24',13545.00,1,1.00,'Factura C N°: 0006-00001161',NULL,NULL,'2021-03-16 22:44:38','2021-03-16 22:44:38',NULL),(232,486,0,NULL,232,3,40736,40728,57,14648,2,0,'2021-02-25','2021-02-25',1325.00,1,1.00,'Factura B N°: 0017-00491794',NULL,NULL,'2021-03-16 22:44:38','2021-03-16 22:44:38',NULL),(233,486,0,NULL,233,3,40736,40728,57,14648,2,0,'2021-02-25','2021-02-25',1480.00,1,1.00,'Factura B N°: 0037-00485493',NULL,NULL,'2021-03-16 22:44:38','2021-03-16 22:44:38',NULL),(234,486,0,NULL,234,2,40717,40736,13,19,1,0,'2021-02-23','2021-02-23',1500.00,1,1.00,'Factura C N°: 0001-00000009',NULL,NULL,'2021-03-16 23:25:21','2021-03-16 23:25:21',NULL),(235,486,0,NULL,235,2,40717,40726,13,19,1,0,'2021-02-23','2021-02-23',1000.00,1,1.00,'Factura C N°: 0001-00000010',NULL,NULL,'2021-03-16 23:25:21','2021-03-16 23:25:21',NULL),(236,486,0,NULL,236,2,40717,40732,13,19,1,0,'2021-02-23','2021-02-23',1500.00,1,1.00,'Factura C N°: 0001-00000011',NULL,NULL,'2021-03-16 23:25:21','2021-03-16 23:25:21',NULL),(237,486,0,NULL,237,2,40717,40792,13,19,1,0,'2021-02-23','2021-02-23',1500.00,1,1.00,'Factura C N°: 0001-00000012',NULL,NULL,'2021-03-16 23:25:21','2021-03-16 23:25:21',NULL),(238,486,0,NULL,238,3,40717,2648,57,19,2,0,'2021-02-01','2021-02-01',10122.92,1,1.00,'Factura C N°: 0100-00372527',NULL,NULL,'2021-03-16 23:25:48','2021-03-16 23:25:48',NULL),(239,486,0,NULL,239,3,40717,40789,57,19,1,0,'2021-02-24','2021-02-24',1147000.13,1,1.00,'Nota de crédito B N°: 0103-00013667',NULL,NULL,'2021-03-16 23:25:48','2021-03-16 23:25:48',NULL),(240,486,0,NULL,240,3,40717,40766,57,19,2,0,'2021-02-26','2021-02-26',3375.00,1,1.00,'Factura B N°: 0001-00000405',NULL,NULL,'2021-03-16 23:25:48','2021-03-16 23:25:48',NULL),(241,486,0,NULL,241,3,40726,40779,57,14168,2,0,'2021-02-04','2021-02-04',263.01,1,1.00,'Factura B N°: 5243-02303546',NULL,NULL,'2021-03-17 11:49:40','2021-03-17 11:49:40',NULL),(242,486,0,NULL,242,3,40726,40779,57,14168,1,0,'2021-02-05','2021-02-05',263.01,1,1.00,'Nota de crédito B N°: 5242-00206038',NULL,NULL,'2021-03-17 11:49:40','2021-03-17 11:49:40',NULL);
INSERT INTO `cta_cte_cliente` VALUES (243,486,0,NULL,243,3,40726,40793,57,14168,2,0,'2021-02-10','2021-02-10',250.00,1,1.00,'RECIBO C N°: 0004-00000695',NULL,NULL,'2021-03-17 11:49:40','2021-03-17 11:49:40',NULL),(244,486,0,NULL,244,3,40726,40746,57,14168,2,0,'2021-02-16','2021-02-16',1780.00,1,1.00,'Factura B N°: 0005-00001954',NULL,NULL,'2021-03-17 11:49:40','2021-03-17 11:49:40',NULL),(245,486,0,NULL,245,3,40726,40728,57,14168,2,0,'2021-02-18','2021-02-18',6539.81,1,1.00,'Factura B N°: 0031-00009249',NULL,NULL,'2021-03-17 11:49:40','2021-03-17 11:49:40',NULL),(246,486,0,NULL,246,3,40726,40779,57,14168,2,0,'2021-02-18','2021-02-18',758.97,1,1.00,'Factura B N°: 5243-02317489',NULL,NULL,'2021-03-17 11:49:40','2021-03-17 11:49:40',NULL),(247,486,0,NULL,247,3,40726,40794,57,14168,2,0,'2021-02-19','2021-02-19',2836.58,1,1.00,'Factura B N°: 0007-00006489',NULL,NULL,'2021-03-17 11:49:40','2021-03-17 11:49:40',NULL),(248,486,0,NULL,248,3,40726,40717,57,14168,2,0,'2021-02-23','2021-02-23',1000.00,1,1.00,'Factura C N°: 0001-00000010',NULL,NULL,'2021-03-17 11:49:40','2021-03-17 11:49:40',NULL),(249,486,0,NULL,249,3,40726,40728,57,14168,2,0,'2021-02-25','2021-02-25',280.00,1,1.00,'Factura B N°: 0037-00487562',NULL,NULL,'2021-03-17 11:49:40','2021-03-17 11:49:40',NULL),(250,486,0,NULL,250,3,40726,40779,57,14168,2,0,'2021-02-25','2021-02-25',2072.93,1,1.00,'Factura B N°: 5243-02325192',NULL,NULL,'2021-03-17 11:49:40','2021-03-17 11:49:40',NULL),(251,486,0,NULL,251,3,40726,40794,57,14168,2,0,'2021-02-26','2021-02-26',3926.44,1,1.00,'Factura B N°: 0007-00006721',NULL,NULL,'2021-03-17 11:49:40','2021-03-17 11:49:40',NULL),(252,486,0,NULL,252,2,40726,40767,13,14168,1,0,'2021-02-01','2021-02-01',6000.00,1,1.00,'Factura C N°: 0004-00000004',NULL,NULL,'2021-03-17 11:49:57','2021-03-17 11:49:57',NULL),(253,486,0,NULL,253,2,40726,40793,13,14168,1,0,'2021-02-09','2021-02-09',1500.00,1,1.00,'Factura C N°: 0002-00000130',NULL,NULL,'2021-03-17 11:49:57','2021-03-17 11:49:57',NULL),(254,486,0,NULL,254,2,40726,40735,13,14168,1,0,'2021-02-09','2021-02-09',2000.00,1,1.00,'Factura C N°: 0002-00000131',NULL,NULL,'2021-03-17 11:49:57','2021-03-17 11:49:57',NULL),(255,486,0,NULL,255,2,40726,40725,13,14168,1,0,'2021-02-11','2021-02-11',15000.00,1,1.00,'Factura C N°: 0002-00000132',NULL,NULL,'2021-03-17 11:49:57','2021-03-17 11:49:57',NULL),(256,486,0,NULL,256,2,40726,40727,13,14168,1,0,'2021-02-28','2021-02-28',18000.00,1,1.00,'Factura C N°: 0003-00000006',NULL,NULL,'2021-03-17 11:49:57','2021-03-17 11:49:57',NULL),(257,486,0,NULL,257,2,40732,1989,13,14409,1,0,'2021-03-15','2021-03-15',10250.00,1,1.00,'Factura C N°: 0001-00000005',NULL,NULL,'2021-04-06 17:08:13','2021-04-06 17:08:13',NULL),(258,486,0,NULL,258,2,40732,1989,13,14409,1,0,'2021-03-15','2021-03-15',10400.00,1,1.00,'Factura C N°: 0001-00000006',NULL,NULL,'2021-04-06 17:08:13','2021-04-06 17:08:13',NULL),(259,486,0,NULL,259,3,40732,40787,57,14409,2,0,'2021-03-03','2021-03-03',12824.98,1,1.00,'Factura B N°: 0004-00028162',NULL,NULL,'2021-04-06 17:08:35','2021-04-06 17:08:35',NULL),(260,486,0,NULL,260,3,40732,40778,57,14409,2,0,'2021-03-03','2021-03-03',5205.85,1,1.00,'Factura B N°: 0007-00019273',NULL,NULL,'2021-04-06 17:08:35','2021-04-06 17:08:35',NULL),(261,486,0,NULL,261,3,40732,40787,57,14409,2,0,'2021-03-10','2021-03-10',4376.11,1,1.00,'Factura B N°: 0004-00028321',NULL,NULL,'2021-04-06 17:08:35','2021-04-06 17:08:35',NULL),(262,486,0,NULL,262,3,40732,40778,57,14409,2,0,'2021-03-10','2021-03-10',4938.97,1,1.00,'Factura B N°: 0007-00019370',NULL,NULL,'2021-04-06 17:08:35','2021-04-06 17:08:35',NULL),(263,486,0,NULL,263,3,40732,40776,57,14409,2,0,'2021-03-11','2021-03-11',2629.72,1,1.00,'Factura B N°: 0024-02981901',NULL,NULL,'2021-04-06 17:08:35','2021-04-06 17:08:35',NULL),(264,486,0,NULL,264,3,40732,40795,57,14409,2,0,'2021-03-15','2021-03-15',17000.00,1,1.00,'Factura C N°: 0004-00000043',NULL,NULL,'2021-04-06 17:08:35','2021-04-06 17:08:35',NULL);
INSERT INTO `cta_cte_cliente` VALUES (265,486,0,NULL,265,3,40732,40776,57,14409,2,0,'2021-03-16','2021-03-16',112.94,1,1.00,'Nota de débito B N°: 0024-00364154',NULL,NULL,'2021-04-06 17:08:35','2021-04-06 17:08:35',NULL),(266,486,0,NULL,266,3,40732,40787,57,14409,2,0,'2021-03-17','2021-03-17',2022.25,1,1.00,'Factura B N°: 0004-00028489',NULL,NULL,'2021-04-06 17:08:35','2021-04-06 17:08:35',NULL),(267,486,0,NULL,267,3,40732,40778,57,14409,2,0,'2021-03-17','2021-03-17',8898.75,1,1.00,'Factura B N°: 0007-00019478',NULL,NULL,'2021-04-06 17:08:36','2021-04-06 17:08:36',NULL),(268,486,0,NULL,268,3,40732,38591,57,14409,2,0,'2021-03-19','2021-03-19',16735.50,1,1.00,'Factura C N°: 0057-03559327',NULL,NULL,'2021-04-06 17:08:36','2021-04-06 17:08:36',NULL),(269,486,0,NULL,269,3,40732,40787,57,14409,2,0,'2021-03-23','2021-03-23',7541.76,1,1.00,'Factura B N°: 0004-00028642',NULL,NULL,'2021-04-06 17:08:36','2021-04-06 17:08:36',NULL),(270,486,0,NULL,270,3,40732,40778,57,14409,2,0,'2021-03-23','2021-03-23',2522.59,1,1.00,'Factura B N°: 0007-00019589',NULL,NULL,'2021-04-06 17:08:36','2021-04-06 17:08:36',NULL),(271,486,0,NULL,271,3,40732,40795,57,14409,2,0,'2021-03-25','2021-03-25',17000.00,1,1.00,'Factura C N°: 0004-00000044',NULL,NULL,'2021-04-06 17:08:36','2021-04-06 17:08:36',NULL),(272,486,0,NULL,272,3,40732,40717,57,14409,2,0,'2021-03-26','2021-03-26',1500.00,1,1.00,'Factura C N°: 0001-00000015',NULL,NULL,'2021-04-06 17:08:36','2021-04-06 17:08:36',NULL),(273,486,0,NULL,273,3,40732,40776,57,14409,2,0,'2021-03-31','2021-03-31',4531.68,1,1.00,'Factura B N°: 0024-03047765',NULL,NULL,'2021-04-06 17:08:36','2021-04-06 17:08:36',NULL),(274,486,0,NULL,274,3,40732,40787,57,14409,2,0,'2021-03-31','2021-03-31',8508.27,1,1.00,'Factura B N°: 0004-00028877',NULL,NULL,'2021-04-06 17:08:36','2021-04-06 17:08:36',NULL),(275,486,0,NULL,275,2,40722,40723,13,7592,1,0,'2021-03-08','2021-03-08',29000.00,1,1.00,'Factura C N°: 0001-00000081',NULL,NULL,'2021-04-13 14:24:43','2021-04-13 14:24:43',NULL),(276,486,0,NULL,276,2,40722,40725,13,7592,1,0,'2021-03-16','2021-03-16',5050.00,1,1.00,'Factura C N°: 0001-00000082',NULL,NULL,'2021-04-13 14:24:43','2021-04-13 14:24:43',NULL),(277,486,0,NULL,277,2,40722,40725,13,7592,1,0,'2021-03-16','2021-03-16',2800.00,1,1.00,'Factura C N°: 0001-00000083',NULL,NULL,'2021-04-13 14:24:44','2021-04-13 14:24:44',NULL),(278,486,0,NULL,278,3,40722,40723,57,7592,2,0,'2021-03-08','2021-03-08',29000.00,1,1.00,'Factura C N°: 0001-00000081',NULL,NULL,'2021-04-13 14:24:54','2021-04-13 14:40:04','2021-04-13 14:40:04'),(279,486,0,NULL,279,3,40722,40725,57,7592,2,0,'2021-03-16','2021-03-16',5050.00,1,1.00,'Factura C N°: 0001-00000082',NULL,NULL,'2021-04-13 14:24:54','2021-04-13 14:39:55','2021-04-13 14:39:55'),(280,486,0,NULL,280,3,40722,40725,57,7592,2,0,'2021-03-16','2021-03-16',2800.00,1,1.00,'Factura C N°: 0001-00000083',NULL,NULL,'2021-04-13 14:24:54','2021-04-13 14:27:23','2021-04-13 14:27:23'),(281,486,0,NULL,281,3,40722,34251,57,7592,2,0,'2021-03-22','2021-03-22',3510.00,1,1.00,'Factura B N°: 1000-00131235',NULL,NULL,'2021-04-13 14:25:06','2021-04-13 14:25:06',NULL),(282,486,0,NULL,282,2,40736,40742,13,14649,1,0,'2021-03-09','2021-03-09',1500.00,1,1.00,'Factura C N°: 0002-00000155',NULL,NULL,'2021-04-14 08:42:23','2021-04-14 08:42:23',NULL),(283,486,0,NULL,283,2,40736,40740,13,14649,1,0,'2021-03-09','2021-03-09',125171.02,1,1.00,'Factura C N°: 0002-00000156',NULL,NULL,'2021-04-14 08:42:23','2021-04-14 08:42:23',NULL),(284,486,0,NULL,284,2,40736,40740,13,14649,1,0,'2021-03-09','2021-03-09',86888.97,1,1.00,'Factura C N°: 0002-00000157',NULL,NULL,'2021-04-14 08:42:23','2021-04-14 08:42:23',NULL),(285,486,0,NULL,285,2,40736,40740,13,14649,1,0,'2021-03-25','2021-03-25',127137.00,1,1.00,'Factura C N°: 0002-00000158',NULL,NULL,'2021-04-14 08:42:23','2021-04-14 08:42:23',NULL),(286,486,0,NULL,286,3,40736,40738,57,14649,2,0,'2021-03-02','2021-03-02',2500.00,1,1.00,'Factura C N°: 0002-00001963',NULL,NULL,'2021-04-14 08:42:34','2021-04-14 08:42:34',NULL);
INSERT INTO `cta_cte_cliente` VALUES (287,486,0,NULL,287,3,40736,40717,57,14649,2,0,'2021-03-26','2021-03-26',1500.00,1,1.00,'Factura C N°: 0001-00000013',NULL,NULL,'2021-04-14 08:42:34','2021-04-14 08:42:34',NULL),(288,486,0,NULL,288,3,40736,40728,57,14649,2,0,'2021-03-29','2021-03-29',1575.00,1,1.00,'Factura B N°: 0037-00495661',NULL,NULL,'2021-04-14 08:42:34','2021-04-14 08:42:34',NULL),(289,486,0,NULL,289,3,40736,40728,57,14649,2,0,'2021-03-29','2021-03-29',1418.00,1,1.00,'Factura B N°: 0017-00496508',NULL,NULL,'2021-04-14 08:42:34','2021-04-14 08:42:34',NULL),(290,486,0,NULL,290,3,40736,40740,57,14649,2,0,'2021-03-29','2021-03-29',14724.00,1,1.00,'Factura C N°: 0006-00001193',NULL,NULL,'2021-04-14 08:42:34','2021-04-14 08:42:34',NULL),(291,486,0,NULL,291,2,40717,40736,13,20,1,0,'2021-03-26','2021-03-26',1500.00,1,1.00,'Factura C N°: 0001-00000013',NULL,NULL,'2021-04-14 22:42:15','2021-04-14 22:42:15',NULL),(292,486,0,NULL,292,2,40717,40726,13,20,1,0,'2021-03-26','2021-03-26',1000.00,1,1.00,'Factura C N°: 0001-00000014',NULL,NULL,'2021-04-14 22:42:15','2021-04-14 22:42:15',NULL),(293,486,0,NULL,293,2,40717,40732,13,20,1,0,'2021-03-26','2021-03-26',1500.00,1,1.00,'Factura C N°: 0001-00000015',NULL,NULL,'2021-04-14 22:42:15','2021-04-14 22:42:15',NULL),(294,486,0,NULL,294,2,40717,40792,13,20,1,0,'2021-03-26','2021-03-26',1500.00,1,1.00,'Factura C N°: 0001-00000016',NULL,NULL,'2021-04-14 22:42:15','2021-04-14 22:42:15',NULL),(295,486,0,NULL,295,3,40717,40736,57,20,2,0,'2021-03-26','2021-03-26',1500.00,1,1.00,'Factura C N°: 0001-00000013',NULL,NULL,'2021-04-14 22:45:02','2021-04-14 22:45:55','2021-04-14 22:45:55'),(296,486,0,NULL,296,3,40717,40726,57,20,2,0,'2021-03-26','2021-03-26',1000.00,1,1.00,'Factura C N°: 0001-00000014',NULL,NULL,'2021-04-14 22:45:02','2021-04-14 22:45:49','2021-04-14 22:45:49'),(297,486,0,NULL,297,3,40717,40732,57,20,2,0,'2021-03-26','2021-03-26',1500.00,1,1.00,'Factura C N°: 0001-00000015',NULL,NULL,'2021-04-14 22:45:02','2021-04-14 22:45:44','2021-04-14 22:45:44'),(298,486,0,NULL,298,3,40717,40792,57,20,2,0,'2021-03-26','2021-03-26',1500.00,1,1.00,'Factura C N°: 0001-00000016',NULL,NULL,'2021-04-14 22:45:02','2021-04-14 22:45:39','2021-04-14 22:45:39'),(299,486,0,NULL,299,3,40717,2648,57,20,2,0,'2021-03-01','2021-03-01',10679.00,1,1.00,'Factura C N°: 0100-00402909',NULL,NULL,'2021-04-14 22:45:13','2021-04-14 22:45:13',NULL),(300,486,0,NULL,300,3,40717,40796,57,20,2,0,'2021-03-10','2021-03-10',17416.49,1,1.00,'Factura B N°: 0019-00065140',NULL,NULL,'2021-04-14 22:45:13','2021-04-14 22:45:13',NULL),(301,486,0,NULL,301,3,40717,40797,57,20,2,0,'2021-03-18','2021-03-18',7080.00,1,1.00,'Factura B N°: 0008-00002207',NULL,NULL,'2021-04-14 22:45:13','2021-04-14 22:45:13',NULL),(302,486,0,NULL,302,3,40717,40798,57,20,2,0,'2021-03-24','2021-03-24',9500.00,1,1.00,'Factura C N°: 0021-00062860',NULL,NULL,'2021-04-14 22:45:13','2021-04-14 22:45:13',NULL),(303,486,0,NULL,303,3,40717,40766,57,20,2,0,'2021-03-31','2021-03-31',3375.00,1,1.00,'Factura B N°: 0001-00000492',NULL,NULL,'2021-04-14 22:45:13','2021-04-14 22:45:13',NULL),(304,486,0,NULL,304,2,40726,40767,13,14169,1,0,'2021-03-01','2021-03-01',6000.00,1,1.00,'Factura C N°: 0004-00000005',NULL,NULL,'2021-04-15 19:12:54','2021-04-15 19:12:54',NULL),(305,486,0,NULL,305,2,40726,40793,13,14169,1,0,'2021-03-04','2021-03-04',900.00,1,1.00,'Factura C N°: 0002-00000133',NULL,NULL,'2021-04-15 19:12:54','2021-04-15 19:12:54',NULL),(306,486,0,NULL,306,2,40726,40727,13,14169,1,0,'2021-03-31','2021-03-31',18000.00,1,1.00,'Factura C N°: 0003-00000007',NULL,NULL,'2021-04-15 19:12:55','2021-04-15 19:12:55',NULL),(307,486,0,NULL,307,3,40726,40728,57,14169,2,0,'2021-03-01','2021-03-01',560.00,1,1.00,'Factura B N°: 0033-00004389',NULL,NULL,'2021-04-15 19:13:06','2021-04-15 19:13:06',NULL),(308,486,0,NULL,308,3,40726,40779,57,14169,2,0,'2021-03-04','2021-03-04',1863.43,1,1.00,'Factura B N°: 5243-02332642',NULL,NULL,'2021-04-15 19:13:06','2021-04-15 19:13:06',NULL);
INSERT INTO `cta_cte_cliente` VALUES (309,486,0,NULL,309,3,40726,40793,57,14169,2,0,'2021-03-08','2021-03-08',150.00,1,1.00,'RECIBO C N°: 0004-00000711',NULL,NULL,'2021-04-15 19:13:06','2021-04-15 19:13:06',NULL),(310,486,0,NULL,310,3,40726,40746,57,14169,1,0,'2021-03-11','2021-03-11',5114.17,1,1.00,'Nota de crédito B N°: 0005-00000017',NULL,NULL,'2021-04-15 19:13:06','2021-04-15 19:13:06',NULL),(311,486,0,NULL,311,3,40726,40746,57,14169,2,0,'2021-03-11','2021-03-11',5114.18,1,1.00,'Factura B N°: 0005-00002100',NULL,NULL,'2021-04-15 19:13:06','2021-04-15 19:13:06',NULL),(312,486,0,NULL,312,3,40726,40717,57,14169,2,0,'2021-03-26','2021-03-26',1000.00,1,1.00,'Factura C N°: 0001-00000014',NULL,NULL,'2021-04-15 19:13:06','2021-04-15 19:13:06',NULL),(313,486,0,NULL,313,3,40726,40728,57,14169,2,0,'2021-03-29','2021-03-29',280.00,1,1.00,'Factura B N°: 0037-00497725',NULL,NULL,'2021-04-15 19:13:06','2021-04-15 19:13:06',NULL),(314,486,0,NULL,314,2,40722,40723,13,7593,1,0,'2021-04-13','2021-04-13',15840.00,1,1.00,'Factura C N°: 0001-00000084',NULL,NULL,'2021-05-13 08:53:26','2021-05-13 08:53:26',NULL),(315,486,0,NULL,315,2,40722,1989,13,7593,1,0,'2021-04-14','2021-04-14',6500.00,1,1.00,'Factura C N°: 0001-00000085',NULL,NULL,'2021-05-13 08:53:26','2021-05-13 08:53:26',NULL),(316,486,0,NULL,316,2,40736,40740,13,14650,1,0,'2021-04-05','2021-04-05',128031.58,1,1.00,'Factura C N°: 0002-00000159',NULL,NULL,'2021-05-14 08:55:23','2021-05-14 08:55:23',NULL),(317,486,0,NULL,317,2,40736,40799,13,14650,1,0,'2021-04-07','2021-04-07',1300.00,1,1.00,'Factura C N°: 0002-00000160',NULL,NULL,'2021-05-14 08:55:23','2021-05-14 08:55:23',NULL),(318,486,0,NULL,318,2,40736,40800,13,14650,1,0,'2021-04-13','2021-04-13',3500.00,1,1.00,'Factura C N°: 0002-00000161',NULL,NULL,'2021-05-14 08:55:23','2021-05-14 08:55:23',NULL),(319,486,0,NULL,319,2,40736,40801,13,14650,1,0,'2021-04-14','2021-04-14',1300.00,1,1.00,'Factura C N°: 0002-00000162',NULL,NULL,'2021-05-14 08:55:23','2021-05-14 08:55:23',NULL),(320,486,0,NULL,320,2,40736,40740,13,14650,1,0,'2021-04-14','2021-04-14',26989.53,1,1.00,'Factura C N°: 0002-00000163',NULL,NULL,'2021-05-14 08:55:23','2021-05-14 08:55:23',NULL),(321,486,0,NULL,321,2,40736,40740,13,14650,1,0,'2021-04-23','2021-04-23',59617.15,1,1.00,'Factura C N°: 0002-00000164',NULL,NULL,'2021-05-14 08:55:23','2021-05-14 08:55:23',NULL),(322,486,0,NULL,322,2,40736,40799,13,14650,1,0,'2021-04-28','2021-04-28',6000.00,1,1.00,'Factura C N°: 0002-00000165',NULL,NULL,'2021-05-14 08:55:23','2021-05-14 08:55:23',NULL),(323,486,0,NULL,323,3,40736,40738,57,14650,2,0,'2021-04-15','2021-04-15',4550.00,1,1.00,'Factura C N°: 0002-00001980',NULL,NULL,'2021-05-14 08:55:36','2021-05-14 08:55:36',NULL),(324,486,0,NULL,324,3,40736,40802,57,14650,2,0,'2021-04-19','2021-04-19',15600.00,1,1.00,'Factura B N°: 0006-00006908',NULL,NULL,'2021-05-14 08:55:36','2021-05-14 08:55:36',NULL),(325,486,0,NULL,325,3,40736,40717,57,14650,2,0,'2021-04-26','2021-04-26',1500.00,1,1.00,'Factura C N°: 0001-00000017',NULL,NULL,'2021-05-14 08:55:36','2021-05-14 08:55:36',NULL),(326,486,0,NULL,326,3,40736,40740,57,14650,2,0,'2021-04-27','2021-04-27',8370.00,1,1.00,'Factura C N°: 0006-00001256',NULL,NULL,'2021-05-14 08:55:36','2021-05-14 08:55:36',NULL),(327,486,0,NULL,327,3,40736,40728,57,14650,2,0,'2021-04-28','2021-04-28',1575.00,1,1.00,'Factura B N°: 0037-00505856',NULL,NULL,'2021-05-14 08:55:36','2021-05-14 08:55:36',NULL),(328,486,0,NULL,328,3,40736,40728,57,14650,2,0,'2021-04-28','2021-04-28',1418.00,1,1.00,'Factura B N°: 0017-00501242',NULL,NULL,'2021-05-14 08:55:36','2021-05-14 08:55:36',NULL),(329,486,0,NULL,329,2,40732,1989,13,14410,1,0,'2021-04-01','2021-04-01',9000.00,1,1.00,'Factura C N°: 0002-00000001',NULL,NULL,'2021-05-14 09:45:58','2021-05-14 09:45:58',NULL),(330,486,0,NULL,330,2,40732,1989,13,14410,1,0,'2021-04-01','2021-04-01',10400.00,1,1.00,'Factura C N°: 0002-00000002',NULL,NULL,'2021-05-14 09:45:58','2021-05-14 09:45:58',NULL);
INSERT INTO `cta_cte_cliente` VALUES (331,486,0,NULL,331,2,40732,1989,13,14410,1,0,'2021-04-03','2021-04-03',10250.00,1,1.00,'Factura C N°: 0002-00000003',NULL,NULL,'2021-05-14 09:45:58','2021-05-14 09:45:58',NULL),(332,486,0,NULL,332,2,40732,1989,13,14410,1,0,'2021-04-05','2021-04-05',10350.00,1,1.00,'Factura C N°: 0001-00000007',NULL,NULL,'2021-05-14 09:45:59','2021-05-14 09:45:59',NULL),(333,486,0,NULL,333,2,40732,1989,13,14410,1,0,'2021-04-30','2021-04-30',10250.00,1,1.00,'Factura C N°: 0001-00000008',NULL,NULL,'2021-05-14 09:45:59','2021-05-14 09:45:59',NULL),(334,486,0,NULL,334,2,40732,1989,13,14410,1,0,'2021-04-30','2021-04-30',10300.00,1,1.00,'Factura C N°: 0001-00000009',NULL,NULL,'2021-05-14 09:45:59','2021-05-14 09:45:59',NULL),(335,486,0,NULL,335,2,40732,1989,13,14410,1,0,'2021-04-30','2021-04-30',10000.00,1,1.00,'Factura C N°: 0002-00000004',NULL,NULL,'2021-05-14 09:45:59','2021-05-14 09:45:59',NULL),(336,486,0,NULL,336,2,40732,1989,13,14410,1,0,'2021-04-30','2021-04-30',10350.00,1,1.00,'Factura C N°: 0002-00000005',NULL,NULL,'2021-05-14 09:45:59','2021-05-14 09:45:59',NULL),(337,486,0,NULL,337,2,40732,1989,13,14410,1,0,'2021-04-30','2021-04-30',10300.00,1,1.00,'Factura C N°: 0002-00000006',NULL,NULL,'2021-05-14 09:45:59','2021-05-14 09:45:59',NULL),(338,486,0,NULL,338,3,40732,40776,57,14410,1,0,'2021-04-01','2021-04-01',866.32,1,1.00,'Nota de crédito B N°: 0024-00311827',NULL,NULL,'2021-05-14 09:46:10','2021-05-14 09:46:10',NULL),(339,486,0,NULL,339,3,40732,40776,57,14410,1,0,'2021-04-01','2021-04-01',866.32,1,1.00,'Nota de crédito B N°: 0024-00311828',NULL,NULL,'2021-05-14 09:46:10','2021-05-14 09:46:10',NULL),(340,486,0,NULL,340,3,40732,40795,57,14410,2,0,'2021-04-01','2021-04-01',17000.00,1,1.00,'Factura C N°: 0004-00000047',NULL,NULL,'2021-05-14 09:46:10','2021-05-14 09:46:10',NULL),(341,486,0,NULL,341,3,40732,40776,57,14410,2,0,'2021-04-06','2021-04-06',78.89,1,1.00,'Nota de débito B N°: 0024-00387574',NULL,NULL,'2021-05-14 09:46:10','2021-05-14 09:46:10',NULL),(342,486,0,NULL,342,3,40732,40787,57,14410,2,0,'2021-04-07','2021-04-07',3325.00,1,1.00,'Factura B N°: 0004-00028987',NULL,NULL,'2021-05-14 09:46:10','2021-05-14 09:46:10',NULL),(343,486,0,NULL,343,3,40732,40778,57,14410,2,0,'2021-04-07','2021-04-07',8594.73,1,1.00,'Factura B N°: 0007-00019776',NULL,NULL,'2021-05-14 09:46:10','2021-05-14 09:46:10',NULL),(344,486,0,NULL,344,3,40732,40787,57,14410,2,0,'2021-04-14','2021-04-14',2225.54,1,1.00,'Factura B N°: 0004-00029167',NULL,NULL,'2021-05-14 09:46:11','2021-05-14 09:46:11',NULL),(345,486,0,NULL,345,3,40732,40787,57,14410,2,0,'2021-04-14','2021-04-14',2421.78,1,1.00,'Factura B N°: 0004-00029170',NULL,NULL,'2021-05-14 09:46:11','2021-05-14 09:46:11',NULL),(346,486,0,NULL,346,3,40732,40778,57,14410,2,0,'2021-04-14','2021-04-14',3948.91,1,1.00,'Factura B N°: 0007-00019896',NULL,NULL,'2021-05-14 09:46:11','2021-05-14 09:46:11',NULL),(347,486,0,NULL,347,3,40732,40775,57,14410,2,0,'2021-04-17','2021-04-17',6663.08,1,1.00,'Factura B N°: 0005-01036284',NULL,NULL,'2021-05-14 09:46:11','2021-05-14 09:46:11',NULL),(348,486,0,NULL,348,3,40732,38591,57,14410,2,0,'2021-04-18','2021-04-18',16735.50,1,1.00,'Factura C N°: 0057-03671298',NULL,NULL,'2021-05-14 09:46:11','2021-05-14 09:46:11',NULL),(349,486,0,NULL,349,3,40732,40803,57,14410,2,0,'2021-04-19','2021-04-19',0.00,1,1.00,'Factura B N°: 0002-00018088',NULL,NULL,'2021-05-14 09:46:11','2021-05-14 09:46:11',NULL),(350,486,0,NULL,350,3,40732,40776,57,14410,2,0,'2021-04-21','2021-04-21',3411.57,1,1.00,'Factura B N°: 0024-03115824',NULL,NULL,'2021-05-14 09:46:11','2021-05-14 09:46:11',NULL),(351,486,0,NULL,351,3,40732,40787,57,14410,2,0,'2021-04-23','2021-04-23',6650.01,1,1.00,'Factura B N°: 0004-00029394',NULL,NULL,'2021-05-14 09:46:11','2021-05-14 09:46:11',NULL),(352,486,0,NULL,352,3,40732,40717,57,14410,2,0,'2021-04-26','2021-04-26',1500.00,1,1.00,'Factura C N°: 0001-00000019',NULL,NULL,'2021-05-14 09:46:11','2021-05-14 09:46:11',NULL);
INSERT INTO `cta_cte_cliente` VALUES (353,486,0,NULL,353,3,40732,40776,57,14410,2,0,'2021-04-27','2021-04-27',135.95,1,1.00,'Nota de débito B N°: 0024-00410890',NULL,NULL,'2021-05-14 09:46:11','2021-05-14 09:46:11',NULL),(354,486,0,NULL,354,3,40732,40787,57,14410,2,0,'2021-04-28','2021-04-28',4766.84,1,1.00,'Factura B N°: 0004-00029497',NULL,NULL,'2021-05-14 09:46:11','2021-05-14 09:46:11',NULL),(355,486,0,NULL,355,3,40732,40778,57,14410,2,0,'2021-04-28','2021-04-28',6287.58,1,1.00,'Factura B N°: 0007-00020114',NULL,NULL,'2021-05-14 09:46:11','2021-05-14 09:46:11',NULL),(356,486,0,NULL,356,3,40732,40803,57,14410,2,0,'2021-04-30','2021-04-30',245.29,1,1.00,'Factura B N°: 0003-00062675',NULL,NULL,'2021-05-14 09:46:11','2021-05-14 09:46:11',NULL),(357,486,0,NULL,357,2,40717,40736,13,21,1,0,'2021-04-26','2021-04-26',1500.00,1,1.00,'Factura C N°: 0001-00000017',NULL,NULL,'2021-05-17 10:14:29','2021-05-17 10:14:29',NULL),(358,486,0,NULL,358,2,40717,40726,13,21,1,0,'2021-04-26','2021-04-26',1000.00,1,1.00,'Factura C N°: 0001-00000018',NULL,NULL,'2021-05-17 10:14:29','2021-05-17 10:14:29',NULL),(359,486,0,NULL,359,2,40717,40732,13,21,1,0,'2021-04-26','2021-04-26',1500.00,1,1.00,'Factura C N°: 0001-00000019',NULL,NULL,'2021-05-17 10:14:29','2021-05-17 10:14:29',NULL),(360,486,0,NULL,360,2,40717,40792,13,21,1,0,'2021-04-26','2021-04-26',1500.00,1,1.00,'Factura C N°: 0001-00000020',NULL,NULL,'2021-05-17 10:14:29','2021-05-17 10:14:29',NULL),(361,486,0,NULL,361,3,40717,2648,57,21,2,0,'2021-04-01','2021-04-01',10679.00,1,1.00,'Factura C N°: 0100-00466080',NULL,NULL,'2021-05-17 10:14:42','2021-05-17 10:14:42',NULL),(362,486,0,NULL,362,3,40717,40804,57,21,2,0,'2021-04-20','2021-04-20',1750000.00,1,1.00,'Factura B N°: 0021-00002721',NULL,NULL,'2021-05-17 10:14:42','2021-05-17 10:14:42',NULL),(363,486,0,NULL,363,3,40717,40805,57,21,2,0,'2021-04-26','2021-04-26',1450.00,1,1.00,'Factura C N°: 0002-00001961',NULL,NULL,'2021-05-17 10:14:42','2021-05-17 10:14:42',NULL),(364,486,0,NULL,364,3,40717,40766,57,21,2,0,'2021-04-30','2021-04-30',4500.00,1,1.00,'Factura B N°: 0001-00000593',NULL,NULL,'2021-05-17 10:14:42','2021-05-17 10:14:42',NULL),(365,486,0,NULL,365,2,40726,40767,13,14170,1,0,'2021-04-01','2021-04-01',8000.00,1,1.00,'Factura C N°: 0004-00000006',NULL,NULL,'2021-05-17 10:49:08','2021-05-17 10:49:08',NULL),(366,486,0,NULL,366,2,40726,40727,13,14170,1,0,'2021-04-30','2021-04-30',3000.00,1,1.00,'Factura C N°: 0003-00000008',NULL,NULL,'2021-05-17 10:49:08','2021-05-17 10:49:08',NULL),(367,486,0,NULL,367,3,40726,40779,57,14170,2,0,'2021-04-01','2021-04-01',0.00,1,1.00,'Factura B N°: 5243-02362674',NULL,NULL,'2021-05-17 10:49:19','2021-05-17 10:49:19',NULL),(368,486,0,NULL,368,3,40726,40717,57,14170,2,0,'2021-04-26','2021-04-26',1000.00,1,1.00,'Factura C N°: 0001-00000018',NULL,NULL,'2021-05-17 10:49:19','2021-05-17 10:49:19',NULL),(369,486,0,NULL,369,3,40726,40728,57,14170,2,0,'2021-04-28','2021-04-28',320.00,1,1.00,'Factura B N°: 0037-00507919',NULL,NULL,'2021-05-17 10:49:19','2021-05-17 10:49:19',NULL),(370,486,0,NULL,370,3,40722,38039,57,7594,2,0,'2021-05-21','2021-05-21',6699.00,1,1.00,'Factura B N°: 0500-00043813',NULL,NULL,'2021-06-14 10:00:32','2021-06-14 10:00:32',NULL),(371,486,0,NULL,371,2,40722,40725,13,7594,1,0,'2021-05-06','2021-05-06',12000.00,1,1.00,'Factura C N°: 0001-00000086',NULL,NULL,'2021-06-14 10:00:42','2021-06-14 10:00:42',NULL),(372,486,0,NULL,372,2,40722,1989,13,7594,1,0,'2021-05-06','2021-05-06',3000.00,1,1.00,'Factura C N°: 0001-00000087',NULL,NULL,'2021-06-14 10:00:42','2021-06-14 10:00:42',NULL),(373,486,0,NULL,373,2,40722,40723,13,7594,1,0,'2021-05-14','2021-05-14',22800.00,1,1.00,'Factura C N°: 0001-00000088',NULL,NULL,'2021-06-14 10:00:42','2021-06-14 10:00:42',NULL),(374,486,0,NULL,374,2,40736,40806,13,14651,1,0,'2021-05-12','2021-05-12',3000.00,1,1.00,'Factura C N°: 0002-00000166',NULL,NULL,'2021-06-15 11:00:08','2021-06-15 11:00:08',NULL);
INSERT INTO `cta_cte_cliente` VALUES (375,486,0,NULL,375,2,40736,40740,13,14651,1,0,'2021-05-12','2021-05-12',46330.08,1,1.00,'Factura C N°: 0002-00000167',NULL,NULL,'2021-06-15 11:00:08','2021-06-15 11:00:08',NULL),(376,486,0,NULL,376,2,40736,40807,13,14651,1,0,'2021-05-20','2021-05-20',1500.00,1,1.00,'Factura C N°: 0002-00000168',NULL,NULL,'2021-06-15 11:00:08','2021-06-15 11:00:08',NULL),(377,486,0,NULL,377,2,40736,40808,13,14651,1,0,'2021-05-20','2021-05-20',7600.00,1,1.00,'Factura C N°: 0002-00000169',NULL,NULL,'2021-06-15 11:00:08','2021-06-15 11:00:08',NULL),(378,486,0,NULL,378,2,40736,40741,13,14651,1,0,'2021-05-20','2021-05-20',3000.00,1,1.00,'Factura C N°: 0002-00000170',NULL,NULL,'2021-06-15 11:00:08','2021-06-15 11:00:08',NULL),(379,486,0,NULL,379,2,40736,40809,13,14651,1,0,'2021-05-31','2021-05-31',1500.00,1,1.00,'Factura C N°: 0002-00000171',NULL,NULL,'2021-06-15 11:00:08','2021-06-15 11:00:08',NULL),(380,486,0,NULL,380,3,40736,40737,57,14651,2,0,'2021-05-04','2021-05-04',5400.00,1,1.00,'Factura C N°: 0002-00000513',NULL,NULL,'2021-06-15 11:00:23','2021-06-15 11:00:23',NULL),(381,486,0,NULL,381,3,40736,40737,57,14651,2,0,'2021-05-06','2021-05-06',9100.00,1,1.00,'Factura C N°: 0002-00000517',NULL,NULL,'2021-06-15 11:00:23','2021-06-15 11:00:23',NULL),(382,486,0,NULL,382,3,40736,40728,57,14651,2,0,'2021-05-26','2021-05-26',1418.00,1,1.00,'Factura B N°: 0017-00505970',NULL,NULL,'2021-06-15 11:00:23','2021-06-15 11:00:23',NULL),(383,486,0,NULL,383,3,40736,40728,57,14651,2,0,'2021-05-27','2021-05-27',1575.00,1,1.00,'Factura B N°: 0037-00516056',NULL,NULL,'2021-06-15 11:00:23','2021-06-15 11:00:23',NULL),(384,486,0,NULL,384,3,40736,40717,57,14651,2,0,'2021-05-31','2021-05-31',1500.00,1,1.00,'Factura C N°: 0001-00000021',NULL,NULL,'2021-06-15 11:00:23','2021-06-15 11:00:23',NULL),(385,486,0,NULL,385,2,40732,1989,13,14411,1,0,'2021-05-28','2021-05-28',10350.00,1,1.00,'Factura C N°: 0002-00000007',NULL,NULL,'2021-06-15 20:18:50','2021-06-15 20:18:50',NULL),(386,486,0,NULL,386,2,40732,1989,13,14411,1,0,'2021-05-28','2021-05-28',10300.00,1,1.00,'Factura C N°: 0002-00000008',NULL,NULL,'2021-06-15 20:18:50','2021-06-15 20:18:50',NULL),(387,486,0,NULL,387,2,40732,1989,13,14411,1,0,'2021-05-28','2021-05-28',10350.00,1,1.00,'Factura C N°: 0002-00000009',NULL,NULL,'2021-06-15 20:18:50','2021-06-15 20:18:50',NULL),(388,486,0,NULL,388,2,40732,1989,13,14411,1,0,'2021-05-28','2021-05-28',10450.00,1,1.00,'Factura C N°: 0002-00000010',NULL,NULL,'2021-06-15 20:18:50','2021-06-15 20:18:50',NULL),(389,486,0,NULL,389,2,40732,1989,13,14411,1,0,'2021-05-28','2021-05-28',10400.00,1,1.00,'Factura C N°: 0002-00000011',NULL,NULL,'2021-06-15 20:18:50','2021-06-15 20:18:50',NULL),(390,486,0,NULL,390,2,40732,1989,13,14411,1,0,'2021-05-28','2021-05-28',10400.00,1,1.00,'Factura C N°: 0001-00000010',NULL,NULL,'2021-06-15 20:18:50','2021-06-15 20:18:50',NULL),(391,486,0,NULL,391,2,40732,1989,13,14411,1,0,'2021-05-28','2021-05-28',10340.00,1,1.00,'Factura C N°: 0001-00000011',NULL,NULL,'2021-06-15 20:18:50','2021-06-15 20:18:50',NULL),(392,486,0,NULL,392,2,40732,1989,13,14411,1,0,'2021-05-28','2021-05-28',10400.00,1,1.00,'Factura C N°: 0001-00000012',NULL,NULL,'2021-06-15 20:18:50','2021-06-15 20:18:50',NULL),(393,486,0,NULL,393,2,40732,1989,13,14411,1,0,'2021-05-28','2021-05-28',10250.00,1,1.00,'Factura C N°: 0001-00000013',NULL,NULL,'2021-06-15 20:18:50','2021-06-15 20:18:50',NULL),(394,486,0,NULL,394,2,40732,1989,13,14411,1,0,'2021-05-28','2021-05-28',10400.00,1,1.00,'Factura C N°: 0001-00000014',NULL,NULL,'2021-06-15 20:18:50','2021-06-15 20:18:50',NULL),(395,486,0,NULL,395,3,40732,40787,57,14411,2,0,'2021-05-05','2021-05-05',12619.96,1,1.00,'Factura B N°: 0004-00029645',NULL,NULL,'2021-06-15 20:19:02','2021-06-15 20:19:02',NULL),(396,486,0,NULL,396,3,40732,40787,57,14411,2,0,'2021-05-05','2021-05-05',1462.07,1,1.00,'Factura B N°: 0004-00029646',NULL,NULL,'2021-06-15 20:19:02','2021-06-15 20:19:02',NULL);
INSERT INTO `cta_cte_cliente` VALUES (397,486,0,NULL,397,3,40732,40778,57,14411,2,0,'2021-05-05','2021-05-05',22584.68,1,1.00,'Factura B N°: 0007-00020203',NULL,NULL,'2021-06-15 20:19:02','2021-06-15 20:19:02',NULL),(398,486,0,NULL,398,3,40732,40787,57,14411,2,0,'2021-05-07','2021-05-07',2225.54,1,1.00,'Factura B N°: 0004-00029724',NULL,NULL,'2021-06-15 20:19:02','2021-06-15 20:19:02',NULL),(399,486,0,NULL,399,3,40732,40776,57,14411,2,0,'2021-05-10','2021-05-10',3302.55,1,1.00,'Factura B N°: 0024-03179593',NULL,NULL,'2021-06-15 20:19:02','2021-06-15 20:19:02',NULL),(400,486,0,NULL,400,3,40732,40795,57,14411,2,0,'2021-05-10','2021-05-10',17000.00,1,1.00,'Factura C N°: 0004-00000050',NULL,NULL,'2021-06-15 20:19:02','2021-06-15 20:19:02',NULL),(401,486,0,NULL,401,3,40732,40787,57,14411,2,0,'2021-05-12','2021-05-12',5667.65,1,1.00,'Factura B N°: 0004-00029827',NULL,NULL,'2021-06-15 20:19:02','2021-06-15 20:19:02',NULL),(402,486,0,NULL,402,3,40732,40787,57,14411,2,0,'2021-05-12','2021-05-12',2225.54,1,1.00,'Factura B N°: 0004-00029828',NULL,NULL,'2021-06-15 20:19:02','2021-06-15 20:19:02',NULL),(403,486,0,NULL,403,3,40732,40778,57,14411,2,0,'2021-05-12','2021-05-12',10000.38,1,1.00,'Factura B N°: 0007-00020311',NULL,NULL,'2021-06-15 20:19:02','2021-06-15 20:19:02',NULL),(404,486,0,NULL,404,3,40732,40787,57,14411,2,0,'2021-05-19','2021-05-19',4613.28,1,1.00,'Factura B N°: 0004-00030000',NULL,NULL,'2021-06-15 20:19:02','2021-06-15 20:19:02',NULL),(405,486,0,NULL,405,3,40732,40778,57,14411,2,0,'2021-05-19','2021-05-19',12113.97,1,1.00,'Factura B N°: 0007-00020405',NULL,NULL,'2021-06-15 20:19:02','2021-06-15 20:19:02',NULL),(406,486,0,NULL,406,3,40732,40776,57,14411,2,0,'2021-05-20','2021-05-20',102.34,1,1.00,'Nota de débito B N°: 0024-00439125',NULL,NULL,'2021-06-15 20:19:02','2021-06-15 20:19:02',NULL),(407,486,0,NULL,407,3,40732,40787,57,14411,2,0,'2021-05-26','2021-05-26',3325.00,1,1.00,'Factura B N°: 0004-00030176',NULL,NULL,'2021-06-15 20:19:02','2021-06-15 20:19:02',NULL),(408,486,0,NULL,408,3,40732,40778,57,14411,2,0,'2021-05-26','2021-05-26',13450.12,1,1.00,'Factura B N°: 0007-00020517',NULL,NULL,'2021-06-15 20:19:02','2021-06-15 20:19:02',NULL),(409,486,0,NULL,409,3,40732,38591,57,14411,2,0,'2021-05-28','2021-05-28',19813.60,1,1.00,'Factura C N°: 0057-03784090',NULL,NULL,'2021-06-15 20:19:02','2021-06-15 20:19:02',NULL),(410,486,0,NULL,410,3,40732,40717,57,14411,2,0,'2021-05-31','2021-05-31',1500.00,1,1.00,'Factura C N°: 0001-00000023',NULL,NULL,'2021-06-15 20:19:02','2021-06-15 20:19:02',NULL),(411,486,0,NULL,411,2,40717,40736,13,22,1,0,'2021-05-31','2021-05-31',1500.00,1,1.00,'Factura C N°: 0001-00000021',NULL,NULL,'2021-06-16 14:43:47','2021-06-16 14:43:47',NULL),(412,486,0,NULL,412,2,40717,40726,13,22,1,0,'2021-05-31','2021-05-31',1000.00,1,1.00,'Factura C N°: 0001-00000022',NULL,NULL,'2021-06-16 14:43:47','2021-06-16 14:43:47',NULL),(413,486,0,NULL,413,2,40717,40732,13,22,1,0,'2021-05-31','2021-05-31',1500.00,1,1.00,'Factura C N°: 0001-00000023',NULL,NULL,'2021-06-16 14:43:47','2021-06-16 14:43:47',NULL),(414,486,0,NULL,414,2,40717,40792,13,22,1,0,'2021-05-31','2021-05-31',1500.00,1,1.00,'Factura C N°: 0001-00000024',NULL,NULL,'2021-06-16 14:43:47','2021-06-16 14:43:47',NULL),(415,486,0,NULL,415,3,40717,2648,57,22,2,0,'2021-05-01','2021-05-01',10679.00,1,1.00,'Factura C N°: 0100-00513992',NULL,NULL,'2021-06-16 14:43:57','2021-06-16 14:43:57',NULL),(416,486,0,NULL,416,3,40717,32850,57,22,2,0,'2021-05-04','2021-05-04',2076.15,1,1.00,'Factura B N°: 0309-00016785',NULL,NULL,'2021-06-16 14:43:57','2021-06-16 14:43:57',NULL),(417,486,0,NULL,417,3,40717,40804,57,22,2,0,'2021-05-04','2021-05-04',22761.50,1,1.00,'Factura B N°: 0026-00001477',NULL,NULL,'2021-06-16 14:43:57','2021-06-16 14:43:57',NULL),(418,486,0,NULL,418,3,40717,40804,57,22,1,0,'2021-05-27','2021-05-27',759.00,1,1.00,'Nota de crédito B N°: 0026-00003283',NULL,NULL,'2021-06-16 14:43:57','2021-06-16 14:43:57',NULL);
INSERT INTO `cta_cte_cliente` VALUES (419,486,0,NULL,419,3,40717,40766,57,22,2,0,'2021-05-31','2021-05-31',4500.00,1,1.00,'Factura B N°: 0001-00000705',NULL,NULL,'2021-06-16 14:43:57','2021-06-16 14:43:57',NULL),(420,486,0,NULL,420,3,40792,2431,57,14866,2,0,'2021-02-02','2021-02-02',962.06,1,1.00,'Factura B N°: 1246-00027955',NULL,NULL,'2021-06-16 18:35:59','2021-06-16 18:35:59',NULL),(421,486,0,NULL,421,3,40792,2431,57,14866,2,0,'2021-02-02','2021-02-02',6864.56,1,1.00,'Factura B N°: 1245-00024855',NULL,NULL,'2021-06-16 18:35:59','2021-06-16 18:35:59',NULL),(422,486,0,NULL,422,3,40792,2431,57,14866,2,0,'2021-02-09','2021-02-09',8838.71,1,1.00,'Factura B N°: 1246-00028260',NULL,NULL,'2021-06-16 18:35:59','2021-06-16 18:35:59',NULL),(423,486,0,NULL,423,3,40792,2431,57,14866,2,0,'2021-02-09','2021-02-09',581.31,1,1.00,'Factura B N°: 1245-00025514',NULL,NULL,'2021-06-16 18:35:59','2021-06-16 18:35:59',NULL),(424,486,0,NULL,424,3,40792,2431,57,14866,2,0,'2021-02-16','2021-02-16',4019.96,1,1.00,'Factura B N°: 1246-00028840',NULL,NULL,'2021-06-16 18:35:59','2021-06-16 18:35:59',NULL),(425,486,0,NULL,425,3,40792,2431,57,14866,2,0,'2021-02-16','2021-02-16',489.52,1,1.00,'Factura B N°: 1245-00025685',NULL,NULL,'2021-06-16 18:35:59','2021-06-16 18:35:59',NULL),(426,486,0,NULL,426,3,40792,2431,57,14866,2,0,'2021-02-16','2021-02-16',653.98,1,1.00,'Factura B N°: 1245-00025686',NULL,NULL,'2021-06-16 18:35:59','2021-06-16 18:35:59',NULL),(427,486,0,NULL,427,3,40792,2431,57,14866,2,0,'2021-02-23','2021-02-23',8439.62,1,1.00,'Factura B N°: 1246-00029317',NULL,NULL,'2021-06-16 18:35:59','2021-06-16 18:35:59',NULL),(428,486,0,NULL,428,3,40792,40717,57,14866,2,0,'2021-02-23','2021-02-23',1500.00,1,1.00,'Factura C N°: 0001-00000012',NULL,NULL,'2021-06-16 18:35:59','2021-06-16 18:35:59',NULL),(429,486,0,NULL,429,3,40792,2431,57,14867,2,0,'2021-03-01','2021-03-01',9386.71,1,1.00,'Factura B N°: 1246-00030017',NULL,NULL,'2021-06-16 18:36:12','2021-06-16 18:36:12',NULL),(430,486,0,NULL,430,3,40792,2431,57,14867,2,0,'2021-03-02','2021-03-02',816.15,1,1.00,'Factura B N°: 1246-00030041',NULL,NULL,'2021-06-16 18:36:12','2021-06-16 18:36:12',NULL),(431,486,0,NULL,431,3,40792,2431,57,14867,2,0,'2021-03-04','2021-03-04',426.07,1,1.00,'Factura B N°: 1246-00030306',NULL,NULL,'2021-06-16 18:36:12','2021-06-16 18:36:12',NULL),(432,486,0,NULL,432,3,40792,2431,57,14867,2,0,'2021-03-09','2021-03-09',6813.44,1,1.00,'Factura B N°: 1246-00030536',NULL,NULL,'2021-06-16 18:36:12','2021-06-16 18:36:12',NULL),(433,486,0,NULL,433,3,40792,2431,57,14867,2,0,'2021-03-09','2021-03-09',1004.06,1,1.00,'Factura B N°: 1246-00030556',NULL,NULL,'2021-06-16 18:36:12','2021-06-16 18:36:12',NULL),(434,486,0,NULL,434,3,40792,40810,57,14867,2,0,'2021-03-11','2021-03-11',1269.08,1,1.00,'Factura B N°: 0006-00370077',NULL,NULL,'2021-06-16 18:36:12','2021-06-16 18:36:12',NULL),(435,486,0,NULL,435,3,40792,2431,57,14867,2,0,'2021-03-16','2021-03-16',8202.46,1,1.00,'Factura B N°: 1246-00031275',NULL,NULL,'2021-06-16 18:36:12','2021-06-16 18:36:12',NULL),(436,486,0,NULL,436,3,40792,40810,57,14867,2,0,'2021-03-18','2021-03-18',1244.69,1,1.00,'Factura B N°: 0006-00371693',NULL,NULL,'2021-06-16 18:36:12','2021-06-16 18:36:12',NULL),(437,486,0,NULL,437,3,40792,2431,57,14867,2,0,'2021-03-23','2021-03-23',8559.82,1,1.00,'Factura B N°: 1246-00031691',NULL,NULL,'2021-06-16 18:36:12','2021-06-16 18:36:12',NULL),(438,486,0,NULL,438,3,40792,40810,57,14867,2,0,'2021-03-25','2021-03-25',802.93,1,1.00,'Factura B N°: 0006-00373101',NULL,NULL,'2021-06-16 18:36:12','2021-06-16 18:36:12',NULL),(439,486,0,NULL,439,3,40792,40717,57,14867,2,0,'2021-03-26','2021-03-26',1500.00,1,1.00,'Factura C N°: 0001-00000016',NULL,NULL,'2021-06-16 18:36:12','2021-06-16 18:36:12',NULL),(440,486,0,NULL,440,3,40792,2431,57,14867,2,0,'2021-03-27','2021-03-27',1438.97,1,1.00,'Factura B N°: 1246-00032089',NULL,NULL,'2021-06-16 18:36:12','2021-06-16 18:36:12',NULL);
INSERT INTO `cta_cte_cliente` VALUES (441,486,0,NULL,441,3,40792,40810,57,14867,2,0,'2021-03-27','2021-03-27',671.27,1,1.00,'Factura B N°: 0006-00373570',NULL,NULL,'2021-06-16 18:36:12','2021-06-16 18:36:12',NULL),(442,486,0,NULL,442,3,40792,2431,57,14867,2,0,'2021-03-29','2021-03-29',1206.49,1,1.00,'Factura B N°: 1246-00032135',NULL,NULL,'2021-06-16 18:36:12','2021-06-16 18:36:12',NULL),(443,486,0,NULL,443,3,40792,40810,57,14867,2,0,'2021-03-31','2021-03-31',1040.51,1,1.00,'Factura B N°: 0006-00374315',NULL,NULL,'2021-06-16 18:36:12','2021-06-16 18:36:12',NULL),(444,486,0,NULL,444,3,40792,2431,57,14868,2,0,'2021-04-06','2021-04-06',9887.76,1,1.00,'Factura B N°: 1246-00032572',NULL,NULL,'2021-06-16 18:36:25','2021-06-16 18:36:25',NULL),(445,486,0,NULL,445,3,40792,40810,57,14868,2,0,'2021-04-08','2021-04-08',1798.74,1,1.00,'Factura B N°: 0006-00375669',NULL,NULL,'2021-06-16 18:36:25','2021-06-16 18:36:25',NULL),(446,486,0,NULL,446,3,40792,2431,57,14868,2,0,'2021-04-12','2021-04-12',5029.47,1,1.00,'Factura B N°: 1246-00033154',NULL,NULL,'2021-06-16 18:36:25','2021-06-16 18:36:25',NULL),(447,486,0,NULL,447,3,40792,40810,57,14868,2,0,'2021-04-15','2021-04-15',3534.69,1,1.00,'Factura B N°: 0006-00377099',NULL,NULL,'2021-06-16 18:36:25','2021-06-16 18:36:25',NULL),(448,486,0,NULL,448,3,40792,40811,57,14868,2,0,'2021-04-17','2021-04-17',42000.00,1,1.00,'Factura C N°: 0002-00000502',NULL,NULL,'2021-06-16 18:36:25','2021-06-16 18:36:25',NULL),(449,486,0,NULL,449,3,40792,40812,57,14868,2,0,'2021-04-21','2021-04-21',10290.17,1,1.00,'Factura B N°: 0016-00429845',NULL,NULL,'2021-06-16 18:36:26','2021-06-16 18:36:26',NULL),(450,486,0,NULL,450,3,40792,40812,57,14868,1,0,'2021-04-22','2021-04-22',10290.17,1,1.00,'Nota de crédito B N°: 0016-00035398',NULL,NULL,'2021-06-16 18:36:26','2021-06-16 18:36:26',NULL),(451,486,0,NULL,451,3,40792,40717,57,14868,2,0,'2021-04-26','2021-04-26',1500.00,1,1.00,'Factura C N°: 0001-00000020',NULL,NULL,'2021-06-16 18:36:26','2021-06-16 18:36:26',NULL),(452,486,0,NULL,452,3,40792,40810,57,14868,2,0,'2021-04-29','2021-04-29',1273.84,1,1.00,'Factura B N°: 0006-00379589',NULL,NULL,'2021-06-16 18:36:26','2021-06-16 18:36:26',NULL),(453,486,0,NULL,453,3,40792,40812,57,14868,2,0,'2021-04-30','2021-04-30',8859.18,1,1.00,'Factura B N°: 0016-00431663',NULL,NULL,'2021-06-16 18:36:26','2021-06-16 18:36:26',NULL),(454,486,0,NULL,454,3,40792,40812,57,14869,2,0,'2021-05-05','2021-05-05',7223.42,1,1.00,'Factura B N°: 0016-00432488',NULL,NULL,'2021-06-16 18:36:38','2021-06-16 18:36:38',NULL),(455,486,0,NULL,455,3,40792,40810,57,14869,2,0,'2021-05-08','2021-05-08',2174.85,1,1.00,'Factura B N°: 0006-00381120',NULL,NULL,'2021-06-16 18:36:38','2021-06-16 18:36:38',NULL),(456,486,0,NULL,456,3,40792,40812,57,14869,2,0,'2021-05-12','2021-05-12',4555.95,1,1.00,'Factura B N°: 0016-00433823',NULL,NULL,'2021-06-16 18:36:38','2021-06-16 18:36:38',NULL),(457,486,0,NULL,457,3,40792,40812,57,14869,2,0,'2021-05-19','2021-05-19',6344.20,1,1.00,'Factura B N°: 0016-00435040',NULL,NULL,'2021-06-16 18:36:38','2021-06-16 18:36:38',NULL),(458,486,0,NULL,458,3,40792,40810,57,14869,2,0,'2021-05-20','2021-05-20',3338.30,1,1.00,'Factura B N°: 0006-00383006',NULL,NULL,'2021-06-16 18:36:38','2021-06-16 18:36:38',NULL),(459,486,0,NULL,459,3,40792,2431,57,14869,2,0,'2021-05-25','2021-05-25',6714.28,1,1.00,'Factura B N°: 1246-00036250',NULL,NULL,'2021-06-16 18:36:38','2021-06-16 18:36:38',NULL),(460,486,0,NULL,460,3,40792,40812,57,14869,2,0,'2021-05-26','2021-05-26',5713.90,1,1.00,'Factura B N°: 0016-00436242',NULL,NULL,'2021-06-16 18:36:38','2021-06-16 18:36:38',NULL),(461,486,0,NULL,461,3,40792,40810,57,14869,2,0,'2021-05-27','2021-05-27',1733.72,1,1.00,'Factura B N°: 0006-00384226',NULL,NULL,'2021-06-16 18:36:38','2021-06-16 18:36:38',NULL),(462,486,0,NULL,462,3,40792,40812,57,14869,2,0,'2021-05-29','2021-05-29',4056.64,1,1.00,'Factura B N°: 0016-00436914',NULL,NULL,'2021-06-16 18:36:38','2021-06-16 18:36:38',NULL);
INSERT INTO `cta_cte_cliente` VALUES (463,486,0,NULL,463,3,40792,40717,57,14869,2,0,'2021-05-31','2021-05-31',1500.00,1,1.00,'Factura C N°: 0001-00000024',NULL,NULL,'2021-06-16 18:36:38','2021-06-16 18:36:38',NULL),(464,486,0,NULL,464,2,40726,40767,13,14171,1,0,'2021-05-01','2021-05-01',8000.00,1,1.00,'Factura C N°: 0004-00000007',NULL,NULL,'2021-06-18 11:45:49','2021-06-18 11:45:49',NULL),(465,486,0,NULL,465,2,40726,40727,13,14171,1,0,'2021-05-03','2021-05-03',21000.00,1,1.00,'Factura C N°: 0003-00000009',NULL,NULL,'2021-06-18 11:45:49','2021-06-18 11:45:49',NULL),(466,486,0,NULL,466,2,40726,40727,13,14171,1,0,'2021-05-31','2021-05-31',21000.00,1,1.00,'Factura C N°: 0003-00000010',NULL,NULL,'2021-06-18 11:45:49','2021-06-18 11:45:49',NULL),(467,486,0,NULL,467,3,40726,40728,57,14171,2,0,'2021-05-27','2021-05-27',320.00,1,1.00,'Factura B N°: 0037-00518120',NULL,NULL,'2021-06-18 11:46:01','2021-06-18 11:46:01',NULL),(468,486,0,NULL,468,3,40726,40717,57,14171,2,0,'2021-05-31','2021-05-31',1000.00,1,1.00,'Factura C N°: 0001-00000022',NULL,NULL,'2021-06-18 11:46:01','2021-06-18 11:46:01',NULL),(469,486,0,NULL,469,2,40722,40725,13,7595,1,0,'2021-06-02','2021-06-02',14100.00,1,1.00,'Factura C N°: 0001-00000089',NULL,NULL,'2021-07-13 00:01:04','2021-07-13 00:01:04',NULL),(470,486,0,NULL,470,2,40722,40723,13,7595,1,0,'2021-06-08','2021-06-08',23300.00,1,1.00,'Factura C N°: 0001-00000090',NULL,NULL,'2021-07-13 00:01:04','2021-07-13 00:01:04',NULL),(471,486,0,NULL,471,2,40722,1989,13,7595,1,0,'2021-06-30','2021-06-30',3000.00,1,1.00,'Factura C N°: 0001-00000091',NULL,NULL,'2021-07-13 00:01:04','2021-07-13 00:01:04',NULL),(472,486,0,NULL,472,2,40722,1989,13,7595,1,0,'2021-06-30','2021-06-30',10000.00,1,1.00,'Factura C N°: 0001-00000092',NULL,NULL,'2021-07-13 00:01:04','2021-07-13 00:01:04',NULL),(473,486,0,NULL,473,2,40722,1989,13,7595,1,0,'2021-06-30','2021-06-30',5500.00,1,1.00,'Factura C N°: 0001-00000093',NULL,NULL,'2021-07-13 00:01:04','2021-07-13 00:01:04',NULL),(474,486,0,NULL,474,2,40722,1989,13,7595,1,0,'2021-06-30','2021-06-30',10000.00,1,1.00,'Factura C N°: 0001-00000094',NULL,NULL,'2021-07-13 00:01:04','2021-07-13 00:01:04',NULL),(475,486,0,NULL,475,2,40722,1989,13,7595,1,0,'2021-06-30','2021-06-30',850.00,1,1.00,'Factura C N°: 0001-00000095',NULL,NULL,'2021-07-13 00:01:04','2021-07-13 00:01:04',NULL),(476,486,0,NULL,476,2,40722,1989,13,7595,1,0,'2021-06-30','2021-06-30',1650.00,1,1.00,'Factura C N°: 0001-00000096',NULL,NULL,'2021-07-13 00:01:04','2021-07-13 00:01:04',NULL),(477,486,0,NULL,477,3,40722,34251,57,7595,2,0,'2021-06-04','2021-06-04',3630.00,1,1.00,'Factura B N°: 1000-00171755',NULL,NULL,'2021-07-13 00:01:17','2021-07-13 00:01:17',NULL),(478,486,0,NULL,478,3,40722,40751,57,7595,2,0,'2021-06-19','2021-06-19',900.00,1,1.00,'Factura B N°: 1971-00013725',NULL,NULL,'2021-07-13 00:01:17','2021-07-13 00:01:17',NULL),(479,486,0,NULL,479,3,40722,34251,57,7595,2,0,'2021-06-29','2021-06-29',2400.00,1,1.00,'Factura B N°: 1000-00184238',NULL,NULL,'2021-07-13 00:01:17','2021-07-13 00:01:17',NULL),(480,486,0,NULL,480,2,40736,40814,13,14652,1,0,'2021-06-14','2021-06-14',17000.00,1,1.00,'Factura C N°: 0002-00000172',NULL,NULL,'2021-07-13 11:32:45','2021-07-13 11:32:45',NULL),(481,486,0,NULL,481,2,40736,40740,13,14652,1,0,'2021-06-14','2021-06-14',50506.44,1,1.00,'Factura C N°: 0002-00000173',NULL,NULL,'2021-07-13 11:32:45','2021-07-13 11:32:45',NULL),(482,486,0,NULL,482,2,40736,40740,13,14652,1,0,'2021-06-17','2021-06-17',34461.38,1,1.00,'Factura C N°: 0002-00000174',NULL,NULL,'2021-07-13 11:32:45','2021-07-13 11:32:45',NULL),(483,486,0,NULL,483,2,40736,40740,13,14652,1,0,'2021-06-17','2021-06-17',66713.08,1,1.00,'Factura C N°: 0002-00000175',NULL,NULL,'2021-07-13 11:32:45','2021-07-13 11:32:45',NULL),(484,486,0,NULL,484,2,40736,40800,13,14652,1,0,'2021-06-28','2021-06-28',5000.00,1,1.00,'Factura C N°: 0002-00000176',NULL,NULL,'2021-07-13 11:32:45','2021-07-13 11:32:45',NULL);
INSERT INTO `cta_cte_cliente` VALUES (485,486,0,NULL,485,2,40736,40806,13,14652,1,0,'2021-06-30','2021-06-30',2300.00,1,1.00,'Factura C N°: 0002-00000177',NULL,NULL,'2021-07-13 11:32:45','2021-07-13 11:32:45',NULL),(486,486,0,NULL,486,3,40736,40815,57,14652,2,0,'2021-06-11','2021-06-11',19352.20,1,1.00,'Factura B N°: 0009-00037662',NULL,NULL,'2021-07-13 11:32:57','2021-07-13 11:32:57',NULL),(487,486,0,NULL,487,3,40736,40738,57,14652,2,0,'2021-06-14','2021-06-14',6900.00,1,1.00,'Factura C N°: 0002-00002002',NULL,NULL,'2021-07-13 11:32:57','2021-07-13 11:32:57',NULL),(488,486,0,NULL,488,3,40736,917,57,14652,2,0,'2021-06-19','2021-06-19',2137.18,1,1.00,'Factura B N°: 4181-01565603',NULL,NULL,'2021-07-13 11:32:57','2021-07-13 11:32:57',NULL),(489,486,0,NULL,489,3,40736,40816,57,14652,2,0,'2021-06-19','2021-06-19',10750.00,1,1.00,'Factura B N°: 0003-00000701',NULL,NULL,'2021-07-13 11:32:57','2021-07-13 11:32:57',NULL),(490,486,0,NULL,490,3,40736,40728,57,14652,2,0,'2021-06-28','2021-06-28',1418.00,1,1.00,'Factura B N°: 0017-00510711',NULL,NULL,'2021-07-13 11:32:57','2021-07-13 11:32:57',NULL),(491,486,0,NULL,491,3,40736,40728,57,14652,2,0,'2021-06-28','2021-06-28',1575.00,1,1.00,'Factura B N°: 0037-00526293',NULL,NULL,'2021-07-13 11:32:58','2021-07-13 11:32:58',NULL),(492,486,0,NULL,492,3,40736,40717,57,14652,2,0,'2021-06-30','2021-06-30',1500.00,1,1.00,'Factura C N°: 0001-00000025',NULL,NULL,'2021-07-13 11:32:58','2021-07-13 11:32:58',NULL),(493,486,0,NULL,493,2,40732,1989,13,14412,1,0,'2021-06-30','2021-06-30',10000.00,1,1.00,'Factura C N°: 0001-00000015',NULL,NULL,'2021-07-13 13:08:40','2021-07-13 13:08:40',NULL),(494,486,0,NULL,494,2,40732,1989,13,14412,1,0,'2021-06-30','2021-06-30',10250.00,1,1.00,'Factura C N°: 0001-00000016',NULL,NULL,'2021-07-13 13:08:40','2021-07-13 13:08:40',NULL),(495,486,0,NULL,495,2,40732,1989,13,14412,1,0,'2021-06-30','2021-06-30',10200.00,1,1.00,'Factura C N°: 0001-00000017',NULL,NULL,'2021-07-13 13:08:40','2021-07-13 13:08:40',NULL),(496,486,0,NULL,496,2,40732,1989,13,14412,1,0,'2021-06-30','2021-06-30',10440.00,1,1.00,'Factura C N°: 0001-00000018',NULL,NULL,'2021-07-13 13:08:40','2021-07-13 13:08:40',NULL),(497,486,0,NULL,497,2,40732,1989,13,14412,1,0,'2021-06-30','2021-06-30',10400.00,1,1.00,'Factura C N°: 0001-00000019',NULL,NULL,'2021-07-13 13:08:40','2021-07-13 13:08:40',NULL),(498,486,0,NULL,498,2,40732,1989,13,14412,1,0,'2021-06-30','2021-06-30',10250.00,1,1.00,'Factura C N°: 0001-00000020',NULL,NULL,'2021-07-13 13:08:40','2021-07-13 13:08:40',NULL),(499,486,0,NULL,499,2,40732,1989,13,14412,1,0,'2021-06-30','2021-06-30',10200.00,1,1.00,'Factura C N°: 0002-00000012',NULL,NULL,'2021-07-13 13:08:40','2021-07-13 13:08:40',NULL),(500,486,0,NULL,500,2,40732,1989,13,14412,1,0,'2021-06-30','2021-06-30',10000.00,1,1.00,'Factura C N°: 0002-00000013',NULL,NULL,'2021-07-13 13:08:40','2021-07-13 13:08:40',NULL),(501,486,0,NULL,501,2,40732,1989,13,14412,1,0,'2021-06-30','2021-06-30',10450.00,1,1.00,'Factura C N°: 0002-00000014',NULL,NULL,'2021-07-13 13:08:40','2021-07-13 13:08:40',NULL),(502,486,0,NULL,502,2,40732,1989,13,14412,1,0,'2021-06-30','2021-06-30',10400.00,1,1.00,'Factura C N°: 0002-00000015',NULL,NULL,'2021-07-13 13:08:40','2021-07-13 13:08:40',NULL),(503,486,0,NULL,503,2,40732,1989,13,14412,1,0,'2021-06-30','2021-06-30',10400.00,1,1.00,'Factura C N°: 0002-00000016',NULL,NULL,'2021-07-13 13:08:40','2021-07-13 13:08:40',NULL),(504,486,0,NULL,504,2,40732,1989,13,14412,1,0,'2021-06-30','2021-06-30',10400.00,1,1.00,'Factura C N°: 0002-00000017',NULL,NULL,'2021-07-13 13:08:41','2021-07-13 13:08:41',NULL),(505,486,0,NULL,505,3,40732,40787,57,14412,2,0,'2021-06-02','2021-06-02',9618.50,1,1.00,'Factura B N°: 0004-00030310',NULL,NULL,'2021-07-13 13:08:52','2021-07-13 13:08:52',NULL),(506,486,0,NULL,506,3,40732,40795,57,14412,2,0,'2021-06-02','2021-06-02',17000.00,1,1.00,'Factura C N°: 0004-00000052',NULL,NULL,'2021-07-13 13:08:52','2021-07-13 13:08:52',NULL);
INSERT INTO `cta_cte_cliente` VALUES (507,486,0,NULL,507,3,40732,40778,57,14412,2,0,'2021-06-02','2021-06-02',16126.58,1,1.00,'Factura B N°: 0007-00020626',NULL,NULL,'2021-07-13 13:08:53','2021-07-13 13:08:53',NULL),(508,486,0,NULL,508,3,40732,40787,57,14412,2,0,'2021-06-09','2021-06-09',7866.47,1,1.00,'Factura B N°: 0004-00030501',NULL,NULL,'2021-07-13 13:08:53','2021-07-13 13:08:53',NULL),(509,486,0,NULL,509,3,40732,40778,57,14412,2,0,'2021-06-09','2021-06-09',8368.43,1,1.00,'Factura B N°: 0007-00020759',NULL,NULL,'2021-07-13 13:08:53','2021-07-13 13:08:53',NULL),(510,486,0,NULL,510,3,40732,40787,57,14412,2,0,'2021-06-16','2021-06-16',4007.11,1,1.00,'Factura B N°: 0004-00030675',NULL,NULL,'2021-07-13 13:08:53','2021-07-13 13:08:53',NULL),(511,486,0,NULL,511,3,40732,40778,57,14412,2,0,'2021-06-16','2021-06-16',30591.46,1,1.00,'Factura B N°: 0007-00020864',NULL,NULL,'2021-07-13 13:08:53','2021-07-13 13:08:53',NULL),(512,486,0,NULL,512,3,40732,40776,57,14412,2,0,'2021-06-17','2021-06-17',99.08,1,1.00,'Nota de débito B N°: 0024-00467631',NULL,NULL,'2021-07-13 13:08:53','2021-07-13 13:08:53',NULL),(513,486,0,NULL,513,3,40732,40812,57,14412,2,0,'2021-06-18','2021-06-18',3119.46,1,1.00,'Factura B N°: 0016-00440758',NULL,NULL,'2021-07-13 13:08:53','2021-07-13 13:08:53',NULL),(514,486,0,NULL,514,3,40732,40787,57,14412,2,0,'2021-06-23','2021-06-23',15001.00,1,1.00,'Factura B N°: 0004-00030856',NULL,NULL,'2021-07-13 13:08:53','2021-07-13 13:08:53',NULL),(515,486,0,NULL,515,3,40732,40778,57,14412,2,0,'2021-06-23','2021-06-23',18162.58,1,1.00,'Factura B N°: 0007-00020976',NULL,NULL,'2021-07-13 13:08:53','2021-07-13 13:08:53',NULL),(516,486,0,NULL,516,3,40732,38591,57,14412,2,0,'2021-06-24','2021-06-24',22234.90,1,1.00,'Factura C N°: 0057-03896686',NULL,NULL,'2021-07-13 13:08:53','2021-07-13 13:08:53',NULL),(517,486,0,NULL,517,3,40732,40812,57,14412,2,0,'2021-06-29','2021-06-29',2529.81,1,1.00,'Factura B N°: 0016-00442447',NULL,NULL,'2021-07-13 13:08:53','2021-07-13 13:08:53',NULL),(518,486,0,NULL,518,3,40732,40812,57,14412,2,0,'2021-06-29','2021-06-29',2529.81,1,1.00,'Factura B N°: 0016-00442448',NULL,NULL,'2021-07-13 13:08:53','2021-07-13 13:08:53',NULL),(519,486,0,NULL,519,3,40732,40812,57,14412,1,0,'2021-06-29','2021-06-29',2529.81,1,1.00,'Nota de crédito B N°: 0016-00036369',NULL,NULL,'2021-07-13 13:08:53','2021-07-13 13:08:53',NULL),(520,486,0,NULL,520,3,40732,40787,57,14412,2,0,'2021-06-30','2021-06-30',10820.88,1,1.00,'Factura B N°: 0004-00031006',NULL,NULL,'2021-07-13 13:08:53','2021-07-13 13:08:53',NULL),(521,486,0,NULL,521,3,40732,40717,57,14412,2,0,'2021-06-30','2021-06-30',2700.00,1,1.00,'Factura C N°: 0001-00000027',NULL,NULL,'2021-07-13 13:08:53','2021-07-13 13:08:53',NULL),(522,486,0,NULL,522,3,40732,40778,57,14412,2,0,'2021-06-30','2021-06-30',23328.08,1,1.00,'Factura B N°: 0007-00021081',NULL,NULL,'2021-07-13 13:08:53','2021-07-13 13:08:53',NULL),(523,486,0,NULL,523,3,40792,2431,57,14870,2,0,'2021-06-01','2021-06-01',6801.27,1,1.00,'Factura B N°: 1246-00036643',NULL,NULL,'2021-07-15 11:41:58','2021-07-15 11:41:58',NULL),(524,486,0,NULL,524,3,40792,40810,57,14870,2,0,'2021-06-04','2021-06-04',2110.28,1,1.00,'Factura B N°: 0006-00385777',NULL,NULL,'2021-07-15 11:41:58','2021-07-15 11:41:58',NULL),(525,486,0,NULL,525,3,40792,40812,57,14870,2,0,'2021-06-05','2021-06-05',5986.80,1,1.00,'Factura B N°: 0016-00438070',NULL,NULL,'2021-07-15 11:41:58','2021-07-15 11:41:58',NULL),(526,486,0,NULL,526,3,40792,2431,57,14870,2,0,'2021-06-08','2021-06-08',123.91,1,1.00,'Factura B N°: 1245-00028427',NULL,NULL,'2021-07-15 11:41:58','2021-07-15 11:41:58',NULL),(527,486,0,NULL,527,3,40792,2431,57,14870,2,0,'2021-06-08','2021-06-08',8344.04,1,1.00,'Factura B N°: 1246-00037295',NULL,NULL,'2021-07-15 11:41:58','2021-07-15 11:41:58',NULL),(528,486,0,NULL,528,3,40792,40812,57,14870,2,0,'2021-06-09','2021-06-09',2522.97,1,1.00,'Factura B N°: 0016-00438929',NULL,NULL,'2021-07-15 11:41:58','2021-07-15 11:41:58',NULL);
INSERT INTO `cta_cte_cliente` VALUES (529,486,0,NULL,529,3,40792,40810,57,14870,2,0,'2021-06-10','2021-06-10',2724.90,1,1.00,'Factura B N°: 0006-00387049',NULL,NULL,'2021-07-15 11:41:58','2021-07-15 11:41:58',NULL),(530,486,0,NULL,530,3,40792,40812,57,14870,2,0,'2021-06-12','2021-06-12',4188.31,1,1.00,'Factura B N°: 0016-00439630',NULL,NULL,'2021-07-15 11:41:58','2021-07-15 11:41:58',NULL),(531,486,0,NULL,531,3,40792,2431,57,14870,2,0,'2021-06-15','2021-06-15',3253.93,1,1.00,'Factura B N°: 1246-00038028',NULL,NULL,'2021-07-15 11:41:58','2021-07-15 11:41:58',NULL),(532,486,0,NULL,532,3,40792,40812,57,14870,2,0,'2021-06-16','2021-06-16',5823.65,1,1.00,'Factura B N°: 0016-00440317',NULL,NULL,'2021-07-15 11:41:58','2021-07-15 11:41:58',NULL),(533,486,0,NULL,533,3,40792,2431,57,14870,2,0,'2021-06-19','2021-06-19',4129.52,1,1.00,'Factura B N°: 1246-00038567',NULL,NULL,'2021-07-15 11:41:58','2021-07-15 11:41:58',NULL),(534,486,0,NULL,534,3,40792,40812,57,14870,2,0,'2021-06-23','2021-06-23',5485.80,1,1.00,'Factura B N°: 0016-00441345',NULL,NULL,'2021-07-15 11:41:58','2021-07-15 11:41:58',NULL),(535,486,0,NULL,535,3,40792,40812,57,14870,2,0,'2021-06-26','2021-06-26',3377.68,1,1.00,'Factura B N°: 0016-00442014',NULL,NULL,'2021-07-15 11:41:58','2021-07-15 11:41:58',NULL),(536,486,0,NULL,536,3,40792,2431,57,14870,2,0,'2021-06-29','2021-06-29',6480.95,1,1.00,'Factura B N°: 1246-00039464',NULL,NULL,'2021-07-15 11:41:58','2021-07-15 11:41:58',NULL),(537,486,0,NULL,537,3,40792,40717,57,14870,2,0,'2021-06-30','2021-06-30',1500.00,1,1.00,'Factura C N°: 0001-00000028',NULL,NULL,'2021-07-15 11:41:58','2021-07-15 11:41:58',NULL),(538,486,0,NULL,538,3,40792,40812,57,14870,2,0,'2021-06-30','2021-06-30',3485.59,1,1.00,'Factura B N°: 0016-00442630',NULL,NULL,'2021-07-15 11:41:58','2021-07-15 11:41:58',NULL),(539,486,0,NULL,539,2,40717,40736,13,23,1,0,'2021-06-30','2021-06-30',1500.00,1,1.00,'Factura C N°: 0001-00000025',NULL,NULL,'2021-07-15 12:06:01','2021-07-15 12:06:01',NULL),(540,486,0,NULL,540,2,40717,40726,13,23,1,0,'2021-06-30','2021-06-30',1000.00,1,1.00,'Factura C N°: 0001-00000026',NULL,NULL,'2021-07-15 12:06:01','2021-07-15 12:06:01',NULL),(541,486,0,NULL,541,2,40717,40732,13,23,1,0,'2021-06-30','2021-06-30',2700.00,1,1.00,'Factura C N°: 0001-00000027',NULL,NULL,'2021-07-15 12:06:01','2021-07-15 12:06:01',NULL),(542,486,0,NULL,542,2,40717,40792,13,23,1,0,'2021-06-30','2021-06-30',1500.00,1,1.00,'Factura C N°: 0001-00000028',NULL,NULL,'2021-07-15 12:06:01','2021-07-15 12:06:01',NULL),(543,486,0,NULL,543,3,40717,2648,57,23,2,0,'2021-06-01','2021-06-01',1452.00,1,1.00,'Factura C N°: 0100-00568122',NULL,NULL,'2021-07-15 12:06:13','2021-07-15 12:06:13',NULL),(544,486,0,NULL,544,3,40717,2648,57,23,2,0,'2021-06-01','2021-06-01',11846.50,1,1.00,'Factura C N°: 0100-00628175',NULL,NULL,'2021-07-15 12:06:13','2021-07-15 12:06:13',NULL),(545,486,0,NULL,545,3,40717,40775,57,23,2,0,'2021-06-17','2021-06-17',5480.00,1,1.00,'Factura B N°: 0005-01139259',NULL,NULL,'2021-07-15 12:06:13','2021-07-15 12:06:13',NULL),(546,486,0,NULL,546,3,40717,40775,57,23,2,0,'2021-06-18','2021-06-18',1195.00,1,1.00,'Factura B N°: 0005-01140473',NULL,NULL,'2021-07-15 12:06:13','2021-07-15 12:06:13',NULL),(547,486,0,NULL,547,3,40717,40766,57,23,2,0,'2021-06-30','2021-06-30',1900.00,1,1.00,'Factura B N°: 0001-00000839',NULL,NULL,'2021-07-15 12:06:13','2021-07-15 12:06:13',NULL),(548,486,0,NULL,548,2,40726,40767,13,14172,1,0,'2021-06-01','2021-06-01',8000.00,1,1.00,'Factura C N°: 0004-00000008',NULL,NULL,'2021-07-16 11:38:50','2021-07-16 11:38:50',NULL),(549,486,0,NULL,549,2,40726,40727,13,14172,1,0,'2021-06-30','2021-06-30',21000.00,1,1.00,'Factura C N°: 0003-00000011',NULL,NULL,'2021-07-16 11:38:50','2021-07-16 11:38:50',NULL),(550,486,0,NULL,550,3,40726,40728,57,14172,2,0,'2021-06-28','2021-06-28',320.00,1,1.00,'Factura B N°: 0037-00528360',NULL,NULL,'2021-07-16 11:39:10','2021-07-16 11:39:10',NULL);
INSERT INTO `cta_cte_cliente` VALUES (551,486,0,NULL,551,3,40726,40717,57,14172,2,0,'2021-06-30','2021-06-30',1000.00,1,1.00,'Factura C N°: 0001-00000026',NULL,NULL,'2021-07-16 11:39:11','2021-07-16 11:39:11',NULL),(552,486,0,NULL,552,2,40813,1989,13,17084,1,0,'2021-06-07','2021-06-07',2480.00,1,1.00,'Factura C N°: 0001-00000129',NULL,NULL,'2021-07-16 14:10:32','2021-07-16 14:10:32',NULL),(553,486,0,NULL,553,2,40813,1989,13,17084,1,0,'2021-06-13','2021-06-13',2490.00,1,1.00,'Factura C N°: 0001-00000130',NULL,NULL,'2021-07-16 14:10:32','2021-07-16 14:10:32',NULL),(554,486,0,NULL,554,2,40813,1989,13,17084,1,0,'2021-06-13','2021-06-13',3800.00,1,1.00,'Factura C N°: 0001-00000131',NULL,NULL,'2021-07-16 14:10:32','2021-07-16 14:10:32',NULL),(555,486,0,NULL,555,2,40813,1989,13,17084,1,0,'2021-06-14','2021-06-14',4080.00,1,1.00,'Factura C N°: 0001-00000132',NULL,NULL,'2021-07-16 14:10:32','2021-07-16 14:10:32',NULL),(556,486,0,NULL,556,2,40813,1989,13,17084,1,0,'2021-06-15','2021-06-15',1500.00,1,1.00,'Factura C N°: 0001-00000133',NULL,NULL,'2021-07-16 14:10:32','2021-07-16 14:10:32',NULL),(557,486,0,NULL,557,2,40813,1989,13,17084,1,0,'2021-06-15','2021-06-15',3150.00,1,1.00,'Factura C N°: 0001-00000134',NULL,NULL,'2021-07-16 14:10:32','2021-07-16 14:10:32',NULL),(558,486,0,NULL,558,2,40813,1989,13,17084,1,0,'2021-06-16','2021-06-16',3760.00,1,1.00,'Factura C N°: 0001-00000135',NULL,NULL,'2021-07-16 14:10:33','2021-07-16 14:10:33',NULL),(559,486,0,NULL,559,2,40813,1989,13,17084,1,0,'2021-06-17','2021-06-17',2300.00,1,1.00,'Factura C N°: 0001-00000136',NULL,NULL,'2021-07-16 14:10:33','2021-07-16 14:10:33',NULL),(560,486,0,NULL,560,2,40813,1989,13,17084,1,0,'2021-06-18','2021-06-18',4640.00,1,1.00,'Factura C N°: 0001-00000137',NULL,NULL,'2021-07-16 14:10:33','2021-07-16 14:10:33',NULL),(561,486,0,NULL,561,2,40813,1989,13,17084,1,0,'2021-06-20','2021-06-20',1600.00,1,1.00,'Factura C N°: 0001-00000138',NULL,NULL,'2021-07-16 14:10:33','2021-07-16 14:10:33',NULL),(562,486,0,NULL,562,2,40813,1989,13,17084,1,0,'2021-06-21','2021-06-21',3185.00,1,1.00,'Factura C N°: 0001-00000139',NULL,NULL,'2021-07-16 14:10:33','2021-07-16 14:10:33',NULL),(563,486,0,NULL,563,2,40813,1989,13,17084,1,0,'2021-06-23','2021-06-23',2674.00,1,1.00,'Factura C N°: 0001-00000140',NULL,NULL,'2021-07-16 14:10:33','2021-07-16 14:10:33',NULL),(564,486,0,NULL,564,2,40813,1989,13,17084,1,0,'2021-06-24','2021-06-24',850.00,1,1.00,'Factura C N°: 0001-00000141',NULL,NULL,'2021-07-16 14:10:33','2021-07-16 14:10:33',NULL),(565,486,0,NULL,565,2,40813,1989,13,17084,1,0,'2021-06-25','2021-06-25',2413.00,1,1.00,'Factura C N°: 0001-00000142',NULL,NULL,'2021-07-16 14:10:33','2021-07-16 14:10:33',NULL),(566,486,0,NULL,566,2,40813,1989,13,17084,1,0,'2021-06-29','2021-06-29',2967.00,1,1.00,'Factura C N°: 0001-00000143',NULL,NULL,'2021-07-16 14:10:33','2021-07-16 14:10:33',NULL),(567,486,0,NULL,567,2,40813,1989,13,17084,1,0,'2021-06-29','2021-06-29',3400.00,1,1.00,'Factura C N°: 0001-00000144',NULL,NULL,'2021-07-16 14:10:33','2021-07-16 14:10:33',NULL),(568,486,0,NULL,568,2,40813,1989,13,17084,1,0,'2021-06-30','2021-06-30',3100.00,1,1.00,'Factura C N°: 0001-00000145',NULL,NULL,'2021-07-16 14:10:33','2021-07-16 14:10:33',NULL),(569,486,0,NULL,569,3,40813,40817,57,17084,2,0,'2021-06-09','2021-06-09',5315.30,1,1.00,'Factura B N°: 0026-00154676',NULL,NULL,'2021-07-16 14:10:44','2021-07-16 14:10:44',NULL),(570,486,0,NULL,570,3,40813,40818,57,17084,2,0,'2021-06-14','2021-06-14',29999.99,1,1.00,'Factura B N°: 0005-00002068',NULL,NULL,'2021-07-16 14:10:44','2021-07-16 14:10:44',NULL),(571,486,0,NULL,571,3,40813,40803,57,17084,2,0,'2021-06-15','2021-06-15',2425.19,1,1.00,'Factura B N°: 0003-00076578',NULL,NULL,'2021-07-16 14:10:44','2021-07-16 14:10:44',NULL),(572,486,0,NULL,572,3,40813,40817,57,17084,2,0,'2021-06-24','2021-06-24',12841.30,1,1.00,'Factura B N°: 0026-00156061',NULL,NULL,'2021-07-16 14:10:44','2021-07-16 14:10:44',NULL);
INSERT INTO `cta_cte_cliente` VALUES (573,486,0,NULL,573,3,40813,40728,57,17084,2,0,'2021-06-28','2021-06-28',1418.00,1,1.00,'Factura B N°: 0017-00511272',NULL,NULL,'2021-07-16 14:10:44','2021-07-16 14:10:44',NULL),(574,486,0,NULL,574,3,40813,40728,57,17084,2,0,'2021-06-28','2021-06-28',1275.00,1,1.00,'Factura B N°: 0037-00527503',NULL,NULL,'2021-07-16 14:10:44','2021-07-16 14:10:44',NULL),(575,486,0,NULL,575,3,40813,40728,57,17084,2,0,'2021-06-28','2021-06-28',1440.00,1,1.00,'Factura B N°: 0037-00527504',NULL,NULL,'2021-07-16 14:10:44','2021-07-16 14:10:44',NULL),(576,486,0,NULL,576,3,40813,40818,57,17084,2,0,'2021-06-28','2021-06-28',20061.05,1,1.00,'Factura B N°: 0005-00002085',NULL,NULL,'2021-07-16 14:10:44','2021-07-16 14:10:44',NULL),(577,486,0,NULL,577,3,40813,40803,57,17084,2,0,'2021-06-30','2021-06-30',2520.79,1,1.00,'Factura B N°: 0003-00083200',NULL,NULL,'2021-07-16 14:10:44','2021-07-16 14:10:44',NULL),(578,486,0,NULL,578,2,40722,40733,13,7596,1,0,'2021-07-12','2021-07-12',1000.00,1,1.00,'Factura C N°: 0001-00000097',NULL,NULL,'2021-08-13 10:06:32','2021-08-13 10:06:32',NULL),(579,486,0,NULL,579,2,40722,1989,13,7596,1,0,'2021-07-12','2021-07-12',5600.00,1,1.00,'Factura C N°: 0001-00000098',NULL,NULL,'2021-08-13 10:06:32','2021-08-13 10:06:32',NULL),(580,486,0,NULL,580,2,40722,1989,13,7596,1,0,'2021-07-12','2021-07-12',4200.00,1,1.00,'Factura C N°: 0001-00000099',NULL,NULL,'2021-08-13 10:06:32','2021-08-13 10:06:32',NULL),(581,486,0,NULL,581,2,40722,1989,13,7596,1,0,'2021-07-12','2021-07-12',4000.00,1,1.00,'Factura C N°: 0001-00000100',NULL,NULL,'2021-08-13 10:06:32','2021-08-13 10:06:32',NULL),(582,486,0,NULL,582,2,40722,40723,13,7596,1,0,'2021-07-15','2021-07-15',22080.00,1,1.00,'Factura C N°: 0001-00000101',NULL,NULL,'2021-08-13 10:06:32','2021-08-13 10:06:32',NULL),(583,486,0,NULL,583,2,40722,1989,13,7596,1,0,'2021-07-15','2021-07-15',9625.00,1,1.00,'Factura C N°: 0001-00000102',NULL,NULL,'2021-08-13 10:06:32','2021-08-13 10:06:32',NULL),(584,486,0,NULL,584,2,40722,1989,13,7596,1,0,'2021-07-15','2021-07-15',6875.00,1,1.00,'Factura C N°: 0001-00000103',NULL,NULL,'2021-08-13 10:06:32','2021-08-13 10:06:32',NULL),(585,486,0,NULL,585,2,40722,1989,13,7596,1,0,'2021-07-15','2021-07-15',2000.00,1,1.00,'Factura C N°: 0001-00000104',NULL,NULL,'2021-08-13 10:06:32','2021-08-13 10:06:32',NULL),(586,486,0,NULL,586,2,40722,40725,13,7596,1,0,'2021-07-26','2021-07-26',5000.00,1,1.00,'Factura C N°: 0001-00000105',NULL,NULL,'2021-08-13 10:06:32','2021-08-13 10:06:32',NULL),(587,486,0,NULL,587,2,40722,40819,13,7596,1,0,'2021-07-30','2021-07-30',10000.00,1,1.00,'Factura C N°: 0001-00000106',NULL,NULL,'2021-08-13 10:06:32','2021-08-13 10:06:32',NULL),(588,486,0,NULL,588,2,40722,40733,13,7596,1,0,'2021-07-30','2021-07-30',1000.00,1,1.00,'Factura C N°: 0001-00000107',NULL,NULL,'2021-08-13 10:06:32','2021-08-13 10:06:32',NULL),(589,486,0,NULL,589,3,40722,40820,57,7596,2,0,'2021-07-06','2021-07-06',12509.00,1,1.00,'Factura B N°: 0004-00001334',NULL,NULL,'2021-08-13 10:06:42','2021-08-13 10:06:42',NULL),(590,486,0,NULL,590,3,40722,39549,57,7596,2,0,'2021-07-06','2021-07-06',1524.99,1,1.00,'Factura B N°: 0024-00183135',NULL,NULL,'2021-08-13 10:06:42','2021-08-13 10:06:42',NULL),(591,486,0,NULL,591,3,40722,40821,57,7596,2,0,'2021-07-08','2021-07-08',6799.00,1,1.00,'Factura B N°: 0005-00007964',NULL,NULL,'2021-08-13 10:06:42','2021-08-13 10:06:42',NULL),(592,486,0,NULL,592,2,40736,40822,13,14653,1,0,'2021-07-01','2021-07-01',5000.00,1,1.00,'Factura C N°: 0002-00000178',NULL,NULL,'2021-08-17 10:25:10','2021-08-17 10:25:10',NULL),(593,486,0,NULL,593,2,40736,40823,13,14653,1,0,'2021-07-08','2021-07-08',4500.00,1,1.00,'Factura C N°: 0002-00000179',NULL,NULL,'2021-08-17 10:25:10','2021-08-17 10:25:10',NULL),(594,486,0,NULL,594,2,40736,40824,13,14653,1,0,'2021-07-12','2021-07-12',25000.00,1,1.00,'Factura C N°: 0002-00000180',NULL,NULL,'2021-08-17 10:25:10','2021-08-17 10:25:10',NULL);
INSERT INTO `cta_cte_cliente` VALUES (595,486,0,NULL,595,2,40736,40740,13,14653,1,0,'2021-07-12','2021-07-12',34693.65,1,1.00,'Factura C N°: 0002-00000181',NULL,NULL,'2021-08-17 10:25:10','2021-08-17 10:25:10',NULL),(596,486,0,NULL,596,2,40736,40740,13,14653,1,0,'2021-07-15','2021-07-15',89942.72,1,1.00,'Factura C N°: 0002-00000182',NULL,NULL,'2021-08-17 10:25:10','2021-08-17 10:25:10',NULL),(597,486,0,NULL,597,3,40736,40815,57,14653,2,0,'2021-07-02','2021-07-02',13604.96,1,1.00,'Factura B N°: 0009-00038054',NULL,NULL,'2021-08-17 10:25:18','2021-08-17 10:25:18',NULL),(598,486,0,NULL,598,3,40736,40825,57,14653,2,0,'2021-07-05','2021-07-05',2862.70,1,1.00,'Factura B N°: 0005-00028346',NULL,NULL,'2021-08-17 10:25:18','2021-08-17 10:25:18',NULL),(599,486,0,NULL,599,3,40736,40738,57,14653,2,0,'2021-07-21','2021-07-21',12500.00,1,1.00,'Factura C N°: 0002-00002017',NULL,NULL,'2021-08-17 10:25:18','2021-08-17 10:25:18',NULL),(600,486,0,NULL,600,3,40736,40717,57,14653,2,0,'2021-07-22','2021-07-22',1800.00,1,1.00,'Factura C N°: 0001-00000029',NULL,NULL,'2021-08-17 10:25:18','2021-08-17 10:25:18',NULL),(601,486,0,NULL,601,3,40736,40728,57,14653,2,0,'2021-07-28','2021-07-28',1489.99,1,1.00,'Factura B N°: 0017-00515385',NULL,NULL,'2021-08-17 10:25:18','2021-08-17 10:25:18',NULL),(602,486,0,NULL,602,3,40736,40728,57,14653,2,0,'2021-07-28','2021-07-28',1647.00,1,1.00,'Factura B N°: 0037-00536441',NULL,NULL,'2021-08-17 10:25:18','2021-08-17 10:25:18',NULL),(603,486,0,NULL,603,3,40736,40740,57,14653,2,0,'2021-07-28','2021-07-28',4070.00,1,1.00,'Factura C N°: 0006-00001396',NULL,NULL,'2021-08-17 10:25:18','2021-08-17 10:25:18',NULL),(604,486,0,NULL,604,3,40736,40825,57,14653,2,0,'2021-07-29','2021-07-29',38520.00,1,1.00,'Factura B N°: 0005-00028595',NULL,NULL,'2021-08-17 10:25:18','2021-08-17 10:25:18',NULL),(605,486,0,NULL,605,3,40736,40825,57,14653,2,0,'2021-07-29','2021-07-29',26300.00,1,1.00,'Factura B N°: 0005-00028596',NULL,NULL,'2021-08-17 10:25:19','2021-08-17 10:25:19',NULL),(606,486,0,NULL,606,2,40732,1989,13,14413,1,0,'2021-07-22','2021-07-22',10400.00,1,1.00,'Factura C N°: 0001-00000021',NULL,NULL,'2021-08-17 14:22:39','2021-08-17 14:22:39',NULL),(607,486,0,NULL,607,2,40732,1989,13,14413,1,0,'2021-07-22','2021-07-22',10200.00,1,1.00,'Factura C N°: 0001-00000022',NULL,NULL,'2021-08-17 14:22:39','2021-08-17 14:22:39',NULL),(608,486,0,NULL,608,2,40732,1989,13,14413,1,0,'2021-07-22','2021-07-22',10400.00,1,1.00,'Factura C N°: 0001-00000023',NULL,NULL,'2021-08-17 14:22:39','2021-08-17 14:22:39',NULL),(609,486,0,NULL,609,2,40732,1989,13,14413,1,0,'2021-07-22','2021-07-22',10460.00,1,1.00,'Factura C N°: 0001-00000024',NULL,NULL,'2021-08-17 14:22:39','2021-08-17 14:22:39',NULL),(610,486,0,NULL,610,2,40732,1989,13,14413,1,0,'2021-07-22','2021-07-22',10400.00,1,1.00,'Factura C N°: 0002-00000018',NULL,NULL,'2021-08-17 14:22:39','2021-08-17 14:22:39',NULL),(611,486,0,NULL,611,2,40732,1989,13,14413,1,0,'2021-07-22','2021-07-22',10000.00,1,1.00,'Factura C N°: 0002-00000019',NULL,NULL,'2021-08-17 14:22:39','2021-08-17 14:22:39',NULL),(612,486,0,NULL,612,2,40732,1989,13,14413,1,0,'2021-07-22','2021-07-22',10400.00,1,1.00,'Factura C N°: 0002-00000020',NULL,NULL,'2021-08-17 14:22:39','2021-08-17 14:22:39',NULL),(613,486,0,NULL,613,2,40732,1989,13,14413,1,0,'2021-07-22','2021-07-22',10400.00,1,1.00,'Factura C N°: 0002-00000021',NULL,NULL,'2021-08-17 14:22:39','2021-08-17 14:22:39',NULL),(614,486,0,NULL,614,2,40732,1989,13,14413,1,0,'2021-07-22','2021-07-22',10150.00,1,1.00,'Factura C N°: 0002-00000022',NULL,NULL,'2021-08-17 14:22:40','2021-08-17 14:22:40',NULL),(615,486,0,NULL,615,2,40732,1989,13,14413,1,0,'2021-07-22','2021-07-22',10200.00,1,1.00,'Factura C N°: 0002-00000023',NULL,NULL,'2021-08-17 14:22:40','2021-08-17 14:22:40',NULL),(616,486,0,NULL,616,3,40732,40812,57,14413,2,0,'2021-07-02','2021-07-02',2557.60,1,1.00,'Factura A N°: 0016-00146336',NULL,NULL,'2021-08-17 14:22:50','2021-08-17 14:22:50',NULL);
INSERT INTO `cta_cte_cliente` VALUES (617,486,0,NULL,617,3,40732,40787,57,14413,2,0,'2021-07-07','2021-07-07',15554.75,1,1.00,'Factura A N°: 0004-00080357',NULL,NULL,'2021-08-17 14:22:50','2021-08-17 14:22:50',NULL),(618,486,0,NULL,618,3,40732,40778,57,14413,2,0,'2021-07-07','2021-07-07',13907.39,1,1.00,'Factura A N°: 0007-00091443',NULL,NULL,'2021-08-17 14:22:50','2021-08-17 14:22:50',NULL),(619,486,0,NULL,619,3,40732,40812,57,14413,2,0,'2021-07-09','2021-07-09',2598.24,1,1.00,'Factura A N°: 0016-00147891',NULL,NULL,'2021-08-17 14:22:50','2021-08-17 14:22:50',NULL),(620,486,0,NULL,620,3,40732,40776,57,14413,2,0,'2021-07-12','2021-07-12',2296.02,1,1.00,'Factura B N°: 0024-03390596',NULL,NULL,'2021-08-17 14:22:50','2021-08-17 14:22:50',NULL),(621,486,0,NULL,621,3,40732,40795,57,14413,2,0,'2021-07-12','2021-07-12',17000.00,1,1.00,'Factura C N°: 0004-00000054',NULL,NULL,'2021-08-17 14:22:50','2021-08-17 14:22:50',NULL),(622,486,0,NULL,622,3,40732,40787,57,14413,1,0,'2021-07-13','2021-07-13',383.12,1,1.00,'Nota de crédito A N°: 0004-00012843',NULL,NULL,'2021-08-17 14:22:50','2021-08-17 14:22:50',NULL),(623,486,0,NULL,623,3,40732,40787,57,14413,2,0,'2021-07-14','2021-07-14',16690.26,1,1.00,'Factura A N°: 0004-00080886',NULL,NULL,'2021-08-17 14:22:50','2021-08-17 14:22:50',NULL),(624,486,0,NULL,624,3,40732,40787,57,14413,2,0,'2021-07-14','2021-07-14',2411.79,1,1.00,'Factura A N°: 0004-00080887',NULL,NULL,'2021-08-17 14:22:50','2021-08-17 14:22:50',NULL),(625,486,0,NULL,625,3,40732,40778,57,14413,2,0,'2021-07-14','2021-07-14',23722.87,1,1.00,'Factura A N°: 0007-00091942',NULL,NULL,'2021-08-17 14:22:50','2021-08-17 14:22:50',NULL),(626,486,0,NULL,626,3,40732,40787,57,14413,2,0,'2021-07-15','2021-07-15',4736.11,1,1.00,'Factura A N°: 0004-00081151',NULL,NULL,'2021-08-17 14:22:50','2021-08-17 14:22:50',NULL),(627,486,0,NULL,627,3,40732,40812,57,14413,2,0,'2021-07-16','2021-07-16',4489.71,1,1.00,'Factura A N°: 0016-00149269',NULL,NULL,'2021-08-17 14:22:50','2021-08-17 14:22:50',NULL),(628,486,0,NULL,628,3,40732,40826,57,14413,2,0,'2021-07-17','2021-07-17',7332.59,1,1.00,'Factura B N°: 0003-00007074',NULL,NULL,'2021-08-17 14:22:50','2021-08-17 14:22:50',NULL),(629,486,0,NULL,629,3,40732,38591,57,14413,2,0,'2021-07-17','2021-07-17',20104.80,1,1.00,'Factura C N°: 0057-04010805',NULL,NULL,'2021-08-17 14:22:50','2021-08-17 14:22:50',NULL),(630,486,0,NULL,630,3,40732,40787,57,14413,2,0,'2021-07-21','2021-07-21',5510.98,1,1.00,'Factura A N°: 0004-00081626',NULL,NULL,'2021-08-17 14:22:50','2021-08-17 14:22:50',NULL),(631,486,0,NULL,631,3,40732,40778,57,14413,2,0,'2021-07-21','2021-07-21',38223.73,1,1.00,'Factura A N°: 0007-00092522',NULL,NULL,'2021-08-17 14:22:50','2021-08-17 14:22:50',NULL),(632,486,0,NULL,632,3,40732,40717,57,14413,2,0,'2021-07-22','2021-07-22',2800.00,1,1.00,'Factura C N°: 0001-00000031',NULL,NULL,'2021-08-17 14:22:50','2021-08-17 14:22:50',NULL),(633,486,0,NULL,633,3,40732,40812,57,14413,2,0,'2021-07-23','2021-07-23',4859.54,1,1.00,'Factura A N°: 0016-00150744',NULL,NULL,'2021-08-17 14:22:50','2021-08-17 14:22:50',NULL),(634,486,0,NULL,634,3,40732,40826,57,14413,2,0,'2021-07-25','2021-07-25',4778.73,1,1.00,'Factura B N°: 0003-00007094',NULL,NULL,'2021-08-17 14:22:50','2021-08-17 14:22:50',NULL),(635,486,0,NULL,635,3,40732,40787,57,14413,2,0,'2021-07-28','2021-07-28',14951.54,1,1.00,'Factura A N°: 0004-00082181',NULL,NULL,'2021-08-17 14:22:50','2021-08-17 14:22:50',NULL),(636,486,0,NULL,636,3,40732,40778,57,14413,2,0,'2021-07-28','2021-07-28',17378.04,1,1.00,'Factura A N°: 0007-00093060',NULL,NULL,'2021-08-17 14:22:50','2021-08-17 14:22:50',NULL),(637,486,0,NULL,637,3,40732,40812,57,14413,2,0,'2021-07-30','2021-07-30',4641.63,1,1.00,'Factura A N°: 0016-00152289',NULL,NULL,'2021-08-17 14:22:51','2021-08-17 14:22:51',NULL),(638,486,0,NULL,638,3,40732,40826,57,14413,2,0,'2021-07-31','2021-07-31',5871.12,1,1.00,'Factura B N°: 0003-00007115',NULL,NULL,'2021-08-17 14:22:51','2021-08-17 14:22:51',NULL);
INSERT INTO `cta_cte_cliente` VALUES (639,486,0,NULL,639,3,40792,40810,57,14871,2,0,'2021-07-01','2021-07-01',1723.58,1,1.00,'Factura A N°: 0006-00289733',NULL,NULL,'2021-08-17 17:14:31','2021-08-17 17:14:31',NULL),(640,486,0,NULL,640,3,40792,40812,57,14871,2,0,'2021-07-03','2021-07-03',3851.40,1,1.00,'Factura A N°: 0016-00146623',NULL,NULL,'2021-08-17 17:14:32','2021-08-17 17:14:32',NULL),(641,486,0,NULL,641,3,40792,2431,57,14871,2,0,'2021-07-06','2021-07-06',7674.74,1,1.00,'Factura A N°: 1246-00006974',NULL,NULL,'2021-08-17 17:14:32','2021-08-17 17:14:32',NULL),(642,486,0,NULL,642,3,40792,40810,57,14871,2,0,'2021-07-07','2021-07-07',3092.24,1,1.00,'Factura A N°: 0006-00291463',NULL,NULL,'2021-08-17 17:14:32','2021-08-17 17:14:32',NULL),(643,486,0,NULL,643,3,40792,40812,57,14871,2,0,'2021-07-07','2021-07-07',6337.09,1,1.00,'Factura A N°: 0016-00147305',NULL,NULL,'2021-08-17 17:14:32','2021-08-17 17:14:32',NULL),(644,486,0,NULL,644,3,40792,2431,57,14871,2,0,'2021-07-13','2021-07-13',5248.94,1,1.00,'Factura A N°: 1246-00007142',NULL,NULL,'2021-08-17 17:14:32','2021-08-17 17:14:32',NULL),(645,486,0,NULL,645,3,40792,40812,57,14871,2,0,'2021-07-14','2021-07-14',9006.63,1,1.00,'Factura A N°: 0016-00148693',NULL,NULL,'2021-08-17 17:14:32','2021-08-17 17:14:32',NULL),(646,486,0,NULL,646,3,40792,40810,57,14871,2,0,'2021-07-15','2021-07-15',2881.62,1,1.00,'Factura A N°: 0006-00293648',NULL,NULL,'2021-08-17 17:14:32','2021-08-17 17:14:32',NULL),(647,486,0,NULL,647,3,40792,2431,57,14871,2,0,'2021-07-20','2021-07-20',7980.39,1,1.00,'Factura A N°: 1246-00007302',NULL,NULL,'2021-08-17 17:14:32','2021-08-17 17:14:32',NULL),(648,486,0,NULL,648,3,40792,40812,57,14871,2,0,'2021-07-21','2021-07-21',7418.70,1,1.00,'Factura A N°: 0016-00150162',NULL,NULL,'2021-08-17 17:14:32','2021-08-17 17:14:32',NULL),(649,486,0,NULL,649,3,40792,40717,57,14871,2,0,'2021-07-22','2021-07-22',1500.00,1,1.00,'Factura C N°: 0001-00000032',NULL,NULL,'2021-08-17 17:14:32','2021-08-17 17:14:32',NULL),(650,486,0,NULL,650,3,40792,40810,57,14871,2,0,'2021-07-22','2021-07-22',3117.78,1,1.00,'Factura A N°: 0006-00295508',NULL,NULL,'2021-08-17 17:14:32','2021-08-17 17:14:32',NULL),(651,486,0,NULL,651,3,40792,40812,57,14871,2,0,'2021-07-24','2021-07-24',5938.61,1,1.00,'Factura A N°: 0016-00151030',NULL,NULL,'2021-08-17 17:14:32','2021-08-17 17:14:32',NULL),(652,486,0,NULL,652,3,40792,2431,57,14871,2,0,'2021-07-26','2021-07-26',7075.90,1,1.00,'Factura A N°: 1246-00007449',NULL,NULL,'2021-08-17 17:14:32','2021-08-17 17:14:32',NULL),(653,486,0,NULL,653,3,40792,40812,57,14871,2,0,'2021-07-28','2021-07-28',4179.74,1,1.00,'Factura A N°: 0016-00151803',NULL,NULL,'2021-08-17 17:14:32','2021-08-17 17:14:32',NULL),(654,486,0,NULL,654,3,40792,40810,57,14871,2,0,'2021-07-29','2021-07-29',1977.91,1,1.00,'Factura A N°: 0006-00297571',NULL,NULL,'2021-08-17 17:14:32','2021-08-17 17:14:32',NULL),(655,486,0,NULL,655,2,40717,40736,13,24,1,0,'2021-07-22','2021-07-22',1800.00,1,1.00,'Factura C N°: 0001-00000029',NULL,NULL,'2021-08-18 09:30:34','2021-08-18 09:30:34',NULL),(656,486,0,NULL,656,2,40717,40726,13,24,1,0,'2021-07-22','2021-07-22',1300.00,1,1.00,'Factura C N°: 0001-00000030',NULL,NULL,'2021-08-18 09:30:34','2021-08-18 09:30:34',NULL),(657,486,0,NULL,657,2,40717,40732,13,24,1,0,'2021-07-22','2021-07-22',2800.00,1,1.00,'Factura C N°: 0001-00000031',NULL,NULL,'2021-08-18 09:30:34','2021-08-18 09:30:34',NULL),(658,486,0,NULL,658,2,40717,40792,13,24,1,0,'2021-07-22','2021-07-22',1500.00,1,1.00,'Factura C N°: 0001-00000032',NULL,NULL,'2021-08-18 09:30:34','2021-08-18 09:30:34',NULL),(659,486,0,NULL,659,3,40717,2648,57,24,2,0,'2021-07-01','2021-07-01',11872.00,1,1.00,'Factura C N°: 0100-00671512',NULL,NULL,'2021-08-18 09:30:43','2021-08-18 09:30:43',NULL),(660,486,0,NULL,660,3,40717,40827,57,24,2,0,'2021-07-30','2021-07-30',2310.00,1,1.00,'Factura B N°: 0002-00001535',NULL,NULL,'2021-08-18 09:30:43','2021-08-18 09:30:43',NULL);
INSERT INTO `cta_cte_cliente` VALUES (661,486,0,NULL,661,3,40717,40766,57,24,2,0,'2021-07-30','2021-07-30',1900.00,1,1.00,'Factura B N°: 0001-00000984',NULL,NULL,'2021-08-18 09:30:43','2021-08-18 09:30:43',NULL),(662,486,0,NULL,662,2,40813,1989,13,16377,1,0,'2021-07-15','2021-07-15',4680.00,1,1.00,'Factura C N°: 0001-00000146',NULL,NULL,'2021-08-19 15:19:31','2021-08-19 15:19:31',NULL),(663,486,0,NULL,663,2,40813,1989,13,16377,1,0,'2021-07-16','2021-07-16',3400.00,1,1.00,'Factura C N°: 0001-00000147',NULL,NULL,'2021-08-19 15:19:31','2021-08-19 15:19:31',NULL),(664,486,0,NULL,664,2,40813,1989,13,16377,1,0,'2021-07-16','2021-07-16',1200.00,1,1.00,'Factura C N°: 0001-00000148',NULL,NULL,'2021-08-19 15:19:31','2021-08-19 15:19:31',NULL),(665,486,0,NULL,665,2,40813,1989,13,16377,1,0,'2021-07-17','2021-07-17',3460.00,1,1.00,'Factura C N°: 0001-00000149',NULL,NULL,'2021-08-19 15:19:31','2021-08-19 15:19:31',NULL),(666,486,0,NULL,666,2,40813,1989,13,16377,1,0,'2021-07-17','2021-07-17',4150.00,1,1.00,'Factura C N°: 0001-00000150',NULL,NULL,'2021-08-19 15:19:31','2021-08-19 15:19:31',NULL),(667,486,0,NULL,667,2,40813,1989,13,16377,1,0,'2021-07-18','2021-07-18',4380.00,1,1.00,'Factura C N°: 0001-00000151',NULL,NULL,'2021-08-19 15:19:31','2021-08-19 15:19:31',NULL),(668,486,0,NULL,668,2,40813,1989,13,16377,1,0,'2021-07-19','2021-07-19',2460.00,1,1.00,'Factura C N°: 0001-00000152',NULL,NULL,'2021-08-19 15:19:31','2021-08-19 15:19:31',NULL),(669,486,0,NULL,669,2,40813,1989,13,16377,1,0,'2021-07-20','2021-07-20',2300.00,1,1.00,'Factura C N°: 0001-00000153',NULL,NULL,'2021-08-19 15:19:31','2021-08-19 15:19:31',NULL),(670,486,0,NULL,670,2,40813,1989,13,16377,1,0,'2021-07-31','2021-07-31',2540.00,1,1.00,'Factura C N°: 0001-00000154',NULL,NULL,'2021-08-19 15:19:31','2021-08-19 15:19:31',NULL),(671,486,0,NULL,671,3,40813,40802,57,16377,2,0,'2021-07-05','2021-07-05',13200.00,1,1.00,'Factura B N°: 0005-00002215',NULL,NULL,'2021-08-19 15:19:39','2021-08-19 15:19:39',NULL),(672,486,0,NULL,672,3,40813,40817,57,16377,2,0,'2021-07-07','2021-07-07',5954.71,1,1.00,'Factura A N°: 0026-00289781',NULL,NULL,'2021-08-19 15:19:39','2021-08-19 15:19:39',NULL),(673,486,0,NULL,673,3,40813,40803,57,16377,2,0,'2021-07-15','2021-07-15',1984.59,1,1.00,'Factura A N°: 0003-00032600',NULL,NULL,'2021-08-19 15:19:39','2021-08-19 15:19:39',NULL),(674,486,0,NULL,674,3,40813,40818,57,16377,2,0,'2021-07-16','2021-07-16',30993.00,1,1.00,'Factura A N°: 0005-00006730',NULL,NULL,'2021-08-19 15:19:39','2021-08-19 15:19:39',NULL),(675,486,0,NULL,675,3,40813,40818,57,16377,2,0,'2021-07-19','2021-07-19',15000.02,1,1.00,'Factura A N°: 0005-00006750',NULL,NULL,'2021-08-19 15:19:39','2021-08-19 15:19:39',NULL),(676,486,0,NULL,676,3,40813,40817,57,16377,2,0,'2021-07-21','2021-07-21',5738.51,1,1.00,'Factura A N°: 0026-00292373',NULL,NULL,'2021-08-19 15:19:39','2021-08-19 15:19:39',NULL),(677,486,0,NULL,677,3,40813,40728,57,16377,2,0,'2021-07-28','2021-07-28',1489.99,1,1.00,'Factura B N°: 0017-00515941',NULL,NULL,'2021-08-19 15:19:39','2021-08-19 15:19:39',NULL),(678,486,0,NULL,678,3,40813,40728,57,16377,2,0,'2021-07-28','2021-07-28',1332.00,1,1.00,'Factura B N°: 0037-00537632',NULL,NULL,'2021-08-19 15:19:39','2021-08-19 15:19:39',NULL),(679,486,0,NULL,679,3,40813,40728,57,16377,2,0,'2021-07-28','2021-07-28',1512.00,1,1.00,'Factura B N°: 0037-00537633',NULL,NULL,'2021-08-19 15:19:40','2021-08-19 15:19:40',NULL),(680,486,0,NULL,680,3,40813,40803,57,16377,2,0,'2021-07-31','2021-07-31',1686.44,1,1.00,'Factura A N°: 0003-00039163',NULL,NULL,'2021-08-19 15:19:40','2021-08-19 15:19:40',NULL),(681,486,0,NULL,681,3,40726,40828,57,14173,2,0,'2021-07-12','2021-07-12',5030.00,1,1.00,'Factura B N°: 0007-00018721',NULL,NULL,'2021-08-19 16:00:34','2021-08-19 16:00:34',NULL),(682,486,0,NULL,682,3,40726,40829,57,14173,2,0,'2021-07-22','2021-07-22',15499.01,1,1.00,'Factura B N°: 0045-00088946',NULL,NULL,'2021-08-19 16:00:34','2021-08-19 16:00:34',NULL);
INSERT INTO `cta_cte_cliente` VALUES (683,486,0,NULL,683,3,40726,40717,57,14173,2,0,'2021-07-22','2021-07-22',1300.00,1,1.00,'Factura C N°: 0001-00000030',NULL,NULL,'2021-08-19 16:00:34','2021-08-19 16:00:34',NULL),(684,486,0,NULL,684,3,40726,40728,57,14173,2,0,'2021-07-28','2021-07-28',360.00,1,1.00,'Factura A N°: 0037-00008238',NULL,NULL,'2021-08-19 16:00:34','2021-08-19 16:00:34',NULL),(685,486,0,NULL,685,2,40722,40725,13,7597,1,0,'2021-08-06','2021-08-06',10400.00,1,1.00,'Factura C N°: 0001-00000108',NULL,NULL,'2021-09-13 10:14:22','2021-09-13 10:14:22',NULL),(686,486,0,NULL,686,2,40722,1989,13,7597,1,0,'2021-08-06','2021-08-06',9450.00,1,1.00,'Factura C N°: 0001-00000109',NULL,NULL,'2021-09-13 10:14:22','2021-09-13 10:14:22',NULL),(687,486,0,NULL,687,2,40722,40723,13,7597,1,0,'2021-08-18','2021-08-18',25000.00,1,1.00,'Factura C N°: 0001-00000110',NULL,NULL,'2021-09-13 10:14:22','2021-09-13 10:14:22',NULL),(688,486,0,NULL,688,2,40722,40725,13,7597,1,0,'2021-08-19','2021-08-19',31230.00,1,1.00,'Factura C N°: 0001-00000111',NULL,NULL,'2021-09-13 10:14:22','2021-09-13 10:14:22',NULL),(689,486,0,NULL,689,3,40722,34251,57,7597,2,0,'2021-08-23','2021-08-23',6150.00,1,1.00,'Factura B N°: 1000-00207949',NULL,NULL,'2021-09-13 10:14:33','2021-09-13 10:14:33',NULL),(690,486,0,NULL,690,2,40736,40809,13,14654,1,0,'2021-08-17','2021-08-17',1700.00,1,1.00,'Factura C N°: 0002-00000183',NULL,NULL,'2021-09-14 09:58:47','2021-09-14 09:58:47',NULL),(691,486,0,NULL,691,2,40736,40830,13,14654,1,0,'2021-08-19','2021-08-19',3000.00,1,1.00,'Factura C N°: 0002-00000184',NULL,NULL,'2021-09-14 09:58:48','2021-09-14 09:58:48',NULL),(692,486,0,NULL,692,2,40736,40799,13,14654,1,0,'2021-08-25','2021-08-25',3000.00,1,1.00,'Factura C N°: 0002-00000185',NULL,NULL,'2021-09-14 09:58:48','2021-09-14 09:58:48',NULL),(693,486,0,NULL,693,2,40736,40740,13,14654,1,0,'2021-08-30','2021-08-30',83590.59,1,1.00,'Factura C N°: 0002-00000186',NULL,NULL,'2021-09-14 09:58:48','2021-09-14 09:58:48',NULL),(694,486,0,NULL,694,3,40736,40737,57,14654,2,0,'2021-08-12','2021-08-12',9500.00,1,1.00,'Factura C N°: 0002-00000558',NULL,NULL,'2021-09-14 09:58:56','2021-09-14 09:58:56',NULL),(695,486,0,NULL,695,3,40736,40831,57,14654,2,0,'2021-08-20','2021-08-20',73000.00,1,1.00,'Factura A N°: 0004-00009440',NULL,NULL,'2021-09-14 09:58:56','2021-09-14 09:58:56',NULL),(696,486,0,NULL,696,3,40736,40740,57,14654,2,0,'2021-08-26','2021-08-26',2870.00,1,1.00,'Factura C N°: 0006-00001442',NULL,NULL,'2021-09-14 09:58:56','2021-09-14 09:58:56',NULL),(697,486,0,NULL,697,3,40736,40728,57,14654,2,0,'2021-08-27','2021-08-27',1489.99,1,1.00,'Factura B N°: 0017-00520059',NULL,NULL,'2021-09-14 09:58:56','2021-09-14 09:58:56',NULL),(698,486,0,NULL,698,3,40736,40728,57,14654,2,0,'2021-08-27','2021-08-27',1712.00,1,1.00,'Factura B N°: 0037-00546556',NULL,NULL,'2021-09-14 09:58:56','2021-09-14 09:58:56',NULL),(699,486,0,NULL,699,3,40736,40717,57,14654,2,0,'2021-08-30','2021-08-30',1800.00,1,1.00,'Factura C N°: 0001-00000033',NULL,NULL,'2021-09-14 09:58:56','2021-09-14 09:58:56',NULL),(700,486,0,NULL,700,2,40732,1989,13,14414,1,0,'2021-08-29','2021-08-29',13000.00,1,1.00,'Factura C N°: 0002-00000024',NULL,NULL,'2021-09-14 17:09:33','2021-09-14 17:09:33',NULL),(701,486,0,NULL,701,2,40732,1989,13,14414,1,0,'2021-08-29','2021-08-29',13050.00,1,1.00,'Factura C N°: 0002-00000025',NULL,NULL,'2021-09-14 17:09:33','2021-09-14 17:09:33',NULL),(702,486,0,NULL,702,2,40732,1989,13,14414,1,0,'2021-08-30','2021-08-30',12600.00,1,1.00,'Factura C N°: 0002-00000026',NULL,NULL,'2021-09-14 17:09:33','2021-09-14 17:09:33',NULL),(703,486,0,NULL,703,2,40732,1989,13,14414,1,0,'2021-08-30','2021-08-30',13000.00,1,1.00,'Factura C N°: 0002-00000027',NULL,NULL,'2021-09-14 17:09:33','2021-09-14 17:09:33',NULL),(704,486,0,NULL,704,2,40732,1989,13,14414,1,0,'2021-08-31','2021-08-31',13000.00,1,1.00,'Factura C N°: 0001-00000025',NULL,NULL,'2021-09-14 17:09:33','2021-09-14 17:09:33',NULL);
INSERT INTO `cta_cte_cliente` VALUES (705,486,0,NULL,705,2,40732,1989,13,14414,1,0,'2021-08-31','2021-08-31',12900.00,1,1.00,'Factura C N°: 0001-00000026',NULL,NULL,'2021-09-14 17:09:33','2021-09-14 17:09:33',NULL),(706,486,0,NULL,706,2,40732,1989,13,14414,1,0,'2021-08-31','2021-08-31',13040.00,1,1.00,'Factura C N°: 0001-00000027',NULL,NULL,'2021-09-14 17:09:33','2021-09-14 17:09:33',NULL),(707,486,0,NULL,707,2,40732,1989,13,14414,1,0,'2021-08-31','2021-08-31',12800.00,1,1.00,'Factura C N°: 0001-00000028',NULL,NULL,'2021-09-14 17:09:33','2021-09-14 17:09:33',NULL),(708,486,0,NULL,708,2,40732,1989,13,14414,1,0,'2021-08-31','2021-08-31',13100.00,1,1.00,'Factura C N°: 0002-00000028',NULL,NULL,'2021-09-14 17:09:34','2021-09-14 17:09:34',NULL),(709,486,0,NULL,709,2,40732,1989,13,14414,1,0,'2021-08-31','2021-08-31',13100.00,1,1.00,'Factura C N°: 0002-00000029',NULL,NULL,'2021-09-14 17:09:34','2021-09-14 17:09:34',NULL),(710,486,0,NULL,710,3,40732,40787,57,14414,2,0,'2021-08-04','2021-08-04',2445.85,1,1.00,'Factura A N°: 0004-00082863',NULL,NULL,'2021-09-14 17:09:44','2021-09-14 17:09:44',NULL),(711,486,0,NULL,711,3,40732,40787,57,14414,2,0,'2021-08-04','2021-08-04',10887.86,1,1.00,'Factura A N°: 0004-00082867',NULL,NULL,'2021-09-14 17:09:44','2021-09-14 17:09:44',NULL),(712,486,0,NULL,712,3,40732,40832,57,14414,2,0,'2021-08-04','2021-08-04',7702.45,1,1.00,'Factura B N°: 0006-00022122',NULL,NULL,'2021-09-14 17:09:44','2021-09-14 17:09:44',NULL),(713,486,0,NULL,713,3,40732,40778,57,14414,2,0,'2021-08-04','2021-08-04',17649.82,1,1.00,'Factura A N°: 0007-00093629',NULL,NULL,'2021-09-14 17:09:44','2021-09-14 17:09:44',NULL),(714,486,0,NULL,714,3,40732,40787,57,14414,2,0,'2021-08-05','2021-08-05',4891.70,1,1.00,'Factura A N°: 0004-00083160',NULL,NULL,'2021-09-14 17:09:44','2021-09-14 17:09:44',NULL),(715,486,0,NULL,715,3,40732,40812,57,14414,2,0,'2021-08-06','2021-08-06',4546.13,1,1.00,'Factura A N°: 0016-00153597',NULL,NULL,'2021-09-14 17:09:44','2021-09-14 17:09:44',NULL),(716,486,0,NULL,716,3,40732,40826,57,14414,2,0,'2021-08-09','2021-08-09',10078.69,1,1.00,'Factura B N°: 0003-00007140',NULL,NULL,'2021-09-14 17:09:44','2021-09-14 17:09:44',NULL),(717,486,0,NULL,717,3,40732,40795,57,14414,2,0,'2021-08-10','2021-08-10',20825.00,1,1.00,'Factura C N°: 0004-00000056',NULL,NULL,'2021-09-14 17:09:44','2021-09-14 17:09:44',NULL),(718,486,0,NULL,718,3,40732,40776,57,14414,2,0,'2021-08-11','2021-08-11',68.89,1,1.00,'Nota de débito B N°: 0024-00523768',NULL,NULL,'2021-09-14 17:09:45','2021-09-14 17:09:45',NULL),(719,486,0,NULL,719,3,40732,40787,57,14414,2,0,'2021-08-11','2021-08-11',20446.91,1,1.00,'Factura A N°: 0004-00083675',NULL,NULL,'2021-09-14 17:09:45','2021-09-14 17:09:45',NULL),(720,486,0,NULL,720,3,40732,40832,57,14414,2,0,'2021-08-11','2021-08-11',9427.20,1,1.00,'Factura B N°: 0006-00022222',NULL,NULL,'2021-09-14 17:09:45','2021-09-14 17:09:45',NULL),(721,486,0,NULL,721,3,40732,40778,57,14414,2,0,'2021-08-11','2021-08-11',27789.18,1,1.00,'Factura A N°: 0007-00094217',NULL,NULL,'2021-09-14 17:09:45','2021-09-14 17:09:45',NULL),(722,486,0,NULL,722,3,40732,40826,57,14414,2,0,'2021-08-14','2021-08-14',4738.26,1,1.00,'Factura B N°: 0003-00007162',NULL,NULL,'2021-09-14 17:09:45','2021-09-14 17:09:45',NULL),(723,486,0,NULL,723,3,40732,40787,57,14414,2,0,'2021-08-18','2021-08-18',18335.09,1,1.00,'Factura A N°: 0004-00084247',NULL,NULL,'2021-09-14 17:09:45','2021-09-14 17:09:45',NULL),(724,486,0,NULL,724,3,40732,40832,57,14414,2,0,'2021-08-18','2021-08-18',7702.45,1,1.00,'Factura B N°: 0006-00022306',NULL,NULL,'2021-09-14 17:09:45','2021-09-14 17:09:45',NULL),(725,486,0,NULL,725,3,40732,40778,57,14414,2,0,'2021-08-18','2021-08-18',19195.01,1,1.00,'Factura A N°: 0007-00094803',NULL,NULL,'2021-09-14 17:09:45','2021-09-14 17:09:45',NULL),(726,486,0,NULL,726,3,40732,40779,57,14414,2,0,'2021-08-18','2021-08-18',6638.81,1,1.00,'Factura A N°: 5243-00924082',NULL,NULL,'2021-09-14 17:09:45','2021-09-14 17:09:45',NULL);
INSERT INTO `cta_cte_cliente` VALUES (727,486,0,NULL,727,3,40732,40812,57,14414,2,0,'2021-08-20','2021-08-20',4021.80,1,1.00,'Factura A N°: 0016-00156636',NULL,NULL,'2021-09-14 17:09:45','2021-09-14 17:09:45',NULL),(728,486,0,NULL,728,3,40732,38591,57,14414,2,0,'2021-08-21','2021-08-21',24144.65,1,1.00,'Factura C N°: 0057-04136987',NULL,NULL,'2021-09-14 17:09:45','2021-09-14 17:09:45',NULL),(729,486,0,NULL,729,3,40732,40833,57,14414,2,0,'2021-08-25','2021-08-25',4089.00,1,1.00,'Factura B N°: 0101-00039312',NULL,NULL,'2021-09-14 17:09:45','2021-09-14 17:09:45',NULL),(730,486,0,NULL,730,3,40732,40787,57,14414,2,0,'2021-08-25','2021-08-25',8978.76,1,1.00,'Factura A N°: 0004-00084931',NULL,NULL,'2021-09-14 17:09:45','2021-09-14 17:09:45',NULL),(731,486,0,NULL,731,3,40732,40779,57,14414,2,0,'2021-08-25','2021-08-25',896.73,1,1.00,'Factura A N°: 5243-00932256',NULL,NULL,'2021-09-14 17:09:45','2021-09-14 17:09:45',NULL),(732,486,0,NULL,732,3,40732,40728,57,14414,2,0,'2021-08-27','2021-08-27',1833.00,1,1.00,'Factura A N°: 0037-00008626',NULL,NULL,'2021-09-14 17:09:45','2021-09-14 17:09:45',NULL),(733,486,0,NULL,733,3,40732,40826,57,14414,2,0,'2021-08-28','2021-08-28',5072.33,1,1.00,'Factura B N°: 0003-00007202',NULL,NULL,'2021-09-14 17:09:45','2021-09-14 17:09:45',NULL),(734,486,0,NULL,734,3,40732,40717,57,14414,2,0,'2021-08-30','2021-08-30',2800.00,1,1.00,'Factura C N°: 0001-00000035',NULL,NULL,'2021-09-14 17:09:45','2021-09-14 17:09:45',NULL),(735,486,0,NULL,735,2,40717,40736,13,25,1,0,'2021-08-30','2021-08-30',1800.00,1,1.00,'Factura C N°: 0001-00000033',NULL,NULL,'2021-09-15 10:05:54','2021-09-15 10:05:54',NULL),(736,486,0,NULL,736,2,40717,40726,13,25,1,0,'2021-08-30','2021-08-30',1300.00,1,1.00,'Factura C N°: 0001-00000034',NULL,NULL,'2021-09-15 10:05:54','2021-09-15 10:05:54',NULL),(737,486,0,NULL,737,2,40717,40732,13,25,1,0,'2021-08-30','2021-08-30',2800.00,1,1.00,'Factura C N°: 0001-00000035',NULL,NULL,'2021-09-15 10:05:54','2021-09-15 10:05:54',NULL),(738,486,0,NULL,738,2,40717,40792,13,25,1,0,'2021-08-30','2021-08-30',1500.00,1,1.00,'Factura C N°: 0001-00000036',NULL,NULL,'2021-09-15 10:05:54','2021-09-15 10:05:54',NULL),(739,486,0,NULL,739,2,40717,40813,13,25,1,0,'2021-08-30','2021-08-30',1500.00,1,1.00,'Factura C N°: 0001-00000037',NULL,NULL,'2021-09-15 10:05:54','2021-09-15 10:05:54',NULL),(740,486,0,NULL,740,3,40717,2648,57,25,2,0,'2021-08-01','2021-08-01',11835.00,1,1.00,'Factura C N°: 0100-00765285',NULL,NULL,'2021-09-15 10:06:02','2021-09-15 10:06:02',NULL),(741,486,0,NULL,741,3,40717,40766,57,25,2,0,'2021-08-31','2021-08-31',1900.00,1,1.00,'Factura B N°: 0001-00001142',NULL,NULL,'2021-09-15 10:06:02','2021-09-15 10:06:02',NULL),(742,486,0,NULL,742,2,40792,1989,13,14872,1,0,'2021-08-29','2021-08-29',13000.00,1,1.00,'Factura C N°: 0001-00000001',NULL,NULL,'2021-09-15 10:37:24','2021-09-15 10:37:24',NULL),(743,486,0,NULL,743,2,40792,1989,13,14872,1,0,'2021-08-30','2021-08-30',11700.00,1,1.00,'Factura C N°: 0001-00000002',NULL,NULL,'2021-09-15 10:37:24','2021-09-15 10:37:24',NULL),(744,486,0,NULL,744,2,40792,1989,13,14872,1,0,'2021-08-31','2021-08-31',12600.00,1,1.00,'Factura C N°: 0001-00000003',NULL,NULL,'2021-09-15 10:37:24','2021-09-15 10:37:24',NULL),(745,486,0,NULL,745,3,40792,2431,57,14872,2,0,'2021-08-03','2021-08-03',8429.57,1,1.00,'Factura A N°: 1246-00007601',NULL,NULL,'2021-09-15 10:37:32','2021-09-15 10:37:32',NULL),(746,486,0,NULL,746,3,40792,40812,57,14872,2,0,'2021-08-04','2021-08-04',8076.37,1,1.00,'Factura A N°: 0016-00152890',NULL,NULL,'2021-09-15 10:37:32','2021-09-15 10:37:32',NULL),(747,486,0,NULL,747,3,40792,40810,57,14872,2,0,'2021-08-05','2021-08-05',1084.79,1,1.00,'Factura A N°: 0006-00299535',NULL,NULL,'2021-09-15 10:37:32','2021-09-15 10:37:32',NULL),(748,486,0,NULL,748,3,40792,40812,57,14872,2,0,'2021-08-07','2021-08-07',6912.71,1,1.00,'Factura A N°: 0016-00153855',NULL,NULL,'2021-09-15 10:37:32','2021-09-15 10:37:32',NULL);
INSERT INTO `cta_cte_cliente` VALUES (749,486,0,NULL,749,3,40792,2431,57,14872,2,0,'2021-08-09','2021-08-09',6086.74,1,1.00,'Factura A N°: 1246-00007720',NULL,NULL,'2021-09-15 10:37:32','2021-09-15 10:37:32',NULL),(750,486,0,NULL,750,3,40792,40812,57,14872,2,0,'2021-08-11','2021-08-11',5527.33,1,1.00,'Factura A N°: 0016-00154622',NULL,NULL,'2021-09-15 10:37:32','2021-09-15 10:37:32',NULL),(751,486,0,NULL,751,3,40792,40810,57,14872,2,0,'2021-08-12','2021-08-12',545.71,1,1.00,'Factura A N°: 0006-00301656',NULL,NULL,'2021-09-15 10:37:32','2021-09-15 10:37:32',NULL),(752,486,0,NULL,752,3,40792,40812,57,14872,2,0,'2021-08-14','2021-08-14',3321.25,1,1.00,'Factura A N°: 0016-00155544',NULL,NULL,'2021-09-15 10:37:32','2021-09-15 10:37:32',NULL),(753,486,0,NULL,753,3,40792,2431,57,14872,2,0,'2021-08-17','2021-08-17',6300.69,1,1.00,'Factura A N°: 1246-00007864',NULL,NULL,'2021-09-15 10:37:32','2021-09-15 10:37:32',NULL),(754,486,0,NULL,754,3,40792,2431,57,14872,2,0,'2021-08-17','2021-08-17',1023.76,1,1.00,'Factura A N°: 1246-00007879',NULL,NULL,'2021-09-15 10:37:32','2021-09-15 10:37:32',NULL),(755,486,0,NULL,755,3,40792,40812,57,14872,2,0,'2021-08-18','2021-08-18',10718.26,1,1.00,'Factura A N°: 0016-00155994',NULL,NULL,'2021-09-15 10:37:32','2021-09-15 10:37:32',NULL),(756,486,0,NULL,756,3,40792,40810,57,14872,2,0,'2021-08-19','2021-08-19',2580.42,1,1.00,'Factura A N°: 0006-00303528',NULL,NULL,'2021-09-15 10:37:32','2021-09-15 10:37:32',NULL),(757,486,0,NULL,757,3,40792,40812,57,14872,2,0,'2021-08-21','2021-08-21',5013.00,1,1.00,'Factura A N°: 0016-00157002',NULL,NULL,'2021-09-15 10:37:32','2021-09-15 10:37:32',NULL),(758,486,0,NULL,758,3,40792,2431,57,14872,2,0,'2021-08-23','2021-08-23',8246.80,1,1.00,'Factura A N°: 1245-00004674',NULL,NULL,'2021-09-15 10:37:32','2021-09-15 10:37:32',NULL),(759,486,0,NULL,759,3,40792,40812,57,14872,2,0,'2021-08-25','2021-08-25',6647.28,1,1.00,'Factura A N°: 0016-00157760',NULL,NULL,'2021-09-15 10:37:32','2021-09-15 10:37:32',NULL),(760,486,0,NULL,760,3,40792,40810,57,14872,2,0,'2021-08-26','2021-08-26',2311.68,1,1.00,'Factura A N°: 0006-00305661',NULL,NULL,'2021-09-15 10:37:32','2021-09-15 10:37:32',NULL),(761,486,0,NULL,761,3,40792,40812,57,14872,2,0,'2021-08-28','2021-08-28',5679.53,1,1.00,'Factura A N°: 0016-00158625',NULL,NULL,'2021-09-15 10:37:32','2021-09-15 10:37:32',NULL),(762,486,0,NULL,762,3,40792,40717,57,14872,2,0,'2021-08-30','2021-08-30',1500.00,1,1.00,'Factura C N°: 0001-00000036',NULL,NULL,'2021-09-15 10:37:33','2021-09-15 10:37:33',NULL),(763,486,0,NULL,763,3,40792,2431,57,14872,2,0,'2021-08-31','2021-08-31',6368.76,1,1.00,'Factura A N°: 1246-00008043',NULL,NULL,'2021-09-15 10:37:33','2021-09-15 10:37:33',NULL),(764,486,0,NULL,764,2,40813,1989,13,16378,1,0,'2021-08-20','2021-08-20',2480.00,1,1.00,'Factura C N°: 0001-00000155',NULL,NULL,'2021-09-15 10:48:55','2021-09-15 10:48:55',NULL),(765,486,0,NULL,765,2,40813,1989,13,16378,1,0,'2021-08-20','2021-08-20',3460.00,1,1.00,'Factura C N°: 0001-00000156',NULL,NULL,'2021-09-15 10:48:55','2021-09-15 10:48:55',NULL),(766,486,0,NULL,766,2,40813,1989,13,16378,1,0,'2021-08-21','2021-08-21',4720.00,1,1.00,'Factura C N°: 0001-00000157',NULL,NULL,'2021-09-15 10:48:55','2021-09-15 10:48:55',NULL),(767,486,0,NULL,767,2,40813,1989,13,16378,1,0,'2021-08-21','2021-08-21',2600.00,1,1.00,'Factura C N°: 0001-00000158',NULL,NULL,'2021-09-15 10:48:55','2021-09-15 10:48:55',NULL),(768,486,0,NULL,768,2,40813,1989,13,16378,1,0,'2021-08-21','2021-08-21',3410.00,1,1.00,'Factura C N°: 0001-00000159',NULL,NULL,'2021-09-15 10:48:55','2021-09-15 10:48:55',NULL),(769,486,0,NULL,769,2,40813,1989,13,16378,1,0,'2021-08-22','2021-08-22',5720.00,1,1.00,'Factura C N°: 0001-00000160',NULL,NULL,'2021-09-15 10:48:55','2021-09-15 10:48:55',NULL),(770,486,0,NULL,770,2,40813,1989,13,16378,1,0,'2021-08-23','2021-08-23',2640.00,1,1.00,'Factura C N°: 0001-00000161',NULL,NULL,'2021-09-15 10:48:55','2021-09-15 10:48:55',NULL);
INSERT INTO `cta_cte_cliente` VALUES (771,486,0,NULL,771,2,40813,1989,13,16378,1,0,'2021-08-24','2021-08-24',3780.00,1,1.00,'Factura C N°: 0001-00000162',NULL,NULL,'2021-09-15 10:48:55','2021-09-15 10:48:55',NULL),(772,486,0,NULL,772,2,40813,1989,13,16378,1,0,'2021-08-25','2021-08-25',3000.00,1,1.00,'Factura C N°: 0001-00000163',NULL,NULL,'2021-09-15 10:48:55','2021-09-15 10:48:55',NULL),(773,486,0,NULL,773,2,40813,1989,13,16378,1,0,'2021-08-27','2021-08-27',2860.00,1,1.00,'Factura C N°: 0001-00000164',NULL,NULL,'2021-09-15 10:48:55','2021-09-15 10:48:55',NULL),(774,486,0,NULL,774,2,40813,1989,13,16378,1,0,'2021-08-28','2021-08-28',3941.00,1,1.00,'Factura C N°: 0001-00000165',NULL,NULL,'2021-09-15 10:48:55','2021-09-15 10:48:55',NULL),(775,486,0,NULL,775,2,40813,1989,13,16378,1,0,'2021-08-29','2021-08-29',2439.00,1,1.00,'Factura C N°: 0001-00000166',NULL,NULL,'2021-09-15 10:48:55','2021-09-15 10:48:55',NULL),(776,486,0,NULL,776,3,40813,40817,57,16378,2,0,'2021-08-05','2021-08-05',6638.14,1,1.00,'Factura A N°: 0026-00295735',NULL,NULL,'2021-09-15 10:49:02','2021-09-15 10:49:02',NULL),(777,486,0,NULL,777,3,40813,40803,57,16378,2,0,'2021-08-15','2021-08-15',2017.93,1,1.00,'Factura A N°: 0003-00045882',NULL,NULL,'2021-09-15 10:49:03','2021-09-15 10:49:03',NULL),(778,486,0,NULL,778,3,40813,40817,57,16378,2,0,'2021-08-18','2021-08-18',6219.46,1,1.00,'Factura A N°: 0026-00297878',NULL,NULL,'2021-09-15 10:49:03','2021-09-15 10:49:03',NULL),(779,486,0,NULL,779,3,40813,40834,57,16378,2,0,'2021-08-23','2021-08-23',420.00,1,1.00,'Factura C N°: 0097-00006973',NULL,NULL,'2021-09-15 10:49:03','2021-09-15 10:49:03',NULL),(780,486,0,NULL,780,3,40813,40834,57,16378,2,0,'2021-08-23','2021-08-23',70.00,1,1.00,'Factura C N°: 0097-00006974',NULL,NULL,'2021-09-15 10:49:03','2021-09-15 10:49:03',NULL),(781,486,0,NULL,781,3,40813,40834,57,16378,2,0,'2021-08-23','2021-08-23',70.00,1,1.00,'Factura C N°: 0097-00006975',NULL,NULL,'2021-09-15 10:49:03','2021-09-15 10:49:03',NULL),(782,486,0,NULL,782,3,40813,40818,57,16378,2,0,'2021-08-24','2021-08-24',25000.02,1,1.00,'Factura A N°: 0005-00006968',NULL,NULL,'2021-09-15 10:49:03','2021-09-15 10:49:03',NULL),(783,486,0,NULL,783,3,40813,40728,57,16378,2,0,'2021-08-27','2021-08-27',1489.99,1,1.00,'Factura B N°: 0017-00520613',NULL,NULL,'2021-09-15 10:49:03','2021-09-15 10:49:03',NULL),(784,486,0,NULL,784,3,40813,40728,57,16378,2,0,'2021-08-27','2021-08-27',1397.00,1,1.00,'Factura B N°: 0037-00547750',NULL,NULL,'2021-09-15 10:49:03','2021-09-15 10:49:03',NULL),(785,486,0,NULL,785,3,40813,40728,57,16378,2,0,'2021-08-27','2021-08-27',1512.00,1,1.00,'Factura B N°: 0037-00547751',NULL,NULL,'2021-09-15 10:49:03','2021-09-15 10:49:03',NULL),(786,486,0,NULL,786,3,40813,40717,57,16378,2,0,'2021-08-30','2021-08-30',1500.00,1,1.00,'Factura C N°: 0001-00000037',NULL,NULL,'2021-09-15 10:49:03','2021-09-15 10:49:03',NULL),(787,486,0,NULL,787,3,40813,40803,57,16378,2,0,'2021-08-31','2021-08-31',4045.18,1,1.00,'Factura A N°: 0003-00052643',NULL,NULL,'2021-09-15 10:49:03','2021-09-15 10:49:03',NULL),(788,486,0,NULL,788,2,40726,1989,13,14174,1,0,'2021-08-02','2021-08-02',1650.00,1,1.00,'Factura C N°: 0004-00000009',NULL,NULL,'2021-09-15 16:21:28','2021-09-15 16:21:28',NULL),(789,486,0,NULL,789,2,40726,40835,13,14174,1,0,'2021-08-17','2021-08-17',18950.00,1,1.00,'Factura C N°: 0002-00000134',NULL,NULL,'2021-09-15 16:21:28','2021-09-15 16:21:28',NULL),(790,486,0,NULL,790,2,40726,1989,13,14174,1,0,'2021-08-17','2021-08-17',2250.00,1,1.00,'Factura C N°: 0002-00000135',NULL,NULL,'2021-09-15 16:21:28','2021-09-15 16:21:28',NULL),(791,486,0,NULL,791,3,40726,40836,57,14174,2,0,'2021-08-10','2021-08-10',5021.59,1,1.00,'Factura B N°: 0009-00014209',NULL,NULL,'2021-09-15 16:21:37','2021-09-15 16:21:37',NULL),(792,486,0,NULL,792,3,40726,40746,57,14174,2,0,'2021-08-18','2021-08-18',3040.00,1,1.00,'Factura B N°: 0005-00003142',NULL,NULL,'2021-09-15 16:21:37','2021-09-15 16:21:37',NULL);
INSERT INTO `cta_cte_cliente` VALUES (793,486,0,NULL,793,3,40726,40746,57,14174,2,0,'2021-08-19','2021-08-19',2500.00,1,1.00,'Factura B N°: 0005-00003147',NULL,NULL,'2021-09-15 16:21:37','2021-09-15 16:21:37',NULL),(794,486,0,NULL,794,3,40726,40728,57,14174,2,0,'2021-08-27','2021-08-27',390.00,1,1.00,'Factura A N°: 0037-00008559',NULL,NULL,'2021-09-15 16:21:37','2021-09-15 16:21:37',NULL),(795,486,0,NULL,795,3,40726,40717,57,14174,2,0,'2021-08-30','2021-08-30',1300.00,1,1.00,'Factura C N°: 0001-00000034',NULL,NULL,'2021-09-15 16:21:37','2021-09-15 16:21:37',NULL),(796,486,0,NULL,796,2,40722,40725,13,7598,1,0,'2021-09-03','2021-09-03',9750.00,1,1.00,'Factura C N°: 0001-00000112',NULL,NULL,'2021-10-13 14:00:05','2021-10-13 14:00:05',NULL),(797,486,0,NULL,797,2,40722,40723,13,7598,1,0,'2021-09-13','2021-09-13',24300.00,1,1.00,'Factura C N°: 0001-00000113',NULL,NULL,'2021-10-13 14:00:05','2021-10-13 14:00:05',NULL),(798,486,0,NULL,798,2,40722,1989,13,7598,1,0,'2021-09-24','2021-09-24',7500.00,1,1.00,'Factura C N°: 0001-00000114',NULL,NULL,'2021-10-13 14:00:05','2021-10-13 14:00:05',NULL),(799,486,0,NULL,799,2,40722,1989,13,7598,1,0,'2021-09-24','2021-09-24',2200.00,1,1.00,'Factura C N°: 0001-00000115',NULL,NULL,'2021-10-13 14:00:05','2021-10-13 14:00:05',NULL),(800,486,0,NULL,800,2,40722,1989,13,7598,1,0,'2021-09-24','2021-09-24',6500.00,1,1.00,'Factura C N°: 0001-00000116',NULL,NULL,'2021-10-13 14:00:05','2021-10-13 14:00:05',NULL),(801,486,0,NULL,801,2,40722,1989,13,7598,1,0,'2021-09-24','2021-09-24',800.00,1,1.00,'Factura C N°: 0001-00000117',NULL,NULL,'2021-10-13 14:00:05','2021-10-13 14:00:05',NULL),(802,486,0,NULL,802,2,40722,1989,13,7598,1,0,'2021-09-24','2021-09-24',2000.00,1,1.00,'Factura C N°: 0001-00000118',NULL,NULL,'2021-10-13 14:00:05','2021-10-13 14:00:05',NULL),(803,486,0,NULL,803,2,40722,40725,13,7598,1,0,'2021-09-24','2021-09-24',6400.00,1,1.00,'Factura C N°: 0001-00000119',NULL,NULL,'2021-10-13 14:00:05','2021-10-13 14:00:05',NULL),(804,486,0,NULL,804,3,40722,40837,57,7598,2,0,'2021-09-17','2021-09-17',5950.00,1,1.00,'Factura B N°: 0007-00008846',NULL,NULL,'2021-10-13 14:00:16','2021-10-13 14:00:16',NULL),(805,486,0,NULL,805,2,40736,40838,13,14655,1,0,'2021-09-01','2021-09-01',5000.00,1,1.00,'Factura C N°: 0002-00000187',NULL,NULL,'2021-10-14 10:51:58','2021-10-14 10:51:58',NULL),(806,486,0,NULL,806,2,40736,40822,13,14655,1,0,'2021-09-08','2021-09-08',4500.00,1,1.00,'Factura C N°: 0002-00000188',NULL,NULL,'2021-10-14 10:51:58','2021-10-14 10:51:58',NULL),(807,486,0,NULL,807,2,40736,40839,13,14655,1,0,'2021-09-15','2021-09-15',16600.00,1,1.00,'Factura C N°: 0002-00000189',NULL,NULL,'2021-10-14 10:51:58','2021-10-14 10:51:58',NULL),(808,486,0,NULL,808,2,40736,40808,13,14655,1,0,'2021-09-30','2021-09-30',1500.00,1,1.00,'Factura C N°: 0002-00000190',NULL,NULL,'2021-10-14 10:51:58','2021-10-14 10:51:58',NULL),(809,486,0,NULL,809,2,40736,40740,13,14655,1,0,'2021-09-30','2021-09-30',59797.46,1,1.00,'Factura C N°: 0002-00000191',NULL,NULL,'2021-10-14 10:51:58','2021-10-14 10:51:58',NULL),(810,486,0,NULL,810,2,40736,40740,13,14655,1,0,'2021-09-30','2021-09-30',25949.94,1,1.00,'Factura C N°: 0002-00000192',NULL,NULL,'2021-10-14 10:51:58','2021-10-14 10:51:58',NULL),(811,486,0,NULL,811,2,40736,40840,13,14655,1,0,'2021-09-30','2021-09-30',3000.00,1,1.00,'Factura C N°: 0002-00000193',NULL,NULL,'2021-10-14 10:51:58','2021-10-14 10:51:58',NULL),(812,486,0,NULL,812,3,40736,40841,57,14655,2,0,'2021-09-02','2021-09-02',16633.83,1,1.00,'Factura A N°: 0006-00006373',NULL,NULL,'2021-10-14 10:52:09','2021-10-14 10:52:09',NULL),(813,486,0,NULL,813,3,40736,40842,57,14655,2,0,'2021-09-06','2021-09-06',12999.00,1,1.00,'Factura B N°: 0327-00005007',NULL,NULL,'2021-10-14 10:52:09','2021-10-14 10:52:09',NULL),(814,486,0,NULL,814,3,40736,40738,57,14655,2,0,'2021-09-10','2021-09-10',8500.00,1,1.00,'Factura C N°: 0002-00002033',NULL,NULL,'2021-10-14 10:52:09','2021-10-14 10:52:09',NULL);
INSERT INTO `cta_cte_cliente` VALUES (815,486,0,NULL,815,3,40736,40843,57,14655,2,0,'2021-09-14','2021-09-14',26314.86,1,1.00,'Factura A N°: 0003-00008982',NULL,NULL,'2021-10-14 10:52:09','2021-10-14 10:52:09',NULL),(816,486,0,NULL,816,3,40736,40843,57,14655,2,0,'2021-09-14','2021-09-14',1160.86,1,1.00,'Factura A N°: 0003-00009019',NULL,NULL,'2021-10-14 10:52:09','2021-10-14 10:52:09',NULL),(817,486,0,NULL,817,3,40736,40728,57,14655,2,0,'2021-09-28','2021-09-28',1489.99,1,1.00,'Factura B N°: 0017-00524764',NULL,NULL,'2021-10-14 10:52:09','2021-10-14 10:52:09',NULL),(818,486,0,NULL,818,3,40736,40728,57,14655,2,0,'2021-09-28','2021-09-28',1712.00,1,1.00,'Factura B N°: 0037-00556689',NULL,NULL,'2021-10-14 10:52:09','2021-10-14 10:52:09',NULL),(819,486,0,NULL,819,3,40736,40717,57,14655,2,0,'2021-09-28','2021-09-28',1800.00,1,1.00,'Factura C N°: 0001-00000038',NULL,NULL,'2021-10-14 10:52:09','2021-10-14 10:52:09',NULL),(820,486,0,NULL,820,2,40732,1989,13,14415,1,0,'2021-09-03','2021-09-03',13050.00,1,1.00,'Factura C N°: 0001-00000029',NULL,NULL,'2021-10-14 11:21:44','2021-10-14 11:21:44',NULL),(821,486,0,NULL,821,2,40732,1989,13,14415,1,0,'2021-09-03','2021-09-03',13000.00,1,1.00,'Factura C N°: 0001-00000030',NULL,NULL,'2021-10-14 11:21:44','2021-10-14 11:21:44',NULL),(822,486,0,NULL,822,2,40732,1989,13,14415,1,0,'2021-09-03','2021-09-03',12800.00,1,1.00,'Factura C N°: 0002-00000030',NULL,NULL,'2021-10-14 11:21:44','2021-10-14 11:21:44',NULL),(823,486,0,NULL,823,2,40732,1989,13,14415,1,0,'2021-09-03','2021-09-03',13000.00,1,1.00,'Factura C N°: 0002-00000031',NULL,NULL,'2021-10-14 11:21:44','2021-10-14 11:21:44',NULL),(824,486,0,NULL,824,3,40732,40787,57,14415,2,0,'2021-09-01','2021-09-01',12932.69,1,1.00,'Factura A N°: 0004-00085714',NULL,NULL,'2021-10-14 11:22:07','2021-10-14 11:22:07',NULL),(825,486,0,NULL,825,3,40732,40832,57,14415,2,0,'2021-09-01','2021-09-01',7809.83,1,1.00,'Factura B N°: 0006-00022516',NULL,NULL,'2021-10-14 11:22:07','2021-10-14 11:22:07',NULL),(826,486,0,NULL,826,3,40732,40778,57,14415,2,0,'2021-09-01','2021-09-01',17565.00,1,1.00,'Factura A N°: 0007-00095844',NULL,NULL,'2021-10-14 11:22:07','2021-10-14 11:22:07',NULL),(827,486,0,NULL,827,3,40732,40779,57,14415,2,0,'2021-09-01','2021-09-01',2597.98,1,1.00,'Factura A N°: 5243-00939562',NULL,NULL,'2021-10-14 11:22:07','2021-10-14 11:22:07',NULL),(828,486,0,NULL,828,3,40732,40787,57,14415,1,0,'2021-09-02','2021-09-02',563.62,1,1.00,'Nota de crédito A N°: 0004-00013386',NULL,NULL,'2021-10-14 11:22:07','2021-10-14 11:22:07',NULL),(829,486,0,NULL,829,3,40732,40812,57,14415,2,0,'2021-09-03','2021-09-03',1851.61,1,1.00,'Factura A N°: 0016-00159719',NULL,NULL,'2021-10-14 11:22:08','2021-10-14 11:22:08',NULL),(830,486,0,NULL,830,3,40732,40826,57,14415,2,0,'2021-09-06','2021-09-06',4972.47,1,1.00,'Factura B N°: 0003-00007227',NULL,NULL,'2021-10-14 11:22:08','2021-10-14 11:22:08',NULL),(831,486,0,NULL,831,3,40732,40776,57,14415,2,0,'2021-09-08','2021-09-08',5547.76,1,1.00,'Factura B N°: 0024-03618423',NULL,NULL,'2021-10-14 11:22:08','2021-10-14 11:22:08',NULL),(832,486,0,NULL,832,3,40732,40787,57,14415,2,0,'2021-09-08','2021-09-08',16681.92,1,1.00,'Factura A N°: 0004-00086443',NULL,NULL,'2021-10-14 11:22:08','2021-10-14 11:22:08',NULL),(833,486,0,NULL,833,3,40732,40795,57,14415,2,0,'2021-09-08','2021-09-08',20825.00,1,1.00,'Factura C N°: 0004-00000058',NULL,NULL,'2021-10-14 11:22:08','2021-10-14 11:22:08',NULL),(834,486,0,NULL,834,3,40732,40778,57,14415,2,0,'2021-09-08','2021-09-08',1756.19,1,1.00,'Factura A N°: 0007-00096402',NULL,NULL,'2021-10-14 11:22:08','2021-10-14 11:22:08',NULL),(835,486,0,NULL,835,3,40732,40779,57,14415,2,0,'2021-09-08','2021-09-08',311.27,1,1.00,'Factura A N°: 5243-00947357',NULL,NULL,'2021-10-14 11:22:08','2021-10-14 11:22:08',NULL),(836,486,0,NULL,836,3,40732,40832,57,14415,2,0,'2021-09-08','2021-09-08',9351.44,1,1.00,'Factura B N°: 0006-00022614',NULL,NULL,'2021-10-14 11:22:08','2021-10-14 11:22:08',NULL);
INSERT INTO `cta_cte_cliente` VALUES (837,486,0,NULL,837,3,40732,40812,57,14415,2,0,'2021-09-10','2021-09-10',1319.47,1,1.00,'Factura A N°: 0016-00161426',NULL,NULL,'2021-10-14 11:22:08','2021-10-14 11:22:08',NULL),(838,486,0,NULL,838,3,40732,40826,57,14415,2,0,'2021-09-11','2021-09-11',2449.93,1,1.00,'Factura B N°: 0003-00007255',NULL,NULL,'2021-10-14 11:22:08','2021-10-14 11:22:08',NULL),(839,486,0,NULL,839,3,40732,40779,57,14415,2,0,'2021-09-11','2021-09-11',2976.06,1,1.00,'Factura A N°: 5243-00951558',NULL,NULL,'2021-10-14 11:22:08','2021-10-14 11:22:08',NULL),(840,486,0,NULL,840,3,40732,40779,57,14415,1,0,'2021-09-14','2021-09-14',619.87,1,1.00,'Nota de crédito A N°: 5242-00076007',NULL,NULL,'2021-10-14 11:22:08','2021-10-14 11:22:08',NULL),(841,486,0,NULL,841,3,40732,38591,57,14415,2,0,'2021-09-14','2021-09-14',26683.15,1,1.00,'Factura C N°: 0057-04254226',NULL,NULL,'2021-10-14 11:22:08','2021-10-14 11:22:08',NULL),(842,486,0,NULL,842,3,40732,40787,57,14415,2,0,'2021-09-15','2021-09-15',27814.32,1,1.00,'Factura A N°: 0004-00087098',NULL,NULL,'2021-10-14 11:22:08','2021-10-14 11:22:08',NULL),(843,486,0,NULL,843,3,40732,40832,57,14415,2,0,'2021-09-15','2021-09-15',5340.11,1,1.00,'Factura B N°: 0006-00022723',NULL,NULL,'2021-10-14 11:22:09','2021-10-14 11:22:09',NULL),(844,486,0,NULL,844,3,40732,40778,57,14415,2,0,'2021-09-15','2021-09-15',16747.10,1,1.00,'Factura A N°: 0007-00097032',NULL,NULL,'2021-10-14 11:22:09','2021-10-14 11:22:09',NULL),(845,486,0,NULL,845,3,40732,40779,57,14415,2,0,'2021-09-15','2021-09-15',621.20,1,1.00,'Factura A N°: 5243-00955483',NULL,NULL,'2021-10-14 11:22:09','2021-10-14 11:22:09',NULL),(846,486,0,NULL,846,3,40732,40832,57,14415,2,0,'2021-09-18','2021-09-18',5340.11,1,1.00,'Factura B N°: 0006-00022802',NULL,NULL,'2021-10-14 11:22:09','2021-10-14 11:22:09',NULL),(847,486,0,NULL,847,3,40732,40787,57,14415,2,0,'2021-09-22','2021-09-22',23062.54,1,1.00,'Factura A N°: 0004-00087808',NULL,NULL,'2021-10-14 11:22:09','2021-10-14 11:22:09',NULL),(848,486,0,NULL,848,3,40732,40778,57,14415,2,0,'2021-09-22','2021-09-22',32799.65,1,1.00,'Factura A N°: 0007-00097590',NULL,NULL,'2021-10-14 11:22:09','2021-10-14 11:22:09',NULL),(849,486,0,NULL,849,3,40732,40832,57,14415,2,0,'2021-09-22','2021-09-22',12847.72,1,1.00,'Factura B N°: 0006-00022831',NULL,NULL,'2021-10-14 11:22:09','2021-10-14 11:22:09',NULL),(850,486,0,NULL,850,3,40732,40779,57,14415,2,0,'2021-09-22','2021-09-22',4484.00,1,1.00,'Factura A N°: 5243-00963324',NULL,NULL,'2021-10-14 11:22:09','2021-10-14 11:22:09',NULL),(851,486,0,NULL,851,3,40732,40812,57,14415,2,0,'2021-09-24','2021-09-24',3978.78,1,1.00,'Factura A N°: 0016-00164960',NULL,NULL,'2021-10-14 11:22:09','2021-10-14 11:22:09',NULL),(852,486,0,NULL,852,3,40732,40826,57,14415,2,0,'2021-09-25','2021-09-25',4813.25,1,1.00,'Factura B N°: 0003-00007307',NULL,NULL,'2021-10-14 11:22:09','2021-10-14 11:22:09',NULL),(853,486,0,NULL,853,3,40732,40779,57,14415,2,0,'2021-09-25','2021-09-25',3384.62,1,1.00,'Factura A N°: 5243-00967152',NULL,NULL,'2021-10-14 11:22:09','2021-10-14 11:22:09',NULL),(854,486,0,NULL,854,3,40732,40776,57,14415,2,0,'2021-09-28','2021-09-28',5101.80,1,1.00,'Factura B N°: 0024-03699539',NULL,NULL,'2021-10-14 11:22:09','2021-10-14 11:22:09',NULL),(855,486,0,NULL,855,3,40732,40717,57,14415,2,0,'2021-09-28','2021-09-28',2800.00,1,1.00,'Factura C N°: 0001-00000040',NULL,NULL,'2021-10-14 11:22:10','2021-10-14 11:22:10',NULL),(856,486,0,NULL,856,3,40732,40728,57,14415,2,0,'2021-09-28','2021-09-28',1833.00,1,1.00,'Factura A N°: 0037-00008953',NULL,NULL,'2021-10-14 11:22:10','2021-10-14 11:22:10',NULL),(857,486,0,NULL,857,3,40732,40787,57,14415,2,0,'2021-09-29','2021-09-29',19167.64,1,1.00,'Factura A N°: 0004-00088385',NULL,NULL,'2021-10-14 11:22:10','2021-10-14 11:22:10',NULL),(858,486,0,NULL,858,3,40732,40778,57,14415,2,0,'2021-09-29','2021-09-29',7264.92,1,1.00,'Factura A N°: 0007-00098160',NULL,NULL,'2021-10-14 11:22:10','2021-10-14 11:22:10',NULL);
INSERT INTO `cta_cte_cliente` VALUES (859,486,0,NULL,859,3,40732,40779,57,14415,2,0,'2021-09-29','2021-09-29',414.30,1,1.00,'Factura A N°: 5243-00970846',NULL,NULL,'2021-10-14 11:22:10','2021-10-14 11:22:10',NULL),(860,486,0,NULL,860,2,40717,40736,13,26,1,0,'2021-09-28','2021-09-28',1800.00,1,1.00,'Factura C N°: 0001-00000038',NULL,NULL,'2021-10-14 22:29:48','2021-10-14 22:29:48',NULL),(861,486,0,NULL,861,2,40717,40726,13,26,1,0,'2021-09-28','2021-09-28',1300.00,1,1.00,'Factura C N°: 0001-00000039',NULL,NULL,'2021-10-14 22:29:48','2021-10-14 22:29:48',NULL),(862,486,0,NULL,862,2,40717,40732,13,26,1,0,'2021-09-28','2021-09-28',2800.00,1,1.00,'Factura C N°: 0001-00000040',NULL,NULL,'2021-10-14 22:29:48','2021-10-14 22:29:48',NULL),(863,486,0,NULL,863,2,40717,40792,13,26,1,0,'2021-09-28','2021-09-28',1500.00,1,1.00,'Factura C N°: 0001-00000041',NULL,NULL,'2021-10-14 22:29:48','2021-10-14 22:29:48',NULL),(864,486,0,NULL,864,2,40717,40813,13,26,1,0,'2021-09-28','2021-09-28',1500.00,1,1.00,'Factura C N°: 0001-00000042',NULL,NULL,'2021-10-14 22:29:48','2021-10-14 22:29:48',NULL),(865,486,0,NULL,865,3,40717,2648,57,26,2,0,'2021-09-01','2021-09-01',15434.50,1,1.00,'Factura C N°: 0100-00805023',NULL,NULL,'2021-10-14 22:30:00','2021-10-14 22:30:00',NULL),(866,486,0,NULL,866,3,40717,40766,57,26,2,0,'2021-09-30','2021-09-30',2500.01,1,1.00,'Factura B N°: 0001-00001315',NULL,NULL,'2021-10-14 22:30:00','2021-10-14 22:30:00',NULL),(867,486,0,NULL,867,3,40792,40810,57,14873,2,0,'2021-09-02','2021-09-02',2295.49,1,1.00,'Factura A N°: 0006-00307544',NULL,NULL,'2021-10-14 22:35:02','2021-10-14 22:35:02',NULL),(868,486,0,NULL,868,3,40792,40812,57,14873,2,0,'2021-09-04','2021-09-04',7762.73,1,1.00,'Factura A N°: 0016-00160062',NULL,NULL,'2021-10-14 22:35:02','2021-10-14 22:35:02',NULL),(869,486,0,NULL,869,3,40792,40812,57,14873,2,0,'2021-09-08','2021-09-08',4982.28,1,1.00,'Factura A N°: 0016-00160670',NULL,NULL,'2021-10-14 22:35:02','2021-10-14 22:35:02',NULL),(870,486,0,NULL,870,3,40792,40810,57,14873,2,0,'2021-09-09','2021-09-09',2181.67,1,1.00,'Factura A N°: 0006-00309694',NULL,NULL,'2021-10-14 22:35:02','2021-10-14 22:35:02',NULL),(871,486,0,NULL,871,3,40792,40812,57,14873,2,0,'2021-09-11','2021-09-11',5914.84,1,1.00,'Factura A N°: 0016-00161781',NULL,NULL,'2021-10-14 22:35:02','2021-10-14 22:35:02',NULL),(872,486,0,NULL,872,3,40792,40812,57,14873,2,0,'2021-09-15','2021-09-15',8042.50,1,1.00,'Factura A N°: 0016-00162597',NULL,NULL,'2021-10-14 22:35:02','2021-10-14 22:35:02',NULL),(873,486,0,NULL,873,3,40792,40812,57,14873,2,0,'2021-09-18','2021-09-18',6684.59,1,1.00,'Factura A N°: 0016-00163397',NULL,NULL,'2021-10-14 22:35:02','2021-10-14 22:35:02',NULL),(874,486,0,NULL,874,3,40792,40812,57,14873,2,0,'2021-09-22','2021-09-22',8124.96,1,1.00,'Factura A N°: 0016-00164273',NULL,NULL,'2021-10-14 22:35:02','2021-10-14 22:35:02',NULL),(875,486,0,NULL,875,3,40792,40812,57,14873,2,0,'2021-09-25','2021-09-25',3761.79,1,1.00,'Factura A N°: 0016-00165202',NULL,NULL,'2021-10-14 22:35:02','2021-10-14 22:35:02',NULL),(876,486,0,NULL,876,3,40792,40717,57,14873,2,0,'2021-09-28','2021-09-28',1500.00,1,1.00,'Factura C N°: 0001-00000041',NULL,NULL,'2021-10-14 22:35:02','2021-10-14 22:35:02',NULL),(877,486,0,NULL,877,3,40792,40812,57,14873,2,0,'2021-09-29','2021-09-29',11736.64,1,1.00,'Factura A N°: 0016-00165935',NULL,NULL,'2021-10-14 22:35:02','2021-10-14 22:35:02',NULL),(878,486,0,NULL,878,3,40792,40810,57,14873,2,0,'2021-09-30','2021-09-30',2165.51,1,1.00,'Factura A N°: 0006-00315674',NULL,NULL,'2021-10-14 22:35:02','2021-10-14 22:35:02',NULL),(879,486,0,NULL,879,2,40813,1989,13,16379,1,0,'2021-09-11','2021-09-11',2345.00,1,1.00,'Factura C N°: 0001-00000167',NULL,NULL,'2021-10-18 22:37:50','2021-10-18 22:37:50',NULL),(880,486,0,NULL,880,2,40813,1989,13,16379,1,0,'2021-09-11','2021-09-11',3400.00,1,1.00,'Factura C N°: 0001-00000168',NULL,NULL,'2021-10-18 22:37:50','2021-10-18 22:37:50',NULL);
INSERT INTO `cta_cte_cliente` VALUES (881,486,0,NULL,881,2,40813,1989,13,16379,1,0,'2021-09-12','2021-09-12',1600.00,1,1.00,'Factura C N°: 0001-00000169',NULL,NULL,'2021-10-18 22:37:50','2021-10-18 22:37:50',NULL),(882,486,0,NULL,882,2,40813,1989,13,16379,1,0,'2021-09-13','2021-09-13',3850.00,1,1.00,'Factura C N°: 0001-00000170',NULL,NULL,'2021-10-18 22:37:50','2021-10-18 22:37:50',NULL),(883,486,0,NULL,883,2,40813,1989,13,16379,1,0,'2021-09-14','2021-09-14',3523.00,1,1.00,'Factura C N°: 0001-00000171',NULL,NULL,'2021-10-18 22:37:50','2021-10-18 22:37:50',NULL),(884,486,0,NULL,884,2,40813,1989,13,16379,1,0,'2021-09-15','2021-09-15',4210.00,1,1.00,'Factura C N°: 0001-00000172',NULL,NULL,'2021-10-18 22:37:50','2021-10-18 22:37:50',NULL),(885,486,0,NULL,885,2,40813,1989,13,16379,1,0,'2021-09-16','2021-09-16',820.00,1,1.00,'Factura C N°: 0001-00000173',NULL,NULL,'2021-10-18 22:37:50','2021-10-18 22:37:50',NULL),(886,486,0,NULL,886,2,40813,1989,13,16379,1,0,'2021-09-16','2021-09-16',4700.00,1,1.00,'Factura C N°: 0001-00000174',NULL,NULL,'2021-10-18 22:37:50','2021-10-18 22:37:50',NULL),(887,486,0,NULL,887,2,40813,1989,13,16379,1,0,'2021-09-23','2021-09-23',3490.00,1,1.00,'Factura C N°: 0001-00000175',NULL,NULL,'2021-10-18 22:37:50','2021-10-18 22:37:50',NULL),(888,486,0,NULL,888,2,40813,1989,13,16379,1,0,'2021-09-23','2021-09-23',3560.00,1,1.00,'Factura C N°: 0001-00000176',NULL,NULL,'2021-10-18 22:37:50','2021-10-18 22:37:50',NULL),(889,486,0,NULL,889,2,40813,1989,13,16379,1,0,'2021-09-24','2021-09-24',2850.00,1,1.00,'Factura C N°: 0001-00000177',NULL,NULL,'2021-10-18 22:37:50','2021-10-18 22:37:50',NULL),(890,486,0,NULL,890,2,40813,1989,13,16379,1,0,'2021-09-25','2021-09-25',3890.00,1,1.00,'Factura C N°: 0001-00000178',NULL,NULL,'2021-10-18 22:37:50','2021-10-18 22:37:50',NULL),(891,486,0,NULL,891,2,40813,1989,13,16379,1,0,'2021-09-25','2021-09-25',6723.00,1,1.00,'Factura C N°: 0001-00000179',NULL,NULL,'2021-10-18 22:37:50','2021-10-18 22:37:50',NULL),(892,486,0,NULL,892,2,40813,1989,13,16379,1,0,'2021-09-25','2021-09-25',4800.00,1,1.00,'Factura C N°: 0001-00000180',NULL,NULL,'2021-10-18 22:37:50','2021-10-18 22:37:50',NULL),(893,486,0,NULL,893,2,40813,1989,13,16379,1,0,'2021-09-26','2021-09-26',3481.00,1,1.00,'Factura C N°: 0001-00000181',NULL,NULL,'2021-10-18 22:37:50','2021-10-18 22:37:50',NULL),(894,486,0,NULL,894,2,40813,1989,13,16379,1,0,'2021-09-27','2021-09-27',1800.00,1,1.00,'Factura C N°: 0001-00000182',NULL,NULL,'2021-10-18 22:37:50','2021-10-18 22:37:50',NULL),(895,486,0,NULL,895,2,40813,1989,13,16379,1,0,'2021-09-28','2021-09-28',3480.00,1,1.00,'Factura C N°: 0001-00000183',NULL,NULL,'2021-10-18 22:37:51','2021-10-18 22:37:51',NULL),(896,486,0,NULL,896,2,40813,1989,13,16379,1,0,'2021-09-29','2021-09-29',3450.00,1,1.00,'Factura C N°: 0001-00000184',NULL,NULL,'2021-10-18 22:37:51','2021-10-18 22:37:51',NULL),(897,486,0,NULL,897,2,40813,1989,13,16379,1,0,'2021-09-30','2021-09-30',4700.00,1,1.00,'Factura C N°: 0001-00000185',NULL,NULL,'2021-10-18 22:37:51','2021-10-18 22:37:51',NULL),(898,486,0,NULL,898,3,40813,40817,57,16379,2,0,'2021-09-01','2021-09-01',6227.00,1,1.00,'Factura A N°: 0026-00300926',NULL,NULL,'2021-10-18 22:38:10','2021-10-18 22:38:10',NULL),(899,486,0,NULL,899,3,40813,40818,57,16379,2,0,'2021-09-06','2021-09-06',15000.02,1,1.00,'Factura A N°: 0005-00007044',NULL,NULL,'2021-10-18 22:38:10','2021-10-18 22:38:10',NULL),(900,486,0,NULL,900,3,40813,40803,57,16379,2,0,'2021-09-15','2021-09-15',3151.99,1,1.00,'Factura A N°: 0003-00059908',NULL,NULL,'2021-10-18 22:38:10','2021-10-18 22:38:10',NULL),(901,486,0,NULL,901,3,40813,40817,57,16379,2,0,'2021-09-15','2021-09-15',6619.20,1,1.00,'Factura A N°: 0026-00304069',NULL,NULL,'2021-10-18 22:38:10','2021-10-18 22:38:10',NULL),(902,486,0,NULL,902,3,40813,40818,57,16379,2,0,'2021-09-17','2021-09-17',9999.99,1,1.00,'Factura A N°: 0005-00007125',NULL,NULL,'2021-10-18 22:38:10','2021-10-18 22:38:10',NULL);
INSERT INTO `cta_cte_cliente` VALUES (903,486,0,NULL,903,3,40813,40817,57,16379,2,0,'2021-09-22','2021-09-22',4315.27,1,1.00,'Factura A N°: 0026-00305652',NULL,NULL,'2021-10-18 22:38:10','2021-10-18 22:38:10',NULL),(904,486,0,NULL,904,3,40813,40728,57,16379,2,0,'2021-09-28','2021-09-28',1489.99,1,1.00,'Factura B N°: 0017-00525316',NULL,NULL,'2021-10-18 22:38:10','2021-10-18 22:38:10',NULL),(905,486,0,NULL,905,3,40813,40728,57,16379,2,0,'2021-09-28','2021-09-28',1397.00,1,1.00,'Factura B N°: 0037-00557880',NULL,NULL,'2021-10-18 22:38:10','2021-10-18 22:38:10',NULL),(906,486,0,NULL,906,3,40813,40728,57,16379,2,0,'2021-09-28','2021-09-28',1512.00,1,1.00,'Factura B N°: 0037-00557881',NULL,NULL,'2021-10-18 22:38:10','2021-10-18 22:38:10',NULL),(907,486,0,NULL,907,3,40813,40717,57,16379,2,0,'2021-09-28','2021-09-28',1500.00,1,1.00,'Factura C N°: 0001-00000042',NULL,NULL,'2021-10-18 22:38:10','2021-10-18 22:38:10',NULL),(908,486,0,NULL,908,3,40813,40817,57,16379,2,0,'2021-09-29','2021-09-29',6094.25,1,1.00,'Factura A N°: 0026-00307170',NULL,NULL,'2021-10-18 22:38:10','2021-10-18 22:38:10',NULL),(909,486,0,NULL,909,3,40813,40803,57,16379,2,0,'2021-09-30','2021-09-30',2967.69,1,1.00,'Factura A N°: 0003-00067029',NULL,NULL,'2021-10-18 22:38:10','2021-10-18 22:38:10',NULL),(910,486,0,NULL,910,2,40726,1989,13,9094,1,0,'2021-09-01','2021-09-01',4500.00,1,1.00,'Factura C N°: 0002-00000136',NULL,NULL,'2021-10-18 23:08:06','2021-10-18 23:08:06',NULL),(911,486,0,NULL,911,2,40726,1989,13,9094,1,0,'2021-09-02','2021-09-02',2700.00,1,1.00,'Factura C N°: 0002-00000137',NULL,NULL,'2021-10-18 23:08:06','2021-10-18 23:08:06',NULL),(912,486,0,NULL,912,2,40726,1989,13,9094,1,0,'2021-09-04','2021-09-04',3450.00,1,1.00,'Factura C N°: 0002-00000138',NULL,NULL,'2021-10-18 23:08:06','2021-10-18 23:08:06',NULL),(913,486,0,NULL,913,2,40726,1989,13,9094,1,0,'2021-09-05','2021-09-05',7500.00,1,1.00,'Factura C N°: 0002-00000139',NULL,NULL,'2021-10-18 23:08:06','2021-10-18 23:08:06',NULL),(914,486,0,NULL,914,2,40726,40793,13,9094,1,0,'2021-09-08','2021-09-08',1020.00,1,1.00,'Factura C N°: 0002-00000140',NULL,NULL,'2021-10-18 23:08:06','2021-10-18 23:08:06',NULL),(915,486,0,NULL,915,2,40726,1989,13,9094,1,0,'2021-09-16','2021-09-16',2700.00,1,1.00,'Factura C N°: 0002-00000141',NULL,NULL,'2021-10-18 23:08:06','2021-10-18 23:08:06',NULL),(916,486,0,NULL,916,2,40726,1989,13,9094,1,0,'2021-09-17','2021-09-17',2250.00,1,1.00,'Factura C N°: 0002-00000142',NULL,NULL,'2021-10-18 23:08:06','2021-10-18 23:08:06',NULL),(917,486,0,NULL,917,2,40726,1989,13,9094,1,0,'2021-09-18','2021-09-18',3300.00,1,1.00,'Factura C N°: 0002-00000143',NULL,NULL,'2021-10-18 23:08:06','2021-10-18 23:08:06',NULL),(918,486,0,NULL,918,2,40726,1989,13,9094,1,0,'2021-09-18','2021-09-18',3300.00,1,1.00,'Factura C N°: 0002-00000144',NULL,NULL,'2021-10-18 23:08:06','2021-10-18 23:08:06',NULL),(919,486,0,NULL,919,2,40726,1989,13,9094,1,0,'2021-09-19','2021-09-19',6000.00,1,1.00,'Factura C N°: 0002-00000145',NULL,NULL,'2021-10-18 23:08:06','2021-10-18 23:08:06',NULL),(920,486,0,NULL,920,2,40726,1989,13,9094,1,0,'2021-09-20','2021-09-20',3000.00,1,1.00,'Factura C N°: 0002-00000146',NULL,NULL,'2021-10-18 23:08:06','2021-10-18 23:08:06',NULL),(921,486,0,NULL,921,2,40726,1989,13,9094,1,0,'2021-09-22','2021-09-22',2250.00,1,1.00,'Factura C N°: 0002-00000147',NULL,NULL,'2021-10-18 23:08:06','2021-10-18 23:08:06',NULL),(922,486,0,NULL,922,3,40726,40793,57,9094,2,0,'2021-09-10','2021-09-10',170.00,1,1.00,'RECIBO C N°: 0004-00000866',NULL,NULL,'2021-10-18 23:08:18','2021-10-18 23:08:18',NULL),(923,486,0,NULL,923,3,40726,40717,57,9094,2,0,'2021-09-28','2021-09-28',1300.00,1,1.00,'Factura C N°: 0001-00000039',NULL,NULL,'2021-10-18 23:08:18','2021-10-18 23:08:18',NULL),(924,486,0,NULL,924,3,40726,40728,57,9094,2,0,'2021-09-28','2021-09-28',420.00,1,1.00,'Factura A N°: 0037-00008887',NULL,NULL,'2021-10-18 23:08:18','2021-10-18 23:08:18',NULL);
INSERT INTO `cta_cte_cliente` VALUES (925,486,0,NULL,925,2,40722,40725,13,7599,1,0,'2021-10-01','2021-10-01',26600.00,1,1.00,'Factura C N°: 0001-00000120',NULL,NULL,'2021-11-15 09:20:46','2021-11-15 09:20:46',NULL),(926,486,0,NULL,926,2,40722,40725,13,7599,1,0,'2021-10-01','2021-10-01',30600.00,1,1.00,'Factura C N°: 0001-00000121',NULL,NULL,'2021-11-15 09:20:46','2021-11-15 09:20:46',NULL),(927,486,0,NULL,927,2,40722,40844,13,7599,1,0,'2021-10-13','2021-10-13',14400.00,1,1.00,'Factura C N°: 0001-00000122',NULL,NULL,'2021-11-15 09:20:46','2021-11-15 09:20:46',NULL),(928,486,0,NULL,928,2,40722,40725,13,7599,1,0,'2021-10-13','2021-10-13',28000.00,1,1.00,'Factura C N°: 0001-00000123',NULL,NULL,'2021-11-15 09:20:46','2021-11-15 09:20:46',NULL),(929,486,0,NULL,929,2,40722,40725,13,7599,1,0,'2021-10-13','2021-10-13',30200.00,1,1.00,'Factura C N°: 0001-00000124',NULL,NULL,'2021-11-15 09:20:46','2021-11-15 09:20:46',NULL),(930,486,0,NULL,930,2,40722,40725,13,7599,1,0,'2021-10-13','2021-10-13',15000.00,1,1.00,'Factura C N°: 0001-00000125',NULL,NULL,'2021-11-15 09:20:46','2021-11-15 09:20:46',NULL),(931,486,0,NULL,931,2,40722,40845,13,7599,1,0,'2021-10-13','2021-10-13',10000.00,1,1.00,'Factura C N°: 0001-00000126',NULL,NULL,'2021-11-15 09:20:46','2021-11-15 09:20:46',NULL),(932,486,0,NULL,932,2,40722,40846,13,7599,1,0,'2021-10-13','2021-10-13',10800.00,1,1.00,'Factura C N°: 0001-00000127',NULL,NULL,'2021-11-15 09:20:46','2021-11-15 09:20:46',NULL),(933,486,0,NULL,933,2,40722,40723,13,7599,1,0,'2021-10-15','2021-10-15',22600.00,1,1.00,'Factura C N°: 0001-00000128',NULL,NULL,'2021-11-15 09:20:46','2021-11-15 09:20:46',NULL),(934,486,0,NULL,934,2,40722,40733,13,7599,1,0,'2021-10-15','2021-10-15',99948.00,1,1.00,'Factura C N°: 0001-00000129',NULL,NULL,'2021-11-15 09:20:46','2021-11-15 09:20:46',NULL),(935,486,0,NULL,935,2,40722,40727,13,7599,1,0,'2021-10-16','2021-10-16',5350.00,1,1.00,'Factura C N°: 0001-00000130',NULL,NULL,'2021-11-15 09:20:46','2021-11-15 09:20:46',NULL),(936,486,0,NULL,936,2,40722,40847,13,7599,1,0,'2021-10-18','2021-10-18',1500.00,1,1.00,'Factura C N°: 0001-00000131',NULL,NULL,'2021-11-15 09:20:47','2021-11-15 09:20:47',NULL),(937,486,0,NULL,937,2,40722,40725,13,7599,1,0,'2021-10-18','2021-10-18',14500.00,1,1.00,'Factura C N°: 0001-00000132',NULL,NULL,'2021-11-15 09:20:47','2021-11-15 09:20:47',NULL),(938,486,0,NULL,938,3,40722,40848,57,7599,2,0,'2021-10-20','2021-10-20',59000.00,1,1.00,'Factura A N°: 0009-00000078',NULL,NULL,'2021-11-15 09:20:56','2021-11-15 09:20:56',NULL),(939,486,0,NULL,939,2,40736,40806,13,12325,1,0,'2021-10-04','2021-10-04',3000.00,1,1.00,'Factura C N°: 0002-00000194',NULL,NULL,'2021-11-16 09:07:29','2021-11-16 09:07:29',NULL),(940,486,0,NULL,940,2,40736,40849,13,12325,1,0,'2021-10-06','2021-10-06',7000.00,1,1.00,'Factura C N°: 0002-00000195',NULL,NULL,'2021-11-16 09:07:29','2021-11-16 09:07:29',NULL),(941,486,0,NULL,941,2,40736,40740,13,12325,1,0,'2021-10-11','2021-10-11',46065.72,1,1.00,'Factura C N°: 0002-00000196',NULL,NULL,'2021-11-16 09:07:29','2021-11-16 09:07:29',NULL),(942,486,0,NULL,942,2,40736,40740,13,12325,1,0,'2021-10-13','2021-10-13',52401.71,1,1.00,'Factura C N°: 0002-00000197',NULL,NULL,'2021-11-16 09:07:29','2021-11-16 09:07:29',NULL),(943,486,0,NULL,943,3,40736,40850,57,12325,2,0,'2021-10-01','2021-10-01',4525.40,1,1.00,'Factura A N°: 0005-00000314',NULL,NULL,'2021-11-16 09:07:37','2021-11-16 09:07:37',NULL),(944,486,0,NULL,944,3,40736,40737,57,12325,2,0,'2021-10-09','2021-10-09',9000.00,1,1.00,'Factura C N°: 0002-00000572',NULL,NULL,'2021-11-16 09:07:37','2021-11-16 09:07:37',NULL),(945,486,0,NULL,945,3,40736,40815,57,12325,2,0,'2021-10-12','2021-10-12',6498.00,1,1.00,'Factura B N°: 0009-00039827',NULL,NULL,'2021-11-16 09:07:37','2021-11-16 09:07:37',NULL),(946,486,0,NULL,946,3,40736,40794,57,12325,2,0,'2021-10-23','2021-10-23',5613.02,1,1.00,'Factura B N°: 0007-00011095',NULL,NULL,'2021-11-16 09:07:37','2021-11-16 09:07:37',NULL);
INSERT INTO `cta_cte_cliente` VALUES (947,486,0,NULL,947,3,40736,40728,57,12325,2,0,'2021-10-27','2021-10-27',1489.99,1,1.00,'Factura B N°: 0017-00529488',NULL,NULL,'2021-11-16 09:07:37','2021-11-16 09:07:37',NULL),(948,486,0,NULL,948,3,40736,40728,57,12325,2,0,'2021-10-27','2021-10-27',1712.00,1,1.00,'Factura B N°: 0037-00566857',NULL,NULL,'2021-11-16 09:07:37','2021-11-16 09:07:37',NULL),(949,486,0,NULL,949,3,40736,40717,57,12325,2,0,'2021-10-28','2021-10-28',1800.00,1,1.00,'Factura C N°: 0001-00000043',NULL,NULL,'2021-11-16 09:07:37','2021-11-16 09:07:37',NULL),(950,486,0,NULL,950,2,40732,40727,13,14416,1,0,'2021-10-11','2021-10-11',35000.00,1,1.00,'Factura C N°: 0001-00000031',NULL,NULL,'2021-11-16 09:32:59','2021-11-16 09:32:59',NULL),(951,486,0,NULL,951,2,40732,1989,13,14416,1,0,'2021-10-14','2021-10-14',11000.00,1,1.00,'Factura C N°: 0001-00000032',NULL,NULL,'2021-11-16 09:32:59','2021-11-16 09:32:59',NULL),(952,486,0,NULL,952,2,40732,1989,13,14416,1,0,'2021-10-14','2021-10-14',13000.00,1,1.00,'Factura C N°: 0001-00000033',NULL,NULL,'2021-11-16 09:32:59','2021-11-16 09:32:59',NULL),(953,486,0,NULL,953,2,40732,1989,13,14416,1,0,'2021-10-14','2021-10-14',11250.00,1,1.00,'Factura C N°: 0001-00000034',NULL,NULL,'2021-11-16 09:32:59','2021-11-16 09:32:59',NULL),(954,486,0,NULL,954,2,40732,1989,13,14416,1,0,'2021-10-14','2021-10-14',13000.00,1,1.00,'Factura C N°: 0001-00000035',NULL,NULL,'2021-11-16 09:32:59','2021-11-16 09:32:59',NULL),(955,486,0,NULL,955,2,40732,1989,13,14416,1,0,'2021-10-14','2021-10-14',12900.00,1,1.00,'Factura C N°: 0002-00000032',NULL,NULL,'2021-11-16 09:32:59','2021-11-16 09:32:59',NULL),(956,486,0,NULL,956,2,40732,1989,13,14416,1,0,'2021-10-14','2021-10-14',12800.00,1,1.00,'Factura C N°: 0002-00000033',NULL,NULL,'2021-11-16 09:32:59','2021-11-16 09:32:59',NULL),(957,486,0,NULL,957,3,40732,40826,57,14416,2,0,'2021-10-02','2021-10-02',4918.11,1,1.00,'Factura B N°: 0003-00007325',NULL,NULL,'2021-11-16 09:33:08','2021-11-16 09:33:08',NULL),(958,486,0,NULL,958,3,40732,40787,57,14416,2,0,'2021-10-04','2021-10-04',13350.87,1,1.00,'Factura A N°: 0004-00088774',NULL,NULL,'2021-11-16 09:33:08','2021-11-16 09:33:08',NULL),(959,486,0,NULL,959,3,40732,40787,57,14416,2,0,'2021-10-06','2021-10-06',24256.16,1,1.00,'Factura A N°: 0004-00089053',NULL,NULL,'2021-11-16 09:33:09','2021-11-16 09:33:09',NULL),(960,486,0,NULL,960,3,40732,40832,57,14416,2,0,'2021-10-06','2021-10-06',5340.11,1,1.00,'Factura B N°: 0006-00023013',NULL,NULL,'2021-11-16 09:33:09','2021-11-16 09:33:09',NULL),(961,486,0,NULL,961,3,40732,40778,57,14416,2,0,'2021-10-06','2021-10-06',15077.09,1,1.00,'Factura A N°: 0007-00098616',NULL,NULL,'2021-11-16 09:33:09','2021-11-16 09:33:09',NULL),(962,486,0,NULL,962,3,40732,40779,57,14416,2,0,'2021-10-06','2021-10-06',1528.72,1,1.00,'Factura A N°: 5243-00978382',NULL,NULL,'2021-11-16 09:33:09','2021-11-16 09:33:09',NULL),(963,486,0,NULL,963,3,40732,40795,57,14416,2,0,'2021-10-12','2021-10-12',20825.00,1,1.00,'Factura C N°: 0004-00000060',NULL,NULL,'2021-11-16 09:33:09','2021-11-16 09:33:09',NULL),(964,486,0,NULL,964,3,40732,40787,57,14416,2,0,'2021-10-13','2021-10-13',24890.57,1,1.00,'Factura A N°: 0004-00089741',NULL,NULL,'2021-11-16 09:33:09','2021-11-16 09:33:09',NULL),(965,486,0,NULL,965,3,40732,40787,57,14416,2,0,'2021-10-13','2021-10-13',2171.24,1,1.00,'Factura A N°: 0004-00089749',NULL,NULL,'2021-11-16 09:33:09','2021-11-16 09:33:09',NULL),(966,486,0,NULL,966,3,40732,40778,57,14416,2,0,'2021-10-13','2021-10-13',41296.50,1,1.00,'Factura A N°: 0007-00099256',NULL,NULL,'2021-11-16 09:33:09','2021-11-16 09:33:09',NULL),(967,486,0,NULL,967,3,40732,40779,57,14416,2,0,'2021-10-13','2021-10-13',4502.20,1,1.00,'Factura A N°: 5243-00986027',NULL,NULL,'2021-11-16 09:33:09','2021-11-16 09:33:09',NULL),(968,486,0,NULL,968,3,40732,40776,57,14416,2,0,'2021-10-14','2021-10-14',166.44,1,1.00,'Nota de débito B N°: 0035-00017214',NULL,NULL,'2021-11-16 09:33:09','2021-11-16 09:33:09',NULL);
INSERT INTO `cta_cte_cliente` VALUES (969,486,0,NULL,969,3,40732,40787,57,14416,2,0,'2021-10-20','2021-10-20',365.47,1,1.00,'Factura A N°: 0004-00090517',NULL,NULL,'2021-11-16 09:33:09','2021-11-16 09:33:09',NULL),(970,486,0,NULL,970,3,40732,40787,57,14416,2,0,'2021-10-20','2021-10-20',6411.59,1,1.00,'Factura A N°: 0004-00090505',NULL,NULL,'2021-11-16 09:33:09','2021-11-16 09:33:09',NULL),(971,486,0,NULL,971,3,40732,40778,57,14416,2,0,'2021-10-20','2021-10-20',11557.76,1,1.00,'Factura A N°: 0007-00099837',NULL,NULL,'2021-11-16 09:33:09','2021-11-16 09:33:09',NULL),(972,486,0,NULL,972,3,40732,40779,57,14416,2,0,'2021-10-20','2021-10-20',0.00,1,1.00,'Factura A N°: 5243-00994380',NULL,NULL,'2021-11-16 09:33:09','2021-11-16 09:33:09',NULL),(973,486,0,NULL,973,3,40732,38591,57,14416,2,0,'2021-10-20','2021-10-20',26538.00,1,1.00,'Factura C N°: 0057-04377620',NULL,NULL,'2021-11-16 09:33:09','2021-11-16 09:33:09',NULL),(974,486,0,NULL,974,3,40732,40776,57,14416,2,0,'2021-10-21','2021-10-21',5397.75,1,1.00,'Factura B N°: 0035-00064131',NULL,NULL,'2021-11-16 09:33:09','2021-11-16 09:33:09',NULL),(975,486,0,NULL,975,3,40732,40787,57,14416,1,0,'2021-10-22','2021-10-22',6411.59,1,1.00,'Nota de crédito A N°: 0004-00013846',NULL,NULL,'2021-11-16 09:33:09','2021-11-16 09:33:09',NULL),(976,486,0,NULL,976,3,40732,40787,57,14416,1,0,'2021-10-22','2021-10-22',365.47,1,1.00,'Nota de crédito A N°: 0004-00013847',NULL,NULL,'2021-11-16 09:33:10','2021-11-16 09:33:10',NULL),(977,486,0,NULL,977,3,40732,40787,57,14416,2,0,'2021-10-22','2021-10-22',7452.58,1,1.00,'Factura A N°: 0004-00090756',NULL,NULL,'2021-11-16 09:33:10','2021-11-16 09:33:10',NULL),(978,486,0,NULL,978,3,40732,40778,57,14416,1,0,'2021-10-22','2021-10-22',11557.76,1,1.00,'Nota de crédito A N°: 0007-00007031',NULL,NULL,'2021-11-16 09:33:10','2021-11-16 09:33:10',NULL),(979,486,0,NULL,979,3,40732,40826,57,14416,2,0,'2021-10-23','2021-10-23',3818.55,1,1.00,'Factura B N°: 0003-00007399',NULL,NULL,'2021-11-16 09:33:10','2021-11-16 09:33:10',NULL),(980,486,0,NULL,980,3,40732,40778,57,14416,2,0,'2021-10-23','2021-10-23',11557.76,1,1.00,'Factura A N°: 0007-00100077',NULL,NULL,'2021-11-16 09:33:10','2021-11-16 09:33:10',NULL),(981,486,0,NULL,981,3,40732,40787,57,14416,2,0,'2021-10-27','2021-10-27',10414.12,1,1.00,'Factura A N°: 0004-00091174',NULL,NULL,'2021-11-16 09:33:10','2021-11-16 09:33:10',NULL),(982,486,0,NULL,982,3,40732,40787,57,14416,2,0,'2021-10-27','2021-10-27',14789.87,1,1.00,'Factura A N°: 0004-00091177',NULL,NULL,'2021-11-16 09:33:10','2021-11-16 09:33:10',NULL),(983,486,0,NULL,983,3,40732,40728,57,14416,2,0,'2021-10-27','2021-10-27',1833.00,1,1.00,'Factura A N°: 0037-00009256',NULL,NULL,'2021-11-16 09:33:10','2021-11-16 09:33:10',NULL),(984,486,0,NULL,984,3,40732,40778,57,14416,2,0,'2021-10-27','2021-10-27',19179.50,1,1.00,'Factura A N°: 0007-00100405',NULL,NULL,'2021-11-16 09:33:10','2021-11-16 09:33:10',NULL),(985,486,0,NULL,985,3,40732,40832,57,14416,2,0,'2021-10-27','2021-10-27',4832.89,1,1.00,'Factura B N°: 0006-00023343',NULL,NULL,'2021-11-16 09:33:10','2021-11-16 09:33:10',NULL),(986,486,0,NULL,986,3,40732,40779,57,14416,2,0,'2021-10-27','2021-10-27',2116.91,1,1.00,'Factura A N°: 5243-01002080',NULL,NULL,'2021-11-16 09:33:10','2021-11-16 09:33:10',NULL),(987,486,0,NULL,987,3,40732,40717,57,14416,2,0,'2021-10-28','2021-10-28',2800.00,1,1.00,'Factura C N°: 0001-00000045',NULL,NULL,'2021-11-16 09:33:10','2021-11-16 09:33:10',NULL),(988,486,0,NULL,988,3,40732,40812,57,14416,2,0,'2021-10-29','2021-10-29',2094.65,1,1.00,'Factura A N°: 0016-00172325',NULL,NULL,'2021-11-16 09:33:10','2021-11-16 09:33:10',NULL),(989,486,0,NULL,989,3,40732,40826,57,14416,2,0,'2021-10-30','2021-10-30',4799.30,1,1.00,'Factura B N°: 0003-00007418',NULL,NULL,'2021-11-16 09:33:10','2021-11-16 09:33:10',NULL),(990,486,0,NULL,990,2,40717,40736,13,27,1,0,'2021-10-28','2021-10-28',1800.00,1,1.00,'Factura C N°: 0001-00000043',NULL,NULL,'2021-11-16 11:36:33','2021-11-16 11:36:33',NULL);
INSERT INTO `cta_cte_cliente` VALUES (991,486,0,NULL,991,2,40717,40726,13,27,1,0,'2021-10-28','2021-10-28',1300.00,1,1.00,'Factura C N°: 0001-00000044',NULL,NULL,'2021-11-16 11:36:33','2021-11-16 11:36:33',NULL),(992,486,0,NULL,992,2,40717,40732,13,27,1,0,'2021-10-28','2021-10-28',2800.00,1,1.00,'Factura C N°: 0001-00000045',NULL,NULL,'2021-11-16 11:36:33','2021-11-16 11:36:33',NULL),(993,486,0,NULL,993,2,40717,40792,13,27,1,0,'2021-10-28','2021-10-28',1500.00,1,1.00,'Factura C N°: 0001-00000046',NULL,NULL,'2021-11-16 11:36:33','2021-11-16 11:36:33',NULL),(994,486,0,NULL,994,2,40717,40813,13,27,1,0,'2021-10-28','2021-10-28',1500.00,1,1.00,'Factura C N°: 0001-00000047',NULL,NULL,'2021-11-16 11:36:33','2021-11-16 11:36:33',NULL),(995,486,0,NULL,995,3,40717,2648,57,27,2,0,'2021-10-01','2021-10-01',15532.90,1,1.00,'Factura C N°: 0100-00860816',NULL,NULL,'2021-11-16 11:36:40','2021-11-16 11:36:40',NULL),(996,486,0,NULL,996,3,40717,40766,57,27,2,0,'2021-10-31','2021-10-31',2500.01,1,1.00,'Factura B N°: 0001-00001484',NULL,NULL,'2021-11-16 11:36:40','2021-11-16 11:36:40',NULL),(997,486,0,NULL,997,2,40792,1989,13,14874,1,0,'2021-10-14','2021-10-14',12800.00,1,1.00,'Factura C N°: 0001-00000004',NULL,NULL,'2021-11-16 13:17:21','2021-11-16 13:17:21',NULL),(998,486,0,NULL,998,2,40792,1989,13,14874,1,0,'2021-10-14','2021-10-14',12600.00,1,1.00,'Factura C N°: 0001-00000005',NULL,NULL,'2021-11-16 13:17:21','2021-11-16 13:17:21',NULL),(999,486,0,NULL,999,2,40792,1989,13,14874,1,0,'2021-10-14','2021-10-14',12800.00,1,1.00,'Factura C N°: 0001-00000006',NULL,NULL,'2021-11-16 13:17:21','2021-11-16 13:17:21',NULL),(1000,486,0,NULL,1000,2,40792,1989,13,14874,1,0,'2021-10-14','2021-10-14',12000.00,1,1.00,'Factura C N°: 0001-00000007',NULL,NULL,'2021-11-16 13:17:21','2021-11-16 13:17:21',NULL),(1001,486,0,NULL,1001,3,40792,40812,57,14874,2,0,'2021-10-02','2021-10-02',4139.42,1,1.00,'Factura A N°: 0016-00166502',NULL,NULL,'2021-11-16 13:17:31','2021-11-16 13:17:31',NULL),(1002,486,0,NULL,1002,3,40792,40812,57,14874,2,0,'2021-10-11','2021-10-11',6462.09,1,1.00,'Factura A N°: 0016-00168038',NULL,NULL,'2021-11-16 13:17:31','2021-11-16 13:17:31',NULL),(1003,486,0,NULL,1003,3,40792,40812,57,14874,2,0,'2021-10-13','2021-10-13',5677.30,1,1.00,'Factura A N°: 0016-00168582',NULL,NULL,'2021-11-16 13:17:32','2021-11-16 13:17:32',NULL),(1004,486,0,NULL,1004,3,40792,40810,57,14874,2,0,'2021-10-14','2021-10-14',2273.01,1,1.00,'Factura A N°: 0006-00319571',NULL,NULL,'2021-11-16 13:17:32','2021-11-16 13:17:32',NULL),(1005,486,0,NULL,1005,3,40792,40812,57,14874,2,0,'2021-10-16','2021-10-16',5070.71,1,1.00,'Factura A N°: 0016-00169483',NULL,NULL,'2021-11-16 13:17:32','2021-11-16 13:17:32',NULL),(1006,486,0,NULL,1006,3,40792,40812,57,14874,2,0,'2021-10-20','2021-10-20',4605.94,1,1.00,'Factura A N°: 0016-00170222',NULL,NULL,'2021-11-16 13:17:32','2021-11-16 13:17:32',NULL),(1007,486,0,NULL,1007,3,40792,40810,57,14874,2,0,'2021-10-21','2021-10-21',2829.15,1,1.00,'Factura A N°: 0006-00321617',NULL,NULL,'2021-11-16 13:17:32','2021-11-16 13:17:32',NULL),(1008,486,0,NULL,1008,3,40792,40812,57,14874,2,0,'2021-10-23','2021-10-23',6062.12,1,1.00,'Factura A N°: 0016-00171077',NULL,NULL,'2021-11-16 13:17:32','2021-11-16 13:17:32',NULL),(1009,486,0,NULL,1009,3,40792,40812,57,14874,2,0,'2021-10-27','2021-10-27',3919.30,1,1.00,'Factura A N°: 0016-00171768',NULL,NULL,'2021-11-16 13:17:32','2021-11-16 13:17:32',NULL),(1010,486,0,NULL,1010,3,40792,40717,57,14874,2,0,'2021-10-28','2021-10-28',1500.00,1,1.00,'Factura C N°: 0001-00000046',NULL,NULL,'2021-11-16 13:17:32','2021-11-16 13:17:32',NULL),(1011,486,0,NULL,1011,3,40792,40812,57,14874,2,0,'2021-10-30','2021-10-30',6060.64,1,1.00,'Factura A N°: 0016-00172468',NULL,NULL,'2021-11-16 13:17:32','2021-11-16 13:17:32',NULL),(1012,486,0,NULL,1012,2,40813,1989,13,16380,1,0,'2021-10-03','2021-10-03',3450.00,1,1.00,'Factura C N°: 0001-00000186',NULL,NULL,'2021-11-17 10:41:50','2021-11-17 10:41:50',NULL);
INSERT INTO `cta_cte_cliente` VALUES (1013,486,0,NULL,1013,2,40813,1989,13,16380,1,0,'2021-10-04','2021-10-04',2080.00,1,1.00,'Factura C N°: 0001-00000187',NULL,NULL,'2021-11-17 10:41:50','2021-11-17 10:41:50',NULL),(1014,486,0,NULL,1014,2,40813,1989,13,16380,1,0,'2021-10-05','2021-10-05',1680.00,1,1.00,'Factura C N°: 0001-00000188',NULL,NULL,'2021-11-17 10:41:50','2021-11-17 10:41:50',NULL),(1015,486,0,NULL,1015,2,40813,1989,13,16380,1,0,'2021-10-06','2021-10-06',3190.00,1,1.00,'Factura C N°: 0001-00000189',NULL,NULL,'2021-11-17 10:41:50','2021-11-17 10:41:50',NULL),(1016,486,0,NULL,1016,2,40813,1989,13,16380,1,0,'2021-10-07','2021-10-07',900.00,1,1.00,'Factura C N°: 0001-00000190',NULL,NULL,'2021-11-17 10:41:50','2021-11-17 10:41:50',NULL),(1017,486,0,NULL,1017,2,40813,1989,13,16380,1,0,'2021-10-07','2021-10-07',2670.00,1,1.00,'Factura C N°: 0001-00000191',NULL,NULL,'2021-11-17 10:41:50','2021-11-17 10:41:50',NULL),(1018,486,0,NULL,1018,2,40813,1989,13,16380,1,0,'2021-10-13','2021-10-13',3569.00,1,1.00,'Factura C N°: 0001-00000192',NULL,NULL,'2021-11-17 10:41:51','2021-11-17 10:41:51',NULL),(1019,486,0,NULL,1019,2,40813,1989,13,16380,1,0,'2021-10-14','2021-10-14',2500.00,1,1.00,'Factura C N°: 0001-00000193',NULL,NULL,'2021-11-17 10:41:51','2021-11-17 10:41:51',NULL),(1020,486,0,NULL,1020,2,40813,1989,13,16380,1,0,'2021-10-15','2021-10-15',3080.00,1,1.00,'Factura C N°: 0001-00000194',NULL,NULL,'2021-11-17 10:41:51','2021-11-17 10:41:51',NULL),(1021,486,0,NULL,1021,2,40813,1989,13,16380,1,0,'2021-10-16','2021-10-16',2160.00,1,1.00,'Factura C N°: 0001-00000195',NULL,NULL,'2021-11-17 10:41:51','2021-11-17 10:41:51',NULL),(1022,486,0,NULL,1022,2,40813,1989,13,16380,1,0,'2021-10-16','2021-10-16',4208.00,1,1.00,'Factura C N°: 0001-00000196',NULL,NULL,'2021-11-17 10:41:51','2021-11-17 10:41:51',NULL),(1023,486,0,NULL,1023,2,40813,1989,13,16380,1,0,'2021-10-17','2021-10-17',4550.00,1,1.00,'Factura C N°: 0001-00000197',NULL,NULL,'2021-11-17 10:41:51','2021-11-17 10:41:51',NULL),(1024,486,0,NULL,1024,2,40813,1989,13,16380,1,0,'2021-10-28','2021-10-28',4230.00,1,1.00,'Factura C N°: 0001-00000198',NULL,NULL,'2021-11-17 10:41:51','2021-11-17 10:41:51',NULL),(1025,486,0,NULL,1025,2,40813,1989,13,16380,1,0,'2021-10-28','2021-10-28',2800.00,1,1.00,'Factura C N°: 0001-00000199',NULL,NULL,'2021-11-17 10:41:51','2021-11-17 10:41:51',NULL),(1026,486,0,NULL,1026,2,40813,1989,13,16380,1,0,'2021-10-29','2021-10-29',3400.00,1,1.00,'Factura C N°: 0001-00000200',NULL,NULL,'2021-11-17 10:41:51','2021-11-17 10:41:51',NULL),(1027,486,0,NULL,1027,2,40813,1989,13,16380,1,0,'2021-10-30','2021-10-30',4260.00,1,1.00,'Factura C N°: 0001-00000201',NULL,NULL,'2021-11-17 10:41:51','2021-11-17 10:41:51',NULL),(1028,486,0,NULL,1028,2,40813,1989,13,16380,1,0,'2021-10-30','2021-10-30',1800.00,1,1.00,'Factura C N°: 0001-00000202',NULL,NULL,'2021-11-17 10:41:51','2021-11-17 10:41:51',NULL),(1029,486,0,NULL,1029,2,40813,1989,13,16380,1,0,'2021-10-31','2021-10-31',4520.00,1,1.00,'Factura C N°: 0001-00000203',NULL,NULL,'2021-11-17 10:41:51','2021-11-17 10:41:51',NULL),(1030,486,0,NULL,1030,2,40813,1989,13,16380,1,0,'2021-10-31','2021-10-31',2900.00,1,1.00,'Factura C N°: 0001-00000204',NULL,NULL,'2021-11-17 10:41:51','2021-11-17 10:41:51',NULL),(1031,486,0,NULL,1031,2,40813,1989,13,16380,1,0,'2021-10-31','2021-10-31',4150.00,1,1.00,'Factura C N°: 0001-00000205',NULL,NULL,'2021-11-17 10:41:51','2021-11-17 10:41:51',NULL),(1032,486,0,NULL,1032,3,40813,40817,57,16380,2,0,'2021-10-06','2021-10-06',6665.64,1,1.00,'Factura A N°: 0026-00308805',NULL,NULL,'2021-11-17 10:42:04','2021-11-17 10:42:04',NULL),(1033,486,0,NULL,1033,3,40813,40818,57,16380,2,0,'2021-10-08','2021-10-08',19999.99,1,1.00,'Factura A N°: 0005-00007280',NULL,NULL,'2021-11-17 10:42:04','2021-11-17 10:42:04',NULL),(1034,486,0,NULL,1034,3,40813,40817,57,16380,2,0,'2021-10-13','2021-10-13',8988.80,1,1.00,'Factura A N°: 0026-00310480',NULL,NULL,'2021-11-17 10:42:04','2021-11-17 10:42:04',NULL);
INSERT INTO `cta_cte_cliente` VALUES (1035,486,0,NULL,1035,3,40813,40803,57,16380,2,0,'2021-10-15','2021-10-15',3225.23,1,1.00,'Factura A N°: 0003-00074392',NULL,NULL,'2021-11-17 10:42:04','2021-11-17 10:42:04',NULL),(1036,486,0,NULL,1036,3,40813,40728,57,16380,2,0,'2021-10-27','2021-10-27',1489.99,1,1.00,'Factura B N°: 0017-00530037',NULL,NULL,'2021-11-17 10:42:04','2021-11-17 10:42:04',NULL),(1037,486,0,NULL,1037,3,40813,40728,57,16380,2,0,'2021-10-27','2021-10-27',1397.00,1,1.00,'Factura B N°: 0037-00568050',NULL,NULL,'2021-11-17 10:42:04','2021-11-17 10:42:04',NULL),(1038,486,0,NULL,1038,3,40813,40728,57,16380,2,0,'2021-10-27','2021-10-27',1512.00,1,1.00,'Factura B N°: 0037-00568051',NULL,NULL,'2021-11-17 10:42:04','2021-11-17 10:42:04',NULL),(1039,486,0,NULL,1039,3,40813,40717,57,16380,2,0,'2021-10-28','2021-10-28',1500.00,1,1.00,'Factura C N°: 0001-00000047',NULL,NULL,'2021-11-17 10:42:04','2021-11-17 10:42:04',NULL),(1040,486,0,NULL,1040,3,40813,40803,57,16380,2,0,'2021-10-31','2021-10-31',3262.69,1,1.00,'Factura A N°: 0003-00082032',NULL,NULL,'2021-11-17 10:42:04','2021-11-17 10:42:04',NULL),(1041,486,0,NULL,1041,2,40726,1989,13,9095,1,0,'2021-10-01','2021-10-01',4000.00,1,1.00,'Factura C N°: 0002-00000148',NULL,NULL,'2021-11-17 11:15:49','2021-11-17 11:15:49',NULL),(1042,486,0,NULL,1042,2,40726,1989,13,9095,1,0,'2021-10-02','2021-10-02',6000.00,1,1.00,'Factura C N°: 0002-00000149',NULL,NULL,'2021-11-17 11:15:49','2021-11-17 11:15:49',NULL),(1043,486,0,NULL,1043,2,40726,1989,13,9095,1,0,'2021-10-03','2021-10-03',9000.00,1,1.00,'Factura C N°: 0002-00000150',NULL,NULL,'2021-11-17 11:15:49','2021-11-17 11:15:49',NULL),(1044,486,0,NULL,1044,2,40726,1989,13,9095,1,0,'2021-10-04','2021-10-04',1600.00,1,1.00,'Factura C N°: 0002-00000151',NULL,NULL,'2021-11-17 11:15:49','2021-11-17 11:15:49',NULL),(1045,486,0,NULL,1045,2,40726,1989,13,9095,1,0,'2021-10-16','2021-10-16',3600.00,1,1.00,'Factura C N°: 0002-00000152',NULL,NULL,'2021-11-17 11:15:49','2021-11-17 11:15:49',NULL),(1046,486,0,NULL,1046,2,40726,1989,13,9095,1,0,'2021-10-17','2021-10-17',4000.00,1,1.00,'Factura C N°: 0002-00000153',NULL,NULL,'2021-11-17 11:15:49','2021-11-17 11:15:49',NULL),(1047,486,0,NULL,1047,2,40726,1989,13,9095,1,0,'2021-10-18','2021-10-18',2200.00,1,1.00,'Factura C N°: 0002-00000154',NULL,NULL,'2021-11-17 11:15:49','2021-11-17 11:15:49',NULL),(1048,486,0,NULL,1048,2,40726,1989,13,9095,1,0,'2021-10-21','2021-10-21',1600.00,1,1.00,'Factura C N°: 0002-00000155',NULL,NULL,'2021-11-17 11:15:49','2021-11-17 11:15:49',NULL),(1049,486,0,NULL,1049,2,40726,1989,13,9095,1,0,'2021-10-22','2021-10-22',1000.00,1,1.00,'Factura C N°: 0002-00000156',NULL,NULL,'2021-11-17 11:15:49','2021-11-17 11:15:49',NULL),(1050,486,0,NULL,1050,2,40726,1989,13,9095,1,0,'2021-10-23','2021-10-23',2200.00,1,1.00,'Factura C N°: 0002-00000157',NULL,NULL,'2021-11-17 11:15:49','2021-11-17 11:15:49',NULL),(1051,486,0,NULL,1051,2,40726,1989,13,9095,1,0,'2021-10-24','2021-10-24',5000.00,1,1.00,'Factura C N°: 0002-00000158',NULL,NULL,'2021-11-17 11:15:49','2021-11-17 11:15:49',NULL),(1052,486,0,NULL,1052,2,40726,1989,13,9095,1,0,'2021-10-25','2021-10-25',1000.00,1,1.00,'Factura C N°: 0002-00000159',NULL,NULL,'2021-11-17 11:15:49','2021-11-17 11:15:49',NULL),(1053,486,0,NULL,1053,3,40726,40851,57,9095,2,0,'2021-10-05','2021-10-05',5620.00,1,1.00,'Factura B N°: 0001-00010624',NULL,NULL,'2021-11-17 11:15:57','2021-11-17 11:15:57',NULL),(1054,486,0,NULL,1054,3,40726,40852,57,9095,2,0,'2021-10-20','2021-10-20',7295.98,1,1.00,'Factura B N°: 0007-00007883',NULL,NULL,'2021-11-17 11:15:57','2021-11-17 11:15:57',NULL),(1055,486,0,NULL,1055,3,40726,40728,57,9095,2,0,'2021-10-27','2021-10-27',420.00,1,1.00,'Factura A N°: 0037-00009190',NULL,NULL,'2021-11-17 11:15:57','2021-11-17 11:15:57',NULL),(1056,486,0,NULL,1056,3,40726,40717,57,9095,2,0,'2021-10-28','2021-10-28',1300.00,1,1.00,'Factura C N°: 0001-00000044',NULL,NULL,'2021-11-17 11:15:57','2021-11-17 11:15:57',NULL);
INSERT INTO `cta_cte_cliente` VALUES (1057,486,0,NULL,1057,2,40722,40844,13,7600,1,0,'2021-11-08','2021-11-08',14400.00,1,1.00,'Factura C N°: 0001-00000133',NULL,NULL,'2021-12-14 09:36:45','2021-12-14 09:36:45',NULL),(1058,486,0,NULL,1058,2,40722,1989,13,7600,1,0,'2021-11-08','2021-11-08',10000.00,1,1.00,'Factura C N°: 0001-00000134',NULL,NULL,'2021-12-14 09:36:45','2021-12-14 09:36:45',NULL),(1059,486,0,NULL,1059,2,40722,40723,13,7600,1,0,'2021-11-12','2021-11-12',14800.00,1,1.00,'Factura C N°: 0001-00000135',NULL,NULL,'2021-12-14 09:36:45','2021-12-14 09:36:45',NULL),(1060,486,0,NULL,1060,2,40722,1989,13,7600,1,0,'2021-11-12','2021-11-12',6655.00,1,1.00,'Factura C N°: 0001-00000136',NULL,NULL,'2021-12-14 09:36:46','2021-12-14 09:36:46',NULL),(1061,486,0,NULL,1061,2,40722,1989,13,7600,1,0,'2021-11-12','2021-11-12',1600.00,1,1.00,'Factura C N°: 0001-00000137',NULL,NULL,'2021-12-14 09:36:46','2021-12-14 09:36:46',NULL),(1062,486,0,NULL,1062,2,40722,40725,13,7600,1,0,'2021-11-16','2021-11-16',13200.00,1,1.00,'Factura C N°: 0001-00000138',NULL,NULL,'2021-12-14 09:36:46','2021-12-14 09:36:46',NULL),(1063,486,0,NULL,1063,2,40722,40725,13,7600,1,0,'2021-11-26','2021-11-26',46080.00,1,1.00,'Factura C N°: 0001-00000139',NULL,NULL,'2021-12-14 09:36:46','2021-12-14 09:36:46',NULL),(1064,486,0,NULL,1064,2,40722,40725,13,7600,1,0,'2021-11-30','2021-11-30',12550.00,1,1.00,'Factura C N°: 0001-00000140',NULL,NULL,'2021-12-14 09:36:46','2021-12-14 09:36:46',NULL),(1065,486,0,NULL,1065,2,40722,40853,13,7600,1,0,'2021-11-30','2021-11-30',8200.00,1,1.00,'Factura C N°: 0001-00000141',NULL,NULL,'2021-12-14 09:36:46','2021-12-14 09:36:46',NULL),(1066,486,0,NULL,1066,3,40722,40854,57,7600,2,0,'2021-11-01','2021-11-01',4483.19,1,1.00,'Factura B N°: 0202-01631858',NULL,NULL,'2021-12-14 09:36:53','2021-12-14 09:36:53',NULL),(1067,486,0,NULL,1067,3,40722,40837,57,7600,2,0,'2021-11-15','2021-11-15',6700.00,1,1.00,'Factura B N°: 0007-00015254',NULL,NULL,'2021-12-14 09:36:53','2021-12-14 09:36:53',NULL),(1068,486,0,NULL,1068,3,40722,34251,57,7600,2,0,'2021-11-29','2021-11-29',7400.00,1,1.00,'Factura B N°: 1000-00247392',NULL,NULL,'2021-12-14 09:36:53','2021-12-14 09:36:53',NULL),(1069,486,0,NULL,1069,3,40722,40855,57,7600,2,0,'2021-11-30','2021-11-30',16812.00,1,1.00,'Factura A N°: 0018-00024326',NULL,NULL,'2021-12-14 09:36:53','2021-12-14 09:36:53',NULL),(1070,486,0,NULL,1070,2,40736,40742,13,12326,1,0,'2021-11-09','2021-11-09',5400.00,1,1.00,'Factura C N°: 0002-00000198',NULL,NULL,'2021-12-14 10:08:01','2021-12-14 10:08:01',NULL),(1071,486,0,NULL,1071,2,40736,40740,13,12326,1,0,'2021-11-09','2021-11-09',47389.08,1,1.00,'Factura C N°: 0002-00000199',NULL,NULL,'2021-12-14 10:08:01','2021-12-14 10:08:01',NULL),(1072,486,0,NULL,1072,2,40736,40740,13,12326,1,0,'2021-11-17','2021-11-17',184214.81,1,1.00,'Factura C N°: 0002-00000200',NULL,NULL,'2021-12-14 10:08:01','2021-12-14 10:08:01',NULL),(1073,486,0,NULL,1073,2,40736,40830,13,12326,1,0,'2021-11-17','2021-11-17',3500.00,1,1.00,'Factura C N°: 0002-00000201',NULL,NULL,'2021-12-14 10:08:01','2021-12-14 10:08:01',NULL),(1074,486,0,NULL,1074,2,40736,40740,13,12326,1,0,'2021-11-29','2021-11-29',60431.40,1,1.00,'Factura C N°: 0002-00000202',NULL,NULL,'2021-12-14 10:08:01','2021-12-14 10:08:01',NULL),(1075,486,0,NULL,1075,3,40736,40740,57,12326,2,0,'2021-11-04','2021-11-04',140.00,1,1.00,'Factura C N°: 0006-00001550',NULL,NULL,'2021-12-14 10:08:08','2021-12-14 10:08:08',NULL),(1076,486,0,NULL,1076,3,40736,40843,57,12326,2,0,'2021-11-05','2021-11-05',14998.53,1,1.00,'Factura A N°: 0003-00009985',NULL,NULL,'2021-12-14 10:08:08','2021-12-14 10:08:08',NULL),(1077,486,0,NULL,1077,3,40736,40843,57,12326,2,0,'2021-11-11','2021-11-11',10129.58,1,1.00,'Factura A N°: 0003-00010087',NULL,NULL,'2021-12-14 10:08:08','2021-12-14 10:08:08',NULL),(1078,486,0,NULL,1078,3,40736,40815,57,12326,2,0,'2021-11-12','2021-11-12',20805.00,1,1.00,'Factura B N°: 0009-00040493',NULL,NULL,'2021-12-14 10:08:08','2021-12-14 10:08:08',NULL);
INSERT INTO `cta_cte_cliente` VALUES (1079,486,0,NULL,1079,3,40736,40843,57,12326,2,0,'2021-11-15','2021-11-15',1142.00,1,1.00,'Factura A N°: 0003-00010157',NULL,NULL,'2021-12-14 10:08:08','2021-12-14 10:08:08',NULL),(1080,486,0,NULL,1080,3,40736,40728,57,12326,2,0,'2021-11-26','2021-11-26',1640.00,1,1.00,'Factura B N°: 0017-00534240',NULL,NULL,'2021-12-14 10:08:08','2021-12-14 10:08:08',NULL),(1081,486,0,NULL,1081,3,40736,40728,57,12326,2,0,'2021-11-26','2021-11-26',1863.00,1,1.00,'Factura B N°: 0037-00577065',NULL,NULL,'2021-12-14 10:08:08','2021-12-14 10:08:08',NULL),(1082,486,0,NULL,1082,3,40736,40738,57,12326,2,0,'2021-11-29','2021-11-29',3500.00,1,1.00,'Factura C N°: 0002-00002060',NULL,NULL,'2021-12-14 10:08:08','2021-12-14 10:08:08',NULL),(1083,486,0,NULL,1083,3,40736,40717,57,12326,2,0,'2021-11-30','2021-11-30',1800.00,1,1.00,'Factura C N°: 0001-00000048',NULL,NULL,'2021-12-14 10:08:08','2021-12-14 10:08:08',NULL),(1084,486,0,NULL,1084,3,40732,40787,57,12010,2,0,'2021-11-03','2021-11-03',4981.10,1,1.00,'Factura A N°: 0004-00091784',NULL,NULL,'2021-12-14 11:52:13','2021-12-14 11:52:13',NULL),(1085,486,0,NULL,1085,3,40732,40787,57,12010,2,0,'2021-11-03','2021-11-03',32450.79,1,1.00,'Factura A N°: 0004-00091808',NULL,NULL,'2021-12-14 11:52:13','2021-12-14 11:52:13',NULL),(1086,486,0,NULL,1086,3,40732,40778,57,12010,2,0,'2021-11-03','2021-11-03',14903.66,1,1.00,'Factura A N°: 0007-00100932',NULL,NULL,'2021-12-14 11:52:13','2021-12-14 11:52:13',NULL),(1087,486,0,NULL,1087,3,40732,40832,57,12010,2,0,'2021-11-03','2021-11-03',4315.87,1,1.00,'Factura B N°: 0006-00023460',NULL,NULL,'2021-12-14 11:52:13','2021-12-14 11:52:13',NULL),(1088,486,0,NULL,1088,3,40732,40779,57,12010,2,0,'2021-11-03','2021-11-03',2482.15,1,1.00,'Factura A N°: 5243-01009926',NULL,NULL,'2021-12-14 11:52:13','2021-12-14 11:52:13',NULL),(1089,486,0,NULL,1089,3,40732,40776,57,12010,2,0,'2021-11-04','2021-11-04',153.05,1,1.00,'Nota de débito B N°: 0035-00044113',NULL,NULL,'2021-12-14 11:52:13','2021-12-14 11:52:13',NULL),(1090,486,0,NULL,1090,3,40732,40826,57,12010,2,0,'2021-11-06','2021-11-06',9648.89,1,1.00,'Factura B N°: 0003-00007446',NULL,NULL,'2021-12-14 11:52:13','2021-12-14 11:52:13',NULL),(1091,486,0,NULL,1091,3,40732,40832,57,12010,2,0,'2021-11-06','2021-11-06',3268.00,1,1.00,'Factura B N°: 0006-00023506',NULL,NULL,'2021-12-14 11:52:13','2021-12-14 11:52:13',NULL),(1092,486,0,NULL,1092,3,40732,40795,57,12010,2,0,'2021-11-09','2021-11-09',20825.00,1,1.00,'Factura C N°: 0004-00000062',NULL,NULL,'2021-12-14 11:52:13','2021-12-14 11:52:13',NULL),(1093,486,0,NULL,1093,3,40732,40787,57,12010,2,0,'2021-11-10','2021-11-10',7759.66,1,1.00,'Factura A N°: 0004-00092560',NULL,NULL,'2021-12-14 11:52:13','2021-12-14 11:52:13',NULL),(1094,486,0,NULL,1094,3,40732,40787,57,12010,2,0,'2021-11-10','2021-11-10',8579.05,1,1.00,'Factura A N°: 0004-00092563',NULL,NULL,'2021-12-14 11:52:13','2021-12-14 11:52:13',NULL),(1095,486,0,NULL,1095,3,40732,40787,57,12010,2,0,'2021-11-10','2021-11-10',491.78,1,1.00,'Factura A N°: 0004-00092564',NULL,NULL,'2021-12-14 11:52:13','2021-12-14 11:52:13',NULL),(1096,486,0,NULL,1096,3,40732,40778,57,12010,2,0,'2021-11-10','2021-11-10',22068.11,1,1.00,'Factura A N°: 0007-00101545',NULL,NULL,'2021-12-14 11:52:13','2021-12-14 11:52:13',NULL),(1097,486,0,NULL,1097,3,40732,40832,57,12010,2,0,'2021-11-10','2021-11-10',3876.42,1,1.00,'Factura B N°: 0006-00023550',NULL,NULL,'2021-12-14 11:52:13','2021-12-14 11:52:13',NULL),(1098,486,0,NULL,1098,3,40732,40776,57,12010,2,0,'2021-11-10','2021-11-10',2672.74,1,1.00,'Factura B N°: 0035-00140275',NULL,NULL,'2021-12-14 11:52:13','2021-12-14 11:52:13',NULL),(1099,486,0,NULL,1099,3,40732,40812,57,12010,2,0,'2021-11-12','2021-11-12',5596.45,1,1.00,'Factura A N°: 0016-00175356',NULL,NULL,'2021-12-14 11:52:13','2021-12-14 11:52:13',NULL),(1100,486,0,NULL,1100,3,40732,40826,57,12010,2,0,'2021-11-13','2021-11-13',4799.30,1,1.00,'Factura B N°: 0003-00007469',NULL,NULL,'2021-12-14 11:52:13','2021-12-14 11:52:13',NULL);
INSERT INTO `cta_cte_cliente` VALUES (1101,486,0,NULL,1101,3,40732,40779,57,12010,2,0,'2021-11-13','2021-11-13',3461.41,1,1.00,'Factura A N°: 5243-01022346',NULL,NULL,'2021-12-14 11:52:13','2021-12-14 11:52:13',NULL),(1102,486,0,NULL,1102,3,40732,40787,57,12010,2,0,'2021-11-15','2021-11-15',7776.06,1,1.00,'Factura A N°: 0004-00092905',NULL,NULL,'2021-12-14 11:52:13','2021-12-14 11:52:13',NULL),(1103,486,0,NULL,1103,3,40732,40787,57,12010,2,0,'2021-11-17','2021-11-17',18199.27,1,1.00,'Factura A N°: 0004-00093183',NULL,NULL,'2021-12-14 11:52:13','2021-12-14 11:52:13',NULL),(1104,486,0,NULL,1104,3,40732,40778,57,12010,2,0,'2021-11-17','2021-11-17',23952.87,1,1.00,'Factura A N°: 0007-00102057',NULL,NULL,'2021-12-14 11:52:13','2021-12-14 11:52:13',NULL),(1105,486,0,NULL,1105,3,40732,40832,57,12010,2,0,'2021-11-17','2021-11-17',5340.11,1,1.00,'Factura B N°: 0006-00023628',NULL,NULL,'2021-12-14 11:52:13','2021-12-14 11:52:13',NULL),(1106,486,0,NULL,1106,3,40732,40779,57,12010,2,0,'2021-11-17','2021-11-17',2922.81,1,1.00,'Factura A N°: 5243-01026322',NULL,NULL,'2021-12-14 11:52:13','2021-12-14 11:52:13',NULL),(1107,486,0,NULL,1107,3,40732,38591,57,12010,2,0,'2021-11-17','2021-11-17',26057.00,1,1.00,'Factura C N°: 0057-04497928',NULL,NULL,'2021-12-14 11:52:14','2021-12-14 11:52:14',NULL),(1108,486,0,NULL,1108,3,40732,40812,57,12010,2,0,'2021-11-19','2021-11-19',3862.64,1,1.00,'Factura A N°: 0016-00177085',NULL,NULL,'2021-12-14 11:52:14','2021-12-14 11:52:14',NULL),(1109,486,0,NULL,1109,3,40732,40826,57,12010,2,0,'2021-11-21','2021-11-21',5529.86,1,1.00,'Factura B N°: 0003-00007502',NULL,NULL,'2021-12-14 11:52:14','2021-12-14 11:52:14',NULL),(1110,486,0,NULL,1110,3,40732,40787,57,12010,2,0,'2021-11-24','2021-11-24',26959.78,1,1.00,'Factura A N°: 0004-00093797',NULL,NULL,'2021-12-14 11:52:14','2021-12-14 11:52:14',NULL),(1111,486,0,NULL,1111,3,40732,40832,57,12010,2,0,'2021-11-24','2021-11-24',5340.11,1,1.00,'Factura B N°: 0006-00023710',NULL,NULL,'2021-12-14 11:52:14','2021-12-14 11:52:14',NULL),(1112,486,0,NULL,1112,3,40732,40778,57,12010,2,0,'2021-11-24','2021-11-24',23284.70,1,1.00,'Factura A N°: 0007-00102598',NULL,NULL,'2021-12-14 11:52:14','2021-12-14 11:52:14',NULL),(1113,486,0,NULL,1113,3,40732,40779,57,12010,2,0,'2021-11-24','2021-11-24',2041.41,1,1.00,'Factura A N°: 5243-01033969',NULL,NULL,'2021-12-14 11:52:14','2021-12-14 11:52:14',NULL),(1114,486,0,NULL,1114,3,40732,40776,57,12010,2,0,'2021-11-25','2021-11-25',161.92,1,1.00,'Nota de débito B N°: 0035-00073313',NULL,NULL,'2021-12-14 11:52:14','2021-12-14 11:52:14',NULL),(1115,486,0,NULL,1115,3,40732,40728,57,12010,2,0,'2021-11-26','2021-11-26',2015.99,1,1.00,'Factura A N°: 0037-00009553',NULL,NULL,'2021-12-14 11:52:14','2021-12-14 11:52:14',NULL),(1116,486,0,NULL,1116,3,40732,40832,57,12010,2,0,'2021-11-27','2021-11-27',10680.22,1,1.00,'Factura B N°: 0006-00023734',NULL,NULL,'2021-12-14 11:52:14','2021-12-14 11:52:14',NULL),(1117,486,0,NULL,1117,2,40717,40736,13,28,1,0,'2021-11-30','2021-11-30',1800.00,1,1.00,'Factura C N°: 0001-00000048',NULL,NULL,'2021-12-15 22:54:09','2021-12-15 22:54:09',NULL),(1118,486,0,NULL,1118,3,40717,2648,57,28,2,0,'2021-11-01','2021-11-01',15164.00,1,1.00,'Factura C N°: 0100-00911065',NULL,NULL,'2021-12-15 22:54:15','2021-12-15 22:54:15',NULL),(1119,486,0,NULL,1119,3,40717,40766,57,28,2,0,'2021-11-30','2021-11-30',2500.01,1,1.00,'Factura B N°: 0001-00001686',NULL,NULL,'2021-12-15 22:54:15','2021-12-15 22:54:15',NULL),(1120,486,0,NULL,1120,3,40792,40812,57,14875,2,0,'2021-11-03','2021-11-03',5524.87,1,1.00,'Factura A N°: 0016-00173178',NULL,NULL,'2021-12-15 23:12:38','2021-12-15 23:12:38',NULL),(1121,486,0,NULL,1121,3,40792,40810,57,14875,2,0,'2021-11-04','2021-11-04',6741.67,1,1.00,'Factura A N°: 0006-00325640',NULL,NULL,'2021-12-15 23:12:38','2021-12-15 23:12:38',NULL),(1122,486,0,NULL,1122,3,40792,40812,57,14875,2,0,'2021-11-10','2021-11-10',4291.14,1,1.00,'Factura A N°: 0016-00174804',NULL,NULL,'2021-12-15 23:12:38','2021-12-15 23:12:38',NULL);
INSERT INTO `cta_cte_cliente` VALUES (1123,486,0,NULL,1123,3,40792,40812,57,14875,2,0,'2021-11-13','2021-11-13',9901.64,1,1.00,'Factura A N°: 0016-00175727',NULL,NULL,'2021-12-15 23:12:38','2021-12-15 23:12:38',NULL),(1124,486,0,NULL,1124,3,40792,40856,57,14875,2,0,'2021-11-17','2021-11-17',17041.00,1,1.00,'Factura B N°: 0004-00012315',NULL,NULL,'2021-12-15 23:12:38','2021-12-15 23:12:38',NULL),(1125,486,0,NULL,1125,3,40792,40812,57,14875,2,0,'2021-11-17','2021-11-17',5642.70,1,1.00,'Factura A N°: 0016-00176485',NULL,NULL,'2021-12-15 23:12:38','2021-12-15 23:12:38',NULL),(1126,486,0,NULL,1126,3,40792,40812,57,14875,2,0,'2021-11-24','2021-11-24',10346.54,1,1.00,'Factura A N°: 0016-00177816',NULL,NULL,'2021-12-15 23:12:39','2021-12-15 23:12:39',NULL),(1127,486,0,NULL,1127,3,40792,40810,57,14875,2,0,'2021-11-25','2021-11-25',3319.77,1,1.00,'Factura A N°: 0006-00331846',NULL,NULL,'2021-12-15 23:12:39','2021-12-15 23:12:39',NULL),(1128,486,0,NULL,1128,3,40792,40810,57,14875,2,0,'2021-11-25','2021-11-25',424.33,1,1.00,'Factura A N°: 0006-00331849',NULL,NULL,'2021-12-15 23:12:39','2021-12-15 23:12:39',NULL),(1129,486,0,NULL,1129,3,40792,40812,57,14875,2,0,'2021-11-27','2021-11-27',6012.71,1,1.00,'Factura A N°: 0016-00178607',NULL,NULL,'2021-12-15 23:12:39','2021-12-15 23:12:39',NULL),(1130,486,0,NULL,1130,2,40813,1989,13,16381,1,0,'2021-11-13','2021-11-13',2550.00,1,1.00,'Factura C N°: 0001-00000206',NULL,NULL,'2021-12-15 23:20:23','2021-12-15 23:20:23',NULL),(1131,486,0,NULL,1131,2,40813,1989,13,16381,1,0,'2021-11-13','2021-11-13',3800.00,1,1.00,'Factura C N°: 0001-00000207',NULL,NULL,'2021-12-15 23:20:23','2021-12-15 23:20:23',NULL),(1132,486,0,NULL,1132,2,40813,1989,13,16381,1,0,'2021-11-14','2021-11-14',4980.00,1,1.00,'Factura C N°: 0001-00000208',NULL,NULL,'2021-12-15 23:20:23','2021-12-15 23:20:23',NULL),(1133,486,0,NULL,1133,2,40813,1989,13,16381,1,0,'2021-11-14','2021-11-14',2467.00,1,1.00,'Factura C N°: 0001-00000209',NULL,NULL,'2021-12-15 23:20:23','2021-12-15 23:20:23',NULL),(1134,486,0,NULL,1134,2,40813,1989,13,16381,1,0,'2021-11-15','2021-11-15',3140.00,1,1.00,'Factura C N°: 0001-00000210',NULL,NULL,'2021-12-15 23:20:23','2021-12-15 23:20:23',NULL),(1135,486,0,NULL,1135,2,40813,1989,13,16381,1,0,'2021-11-16','2021-11-16',3480.00,1,1.00,'Factura C N°: 0001-00000211',NULL,NULL,'2021-12-15 23:20:23','2021-12-15 23:20:23',NULL),(1136,486,0,NULL,1136,2,40813,1989,13,16381,1,0,'2021-11-16','2021-11-16',6450.00,1,1.00,'Factura C N°: 0001-00000212',NULL,NULL,'2021-12-15 23:20:23','2021-12-15 23:20:23',NULL),(1137,486,0,NULL,1137,2,40813,1989,13,16381,1,0,'2021-11-17','2021-11-17',5600.00,1,1.00,'Factura C N°: 0001-00000213',NULL,NULL,'2021-12-15 23:20:23','2021-12-15 23:20:23',NULL),(1138,486,0,NULL,1138,2,40813,1989,13,16381,1,0,'2021-11-18','2021-11-18',3480.00,1,1.00,'Factura C N°: 0001-00000214',NULL,NULL,'2021-12-15 23:20:23','2021-12-15 23:20:23',NULL),(1139,486,0,NULL,1139,2,40813,1989,13,16381,1,0,'2021-11-28','2021-11-28',3400.00,1,1.00,'Factura C N°: 0001-00000215',NULL,NULL,'2021-12-15 23:20:23','2021-12-15 23:20:23',NULL),(1140,486,0,NULL,1140,2,40813,1989,13,16381,1,0,'2021-11-28','2021-11-28',6800.00,1,1.00,'Factura C N°: 0001-00000216',NULL,NULL,'2021-12-15 23:20:23','2021-12-15 23:20:23',NULL),(1141,486,0,NULL,1141,2,40813,1989,13,16381,1,0,'2021-11-29','2021-11-29',2950.00,1,1.00,'Factura C N°: 0001-00000217',NULL,NULL,'2021-12-15 23:20:23','2021-12-15 23:20:23',NULL),(1142,486,0,NULL,1142,2,40813,1989,13,16381,1,0,'2021-11-29','2021-11-29',4690.00,1,1.00,'Factura C N°: 0001-00000218',NULL,NULL,'2021-12-15 23:20:23','2021-12-15 23:20:23',NULL),(1143,486,0,NULL,1143,2,40813,1989,13,16381,1,0,'2021-11-30','2021-11-30',2800.00,1,1.00,'Factura C N°: 0001-00000219',NULL,NULL,'2021-12-15 23:20:23','2021-12-15 23:20:23',NULL),(1144,486,0,NULL,1144,2,40813,1989,13,16381,1,0,'2021-11-30','2021-11-30',5470.00,1,1.00,'Factura C N°: 0001-00000220',NULL,NULL,'2021-12-15 23:20:23','2021-12-15 23:20:23',NULL);
INSERT INTO `cta_cte_cliente` VALUES (1145,486,0,NULL,1145,3,40813,40817,57,16381,2,0,'2021-11-03','2021-11-03',7980.55,1,1.00,'Factura A N°: 0026-00315256',NULL,NULL,'2021-12-15 23:20:32','2021-12-15 23:20:32',NULL),(1146,486,0,NULL,1146,3,40813,40817,57,16381,2,0,'2021-11-10','2021-11-10',10289.99,1,1.00,'Factura A N°: 0026-00316885',NULL,NULL,'2021-12-15 23:20:32','2021-12-15 23:20:32',NULL),(1147,486,0,NULL,1147,3,40813,40818,57,16381,2,0,'2021-11-11','2021-11-11',15000.02,1,1.00,'Factura A N°: 0005-00007538',NULL,NULL,'2021-12-15 23:20:32','2021-12-15 23:20:32',NULL),(1148,486,0,NULL,1148,3,40813,40803,57,16381,2,0,'2021-11-15','2021-11-15',2194.31,1,1.00,'Factura A N°: 0003-00090002',NULL,NULL,'2021-12-15 23:20:32','2021-12-15 23:20:32',NULL),(1149,486,0,NULL,1149,3,40813,40817,57,16381,2,0,'2021-11-17','2021-11-17',7425.80,1,1.00,'Factura A N°: 0026-00318556',NULL,NULL,'2021-12-15 23:20:32','2021-12-15 23:20:32',NULL),(1150,486,0,NULL,1150,3,40813,40818,57,16381,2,0,'2021-11-22','2021-11-22',20000.04,1,1.00,'Factura A N°: 0005-00007598',NULL,NULL,'2021-12-15 23:20:32','2021-12-15 23:20:32',NULL),(1151,486,0,NULL,1151,3,40813,40802,57,16381,2,0,'2021-11-24','2021-11-24',108500.00,1,1.00,'Factura B N°: 0006-00008753',NULL,NULL,'2021-12-15 23:20:32','2021-12-15 23:20:32',NULL),(1152,486,0,NULL,1152,3,40813,40817,57,16381,2,0,'2021-11-24','2021-11-24',4990.12,1,1.00,'Factura A N°: 0026-00320083',NULL,NULL,'2021-12-15 23:20:32','2021-12-15 23:20:32',NULL),(1153,486,0,NULL,1153,3,40813,40728,57,16381,2,0,'2021-11-26','2021-11-26',1640.00,1,1.00,'Factura B N°: 0017-00534788',NULL,NULL,'2021-12-15 23:20:32','2021-12-15 23:20:32',NULL),(1154,486,0,NULL,1154,3,40813,40728,57,16381,2,0,'2021-11-26','2021-11-26',1517.00,1,1.00,'Factura B N°: 0037-00578257',NULL,NULL,'2021-12-15 23:20:32','2021-12-15 23:20:32',NULL),(1155,486,0,NULL,1155,3,40813,40728,57,16381,2,0,'2021-11-26','2021-11-26',1663.00,1,1.00,'Factura B N°: 0037-00578258',NULL,NULL,'2021-12-15 23:20:32','2021-12-15 23:20:32',NULL),(1156,486,0,NULL,1156,3,40813,40803,57,16381,2,0,'2021-11-30','2021-11-30',4209.90,1,1.00,'Factura A N°: 0003-00098194',NULL,NULL,'2021-12-15 23:20:32','2021-12-15 23:20:32',NULL),(1157,486,0,NULL,1157,2,40726,1989,13,9096,1,0,'2021-11-01','2021-11-01',3000.00,1,1.00,'Factura C N°: 0002-00000160',NULL,NULL,'2021-12-15 23:43:09','2021-12-15 23:43:09',NULL),(1158,486,0,NULL,1158,2,40726,1989,13,9096,1,0,'2021-11-03','2021-11-03',3000.00,1,1.00,'Factura C N°: 0002-00000161',NULL,NULL,'2021-12-15 23:43:09','2021-12-15 23:43:09',NULL),(1159,486,0,NULL,1159,2,40726,1989,13,9096,1,0,'2021-11-05','2021-11-05',2200.00,1,1.00,'Factura C N°: 0002-00000162',NULL,NULL,'2021-12-15 23:43:09','2021-12-15 23:43:09',NULL),(1160,486,0,NULL,1160,2,40726,1989,13,9096,1,0,'2021-11-06','2021-11-06',3600.00,1,1.00,'Factura C N°: 0002-00000163',NULL,NULL,'2021-12-15 23:43:09','2021-12-15 23:43:09',NULL),(1161,486,0,NULL,1161,2,40726,1989,13,9096,1,0,'2021-11-07','2021-11-07',3600.00,1,1.00,'Factura C N°: 0002-00000164',NULL,NULL,'2021-12-15 23:43:09','2021-12-15 23:43:09',NULL),(1162,486,0,NULL,1162,2,40726,40857,13,9096,1,0,'2021-11-09','2021-11-09',2985.00,1,1.00,'Factura C N°: 0002-00000165',NULL,NULL,'2021-12-15 23:43:09','2021-12-15 23:43:09',NULL),(1163,486,0,NULL,1163,2,40726,1989,13,9096,1,0,'2021-11-15','2021-11-15',3000.00,1,1.00,'Factura C N°: 0002-00000166',NULL,NULL,'2021-12-15 23:43:09','2021-12-15 23:43:09',NULL),(1164,486,0,NULL,1164,2,40726,1989,13,9096,1,0,'2021-11-16','2021-11-16',2200.00,1,1.00,'Factura C N°: 0002-00000167',NULL,NULL,'2021-12-15 23:43:09','2021-12-15 23:43:09',NULL),(1165,486,0,NULL,1165,2,40726,1989,13,9096,1,0,'2021-11-17','2021-11-17',3000.00,1,1.00,'Factura C N°: 0002-00000168',NULL,NULL,'2021-12-15 23:43:09','2021-12-15 23:43:09',NULL),(1166,486,0,NULL,1166,2,40726,1989,13,9096,1,0,'2021-11-18','2021-11-18',1000.00,1,1.00,'Factura C N°: 0002-00000169',NULL,NULL,'2021-12-15 23:43:09','2021-12-15 23:43:09',NULL);
