-- Table structure for table `calendar_emails_telefonos`
--

CREATE TABLE `calendar_emails_telefonos` (
  `id` bigint(20) unsigned NOT NULL AUTO_INCREMENT,
  `user_id` int(10) unsigned DEFAULT NULL,
  `calendar_id` bigint(20) unsigned NOT NULL,
  `email` text COLLATE utf8mb4_unicode_ci,
  `celular` text COLLATE utf8mb4_unicode_ci,
  `created_at` timestamp NULL DEFAULT NULL,
  `updated_at` timestamp NULL DEFAULT NULL,
  `deleted_at` timestamp NULL DEFAULT NULL,
  PRIMARY KEY (`id`),
  KEY `calendar_emails_telefonos_calendar_id_foreign` (`calendar_id`),
  CONSTRAINT `calendar_emails_telefonos_calendar_id_foreign` FOREIGN KEY (`calendar_id`) REFERENCES `calendar` (`id`)
) ENGINE=InnoDB DEFAULT CHARSET=utf8mb4 COLLATE=utf8mb4_unicode_ci;

--
-- Dumping data for table `calendar_emails_telefonos`
--


--
-- Table structure for table `calendar_files`
--

CREATE TABLE `calendar_files` (
  `id` bigint(20) unsigned NOT NULL AUTO_INCREMENT,
  `user_id` int(10) unsigned DEFAULT NULL,
  `calendar_id` bigint(20) unsigned NOT NULL,
  `path` text COLLATE utf8mb4_unicode_ci NOT NULL,
  `original_name` text COLLATE utf8mb4_unicode_ci NOT NULL,
  `created_at` timestamp NULL DEFAULT NULL,
  `updated_at` timestamp NULL DEFAULT NULL,
  `deleted_at` timestamp NULL DEFAULT NULL,
  PRIMARY KEY (`id`),
  KEY `calendar_files_calendar_id_foreign` (`calendar_id`),
  CONSTRAINT `calendar_files_calendar_id_foreign` FOREIGN KEY (`calendar_id`) REFERENCES `calendar` (`id`)
) ENGINE=InnoDB DEFAULT CHARSET=utf8mb4 COLLATE=utf8mb4_unicode_ci;

--
-- Dumping data for table `calendar_files`
--


--
-- Table structure for table `calendar_niv_1`
--

CREATE TABLE `calendar_niv_1` (
  `id` bigint(20) unsigned NOT NULL AUTO_INCREMENT,
  `user_id` int(10) unsigned DEFAULT NULL,
  `person_id` int(10) unsigned NOT NULL,
  `descripcion` longtext COLLATE utf8mb4_unicode_ci,
  `detalle` text COLLATE utf8mb4_unicode_ci,
  `habilitado` tinyint(1) NOT NULL DEFAULT '1',
  `created_at` timestamp NULL DEFAULT NULL,
  `updated_at` timestamp NULL DEFAULT NULL,
  `deleted_at` timestamp NULL DEFAULT NULL,
  PRIMARY KEY (`id`),
  KEY `calendar_niv_1_person_id_foreign` (`person_id`),
  CONSTRAINT `calendar_niv_1_person_id_foreign` FOREIGN KEY (`person_id`) REFERENCES `persons` (`id`)
) ENGINE=InnoDB DEFAULT CHARSET=utf8mb4 COLLATE=utf8mb4_unicode_ci;

--
-- Dumping data for table `calendar_niv_1`
--


--
-- Table structure for table `calendar_niv_1_2`
--

CREATE TABLE `calendar_niv_1_2` (
  `id` bigint(20) unsigned NOT NULL AUTO_INCREMENT,
  `user_id` int(10) unsigned DEFAULT NULL,
  `person_id` int(10) unsigned NOT NULL,
  `calendar_niv_1_id` bigint(20) unsigned NOT NULL,
  `calendar_niv_2_id` bigint(20) unsigned NOT NULL,
  `created_at` timestamp NULL DEFAULT NULL,
  `updated_at` timestamp NULL DEFAULT NULL,
  `deleted_at` timestamp NULL DEFAULT NULL,
  PRIMARY KEY (`id`),
  KEY `calendar_niv_1_2_person_id_foreign` (`person_id`),
  KEY `calendar_niv_1_2_calendar_niv_1_id_foreign` (`calendar_niv_1_id`),
  KEY `calendar_niv_1_2_calendar_niv_2_id_foreign` (`calendar_niv_2_id`),
  CONSTRAINT `calendar_niv_1_2_calendar_niv_1_id_foreign` FOREIGN KEY (`calendar_niv_1_id`) REFERENCES `calendar_niv_1` (`id`),
  CONSTRAINT `calendar_niv_1_2_calendar_niv_2_id_foreign` FOREIGN KEY (`calendar_niv_2_id`) REFERENCES `calendar_niv_2` (`id`),
  CONSTRAINT `calendar_niv_1_2_person_id_foreign` FOREIGN KEY (`person_id`) REFERENCES `persons` (`id`)
) ENGINE=InnoDB DEFAULT CHARSET=utf8mb4 COLLATE=utf8mb4_unicode_ci;

--
-- Dumping data for table `calendar_niv_1_2`
--


--
-- Table structure for table `calendar_niv_2`
--

CREATE TABLE `calendar_niv_2` (
  `id` bigint(20) unsigned NOT NULL AUTO_INCREMENT,
  `user_id` int(10) unsigned DEFAULT NULL,
  `person_id` int(10) unsigned NOT NULL,
  `descripcion` longtext COLLATE utf8mb4_unicode_ci,
  `detalle` text COLLATE utf8mb4_unicode_ci,
  `habilitado` tinyint(1) NOT NULL DEFAULT '1',
  `created_at` timestamp NULL DEFAULT NULL,
  `updated_at` timestamp NULL DEFAULT NULL,
  `deleted_at` timestamp NULL DEFAULT NULL,
  PRIMARY KEY (`id`),
  KEY `calendar_niv_2_person_id_foreign` (`person_id`),
  CONSTRAINT `calendar_niv_2_person_id_foreign` FOREIGN KEY (`person_id`) REFERENCES `persons` (`id`)
) ENGINE=InnoDB DEFAULT CHARSET=utf8mb4 COLLATE=utf8mb4_unicode_ci;

--
-- Dumping data for table `calendar_niv_2`
--


--
-- Table structure for table `calendar_notificaciones`
--

CREATE TABLE `calendar_notificaciones` (
  `id` bigint(20) unsigned NOT NULL AUTO_INCREMENT,
  `user_id` int(10) unsigned DEFAULT NULL,
  `calendar_id` bigint(20) unsigned NOT NULL,
  `start` datetime DEFAULT NULL,
  `tipo_de_notificacion_id` int(10) unsigned NOT NULL,
  `cantidad` int(10) unsigned NOT NULL,
  `unidad_de_tiempo_id` int(10) unsigned NOT NULL,
  `created_at` timestamp NULL DEFAULT NULL,
  `updated_at` timestamp NULL DEFAULT NULL,
  `deleted_at` timestamp NULL DEFAULT NULL,
  PRIMARY KEY (`id`),
  KEY `calendar_notificaciones_calendar_id_foreign` (`calendar_id`),
  CONSTRAINT `calendar_notificaciones_calendar_id_foreign` FOREIGN KEY (`calendar_id`) REFERENCES `calendar` (`id`)
) ENGINE=InnoDB DEFAULT CHARSET=utf8mb4 COLLATE=utf8mb4_unicode_ci;

--
-- Dumping data for table `calendar_notificaciones`
--


--
-- Table structure for table `calendar_tur_dispo`
--

CREATE TABLE `calendar_tur_dispo` (
  `id` bigint(20) unsigned NOT NULL AUTO_INCREMENT,
  `user_id` int(10) unsigned DEFAULT NULL,
  `person_id` int(10) unsigned NOT NULL,
  `calendar_niv_1_id` bigint(20) unsigned NOT NULL,
  `calendar_niv_2_id` bigint(20) unsigned NOT NULL,
  `dia_hora` datetime(5) DEFAULT NULL,
  `duracion` varchar(191) COLLATE utf8mb4_unicode_ci NOT NULL DEFAULT '00:30',
  `created_at` timestamp NULL DEFAULT NULL,
  `updated_at` timestamp NULL DEFAULT NULL,
  `deleted_at` timestamp NULL DEFAULT NULL,
  PRIMARY KEY (`id`),
  KEY `calendar_tur_dispo_person_id_foreign` (`person_id`),
  KEY `calendar_tur_dispo_calendar_niv_1_id_foreign` (`calendar_niv_1_id`),
  KEY `calendar_tur_dispo_calendar_niv_2_id_foreign` (`calendar_niv_2_id`),
  CONSTRAINT `calendar_tur_dispo_calendar_niv_1_id_foreign` FOREIGN KEY (`calendar_niv_1_id`) REFERENCES `calendar_niv_1` (`id`),
  CONSTRAINT `calendar_tur_dispo_calendar_niv_2_id_foreign` FOREIGN KEY (`calendar_niv_2_id`) REFERENCES `calendar_niv_2` (`id`),
  CONSTRAINT `calendar_tur_dispo_person_id_foreign` FOREIGN KEY (`person_id`) REFERENCES `persons` (`id`)
) ENGINE=InnoDB DEFAULT CHARSET=utf8mb4 COLLATE=utf8mb4_unicode_ci;

--
-- Dumping data for table `calendar_tur_dispo`
--


--
-- Table structure for table `calendar_tur_dispo_datos`
--

CREATE TABLE `calendar_tur_dispo_datos` (
  `id` bigint(20) unsigned NOT NULL AUTO_INCREMENT,
  `user_id` int(10) unsigned DEFAULT NULL,
  `person_id` int(10) unsigned NOT NULL,
  `calendar_tur_dispo_id` bigint(20) unsigned NOT NULL,
  `email` text COLLATE utf8mb4_unicode_ci NOT NULL,
  `nombre_ape` text COLLATE utf8mb4_unicode_ci NOT NULL,
  `celular` text COLLATE utf8mb4_unicode_ci NOT NULL,
  `created_at` timestamp NULL DEFAULT NULL,
  `updated_at` timestamp NULL DEFAULT NULL,
  `deleted_at` timestamp NULL DEFAULT NULL,
  PRIMARY KEY (`id`),
  KEY `calendar_tur_dispo_datos_person_id_foreign` (`person_id`),
  KEY `calendar_tur_dispo_datos_calendar_tur_dispo_id_foreign` (`calendar_tur_dispo_id`),
  CONSTRAINT `calendar_tur_dispo_datos_calendar_tur_dispo_id_foreign` FOREIGN KEY (`calendar_tur_dispo_id`) REFERENCES `calendar_tur_dispo` (`id`),
  CONSTRAINT `calendar_tur_dispo_datos_person_id_foreign` FOREIGN KEY (`person_id`) REFERENCES `persons` (`id`)
) ENGINE=InnoDB DEFAULT CHARSET=utf8mb4 COLLATE=utf8mb4_unicode_ci;

--
-- Dumping data for table `calendar_tur_dispo_datos`
--


--
-- Table structure for table `calle`
--

CREATE TABLE `calle` (
  `id` int(10) unsigned NOT NULL AUTO_INCREMENT,
  `user_id` int(10) unsigned DEFAULT NULL,
  `localidad_id` int(10) unsigned NOT NULL,
  `descripcion` varchar(191) COLLATE utf8mb4_unicode_ci NOT NULL,
  `desdealt` int(10) unsigned DEFAULT NULL,
  `hastaalt` int(10) unsigned DEFAULT NULL,
  `codpostal` int(10) unsigned DEFAULT NULL,
  `habilitado` tinyint(1) NOT NULL DEFAULT '1',
  `created_at` timestamp NULL DEFAULT NULL,
  `updated_at` timestamp NULL DEFAULT NULL,
  `deleted_at` timestamp NULL DEFAULT NULL,
  PRIMARY KEY (`id`),
  KEY `calle_localidad_id_foreign` (`localidad_id`),
  CONSTRAINT `calle_localidad_id_foreign` FOREIGN KEY (`localidad_id`) REFERENCES `localidad` (`id`)
) ENGINE=InnoDB AUTO_INCREMENT=2 DEFAULT CHARSET=utf8mb4 COLLATE=utf8mb4_unicode_ci;

--
-- Dumping data for table `calle`
--

INSERT INTO `calle` VALUES (1,NULL,1,'Ramon Falcon',6800,7500,1408,1,'2020-05-28 20:55:23','2020-05-28 20:55:23',NULL);

--
-- Table structure for table `categorias_iibb`
--

CREATE TABLE `categorias_iibb` (
  `id` int(10) unsigned NOT NULL AUTO_INCREMENT,
  `categoria` varchar(255) COLLATE utf8mb4_unicode_ci DEFAULT NULL,
  `impuesto` decimal(16,2) DEFAULT NULL,
  `anual` decimal(16,2) DEFAULT NULL,
  `facAnual` decimal(16,2) DEFAULT NULL,
  `superficie` int(11) DEFAULT NULL,
  `energia` int(11) DEFAULT NULL,
  `comentario` varchar(255) COLLATE utf8mb4_unicode_ci DEFAULT NULL,
  `vigente` varchar(255) COLLATE utf8mb4_unicode_ci NOT NULL DEFAULT '1',
  `created_at` timestamp NULL DEFAULT NULL,
  `updated_at` timestamp NULL DEFAULT NULL,
  `deleted_at` timestamp NULL DEFAULT NULL,
  PRIMARY KEY (`id`)
) ENGINE=InnoDB AUTO_INCREMENT=9 DEFAULT CHARSET=utf8mb4 COLLATE=utf8mb4_unicode_ci;

--
-- Dumping data for table `categorias_iibb`
--

INSERT INTO `categorias_iibb` VALUES (1,'A',1850.00,11100.00,370000.00,30,3300,NULL,'1',NULL,'2022-10-23 23:29:42',NULL),(2,'B',2750.00,16500.00,550000.00,45,5000,NULL,'1',NULL,'2022-10-23 23:29:42',NULL),(3,'C',3850.00,23100.00,770000.00,60,6700,NULL,'1',NULL,'2022-10-23 23:29:42',NULL),(4,'D',5300.00,31800.00,1060000.00,85,10000,NULL,'1',NULL,'2022-10-23 23:29:42',NULL),(5,'E',7000.00,42000.00,1400000.00,110,13000,NULL,'1',NULL,'2022-10-23 23:29:42',NULL),(6,'F',8750.00,52500.00,1750000.00,150,16500,NULL,'1',NULL,'2022-10-23 23:29:42',NULL),(7,'G',10500.00,63000.00,2100000.00,200,20000,NULL,'1',NULL,'2022-10-23 23:29:42',NULL),(8,'H',13000.00,78000.00,2600000.00,200,20000,NULL,'1',NULL,'2022-10-23 23:29:42',NULL);

--
-- Table structure for table `categorias_monotributo`
--

CREATE TABLE `categorias_monotributo` (
  `id` int(10) unsigned NOT NULL AUTO_INCREMENT,
  `categoria` varchar(255) COLLATE utf8mb4_unicode_ci DEFAULT NULL,
  `facAnual` decimal(16,2) DEFAULT NULL,
  `facMensual` decimal(16,2) DEFAULT NULL,
  `actividad` varchar(255) COLLATE utf8mb4_unicode_ci DEFAULT NULL,
  `empleados` varchar(255) COLLATE utf8mb4_unicode_ci DEFAULT NULL,
  `superficie` int(11) DEFAULT NULL,
  `energia` int(11) DEFAULT NULL,
  `alquileres` decimal(16,2) DEFAULT NULL,
  `impuesto_servicio` decimal(16,2) DEFAULT NULL,
  `impuesto_venta` decimal(16,2) DEFAULT NULL,
  `sipa` decimal(16,2) DEFAULT NULL,
  `obraSocial` decimal(16,2) DEFAULT NULL,
  `totalServicio` decimal(16,2) DEFAULT NULL,
  `totalVenta` decimal(16,2) DEFAULT NULL,
  `comentario` varchar(255) COLLATE utf8mb4_unicode_ci DEFAULT NULL,
  `desde` date DEFAULT NULL,
  `hasta` date DEFAULT NULL,
  `vigente` varchar(255) COLLATE utf8mb4_unicode_ci NOT NULL DEFAULT '0',
  `created_at` timestamp NULL DEFAULT NULL,
  `updated_at` timestamp NULL DEFAULT NULL,
  `deleted_at` timestamp NULL DEFAULT NULL,
  PRIMARY KEY (`id`)
) ENGINE=InnoDB AUTO_INCREMENT=15 DEFAULT CHARSET=utf8mb4 COLLATE=utf8mb4_unicode_ci;

--
-- Dumping data for table `categorias_monotributo`
--

INSERT INTO `categorias_monotributo` VALUES (1,'A',8992597.87,749383.16,'No Excluida','0',30,3330,2091301.83,4182.60,4182.60,13663.17,19239.97,37085.74,37085.74,NULL,'2018-01-01',NULL,'1',NULL,NULL,NULL),(2,'B',13175201.52,1097933.46,'No Excluida','0',45,5000,2091301.83,7946.95,7946.95,15029.49,19239.97,42216.41,42216.41,NULL,'2018-01-01',NULL,'1',NULL,NULL,NULL),(3,'C',18473166.15,1539430.51,'No Excluida','0',60,6700,2858112.50,13663.17,12547.81,16532.44,19239.97,49435.58,48320.22,NULL,'2018-01-01',NULL,'1',NULL,NULL,NULL),(4,'D',22934610.05,1911217.50,'No Excluida','0',85,10000,2858112.50,22307.22,20773.60,18185.68,22864.90,63357.80,61824.18,NULL,'2018-01-01',NULL,'1',NULL,NULL,NULL),(5,'E',26977793.60,2248149.47,'No Excluida','0',110,13000,3624923.17,41826.04,33181.99,20004.25,27884.02,89714.31,81070.26,NULL,'2018-01-01',NULL,'1',NULL,NULL,NULL),(6,'F',33809379.57,2817448.30,'No Excluida','0',150,16500,3624923.17,58835.29,43220.24,22004.67,32066.63,112906.59,97291.54,NULL,'2018-01-01',NULL,'1',NULL,NULL,NULL),(7,'G',40431835.35,3369319.61,'No Excluida','0',200,20000,4322023.77,107074.65,53537.32,30806.54,34576.19,172457.38,118920.05,NULL,'2018-01-01',NULL,'1',NULL,NULL,NULL),(8,'H',61344853.64,5112071.14,'No Excluida','0',200,20000,6273905.49,306724.27,153362.13,43129.16,41547.19,391400.62,238038.48,NULL,'2018-01-01',NULL,'1',NULL,NULL,NULL),(9,'I',68664410.05,5722034.17,'Venta de Bs Muebles','0',200,20000,6273905.49,609963.03,243985.21,60380.82,51306.61,721650.46,355672.64,NULL,'2018-01-01',NULL,'1',NULL,NULL,NULL),(10,'J',78632948.76,6552745.73,'Venta de Bs Muebles','0',200,20000,6273905.49,731955.63,292782.26,84533.15,57580.51,874069.29,434895.92,NULL,'2018-01-01',NULL,'1',NULL,NULL,NULL),(11,'K',94805682.90,7900473.58,'Venta de Bs Muebles','0',200,20000,6273905.49,1024737.89,341579.30,118346.41,65806.30,1208890.60,525732.01,NULL,'2018-01-01',NULL,'1',NULL,NULL,NULL),(12,'Monotributo Social',1414762.00,117896.00,'No Excluida','0',0,0,0.00,0.00,0.00,0.00,0.00,0.00,0.00,NULL,'2018-01-01',NULL,'1','2020-02-27 02:46:40','2020-02-27 02:46:40',NULL),(13,'A Exento',1414762.00,117896.00,NULL,NULL,NULL,NULL,230178.48,0.00,0.00,2192.15,3061.75,5253.90,5253.90,'',NULL,NULL,'0',NULL,NULL,NULL),(14,'B Exento',2103025.00,175252.00,NULL,NULL,NULL,NULL,230178.48,0.00,0.00,2411.36,3061.75,5473.11,5473.11,'',NULL,NULL,'0',NULL,NULL,NULL);

--
-- Table structure for table `charlas_details`
--

CREATE TABLE `charlas_details` (
  `id` int(10) unsigned NOT NULL AUTO_INCREMENT,
  `user_id` int(10) unsigned DEFAULT NULL,
  `charla` longtext COLLATE utf8mb4_unicode_ci NOT NULL,
  `person_id` int(10) unsigned NOT NULL,
  `status` int(10) unsigned NOT NULL DEFAULT '1',
  `created_at` timestamp NULL DEFAULT NULL,
  `updated_at` timestamp NULL DEFAULT NULL,
  `deleted_at` timestamp NULL DEFAULT NULL,
  PRIMARY KEY (`id`),
  KEY `charlas_details_person_id_foreign` (`person_id`),
  CONSTRAINT `charlas_details_person_id_foreign` FOREIGN KEY (`person_id`) REFERENCES `persons` (`id`)
) ENGINE=InnoDB AUTO_INCREMENT=28 DEFAULT CHARSET=utf8mb4 COLLATE=utf8mb4_unicode_ci;

--
-- Dumping data for table `charlas_details`
--

INSERT INTO `charlas_details` VALUES (16,333,'2021- alicuota caba 3%',40819,1,'2021-11-23 13:19:01','2021-11-23 13:19:01',NULL),(23,333,'2021: 702099 Servicios de asesoramiento, dirección y\r\ngestión empresarial n.c.p. 3,00%',40725,1,'2022-09-13 08:42:07','2022-09-13 08:42:07',NULL),(25,333,'03/02/2021 Debe impuestos del 2020 y autonomo , hable c ceci q avise cuand pago',40804,1,'2022-11-11 00:18:31','2022-11-11 00:18:31',NULL),(26,333,'FALTA CONTRATO NUEVO ALQUILER',40719,1,'2023-04-26 09:35:11','2023-04-26 09:35:11',NULL),(27,333,'2021: 561012 Servicios de restaurantes y cantinas con\r\nespectáculo 3,00%\r\n561011 Servicios de restaurantes y cantinas sin\r\nespectáculo 3,00%',40818,1,'2023-08-06 10:37:06','2023-08-06 10:37:06',NULL);
DELIMITER ;;
/*!50003 CREATE*/ /*!50017 DEFINER=`forge`@`%`*/ /*!50003 TRIGGER `CharlaDetail_BD` BEFORE DELETE ON `charlas_details` FOR EACH ROW insert into back_up_charlas_details (charla,person_id,modificado)
values(old.charla,old.person_id,now()) */;;
DELIMITER ;

--
-- Table structure for table `chequeras_tipos`
--

CREATE TABLE `chequeras_tipos` (
  `id` int(10) unsigned NOT NULL AUTO_INCREMENT,
  `user_id` int(10) unsigned DEFAULT NULL,
  `descripcion` text COLLATE utf8mb4_unicode_ci NOT NULL,
  `habilitado` tinyint(1) NOT NULL DEFAULT '1',
  `created_at` timestamp NULL DEFAULT NULL,
  `updated_at` timestamp NULL DEFAULT NULL,
  `deleted_at` timestamp NULL DEFAULT NULL,
  PRIMARY KEY (`id`)
) ENGINE=InnoDB AUTO_INCREMENT=4 DEFAULT CHARSET=utf8mb4 COLLATE=utf8mb4_unicode_ci;

--
-- Dumping data for table `chequeras_tipos`
--

INSERT INTO `chequeras_tipos` VALUES (1,NULL,'Fisica',1,NULL,NULL,NULL),(2,NULL,'Electronica',1,NULL,NULL,NULL),(3,NULL,'Transferencias',1,NULL,NULL,NULL);

--
-- Table structure for table `cheques_transfer_emitidas`
--

CREATE TABLE `cheques_transfer_emitidas` (
  `id` bigint(20) unsigned NOT NULL AUTO_INCREMENT,
  `user_id` int(10) unsigned DEFAULT NULL,
  `person_id` int(10) unsigned NOT NULL,
  `cta_cte_cliente_detail_id` int(10) unsigned DEFAULT NULL,
  `cta_cte_tesoreria_detail_id` int(10) unsigned DEFAULT NULL,
  `cta_cte_tesoreria_cuenta_id` int(10) unsigned NOT NULL,
  `cta_cte_tesoreria_banco_cheq_id` int(10) unsigned NOT NULL,
  `fecha_emision` date NOT NULL,
  `fecha_cobro` date NOT NULL,
  `numero_cheque` int(11) NOT NULL,
  `importe` decimal(16,2) NOT NULL DEFAULT '0.00',
  `created_at` timestamp NULL DEFAULT NULL,
  `updated_at` timestamp NULL DEFAULT NULL,
  `deleted_at` timestamp NULL DEFAULT NULL,
  PRIMARY KEY (`id`),
  KEY `cheques_transfer_emitidas_person_id_foreign` (`person_id`),
  KEY `cheques_transfer_emitidas_cta_cte_cliente_detail_id_foreign` (`cta_cte_cliente_detail_id`),
  KEY `cheques_transfer_emitidas_cta_cte_tesoreria_detail_id_foreign` (`cta_cte_tesoreria_detail_id`),
  KEY `cheques_transfer_emitidas_cta_cte_tesoreria_cuenta_id_foreign` (`cta_cte_tesoreria_cuenta_id`),
  KEY `cte_tes_ban_che_id_foreign` (`cta_cte_tesoreria_banco_cheq_id`),
  CONSTRAINT `cheques_transfer_emitidas_cta_cte_cliente_detail_id_foreign` FOREIGN KEY (`cta_cte_cliente_detail_id`) REFERENCES `cta_cte_cliente_details` (`id`),
  CONSTRAINT `cheques_transfer_emitidas_cta_cte_tesoreria_cuenta_id_foreign` FOREIGN KEY (`cta_cte_tesoreria_cuenta_id`) REFERENCES `cta_cte_tesoreria_cuentas` (`id`),
  CONSTRAINT `cheques_transfer_emitidas_cta_cte_tesoreria_detail_id_foreign` FOREIGN KEY (`cta_cte_tesoreria_detail_id`) REFERENCES `cta_cte_tesoreria_detail` (`id`),
  CONSTRAINT `cheques_transfer_emitidas_person_id_foreign` FOREIGN KEY (`person_id`) REFERENCES `persons` (`id`),
  CONSTRAINT `cte_tes_ban_che_id_foreign` FOREIGN KEY (`cta_cte_tesoreria_banco_cheq_id`) REFERENCES `cta_cte_tesoreria_banco_cheq` (`id`)
) ENGINE=InnoDB DEFAULT CHARSET=utf8mb4 COLLATE=utf8mb4_unicode_ci;

--
-- Dumping data for table `cheques_transfer_emitidas`
--


--
-- Table structure for table `claves`
--

CREATE TABLE `claves` (
  `id` int(10) unsigned NOT NULL AUTO_INCREMENT,
  `user_id` int(10) unsigned DEFAULT NULL,
  `name` varchar(255) COLLATE utf8mb4_unicode_ci NOT NULL,
  `created_at` timestamp NULL DEFAULT NULL,
  `updated_at` timestamp NULL DEFAULT NULL,
  `deleted_at` timestamp NULL DEFAULT NULL,
  PRIMARY KEY (`id`)
) ENGINE=InnoDB AUTO_INCREMENT=44 DEFAULT CHARSET=utf8mb4 COLLATE=utf8mb4_unicode_ci;

--
-- Dumping data for table `claves`
--

INSERT INTO `claves` VALUES (1,NULL,'Clave Fiscal',NULL,NULL,NULL),(2,NULL,'Clave Ciudad',NULL,NULL,NULL),(3,NULL,'Clave ARBA',NULL,NULL,NULL),(4,NULL,'Clave ANSES',NULL,NULL,NULL),(5,NULL,'Catedral',NULL,NULL,NULL),(6,NULL,'CEMIBA',NULL,NULL,NULL),(7,NULL,'COMPRA ARG',NULL,NULL,NULL),(8,NULL,'Consejo Ciencias Economicas',NULL,NULL,NULL),(9,NULL,'Correo',NULL,NULL,NULL),(10,NULL,'CUR',NULL,NULL,NULL),(11,NULL,'Firma Digital',NULL,NULL,NULL),(12,NULL,'Interbanking',NULL,NULL,NULL),(13,NULL,'Banco Citibank',NULL,NULL,NULL),(14,NULL,'Banco Ciudad',NULL,NULL,NULL),(15,NULL,'Banco Frances',NULL,NULL,NULL),(16,NULL,'Banco Galicia',NULL,NULL,NULL),(17,NULL,'Banco HSBC',NULL,NULL,NULL),(18,NULL,'Banco Itau',NULL,NULL,NULL),(19,NULL,'Banco Nacion',NULL,NULL,NULL),(20,NULL,'Banco Macro',NULL,NULL,NULL),(21,NULL,'Banco Patagonia',NULL,NULL,NULL),(22,NULL,'Banco Provincia',NULL,NULL,NULL),(23,NULL,'Banco Santander',NULL,NULL,NULL),(24,NULL,'Banco Supervielle',NULL,NULL,NULL),(25,NULL,'Seguridad e Higiene',NULL,NULL,NULL),(26,NULL,'Sindicato - ANSES',NULL,NULL,NULL),(27,NULL,'Sindicato - AOT',NULL,NULL,NULL),(28,NULL,'Sindicato - ATSA',NULL,NULL,NULL),(29,NULL,'Sindicato - Camioneros',NULL,NULL,NULL),(30,NULL,'Sindicato - Guinchero',NULL,NULL,NULL),(31,NULL,'Sindicato - IERIC',NULL,NULL,NULL),(32,NULL,'Sindicato - La Estrella',NULL,NULL,NULL),(33,NULL,'Sindicato - Nemesis',NULL,NULL,NULL),(34,NULL,'Sindicato - Pasta',NULL,NULL,NULL),(35,NULL,'Sindicato - SEC',NULL,NULL,NULL),(36,NULL,'Sindicato - SICOP',NULL,NULL,NULL),(37,NULL,'Sindicato - SOCAYA',NULL,NULL,NULL),(38,NULL,'Sindicato - UTHGRA',NULL,NULL,NULL),(39,NULL,'Sindicato - INACAP',NULL,NULL,NULL),(40,NULL,'Sindicato - Otro',NULL,NULL,NULL),(41,NULL,'Otra',NULL,NULL,NULL),(42,NULL,'Prisma - Firma Digital',NULL,NULL,NULL),(43,NULL,'Sindicato - FATSA',NULL,NULL,NULL);

--
-- Table structure for table `claves_details`
--

CREATE TABLE `claves_details` (
  `id` int(10) unsigned NOT NULL AUTO_INCREMENT,
  `user_id` int(10) unsigned DEFAULT NULL,
  `clave` varchar(255) COLLATE utf8mb4_unicode_ci DEFAULT NULL,
  `valor` varchar(255) COLLATE utf8mb4_unicode_ci NOT NULL,
  `comentario` varchar(255) COLLATE utf8mb4_unicode_ci DEFAULT NULL,
  `clave_id` int(10) unsigned NOT NULL,
  `person_id` int(10) unsigned NOT NULL,
  `status` int(10) unsigned NOT NULL DEFAULT '1',
  `created_at` timestamp NULL DEFAULT NULL,
  `updated_at` timestamp NULL DEFAULT NULL,
  `deleted_at` timestamp NULL DEFAULT NULL,
  PRIMARY KEY (`id`),
  KEY `claves_details_clave_id_foreign` (`clave_id`),
  KEY `claves_details_person_id_foreign` (`person_id`),
  CONSTRAINT `claves_details_clave_id_foreign` FOREIGN KEY (`clave_id`) REFERENCES `claves` (`id`),
  CONSTRAINT `claves_details_person_id_foreign` FOREIGN KEY (`person_id`) REFERENCES `persons` (`id`)
) ENGINE=InnoDB AUTO_INCREMENT=229 DEFAULT CHARSET=utf8mb4 COLLATE=utf8mb4_unicode_ci;

--
-- Dumping data for table `claves_details`
--

INSERT INTO `claves_details` VALUES (5,333,NULL,'Maria92169',NULL,2,40739,1,'2020-07-06 16:53:49','2020-07-06 16:53:49',NULL),(86,333,NULL,'Diego217',NULL,3,40909,1,'2020-09-02 20:01:40','2020-09-02 20:01:40',NULL),(87,333,'20261832179','DABlanco77',NULL,1,40909,1,'2020-09-02 20:01:40','2020-09-02 20:01:40',NULL),(165,333,'27351593364','Noelia9336','Cel Noelia / mail de Noelia Dominguez',1,40925,1,'2021-08-13 11:42:31','2021-08-13 11:42:31',NULL),(166,333,NULL,'Noelia336','Zulema mama Noelia encargada',2,40925,1,'2021-08-13 11:42:31','2021-08-13 11:42:31',NULL),(171,333,NULL,'Francisco1992',NULL,1,40819,1,'2021-11-23 13:19:01','2021-11-23 13:19:01',NULL),(176,333,'20257323014','Blanco2871',NULL,1,40910,1,'2022-03-08 20:10:31','2022-03-08 20:10:31',NULL),(177,333,NULL,'Martin301',NULL,3,40910,1,'2022-03-08 20:10:31','2022-03-08 20:10:31',NULL),(178,333,'27163696989','pedir',NULL,3,40938,1,'2022-04-06 19:48:31','2022-04-06 19:48:31',NULL),(179,333,'27163696989','SanEsteban1962',NULL,1,40938,1,'2022-04-06 19:48:31','2022-04-06 19:48:31',NULL),(184,333,'20050894038','Alberto89403',NULL,1,40911,1,'2022-05-04 16:05:18','2022-05-04 16:05:18',NULL),(185,333,'20050894038','Alberto403',NULL,3,40911,1,'2022-05-04 16:05:18','2022-05-04 16:05:18',NULL),(186,333,'20124121370','Ricardo2137',NULL,1,40815,1,'2022-05-04 16:06:42','2022-05-04 16:06:42',NULL),(187,333,'20124121370','aguirre137',NULL,2,40815,1,'2022-05-04 16:06:42','2022-05-04 16:06:42',NULL),(188,333,'27206185274','Teresa8527',NULL,3,40792,1,'2022-05-04 16:12:24','2022-05-04 16:12:24',NULL),(189,333,'27206185274','Teresa8527',NULL,1,40792,1,'2022-05-04 16:12:24','2022-05-04 16:12:24',NULL),(190,333,'27206185274','KIOV4176',NULL,25,40792,1,'2022-05-04 16:12:24','2022-05-04 16:12:24',NULL),(195,333,'20317274085','fernando408',NULL,2,40725,1,'2022-09-13 08:42:07','2022-09-13 08:42:07',NULL),(196,333,'20317274085','Fermia2007',NULL,1,40725,1,'2022-09-13 08:42:07','2022-09-13 08:42:07',NULL),(197,333,'20317274085','417456',NULL,3,40725,1,'2022-09-13 08:42:07','2022-09-13 08:42:07',NULL),(198,333,NULL,'Noelia1067',NULL,3,40832,1,'2022-09-13 08:42:56','2022-09-13 08:42:56',NULL),(199,333,'23296610674','Noelia10674',NULL,1,40832,1,'2022-09-13 08:42:56','2022-09-13 08:42:56',NULL),(200,333,'27188406977','Myriam6970',NULL,1,40912,1,'2022-09-13 08:43:57','2022-09-13 08:43:57',NULL),(201,333,NULL,'840697',NULL,3,40912,1,'2022-09-13 08:43:57','2022-09-13 08:43:57',NULL),(204,333,'20372156563','Foronda656',NULL,1,40727,1,'2022-09-13 08:45:36','2022-09-13 08:45:36',NULL),(205,333,NULL,'abel2015',NULL,2,40727,1,'2022-09-13 08:45:36','2022-09-13 08:45:36',NULL),(206,333,'20264404763','Rodolfo476',NULL,3,40833,1,'2022-09-13 08:46:05','2022-09-13 08:46:05',NULL),(207,333,'20264404763','Rodolfo4736',NULL,1,40833,1,'2022-09-13 08:46:05','2022-09-13 08:46:05',NULL),(208,333,'20348489462','jero8946','mail y tel Francisco Hermano',3,40737,1,'2022-09-13 08:59:53','2022-09-13 08:59:53',NULL),(209,333,NULL,'Jeronimo8946','mail y tel de jeronico',1,40737,1,'2022-09-13 08:59:53','2022-09-13 08:59:53',NULL),(210,333,NULL,'BAEZ9916',NULL,2,40831,1,'2022-09-13 09:02:18','2022-09-13 09:02:18',NULL),(211,333,'20323109916','Josega10991',NULL,1,40831,1,'2022-09-13 09:02:18','2022-09-13 09:02:18',NULL),(212,333,NULL,'471313',NULL,3,40728,1,'2022-10-14 11:41:05','2022-10-14 11:41:05',NULL),(213,333,'27124713132','Teresa1313',NULL,1,40728,1,'2022-10-14 11:41:05','2022-10-14 11:41:05',NULL),(214,333,NULL,'luciano90',NULL,3,40740,1,'2022-10-14 11:41:48','2022-10-14 11:41:48',NULL),(215,333,'20265189831','518983',NULL,3,40760,1,'2022-10-20 12:54:58','2022-10-20 12:54:58',NULL),(216,333,'20265189831','Aguirre2014',NULL,1,40760,1,'2022-10-20 12:54:58','2022-10-20 12:54:58',NULL),(217,333,NULL,'TLDA6863',NULL,25,40760,1,'2022-10-20 12:54:58','2022-10-20 12:54:58',NULL),(218,333,NULL,'Maximo226236',NULL,3,40738,1,'2022-10-20 12:55:33','2022-10-20 12:55:33',NULL);
INSERT INTO `claves_details` VALUES (219,333,'20279281528','Abape928152','telefono Albarracin Juan',1,40804,1,'2022-11-11 00:18:31','2022-11-11 00:18:31',NULL),(222,333,'20959899755','CarloSMadrid23','Encargado Gary / y Kevin',1,40919,1,'2022-12-06 12:29:09','2022-12-06 12:29:09',NULL),(223,333,NULL,'CarloMadrid23',NULL,2,40919,1,'2022-12-06 12:29:09','2022-12-06 12:29:09',NULL),(224,333,'27099694381','Abate969438','mail Hija Gabriela- Celular Abate Ester',1,40719,1,'2023-04-26 09:35:11','2023-04-26 09:35:11',NULL),(225,333,'27099694381','SPEL2016',NULL,2,40719,1,'2023-04-26 09:35:11','2023-04-26 09:35:11',NULL),(226,333,NULL,'Rafaela117',NULL,2,40818,1,'2023-08-06 10:37:06','2023-08-06 10:37:06',NULL),(227,333,NULL,'Rafaela18117',NULL,1,40818,1,'2023-08-06 10:37:06','2023-08-06 10:37:06',NULL),(228,333,NULL,'ana416519',NULL,3,40818,1,'2023-08-06 10:37:06','2023-08-06 10:37:06',NULL);
DELIMITER ;;
/*!50003 CREATE*/ /*!50017 DEFINER=`forge`@`%`*/ /*!50003 TRIGGER `ClavesDetail_BD` BEFORE DELETE ON `claves_details` FOR EACH ROW insert into back_up_claves_details (clave,valor,comentario,clave_id,person_id,modificado)
values(old.clave,old.valor,old.comentario,old.clave_id,old.person_id,now()) */;;
DELIMITER ;

--
-- Table structure for table `claves_mails`
--

CREATE TABLE `claves_mails` (
  `id` int(10) unsigned NOT NULL AUTO_INCREMENT,
  `description` varchar(180) COLLATE utf8mb4_unicode_ci NOT NULL,
  `class` int(10) unsigned NOT NULL,
  `class_description` varchar(180) COLLATE utf8mb4_unicode_ci NOT NULL,
  `path` varchar(255) COLLATE utf8mb4_unicode_ci DEFAULT NULL,
  `created_at` timestamp NULL DEFAULT NULL,
  `updated_at` timestamp NULL DEFAULT NULL,
  PRIMARY KEY (`id`)
) ENGINE=InnoDB AUTO_INCREMENT=6 DEFAULT CHARSET=utf8mb4 COLLATE=utf8mb4_unicode_ci;

--
-- Dumping data for table `claves_mails`
--

INSERT INTO `claves_mails` VALUES (1,'Listado de Claves',1,'Claves','claves_mails/claves_listado',NULL,NULL),(3,'Listado de Mails',2,'Mails','claves_mails/mails_listado',NULL,NULL),(5,'Listado de Charlas',3,'Charlas','claves_mails/charlas_listado',NULL,NULL);

--
-- Table structure for table `cm_articulos_regimenes`
--

CREATE TABLE `cm_articulos_regimenes` (
  `id` int(10) unsigned NOT NULL AUTO_INCREMENT,
  `user_id` int(11) DEFAULT NULL,
  `descripcion` longtext COLLATE utf8mb4_unicode_ci,
  `codigo` int(11) DEFAULT NULL,
  `habilitado` tinyint(1) NOT NULL DEFAULT '0',
  `created_at` timestamp NULL DEFAULT NULL,
  `updated_at` timestamp NULL DEFAULT NULL,
  `deleted_at` timestamp NULL DEFAULT NULL,
  PRIMARY KEY (`id`)
) ENGINE=InnoDB AUTO_INCREMENT=11 DEFAULT CHARSET=utf8mb4 COLLATE=utf8mb4_unicode_ci;

--
-- Dumping data for table `cm_articulos_regimenes`
--

INSERT INTO `cm_articulos_regimenes` VALUES (1,NULL,'Articulo 2',2,1,'2021-07-26 00:48:26','2021-07-29 05:44:34',NULL),(2,NULL,'Articulo 6',6,0,'2021-07-26 00:48:26','2021-07-29 05:44:34',NULL),(3,NULL,'Articulo 7',7,0,'2021-07-26 00:48:26','2021-07-29 05:44:34',NULL),(4,NULL,'Articulo 8',8,0,'2021-07-26 00:48:26','2021-07-29 05:44:34',NULL),(5,NULL,'Articulo 9',9,0,'2021-07-26 00:48:26','2021-07-29 05:44:34',NULL),(6,NULL,'Articulo 10',10,0,'2021-07-26 00:48:26','2021-07-29 05:44:34',NULL),(7,NULL,'Articulo 11',11,0,'2021-07-26 00:48:26','2021-07-29 05:44:34',NULL),(8,NULL,'Articulo 12',12,0,'2021-07-26 00:48:26','2021-07-29 05:44:34',NULL),(9,NULL,'Articulo 13',13,0,'2021-07-26 00:48:26','2021-07-29 05:44:34',NULL),(10,NULL,'Articulo 14',14,1,'2021-07-26 00:48:26','2021-07-29 05:44:34',NULL);

--
-- Table structure for table `cobradores`
--

CREATE TABLE `cobradores` (
  `id` bigint(20) unsigned NOT NULL AUTO_INCREMENT,
  `person_id` int(10) unsigned NOT NULL,
  `descripcion` text COLLATE utf8mb4_unicode_ci NOT NULL,
  `telefono` text COLLATE utf8mb4_unicode_ci NOT NULL,
  `habilitado` tinyint(1) NOT NULL DEFAULT '1',
  `created_at` timestamp NULL DEFAULT NULL,
  `updated_at` timestamp NULL DEFAULT NULL,
  `deleted_at` timestamp NULL DEFAULT NULL,
  PRIMARY KEY (`id`),
  KEY `cobradores_person_id_foreign` (`person_id`),
  CONSTRAINT `cobradores_person_id_foreign` FOREIGN KEY (`person_id`) REFERENCES `persons` (`id`)
) ENGINE=InnoDB DEFAULT CHARSET=utf8mb4 COLLATE=utf8mb4_unicode_ci;

--
-- Dumping data for table `cobradores`
--


--
-- Table structure for table `cobradores_datos`
--

CREATE TABLE `cobradores_datos` (
  `id` bigint(20) unsigned NOT NULL AUTO_INCREMENT,
  `user_id` int(10) unsigned DEFAULT NULL,
  `cobrador_id` bigint(20) unsigned NOT NULL,
  `url_panel` longtext COLLATE utf8mb4_unicode_ci,
  `usuario` text COLLATE utf8mb4_unicode_ci,
  `clave` text COLLATE utf8mb4_unicode_ci,
  `numero_de_soporte` text COLLATE utf8mb4_unicode_ci,
  `inicial_create_user` text COLLATE utf8mb4_unicode_ci,
  `imp_min_p_retirar` int(11) DEFAULT NULL,
  `secret_recarga` text COLLATE utf8mb4_unicode_ci,
  `secret_on_off` text COLLATE utf8mb4_unicode_ci,
  `clave_new_user` text COLLATE utf8mb4_unicode_ci,
  `created_at` timestamp NULL DEFAULT NULL,
  `updated_at` timestamp NULL DEFAULT NULL,
  `deleted_at` timestamp NULL DEFAULT NULL,
  PRIMARY KEY (`id`),
  KEY `cobradores_datos_cobrador_id_foreign` (`cobrador_id`),
  CONSTRAINT `cobradores_datos_cobrador_id_foreign` FOREIGN KEY (`cobrador_id`) REFERENCES `cobradores` (`id`)
) ENGINE=InnoDB DEFAULT CHARSET=utf8mb4 COLLATE=utf8mb4_unicode_ci;

--
-- Dumping data for table `cobradores_datos`
--


--
-- Table structure for table `cobradores_metodos`
--

CREATE TABLE `cobradores_metodos` (
  `id` bigint(20) unsigned NOT NULL AUTO_INCREMENT,
  `user_id` int(10) unsigned DEFAULT NULL,
  `person_id` int(10) unsigned NOT NULL,
  `descripcion` varchar(255) COLLATE utf8mb4_unicode_ci NOT NULL,
  `habilitado` tinyint(1) NOT NULL DEFAULT '1',
  `created_at` timestamp NULL DEFAULT NULL,
  `updated_at` timestamp NULL DEFAULT NULL,
  `deleted_at` timestamp NULL DEFAULT NULL,
  PRIMARY KEY (`id`),
  UNIQUE KEY `cobradores_metodos_descripcion_unique` (`descripcion`),
  KEY `cobradores_metodos_person_id_foreign` (`person_id`),
  CONSTRAINT `cobradores_metodos_person_id_foreign` FOREIGN KEY (`person_id`) REFERENCES `persons` (`id`)
) ENGINE=InnoDB DEFAULT CHARSET=utf8mb4 COLLATE=utf8mb4_unicode_ci;

--
-- Dumping data for table `cobradores_metodos`
--


--
-- Table structure for table `cobradores_on_off`
--

CREATE TABLE `cobradores_on_off` (
  `id` bigint(20) unsigned NOT NULL AUTO_INCREMENT,
  `user_id` int(10) unsigned DEFAULT NULL,
  `cobrador_id` bigint(20) unsigned NOT NULL,
  `on_off` tinyint(1) NOT NULL,
  `created_at` timestamp NULL DEFAULT NULL,
  `updated_at` timestamp NULL DEFAULT NULL,
  `deleted_at` timestamp NULL DEFAULT NULL,
  PRIMARY KEY (`id`),
  KEY `cobradores_on_off_cobrador_id_foreign` (`cobrador_id`),
  CONSTRAINT `cobradores_on_off_cobrador_id_foreign` FOREIGN KEY (`cobrador_id`) REFERENCES `cobradores` (`id`)
) ENGINE=InnoDB DEFAULT CHARSET=utf8mb4 COLLATE=utf8mb4_unicode_ci;

--
-- Dumping data for table `cobradores_on_off`
--


--
-- Table structure for table `conciliaciones`
--

CREATE TABLE `conciliaciones` (
  `id` bigint(20) unsigned NOT NULL AUTO_INCREMENT,
  `user_id` int(10) unsigned DEFAULT NULL,
  `person_id` int(10) unsigned NOT NULL,
  `fecha` datetime NOT NULL,
  `cta_cte_tesoreria_cuenta_id` int(10) unsigned NOT NULL,
  `saldo_conciliado` decimal(13,2) NOT NULL DEFAULT '0.00',
  `created_at` timestamp NULL DEFAULT NULL,
  `updated_at` timestamp NULL DEFAULT NULL,
  `deleted_at` timestamp NULL DEFAULT NULL,
  PRIMARY KEY (`id`),
  KEY `conciliaciones_person_id_foreign` (`person_id`),
  CONSTRAINT `conciliaciones_person_id_foreign` FOREIGN KEY (`person_id`) REFERENCES `persons` (`id`) ON DELETE CASCADE
) ENGINE=InnoDB DEFAULT CHARSET=utf8mb4 COLLATE=utf8mb4_unicode_ci;

--
-- Dumping data for table `conciliaciones`
--


--
-- Table structure for table `conciliaciones_details`
--

CREATE TABLE `conciliaciones_details` (
  `id` bigint(20) unsigned NOT NULL AUTO_INCREMENT,
  `user_id` int(10) unsigned DEFAULT NULL,
  `conciliacion_id` bigint(20) unsigned NOT NULL,
  `person_id` int(10) unsigned NOT NULL,
  `cta_cte_tesoreria_detail_id` int(10) unsigned DEFAULT NULL,
  `created_at` timestamp NULL DEFAULT NULL,
  `updated_at` timestamp NULL DEFAULT NULL,
  `deleted_at` timestamp NULL DEFAULT NULL,
  PRIMARY KEY (`id`),
  KEY `conciliaciones_details_person_id_foreign` (`person_id`),
  KEY `conciliaciones_details_cta_cte_tesoreria_detail_id_foreign` (`cta_cte_tesoreria_detail_id`),
  CONSTRAINT `conciliaciones_details_cta_cte_tesoreria_detail_id_foreign` FOREIGN KEY (`cta_cte_tesoreria_detail_id`) REFERENCES `cta_cte_tesoreria_detail` (`id`),
  CONSTRAINT `conciliaciones_details_person_id_foreign` FOREIGN KEY (`person_id`) REFERENCES `persons` (`id`) ON DELETE CASCADE
) ENGINE=InnoDB DEFAULT CHARSET=utf8mb4 COLLATE=utf8mb4_unicode_ci;

--
-- Dumping data for table `conciliaciones_details`
--


--
-- Table structure for table `condicion_frente_al_iva`
--

CREATE TABLE `condicion_frente_al_iva` (
  `id` int(10) unsigned NOT NULL AUTO_INCREMENT,
  `user_id` int(10) unsigned DEFAULT NULL,
  `codigo_afip` int(11) DEFAULT NULL,
  `descripcion` text COLLATE utf8mb4_unicode_ci NOT NULL,
  `show_comprobantes_a` tinyint(1) NOT NULL DEFAULT '0',
  `show_comprobantes_b` tinyint(1) NOT NULL DEFAULT '0',
  `habilitado` tinyint(1) NOT NULL DEFAULT '1',
  `created_at` timestamp NULL DEFAULT NULL,
  `updated_at` timestamp NULL DEFAULT NULL,
  `deleted_at` timestamp NULL DEFAULT NULL,
  PRIMARY KEY (`id`)
) ENGINE=InnoDB AUTO_INCREMENT=17 DEFAULT CHARSET=utf8mb4 COLLATE=utf8mb4_unicode_ci;

--
-- Dumping data for table `condicion_frente_al_iva`
--

INSERT INTO `condicion_frente_al_iva` VALUES (1,NULL,1,'IVA Responsable Inscripto',1,0,1,NULL,NULL,NULL),(2,NULL,2,'IVA Responsable no Inscripto',0,0,1,NULL,'2025-02-11 16:36:49','2025-02-11 16:36:49'),(3,NULL,3,'IVA no Responsable',0,0,1,NULL,'2025-02-11 16:36:49','2025-02-11 16:36:49'),(4,NULL,4,'IVA Sujeto Exento',0,1,1,NULL,NULL,NULL),(5,NULL,5,'Consumidor Final',0,1,1,NULL,NULL,NULL),(6,NULL,6,'Responsable Monotributo',1,0,1,NULL,NULL,NULL),(7,NULL,7,'Sujeto no Categorizado',0,1,1,NULL,NULL,NULL),(8,NULL,8,'Proveedor del Exterior',0,1,1,NULL,NULL,NULL),(9,NULL,9,'Cliente del Exterior',0,1,1,NULL,NULL,NULL),(10,NULL,10,'IVA Liberado – Ley Nº 19.640',0,1,1,NULL,NULL,NULL),(11,NULL,11,'IVA Responsable Inscripto – Agente de Percepción',0,0,1,NULL,'2025-02-11 16:36:49','2025-02-11 16:36:49'),(12,NULL,12,'Pequeño Contribuyente Eventual',0,0,1,NULL,'2025-02-11 16:36:49','2025-02-11 16:36:49'),(13,NULL,13,'Monotributista Social',1,0,1,NULL,NULL,NULL),(14,NULL,14,'Pequeño Contribuyente Eventual Social',0,0,1,NULL,'2025-02-11 16:36:49','2025-02-11 16:36:49'),(15,NULL,15,'IVA No Alcanzado',0,1,1,NULL,'2025-02-11 19:36:49',NULL),(16,NULL,NULL,'Monotributista Trabajador Independiente Promovido',1,0,1,NULL,'2025-02-11 16:36:49','2025-02-11 16:36:49');

--
-- Table structure for table `condiciones_venta`
--

CREATE TABLE `condiciones_venta` (
  `id` int(10) unsigned NOT NULL AUTO_INCREMENT,
  `descripcion` varchar(100) COLLATE utf8mb4_unicode_ci NOT NULL,
  `created_at` timestamp NULL DEFAULT NULL,
  `updated_at` timestamp NULL DEFAULT NULL,
  PRIMARY KEY (`id`)
) ENGINE=InnoDB AUTO_INCREMENT=9 DEFAULT CHARSET=utf8mb4 COLLATE=utf8mb4_unicode_ci;

--
-- Dumping data for table `condiciones_venta`
--

INSERT INTO `condiciones_venta` VALUES (1,'Contado',NULL,NULL),(2,'Tarjeta de Debito',NULL,NULL),(3,'Tarjeta de Credito',NULL,NULL),(4,'Cuenta Corriente',NULL,NULL),(5,'Cheque',NULL,NULL),(6,'Ticket',NULL,NULL),(7,'Transferencia',NULL,NULL),(8,'Otra',NULL,NULL);

--
-- Table structure for table `consultas`
--

CREATE TABLE `consultas` (
  `id` int(10) unsigned NOT NULL AUTO_INCREMENT,
  `user_id` int(11) DEFAULT NULL,
  `descripcion` varchar(191) COLLATE utf8mb4_unicode_ci DEFAULT NULL,
  `habilitado` tinyint(1) NOT NULL DEFAULT '1',
  `created_at` timestamp NULL DEFAULT NULL,
  `updated_at` timestamp NULL DEFAULT NULL,
  `deleted_at` timestamp NULL DEFAULT NULL,
  PRIMARY KEY (`id`)
) ENGINE=InnoDB AUTO_INCREMENT=5 DEFAULT CHARSET=utf8mb4 COLLATE=utf8mb4_unicode_ci;

--
-- Dumping data for table `consultas`
--

INSERT INTO `consultas` VALUES (1,NULL,'Estado Liquidaciones',1,NULL,NULL,NULL),(2,NULL,'Consumo',1,NULL,NULL,NULL),(3,NULL,'Resultado Liquidacion Hijas',1,'2023-03-12 23:40:23','2023-03-12 23:40:23',NULL),(4,NULL,'Tablero Control',1,NULL,NULL,NULL);

--
-- Table structure for table `consultas_aux`
--

CREATE TABLE `consultas_aux` (
  `id` int(10) unsigned NOT NULL AUTO_INCREMENT,
  `user_id` int(11) DEFAULT NULL,
  `consulta_id` int(10) unsigned NOT NULL,
  `person_id` int(10) unsigned DEFAULT NULL,
  `descripcion` longtext COLLATE utf8mb4_unicode_ci,
  `estado` tinyint(1) NOT NULL DEFAULT '0',
  `created_at` timestamp NULL DEFAULT NULL,
  `updated_at` timestamp NULL DEFAULT NULL,
  `deleted_at` timestamp NULL DEFAULT NULL,
  PRIMARY KEY (`id`),
  KEY `consultas_aux_consulta_id_foreign` (`consulta_id`),
  KEY `consultas_aux_person_id_foreign` (`person_id`),
  CONSTRAINT `consultas_aux_consulta_id_foreign` FOREIGN KEY (`consulta_id`) REFERENCES `consultas` (`id`),
  CONSTRAINT `consultas_aux_person_id_foreign` FOREIGN KEY (`person_id`) REFERENCES `persons` (`id`)
) ENGINE=InnoDB DEFAULT CHARSET=utf8mb4 COLLATE=utf8mb4_unicode_ci;

--
-- Dumping data for table `consultas_aux`
--


--
-- Table structure for table `conta_asientos`
--

CREATE TABLE `conta_asientos` (
  `id` int(10) unsigned NOT NULL AUTO_INCREMENT,
  `user_id` int(10) unsigned DEFAULT NULL,
  `person_id` int(10) unsigned DEFAULT NULL,
  `period_id` int(10) unsigned DEFAULT NULL,
  `tipo_asiento_id` int(10) unsigned NOT NULL,
  `debe_cta_cte_tesoreria_cuenta_id` int(10) unsigned DEFAULT NULL,
  `haber_cta_cte_tesoreria_cuenta_id` int(10) unsigned DEFAULT NULL,
  `ctactecheque_id` int(10) unsigned DEFAULT NULL,
  `num_asiento` int(11) DEFAULT NULL,
  `fecha_registracion` date DEFAULT NULL,
  `fecha_vencimiento` date DEFAULT NULL,
  `total` decimal(16,2) NOT NULL,
  `adjunto` text COLLATE utf8mb4_unicode_ci,
  `comentario` varchar(255) COLLATE utf8mb4_unicode_ci DEFAULT NULL,
  `radioChecked` int(11) DEFAULT NULL,
  `status` int(11) NOT NULL DEFAULT '1',
  `CuentaTipo_id` int(10) unsigned DEFAULT NULL,
  `CentroCosto_id` int(10) unsigned DEFAULT NULL,
  `pagado` int(10) unsigned DEFAULT NULL,
  `created_at` timestamp NULL DEFAULT NULL,
  `updated_at` timestamp NULL DEFAULT NULL,
  `deleted_at` timestamp NULL DEFAULT NULL,
  PRIMARY KEY (`id`),
  KEY `conta_asientos_person_id_foreign` (`person_id`),
  KEY `conta_asientos_period_id_foreign` (`period_id`),
  KEY `conta_asientos_tipo_asiento_id_foreign` (`tipo_asiento_id`),
  KEY `conta_asientos_cuentatipo_id_foreign` (`CuentaTipo_id`),
  KEY `conta_asientos_centrocosto_id_foreign` (`CentroCosto_id`),
  KEY `conta_asientos_ctactecheque_id_foreign` (`ctactecheque_id`),
  KEY `conta_asientos_haber_cta_cte_tesoreria_cuenta_id_foreign` (`haber_cta_cte_tesoreria_cuenta_id`),
  KEY `conta_asientos_debe_cta_cte_tesoreria_cuenta_id_foreign` (`debe_cta_cte_tesoreria_cuenta_id`),
  CONSTRAINT `conta_asientos_centrocosto_id_foreign` FOREIGN KEY (`CentroCosto_id`) REFERENCES `ctactegastos_centrocosto` (`id`),
  CONSTRAINT `conta_asientos_ctactecheque_id_foreign` FOREIGN KEY (`ctactecheque_id`) REFERENCES `ctacte_cheques` (`id`),
  CONSTRAINT `conta_asientos_cuentatipo_id_foreign` FOREIGN KEY (`CuentaTipo_id`) REFERENCES `ctactegastos_cuenta_tipo` (`idCuentaTipo`),
  CONSTRAINT `conta_asientos_debe_cta_cte_tesoreria_cuenta_id_foreign` FOREIGN KEY (`debe_cta_cte_tesoreria_cuenta_id`) REFERENCES `cta_cte_tesoreria_cuentas` (`id`),
  CONSTRAINT `conta_asientos_haber_cta_cte_tesoreria_cuenta_id_foreign` FOREIGN KEY (`haber_cta_cte_tesoreria_cuenta_id`) REFERENCES `cta_cte_tesoreria_cuentas` (`id`),
  CONSTRAINT `conta_asientos_period_id_foreign` FOREIGN KEY (`period_id`) REFERENCES `periods` (`id`),
  CONSTRAINT `conta_asientos_person_id_foreign` FOREIGN KEY (`person_id`) REFERENCES `persons` (`id`),
  CONSTRAINT `conta_asientos_tipo_asiento_id_foreign` FOREIGN KEY (`tipo_asiento_id`) REFERENCES `conta_tipo_asientos` (`id`)
) ENGINE=InnoDB AUTO_INCREMENT=58 DEFAULT CHARSET=utf8mb4 COLLATE=utf8mb4_unicode_ci;

--
-- Dumping data for table `conta_asientos`
--

INSERT INTO `conta_asientos` VALUES (1,333,40804,NULL,2,13,480,NULL,NULL,'2020-07-23','2020-07-23',3000.00,NULL,'pago honorarios junio 2020',1,1,NULL,NULL,NULL,'2020-07-23 23:55:51','2020-08-31 20:33:16','2020-08-31 20:33:16'),(2,333,40804,NULL,2,NULL,NULL,NULL,NULL,'2020-06-30','2020-06-30',4000.00,NULL,'Honorario Mensual',1,1,NULL,NULL,NULL,'2020-07-24 00:00:35','2020-08-31 20:33:10','2020-08-31 20:33:10'),(3,333,40719,NULL,2,NULL,NULL,NULL,NULL,'2020-06-30','2020-06-30',1500.00,NULL,'Honorario Mensual',1,1,NULL,NULL,NULL,'2020-07-24 00:00:35','2020-08-31 20:32:31','2020-08-31 20:32:31'),(4,333,40760,NULL,2,NULL,NULL,NULL,NULL,'2020-06-30','2020-06-30',3000.00,NULL,'Honorario Mensual',1,1,NULL,NULL,NULL,'2020-07-24 00:00:35','2020-08-31 20:33:54','2020-08-31 20:33:54'),(5,333,40737,NULL,2,NULL,NULL,NULL,NULL,'2020-06-30','2020-06-30',1800.00,NULL,'Honorario Mensual',1,1,NULL,NULL,NULL,'2020-07-24 00:00:35','2020-08-31 20:33:47','2020-08-31 20:33:47'),(6,333,40792,NULL,2,NULL,NULL,NULL,NULL,'2020-06-30','2020-06-30',2500.00,NULL,'Honorario Mensual',1,1,NULL,NULL,NULL,'2020-07-24 00:00:35','2020-08-31 20:33:04','2020-08-31 20:33:04'),(7,333,40803,NULL,2,NULL,NULL,NULL,NULL,'2020-06-30','2020-06-30',1400.00,NULL,'Honorario Mensual',1,1,NULL,NULL,NULL,'2020-07-24 00:00:35','2020-08-31 20:32:25','2020-08-31 20:32:25'),(8,333,40769,NULL,2,NULL,NULL,NULL,NULL,'2020-06-30','2020-06-30',1200.00,NULL,'Honorario Mensual',1,1,NULL,NULL,NULL,'2020-07-24 00:00:35','2020-08-31 20:34:03','2020-08-31 20:34:03'),(9,333,40738,NULL,2,NULL,NULL,NULL,NULL,'2020-06-30','2020-06-30',12000.00,NULL,'Honorario Mensual',1,1,NULL,NULL,NULL,'2020-07-24 00:00:35','2020-08-31 20:32:02','2020-08-31 20:32:02'),(10,333,40739,NULL,2,NULL,NULL,NULL,NULL,'2020-06-30','2020-06-30',3000.00,NULL,'Honorario Mensual',1,1,NULL,NULL,NULL,'2020-07-24 00:00:35','2020-08-31 20:31:54','2020-08-31 20:31:54'),(11,333,40740,NULL,2,NULL,NULL,NULL,NULL,'2020-06-30','2020-06-30',2500.00,NULL,'Honorario Mensual',1,1,NULL,NULL,NULL,'2020-07-24 00:00:35','2020-08-31 20:31:45','2020-08-31 20:31:45'),(12,333,40766,NULL,2,NULL,NULL,NULL,NULL,'2020-06-30','2020-06-30',9000.00,NULL,'Honorario Mensual',1,1,NULL,NULL,NULL,'2020-07-24 00:00:35','2020-08-31 20:31:37','2020-08-31 20:31:37'),(13,333,40804,NULL,2,NULL,NULL,NULL,NULL,'2020-06-01','2020-06-01',4000.00,NULL,'Honorario Mensual',1,1,NULL,NULL,NULL,'2020-07-27 21:14:49','2020-08-31 20:32:20','2020-08-31 20:32:20'),(14,333,40719,NULL,2,NULL,NULL,NULL,NULL,'2020-06-01','2020-06-01',1500.00,NULL,'Honorario Mensual',1,1,NULL,NULL,NULL,'2020-07-27 21:14:49','2020-08-31 20:33:22','2020-08-31 20:33:22'),(15,333,40760,NULL,2,NULL,NULL,NULL,NULL,'2020-06-01','2020-06-01',3000.00,NULL,'Honorario Mensual',1,1,NULL,NULL,NULL,'2020-07-27 21:14:49','2020-08-31 20:33:37','2020-08-31 20:33:37'),(16,333,40737,NULL,2,NULL,NULL,NULL,NULL,'2020-06-01','2020-06-01',1800.00,NULL,'Honorario Mensual',1,1,NULL,NULL,NULL,'2020-07-27 21:14:49','2020-08-31 20:33:58','2020-08-31 20:33:58'),(17,333,40792,NULL,2,NULL,NULL,NULL,NULL,'2020-06-01','2020-06-01',2500.00,NULL,'Honorario Mensual',1,1,NULL,NULL,NULL,'2020-07-27 21:14:49','2020-08-31 20:33:31','2020-08-31 20:33:31'),(18,333,40803,NULL,2,NULL,NULL,NULL,NULL,'2020-06-01','2020-06-01',1400.00,NULL,'Honorario Mensual',1,1,NULL,NULL,NULL,'2020-07-27 21:14:49','2020-08-31 20:32:46','2020-08-31 20:32:46'),(19,333,40769,NULL,2,NULL,NULL,NULL,NULL,'2020-06-01','2020-06-01',1200.00,NULL,'Honorario Mensual',1,1,NULL,NULL,NULL,'2020-07-27 21:14:49','2020-08-31 20:34:07','2020-08-31 20:34:07'),(20,333,40738,NULL,2,NULL,NULL,NULL,NULL,'2020-06-01','2020-06-01',12000.00,NULL,'Honorario Mensual',1,1,NULL,NULL,NULL,'2020-07-27 21:14:49','2020-08-31 20:32:07','2020-08-31 20:32:07'),(21,333,40739,NULL,2,NULL,NULL,NULL,NULL,'2020-06-01','2020-06-01',3000.00,NULL,'Honorario Mensual',1,1,NULL,NULL,NULL,'2020-07-27 21:14:49','2020-08-31 20:31:58','2020-08-31 20:31:58');
INSERT INTO `conta_asientos` VALUES (22,333,40740,NULL,2,NULL,NULL,NULL,NULL,'2020-06-01','2020-06-01',2500.00,NULL,'Honorario Mensual',1,1,NULL,NULL,NULL,'2020-07-27 21:14:49','2020-08-31 20:31:49','2020-08-31 20:31:49'),(23,333,40766,NULL,2,NULL,NULL,NULL,NULL,'2020-06-01','2020-06-01',9000.00,NULL,'Honorario Mensual',1,1,NULL,NULL,NULL,'2020-07-27 21:14:49','2020-08-31 20:31:41','2020-08-31 20:31:41'),(24,333,40738,NULL,2,NULL,13,NULL,NULL,'2020-07-27','2020-07-27',12000.00,NULL,NULL,2,1,NULL,NULL,NULL,'2020-07-27 21:21:36','2020-08-31 20:32:11','2020-08-31 20:32:11'),(25,333,40728,NULL,2,757,13,NULL,NULL,'2020-08-31','2020-08-31',3500.00,NULL,NULL,2,1,NULL,NULL,NULL,'2020-08-31 21:08:44','2020-09-01 17:09:16','2020-09-01 17:09:16'),(26,333,40804,NULL,2,NULL,NULL,NULL,NULL,'2020-08-31','2020-08-31',4500.00,NULL,'Honorario Mensual',1,1,NULL,NULL,NULL,'2020-08-31 21:09:29','2020-09-01 17:11:54','2020-09-01 17:11:54'),(27,333,40719,NULL,2,NULL,NULL,NULL,NULL,'2020-08-31','2020-08-31',1600.00,NULL,'Honorario Mensual',1,1,NULL,NULL,NULL,'2020-08-31 21:09:29','2020-09-01 17:11:58','2020-09-01 17:11:58'),(28,333,40760,NULL,2,NULL,NULL,NULL,NULL,'2020-08-31','2020-08-31',3000.00,NULL,'Honorario Mensual',1,1,NULL,NULL,NULL,'2020-08-31 21:09:29','2020-09-01 17:12:01','2020-09-01 17:12:01'),(29,333,40815,NULL,2,NULL,NULL,NULL,NULL,'2020-08-31','2020-08-31',2100.00,NULL,'Honorario Mensual',1,1,NULL,NULL,NULL,'2020-08-31 21:09:29','2020-09-01 17:11:46','2020-09-01 17:11:46'),(30,333,40725,NULL,2,NULL,NULL,NULL,NULL,'2020-08-31','2020-08-31',1400.00,NULL,'Honorario Mensual',1,1,NULL,NULL,NULL,'2020-08-31 21:09:29','2020-09-01 17:11:50','2020-09-01 17:11:50'),(31,333,40819,NULL,2,NULL,NULL,NULL,NULL,'2020-08-31','2020-08-31',1200.00,NULL,'Honorario Mensual',1,1,NULL,NULL,NULL,'2020-08-31 21:09:29','2020-09-01 17:11:42','2020-09-01 17:11:42'),(32,333,40737,NULL,2,NULL,NULL,NULL,NULL,'2020-08-31','2020-08-31',1800.00,NULL,'Honorario Mensual',1,1,NULL,NULL,NULL,'2020-08-31 21:09:29','2020-09-01 17:11:38','2020-09-01 17:11:38'),(33,333,40792,NULL,2,NULL,NULL,NULL,NULL,'2020-08-31','2020-08-31',3000.00,NULL,'Honorario Mensual',1,1,NULL,NULL,NULL,'2020-08-31 21:09:29','2020-09-01 17:11:34','2020-09-01 17:11:34'),(34,333,40803,NULL,2,NULL,NULL,NULL,NULL,'2020-08-31','2020-08-31',1500.00,NULL,'Honorario Mensual',1,1,NULL,NULL,NULL,'2020-08-31 21:09:29','2020-09-01 17:11:30','2020-09-01 17:11:30'),(35,333,40769,NULL,2,NULL,NULL,NULL,NULL,'2020-08-31','2020-08-31',1200.00,NULL,'Honorario Mensual',1,1,NULL,NULL,NULL,'2020-08-31 21:09:29','2020-09-01 17:11:27','2020-09-01 17:11:27'),(36,333,40738,NULL,2,NULL,NULL,NULL,NULL,'2020-08-31','2020-08-31',14500.00,NULL,'Honorario Mensual',1,1,NULL,NULL,NULL,'2020-08-31 21:09:29','2020-09-01 17:11:23','2020-09-01 17:11:23'),(37,333,40739,NULL,2,NULL,NULL,NULL,NULL,'2020-08-31','2020-08-31',2000.00,NULL,'Honorario Mensual',1,1,NULL,NULL,NULL,'2020-08-31 21:09:29','2020-09-01 17:10:44','2020-09-01 17:10:44'),(38,333,40736,NULL,2,NULL,NULL,NULL,NULL,'2020-08-31','2020-08-31',3500.00,NULL,'Honorario Mensual',1,1,NULL,NULL,NULL,'2020-08-31 21:09:29','2020-09-01 17:11:19','2020-09-01 17:11:19'),(39,333,40766,NULL,2,NULL,NULL,NULL,NULL,'2020-08-31','2020-08-31',12000.00,NULL,'Honorario Mensual',1,1,NULL,NULL,NULL,'2020-08-31 21:09:29','2020-09-01 17:10:48','2020-09-01 17:10:48'),(40,333,40728,NULL,2,13,480,NULL,NULL,'2020-08-31','2020-09-01',3500.00,NULL,NULL,1,1,NULL,NULL,NULL,'2020-09-01 17:09:16','2020-09-01 17:09:46','2020-09-01 17:09:46'),(41,333,40804,NULL,2,NULL,NULL,NULL,NULL,'2020-09-01','2020-09-01',4500.00,NULL,'Honorario Mensual',1,1,NULL,NULL,NULL,'2020-09-01 17:12:44','2020-09-01 17:13:34','2020-09-01 17:13:34'),(42,333,40719,NULL,2,NULL,NULL,NULL,NULL,'2020-09-01','2020-09-01',1600.00,NULL,'Honorario Mensual',1,1,NULL,NULL,NULL,'2020-09-01 17:12:44','2021-02-03 14:20:49','2021-02-03 14:20:49');
INSERT INTO `conta_asientos` VALUES (43,333,40760,NULL,2,NULL,NULL,NULL,NULL,'2020-09-01','2020-09-01',3000.00,NULL,'Honorario Mensual',1,1,NULL,NULL,NULL,'2020-09-01 17:12:44','2021-02-03 14:20:44','2021-02-03 14:20:44'),(44,333,40815,NULL,2,NULL,NULL,NULL,NULL,'2020-09-01','2020-09-01',2100.00,NULL,'Honorario Mensual',1,1,NULL,NULL,NULL,'2020-09-01 17:12:44','2021-02-03 14:21:00','2021-02-03 14:21:00'),(45,333,40725,NULL,2,NULL,NULL,NULL,NULL,'2020-09-01','2020-09-01',1400.00,NULL,'Honorario Mensual',1,1,NULL,NULL,NULL,'2020-09-01 17:12:44','2021-02-03 14:20:57','2021-02-03 14:20:57'),(46,333,40819,NULL,2,NULL,NULL,NULL,NULL,'2020-09-01','2020-09-01',1200.00,NULL,'Honorario Mensual',1,1,NULL,NULL,NULL,'2020-09-01 17:12:44','2021-02-03 14:20:53','2021-02-03 14:20:53'),(47,333,40737,NULL,2,NULL,NULL,NULL,NULL,'2020-09-01','2020-09-01',1800.00,NULL,'Honorario Mensual',1,1,NULL,NULL,NULL,'2020-09-01 17:12:44','2021-02-03 14:20:40','2021-02-03 14:20:40'),(48,333,40792,NULL,2,NULL,NULL,NULL,NULL,'2020-09-01','2020-09-01',3000.00,NULL,'Honorario Mensual',1,1,NULL,NULL,NULL,'2020-09-01 17:12:44','2021-02-03 14:21:07','2021-02-03 14:21:07'),(49,333,40803,NULL,2,NULL,NULL,NULL,NULL,'2020-09-01','2020-09-01',1500.00,NULL,'Honorario Mensual',1,1,NULL,NULL,NULL,'2020-09-01 17:12:44','2021-02-03 14:21:11','2021-02-03 14:21:11'),(50,333,40769,NULL,2,NULL,NULL,NULL,NULL,'2020-09-01','2020-09-01',1200.00,NULL,'Honorario Mensual',1,1,NULL,NULL,NULL,'2020-09-01 17:12:44','2021-02-03 14:20:30','2021-02-03 14:20:30'),(51,333,40738,NULL,2,NULL,NULL,NULL,NULL,'2020-09-01','2020-09-01',14500.00,NULL,'Honorario Mensual',1,1,NULL,NULL,NULL,'2020-09-01 17:12:44','2021-02-03 14:20:26','2021-02-03 14:20:26'),(52,333,40739,NULL,2,NULL,NULL,NULL,NULL,'2020-09-01','2020-09-01',2000.00,NULL,'Honorario Mensual',1,1,NULL,NULL,NULL,'2020-09-01 17:12:44','2021-02-03 14:20:22','2021-02-03 14:20:22'),(53,333,40736,NULL,2,NULL,NULL,NULL,NULL,'2020-09-01','2020-09-01',3500.00,NULL,'Honorario Mensual',1,1,NULL,NULL,NULL,'2020-09-01 17:12:44','2021-02-03 14:20:18','2021-02-03 14:20:18'),(54,333,40766,NULL,2,NULL,NULL,NULL,NULL,'2020-09-01','2020-09-01',12000.00,NULL,'Honorario Mensual',1,1,NULL,NULL,NULL,'2020-09-01 17:12:44','2021-02-03 14:20:12','2021-02-03 14:20:12'),(55,333,40804,NULL,2,758,13,NULL,NULL,'2020-09-01','2020-09-01',4500.00,NULL,'Honorario Mensual agosto 2020',2,1,NULL,NULL,NULL,'2020-09-01 17:13:34','2020-09-01 17:15:00','2020-09-01 17:15:00'),(56,333,40804,NULL,2,13,480,NULL,NULL,'2020-09-01','2020-09-01',4500.00,NULL,'Honorario Mensual agosto 2020',1,1,NULL,NULL,NULL,'2020-09-01 17:15:00','2021-02-03 14:20:35','2021-02-03 14:20:35'),(57,333,40804,NULL,2,758,13,NULL,NULL,'2020-09-01','2020-09-01',3500.00,NULL,NULL,2,1,NULL,NULL,NULL,'2020-09-01 17:15:41','2020-09-01 18:02:25','2020-09-01 18:02:25');

--
-- Table structure for table `conta_asientos_details`
--

CREATE TABLE `conta_asientos_details` (
  `id` int(10) unsigned NOT NULL AUTO_INCREMENT,
  `user_id` int(10) unsigned DEFAULT NULL,
  `conta_asiento_id` int(10) unsigned NOT NULL,
  `person_id` int(10) unsigned DEFAULT NULL,
  `period_id` int(10) unsigned DEFAULT NULL,
  `tipo_asiento_id` int(10) unsigned NOT NULL,
  `cta_cte_tesoreria_cuenta_id` int(10) unsigned DEFAULT NULL,
  `saldo_id` int(10) unsigned NOT NULL,
  `monto` decimal(16,2) NOT NULL,
  `created_at` timestamp NULL DEFAULT NULL,
  `updated_at` timestamp NULL DEFAULT NULL,
  `deleted_at` timestamp NULL DEFAULT NULL,
  PRIMARY KEY (`id`),
  KEY `conta_asientos_details_conta_asiento_id_foreign` (`conta_asiento_id`),
  KEY `conta_asientos_details_person_id_foreign` (`person_id`),
  KEY `conta_asientos_details_period_id_foreign` (`period_id`),
  KEY `conta_asientos_details_tipo_asiento_id_foreign` (`tipo_asiento_id`),
  KEY `conta_asientos_details_saldo_id_foreign` (`saldo_id`),
  KEY `conta_asientos_details_cta_cte_tesoreria_cuenta_id_foreign` (`cta_cte_tesoreria_cuenta_id`),
  CONSTRAINT `conta_asientos_details_conta_asiento_id_foreign` FOREIGN KEY (`conta_asiento_id`) REFERENCES `conta_asientos` (`id`),
  CONSTRAINT `conta_asientos_details_cta_cte_tesoreria_cuenta_id_foreign` FOREIGN KEY (`cta_cte_tesoreria_cuenta_id`) REFERENCES `cta_cte_tesoreria_cuentas` (`id`),
  CONSTRAINT `conta_asientos_details_period_id_foreign` FOREIGN KEY (`period_id`) REFERENCES `periods` (`id`),
  CONSTRAINT `conta_asientos_details_person_id_foreign` FOREIGN KEY (`person_id`) REFERENCES `persons` (`id`),
  CONSTRAINT `conta_asientos_details_saldo_id_foreign` FOREIGN KEY (`saldo_id`) REFERENCES `conta_tipo_saldos` (`id`),
  CONSTRAINT `conta_asientos_details_tipo_asiento_id_foreign` FOREIGN KEY (`tipo_asiento_id`) REFERENCES `conta_tipo_asientos` (`id`)
) ENGINE=InnoDB AUTO_INCREMENT=115 DEFAULT CHARSET=utf8mb4 COLLATE=utf8mb4_unicode_ci;

--
-- Dumping data for table `conta_asientos_details`
--

INSERT INTO `conta_asientos_details` VALUES (1,333,1,40804,NULL,2,13,1,3000.00,'2020-07-23 23:55:51','2020-08-31 20:33:16','2020-08-31 20:33:16'),(2,333,1,40804,NULL,2,480,2,3000.00,'2020-07-23 23:55:51','2020-08-31 20:33:16','2020-08-31 20:33:16'),(3,333,2,40804,NULL,2,13,1,4000.00,'2020-07-24 00:00:35','2020-08-31 20:33:10','2020-08-31 20:33:10'),(4,333,2,40804,NULL,2,480,2,4000.00,'2020-07-24 00:00:35','2020-08-31 20:33:10','2020-08-31 20:33:10'),(5,333,3,40719,NULL,2,13,1,1500.00,'2020-07-24 00:00:35','2020-08-31 20:32:31','2020-08-31 20:32:31'),(6,333,3,40719,NULL,2,480,2,1500.00,'2020-07-24 00:00:35','2020-08-31 20:32:31','2020-08-31 20:32:31'),(7,333,4,40760,NULL,2,13,1,3000.00,'2020-07-24 00:00:35','2020-08-31 20:33:54','2020-08-31 20:33:54'),(8,333,4,40760,NULL,2,480,2,3000.00,'2020-07-24 00:00:35','2020-08-31 20:33:54','2020-08-31 20:33:54'),(9,333,5,40737,NULL,2,13,1,1800.00,'2020-07-24 00:00:35','2020-08-31 20:33:47','2020-08-31 20:33:47'),(10,333,5,40737,NULL,2,480,2,1800.00,'2020-07-24 00:00:35','2020-08-31 20:33:47','2020-08-31 20:33:47'),(11,333,6,40792,NULL,2,13,1,2500.00,'2020-07-24 00:00:35','2020-08-31 20:33:04','2020-08-31 20:33:04'),(12,333,6,40792,NULL,2,480,2,2500.00,'2020-07-24 00:00:35','2020-08-31 20:33:04','2020-08-31 20:33:04'),(13,333,7,40803,NULL,2,13,1,1400.00,'2020-07-24 00:00:35','2020-08-31 20:32:25','2020-08-31 20:32:25'),(14,333,7,40803,NULL,2,480,2,1400.00,'2020-07-24 00:00:35','2020-08-31 20:32:25','2020-08-31 20:32:25'),(15,333,8,40769,NULL,2,13,1,1200.00,'2020-07-24 00:00:35','2020-08-31 20:34:03','2020-08-31 20:34:03'),(16,333,8,40769,NULL,2,480,2,1200.00,'2020-07-24 00:00:35','2020-08-31 20:34:03','2020-08-31 20:34:03'),(17,333,9,40738,NULL,2,13,1,12000.00,'2020-07-24 00:00:35','2020-08-31 20:32:02','2020-08-31 20:32:02'),(18,333,9,40738,NULL,2,480,2,12000.00,'2020-07-24 00:00:35','2020-08-31 20:32:02','2020-08-31 20:32:02'),(19,333,10,40739,NULL,2,13,1,3000.00,'2020-07-24 00:00:35','2020-08-31 20:31:54','2020-08-31 20:31:54'),(20,333,10,40739,NULL,2,480,2,3000.00,'2020-07-24 00:00:35','2020-08-31 20:31:54','2020-08-31 20:31:54'),(21,333,11,40740,NULL,2,13,1,2500.00,'2020-07-24 00:00:35','2020-08-31 20:31:45','2020-08-31 20:31:45'),(22,333,11,40740,NULL,2,480,2,2500.00,'2020-07-24 00:00:35','2020-08-31 20:31:45','2020-08-31 20:31:45'),(23,333,12,40766,NULL,2,13,1,9000.00,'2020-07-24 00:00:35','2020-08-31 20:31:37','2020-08-31 20:31:37'),(24,333,12,40766,NULL,2,480,2,9000.00,'2020-07-24 00:00:35','2020-08-31 20:31:37','2020-08-31 20:31:37'),(25,333,13,40804,NULL,2,13,1,4000.00,'2020-07-27 21:14:49','2020-08-31 20:32:20','2020-08-31 20:32:20'),(26,333,13,40804,NULL,2,480,2,4000.00,'2020-07-27 21:14:49','2020-08-31 20:32:20','2020-08-31 20:32:20'),(27,333,14,40719,NULL,2,13,1,1500.00,'2020-07-27 21:14:49','2020-08-31 20:33:22','2020-08-31 20:33:22'),(28,333,14,40719,NULL,2,480,2,1500.00,'2020-07-27 21:14:49','2020-08-31 20:33:22','2020-08-31 20:33:22'),(29,333,15,40760,NULL,2,13,1,3000.00,'2020-07-27 21:14:49','2020-08-31 20:33:37','2020-08-31 20:33:37'),(30,333,15,40760,NULL,2,480,2,3000.00,'2020-07-27 21:14:49','2020-08-31 20:33:37','2020-08-31 20:33:37'),(31,333,16,40737,NULL,2,13,1,1800.00,'2020-07-27 21:14:49','2020-08-31 20:33:58','2020-08-31 20:33:58'),(32,333,16,40737,NULL,2,480,2,1800.00,'2020-07-27 21:14:49','2020-08-31 20:33:58','2020-08-31 20:33:58'),(33,333,17,40792,NULL,2,13,1,2500.00,'2020-07-27 21:14:49','2020-08-31 20:33:31','2020-08-31 20:33:31'),(34,333,17,40792,NULL,2,480,2,2500.00,'2020-07-27 21:14:49','2020-08-31 20:33:31','2020-08-31 20:33:31'),(35,333,18,40803,NULL,2,13,1,1400.00,'2020-07-27 21:14:49','2020-08-31 20:32:46','2020-08-31 20:32:46'),(36,333,18,40803,NULL,2,480,2,1400.00,'2020-07-27 21:14:49','2020-08-31 20:32:46','2020-08-31 20:32:46'),(37,333,19,40769,NULL,2,13,1,1200.00,'2020-07-27 21:14:49','2020-08-31 20:34:07','2020-08-31 20:34:07'),(38,333,19,40769,NULL,2,480,2,1200.00,'2020-07-27 21:14:49','2020-08-31 20:34:07','2020-08-31 20:34:07');
INSERT INTO `conta_asientos_details` VALUES (39,333,20,40738,NULL,2,13,1,12000.00,'2020-07-27 21:14:49','2020-08-31 20:32:07','2020-08-31 20:32:07'),(40,333,20,40738,NULL,2,480,2,12000.00,'2020-07-27 21:14:49','2020-08-31 20:32:07','2020-08-31 20:32:07'),(41,333,21,40739,NULL,2,13,1,3000.00,'2020-07-27 21:14:49','2020-08-31 20:31:58','2020-08-31 20:31:58'),(42,333,21,40739,NULL,2,480,2,3000.00,'2020-07-27 21:14:49','2020-08-31 20:31:58','2020-08-31 20:31:58'),(43,333,22,40740,NULL,2,13,1,2500.00,'2020-07-27 21:14:49','2020-08-31 20:31:49','2020-08-31 20:31:49'),(44,333,22,40740,NULL,2,480,2,2500.00,'2020-07-27 21:14:49','2020-08-31 20:31:49','2020-08-31 20:31:49'),(45,333,23,40766,NULL,2,13,1,9000.00,'2020-07-27 21:14:49','2020-08-31 20:31:41','2020-08-31 20:31:41'),(46,333,23,40766,NULL,2,480,2,9000.00,'2020-07-27 21:14:49','2020-08-31 20:31:41','2020-08-31 20:31:41'),(47,333,24,40738,NULL,2,NULL,1,12000.00,'2020-07-27 21:21:36','2020-08-31 20:32:11','2020-08-31 20:32:11'),(48,333,24,40738,NULL,2,13,2,12000.00,'2020-07-27 21:21:36','2020-08-31 20:32:11','2020-08-31 20:32:11'),(49,333,25,40728,NULL,2,757,1,3500.00,'2020-08-31 21:08:44','2020-09-01 17:09:16','2020-09-01 17:09:16'),(50,333,25,40728,NULL,2,13,2,3500.00,'2020-08-31 21:08:44','2020-09-01 17:09:16','2020-09-01 17:09:16'),(51,333,26,40804,NULL,2,13,1,4500.00,'2020-08-31 21:09:29','2020-09-01 17:11:54','2020-09-01 17:11:54'),(52,333,26,40804,NULL,2,480,2,4500.00,'2020-08-31 21:09:29','2020-09-01 17:11:54','2020-09-01 17:11:54'),(53,333,27,40719,NULL,2,13,1,1600.00,'2020-08-31 21:09:29','2020-09-01 17:11:58','2020-09-01 17:11:58'),(54,333,27,40719,NULL,2,480,2,1600.00,'2020-08-31 21:09:29','2020-09-01 17:11:58','2020-09-01 17:11:58'),(55,333,28,40760,NULL,2,13,1,3000.00,'2020-08-31 21:09:29','2020-09-01 17:12:01','2020-09-01 17:12:01'),(56,333,28,40760,NULL,2,480,2,3000.00,'2020-08-31 21:09:29','2020-09-01 17:12:01','2020-09-01 17:12:01'),(57,333,29,40815,NULL,2,13,1,2100.00,'2020-08-31 21:09:29','2020-09-01 17:11:46','2020-09-01 17:11:46'),(58,333,29,40815,NULL,2,480,2,2100.00,'2020-08-31 21:09:29','2020-09-01 17:11:46','2020-09-01 17:11:46'),(59,333,30,40725,NULL,2,13,1,1400.00,'2020-08-31 21:09:29','2020-09-01 17:11:50','2020-09-01 17:11:50'),(60,333,30,40725,NULL,2,480,2,1400.00,'2020-08-31 21:09:29','2020-09-01 17:11:50','2020-09-01 17:11:50'),(61,333,31,40819,NULL,2,13,1,1200.00,'2020-08-31 21:09:29','2020-09-01 17:11:42','2020-09-01 17:11:42'),(62,333,31,40819,NULL,2,480,2,1200.00,'2020-08-31 21:09:29','2020-09-01 17:11:42','2020-09-01 17:11:42'),(63,333,32,40737,NULL,2,13,1,1800.00,'2020-08-31 21:09:29','2020-09-01 17:11:38','2020-09-01 17:11:38'),(64,333,32,40737,NULL,2,480,2,1800.00,'2020-08-31 21:09:29','2020-09-01 17:11:38','2020-09-01 17:11:38'),(65,333,33,40792,NULL,2,13,1,3000.00,'2020-08-31 21:09:29','2020-09-01 17:11:34','2020-09-01 17:11:34'),(66,333,33,40792,NULL,2,480,2,3000.00,'2020-08-31 21:09:29','2020-09-01 17:11:34','2020-09-01 17:11:34'),(67,333,34,40803,NULL,2,13,1,1500.00,'2020-08-31 21:09:29','2020-09-01 17:11:30','2020-09-01 17:11:30'),(68,333,34,40803,NULL,2,480,2,1500.00,'2020-08-31 21:09:29','2020-09-01 17:11:30','2020-09-01 17:11:30'),(69,333,35,40769,NULL,2,13,1,1200.00,'2020-08-31 21:09:29','2020-09-01 17:11:27','2020-09-01 17:11:27'),(70,333,35,40769,NULL,2,480,2,1200.00,'2020-08-31 21:09:29','2020-09-01 17:11:27','2020-09-01 17:11:27'),(71,333,36,40738,NULL,2,13,1,14500.00,'2020-08-31 21:09:29','2020-09-01 17:11:23','2020-09-01 17:11:23'),(72,333,36,40738,NULL,2,480,2,14500.00,'2020-08-31 21:09:29','2020-09-01 17:11:23','2020-09-01 17:11:23'),(73,333,37,40739,NULL,2,13,1,2000.00,'2020-08-31 21:09:29','2020-09-01 17:10:44','2020-09-01 17:10:44'),(74,333,37,40739,NULL,2,480,2,2000.00,'2020-08-31 21:09:29','2020-09-01 17:10:44','2020-09-01 17:10:44'),(75,333,38,40736,NULL,2,13,1,3500.00,'2020-08-31 21:09:29','2020-09-01 17:11:19','2020-09-01 17:11:19'),(76,333,38,40736,NULL,2,480,2,3500.00,'2020-08-31 21:09:29','2020-09-01 17:11:19','2020-09-01 17:11:19');
INSERT INTO `conta_asientos_details` VALUES (77,333,39,40766,NULL,2,13,1,12000.00,'2020-08-31 21:09:29','2020-09-01 17:10:48','2020-09-01 17:10:48'),(78,333,39,40766,NULL,2,480,2,12000.00,'2020-08-31 21:09:29','2020-09-01 17:10:48','2020-09-01 17:10:48'),(79,333,40,40728,NULL,2,13,1,3500.00,'2020-09-01 17:09:16','2020-09-01 17:09:46','2020-09-01 17:09:46'),(80,333,40,40728,NULL,2,480,2,3500.00,'2020-09-01 17:09:16','2020-09-01 17:09:46','2020-09-01 17:09:46'),(81,333,41,40804,NULL,2,13,1,4500.00,'2020-09-01 17:12:44','2020-09-01 17:13:34','2020-09-01 17:13:34'),(82,333,41,40804,NULL,2,480,2,4500.00,'2020-09-01 17:12:44','2020-09-01 17:13:34','2020-09-01 17:13:34'),(83,333,42,40719,NULL,2,13,1,1600.00,'2020-09-01 17:12:44','2021-02-03 14:20:49','2021-02-03 14:20:49'),(84,333,42,40719,NULL,2,480,2,1600.00,'2020-09-01 17:12:44','2021-02-03 14:20:49','2021-02-03 14:20:49'),(85,333,43,40760,NULL,2,13,1,3000.00,'2020-09-01 17:12:44','2021-02-03 14:20:44','2021-02-03 14:20:44'),(86,333,43,40760,NULL,2,480,2,3000.00,'2020-09-01 17:12:44','2021-02-03 14:20:44','2021-02-03 14:20:44'),(87,333,44,40815,NULL,2,13,1,2100.00,'2020-09-01 17:12:44','2021-02-03 14:21:00','2021-02-03 14:21:00'),(88,333,44,40815,NULL,2,480,2,2100.00,'2020-09-01 17:12:44','2021-02-03 14:21:00','2021-02-03 14:21:00'),(89,333,45,40725,NULL,2,13,1,1400.00,'2020-09-01 17:12:44','2021-02-03 14:20:57','2021-02-03 14:20:57'),(90,333,45,40725,NULL,2,480,2,1400.00,'2020-09-01 17:12:44','2021-02-03 14:20:57','2021-02-03 14:20:57'),(91,333,46,40819,NULL,2,13,1,1200.00,'2020-09-01 17:12:44','2021-02-03 14:20:53','2021-02-03 14:20:53'),(92,333,46,40819,NULL,2,480,2,1200.00,'2020-09-01 17:12:44','2021-02-03 14:20:53','2021-02-03 14:20:53'),(93,333,47,40737,NULL,2,13,1,1800.00,'2020-09-01 17:12:44','2021-02-03 14:20:40','2021-02-03 14:20:40'),(94,333,47,40737,NULL,2,480,2,1800.00,'2020-09-01 17:12:44','2021-02-03 14:20:40','2021-02-03 14:20:40'),(95,333,48,40792,NULL,2,13,1,3000.00,'2020-09-01 17:12:44','2021-02-03 14:21:07','2021-02-03 14:21:07'),(96,333,48,40792,NULL,2,480,2,3000.00,'2020-09-01 17:12:44','2021-02-03 14:21:07','2021-02-03 14:21:07'),(97,333,49,40803,NULL,2,13,1,1500.00,'2020-09-01 17:12:44','2021-02-03 14:21:11','2021-02-03 14:21:11'),(98,333,49,40803,NULL,2,480,2,1500.00,'2020-09-01 17:12:44','2021-02-03 14:21:11','2021-02-03 14:21:11'),(99,333,50,40769,NULL,2,13,1,1200.00,'2020-09-01 17:12:44','2021-02-03 14:20:30','2021-02-03 14:20:30'),(100,333,50,40769,NULL,2,480,2,1200.00,'2020-09-01 17:12:44','2021-02-03 14:20:30','2021-02-03 14:20:30'),(101,333,51,40738,NULL,2,13,1,14500.00,'2020-09-01 17:12:44','2021-02-03 14:20:26','2021-02-03 14:20:26'),(102,333,51,40738,NULL,2,480,2,14500.00,'2020-09-01 17:12:44','2021-02-03 14:20:26','2021-02-03 14:20:26'),(103,333,52,40739,NULL,2,13,1,2000.00,'2020-09-01 17:12:44','2021-02-03 14:20:22','2021-02-03 14:20:22'),(104,333,52,40739,NULL,2,480,2,2000.00,'2020-09-01 17:12:44','2021-02-03 14:20:22','2021-02-03 14:20:22'),(105,333,53,40736,NULL,2,13,1,3500.00,'2020-09-01 17:12:44','2021-02-03 14:20:18','2021-02-03 14:20:18'),(106,333,53,40736,NULL,2,480,2,3500.00,'2020-09-01 17:12:44','2021-02-03 14:20:18','2021-02-03 14:20:18'),(107,333,54,40766,NULL,2,13,1,12000.00,'2020-09-01 17:12:44','2021-02-03 14:20:12','2021-02-03 14:20:12'),(108,333,54,40766,NULL,2,480,2,12000.00,'2020-09-01 17:12:44','2021-02-03 14:20:12','2021-02-03 14:20:12'),(109,333,55,40804,NULL,2,758,1,4500.00,'2020-09-01 17:13:34','2020-09-01 17:15:00','2020-09-01 17:15:00'),(110,333,55,40804,NULL,2,13,2,4500.00,'2020-09-01 17:13:34','2020-09-01 17:15:00','2020-09-01 17:15:00'),(111,333,56,40804,NULL,2,13,1,4500.00,'2020-09-01 17:15:00','2021-02-03 14:20:35','2021-02-03 14:20:35'),(112,333,56,40804,NULL,2,480,2,4500.00,'2020-09-01 17:15:00','2021-02-03 14:20:35','2021-02-03 14:20:35'),(113,333,57,40804,NULL,2,758,1,3500.00,'2020-09-01 17:15:41','2020-09-01 18:02:25','2020-09-01 18:02:25'),(114,333,57,40804,NULL,2,13,2,3500.00,'2020-09-01 17:15:41','2020-09-01 18:02:25','2020-09-01 18:02:25');

--
-- Table structure for table `conta_centro_costo_plan_cuenta`
--

CREATE TABLE `conta_centro_costo_plan_cuenta` (
  `id` bigint(20) unsigned NOT NULL AUTO_INCREMENT,
  `user_id` int(10) unsigned DEFAULT NULL,
  `conta_centro_costo_id` bigint(20) unsigned DEFAULT NULL,
  `conta_plan_cuenta_id` int(10) unsigned NOT NULL,
  `created_at` timestamp NULL DEFAULT NULL,
  `updated_at` timestamp NULL DEFAULT NULL,
  `deleted_at` timestamp NULL DEFAULT NULL,
  PRIMARY KEY (`id`),
  KEY `conta_centro_costo_plan_cuenta_conta_centro_costo_id_foreign` (`conta_centro_costo_id`),
  KEY `conta_centro_costo_plan_cuenta_conta_plan_cuenta_id_foreign` (`conta_plan_cuenta_id`),
  CONSTRAINT `conta_centro_costo_plan_cuenta_conta_centro_costo_id_foreign` FOREIGN KEY (`conta_centro_costo_id`) REFERENCES `conta_centro_costos` (`id`),
  CONSTRAINT `conta_centro_costo_plan_cuenta_conta_plan_cuenta_id_foreign` FOREIGN KEY (`conta_plan_cuenta_id`) REFERENCES `conta_plan_cuenta` (`id`)
) ENGINE=InnoDB DEFAULT CHARSET=utf8mb4 COLLATE=utf8mb4_unicode_ci;

--
-- Dumping data for table `conta_centro_costo_plan_cuenta`
--


--
-- Table structure for table `conta_centro_costos`
--

CREATE TABLE `conta_centro_costos` (
  `id` bigint(20) unsigned NOT NULL AUTO_INCREMENT,
  `user_id` int(10) unsigned DEFAULT NULL,
  `person_id` int(10) unsigned NOT NULL,
  `descripcion` text COLLATE utf8mb4_unicode_ci NOT NULL,
  `habilitado` tinyint(1) NOT NULL DEFAULT '1',
  `created_at` timestamp NULL DEFAULT NULL,
  `updated_at` timestamp NULL DEFAULT NULL,
  `deleted_at` timestamp NULL DEFAULT NULL,
  PRIMARY KEY (`id`),
  KEY `conta_centro_costos_person_id_foreign` (`person_id`),
  CONSTRAINT `conta_centro_costos_person_id_foreign` FOREIGN KEY (`person_id`) REFERENCES `persons` (`id`)
) ENGINE=InnoDB DEFAULT CHARSET=utf8mb4 COLLATE=utf8mb4_unicode_ci;

--
-- Dumping data for table `conta_centro_costos`
--


--
-- Table structure for table `conta_plan_cuenta`
--

CREATE TABLE `conta_plan_cuenta` (
  `id` int(10) unsigned NOT NULL AUTO_INCREMENT,
  `user_id` int(10) unsigned DEFAULT NULL,
  `codigo` int(11) NOT NULL,
  `tipo_cuenta_id` int(10) unsigned NOT NULL,
  `saldo_id` int(10) unsigned NOT NULL,
  `padre` int(11) NOT NULL,
  `nombre` varchar(255) COLLATE utf8mb4_unicode_ci NOT NULL,
  `rubro` varchar(255) COLLATE utf8mb4_unicode_ci DEFAULT NULL,
  `cpcuenta_type_tc_id` bigint(20) unsigned DEFAULT NULL,
  `comentario` varchar(255) COLLATE utf8mb4_unicode_ci DEFAULT NULL,
  `status` int(10) unsigned NOT NULL DEFAULT '1',
  `no_editable` int(11) NOT NULL DEFAULT '1',
  `tes_cta_cte` tinyint(1) NOT NULL DEFAULT '0',
  `tes_cuenta_origen` tinyint(1) NOT NULL DEFAULT '0',
  `tes_cuenta_destino` tinyint(1) NOT NULL DEFAULT '0',
  `conta_asientos` tinyint(1) NOT NULL DEFAULT '0',
  `deleted_at` timestamp NULL DEFAULT NULL,
  PRIMARY KEY (`id`),
  KEY `conta_plan_cuenta_tipo_cuenta_id_foreign` (`tipo_cuenta_id`),
  KEY `conta_plan_cuenta_saldo_id_foreign` (`saldo_id`),
  KEY `conta_plan_cuenta_cpcuenta_type_tc_id_foreign` (`cpcuenta_type_tc_id`),
  CONSTRAINT `conta_plan_cuenta_cpcuenta_type_tc_id_foreign` FOREIGN KEY (`cpcuenta_type_tc_id`) REFERENCES `cpcuenta_types_tc` (`id`),
  CONSTRAINT `conta_plan_cuenta_saldo_id_foreign` FOREIGN KEY (`saldo_id`) REFERENCES `conta_tipo_saldos` (`id`),
  CONSTRAINT `conta_plan_cuenta_tipo_cuenta_id_foreign` FOREIGN KEY (`tipo_cuenta_id`) REFERENCES `conta_tipo_cuentas` (`id`)
) ENGINE=InnoDB AUTO_INCREMENT=1433 DEFAULT CHARSET=utf8mb4 COLLATE=utf8mb4_unicode_ci;

--
-- Dumping data for table `conta_plan_cuenta`
--

INSERT INTO `conta_plan_cuenta` VALUES (1,NULL,1000000,1,1,0,'ACTIVO','Activo',NULL,NULL,1,1,0,0,0,0,NULL),(2,NULL,1100000,2,1,1000000,'ACTIVO CORRIENTE','Activo',NULL,NULL,1,1,0,0,0,0,NULL),(3,NULL,1110000,3,1,1100000,'CAJA Y BANCOS','Activo',NULL,NULL,1,1,0,0,0,0,NULL),(4,NULL,1110100,4,1,1110000,'CAJAS','Activo',NULL,NULL,1,1,0,0,0,0,NULL),(5,333,1110126,5,1,1110100,'Caja Oficina','Activo',NULL,NULL,1,1,1,1,1,1,NULL),(6,NULL,1110102,5,1,1110100,'Caja Casa','Activo',NULL,NULL,0,1,0,0,0,0,NULL),(7,NULL,1110103,5,1,1110100,'Caja Dolares Casa','Activo',NULL,NULL,0,1,0,0,0,0,NULL),(8,333,1110127,5,1,1110100,'Banco Santander','Activo',NULL,NULL,0,1,0,0,0,0,NULL),(9,NULL,1110200,4,1,1110000,'BANCOS','Activo',NULL,NULL,1,1,0,0,0,0,NULL),(10,NULL,1110201,5,1,1110200,'Banco Santander Rio Cta Corriente','Activo',NULL,NULL,1,2,1,1,1,0,NULL),(11,NULL,1110202,5,1,1110200,'Banco Santander Rio Cta Corriente DOLARES','Activo',NULL,NULL,1,2,1,1,1,0,NULL),(12,NULL,1130000,3,1,1100000,'CREDITOS POR VENTAS','Activo',NULL,NULL,1,1,0,0,0,0,NULL),(13,NULL,1130101,5,1,1130100,'Clientes - Deudores','Activo',NULL,NULL,1,2,0,0,0,1,NULL),(14,NULL,1130102,5,1,1130100,'Deudores por ventas comunes','Activo',NULL,NULL,1,1,0,0,0,1,NULL),(15,NULL,1130103,5,1,1130100,'Deudores por ventas morosos','Activo',NULL,NULL,1,1,0,0,0,1,NULL),(16,NULL,1130104,5,1,1130100,'Deudores en gestión judicial','Activo',NULL,NULL,1,1,0,0,0,1,NULL),(17,NULL,1130105,5,1,1130100,'Previsión deudores incobrables','Activo',NULL,NULL,1,1,0,0,0,1,NULL),(18,NULL,1140000,3,1,1100000,'OTROS CREDITOS','Activo',NULL,NULL,1,1,0,0,0,0,NULL),(19,NULL,1140100,4,1,1140000,'Retenciones Sufridas','Activo',NULL,NULL,1,1,0,0,0,0,NULL),(20,NULL,1140301,5,1,1140300,'Anticipos Impuesto a las Ganancias','Activo',4,NULL,1,2,0,0,1,1,NULL),(21,NULL,1140102,5,1,1140100,'Retenciones Ingr. Brutos','Activo',NULL,NULL,0,1,0,0,0,0,NULL),(22,NULL,1140329,5,1,1140300,'Anticipo Impto.Ganancia Mínima Presunta','Activo',NULL,NULL,1,1,0,0,0,1,NULL),(23,NULL,1140105,5,1,1140100,'Retenciones Impuesto a las Ganancias','Activo',3,NULL,1,2,1,0,0,1,NULL),(24,NULL,1140106,5,1,1140100,'Impuesto a las Ganancias (Saldo a favor)','Activo',NULL,NULL,1,1,0,0,0,1,NULL),(25,NULL,1140107,5,1,1140100,'Retenciones de IVA','Activo',NULL,NULL,1,2,1,0,0,1,NULL),(26,NULL,1140200,4,1,1140000,'CREDITOS DIVERSOS','Activo',NULL,NULL,1,1,0,0,0,0,NULL),(27,NULL,1140201,5,1,1140200,'Anticipos de proveedores','Activo',NULL,NULL,1,1,0,0,0,1,NULL),(28,NULL,1140205,5,1,1140200,'Depósito en garantía alquileres','Activo',NULL,NULL,1,1,0,0,0,1,NULL),(29,NULL,1140206,5,1,1140200,'Derechos adquiridos a devengar','Activo',NULL,NULL,1,1,0,0,0,1,NULL),(30,NULL,1140207,5,1,1140200,'Intereses a devengar','Activo',NULL,NULL,1,1,0,0,0,1,NULL),(31,NULL,1140208,5,1,1140200,'Cuentas a rendir - Directores','Activo',NULL,NULL,1,1,0,0,0,1,NULL),(32,NULL,1140210,5,1,1140200,'Alquileres no devengados','Activo',NULL,NULL,1,1,0,0,0,1,NULL),(33,NULL,1150000,3,1,1100000,'BIENES DE CAMBIO','Activo',5,NULL,1,1,0,0,0,0,NULL),(34,NULL,1150400,4,1,1150000,'MERCADERIA DE REVENTA','Activo',5,NULL,1,1,0,0,0,0,NULL),(35,NULL,1200000,2,1,1000000,'ACTIVO NO CORRIENTE','Activo',5,NULL,1,1,0,0,0,0,NULL),(36,NULL,1220000,3,1,1200000,'BIENES DE USO','Activo',5,NULL,1,1,0,0,0,0,NULL),(37,NULL,1220100,4,1,1220000,'EQUIPOS DE COMPUTACION','Activo',5,NULL,1,1,0,0,0,0,NULL),(38,NULL,1220101,5,1,1220100,'Equipos de computación valores históricos','Activo',5,NULL,1,1,0,0,0,1,NULL),(39,NULL,1220102,5,1,1220100,'Equipos de computación ajuste','Activo',5,NULL,1,1,0,0,0,1,NULL),(40,NULL,1220108,5,1,1220100,'Amortización Acumulada Equipos de comput.','Activo',5,NULL,1,1,0,0,0,1,NULL),(41,NULL,1220200,4,1,1220000,'INSTALACIONES','Activo',5,NULL,1,1,0,0,0,0,NULL),(42,NULL,1220201,5,1,1220200,'Instalaciones valores históricos','Activo',5,NULL,1,1,0,0,0,1,NULL),(43,NULL,1220202,5,1,1220200,'Instalaciones ajuste','Activo',5,NULL,1,1,0,0,0,1,NULL);
INSERT INTO `conta_plan_cuenta` VALUES (44,NULL,1220206,5,1,1220200,'Amortización Acumulada Instalaciones','Activo',5,NULL,1,1,0,0,0,1,NULL),(45,NULL,1220300,4,1,1220000,'MUEBLES Y UTILES','Activo',5,NULL,1,1,0,0,0,0,NULL),(46,NULL,1220301,5,1,1220300,'Muebles y utiles valores históricos','Activo',5,NULL,1,1,0,0,0,1,NULL),(47,NULL,1220302,5,1,1220300,'Muebles y utiles ajuste','Activo',5,NULL,1,1,0,0,0,1,NULL),(48,NULL,1220306,5,1,1220300,'Amortización Acumulada Muebles y Útiles','Activo',5,NULL,1,1,0,0,0,1,NULL),(49,NULL,1230000,3,1,1200000,'ACTIVOS INTANGIBLES','Activo',5,NULL,1,1,0,0,0,0,NULL),(50,NULL,1230101,5,1,1230100,'Gastos de organización valores historicos','Activo',5,NULL,1,1,0,0,0,1,NULL),(51,NULL,1230102,5,1,1230100,'Gastos de organización ajuste','Activo',5,NULL,1,1,0,0,0,1,NULL),(52,NULL,1230103,5,1,1230100,'Amortización acumulada gs. de organización','Activo',5,NULL,1,1,0,0,0,1,NULL),(53,NULL,2000000,1,2,0,'PASIVO','Pasivo',NULL,NULL,1,1,0,0,0,0,NULL),(54,NULL,2100000,2,2,2000000,'PASIVO CORRIENTE','Pasivo',NULL,NULL,1,1,0,0,0,0,NULL),(55,NULL,2110000,3,2,2100000,'Deudas','Pasivo',NULL,NULL,1,1,0,0,0,0,NULL),(56,NULL,2110100,4,2,2110000,'Comerciales','Pasivo',NULL,NULL,1,1,0,0,0,0,NULL),(57,NULL,2110101,5,2,2110100,'Proveedores en Cta. Cte. locales','Pasivo',NULL,NULL,1,2,0,0,0,1,NULL),(58,NULL,2110102,5,2,2110100,'Proveedores en cta. cte. exterior','Pasivo',NULL,NULL,1,1,0,0,0,1,NULL),(59,NULL,2110103,5,2,2110100,'Derechos de exhibición a devengar','Pasivo',NULL,NULL,1,1,0,0,0,1,NULL),(60,NULL,2110104,5,2,2110100,'Cheques emitidos ','Pasivo',NULL,NULL,1,2,1,1,1,1,NULL),(61,NULL,2110200,4,2,2110000,'REMUNERACIONES Y CARGAS SOCIALES','Pasivo',NULL,NULL,1,1,0,0,0,0,NULL),(62,NULL,2110201,5,2,2110200,'Sueldos y Jornales a pagar','Pasivo',NULL,NULL,1,2,0,0,1,1,NULL),(63,NULL,2110202,5,2,2110200,'Cargas sociales a pagar','Pasivo',NULL,NULL,1,2,0,0,0,1,NULL),(64,NULL,2110203,5,2,2110200,'Sindicatos a Pagar','Pasivo',NULL,NULL,1,2,0,0,0,1,NULL),(65,NULL,2110300,4,2,2110000,'CARGAS FISCALES','Pasivo',NULL,NULL,1,1,0,0,0,0,NULL),(67,NULL,2110301,5,2,2110300,'IVA Debito Fiscal','Pasivo',NULL,NULL,1,2,0,0,0,1,NULL),(68,NULL,1140222,5,1,1140200,'IVA Credito Fiscal','Activo',NULL,NULL,1,2,0,0,0,1,NULL),(69,NULL,2110303,5,2,2110300,'Impuestos Internos','Pasivo',NULL,NULL,1,1,0,0,0,1,NULL),(70,NULL,2110304,5,2,2110300,'Impuestos al Combustible','Pasivo',NULL,NULL,1,1,0,0,0,1,NULL),(71,NULL,2110601,5,2,2110600,'IVA Retenciones de terceros','Pasivo',NULL,NULL,1,1,0,0,0,1,NULL),(72,NULL,2110306,5,2,2110300,'IVA Percepciones realiz.por terceros','Pasivo',NULL,NULL,1,2,0,0,0,1,NULL),(73,NULL,2110307,5,2,2110300,'IVA Saldo a favor','Pasivo',NULL,NULL,1,1,0,0,0,1,NULL),(74,NULL,2110308,5,2,2110300,'IVA a pagar','Pasivo',NULL,NULL,1,2,0,0,0,1,NULL),(75,NULL,2110309,5,2,2110300,'Percepciones Ingresos Brutos','Pasivo',NULL,NULL,1,1,0,0,0,1,NULL),(76,NULL,2110310,5,2,2110300,'Otros Pagos AFIP','Pasivo',NULL,NULL,1,1,0,0,0,1,NULL),(78,NULL,2110350,5,2,2110300,'Impuesto a los Ingresos Brutos Pasivo','Pasivo',NULL,NULL,1,1,0,0,0,1,NULL),(79,NULL,2110313,5,2,2110300,'Impuesto a las Ganancias','Pasivo',NULL,NULL,1,1,0,0,0,1,NULL),(80,NULL,2110314,5,2,2110300,'Impuesto a la Ganancia Mínima Presunta','Pasivo',NULL,NULL,1,1,0,0,0,1,NULL),(81,NULL,2110602,5,2,2110600,'AFIP - Retenciones Impuesto a las Ganancias','Pasivo',NULL,NULL,1,1,0,0,0,1,NULL),(82,NULL,2110316,5,2,2110300,'AFIP - Plan de Facilidades Decreto 338/02','Pasivo',NULL,NULL,1,1,0,0,0,1,NULL),(83,NULL,2200000,2,2,2000000,'PASIVO NO CORRIENTE','Pasivo',NULL,NULL,1,1,0,0,0,0,NULL),(84,NULL,3000000,1,2,0,'PATRIMONIO NETO','Patrimonio Neto',NULL,NULL,1,1,0,0,0,0,NULL),(85,NULL,3100000,2,2,3000000,'APORTE DE LOS PROPIETARIOS','Patrimonio Neto',NULL,NULL,1,1,0,0,0,0,NULL),(86,NULL,3110100,4,2,3110000,'CAPITAL SOCIAL','Patrimonio Neto',NULL,NULL,1,1,0,0,0,0,NULL),(87,NULL,3110101,5,2,3110100,'Acciones en circulación','Patrimonio Neto',NULL,NULL,1,1,0,0,0,1,NULL);
INSERT INTO `conta_plan_cuenta` VALUES (88,NULL,3110102,5,2,3110100,'Ajuste del Capital','Patrimonio Neto',NULL,NULL,1,2,0,0,0,1,NULL),(89,NULL,3110103,5,2,3110100,'Aportes Irrevocables Futuras Suscripciones','Patrimonio Neto',NULL,NULL,1,1,0,0,0,1,NULL),(90,NULL,3400000,2,2,3000000,'RESULTADOS','Patrimonio Neto',NULL,NULL,1,1,0,0,0,0,NULL),(91,NULL,3410101,5,2,3410100,'Resultado del ejercicio','Patrimonio Neto',NULL,NULL,1,1,0,0,0,1,NULL),(92,NULL,3410102,5,2,3410100,'Resultado ejercicios anteriores','Patrimonio Neto',NULL,NULL,1,1,0,0,0,1,NULL),(93,NULL,3410103,5,2,3410100,'A.R.E.A.','Patrimonio Neto',NULL,NULL,1,1,0,0,0,1,NULL),(94,NULL,4000000,1,2,0,'INGRESOS','Result. Positivo',NULL,NULL,1,1,0,0,0,0,NULL),(95,NULL,4100000,2,2,4000000,'INGRESOS ORDINARIOS','Result. Positivo',NULL,NULL,1,1,0,0,0,0,NULL),(96,NULL,4110101,5,2,4110100,'VENTAS','Result. Positivo',NULL,NULL,1,2,0,0,0,1,NULL),(97,NULL,4110102,5,2,4110100,'Honorarios','Result. Positivo',NULL,NULL,1,1,0,0,0,1,NULL),(98,NULL,4110103,5,2,4110100,'Sueldo Vane','Result. Positivo',NULL,NULL,0,1,0,0,0,0,NULL),(99,NULL,4110104,5,2,4110100,'Descuentos obtenidos','Result. Positivo',NULL,NULL,1,1,0,0,0,1,NULL),(100,NULL,4110105,5,2,4110100,'Reintegros por exportaciones','Result. Positivo',NULL,NULL,1,1,0,0,0,1,NULL),(101,NULL,4120000,3,2,4100000,'OTROS INGRESOS','Result. Positivo',NULL,NULL,1,1,0,0,0,0,NULL),(102,NULL,4120101,5,2,4120100,'Intereses Cobrados','Result. Positivo',NULL,NULL,1,1,0,0,0,1,NULL),(103,NULL,4120102,5,2,4120100,'Diferencias de cambio','Result. Positivo',NULL,NULL,1,1,0,0,0,1,NULL),(104,NULL,4120103,5,2,4120100,'Descuentos obtenidos','Result. Positivo',NULL,NULL,1,1,0,0,0,1,NULL),(107,NULL,5000000,1,1,0,'GASTOS','Result. Negativo',NULL,NULL,1,1,0,0,0,0,NULL),(108,NULL,5100000,2,1,5000000,'GASTOS ORDINARIOS','Result. Negativo',NULL,NULL,1,1,0,0,0,0,NULL),(109,NULL,5110100,4,1,5110000,'ASIENTO DE SUELDO','Result. Negativo',NULL,NULL,1,1,0,0,0,0,NULL),(110,NULL,5110101,5,1,5110100,'Sueldos','Result. Negativo',2,NULL,1,2,0,0,0,1,NULL),(111,NULL,5110102,5,1,5110100,'Contribuciones','Result. Negativo',2,NULL,1,2,0,0,0,1,NULL),(112,NULL,5110103,5,1,5110100,'Sindicato','Result. Negativo',2,NULL,1,2,0,0,0,1,NULL),(113,NULL,5120100,4,1,5120000,'GASTOS DE OPERACION','Result. Negativo',NULL,NULL,1,1,0,0,0,0,NULL),(114,NULL,5120101,5,1,5120100,'ACA','Result. Negativo',NULL,NULL,1,1,0,0,0,1,NULL),(115,NULL,5120102,5,1,5120100,'Aereos','Result. Negativo',NULL,NULL,1,1,0,0,0,1,NULL),(116,NULL,5120103,5,1,5120100,'Alquiler','Result. Negativo',NULL,NULL,1,1,0,0,0,1,NULL),(117,NULL,5120104,5,1,5120100,'AGUA AYSA','Result. Negativo',NULL,NULL,1,1,0,0,0,1,NULL),(118,NULL,5120105,5,1,5120100,'TV Cablevision','Result. Negativo',NULL,NULL,1,1,0,0,0,1,NULL),(119,NULL,5120106,5,1,5120100,'Caja Jubilacion Consejo','Result. Negativo',NULL,NULL,1,1,0,0,0,1,NULL),(120,NULL,5120107,5,1,5120100,'Celulares','Result. Negativo',NULL,NULL,1,1,0,0,0,1,NULL),(121,NULL,5120108,5,1,5120100,'Cheques','Result. Negativo',NULL,NULL,1,1,0,0,0,1,NULL),(122,NULL,5120109,5,1,5120100,'Club la Nacion','Result. Negativo',NULL,NULL,0,1,0,0,0,0,NULL),(123,NULL,5120110,5,1,5120100,'Comida','Result. Negativo',NULL,NULL,1,1,0,0,0,1,NULL),(124,NULL,5120111,5,1,5120100,'Diario Clarin','Result. Negativo',NULL,NULL,0,1,0,0,0,0,NULL),(125,NULL,5120112,5,1,5120100,'Digital Ocean','Result. Negativo',NULL,NULL,0,1,0,0,0,0,NULL),(126,NULL,5120113,5,1,5120100,'Fletes y acarreos','Result. Negativo',NULL,NULL,1,1,0,0,0,1,NULL),(127,NULL,5120114,5,1,5120100,'Luz Edesur','Result. Negativo',NULL,NULL,1,1,0,0,0,1,NULL),(128,NULL,5120115,5,1,5120100,'Movilidad y Viáticos','Result. Negativo',NULL,NULL,1,1,0,0,0,1,NULL),(129,NULL,5120116,5,1,5120100,'Mantenimiento','Result. Negativo',NULL,NULL,1,1,0,0,0,1,NULL),(130,NULL,5120117,5,1,5120100,'IVA No Computable','Result. Negativo',NULL,NULL,1,1,0,0,0,1,NULL),(131,333,5120111,5,2,5120100,'Gastos de Talleres','Result. Negativo',NULL,NULL,1,1,0,0,0,1,NULL);
INSERT INTO `conta_plan_cuenta` VALUES (132,NULL,5120119,5,1,5120100,'Amortización Bienes de Uso','Result. Negativo',NULL,NULL,1,1,0,0,0,1,NULL),(133,NULL,5120120,5,1,5120100,'Errepar','Result. Negativo',NULL,NULL,0,1,0,0,0,0,NULL),(134,NULL,5120121,5,1,5120100,'Hosting Página Web To Webs','Result. Negativo',NULL,NULL,0,1,0,0,0,0,NULL),(135,NULL,5120122,5,1,5120100,'Gastos varios','Result. Negativo',NULL,NULL,1,1,0,0,0,1,NULL),(136,NULL,5120123,5,1,5120100,'Ajuste por redondeo','Result. Negativo',NULL,NULL,1,2,0,0,0,1,NULL),(137,NULL,5120124,5,1,5120100,'Deudores Incobrables','Result. Negativo',NULL,NULL,1,1,0,0,0,1,NULL),(138,NULL,5120125,5,1,5120100,'Faby Goncalves','Result. Negativo',NULL,NULL,0,1,0,0,0,0,NULL),(139,NULL,5130100,4,1,5130000,'GASTOS FINANCIEROS','Result. Negativo',NULL,NULL,1,1,0,0,0,0,NULL),(140,NULL,5130101,5,1,5130100,'Intereses y Gastos bancarios','Result. Negativo',NULL,NULL,1,2,0,0,1,1,NULL),(141,NULL,5130102,5,1,5130100,'Intereses Proveedores','Result. Negativo',NULL,NULL,1,1,0,0,0,1,NULL),(142,NULL,5130103,5,1,5130100,'Damian Financiera','Result. Negativo',NULL,NULL,0,1,0,0,0,0,NULL),(143,NULL,5130104,5,1,5130100,'Diferencias de cambio','Result. Negativo',NULL,NULL,1,1,0,0,0,1,NULL),(144,NULL,5130105,5,1,5130100,'Diferencia de Cambio Bces. en M.Extranjera','Result. Negativo',NULL,NULL,1,1,0,0,0,1,NULL),(145,NULL,5130106,5,1,5130100,'Diferencia tipo cambio Vendedor/Comprador','Result. Negativo',NULL,NULL,1,1,0,0,0,1,NULL),(146,NULL,5130107,5,1,5130100,'Diferencia por conversion en Bce. en Mon. Extranj.','Result. Negativo',NULL,NULL,1,1,0,0,0,1,NULL),(147,NULL,5130108,5,1,5130100,'Diferencia de cambio CMV','Result. Negativo',NULL,NULL,1,1,0,0,0,1,NULL),(148,NULL,5130109,5,1,5130100,'Diferencia de cambio PT','Result. Negativo',NULL,NULL,1,1,0,0,0,1,NULL),(149,NULL,5130110,5,1,5130100,'Resultado por Exposición a la Inflación','Result. Negativo',NULL,NULL,1,1,0,0,0,1,NULL),(150,NULL,5130111,5,1,5130100,'Diferencia de cambio PE','Result. Negativo',NULL,NULL,1,1,0,0,0,1,NULL),(151,NULL,5130112,5,1,5130100,'Diferencia de cambio Ds.Vtas.','Result. Negativo',NULL,NULL,1,1,0,0,0,1,NULL),(152,NULL,5130113,5,1,5130100,'Diferencia de cambio ME','Result. Negativo',NULL,NULL,1,1,0,0,0,1,NULL),(153,NULL,5130114,5,1,5130100,'Descuentos otorgados','Result. Negativo',NULL,NULL,1,1,0,0,0,1,NULL),(154,NULL,5140100,4,1,5140000,'IMPUESTOS','Result. Negativo',NULL,NULL,1,1,0,0,0,0,NULL),(155,NULL,5140101,5,1,5140100,'Impuesto a las Ganancias','Result. Negativo',NULL,NULL,1,1,0,0,0,1,NULL),(156,NULL,5140164,5,1,5140100,'Impuesto a los Ingresos Brutos','Result. Negativo',NULL,NULL,1,2,0,0,0,1,NULL),(157,NULL,5140102,5,1,5140100,'Impuesto al Debito y Credito Bancario','Result. Negativo',NULL,NULL,1,1,0,0,0,1,NULL),(158,NULL,5200000,2,1,5000000,'GASTOS EXTRAORDINARIOS','Result. Negativo',NULL,NULL,1,1,0,0,0,0,NULL),(159,NULL,5210101,5,1,5210100,'Pérdida por venta bienes de uso','Result. Negativo',NULL,NULL,1,1,0,0,0,1,NULL),(160,NULL,5210102,5,1,5210100,'Inversiones','Result. Negativo',NULL,NULL,1,1,0,0,0,1,NULL),(161,NULL,5210103,5,1,5210100,'Amortizaciones extraordinarias','Result. Negativo',NULL,NULL,1,1,0,0,0,1,NULL),(162,NULL,1140103,5,1,1140100,'Retenciones SUSS','Activo',NULL,NULL,1,2,1,0,0,1,NULL),(163,NULL,1110122,5,1,1110100,'Banco Patagonia Cta. Cte.','Activo',NULL,NULL,0,1,0,0,0,0,NULL),(164,NULL,1110106,5,1,1110100,'Banco HSBC','Activo',NULL,NULL,0,1,0,0,0,0,NULL),(165,NULL,1110123,5,1,1110100,'Banco Ciudad Cta. Cte.','Activo',NULL,NULL,0,1,0,0,0,0,NULL),(166,NULL,1110124,5,1,1110100,'Banco Nacion Cta. Cte.','Activo',NULL,NULL,0,1,0,0,0,0,NULL),(167,NULL,1110109,5,1,1110100,'Banco Galicia Vane','Activo',NULL,NULL,0,1,0,0,0,0,NULL),(168,NULL,1110110,5,1,1110100,'Banco Frances Vane','Activo',NULL,NULL,0,1,0,0,0,0,NULL),(169,NULL,1110111,5,1,1110100,'Banco Patagonia In Time SRL','Activo',NULL,NULL,0,1,0,0,0,0,NULL),(170,NULL,1110112,5,1,1110100,'Banco Ciudad In Time SRL','Activo',NULL,NULL,0,1,0,0,0,0,NULL);
INSERT INTO `conta_plan_cuenta` VALUES (171,NULL,1110113,5,1,1110100,'Banco Provincia In Time SRL','Activo',NULL,NULL,0,1,0,0,0,0,NULL),(172,NULL,1110114,5,1,1110100,'Banco Macro PedimeOnline','Activo',NULL,NULL,0,1,0,0,0,0,NULL),(173,NULL,1110115,5,1,1110100,'Banco Patagonia Problema Resuelto','Activo',NULL,NULL,0,1,0,0,0,0,NULL),(174,NULL,1110116,5,1,1110100,'Banco Patagonia Graciela','Activo',NULL,NULL,0,1,0,0,0,0,NULL),(175,NULL,1110117,5,1,1110100,'Banco Patagonia Omar','Activo',NULL,NULL,0,1,0,0,0,0,NULL),(176,NULL,1110118,5,1,1110100,'Cheques','Activo',NULL,NULL,1,2,1,1,1,0,NULL),(177,NULL,5120126,5,1,5120100,'Gisela Larzabal','Result. Negativo',NULL,NULL,0,1,0,0,0,0,NULL),(178,NULL,5120127,5,1,5120100,'Google','Result. Negativo',NULL,NULL,1,1,0,0,0,1,NULL),(179,NULL,5120128,5,1,5120100,'Seguro Moto','Result. Negativo',NULL,NULL,0,1,0,0,0,0,NULL),(180,NULL,5120129,5,1,5120100,'Sueldo Agustina','Result. Negativo',NULL,NULL,0,1,0,0,0,0,NULL),(181,NULL,5120130,5,1,5120100,'Sueldo Betty','Result. Negativo',NULL,NULL,0,1,0,0,0,0,NULL),(182,NULL,5120131,5,1,5120100,'Sueldo Elizabet','Result. Negativo',NULL,NULL,0,1,0,0,0,0,NULL),(183,NULL,5120132,5,1,5120100,'Sueldo Florencia','Result. Negativo',NULL,NULL,0,1,0,0,0,0,NULL),(184,NULL,5120133,5,1,5120100,'Sueldo Graciela','Result. Negativo',NULL,NULL,0,1,0,0,0,0,NULL),(185,NULL,5120134,5,1,5120100,'Sueldo Franco Sanchez','Result. Negativo',NULL,NULL,0,1,0,0,0,0,NULL),(186,NULL,5120135,5,1,5120100,'Sueldo Santiago Sanchez','Result. Negativo',NULL,NULL,0,1,0,0,0,0,NULL),(187,NULL,5120136,5,1,5120100,'Sueldo Jose Luis','Result. Negativo',NULL,NULL,0,1,0,0,0,0,NULL),(188,NULL,5120137,5,1,5120100,'Publicidad','Result. Negativo',NULL,NULL,1,1,0,0,0,1,NULL),(189,NULL,5120138,5,1,5120100,'Las Nieves','Result. Negativo',NULL,NULL,0,1,0,0,0,0,NULL),(190,NULL,5120139,5,1,5120100,'Sueldo Lidia','Result. Negativo',NULL,NULL,0,1,0,0,0,0,NULL),(191,NULL,5120140,5,1,5120100,'Cargas Sociales','Result. Negativo',NULL,NULL,1,1,0,0,0,1,NULL),(192,NULL,5120141,5,1,5120100,'Honorarios','Result. Negativo',NULL,NULL,1,1,0,0,0,1,NULL),(193,NULL,5120142,5,1,5120100,'Telefono Fijo','Result. Negativo',NULL,NULL,1,1,0,0,0,1,NULL),(194,NULL,5120143,5,1,5120100,'ONE DRIVE','Result. Negativo',NULL,NULL,0,1,0,0,0,0,NULL),(195,NULL,5120144,5,1,5120100,'OSDE','Result. Negativo',NULL,NULL,0,1,0,0,0,0,NULL),(196,NULL,5120145,5,1,5120100,'SAS Constitucion','Result. Negativo',NULL,NULL,0,1,0,0,0,0,NULL),(197,NULL,5120146,5,1,5120100,'Seguro de Vida Zurich','Result. Negativo',NULL,NULL,0,1,0,0,0,0,NULL),(198,NULL,5120147,5,1,5120100,'Seguros','Result. Negativo',NULL,NULL,1,1,0,0,0,1,NULL),(199,NULL,5120148,5,1,5120100,'Internet','Result. Negativo',NULL,NULL,1,1,0,0,0,1,NULL),(200,NULL,5120149,5,1,5120100,'Seguro de Retiro Zurich','Result. Negativo',NULL,NULL,0,1,0,0,0,0,NULL),(201,NULL,5140165,5,1,5140100,'Monotributo','Result. Negativo',NULL,NULL,1,2,0,0,1,1,NULL),(202,NULL,5140104,5,1,5140100,'IVA In Time SRL','Result. Negativo',NULL,NULL,0,1,0,0,0,0,NULL),(203,NULL,5140105,5,1,5140100,'Autonomos','Result. Negativo',NULL,NULL,1,2,0,0,1,1,NULL),(204,NULL,5140106,5,1,5140100,'Multas Impositivas','Result. Negativo',NULL,NULL,1,1,0,0,0,1,NULL),(207,NULL,5120150,5,1,5120100,'Vanesa Gastos','Result. Negativo',NULL,NULL,0,1,0,0,0,0,NULL),(208,NULL,5140166,5,1,5140100,'Impuesto a los Ingresos Brutos - BS AS','Result. Negativo',NULL,NULL,1,1,0,0,0,1,NULL),(209,NULL,5140107,5,1,5140100,'SIRCREB','Result. Negativo',NULL,NULL,1,1,0,0,0,1,NULL),(210,NULL,5140108,5,1,5140100,'Consejo Ciencias Economicas','Result. Negativo',NULL,NULL,0,1,0,0,0,0,NULL),(211,NULL,5120152,5,1,5120100,'Albano Andres','Result. Negativo',NULL,NULL,0,1,0,0,0,0,NULL),(212,NULL,5120153,5,1,5120100,'Tarjeta Visa','Result. Negativo',NULL,NULL,1,1,0,0,0,1,NULL),(213,NULL,5120154,5,1,5120100,'Tarjeta American Express','Result. Negativo',NULL,NULL,1,1,0,0,0,1,NULL),(214,NULL,5120155,5,1,5120100,'Tarjeta Mastercard','Result. Negativo',NULL,NULL,1,1,0,0,0,1,NULL);
INSERT INTO `conta_plan_cuenta` VALUES (215,NULL,5120156,5,1,5120100,'Imp. Municipales Sufrida','Result. Negativo',NULL,NULL,1,2,0,0,0,1,NULL),(216,NULL,5120157,5,1,5120100,'Perc/Ret. Imp. Ganancias Sufrida','Result. Negativo',NULL,NULL,1,2,0,0,0,1,NULL),(217,NULL,5120158,5,1,5120100,'Compras','Result. Negativo',NULL,NULL,1,2,0,0,0,1,NULL),(218,NULL,4110106,5,2,4110100,'Ventas No Gravadas','Result. Positivo',1,NULL,1,2,0,0,0,1,NULL),(219,NULL,6110103,5,1,6110100,'Pagos AFIP','Movimiento',NULL,NULL,1,2,0,0,1,1,NULL),(220,NULL,5140167,5,1,5140100,'Perc IVA -RG3337 Sufrida','Result. Negativo',6,NULL,1,2,0,0,0,1,NULL),(221,NULL,5140109,5,1,5140100,'Imps. Internos Sufrida','Result. Negativo',NULL,NULL,1,2,0,0,0,1,NULL),(222,NULL,5140110,5,1,5140100,'Imp. Gasoil Sufrida','Result. Negativo',NULL,NULL,1,2,0,0,0,1,NULL),(223,NULL,5140111,5,1,5140100,'Imp. Hídricos Sufrida','Result. Negativo',NULL,NULL,1,2,0,0,0,1,NULL),(224,NULL,5140112,5,1,5140100,'ITC Sufrida','Result. Negativo',NULL,NULL,1,2,0,0,0,1,NULL),(225,NULL,5140113,5,1,5140100,'Perc IIBB  Buenos Aires Sufrida','Result. Negativo',7,NULL,1,2,0,0,0,1,NULL),(226,NULL,5140114,5,1,5140100,'Perc IIBB  Capital Federal Sufrida','Result. Negativo',7,NULL,1,2,0,0,0,1,NULL),(227,NULL,5140115,5,1,5140100,'Perc IIBB  Catamarca Sufrida','Result. Negativo',7,NULL,1,2,0,0,0,1,NULL),(228,NULL,5140116,5,1,5140100,'Perc IIBB  Chaco Sufrida','Result. Negativo',7,NULL,1,2,0,0,0,1,NULL),(229,NULL,5140117,5,1,5140100,'Perc IIBB  Chubut Sufrida','Result. Negativo',7,NULL,1,2,0,0,0,1,NULL),(230,NULL,5140118,5,1,5140100,'Perc IIBB  Córdoba Sufrida','Result. Negativo',7,NULL,1,2,0,0,0,1,NULL),(231,NULL,5140119,5,1,5140100,'Perc IIBB  Corrientes Sufrida','Result. Negativo',7,NULL,1,2,0,0,0,1,NULL),(232,NULL,5140120,5,1,5140100,'Perc IIBB  Entre Ríos Sufrida','Result. Negativo',7,NULL,1,2,0,0,0,1,NULL),(233,NULL,5140121,5,1,5140100,'Perc IIBB  Formosa Sufrida','Result. Negativo',7,NULL,1,2,0,0,0,1,NULL),(234,NULL,5140122,5,1,5140100,'Perc IIBB  Jujuy Sufrida','Result. Negativo',7,NULL,1,2,0,0,0,1,NULL),(235,NULL,5140123,5,1,5140100,'Perc IIBB  La Pampa Sufrida','Result. Negativo',7,NULL,1,2,0,0,0,1,NULL),(236,NULL,5140124,5,1,5140100,'Perc IIBB  La Rioja Sufrida','Result. Negativo',7,NULL,1,2,0,0,0,1,NULL),(237,NULL,5140125,5,1,5140100,'Perc IIBB  Mendoza Sufrida','Result. Negativo',7,NULL,1,2,0,0,0,1,NULL),(238,NULL,5140126,5,1,5140100,'Perc IIBB  Misiones Sufrida','Result. Negativo',7,NULL,1,2,0,0,0,1,NULL),(239,NULL,5140127,5,1,5140100,'Perc IIBB  Neuquén Sufrida','Result. Negativo',7,NULL,1,2,0,0,0,1,NULL),(240,NULL,5140128,5,1,5140100,'Perc IIBB  Pascua Lama Sufrida','Result. Negativo',7,NULL,1,2,0,0,0,1,NULL),(241,NULL,5140129,5,1,5140100,'Perc IIBB  Río Negro Sufrida','Result. Negativo',7,NULL,1,2,0,0,0,1,NULL),(242,NULL,5140130,5,1,5140100,'Perc IIBB  Salta Sufrida','Result. Negativo',7,NULL,1,2,0,0,0,1,NULL),(243,NULL,5140131,5,1,5140100,'Perc IIBB  San Juan Sufrida','Result. Negativo',7,NULL,1,2,0,0,0,1,NULL),(244,NULL,5140132,5,1,5140100,'Perc IIBB  San Luis Sufrida','Result. Negativo',7,NULL,1,2,0,0,0,1,NULL),(245,NULL,5140133,5,1,5140100,'Perc IIBB  Santa Cruz Sufrida','Result. Negativo',7,NULL,1,2,0,0,0,1,NULL),(246,NULL,5140134,5,1,5140100,'Perc IIBB  Santa Fe Sufrida','Result. Negativo',7,NULL,1,2,0,0,0,1,NULL),(247,NULL,5140135,5,1,5140100,'Perc IIBB  Santiago del Estero Sufrida','Result. Negativo',7,NULL,1,2,0,0,0,1,NULL),(248,NULL,5140136,5,1,5140100,'Perc IIBB  Tierra del Fuego Sufrida','Result. Negativo',7,NULL,1,2,0,0,0,1,NULL),(249,NULL,5140137,5,1,5140100,'Perc IIBB  Tucuman Sufrida','Result. Negativo',7,NULL,1,2,0,0,0,1,NULL),(250,NULL,5140138,5,1,5140100,'Compras No Gravadas','Result. Negativo',NULL,NULL,1,2,0,0,0,1,NULL),(251,NULL,1140108,5,1,1140100,'Retenciones de IIBB Buenos Aires','Activo',NULL,NULL,1,2,1,0,0,1,NULL),(252,NULL,1140109,5,1,1140100,'Retenciones de IIBB Capital Federal','Activo',NULL,NULL,1,2,1,0,0,1,NULL),(253,NULL,1140110,5,1,1140100,'Retenciones de IIBB Catamarca','Activo',NULL,NULL,1,2,1,0,0,1,NULL);
INSERT INTO `conta_plan_cuenta` VALUES (254,NULL,1140111,5,1,1140100,'Retenciones de IIBB Chaco','Activo',NULL,NULL,1,2,1,0,0,1,NULL),(255,NULL,1140112,5,1,1140100,'Retenciones de IIBB Chubut','Activo',NULL,NULL,1,2,1,0,0,1,NULL),(256,NULL,1140113,5,1,1140100,'Retenciones de IIBB Córdoba','Activo',NULL,NULL,1,2,1,0,0,1,NULL),(257,NULL,1140114,5,1,1140100,'Retenciones de IIBB Corrientes','Activo',NULL,NULL,1,2,1,0,0,1,NULL),(258,NULL,1140115,5,1,1140100,'Retenciones de IIBB Entre Ríos','Activo',NULL,NULL,1,2,1,0,0,1,NULL),(259,NULL,1140116,5,1,1140100,'Retenciones de IIBB Formosa','Activo',NULL,NULL,1,2,1,0,0,1,NULL),(260,NULL,1140117,5,1,1140100,'Retenciones de IIBB Jujuy','Activo',NULL,NULL,1,2,1,0,0,1,NULL),(261,NULL,1140118,5,1,1140100,'Retenciones de IIBB La Pampa','Activo',NULL,NULL,1,2,1,0,0,1,NULL),(262,NULL,1140119,5,1,1140100,'Retenciones de IIBB La Rioja','Activo',NULL,NULL,1,2,1,0,0,1,NULL),(263,NULL,1140120,5,1,1140100,'Retenciones de IIBB Mendoza','Activo',NULL,NULL,1,2,1,0,0,1,NULL),(264,NULL,1140121,5,1,1140100,'Retenciones de IIBB Misiones','Activo',NULL,NULL,1,2,1,0,0,1,NULL),(265,NULL,1140122,5,1,1140100,'Retenciones de IIBB Neuquén','Activo',NULL,NULL,1,2,1,0,0,1,NULL),(266,NULL,1140123,5,1,1140100,'Retenciones de IIBB Pascua Lama','Activo',NULL,NULL,1,2,1,0,0,1,NULL),(267,NULL,1140124,5,1,1140100,'Retenciones de IIBB Río Negro','Activo',NULL,NULL,1,2,1,0,0,1,NULL),(268,NULL,1140125,5,1,1140100,'Retenciones de IIBB Salta','Activo',NULL,NULL,1,2,1,0,0,1,NULL),(269,NULL,1140126,5,1,1140100,'Retenciones de IIBB San Juan','Activo',NULL,NULL,1,2,1,0,0,1,NULL),(270,NULL,1140127,5,1,1140100,'Retenciones de IIBB San Luis','Activo',NULL,NULL,1,2,1,0,0,1,NULL),(271,NULL,1140128,5,1,1140100,'Retenciones de IIBB Santa Cruz','Activo',NULL,NULL,1,2,1,0,0,1,NULL),(272,NULL,1140129,5,1,1140100,'Retenciones de IIBB Santa Fe','Activo',NULL,NULL,1,2,1,0,0,1,NULL),(273,NULL,1140130,5,1,1140100,'Retenciones de IIBB Santiago del Estero','Activo',NULL,NULL,1,2,1,0,0,1,NULL),(274,NULL,1140131,5,1,1140100,'Retenciones de IIBB Tierra del Fuego','Activo',NULL,NULL,1,2,1,0,0,1,NULL),(275,NULL,1140132,5,1,1140100,'Retenciones de IIBB Tucuman','Activo',NULL,NULL,1,2,1,0,0,1,NULL),(276,NULL,5140168,5,1,5140100,'SIRCREB Buenos Aires','Result. Negativo',NULL,NULL,1,2,0,0,0,1,NULL),(277,NULL,5140139,5,1,5140100,'SIRCREB Capital Federal','Result. Negativo',NULL,NULL,1,2,0,0,0,1,NULL),(278,NULL,5140140,5,1,5140100,'SIRCREB Catamarca','Result. Negativo',NULL,NULL,1,2,0,0,0,1,NULL),(279,NULL,5140141,5,1,5140100,'SIRCREB Chaco','Result. Negativo',NULL,NULL,1,2,0,0,0,1,NULL),(280,NULL,5140142,5,1,5140100,'SIRCREB Chubut','Result. Negativo',NULL,NULL,1,2,0,0,0,1,NULL),(281,NULL,5140143,5,1,5140100,'SIRCREB Córdoba','Result. Negativo',NULL,NULL,1,2,0,0,0,1,NULL),(282,NULL,5140144,5,1,5140100,'SIRCREB Corrientes','Result. Negativo',NULL,NULL,1,2,0,0,0,1,NULL),(283,NULL,5140145,5,1,5140100,'SIRCREB Entre Ríos','Result. Negativo',NULL,NULL,1,2,0,0,0,1,NULL),(284,NULL,5140146,5,1,5140100,'SIRCREB Formosa','Result. Negativo',NULL,NULL,1,2,0,0,0,1,NULL),(285,NULL,5140147,5,1,5140100,'SIRCREB Jujuy','Result. Negativo',NULL,NULL,1,2,0,0,0,1,NULL),(286,NULL,5140148,5,1,5140100,'SIRCREB La Pampa','Result. Negativo',NULL,NULL,1,2,0,0,0,1,NULL),(287,NULL,5140149,5,1,5140100,'SIRCREB La Rioja','Result. Negativo',NULL,NULL,1,2,0,0,0,1,NULL),(288,NULL,5140150,5,1,5140100,'SIRCREB Mendoza','Result. Negativo',NULL,NULL,1,2,0,0,0,1,NULL),(289,NULL,5140151,5,1,5140100,'SIRCREB Misiones','Result. Negativo',NULL,NULL,1,2,0,0,0,1,NULL),(290,NULL,5140152,5,1,5140100,'SIRCREB Neuquén','Result. Negativo',NULL,NULL,1,2,0,0,0,1,NULL),(291,NULL,5140153,5,1,5140100,'SIRCREB Pascua Lama','Result. Negativo',NULL,NULL,1,2,0,0,0,1,NULL),(292,NULL,5140154,5,1,5140100,'SIRCREB Río Negro','Result. Negativo',NULL,NULL,1,2,0,0,0,1,NULL),(293,NULL,5140155,5,1,5140100,'SIRCREB Salta','Result. Negativo',NULL,NULL,1,2,0,0,0,1,NULL),(294,NULL,5140156,5,1,5140100,'SIRCREB San Juan','Result. Negativo',NULL,NULL,1,2,0,0,0,1,NULL);
INSERT INTO `conta_plan_cuenta` VALUES (295,NULL,5140157,5,1,5140100,'SIRCREB San Luis','Result. Negativo',NULL,NULL,1,2,0,0,0,1,NULL),(296,NULL,5140158,5,1,5140100,'SIRCREB Santa Cruz','Result. Negativo',NULL,NULL,1,2,0,0,0,1,NULL),(297,NULL,5140159,5,1,5140100,'SIRCREB Santa Fe','Result. Negativo',NULL,NULL,1,2,0,0,0,1,NULL),(298,NULL,5140160,5,1,5140100,'SIRCREB Santiago del Estero','Result. Negativo',NULL,NULL,1,2,0,0,0,1,NULL),(299,NULL,5140161,5,1,5140100,'SIRCREB Tierra del Fuego','Result. Negativo',NULL,NULL,1,2,0,0,0,1,NULL),(300,NULL,5140162,5,1,5140100,'SIRCREB Tucuman','Result. Negativo',NULL,NULL,1,2,0,0,0,1,NULL),(301,NULL,1140326,5,1,1140300,'IIBB a Favor Buenos Aires','Activo',NULL,NULL,1,2,0,0,0,1,NULL),(302,NULL,1140302,5,1,1140300,'IIBB a Favor Capital Federal','Activo',NULL,NULL,1,2,0,0,0,1,NULL),(303,NULL,1140303,5,1,1140300,'IIBB a Favor Catamarca','Activo',NULL,NULL,1,2,0,0,0,1,NULL),(304,NULL,1140304,5,1,1140300,'IIBB a Favor Chaco','Activo',NULL,NULL,1,2,0,0,0,1,NULL),(305,NULL,1140305,5,1,1140300,'IIBB a Favor Chubut','Activo',NULL,NULL,1,2,0,0,0,1,NULL),(306,NULL,1140306,5,1,1140300,'IIBB a Favor Córdoba','Activo',NULL,NULL,1,2,0,0,0,1,NULL),(307,NULL,1140307,5,1,1140300,'IIBB a Favor Corrientes','Activo',NULL,NULL,1,2,0,0,0,1,NULL),(308,NULL,1140308,5,1,1140300,'IIBB a Favor Entre Ríos','Activo',NULL,NULL,1,2,0,0,0,1,NULL),(309,NULL,1140309,5,1,1140300,'IIBB a Favor Formosa','Activo',NULL,NULL,1,2,0,0,0,1,NULL),(310,NULL,1140310,5,1,1140300,'IIBB a Favor Jujuy','Activo',NULL,NULL,1,2,0,0,0,1,NULL),(311,NULL,1140311,5,1,1140300,'IIBB a Favor La Pampa','Activo',NULL,NULL,1,2,0,0,0,1,NULL),(312,NULL,1140312,5,1,1140300,'IIBB a Favor La Rioja','Activo',NULL,NULL,1,2,0,0,0,1,NULL),(313,NULL,1140313,5,1,1140300,'IIBB a Favor Mendoza','Activo',NULL,NULL,1,2,0,0,0,1,NULL),(314,NULL,1140314,5,1,1140300,'IIBB a Favor Misiones','Activo',NULL,NULL,1,2,0,0,0,1,NULL),(315,NULL,1140315,5,1,1140300,'IIBB a Favor Neuquén','Activo',NULL,NULL,1,2,0,0,0,1,NULL),(316,NULL,1140316,5,1,1140300,'IIBB a Favor Pascua Lama','Activo',NULL,NULL,1,2,0,0,0,1,NULL),(317,NULL,1140317,5,1,1140300,'IIBB a Favor Río Negro','Activo',NULL,NULL,1,2,0,0,0,1,NULL),(318,NULL,1140318,5,1,1140300,'IIBB a Favor Salta','Activo',NULL,NULL,1,2,0,0,0,1,NULL),(319,NULL,1140319,5,1,1140300,'IIBB a Favor San Juan','Activo',NULL,NULL,1,2,0,0,0,1,NULL),(320,NULL,1140320,5,1,1140300,'IIBB a Favor San Luis','Activo',NULL,NULL,1,2,0,0,0,1,NULL),(321,NULL,1140321,5,1,1140300,'IIBB a Favor Santa Cruz','Activo',NULL,NULL,1,2,0,0,0,1,NULL),(322,NULL,1140322,5,1,1140300,'IIBB a Favor Santa Fe','Activo',NULL,NULL,1,2,0,0,0,1,NULL),(323,NULL,1140323,5,1,1140300,'IIBB a Favor Santiago del Estero','Activo',NULL,NULL,1,2,0,0,0,1,NULL),(324,NULL,1140324,5,1,1140300,'IIBB a Favor Tierra del Fuego','Activo',NULL,NULL,1,2,0,0,0,1,NULL),(325,NULL,1140325,5,1,1140300,'IIBB a Favor Tucuman','Activo',NULL,NULL,1,2,0,0,0,1,NULL),(326,NULL,2110317,5,2,2110300,'IIBB a Pagar Buenos Aires','Pasivo',NULL,NULL,1,2,0,0,0,1,NULL),(327,NULL,2110318,5,2,2110300,'IIBB a Pagar Capital Federal','Pasivo',NULL,NULL,1,2,0,0,0,1,NULL),(328,NULL,2110319,5,2,2110300,'IIBB a Pagar Catamarca','Pasivo',NULL,NULL,1,2,0,0,0,1,NULL),(329,NULL,2110320,5,2,2110300,'IIBB a Pagar Chaco','Pasivo',NULL,NULL,1,2,0,0,0,1,NULL),(330,NULL,2110321,5,2,2110300,'IIBB a Pagar Chubut','Pasivo',NULL,NULL,1,2,0,0,0,1,NULL),(331,NULL,2110322,5,2,2110300,'IIBB a Pagar Córdoba','Pasivo',NULL,NULL,1,2,0,0,0,1,NULL),(332,NULL,2110323,5,2,2110300,'IIBB a Pagar Corrientes','Pasivo',NULL,NULL,1,2,0,0,0,1,NULL),(333,NULL,2110324,5,2,2110300,'IIBB a Pagar Entre Ríos','Pasivo',NULL,NULL,1,2,0,0,0,1,NULL),(334,NULL,2110325,5,2,2110300,'IIBB a Pagar Formosa','Pasivo',NULL,NULL,1,2,0,0,0,1,NULL),(335,NULL,2110326,5,2,2110300,'IIBB a Pagar Jujuy','Pasivo',NULL,NULL,1,2,0,0,0,1,NULL),(336,NULL,2110327,5,2,2110300,'IIBB a Pagar La Pampa','Pasivo',NULL,NULL,1,2,0,0,0,1,NULL),(337,NULL,2110328,5,2,2110300,'IIBB a Pagar La Rioja','Pasivo',NULL,NULL,1,2,0,0,0,1,NULL);
INSERT INTO `conta_plan_cuenta` VALUES (338,NULL,2110329,5,2,2110300,'IIBB a Pagar Mendoza','Pasivo',NULL,NULL,1,2,0,0,0,1,NULL),(339,NULL,2110330,5,2,2110300,'IIBB a Pagar Misiones','Pasivo',NULL,NULL,1,2,0,0,0,1,NULL),(340,NULL,2110331,5,2,2110300,'IIBB a Pagar Neuquén','Pasivo',NULL,NULL,1,2,0,0,0,1,NULL),(341,NULL,2110332,5,2,2110300,'IIBB a Pagar Pascua Lama','Pasivo',NULL,NULL,1,2,0,0,0,1,NULL),(342,NULL,2110333,5,2,2110300,'IIBB a Pagar Río Negro','Pasivo',NULL,NULL,1,2,0,0,0,1,NULL),(343,NULL,2110334,5,2,2110300,'IIBB a Pagar Salta','Pasivo',NULL,NULL,1,2,0,0,0,1,NULL),(344,NULL,2110335,5,2,2110300,'IIBB a Pagar San Juan','Pasivo',NULL,NULL,1,2,0,0,0,1,NULL),(345,NULL,2110336,5,2,2110300,'IIBB a Pagar San Luis','Pasivo',NULL,NULL,1,2,0,0,0,1,NULL),(346,NULL,2110337,5,2,2110300,'IIBB a Pagar Santa Cruz','Pasivo',NULL,NULL,1,2,0,0,0,1,NULL),(347,NULL,2110338,5,2,2110300,'IIBB a Pagar Santa Fe','Pasivo',NULL,NULL,1,2,0,0,0,1,NULL),(348,NULL,2110339,5,2,2110300,'IIBB a Pagar Santiago del Estero','Pasivo',NULL,NULL,1,2,0,0,0,1,NULL),(349,NULL,2110340,5,2,2110300,'IIBB a Pagar Tierra del Fuego','Pasivo',NULL,NULL,1,2,0,0,0,1,NULL),(350,NULL,2110341,5,2,2110300,'IIBB a Pagar Tucuman','Pasivo',NULL,NULL,1,2,0,0,0,1,NULL),(351,NULL,6110101,5,1,6110100,'BANCO SIRCREB','Movimiento',NULL,NULL,1,2,0,0,1,1,NULL),(352,NULL,6110102,5,1,6110100,'Compensacion','Movimiento',NULL,NULL,1,2,0,0,0,1,NULL),(353,NULL,1140327,5,1,1140300,'IVA Saldo Tecnico','Activo',NULL,NULL,1,2,0,0,0,1,NULL),(354,NULL,1140328,5,1,1140300,'IVA Saldo Libre Disponibilidad','Activo',NULL,NULL,1,2,0,0,0,1,NULL),(355,NULL,6000000,1,1,0,'Movimiento','Movimiento',NULL,NULL,1,1,0,0,0,0,NULL),(356,NULL,6100000,2,1,6000000,'Movimiento','Movimiento',NULL,NULL,1,1,0,0,0,0,NULL),(357,NULL,6110000,3,1,6100000,'Movimiento','Movimiento',NULL,NULL,1,1,0,0,0,0,NULL),(358,NULL,4110000,3,2,4100000,'Ingresos Operativos','Result. Positivo',NULL,NULL,1,1,0,0,0,0,NULL),(359,NULL,1110120,5,1,1110100,'Caja en Pesos','Activo',NULL,NULL,1,2,1,1,1,0,NULL),(360,NULL,1140211,5,1,1140200,'Retenciones Bancarias de Ganancias a Favor','Activo',3,NULL,1,2,0,0,1,1,NULL),(361,NULL,1220104,5,1,1220100,'Equipos de Computación','Activo',5,NULL,1,1,0,0,0,1,NULL),(362,NULL,1220105,5,1,1220100,'Computadoras','Activo',5,NULL,1,1,0,0,0,1,NULL),(363,NULL,1220304,5,1,1220300,'Muebles y Utiles','Activo',5,NULL,1,1,0,0,0,1,NULL),(364,NULL,2110105,5,2,2110100,'Anticipo de Clientes','Pasivo',NULL,NULL,1,2,0,0,1,1,NULL),(365,NULL,2110401,5,2,2110400,'Provision Honorarios','Pasivo',NULL,NULL,1,1,0,0,0,1,NULL),(366,NULL,2110106,5,2,2110100,'Cta. Cte Directores','Pasivo',NULL,NULL,1,1,0,0,0,1,NULL),(367,NULL,2110107,5,2,2110100,'Provisión Honorarios Directores','Pasivo',NULL,NULL,1,1,0,0,0,1,NULL),(368,NULL,2110110,5,2,2110100,'Cuenta Particular Socio 1','Pasivo',NULL,NULL,1,1,0,0,0,1,NULL),(369,NULL,3110104,5,2,3110100,'Capital','Patrimonio Neto',NULL,NULL,1,1,0,0,0,1,NULL),(370,NULL,1120000,3,1,1100000,'INVERSIONES','Activo',NULL,NULL,1,1,0,0,0,0,NULL),(371,NULL,1160000,3,1,1100000,'OTROS ACTIVOS','Activo',5,NULL,1,1,0,0,0,0,NULL),(372,NULL,1160100,4,1,1160000,'OTROS','Activo',5,NULL,1,1,0,0,0,0,NULL),(373,NULL,2110400,4,2,2110000,'Provision de Honorarios','Pasivo',NULL,NULL,1,1,0,0,0,0,NULL),(374,NULL,3410100,4,1,3410000,'RESULTADOS ACUMULADOS','Patrimonio Neto',NULL,NULL,1,1,0,0,0,0,NULL),(375,NULL,3420000,3,1,3400000,'GANACIAS RESERVADAS','Patrimonio Neto',NULL,NULL,1,1,0,0,0,0,NULL),(376,NULL,3420100,4,1,3420000,'Rerva Legal','Patrimonio Neto',NULL,NULL,1,1,0,0,0,0,NULL),(377,NULL,1220400,4,1,1220000,'INMUEBLES','Activo',5,NULL,1,1,0,0,0,0,NULL),(378,NULL,1220500,4,1,1220000,'RODADOS','Activo',5,NULL,1,1,0,0,0,0,NULL),(379,NULL,1220600,4,1,1220000,'MAQUINARIAS','Activo',5,NULL,1,1,0,0,0,0,NULL),(380,NULL,1220204,5,1,1220200,'Instalaciones','Activo',5,NULL,1,1,0,0,0,1,NULL),(381,NULL,3420101,5,2,3420100,'Reserva Legal','Patrimonio Neto',NULL,NULL,1,1,0,0,0,1,NULL);
INSERT INTO `conta_plan_cuenta` VALUES (382,NULL,3420102,5,2,3420100,'Reserva Legal','Patrimonio Neto',NULL,NULL,1,1,0,0,0,1,NULL),(383,NULL,3410105,5,2,3410100,'Resultado no asignado','Patrimonio Neto',NULL,NULL,1,1,0,0,0,1,NULL),(384,NULL,1110121,5,1,1110100,'Caja en Dolares','Activo',NULL,NULL,1,2,1,1,1,0,NULL),(385,NULL,1120100,4,1,1120000,'TEMPORARIAS','Activo',NULL,NULL,1,1,0,0,0,0,NULL),(386,NULL,1120101,5,1,1120100,'PLAZO FIJO','Activo',NULL,NULL,1,1,0,0,0,1,NULL),(387,NULL,1120200,4,1,1120000,'PERMANENTES','Activo',NULL,NULL,1,1,0,0,0,0,NULL),(388,NULL,1120201,5,1,1120200,'ACCIONES','Activo',NULL,NULL,1,1,0,0,0,1,NULL),(389,NULL,1220401,5,1,1220400,'Inmuebles','Activo',5,NULL,1,1,0,0,0,1,NULL),(390,NULL,1220501,5,1,1220500,'Vehiculos','Activo',5,NULL,1,1,0,0,0,1,NULL),(391,NULL,1220601,5,1,1220600,'Maquinarias','Activo',5,NULL,1,1,0,0,0,1,NULL),(392,NULL,1150401,5,1,1150400,'MERCADERIAS','Activo',5,NULL,1,1,0,0,0,1,NULL),(393,NULL,1160101,5,1,1160100,'OTROS','Activo',5,NULL,1,1,0,0,0,1,NULL),(394,NULL,1230100,4,1,1230000,'INTANGIBLES','Activo',5,NULL,1,1,0,0,0,0,NULL),(395,NULL,2110119,5,2,2110100,'Cuenta Particular Socio 2','Pasivo',NULL,NULL,1,1,0,0,0,1,NULL),(396,NULL,5120160,5,1,5120100,'Comisiones Y gastos Bancarios','Result. Negativo',NULL,NULL,1,1,0,0,0,1,NULL),(397,NULL,4110100,4,2,4110000,'Ingresos Operativos','Result. Positivo',NULL,NULL,1,1,0,0,0,0,NULL),(398,NULL,4120100,4,2,4120000,'OTROS INGRESOS','Result. Positivo',NULL,NULL,1,1,0,0,0,0,NULL),(399,NULL,5110000,3,1,5100000,'GASTOS ORDINARIOS','Result. Negativo',NULL,NULL,1,1,0,0,0,0,NULL),(400,NULL,5120000,3,1,5100000,'GASTOS DE OPERACION','Result. Negativo',NULL,NULL,1,1,0,0,0,0,NULL),(401,NULL,5130000,3,1,5100000,'GASTOS DE OPERACION','Result. Negativo',NULL,NULL,1,1,0,0,0,0,NULL),(402,NULL,5140000,3,1,5100000,'GASTOS DE OPERACION','Result. Negativo',NULL,NULL,1,1,0,0,0,0,NULL),(403,NULL,5210000,3,1,5200000,'GASTOS EXTRAORDINARIOS','Result. Negativo',NULL,NULL,1,1,0,0,0,0,NULL),(404,NULL,5210100,4,1,5210000,'GASTOS EXTRAORDINARIOS','Result. Negativo',NULL,NULL,1,1,0,0,0,0,NULL),(405,NULL,6110100,4,1,6110000,'Movimiento','Movimiento',NULL,NULL,1,1,0,0,0,0,NULL),(406,NULL,1130100,4,1,1130000,'Operaciones Ordinarias','Activo',NULL,NULL,1,1,0,0,0,0,NULL),(407,NULL,3110000,3,2,3100000,'CAPITAL SOCIAL','Patrimonio Neto',NULL,NULL,1,1,0,0,0,0,NULL),(408,NULL,3410000,3,2,3400000,'RESULTADOS ANTERIORES','Patrimonio Neto',NULL,NULL,1,1,0,0,0,0,NULL),(409,NULL,5110101,5,2,5110000,'IVA Crédito Fiscal No computable','Result. Negativo',NULL,NULL,1,2,0,0,1,1,NULL),(410,NULL,1110203,5,1,1110200,'Banco ICBC Cta. Cte.','Activo',NULL,NULL,1,2,1,1,1,0,NULL),(411,NULL,2110342,5,2,2110300,'Provisión Impuesto a las Ganancias','Pasivo',NULL,NULL,1,1,0,0,0,1,NULL),(412,NULL,5120107,5,2,5120000,'Amortización Muebles y Útiles','Result. Negativo',NULL,NULL,1,1,0,0,0,1,NULL),(413,NULL,5120102,5,2,5120000,'Amortización Equipos','Result. Negativo',NULL,NULL,1,1,0,0,0,1,NULL),(414,NULL,1220109,5,1,1220100,'Amortizacion Acumulada Equipos','Activo',5,NULL,1,1,0,0,0,1,NULL),(415,NULL,1220602,5,1,1220600,'Amortización Acumulada Maquinarias','Activo',5,NULL,1,1,0,0,0,1,NULL),(416,NULL,1160102,5,1,1160100,'Materias Primas','Activo',5,NULL,1,1,0,0,0,1,NULL),(417,NULL,1110204,5,1,1110200,'Banco Itaú Cta. Cte.','Activo',NULL,NULL,1,2,1,1,1,0,NULL),(418,NULL,2110113,5,2,2110100,'Deudas Bancarias','Pasivo',NULL,NULL,1,2,0,1,1,1,NULL),(419,NULL,1220502,5,1,1220500,'Rodados','Activo',5,NULL,1,1,0,0,0,1,NULL),(420,NULL,1220503,5,1,1220500,'Amortización Acumulada Rodados','Activo',5,NULL,1,1,0,0,0,1,NULL),(421,NULL,5120105,5,2,5120000,'Amortización Rodados','Result. Negativo',NULL,NULL,1,1,0,0,0,1,NULL),(422,NULL,5120109,5,2,5120000,'Amortización Maquinarias','Result. Negativo',NULL,NULL,1,1,0,0,0,1,NULL),(423,NULL,1220504,5,1,1220500,'Accesorios','Activo',5,NULL,1,1,0,0,0,1,NULL),(424,NULL,1220505,5,1,1220500,'Amortización Acumulada Accesorios','Activo',5,NULL,1,1,0,0,0,1,NULL);
INSERT INTO `conta_plan_cuenta` VALUES (425,NULL,1110205,5,1,1110200,'Banco Galicia Cta. Cte.','Activo',NULL,NULL,1,2,1,1,1,0,NULL),(426,NULL,3420101,5,2,3420000,'Reserva Facultativa','Patrimonio Neto',NULL,NULL,1,1,0,0,0,1,NULL),(427,NULL,1140212,5,1,1140200,'Créditos por Impuestos Diferidos','Activo',NULL,NULL,1,1,0,0,0,1,NULL),(428,NULL,1160103,5,1,1160100,'Fondo de Comercio','Activo',5,NULL,1,1,0,0,0,1,NULL),(429,333,1220406,5,1,1220400,'Amortizacion Acumulada obras','Activo',5,NULL,1,1,0,0,0,1,NULL),(430,NULL,1140213,5,1,1140200,'Intereses a devengar AGIP','Activo',NULL,NULL,1,1,0,0,0,1,NULL),(431,NULL,2110343,5,2,2110300,'PFP IIBB','Pasivo',NULL,NULL,1,1,0,0,0,1,NULL),(432,NULL,1140330,5,1,1140300,'Pago a Cuenta ITC','Activo',NULL,NULL,1,2,0,0,0,1,NULL),(433,NULL,2110114,5,2,2110100,'Préstamo','Pasivo',NULL,NULL,1,2,0,1,1,1,NULL),(434,NULL,1160106,5,1,1160100,'Productos','Activo',5,NULL,1,1,0,0,0,1,NULL),(435,NULL,2110345,5,2,2110300,'Intereses a devengar PFP','Pasivo',NULL,NULL,1,1,0,0,0,1,NULL),(436,NULL,1110206,5,1,1110200,'Banco Provincia Cta. Cte.','Activo',NULL,NULL,1,2,1,1,1,0,NULL),(437,NULL,1140215,5,1,1140200,'Imp. Ley 25413 Cred 0.6%','Activo',NULL,NULL,1,1,0,0,0,1,NULL),(438,NULL,2110402,5,2,2110400,'Honorarios Directorio a Pagar','Pasivo',NULL,NULL,1,1,0,0,0,1,NULL),(439,NULL,3110101,5,2,3110100,'Reserva para Futuras Inversiones','Patrimonio Neto',NULL,NULL,1,1,0,0,0,1,NULL),(440,NULL,1130106,5,1,1130100,'TEAC - Trabajos Ejecutados a Certificar','Activo',NULL,NULL,1,1,0,0,0,1,NULL),(441,NULL,2110115,5,2,2110100,'Leasing','Pasivo',NULL,NULL,1,2,0,1,1,1,NULL),(442,NULL,1110207,5,1,1110200,'Banco Comafi Cta. Cte','Activo',NULL,NULL,1,2,1,1,1,0,NULL),(443,NULL,2110500,4,2,2110000,'Deudas Financieras','Pasivo',NULL,NULL,1,1,0,0,0,0,NULL),(444,NULL,2110501,5,2,2110500,'Banco Santander Rio Cta Cte','Pasivo',NULL,NULL,1,1,0,0,0,1,NULL),(446,NULL,2210000,3,2,2200000,'Deudas','Pasivo',NULL,NULL,1,1,0,0,0,0,NULL),(447,NULL,2210100,4,2,2210000,'Otras Deudas','Pasivo',NULL,NULL,1,1,0,0,0,0,NULL),(448,NULL,2210101,5,2,2210100,'Planes de Pagos AFIP','Pasivo',NULL,NULL,1,2,0,1,1,1,NULL),(449,NULL,2110502,5,2,2110500,'Leasing','Pasivo',NULL,NULL,1,1,0,0,0,1,NULL),(450,NULL,6110101,5,1,6110000,'Cheques Rechazados','Movimiento',NULL,NULL,1,2,0,0,1,1,NULL),(451,NULL,1110208,5,1,1110200,'Banco Patagonia Taxes Software','Activo',NULL,NULL,1,2,1,1,1,0,NULL),(452,NULL,1110209,5,1,1110200,'Banco Macro Cta. Cte.','Activo',NULL,NULL,1,2,1,1,1,0,NULL),(453,NULL,1120202,5,1,1120200,'Inversión Central Caribe','Activo',NULL,NULL,1,1,0,0,0,1,NULL),(454,NULL,1120102,5,1,1120100,'Otras Inversiones','Activo',NULL,NULL,1,1,0,0,0,1,NULL),(455,NULL,1140216,5,1,1140200,'Otros Créditos','Activo',NULL,NULL,1,1,0,0,0,1,NULL),(456,NULL,2110403,5,2,2110400,'Provisión Honorarios Socio Gerente','Pasivo',NULL,NULL,1,1,0,0,0,1,NULL),(457,NULL,1110210,5,1,1110200,'Cheque Diferido Banco Santander Rio','Activo',NULL,NULL,1,2,1,1,1,0,NULL),(458,NULL,1110211,5,1,1110200,'Cheque Diferido Banco Macro','Activo',NULL,NULL,1,2,1,1,1,0,NULL),(459,NULL,2110204,5,2,2110200,'Moratoria SUSS a pagar','Pasivo',NULL,NULL,1,1,0,0,0,1,NULL),(460,NULL,2110344,5,2,2110300,'Impuestos Municipales a Pagar','Pasivo',NULL,NULL,1,1,0,0,0,1,NULL),(461,NULL,5110103,5,2,5110000,'Amortización Instalaciones','Result. Negativo',NULL,NULL,1,1,0,0,0,1,NULL),(462,NULL,5120110,5,2,5120000,'Amortización Equipos de comput.','Result. Negativo',NULL,NULL,1,1,0,0,0,1,NULL),(463,NULL,2110118,5,2,2110100,'Cuenta Particular Socio 3','Pasivo',NULL,NULL,1,1,0,0,0,1,NULL),(464,NULL,2110120,5,2,2110100,'Cuenta Particular Socio 4','Pasivo',NULL,NULL,1,1,0,0,0,1,NULL),(465,NULL,3110102,5,2,3110100,'Otras Reservas','Patrimonio Neto',NULL,NULL,1,1,0,0,0,1,NULL),(466,NULL,1140331,5,1,1140300,'IGMP (Saldo a Favor)','Activo',NULL,NULL,1,1,0,0,0,1,NULL),(467,NULL,5110104,5,2,5110000,'Interés','Result. Negativo',NULL,NULL,1,2,0,0,1,1,NULL),(468,NULL,1150402,5,1,1150400,'Productos en Proceso','Activo',5,NULL,1,1,0,0,0,1,NULL);
INSERT INTO `conta_plan_cuenta` VALUES (469,NULL,2110205,5,2,2110200,'Depósitos en Garantía Socio Gerente','Pasivo',NULL,NULL,1,1,0,0,0,1,NULL),(470,NULL,2110346,5,2,2110300,'Fondos Embargados','Pasivo',NULL,NULL,1,1,0,0,0,1,NULL),(471,NULL,2110347,5,2,2110300,'Cuota Solid.','Pasivo',NULL,NULL,1,1,0,0,0,1,NULL),(472,NULL,1140332,5,1,1140300,'Anticipo Honorarios Directores','Activo',NULL,NULL,1,1,0,0,0,1,NULL),(473,NULL,2110348,5,2,2110300,'SICORE a Pagar','Pasivo',NULL,NULL,1,1,0,0,0,1,NULL),(474,NULL,1110212,5,1,1110200,'Banco Credicoop Cta. Cte.','Activo',NULL,NULL,1,2,1,1,1,0,NULL),(475,NULL,1110213,5,1,1110200,'Banco Superville Cta. Cte.','Activo',NULL,NULL,1,2,1,1,1,0,NULL),(476,NULL,5110105,5,2,5110000,'RECPAM','Result. Negativo',NULL,NULL,1,2,0,0,0,1,NULL),(477,NULL,1110125,5,1,1110100,'Caja Reales','Activo',NULL,NULL,1,2,1,1,1,0,NULL),(478,NULL,5140169,5,1,5140100,'CO2 - Imp. Al Carbono Sufrida','Result. Negativo',NULL,NULL,1,2,0,0,0,1,NULL),(479,NULL,1140300,4,1,1140000,'Anticipo de Impuestos','Activo',NULL,NULL,1,1,0,0,0,0,NULL),(480,NULL,2110600,4,2,2110000,'Retenciones Efectuadas','Pasivo',NULL,NULL,1,1,0,0,0,0,NULL),(481,333,1170000,3,1,1100000,'CAJA Mercado Pago','Activo',NULL,NULL,1,1,0,0,0,0,NULL),(482,333,4120101,5,1,4120000,'Imp Debito y Credito','Result. Positivo',NULL,NULL,1,1,0,0,0,0,NULL),(483,333,1110214,5,1,1110200,'IMP Cred Bcarios a Cta','Activo',NULL,NULL,1,1,0,0,0,0,NULL),(484,NULL,4200000,2,2,4000000,'INGRESOS EXTRAORDINARIOS','Result. Positivo',NULL,NULL,1,1,0,0,0,0,NULL),(485,333,4110101,5,1,4110100,'Cuotas Sociales','Result. Positivo',NULL,NULL,1,1,0,0,0,0,NULL),(486,333,4110101,5,1,4110100,'Turismo','Result. Positivo',NULL,NULL,1,1,0,0,0,0,NULL),(487,333,1220404,5,1,1220400,'OBRAS','Activo',5,NULL,1,1,0,0,0,0,NULL),(488,333,1220403,5,1,1220400,'Amortización Acumulada de Inmuebles','Activo',5,NULL,1,1,0,0,0,1,NULL),(489,333,5120111,5,2,5120100,'Gastos Librería','Result. Negativo',NULL,NULL,1,1,0,0,0,0,NULL),(490,333,5120111,5,2,5120100,'Servicios Públicos','Result. Negativo',NULL,NULL,1,1,0,0,0,0,NULL),(491,333,5120111,5,2,5120100,'Gastos Eventos','Result. Negativo',NULL,NULL,1,1,0,0,0,0,NULL),(492,333,5120111,5,2,5120100,'Servicio Médico','Result. Negativo',NULL,NULL,1,1,0,0,0,0,NULL),(493,333,5120111,5,2,5120100,'Gastos Limpieza','Result. Negativo',NULL,NULL,1,1,0,0,0,0,NULL),(494,333,5120111,5,2,5120100,'Compra Bienes de Uso','Result. Negativo',NULL,NULL,1,1,0,0,0,0,NULL),(495,333,5120111,5,2,5120100,'Comisión por Cobranzas','Result. Negativo',NULL,NULL,1,1,0,0,0,0,NULL),(496,333,4120102,5,1,4120100,'SUBSIDIO PAMI','Result. Positivo',NULL,NULL,1,1,0,0,0,0,NULL),(497,333,4110101,5,1,4110100,'Alquiler de Salón','Result. Positivo',NULL,NULL,1,1,0,0,0,0,NULL),(498,333,4110101,5,1,4110100,'Eventos','Result. Positivo',NULL,NULL,1,1,0,0,0,0,NULL),(499,333,4110101,5,1,4110100,'Comida','Result. Positivo',NULL,NULL,0,1,0,0,0,0,NULL),(500,333,5120111,5,2,5120100,'TELEFONO','Result. Negativo',NULL,NULL,1,1,0,0,0,1,NULL),(501,333,5110106,5,2,5110100,'Movistar','Result. Negativo',NULL,NULL,1,1,0,0,0,0,NULL),(502,333,5110106,5,2,5110100,'Municipal','Result. Negativo',NULL,NULL,1,1,0,0,0,0,NULL),(503,333,5110106,5,2,5110100,'Telefonía','Result. Negativo',NULL,NULL,1,1,0,0,0,0,NULL),(504,333,1110215,5,1,1110200,'Banco','Activo',NULL,NULL,1,1,0,0,0,0,NULL),(505,333,4120102,5,1,4120100,'Cuotas sociales','Result. Positivo',NULL,NULL,1,1,0,0,0,0,NULL),(506,333,5110106,5,2,5110100,'Tasas y aranceles','Result. Negativo',NULL,NULL,1,1,0,0,0,0,NULL),(507,333,4110101,5,1,4110100,'Comisiones por viaje','Result. Positivo',NULL,NULL,1,1,0,0,0,0,NULL),(508,333,4130000,3,2,4100000,'Estacionamiento','Result. Positivo',NULL,NULL,1,1,0,0,0,0,NULL),(509,333,5110205,5,2,5110000,'Honorarios','Result. Negativo',NULL,NULL,1,2,0,0,0,1,NULL),(510,333,4130100,4,2,4130000,'Estacionamiento','Result. Positivo',NULL,NULL,1,1,0,0,0,0,NULL),(511,333,5110305,5,2,5110000,'Servicio Edenor','Result. Negativo',NULL,NULL,1,2,0,0,0,1,NULL);
INSERT INTO `conta_plan_cuenta` VALUES (512,333,5110405,5,2,5110000,'Gastos Bancarios','Result. Negativo',NULL,NULL,1,2,0,0,0,1,NULL),(513,333,5120111,5,2,5120100,'Amortizacion de Obras','Result. Negativo',NULL,NULL,1,1,0,0,0,1,NULL),(514,333,5120111,5,2,5120100,'Amortización de Inmuebles','Result. Negativo',NULL,NULL,1,1,0,0,0,0,NULL),(515,333,1220405,5,1,1220400,'MEJORAS','Activo',5,NULL,1,1,0,0,0,0,NULL),(516,333,4110101,5,1,4110100,'Ingresos Talleres','Result. Positivo',NULL,NULL,1,1,0,0,0,0,NULL),(517,333,4120102,5,1,4120100,'Donaciones','Result. Positivo',NULL,NULL,1,1,0,0,0,0,NULL),(1001,NULL,5140170,5,1,5140100,'SIRTAC Córdoba','Result. Negativo',NULL,NULL,1,2,0,0,0,1,NULL),(1002,NULL,5140171,5,1,5140100,'SIRTAC Corrientes','Result. Negativo',NULL,NULL,1,2,0,0,0,1,NULL),(1003,NULL,5140172,5,1,5140100,'SIRTAC Chaco','Result. Negativo',NULL,NULL,1,2,0,0,0,1,NULL),(1004,NULL,5140173,5,1,5140100,'SIRTAC Chubut','Result. Negativo',NULL,NULL,1,2,0,0,0,1,NULL),(1005,NULL,5140174,5,1,5140100,'SIRTAC Entre Ríos','Result. Negativo',NULL,NULL,1,2,0,0,0,1,NULL),(1006,NULL,5140175,5,1,5140100,'SIRTAC Formosa','Result. Negativo',NULL,NULL,1,2,0,0,0,1,NULL),(1007,NULL,5140176,5,1,5140100,'SIRTAC Jujuy','Result. Negativo',NULL,NULL,1,2,0,0,0,1,NULL),(1008,NULL,5140177,5,1,5140100,'SIRTAC La Pampa','Result. Negativo',NULL,NULL,1,2,0,0,0,1,NULL),(1009,NULL,5140178,5,1,5140100,'SIRTAC La Rioja','Result. Negativo',NULL,NULL,1,2,0,0,0,1,NULL),(1010,NULL,5140179,5,1,5140100,'SIRTAC Mendoza','Result. Negativo',NULL,NULL,1,2,0,0,0,1,NULL),(1011,NULL,5140180,5,1,5140100,'SIRTAC Misiones','Result. Negativo',NULL,NULL,1,2,0,0,0,1,NULL),(1012,NULL,5140181,5,1,5140100,'SIRTAC Neuquén','Result. Negativo',NULL,NULL,1,2,0,0,0,1,NULL),(1013,NULL,5140182,5,1,5140100,'SIRTAC Río Negro','Result. Negativo',NULL,NULL,1,2,0,0,0,1,NULL),(1014,NULL,5140183,5,1,5140100,'SIRTAC Salta','Result. Negativo',NULL,NULL,1,2,0,0,0,1,NULL),(1015,NULL,5140184,5,1,5140100,'SIRTAC San Juan','Result. Negativo',NULL,NULL,1,2,0,0,0,1,NULL),(1016,NULL,5140185,5,1,5140100,'SIRTAC San Luis','Result. Negativo',NULL,NULL,1,2,0,0,0,1,NULL),(1017,NULL,5140186,5,1,5140100,'SIRTAC Santa Cruz','Result. Negativo',NULL,NULL,1,2,0,0,0,1,NULL),(1018,NULL,5140187,5,1,5140100,'SIRTAC Santa Fe','Result. Negativo',NULL,NULL,1,2,0,0,0,1,NULL),(1019,NULL,5140188,5,1,5140100,'SIRTAC Santiago del Estero','Result. Negativo',NULL,NULL,1,2,0,0,0,1,NULL),(1020,NULL,5140189,5,1,5140100,'SIRTAC Tierra del Fuego','Result. Negativo',NULL,NULL,1,2,0,0,0,1,NULL),(1021,NULL,5140190,5,1,5140100,'SIRTAC Tucuman','Result. Negativo',NULL,NULL,1,2,0,0,0,1,NULL),(1022,NULL,5140191,5,1,5140100,'SIRTAC Capital Federal','Result. Negativo',NULL,NULL,1,2,0,0,0,1,NULL),(1023,NULL,5140192,5,1,5140100,'SIRTAC Buenos Aires','Result. Negativo',NULL,NULL,1,2,0,0,0,1,NULL),(1024,NULL,5140193,5,1,5140100,'SIRTAC Catamarca','Result. Negativo',NULL,NULL,1,2,0,0,0,1,NULL),(1025,NULL,5140194,5,1,5140100,'SIRTAC Pascua Lama','Result. Negativo',NULL,NULL,1,2,0,0,0,1,NULL),(1026,NULL,6110104,5,1,6110100,'BANCO SIRTAC','Movimiento',NULL,NULL,1,2,0,0,1,1,NULL),(1400,NULL,5140267,5,1,5140100,'Perc IVA -RG3337 Efectuada','Result. Negativo',NULL,NULL,1,2,0,0,0,1,NULL),(1401,NULL,5140209,5,1,5140100,'Imps. Internos Efectuada','Result. Negativo',NULL,NULL,1,2,0,0,0,1,NULL),(1402,NULL,5140210,5,1,5140100,'Imp. Gasoil Efectuada','Result. Negativo',NULL,NULL,1,2,0,0,0,1,NULL),(1403,NULL,5140211,5,1,5140100,'Imp. Hídricos Efectuada','Result. Negativo',NULL,NULL,1,2,0,0,0,1,NULL),(1404,NULL,5140212,5,1,5140100,'ITC Efectuada','Result. Negativo',NULL,NULL,1,2,0,0,0,1,NULL),(1405,NULL,5140213,5,1,5140100,'Perc IIBB  Buenos Aires Efectuada','Result. Negativo',NULL,NULL,1,2,0,0,0,1,NULL),(1406,NULL,5140214,5,1,5140100,'Perc IIBB  Capital Federal Efectuada','Result. Negativo',NULL,NULL,1,2,0,0,0,1,NULL),(1407,NULL,5140215,5,1,5140100,'Perc IIBB  Catamarca Efectuada','Result. Negativo',NULL,NULL,1,2,0,0,0,1,NULL);
INSERT INTO `conta_plan_cuenta` VALUES (1408,NULL,5140216,5,1,5140100,'Perc IIBB  Chaco Efectuada','Result. Negativo',NULL,NULL,1,2,0,0,0,1,NULL),(1409,NULL,5140217,5,1,5140100,'Perc IIBB  Chubut Efectuada','Result. Negativo',NULL,NULL,1,2,0,0,0,1,NULL),(1410,NULL,5140218,5,1,5140100,'Perc IIBB  Córdoba Efectuada','Result. Negativo',NULL,NULL,1,2,0,0,0,1,NULL),(1411,NULL,5140219,5,1,5140100,'Perc IIBB  Corrientes Efectuada','Result. Negativo',NULL,NULL,1,2,0,0,0,1,NULL),(1412,NULL,5140220,5,1,5140100,'Perc IIBB  Entre Ríos Efectuada','Result. Negativo',NULL,NULL,1,2,0,0,0,1,NULL),(1413,NULL,5140221,5,1,5140100,'Perc IIBB  Formosa Efectuada','Result. Negativo',NULL,NULL,1,2,0,0,0,1,NULL),(1414,NULL,5140222,5,1,5140100,'Perc IIBB  Jujuy Efectuada','Result. Negativo',NULL,NULL,1,2,0,0,0,1,NULL),(1415,NULL,5140223,5,1,5140100,'Perc IIBB  La Pampa Efectuada','Result. Negativo',NULL,NULL,1,2,0,0,0,1,NULL),(1416,NULL,5140224,5,1,5140100,'Perc IIBB  La Rioja Efectuada','Result. Negativo',NULL,NULL,1,2,0,0,0,1,NULL),(1417,NULL,5140225,5,1,5140100,'Perc IIBB  Mendoza Efectuada','Result. Negativo',NULL,NULL,1,2,0,0,0,1,NULL),(1418,NULL,5140226,5,1,5140100,'Perc IIBB  Misiones Efectuada','Result. Negativo',NULL,NULL,1,2,0,0,0,1,NULL),(1419,NULL,5140227,5,1,5140100,'Perc IIBB  Neuquén Efectuada','Result. Negativo',NULL,NULL,1,2,0,0,0,1,NULL),(1420,NULL,5140228,5,1,5140100,'Perc IIBB  Pascua Lama Efectuada','Result. Negativo',NULL,NULL,1,2,0,0,0,1,NULL),(1421,NULL,5140229,5,1,5140100,'Perc IIBB  Río Negro Efectuada','Result. Negativo',NULL,NULL,1,2,0,0,0,1,NULL),(1422,NULL,5140230,5,1,5140100,'Perc IIBB  Salta Efectuada','Result. Negativo',NULL,NULL,1,2,0,0,0,1,NULL),(1423,NULL,5140231,5,1,5140100,'Perc IIBB  San Juan Efectuada','Result. Negativo',NULL,NULL,1,2,0,0,0,1,NULL),(1424,NULL,5140232,5,1,5140100,'Perc IIBB  San Luis Efectuada','Result. Negativo',NULL,NULL,1,2,0,0,0,1,NULL),(1425,NULL,5140233,5,1,5140100,'Perc IIBB  Santa Cruz Efectuada','Result. Negativo',NULL,NULL,1,2,0,0,0,1,NULL),(1426,NULL,5140234,5,1,5140100,'Perc IIBB  Santa Fe Efectuada','Result. Negativo',NULL,NULL,1,2,0,0,0,1,NULL),(1427,NULL,5140235,5,1,5140100,'Perc IIBB  Santiago del Estero Efectuada','Result. Negativo',NULL,NULL,1,2,0,0,0,1,NULL),(1428,NULL,5140236,5,1,5140100,'Perc IIBB  Tierra del Fuego Efectuada','Result. Negativo',NULL,NULL,1,2,0,0,0,1,NULL),(1429,NULL,5140237,5,1,5140100,'Perc IIBB  Tucuman Efectuada','Result. Negativo',NULL,NULL,1,2,0,0,0,1,NULL),(1430,NULL,5140269,5,1,5140100,'CO2 - Imp. Al Carbono Efectuada','Result. Negativo',NULL,NULL,1,2,0,0,0,1,NULL),(1431,NULL,5120256,5,1,5120100,'Imp. Municipales Efectuada','Result. Negativo',NULL,NULL,1,2,0,0,0,1,NULL),(1432,NULL,5120257,5,1,5120100,'Perc/Ret. Imp. Ganancias Efectuada','Result. Negativo',NULL,NULL,1,2,0,0,0,1,NULL);

--
-- Table structure for table `conta_tipo_asientos`
--

CREATE TABLE `conta_tipo_asientos` (
  `id` int(10) unsigned NOT NULL AUTO_INCREMENT,
  `nombre` varchar(255) COLLATE utf8mb4_unicode_ci DEFAULT NULL,
  `created_at` timestamp NULL DEFAULT NULL,
  `updated_at` timestamp NULL DEFAULT NULL,
  `deleted_at` timestamp NULL DEFAULT NULL,
  `orden` int(11) DEFAULT NULL,
  PRIMARY KEY (`id`)
) ENGINE=InnoDB AUTO_INCREMENT=27 DEFAULT CHARSET=utf8mb4 COLLATE=utf8mb4_unicode_ci;

--
-- Dumping data for table `conta_tipo_asientos`
--

INSERT INTO `conta_tipo_asientos` VALUES (1,'Sueldos',NULL,NULL,NULL,11),(2,'Ingresos',NULL,NULL,NULL,9),(3,'Egresos',NULL,NULL,NULL,10),(4,'Amortizaciones',NULL,NULL,NULL,4),(5,'Banco',NULL,NULL,NULL,15),(6,'Ganancias',NULL,NULL,NULL,12),(7,'Retenciones',NULL,NULL,NULL,13),(8,'SIRCREB',NULL,NULL,NULL,14),(9,'Compensaciones',NULL,NULL,NULL,16),(10,'Pagos AFIP',NULL,NULL,NULL,17),(11,'Ajustes',NULL,NULL,NULL,3),(12,'Saldos Iniciales',NULL,NULL,NULL,1),(13,'Cancelacion de Iniciales',NULL,NULL,NULL,2),(14,'Patrimonio Neto',NULL,NULL,NULL,8),(15,'Liquidaciones IVA',NULL,NULL,NULL,18),(16,'Liquidacion IIBB',NULL,NULL,NULL,19),(17,'Asientos de Cierre',NULL,NULL,NULL,5),(18,'Reclasificacion',NULL,NULL,NULL,6),(19,'Otros',NULL,NULL,NULL,7),(20,'Cobranzas','2019-10-02 03:20:37','2019-10-02 03:20:37',NULL,NULL),(21,'Pagos','2019-10-02 03:20:37','2019-10-02 03:20:37',NULL,NULL),(22,'Tesoreria','2019-10-19 02:10:24','2019-10-19 02:10:24',NULL,NULL),(23,'Ajuste por Inflacion','2020-03-01 06:39:20','2020-03-01 06:39:20',NULL,NULL),(24,'SIRTAC','2023-10-16 21:10:32','2023-10-16 21:10:32',NULL,20),(25,'Compensaciones Compras',NULL,NULL,NULL,NULL),(26,'Compensaciones Ventas',NULL,NULL,NULL,NULL);

--
-- Table structure for table `conta_tipo_cuentas`
--

CREATE TABLE `conta_tipo_cuentas` (
  `id` int(10) unsigned NOT NULL AUTO_INCREMENT,
  `tipo_cuenta` varchar(255) COLLATE utf8mb4_unicode_ci DEFAULT NULL,
  `created_at` timestamp NULL DEFAULT NULL,
  `updated_at` timestamp NULL DEFAULT NULL,
  `deleted_at` timestamp NULL DEFAULT NULL,
  PRIMARY KEY (`id`)
) ENGINE=InnoDB AUTO_INCREMENT=6 DEFAULT CHARSET=utf8mb4 COLLATE=utf8mb4_unicode_ci;

--
-- Dumping data for table `conta_tipo_cuentas`
--

INSERT INTO `conta_tipo_cuentas` VALUES (1,'Rubro',NULL,NULL,NULL),(2,'SubRubro',NULL,NULL,NULL),(3,'Grupo',NULL,NULL,NULL),(4,'SubGrupo',NULL,NULL,NULL),(5,'Cuenta',NULL,NULL,NULL);

--
-- Table structure for table `conta_tipo_saldos`
--

CREATE TABLE `conta_tipo_saldos` (
  `id` int(10) unsigned NOT NULL AUTO_INCREMENT,
  `saldo` varchar(255) COLLATE utf8mb4_unicode_ci DEFAULT NULL,
  `created_at` timestamp NULL DEFAULT NULL,
  `updated_at` timestamp NULL DEFAULT NULL,
  `deleted_at` timestamp NULL DEFAULT NULL,
  PRIMARY KEY (`id`)
) ENGINE=InnoDB AUTO_INCREMENT=3 DEFAULT CHARSET=utf8mb4 COLLATE=utf8mb4_unicode_ci;

--
-- Dumping data for table `conta_tipo_saldos`
--

INSERT INTO `conta_tipo_saldos` VALUES (1,'Deudor',NULL,NULL,NULL),(2,'Acreedor',NULL,NULL,NULL);

--
-- Table structure for table `control_cuits_afip`
--

CREATE TABLE `control_cuits_afip` (
  `id` int(10) unsigned NOT NULL AUTO_INCREMENT,
  `user_id` int(10) unsigned DEFAULT NULL,
  `person_id` int(10) unsigned NOT NULL,
  `field_name1` varchar(191) COLLATE utf8mb4_unicode_ci DEFAULT NULL,
  `cuit` varchar(191) COLLATE utf8mb4_unicode_ci DEFAULT NULL,
  `error` varchar(191) COLLATE utf8mb4_unicode_ci DEFAULT NULL,
  `created_at` timestamp NULL DEFAULT NULL,
  `updated_at` timestamp NULL DEFAULT NULL,
  `deleted_at` timestamp NULL DEFAULT NULL,
  PRIMARY KEY (`id`),
  KEY `control_cuits_afip_person_id_foreign` (`person_id`),
  CONSTRAINT `control_cuits_afip_person_id_foreign` FOREIGN KEY (`person_id`) REFERENCES `persons` (`id`)
) ENGINE=InnoDB DEFAULT CHARSET=utf8mb4 COLLATE=utf8mb4_unicode_ci;

--
-- Dumping data for table `control_cuits_afip`
--


--
-- Table structure for table `control_general`
--

CREATE TABLE `control_general` (
  `id` int(10) unsigned NOT NULL AUTO_INCREMENT,
  `description` varchar(180) COLLATE utf8mb4_unicode_ci NOT NULL,
  `class` int(10) unsigned NOT NULL,
  `class_description` varchar(180) COLLATE utf8mb4_unicode_ci NOT NULL,
  `path` varchar(255) COLLATE utf8mb4_unicode_ci DEFAULT NULL,
  `created_at` timestamp NULL DEFAULT NULL,
  `updated_at` timestamp NULL DEFAULT NULL,
  PRIMARY KEY (`id`),
  UNIQUE KEY `control_general_description_unique` (`description`)
) ENGINE=InnoDB AUTO_INCREMENT=6 DEFAULT CHARSET=utf8mb4 COLLATE=utf8mb4_unicode_ci;

--
-- Dumping data for table `control_general`
--

INSERT INTO `control_general` VALUES (1,'Ingresos - Egresos - Resultado',1,'Proyeccion Ganancias','control_general/proyecGanancias',NULL,NULL),(2,'IVA',2,'IVA','control_general/iva',NULL,NULL),(3,'IIBB',3,'IIBB','control_general/iibb',NULL,NULL),(4,'Por Mes',4,'Vto. Impuestos','control_general/vto',NULL,NULL),(5,'Por Impuesto',4,'Vto. Impuestos','control_general/vtoPorImpuestos',NULL,NULL);

--
-- Table structure for table `cpc_nivel_1`
--

CREATE TABLE `cpc_nivel_1` (
  `id` bigint(20) unsigned NOT NULL AUTO_INCREMENT,
  `user_id` int(10) unsigned DEFAULT NULL,
  `person_id` int(10) unsigned NOT NULL,
  `descripcion` varchar(191) COLLATE utf8mb4_unicode_ci NOT NULL,
  `habilitado` tinyint(1) NOT NULL DEFAULT '1',
  `created_at` timestamp NULL DEFAULT NULL,
  `updated_at` timestamp NULL DEFAULT NULL,
  `deleted_at` timestamp NULL DEFAULT NULL,
  PRIMARY KEY (`id`),
  KEY `cpc_nivel_1_person_id_foreign` (`person_id`),
  CONSTRAINT `cpc_nivel_1_person_id_foreign` FOREIGN KEY (`person_id`) REFERENCES `persons` (`id`) ON DELETE CASCADE
) ENGINE=InnoDB DEFAULT CHARSET=utf8mb4 COLLATE=utf8mb4_unicode_ci;

--
-- Dumping data for table `cpc_nivel_1`
--


--
-- Table structure for table `cpc_nivel_2`
--

CREATE TABLE `cpc_nivel_2` (
  `id` bigint(20) unsigned NOT NULL AUTO_INCREMENT,
  `user_id` int(10) unsigned DEFAULT NULL,
  `person_id` int(10) unsigned NOT NULL,
  `cpc_nivel_1_id` bigint(20) unsigned NOT NULL,
  `descripcion` varchar(191) COLLATE utf8mb4_unicode_ci NOT NULL,
  `habilitado` tinyint(1) NOT NULL DEFAULT '1',
  `created_at` timestamp NULL DEFAULT NULL,
  `updated_at` timestamp NULL DEFAULT NULL,
  `deleted_at` timestamp NULL DEFAULT NULL,
  PRIMARY KEY (`id`),
  KEY `cpc_nivel_2_person_id_foreign` (`person_id`),
  KEY `cpc_nivel_2_cpc_nivel_1_id_foreign` (`cpc_nivel_1_id`),
  CONSTRAINT `cpc_nivel_2_cpc_nivel_1_id_foreign` FOREIGN KEY (`cpc_nivel_1_id`) REFERENCES `cpc_nivel_1` (`id`),
  CONSTRAINT `cpc_nivel_2_person_id_foreign` FOREIGN KEY (`person_id`) REFERENCES `persons` (`id`)
) ENGINE=InnoDB DEFAULT CHARSET=utf8mb4 COLLATE=utf8mb4_unicode_ci;

--
-- Dumping data for table `cpc_nivel_2`
--


--
-- Table structure for table `cpc_nivel_2_details`
--

CREATE TABLE `cpc_nivel_2_details` (
  `id` bigint(20) unsigned NOT NULL AUTO_INCREMENT,
  `user_id` int(10) unsigned DEFAULT NULL,
  `person_id` int(10) unsigned NOT NULL,
  `cpc_nivel_2_id` bigint(20) unsigned NOT NULL,
  `cuenta_contable_id` int(10) unsigned NOT NULL,
  `created_at` timestamp NULL DEFAULT NULL,
  `updated_at` timestamp NULL DEFAULT NULL,
  `deleted_at` timestamp NULL DEFAULT NULL,
  PRIMARY KEY (`id`),
  KEY `cpc_nivel_2_details_person_id_foreign` (`person_id`),
  KEY `cpc_nivel_2_details_cpc_nivel_2_id_foreign` (`cpc_nivel_2_id`),
  KEY `cpc_nivel_2_details_cuenta_contable_id_foreign` (`cuenta_contable_id`),
  CONSTRAINT `cpc_nivel_2_details_cpc_nivel_2_id_foreign` FOREIGN KEY (`cpc_nivel_2_id`) REFERENCES `cpc_nivel_2` (`id`),
  CONSTRAINT `cpc_nivel_2_details_cuenta_contable_id_foreign` FOREIGN KEY (`cuenta_contable_id`) REFERENCES `conta_plan_cuenta` (`id`),
  CONSTRAINT `cpc_nivel_2_details_person_id_foreign` FOREIGN KEY (`person_id`) REFERENCES `persons` (`id`)
) ENGINE=InnoDB DEFAULT CHARSET=utf8mb4 COLLATE=utf8mb4_unicode_ci;

--
-- Dumping data for table `cpc_nivel_2_details`
--


--
-- Table structure for table `cpcuenta_types_tc`
--

CREATE TABLE `cpcuenta_types_tc` (
  `id` bigint(20) unsigned NOT NULL AUTO_INCREMENT,
  `user_id` int(10) unsigned DEFAULT NULL,
  `descripcion` text COLLATE utf8mb4_unicode_ci NOT NULL,
  `habilitado` tinyint(1) NOT NULL DEFAULT '1',
  `created_at` timestamp NULL DEFAULT NULL,
  `updated_at` timestamp NULL DEFAULT NULL,
  `deleted_at` timestamp NULL DEFAULT NULL,
  PRIMARY KEY (`id`)
) ENGINE=InnoDB AUTO_INCREMENT=8 DEFAULT CHARSET=utf8mb4 COLLATE=utf8mb4_unicode_ci;

--
-- Dumping data for table `cpcuenta_types_tc`
--

INSERT INTO `cpcuenta_types_tc` VALUES (1,NULL,'Ingresos No Gravados',1,NULL,NULL,NULL),(2,NULL,'Sueldos',1,NULL,NULL,NULL),(3,NULL,'Retenciones de Ganancias',1,NULL,NULL,NULL),(4,NULL,'Anticipos de Ganancias',1,NULL,NULL,NULL),(5,NULL,'Bienes Activados',1,NULL,NULL,NULL),(6,NULL,'Percepciones de IVA',1,NULL,NULL,NULL),(7,NULL,'Percepciones de IIBB',1,NULL,NULL,NULL);

--
-- Table structure for table `cta_cte_cliente`
--

CREATE TABLE `cta_cte_cliente` (
  `id` int(10) unsigned NOT NULL AUTO_INCREMENT,
  `user_id` int(10) unsigned DEFAULT NULL,
  `is_no_fiscal` tinyint(1) DEFAULT '0',
  `user_id_que_firma` int(10) unsigned DEFAULT NULL,
  `numero` bigint(20) DEFAULT NULL,
  `tipo_asiento_id` int(10) unsigned NOT NULL,
  `person_id` int(10) unsigned NOT NULL,
  `person_id_relationed` int(10) unsigned NOT NULL,
  `cta_cte_tesoreria_cuenta_id` int(10) unsigned DEFAULT NULL,
  `period_id` int(10) unsigned NOT NULL,
  `saldo_id` int(10) unsigned NOT NULL,
  `compensado` tinyint(1) NOT NULL DEFAULT '0',
  `fecha` date DEFAULT NULL,
  `fecha_vencimiento` date DEFAULT NULL,
  `total` decimal(16,2) NOT NULL,
  `moneda_id` int(10) unsigned NOT NULL DEFAULT '1',
  `cotizacion` decimal(9,2) NOT NULL DEFAULT '1.00',
  `comentario` varchar(191) COLLATE utf8mb4_unicode_ci DEFAULT NULL,
  `file` varchar(191) COLLATE utf8mb4_unicode_ci DEFAULT NULL,
  `user_cta_cte_id` int(10) unsigned DEFAULT NULL,
  `created_at` timestamp NULL DEFAULT NULL,
  `updated_at` timestamp NULL DEFAULT NULL,
  `deleted_at` timestamp NULL DEFAULT NULL,
  PRIMARY KEY (`id`),
  KEY `cta_cte_cliente_person_id_foreign` (`person_id`),
  KEY `cta_cte_cliente_person_id_relationed_foreign` (`person_id_relationed`),
  KEY `cta_cte_cliente_period_id_foreign` (`period_id`),
  KEY `cta_cte_cliente_saldo_id_foreign` (`saldo_id`),
  KEY `cta_cte_cliente_tipo_asiento_id_foreign` (`tipo_asiento_id`),
  KEY `cta_cte_cliente_cta_cte_tesoreria_cuenta_id_foreign` (`cta_cte_tesoreria_cuenta_id`),
  KEY `cta_cte_cliente_moneda_id_foreign` (`moneda_id`),
  CONSTRAINT `cta_cte_cliente_cta_cte_tesoreria_cuenta_id_foreign` FOREIGN KEY (`cta_cte_tesoreria_cuenta_id`) REFERENCES `cta_cte_tesoreria_cuentas` (`id`),
  CONSTRAINT `cta_cte_cliente_moneda_id_foreign` FOREIGN KEY (`moneda_id`) REFERENCES `monedas` (`id`),
  CONSTRAINT `cta_cte_cliente_period_id_foreign` FOREIGN KEY (`period_id`) REFERENCES `periods` (`id`),
  CONSTRAINT `cta_cte_cliente_person_id_foreign` FOREIGN KEY (`person_id`) REFERENCES `persons` (`id`),
  CONSTRAINT `cta_cte_cliente_person_id_relationed_foreign` FOREIGN KEY (`person_id_relationed`) REFERENCES `persons` (`id`),
  CONSTRAINT `cta_cte_cliente_saldo_id_foreign` FOREIGN KEY (`saldo_id`) REFERENCES `conta_tipo_saldos` (`id`),
  CONSTRAINT `cta_cte_cliente_tipo_asiento_id_foreign` FOREIGN KEY (`tipo_asiento_id`) REFERENCES `conta_tipo_asientos` (`id`)
) ENGINE=InnoDB AUTO_INCREMENT=2626 DEFAULT CHARSET=utf8mb4 COLLATE=utf8mb4_unicode_ci;

--
-- Dumping data for table `cta_cte_cliente`
--

INSERT INTO `cta_cte_cliente` VALUES (1,333,0,NULL,1,2,40719,40720,13,3037,1,0,'2020-05-02','2020-05-02',1500.00,1,1.00,'Factura C N°: 0002-00000004',NULL,NULL,'2020-07-03 22:21:03','2021-02-03 12:17:44','2021-02-03 12:17:44'),(2,333,0,NULL,2,2,40719,40721,13,3037,1,0,'2020-05-02','2020-05-02',16000.00,1,1.00,'Factura C N°: 0002-00000005',NULL,NULL,'2020-07-03 22:21:03','2021-02-03 12:17:44','2021-02-03 12:17:44'),(3,333,0,NULL,3,2,40719,40722,13,3037,1,0,'2020-05-02','2020-05-02',11050.00,1,1.00,'Factura C N°: 0002-00000006',NULL,NULL,'2020-07-03 22:21:03','2021-02-03 12:17:44','2021-02-03 12:17:44'),(4,333,0,NULL,4,2,40717,40723,13,3,1,0,'2020-01-13','2020-01-13',1400.00,1,1.00,'RECIBO C N°: 0004-00000082',NULL,NULL,'2020-07-04 01:02:52','2021-02-04 12:32:33','2021-02-04 12:32:33'),(5,333,0,NULL,5,2,40717,40724,13,3,1,0,'2020-01-14','2020-01-14',3500.00,1,1.00,'RECIBO C N°: 0004-00000083',NULL,NULL,'2020-07-04 01:02:52','2021-02-04 12:32:34','2021-02-04 12:32:34'),(6,333,0,NULL,6,2,40717,40725,13,4,1,0,'2020-02-04','2020-02-04',1000.00,1,1.00,'RECIBO C N°: 0004-00000084',NULL,NULL,'2020-07-04 01:03:28','2021-02-04 12:32:34','2021-02-04 12:32:34'),(7,333,0,NULL,7,2,40717,40726,13,4,1,0,'2020-02-04','2020-02-04',500.00,1,1.00,'RECIBO C N°: 0004-00000085',NULL,NULL,'2020-07-04 01:03:28','2021-02-04 12:32:34','2021-02-04 12:32:34'),(8,333,0,NULL,8,2,40717,40727,13,4,1,0,'2020-02-04','2020-02-04',2600.00,1,1.00,'RECIBO C N°: 0004-00000086',NULL,NULL,'2020-07-04 01:03:28','2021-02-04 12:32:34','2021-02-04 12:32:34'),(9,333,0,NULL,9,2,40717,40719,13,4,1,0,'2020-02-12','2020-02-12',1300.00,1,1.00,'RECIBO C N°: 0004-00000087',NULL,NULL,'2020-07-04 01:03:28','2021-02-04 12:32:34','2021-02-04 12:32:34'),(10,333,0,NULL,10,2,40717,40723,13,4,1,0,'2020-02-12','2020-02-12',1800.00,1,1.00,'RECIBO C N°: 0004-00000088',NULL,NULL,'2020-07-04 01:03:28','2021-02-04 12:32:34','2021-02-04 12:32:34'),(11,333,0,NULL,11,2,40717,40719,13,5,1,0,'2020-03-05','2020-03-05',1700.00,1,1.00,'RECIBO C N°: 0004-00000089',NULL,NULL,'2020-07-04 01:04:14','2021-02-04 12:32:34','2021-02-04 12:32:34'),(12,333,0,NULL,12,2,40717,40725,13,5,1,0,'2020-03-05','2020-03-05',1000.00,1,1.00,'RECIBO C N°: 0004-00000090',NULL,NULL,'2020-07-04 01:04:14','2021-02-04 12:32:34','2021-02-04 12:32:34'),(13,333,0,NULL,13,2,40717,40727,13,5,1,0,'2020-03-05','2020-03-05',2600.00,1,1.00,'RECIBO C N°: 0004-00000091',NULL,NULL,'2020-07-04 01:04:14','2021-02-04 12:32:34','2021-02-04 12:32:34'),(14,333,0,NULL,14,2,40717,40726,13,5,1,0,'2020-03-05','2020-03-05',500.00,1,1.00,'RECIBO C N°: 0004-00000092',NULL,NULL,'2020-07-04 01:04:14','2021-02-04 12:32:34','2021-02-04 12:32:34'),(15,333,0,NULL,15,2,40717,40728,13,5,1,0,'2020-03-27','2020-03-27',3000.00,1,1.00,'RECIBO C N°: 0004-00000093',NULL,NULL,'2020-07-04 01:04:14','2021-02-04 12:32:34','2021-02-04 12:32:34'),(16,333,0,NULL,16,2,40717,40725,13,6,1,0,'2020-04-02','2020-04-02',1000.00,1,1.00,'Factura C N°: 0005-00000001',NULL,NULL,'2020-07-04 01:04:26','2021-02-04 12:32:34','2021-02-04 12:32:34'),(17,333,0,NULL,17,3,40717,40729,57,3,2,0,'2020-01-02','2020-01-02',790.00,1,1.00,'Factura B N°: 0002-00000249',NULL,NULL,'2020-07-04 01:05:33','2021-02-04 12:32:40','2021-02-04 12:32:40'),(18,333,0,NULL,18,3,40717,40730,57,3,2,0,'2020-01-07','2020-01-07',4344.57,1,1.00,'Factura B N°: 0007-00006290',NULL,NULL,'2020-07-04 01:05:33','2021-02-04 12:32:40','2021-02-04 12:32:40'),(19,333,0,NULL,19,3,40717,917,57,3,2,0,'2020-01-08','2020-01-08',4458.60,1,1.00,'Factura B N°: 2049-00295055',NULL,NULL,'2020-07-04 01:05:33','2021-02-04 12:32:40','2021-02-04 12:32:40'),(20,333,0,NULL,20,3,40717,40731,57,3,2,0,'2020-01-09','2020-01-09',105.00,1,1.00,'RECIBO C N°: 0002-00001188',NULL,NULL,'2020-07-04 01:05:33','2021-02-04 12:32:40','2021-02-04 12:32:40'),(21,333,0,NULL,21,3,40717,40731,57,3,2,0,'2020-01-09','2020-01-09',105.00,1,1.00,'RECIBO C N°: 0002-00001187',NULL,NULL,'2020-07-04 01:05:33','2021-02-04 12:32:40','2021-02-04 12:32:40');
INSERT INTO `cta_cte_cliente` VALUES (22,333,0,NULL,22,3,40717,40732,57,3,2,0,'2020-01-16','2020-01-16',2651.75,1,1.00,'Factura B N°: 0002-00006297',NULL,NULL,'2020-07-04 01:05:33','2021-02-04 12:32:40','2021-02-04 12:32:40'),(23,333,0,NULL,23,3,40717,8130,57,3,2,0,'2020-01-17','2020-01-17',8875.00,1,1.00,'Factura B N°: 0050-00580783',NULL,NULL,'2020-07-04 01:05:33','2021-02-04 12:32:40','2021-02-04 12:32:40'),(24,333,0,NULL,24,3,40717,40731,57,3,2,0,'2020-01-24','2020-01-24',315.00,1,1.00,'RECIBO C N°: 0002-00001254',NULL,NULL,'2020-07-04 01:05:33','2021-02-04 12:32:40','2021-02-04 12:32:40'),(25,333,0,NULL,25,3,40717,40732,57,3,2,0,'2020-01-25','2020-01-25',3036.75,1,1.00,'Factura B N°: 0002-00006371',NULL,NULL,'2020-07-04 01:05:33','2021-02-04 12:32:40','2021-02-04 12:32:40'),(26,333,0,NULL,26,3,40717,40731,57,3,2,0,'2020-01-31','2020-01-31',315.00,1,1.00,'RECIBO C N°: 0002-00001275',NULL,NULL,'2020-07-04 01:05:33','2021-02-04 12:32:40','2021-02-04 12:32:40'),(27,333,0,NULL,27,3,40717,40729,57,4,2,0,'2020-02-01','2020-02-01',915.00,1,1.00,'Factura B N°: 0002-00000300',NULL,NULL,'2020-07-04 01:06:01','2021-02-04 12:32:40','2021-02-04 12:32:40'),(28,333,0,NULL,28,3,40717,40732,57,4,2,0,'2020-02-13','2020-02-13',3116.90,1,1.00,'Factura B N°: 0002-00006424',NULL,NULL,'2020-07-04 01:06:01','2021-02-04 12:32:40','2021-02-04 12:32:40'),(29,333,0,NULL,29,3,40717,8130,57,4,2,0,'2020-02-18','2020-02-18',8875.00,1,1.00,'Factura B N°: 0050-00590180',NULL,NULL,'2020-07-04 01:06:01','2021-02-04 12:32:40','2021-02-04 12:32:40'),(30,333,0,NULL,30,3,40717,40731,57,4,2,0,'2020-02-21','2020-02-21',210.00,1,1.00,'RECIBO C N°: 0002-00001355',NULL,NULL,'2020-07-04 01:06:01','2021-02-04 12:32:40','2021-02-04 12:32:40'),(31,333,0,NULL,31,3,40717,40730,57,4,2,0,'2020-02-26','2020-02-26',2091.46,1,1.00,'Factura B N°: 0007-00006627',NULL,NULL,'2020-07-04 01:06:01','2021-02-04 12:32:40','2021-02-04 12:32:40'),(32,333,0,NULL,32,3,40717,40733,57,4,2,0,'2020-02-27','2020-02-27',690.00,1,1.00,'Factura C N°: 0005-00000584',NULL,NULL,'2020-07-04 01:06:01','2021-02-04 12:32:40','2021-02-04 12:32:40'),(33,333,0,NULL,33,3,40717,40729,57,5,2,0,'2020-03-01','2020-03-01',915.00,1,1.00,'Factura B N°: 0002-00000354',NULL,NULL,'2020-07-04 01:06:36','2021-02-04 12:32:40','2021-02-04 12:32:40'),(34,333,0,NULL,34,3,40717,40732,57,5,2,0,'2020-03-06','2020-03-06',4083.39,1,1.00,'Factura B N°: 0002-00006539',NULL,NULL,'2020-07-04 01:06:36','2021-02-04 12:32:40','2021-02-04 12:32:40'),(35,333,0,NULL,35,3,40717,8130,57,5,2,0,'2020-03-17','2020-03-17',8875.00,1,1.00,'Factura B N°: 0050-00599463',NULL,NULL,'2020-07-04 01:06:36','2021-02-04 12:32:40','2021-02-04 12:32:40'),(36,333,0,NULL,36,3,40717,40732,57,5,2,0,'2020-03-18','2020-03-18',1322.73,1,1.00,'Factura B N°: 0002-00006591',NULL,NULL,'2020-07-04 01:06:36','2021-02-04 12:32:40','2021-02-04 12:32:40'),(38,333,0,NULL,38,3,40717,40729,57,7,2,0,'2020-04-01','2020-04-01',915.00,1,1.00,'Factura B N°: 0002-00000407',NULL,NULL,'2020-07-04 01:07:40','2021-02-04 12:32:40','2021-02-04 12:32:40'),(39,333,0,NULL,39,3,40717,40729,57,7,2,0,'2020-05-01','2020-05-01',915.00,1,1.00,'Factura B N°: 0002-00000459',NULL,NULL,'2020-07-04 01:07:40','2021-02-04 12:32:40','2021-02-04 12:32:40'),(40,333,0,NULL,40,3,40717,40732,57,7,2,0,'2020-04-09','2020-04-09',2625.96,1,1.00,'Factura B N°: 0002-00006661',NULL,NULL,'2020-07-04 01:07:40','2021-02-04 12:32:40','2021-02-04 12:32:40'),(41,333,0,NULL,41,3,40717,8130,57,7,2,0,'2020-04-21','2020-04-21',8875.00,1,1.00,'Factura B N°: 0050-00608843',NULL,NULL,'2020-07-04 01:07:40','2021-02-04 12:32:40','2021-02-04 12:32:40'),(42,333,0,NULL,42,3,40717,40732,57,7,2,0,'2020-04-21','2020-04-21',2841.52,1,1.00,'Factura B N°: 0002-00006722',NULL,NULL,'2020-07-04 01:07:40','2021-02-04 12:32:40','2021-02-04 12:32:40'),(43,333,0,NULL,43,3,40717,40729,57,8,2,0,'2020-06-01','2020-06-01',915.00,1,1.00,'Factura B N°: 0002-00000510',NULL,NULL,'2020-07-04 01:08:40','2021-02-04 12:32:40','2021-02-04 12:32:40');
INSERT INTO `cta_cte_cliente` VALUES (44,333,0,NULL,44,3,40717,40730,57,8,2,0,'2020-06-02','2020-06-02',3367.26,1,1.00,'Factura B N°: 0007-00007209',NULL,NULL,'2020-07-04 01:08:40','2021-02-04 12:32:40','2021-02-04 12:32:40'),(45,333,0,NULL,45,3,40717,40734,57,8,2,0,'2020-06-08','2020-06-08',1632.29,1,1.00,'Factura B N°: 0001-00000194',NULL,NULL,'2020-07-04 01:08:40','2021-02-04 12:32:40','2021-02-04 12:32:40'),(46,333,0,NULL,46,3,40717,40730,57,8,2,0,'2020-06-16','2020-06-16',4357.83,1,1.00,'Factura B N°: 0007-00007284',NULL,NULL,'2020-07-04 01:08:40','2021-02-04 12:32:40','2021-02-04 12:32:40'),(47,333,0,NULL,47,3,40717,8130,57,8,2,0,'2020-06-23','2020-06-23',8875.00,1,1.00,'Factura B N°: 0050-00627603',NULL,NULL,'2020-07-04 01:08:40','2021-02-04 12:32:40','2021-02-04 12:32:40'),(48,333,0,NULL,48,3,40717,40730,57,8,2,0,'2020-06-27','2020-06-27',7023.41,1,1.00,'Factura B N°: 0007-00007363',NULL,NULL,'2020-07-04 01:08:40','2021-02-04 12:32:40','2021-02-04 12:32:40'),(49,333,0,NULL,49,2,40739,40741,13,10833,1,0,'2020-06-01','2020-06-01',80331.90,1,1.00,'Tique (Informe Diario Z) N°: 0004-00000371',NULL,NULL,'2020-07-09 16:08:40','2020-07-09 16:10:48','2020-07-09 16:10:48'),(50,333,0,NULL,50,2,40739,40741,13,10833,1,0,'2020-06-03','2020-06-03',52751.99,1,1.00,'Tique (Informe Diario Z) N°: 0004-00000372',NULL,NULL,'2020-07-09 16:09:17','2020-07-09 16:10:32','2020-07-09 16:10:32'),(51,333,0,NULL,51,2,40739,1989,13,10833,1,0,'2020-06-03','2020-06-03',52751.99,1,1.00,'Tique (Informe Diario Z) N°: 0004-00000372',NULL,NULL,'2020-07-09 16:10:32','2020-07-09 16:10:32',NULL),(52,333,0,NULL,52,2,40739,1989,13,10833,1,0,'2020-06-01','2020-06-01',80331.90,1,1.00,'Tique (Informe Diario Z) N°: 0004-00000371',NULL,NULL,'2020-07-09 16:10:48','2020-07-09 16:10:48',NULL),(53,333,0,NULL,53,2,40739,1989,13,10833,1,0,'2020-06-04','2020-06-04',62556.50,1,1.00,'Tique (Informe Diario Z) N°: 0004-00000373',NULL,NULL,'2020-07-09 16:12:06','2020-07-09 16:12:06',NULL),(54,333,0,NULL,54,2,40739,1989,13,10833,1,0,'2020-06-04','2020-06-04',58597.00,1,1.00,'Tique (Informe Diario Z) N°: 0004-00000374',NULL,NULL,'2020-07-09 16:12:52','2020-07-09 16:15:18','2020-07-09 16:15:18'),(55,333,0,NULL,55,2,40739,1989,13,10833,1,0,'2020-06-04','2020-06-04',88935.50,1,1.00,'Tique (Informe Diario Z) N°: 0004-00000375',NULL,NULL,'2020-07-09 16:14:59','2020-07-09 16:15:30','2020-07-09 16:15:30'),(56,333,0,NULL,56,2,40739,1989,13,10833,1,0,'2020-06-05','2020-06-05',58597.00,1,1.00,'Tique (Informe Diario Z) N°: 0004-00000374',NULL,NULL,'2020-07-09 16:15:18','2020-07-09 16:15:18',NULL),(57,333,0,NULL,57,2,40739,1989,13,10833,1,0,'2020-06-06','2020-06-06',88935.50,1,1.00,'Tique (Informe Diario Z) N°: 0004-00000375',NULL,NULL,'2020-07-09 16:15:30','2020-07-09 16:15:30',NULL),(58,333,0,NULL,58,2,40739,1989,13,10833,1,0,'2020-06-09','2020-06-09',77582.76,1,1.00,'Tique (Informe Diario Z) N°: 0004-00000376',NULL,NULL,'2020-07-09 16:17:47','2020-07-09 16:17:47',NULL),(59,333,0,NULL,59,2,40739,1989,13,10833,1,0,'2020-06-09','2020-06-09',68364.10,1,1.00,'Tique (Informe Diario Z) N°: 0004-00000377',NULL,NULL,'2020-07-09 16:18:33','2020-07-09 16:18:33',NULL),(60,333,0,NULL,60,2,40739,1989,13,10833,1,0,'2020-06-10','2020-06-10',59409.00,1,1.00,'Tique (Informe Diario Z) N°: 0004-00000378',NULL,NULL,'2020-07-09 16:19:04','2020-07-09 16:19:04',NULL),(61,333,0,NULL,61,2,40739,1989,13,10833,1,0,'2020-06-11','2020-06-11',45948.50,1,1.00,'Tique (Informe Diario Z) N°: 0004-00000379',NULL,NULL,'2020-07-09 16:19:57','2020-07-09 16:19:57',NULL),(62,333,0,NULL,62,2,40739,1989,13,10833,1,0,'2020-06-12','2020-06-12',65066.00,1,1.00,'Tique (Informe Diario Z) N°: 0004-00000380',NULL,NULL,'2020-07-09 16:20:43','2020-07-09 16:20:43',NULL),(63,333,0,NULL,63,2,40739,1989,13,10833,1,0,'2020-06-13','2020-06-13',87410.00,1,1.00,'Tique (Informe Diario Z) N°: 0004-00000381',NULL,NULL,'2020-07-09 16:21:24','2020-07-09 16:21:24',NULL);
INSERT INTO `cta_cte_cliente` VALUES (64,333,0,NULL,64,2,40739,40745,13,10833,1,0,'2020-06-16','2020-06-16',613.00,1,1.00,'Factura A N°: 0005-00000009',NULL,NULL,'2020-07-09 16:31:15','2020-07-09 16:31:15',NULL),(65,333,0,NULL,65,2,40739,40744,13,10833,1,0,'2020-06-12','2020-06-12',2875.00,1,1.00,'Factura A N°: 0005-00000008',NULL,NULL,'2020-07-09 16:32:47','2020-07-09 16:32:47',NULL),(66,333,0,NULL,66,2,40739,1989,13,10833,1,0,'2020-06-16','2020-06-16',61504.40,1,1.00,'Tique (Informe Diario Z) N°: 0004-00000383',NULL,NULL,'2020-07-09 16:35:21','2020-07-09 16:35:21',NULL),(67,333,0,NULL,67,2,40739,1989,13,10833,1,0,'2020-06-17','2020-06-17',87104.60,1,1.00,'Tique (Informe Diario Z) N°: 0004-00000384',NULL,NULL,'2020-07-09 16:35:41','2020-07-09 16:35:41',NULL),(68,333,0,NULL,68,2,40739,1989,13,10833,1,0,'2020-06-18','2020-06-18',67838.00,1,1.00,'Tique (Informe Diario Z) N°: 0004-00000385',NULL,NULL,'2020-07-09 16:35:58','2020-07-09 16:35:58',NULL),(69,333,0,NULL,69,2,40739,1989,13,10833,1,0,'2020-06-19','2020-06-19',73398.10,1,1.00,'Tique (Informe Diario Z) N°: 0004-00000386',NULL,NULL,'2020-07-09 16:36:12','2020-07-09 16:36:12',NULL),(70,333,0,NULL,70,2,40739,1989,13,10833,1,0,'2020-06-20','2020-06-20',57293.50,1,1.00,'Tique (Informe Diario Z) N°: 0004-00000387',NULL,NULL,'2020-07-09 16:36:27','2020-07-09 16:36:27',NULL),(71,333,0,NULL,71,2,40739,1989,13,10833,1,0,'2020-06-22','2020-06-22',46140.49,1,1.00,'Tique (Informe Diario Z) N°: 0004-00000388',NULL,NULL,'2020-07-09 16:36:41','2020-07-09 16:36:41',NULL),(72,333,0,NULL,72,2,40739,1989,13,10833,1,0,'2020-06-23','2020-06-23',42780.51,1,1.00,'Tique (Informe Diario Z) N°: 0004-00000389',NULL,NULL,'2020-07-09 16:36:56','2020-07-09 16:36:56',NULL),(73,333,0,NULL,73,2,40739,1989,13,10833,1,0,'2020-06-24','2020-06-24',48934.00,1,1.00,'Tique (Informe Diario Z) N°: 0004-00000390',NULL,NULL,'2020-07-09 16:37:11','2020-07-09 16:37:11',NULL),(74,333,0,NULL,74,2,40739,1989,13,10833,1,0,'2020-06-25','2020-06-25',61053.50,1,1.00,'Tique (Informe Diario Z) N°: 0004-00000391',NULL,NULL,'2020-07-09 16:37:22','2020-07-09 16:37:22',NULL),(75,333,0,NULL,75,2,40739,1989,13,10833,1,0,'2020-06-26','2020-06-26',870.24,1,1.00,'Tique (Informe Diario Z) N°: 0004-00000392',NULL,NULL,'2020-07-09 16:37:32','2020-07-09 16:38:46','2020-07-09 16:38:46'),(76,333,0,NULL,76,2,40739,1989,13,10833,1,0,'2020-06-27','2020-06-27',91104.75,1,1.00,'Tique (Informe Diario Z) N°: 0004-00000393',NULL,NULL,'2020-07-09 16:37:52','2020-07-09 16:37:52',NULL),(77,333,0,NULL,77,2,40739,1989,13,10833,1,0,'2020-06-29','2020-06-29',73205.10,1,1.00,'Tique (Informe Diario Z) N°: 0004-00000394',NULL,NULL,'2020-07-09 16:38:07','2020-07-09 16:38:07',NULL),(78,333,0,NULL,78,2,40739,1989,13,10833,1,0,'2020-06-30','2020-06-30',44553.00,1,1.00,'Tique (Informe Diario Z) N°: 0004-00000395',NULL,NULL,'2020-07-09 16:38:23','2020-07-09 16:38:23',NULL),(79,333,0,NULL,79,2,40739,1989,13,10833,1,0,'2020-06-26','2020-06-26',87024.00,1,1.00,'Tique (Informe Diario Z) N°: 0004-00000392',NULL,NULL,'2020-07-09 16:38:46','2020-07-09 16:38:46',NULL),(80,333,0,NULL,80,3,40739,40746,57,10833,1,0,'2020-06-01','2020-06-01',6815.99,1,1.00,'Nota de crédito A N°: 0033-00023796',NULL,NULL,'2020-07-09 18:10:42','2020-07-09 18:10:42',NULL),(81,333,0,NULL,81,3,40739,40747,57,10833,2,0,'2020-06-01','2020-06-01',69322.11,1,1.00,'Factura A N°: 0002-00247052',NULL,NULL,'2020-07-09 18:10:42','2020-07-09 18:10:42',NULL),(82,333,0,NULL,82,3,40739,40748,57,10833,2,0,'2020-06-01','2020-06-01',197097.58,1,1.00,'Factura A N°: 0049-00073660',NULL,NULL,'2020-07-09 18:10:42','2020-07-09 18:10:42',NULL),(83,333,0,NULL,83,3,40739,40747,57,10833,1,0,'2020-06-01','2020-06-01',633.25,1,1.00,'Nota de crédito A N°: 0002-00022565',NULL,NULL,'2020-07-09 18:10:42','2020-07-09 18:10:42',NULL),(84,333,0,NULL,84,3,40739,40748,57,10833,2,0,'2020-06-01','2020-06-01',120412.16,1,1.00,'Factura A N°: 0081-00007406',NULL,NULL,'2020-07-09 18:10:42','2020-07-09 18:10:42',NULL);
INSERT INTO `cta_cte_cliente` VALUES (85,333,0,NULL,85,3,40739,40749,57,10833,2,0,'2020-06-01','2020-06-01',9680.00,1,1.00,'Factura A N°: 0002-00000230',NULL,NULL,'2020-07-09 18:10:42','2020-07-09 18:10:42',NULL),(86,333,0,NULL,86,3,40739,8080,57,10833,2,0,'2020-06-01','2020-06-01',368274.09,1,1.00,'Factura A N°: 0395-00341977',NULL,NULL,'2020-07-09 18:10:42','2020-07-09 18:25:38','2020-07-09 18:25:38'),(87,333,0,NULL,87,3,40739,40746,57,10833,1,0,'2020-06-02','2020-06-02',3411.79,1,1.00,'Nota de crédito A N°: 0030-00026873',NULL,NULL,'2020-07-09 18:10:42','2020-07-09 18:10:42',NULL),(88,333,0,NULL,88,3,40739,40748,57,10833,2,0,'2020-06-02','2020-06-02',65023.13,1,1.00,'Factura A N°: 0049-00074240',NULL,NULL,'2020-07-09 18:10:42','2020-07-09 18:18:56','2020-07-09 18:18:56'),(89,333,0,NULL,89,3,40739,40748,57,10833,2,0,'2020-06-02','2020-06-02',248243.92,1,1.00,'Factura A N°: 0049-00074192',NULL,NULL,'2020-07-09 18:10:42','2020-07-09 18:12:55','2020-07-09 18:12:55'),(90,333,0,NULL,90,3,40739,8080,57,10833,1,0,'2020-06-02','2020-06-02',26775.47,1,1.00,'Nota de crédito A N°: 0388-00201657',NULL,NULL,'2020-07-09 18:10:42','2020-07-09 18:10:42',NULL),(91,333,0,NULL,91,3,40739,40750,57,10833,2,0,'2020-06-03','2020-06-03',3836.11,1,1.00,'Factura A N°: 0004-00013105',NULL,NULL,'2020-07-09 18:10:42','2020-07-09 18:10:42',NULL),(92,333,0,NULL,92,3,40739,40748,57,10833,2,0,'2020-06-04','2020-06-04',41718.63,1,1.00,'Factura A N°: 0049-00074804',NULL,NULL,'2020-07-09 18:10:42','2020-07-09 18:18:06','2020-07-09 18:18:06'),(93,333,0,NULL,93,3,40739,40748,57,10833,2,0,'2020-06-04','2020-06-04',26572.85,1,1.00,'Factura A N°: 0081-00007655',NULL,NULL,'2020-07-09 18:10:42','2020-07-09 18:17:15','2020-07-09 18:17:15'),(94,333,0,NULL,94,3,40739,40751,57,10833,2,0,'2020-06-05','2020-06-05',58464.27,1,1.00,'Factura A N°: 0003-00083608',NULL,NULL,'2020-07-09 18:10:42','2020-07-09 18:10:42',NULL),(95,333,0,NULL,95,3,40739,40751,57,10833,1,0,'2020-06-09','2020-06-09',2327.01,1,1.00,'Nota de crédito A N°: 0003-00033876',NULL,NULL,'2020-07-09 18:10:42','2020-07-09 18:10:42',NULL),(96,333,0,NULL,96,3,40739,40746,57,10833,2,0,'2020-06-09','2020-06-09',22579.91,1,1.00,'Factura A N°: 0030-00147521',NULL,NULL,'2020-07-09 18:10:42','2020-07-09 18:22:41','2020-07-09 18:22:41'),(97,333,0,NULL,97,3,40739,40752,57,10833,2,0,'2020-06-10','2020-06-10',2000.00,1,1.00,'Factura C N°: 0002-00000603',NULL,NULL,'2020-07-09 18:10:42','2020-07-17 09:37:34','2020-07-17 09:37:34'),(98,333,0,NULL,98,3,40739,40748,57,10833,1,0,'2020-06-10','2020-06-10',55297.56,1,1.00,'Nota de crédito A N°: 0049-00030792',NULL,NULL,'2020-07-09 18:10:42','2020-07-09 18:10:42',NULL),(99,333,0,NULL,99,3,40739,40753,57,10833,2,0,'2020-06-10','2020-06-10',641.60,1,1.00,'Factura B N°: 0006-06961497',NULL,NULL,'2020-07-09 18:10:42','2020-07-17 09:37:40','2020-07-17 09:37:40'),(100,333,0,NULL,100,3,40739,8080,57,10833,1,0,'2020-06-10','2020-06-10',3387.69,1,1.00,'Nota de crédito A N°: 0388-00202688',NULL,NULL,'2020-07-09 18:10:42','2020-07-09 18:10:42',NULL),(101,333,0,NULL,101,3,40739,40750,57,10833,2,0,'2020-06-11','2020-06-11',10908.06,1,1.00,'Factura A N°: 0004-00013171',NULL,NULL,'2020-07-09 18:10:42','2020-07-09 18:10:42',NULL),(102,333,0,NULL,102,3,40739,40748,57,10833,2,0,'2020-06-11','2020-06-11',79410.51,1,1.00,'Factura A N°: 0049-00076319',NULL,NULL,'2020-07-09 18:10:42','2020-07-09 18:23:23','2020-07-09 18:23:23'),(103,333,0,NULL,103,3,40739,40748,57,10833,2,0,'2020-06-12','2020-06-12',4296.51,1,1.00,'Factura A N°: 0049-00076640',NULL,NULL,'2020-07-09 18:10:42','2020-07-09 18:26:58','2020-07-09 18:26:58'),(104,333,0,NULL,104,3,40739,8080,57,10833,2,0,'2020-06-12','2020-06-12',97817.28,1,1.00,'Factura A N°: 0395-00344489',NULL,NULL,'2020-07-09 18:10:42','2020-07-09 18:14:17','2020-07-09 18:14:17'),(105,333,0,NULL,105,3,40739,40746,57,10833,1,0,'2020-06-14','2020-06-14',3030.51,1,1.00,'Nota de crédito A N°: 0030-00027718',NULL,NULL,'2020-07-09 18:10:42','2020-07-09 18:10:42',NULL);
INSERT INTO `cta_cte_cliente` VALUES (106,333,0,NULL,106,3,40739,40748,57,10833,2,0,'2020-06-15','2020-06-15',51349.48,1,1.00,'Factura A N°: 0049-00076823',NULL,NULL,'2020-07-09 18:10:42','2020-07-09 18:27:36','2020-07-09 18:27:36'),(107,333,0,NULL,107,3,40739,8080,57,10833,2,0,'2020-06-16','2020-06-16',21536.08,1,1.00,'Factura A N°: 0395-00344815',NULL,NULL,'2020-07-09 18:10:42','2020-07-09 18:29:41','2020-07-09 18:29:41'),(108,333,0,NULL,108,3,40739,40750,57,10833,2,0,'2020-06-18','2020-06-18',4703.98,1,1.00,'Factura A N°: 0004-00013209',NULL,NULL,'2020-07-09 18:10:42','2020-07-09 18:20:30','2020-07-09 18:20:30'),(109,333,0,NULL,109,3,40739,40748,57,10833,2,0,'2020-06-18','2020-06-18',96206.42,1,1.00,'Factura A N°: 0049-00077560',NULL,NULL,'2020-07-09 18:10:42','2020-07-09 18:30:26','2020-07-09 18:30:26'),(110,333,0,NULL,110,3,40739,40754,57,10833,2,0,'2020-06-19','2020-06-19',630.00,1,1.00,'Factura B N°: 0382-00019260',NULL,NULL,'2020-07-09 18:10:42','2020-07-17 09:37:07','2020-07-17 09:37:07'),(111,333,0,NULL,111,3,40739,40754,57,10833,2,0,'2020-06-19','2020-06-19',630.00,1,1.00,'Factura B N°: 0382-00019195',NULL,NULL,'2020-07-09 18:10:42','2020-07-17 09:36:56','2020-07-17 09:36:56'),(112,333,0,NULL,112,3,40739,40748,57,10833,2,0,'2020-06-19','2020-06-19',78948.80,1,1.00,'Factura A N°: 0049-00077847',NULL,NULL,'2020-07-09 18:10:42','2020-07-09 18:31:38','2020-07-09 18:31:38'),(113,333,0,NULL,113,3,40739,40751,57,10833,1,0,'2020-06-22','2020-06-22',2928.20,1,1.00,'Nota de crédito A N°: 0003-00034052',NULL,NULL,'2020-07-09 18:10:42','2020-07-09 18:10:42',NULL),(114,333,0,NULL,114,3,40739,40748,57,10833,2,0,'2020-06-22','2020-06-22',67295.31,1,1.00,'Factura A N°: 0049-00078316',NULL,NULL,'2020-07-09 18:10:42','2020-07-09 18:32:30','2020-07-09 18:32:30'),(115,333,0,NULL,115,3,40739,40750,57,10833,2,0,'2020-06-23','2020-06-23',1365.60,1,1.00,'Factura A N°: 0004-00013253',NULL,NULL,'2020-07-09 18:10:42','2020-07-09 18:26:11','2020-07-09 18:26:11'),(116,333,0,NULL,116,3,40739,40752,57,10833,2,0,'2020-06-23','2020-06-23',1950.00,1,1.00,'Factura C N°: 0002-00000605',NULL,NULL,'2020-07-09 18:10:42','2020-07-17 09:37:19','2020-07-17 09:37:19'),(117,333,0,NULL,117,3,40739,40748,57,10833,1,0,'2020-06-24','2020-06-24',3459.39,1,1.00,'Nota de crédito A N°: 0081-00002169',NULL,NULL,'2020-07-09 18:10:42','2020-07-09 18:10:42',NULL),(118,333,0,NULL,118,3,40739,40748,57,10833,2,0,'2020-06-24','2020-06-24',5610.49,1,1.00,'Factura A N°: 0049-00078759',NULL,NULL,'2020-07-09 18:10:42','2020-07-09 18:33:38','2020-07-09 18:33:38'),(119,333,0,NULL,119,3,40739,40748,57,10833,2,0,'2020-06-24','2020-06-24',133038.40,1,1.00,'Factura A N°: 0049-00078948',NULL,NULL,'2020-07-09 18:10:42','2020-07-09 18:35:04','2020-07-09 18:35:04'),(120,333,0,NULL,120,3,40739,40748,57,10833,2,0,'2020-06-24','2020-06-24',33820.62,1,1.00,'Factura A N°: 0049-00078952',NULL,NULL,'2020-07-09 18:10:42','2020-07-09 18:10:42',NULL),(121,333,0,NULL,121,3,40739,40755,57,10833,2,0,'2020-06-25','2020-06-25',16000.00,1,1.00,'Factura C N°: 0001-00000007',NULL,NULL,'2020-07-09 18:10:42','2020-07-17 09:36:46','2020-07-17 09:36:46'),(122,333,0,NULL,122,3,40739,8080,57,10833,2,0,'2020-06-25','2020-06-25',314284.92,1,1.00,'Factura A N°: 0395-00346752',NULL,NULL,'2020-07-09 18:10:42','2020-07-09 18:10:42',NULL),(123,333,0,NULL,123,3,40739,40746,57,10833,2,0,'2020-06-26','2020-06-26',47184.12,1,1.00,'Factura A N°: 0030-00150243',NULL,NULL,'2020-07-09 18:10:42','2020-07-09 18:10:42',NULL),(124,333,0,NULL,124,3,40739,40748,57,10833,2,0,'2020-06-26','2020-06-26',34287.20,1,1.00,'Factura A N°: 0049-00079315',NULL,NULL,'2020-07-09 18:10:42','2020-07-09 18:10:42',NULL),(125,333,0,NULL,125,3,40739,40748,57,10833,2,0,'2020-06-26','2020-06-26',68387.02,1,1.00,'Factura A N°: 0081-00009110',NULL,NULL,'2020-07-09 18:10:42','2020-07-09 18:10:42',NULL),(126,333,0,NULL,126,3,40739,40756,57,10833,2,0,'2020-06-26','2020-06-26',10624.72,1,1.00,'Factura B N°: 0152-01666486',NULL,NULL,'2020-07-09 18:10:42','2020-07-17 09:36:38','2020-07-17 09:36:38');
INSERT INTO `cta_cte_cliente` VALUES (127,333,0,NULL,127,3,40739,40748,57,10833,2,0,'2020-06-28','2020-06-28',38771.08,1,1.00,'Factura A N°: 0081-00009163',NULL,NULL,'2020-07-09 18:10:42','2020-07-09 18:10:42',NULL),(128,333,0,NULL,128,3,40739,40757,57,10833,2,0,'2020-06-29','2020-06-29',25000.00,1,1.00,'Factura C N°: 0003-00000088',NULL,NULL,'2020-07-09 18:10:42','2020-07-17 09:36:30','2020-07-17 09:36:30'),(129,333,0,NULL,129,3,40739,40758,57,10833,2,0,'2020-06-29','2020-06-29',1200.00,1,1.00,'Factura B N°: 0003-00050278',NULL,NULL,'2020-07-09 18:10:42','2020-07-17 09:36:24','2020-07-17 09:36:24'),(130,333,0,NULL,130,3,40739,8080,57,10833,2,0,'2020-06-29','2020-06-29',36751.78,1,1.00,'Factura A N°: 0395-00347074',NULL,NULL,'2020-07-09 18:10:42','2020-07-09 18:10:42',NULL),(131,333,0,NULL,131,3,40739,8118,57,10833,2,0,'2020-06-30','2020-06-30',483.58,1,1.00,'Factura B N°: 0011-00219428',NULL,NULL,'2020-07-09 18:10:42','2020-07-17 09:36:19','2020-07-17 09:36:19'),(132,333,0,NULL,132,3,40739,40759,57,10833,2,0,'2020-06-30','2020-06-30',5000.00,1,1.00,'Factura C N°: 0003-00000065',NULL,NULL,'2020-07-09 18:10:42','2020-07-17 09:36:13','2020-07-17 09:36:13'),(133,333,0,NULL,133,3,40739,40746,57,10833,2,0,'2020-06-30','2020-06-30',6964.29,1,1.00,'Factura A N°: 0030-00150854',NULL,NULL,'2020-07-09 18:10:42','2020-07-09 18:10:42',NULL),(134,333,0,NULL,134,3,40739,40747,57,10833,1,0,'2020-06-30','2020-06-30',3614.81,1,1.00,'Nota de crédito A N°: 0002-00023060',NULL,NULL,'2020-07-09 18:10:42','2020-07-09 18:10:42',NULL),(135,333,0,NULL,135,3,40739,40748,57,10833,2,0,'2020-06-02','2020-06-02',248243.95,1,1.00,'Factura A N°: 0049-00074192',NULL,NULL,'2020-07-09 18:12:55','2020-07-09 18:12:55',NULL),(136,333,0,NULL,136,3,40739,8080,57,10833,2,0,'2020-06-12','2020-06-12',97817.28,1,1.00,'Factura A N°: 0395-00344489',NULL,NULL,'2020-07-09 18:14:17','2020-07-09 18:14:17',NULL),(137,333,0,NULL,137,3,40739,40748,57,10833,2,0,'2020-06-04','2020-06-04',26572.85,1,1.00,'Factura A N°: 0081-00007655',NULL,NULL,'2020-07-09 18:17:15','2020-07-09 18:17:15',NULL),(138,333,0,NULL,138,3,40739,40748,57,10833,2,0,'2020-06-04','2020-06-04',41718.63,1,1.00,'Factura A N°: 0049-00074804',NULL,NULL,'2020-07-09 18:18:06','2020-07-09 18:18:06',NULL),(139,333,0,NULL,139,3,40739,40748,57,10833,2,0,'2020-06-02','2020-06-02',65023.13,1,1.00,'Factura A N°: 0049-00074240',NULL,NULL,'2020-07-09 18:18:56','2020-07-09 18:18:56',NULL),(140,333,0,NULL,140,3,40739,40750,57,10833,2,0,'2020-06-18','2020-06-18',4703.98,1,1.00,'Factura A N°: 0004-00013209',NULL,NULL,'2020-07-09 18:20:30','2020-07-09 18:20:30',NULL),(141,333,0,NULL,141,3,40739,40746,57,10833,2,0,'2020-06-09','2020-06-09',22579.91,1,1.00,'Factura A N°: 0030-00147521',NULL,NULL,'2020-07-09 18:22:41','2020-07-09 18:22:41',NULL),(142,333,0,NULL,142,3,40739,40748,57,10833,2,0,'2020-06-11','2020-06-11',79410.51,1,1.00,'Factura A N°: 0049-00076319',NULL,NULL,'2020-07-09 18:23:23','2020-07-09 18:23:23',NULL),(143,333,0,NULL,143,3,40739,8080,57,10833,2,0,'2020-06-01','2020-06-01',368274.09,1,1.00,'Factura A N°: 0395-00341977',NULL,NULL,'2020-07-09 18:25:38','2020-07-09 18:25:38',NULL),(144,333,0,NULL,144,3,40739,40750,57,10833,2,0,'2020-06-23','2020-06-23',1365.61,1,1.00,'Factura A N°: 0004-00013253',NULL,NULL,'2020-07-09 18:26:11','2020-07-09 18:26:11',NULL),(145,333,0,NULL,145,3,40739,40748,57,10833,2,0,'2020-06-12','2020-06-12',4296.52,1,1.00,'Factura A N°: 0049-00076640',NULL,NULL,'2020-07-09 18:26:58','2020-07-09 18:26:58',NULL),(146,333,0,NULL,146,3,40739,40748,57,10833,2,0,'2020-06-15','2020-06-15',51349.46,1,1.00,'Factura A N°: 0049-00076823',NULL,NULL,'2020-07-09 18:27:36','2020-07-09 18:27:36',NULL),(147,333,0,NULL,147,3,40739,8080,57,10833,2,0,'2020-06-16','2020-06-16',21536.08,1,1.00,'Factura A N°: 0395-00344815',NULL,NULL,'2020-07-09 18:29:41','2020-07-09 18:29:41',NULL),(148,333,0,NULL,148,3,40739,40748,57,10833,2,0,'2020-06-18','2020-06-18',96206.39,1,1.00,'Factura A N°: 0049-00077560',NULL,NULL,'2020-07-09 18:30:26','2020-07-09 18:30:26',NULL);
INSERT INTO `cta_cte_cliente` VALUES (149,333,0,NULL,149,3,40739,40748,57,10833,2,0,'2020-06-19','2020-06-19',78948.79,1,1.00,'Factura A N°: 0049-00077847',NULL,NULL,'2020-07-09 18:31:38','2020-07-09 18:31:38',NULL),(150,333,0,NULL,150,3,40739,40748,57,10833,2,0,'2020-06-22','2020-06-22',67295.32,1,1.00,'Factura A N°: 0049-00078316',NULL,NULL,'2020-07-09 18:32:30','2020-07-09 18:32:30',NULL),(151,333,0,NULL,151,3,40739,40748,57,10833,2,0,'2020-06-24','2020-06-24',5610.50,1,1.00,'Factura A N°: 0049-00078759',NULL,NULL,'2020-07-09 18:33:38','2020-07-09 18:33:38',NULL),(152,333,0,NULL,152,3,40739,40748,57,10833,2,0,'2020-06-24','2020-06-24',133038.40,1,1.00,'Factura A N°: 0049-00078948',NULL,NULL,'2020-07-09 18:35:04','2020-07-09 18:35:04',NULL),(153,333,0,NULL,153,3,40760,40761,57,13875,2,0,'2020-06-01','2020-06-01',13428.59,1,1.00,'Factura A N°: 0178-00432315',NULL,NULL,'2020-07-09 18:46:11','2020-07-09 19:47:34','2020-07-09 19:47:34'),(154,333,0,NULL,154,3,40760,40762,57,13875,2,0,'2020-06-01','2020-06-01',1260.40,1,1.00,'Factura A N°: 0006-00066161',NULL,NULL,'2020-07-09 18:46:11','2020-07-09 19:42:57','2020-07-09 19:42:57'),(155,333,0,NULL,155,3,40760,2431,57,13875,2,0,'2020-06-02','2020-06-02',7813.55,1,1.00,'Factura A N°: 1019-00004630',NULL,NULL,'2020-07-09 18:46:11','2020-07-09 20:03:34','2020-07-09 20:03:34'),(156,333,0,NULL,156,3,40760,2431,57,13875,2,0,'2020-06-02','2020-06-02',6688.16,1,1.00,'Factura A N°: 1019-00004629',NULL,NULL,'2020-07-09 18:46:11','2020-07-09 20:01:11','2020-07-09 20:01:11'),(157,333,0,NULL,157,3,40760,40761,57,13875,2,0,'2020-06-04','2020-06-04',2402.92,1,1.00,'Factura A N°: 0178-00433139',NULL,NULL,'2020-07-09 18:46:11','2020-07-09 19:46:19','2020-07-09 19:46:19'),(158,333,0,NULL,158,3,40760,40762,57,13875,2,0,'2020-06-08','2020-06-08',820.23,1,1.00,'Factura A N°: 0006-00066747',NULL,NULL,'2020-07-09 18:46:11','2020-07-09 19:43:41','2020-07-09 19:43:41'),(159,333,0,NULL,159,3,40760,40763,57,13875,2,0,'2020-06-08','2020-06-08',4509.57,1,1.00,'Factura A N°: 0010-00177107',NULL,NULL,'2020-07-09 18:46:11','2020-07-09 19:41:42','2020-07-09 19:41:42'),(160,333,0,NULL,160,3,40760,40753,57,13875,2,0,'2020-06-10','2020-06-10',0.00,1,1.00,'Factura B N°: 0006-06985221',NULL,NULL,'2020-07-09 18:46:11','2020-09-25 12:15:32','2020-09-25 12:15:32'),(161,333,0,NULL,161,3,40760,40763,57,13875,2,0,'2020-06-13','2020-06-13',2528.07,1,1.00,'Factura A N°: 0010-00177925',NULL,NULL,'2020-07-09 18:46:11','2020-07-09 19:37:17','2020-07-09 19:37:17'),(162,333,0,NULL,162,3,40760,40761,57,13875,2,0,'2020-06-18','2020-06-18',8007.90,1,1.00,'Factura A N°: 0178-00435928',NULL,NULL,'2020-07-09 18:46:11','2020-07-09 19:45:17','2020-07-09 19:45:17'),(163,333,0,NULL,163,3,40760,2431,57,13875,2,0,'2020-06-18','2020-06-18',13609.39,1,1.00,'Factura A N°: 1018-00005423',NULL,NULL,'2020-07-09 18:46:11','2020-07-09 20:00:08','2020-07-09 20:00:08'),(164,333,0,NULL,164,3,40760,40763,57,13875,2,0,'2020-06-22','2020-06-22',1139.00,1,1.00,'Factura A N°: 0010-00178634',NULL,NULL,'2020-07-09 18:46:11','2020-07-09 19:36:20','2020-07-09 19:36:20'),(165,333,0,NULL,165,3,40760,40764,57,13875,2,0,'2020-06-26','2020-06-26',2261.64,1,1.00,'Factura A N°: 0004-00212058',NULL,NULL,'2020-07-09 18:46:11','2020-07-09 19:28:19','2020-07-09 19:28:19'),(166,333,0,NULL,166,3,40760,40764,57,13875,2,0,'2020-06-26','2020-06-26',2767.82,1,1.00,'Factura A N°: 0004-00212059',NULL,NULL,'2020-07-09 18:46:11','2020-07-09 19:31:25','2020-07-09 19:31:25'),(167,333,0,NULL,167,3,40760,40763,57,13875,2,0,'2020-06-27','2020-06-27',6408.07,1,1.00,'Factura A N°: 0010-00179519',NULL,NULL,'2020-07-09 18:46:11','2020-07-09 19:33:14','2020-07-09 19:33:14'),(168,333,0,NULL,168,3,40760,2431,57,13875,2,0,'2020-06-30','2020-06-30',5373.08,1,1.00,'Factura A N°: 1018-00005667',NULL,NULL,'2020-07-09 18:46:11','2020-07-09 19:58:43','2020-07-09 19:58:43');
INSERT INTO `cta_cte_cliente` VALUES (169,333,0,NULL,169,3,40760,2431,57,13875,2,0,'2020-06-30','2020-06-30',7366.57,1,1.00,'Factura A N°: 1018-00005665',NULL,NULL,'2020-07-09 18:46:11','2020-07-09 19:57:33','2020-07-09 19:57:33'),(170,333,0,NULL,170,3,40760,2431,57,13875,2,0,'2020-06-30','2020-06-30',7929.55,1,1.00,'Factura A N°: 1018-00005666',NULL,NULL,'2020-07-09 18:46:11','2020-07-09 19:53:01','2020-07-09 19:53:01'),(171,333,0,NULL,171,3,40760,40765,57,13875,2,0,'2020-06-29','2020-06-29',8142.11,1,1.00,'Factura A N°: 8190-08968414',NULL,NULL,'2020-07-09 18:54:47','2020-07-16 19:47:55','2020-07-16 19:47:55'),(172,333,0,NULL,172,3,40760,40765,57,13875,2,0,'2020-06-26','2020-06-26',762.37,1,1.00,'Factura A N°: 8190-00724092',NULL,NULL,'2020-07-09 18:56:41','2020-09-25 12:17:02','2020-09-25 12:17:02'),(173,333,0,NULL,173,3,40760,40765,57,13875,2,0,'2020-06-26','2020-06-26',7728.38,1,1.00,'Factura A N°: 8190-08953627',NULL,NULL,'2020-07-09 18:58:21','2020-07-16 19:48:27','2020-07-16 19:48:27'),(174,333,0,NULL,174,3,40760,40765,57,13875,2,0,'2020-06-24','2020-06-24',5804.94,1,1.00,'Factura A N°: 8190-08938029',NULL,NULL,'2020-07-09 19:00:40','2020-07-16 19:40:07','2020-07-16 19:40:07'),(175,333,0,NULL,175,3,40760,40765,57,13875,2,0,'2020-06-22','2020-06-22',4065.71,1,1.00,'Factura A N°: 8190-08921991',NULL,NULL,'2020-07-09 19:02:09','2020-07-16 19:36:41','2020-07-16 19:36:41'),(176,333,0,NULL,176,3,40760,40765,57,13875,2,0,'2020-06-19','2020-06-19',8236.58,1,1.00,'Factura A N°: 8190-08913461',NULL,NULL,'2020-07-09 19:03:29','2020-07-16 19:36:03','2020-07-16 19:36:03'),(177,333,0,NULL,177,3,40760,40765,57,13875,2,0,'2020-06-17','2020-06-17',407.95,1,1.00,'Factura A N°: 8190-00711919',NULL,NULL,'2020-07-09 19:04:40','2021-02-08 19:44:48','2021-02-08 19:44:48'),(178,333,0,NULL,178,3,40760,40765,57,13875,2,0,'2020-06-17','2020-06-17',8018.33,1,1.00,'Factura A N°: 8190-08896369',NULL,NULL,'2020-07-09 19:05:45','2020-07-16 19:56:46','2020-07-16 19:56:46'),(179,333,0,NULL,179,3,40760,40765,57,13875,2,0,'2020-06-12','2020-06-12',4125.55,1,1.00,'Factura A N°: 8190-08875305',NULL,NULL,'2020-07-09 19:07:53','2020-07-16 19:35:34','2020-07-16 19:35:34'),(180,333,0,NULL,180,3,40760,40765,57,13875,2,0,'2020-06-10','2020-06-10',11080.82,1,1.00,'Factura A N°: 8190-08859043',NULL,NULL,'2020-07-09 19:09:12','2020-07-16 19:16:51','2020-07-16 19:16:51'),(181,333,0,NULL,181,3,40760,40765,57,13875,2,0,'2020-06-08','2020-06-08',704.05,1,1.00,'Factura A N°: 8190-00703244',NULL,NULL,'2020-07-09 19:14:51','2020-09-25 12:09:55','2020-09-25 12:09:55'),(182,333,0,NULL,182,3,40760,40765,57,13875,2,0,'2020-06-08','2020-06-08',5453.51,1,1.00,'Factura A N°: 8190-08844890',NULL,NULL,'2020-07-09 19:15:50','2020-07-16 19:29:06','2020-07-16 19:29:06'),(183,333,0,NULL,183,3,40760,40765,57,13875,2,0,'2020-06-05','2020-06-05',4249.39,1,1.00,'Factura A N°: 8190-08830383',NULL,NULL,'2020-07-09 19:18:01','2020-07-16 19:28:41','2020-07-16 19:28:41'),(184,333,0,NULL,184,3,40760,40765,57,13875,2,0,'2020-06-03','2020-06-03',7948.49,1,1.00,'Factura A N°: 8190-08815066',NULL,NULL,'2020-07-09 19:19:08','2020-07-16 19:17:45','2020-07-16 19:17:45'),(185,333,0,NULL,185,3,40760,40765,57,13875,2,0,'2020-06-01','2020-06-01',5038.27,1,1.00,'Factura A N°: 8190-08801421',NULL,NULL,'2020-07-09 19:20:49','2020-07-16 19:17:16','2020-07-16 19:17:16'),(186,333,0,NULL,186,3,40760,40764,57,13875,2,0,'2020-06-26','2020-06-26',2261.64,1,1.00,'Factura A N°: 0004-00212058',NULL,NULL,'2020-07-09 19:28:19','2020-07-16 19:59:46','2020-07-16 19:59:46'),(187,333,0,NULL,187,3,40760,40764,57,13875,2,0,'2020-06-26','2020-06-26',2767.82,1,1.00,'Factura A N°: 0004-00212059',NULL,NULL,'2020-07-09 19:31:25','2020-07-16 19:59:12','2020-07-16 19:59:12'),(188,333,0,NULL,188,3,40760,40763,57,13875,2,0,'2020-06-27','2020-06-27',6408.07,1,1.00,'Factura A N°: 0010-00179519',NULL,NULL,'2020-07-09 19:33:14','2020-07-16 19:52:20','2020-07-16 19:52:20');
INSERT INTO `cta_cte_cliente` VALUES (189,333,0,NULL,189,3,40760,40763,57,13875,2,0,'2010-06-30','2010-06-30',14203.16,1,1.00,'Factura A N°: 0010-00176251',NULL,NULL,'2020-07-09 19:35:19','2020-07-16 19:55:34','2020-07-16 19:55:34'),(190,333,0,NULL,190,3,40760,40763,57,13875,2,0,'2020-06-22','2020-06-22',1139.00,1,1.00,'Factura A N°: 0010-00178634',NULL,NULL,'2020-07-09 19:36:20','2020-07-16 19:51:29','2020-07-16 19:51:29'),(191,333,0,NULL,191,3,40760,40763,57,13875,2,0,'2020-06-13','2020-06-13',2528.07,1,1.00,'Factura A N°: 0010-00177925',NULL,NULL,'2020-07-09 19:37:17','2020-07-16 19:49:55','2020-07-16 19:49:55'),(192,333,0,NULL,192,3,40760,40763,57,13875,2,0,'2020-06-08','2020-06-08',4509.57,1,1.00,'Factura A N°: 0010-00177107',NULL,NULL,'2020-07-09 19:41:42','2020-07-16 19:49:21','2020-07-16 19:49:21'),(193,333,0,NULL,193,3,40760,40762,57,13875,2,0,'2020-06-01','2020-06-01',1260.40,1,1.00,'Factura A N°: 0006-00066161',NULL,NULL,'2020-07-09 19:42:57','2020-07-16 19:53:32','2020-07-16 19:53:32'),(194,333,0,NULL,194,3,40760,40762,57,13875,2,0,'2020-06-08','2020-06-08',820.23,1,1.00,'Factura A N°: 0006-00066747',NULL,NULL,'2020-07-09 19:43:41','2020-09-25 12:06:55','2020-09-25 12:06:55'),(195,333,0,NULL,195,3,40760,40761,57,13875,2,0,'2020-06-18','2020-06-18',8007.90,1,1.00,'Factura A N°: 0178-00435928',NULL,NULL,'2020-07-09 19:45:17','2020-07-16 19:50:26','2020-07-16 19:50:26'),(196,333,0,NULL,196,3,40760,40761,57,13875,2,0,'2020-06-04','2020-06-04',2402.93,1,1.00,'Factura A N°: 0178-00433139',NULL,NULL,'2020-07-09 19:46:19','2020-07-16 19:50:49','2020-07-16 19:50:49'),(197,333,0,NULL,197,3,40760,40761,57,13875,2,0,'2020-06-01','2020-06-01',13428.58,1,1.00,'Factura A N°: 0178-00432315',NULL,NULL,'2020-07-09 19:47:34','2020-07-16 19:52:04','2020-07-16 19:52:04'),(198,333,0,NULL,198,3,40760,2431,57,13875,2,0,'2020-06-30','2020-06-30',7929.55,1,1.00,'Factura A N°: 1018-00005666',NULL,NULL,'2020-07-09 19:53:01','2020-07-16 20:30:33','2020-07-16 20:30:33'),(199,333,0,NULL,199,3,40760,2431,57,13875,2,0,'2020-06-30','2020-06-30',7366.56,1,1.00,'Factura A N°: 1018-00005665',NULL,NULL,'2020-07-09 19:57:33','2020-07-16 19:37:58','2020-07-16 19:37:58'),(200,333,0,NULL,200,3,40760,2431,57,13875,2,0,'2020-06-30','2020-06-30',5373.09,1,1.00,'Factura A N°: 1018-00005667',NULL,NULL,'2020-07-09 19:58:43','2020-07-16 19:39:17','2020-07-16 19:39:17'),(201,333,0,NULL,201,3,40760,2431,57,13875,2,0,'2020-06-18','2020-06-18',13609.40,1,1.00,'Factura A N°: 1018-00005423',NULL,NULL,'2020-07-09 20:00:08','2020-07-16 19:49:39','2020-07-16 19:49:39'),(202,333,0,NULL,202,3,40760,2431,57,13875,2,0,'2020-06-02','2020-06-02',6688.16,1,1.00,'Factura A N°: 1019-00004629',NULL,NULL,'2020-07-09 20:01:11','2020-07-16 19:51:50','2020-07-16 19:51:50'),(203,333,0,NULL,203,3,40760,2431,57,13875,2,0,'2020-06-02','2020-06-02',7813.56,1,1.00,'Factura A N°: 1019-00004630',NULL,NULL,'2020-07-09 20:03:34','2020-07-16 19:52:36','2020-07-16 19:52:36'),(204,333,0,NULL,204,2,40760,1989,13,13875,1,0,'2020-06-30','2020-06-30',2627.90,1,1.00,'Tique (Informe Diario Z) N°: 0002-00001091',NULL,NULL,'2020-07-16 16:24:00','2020-07-16 16:51:58','2020-07-16 16:51:58'),(205,333,0,NULL,205,2,40760,1989,13,13875,1,0,'2020-06-30','2020-06-30',262790.01,1,1.00,'Tique (Informe Diario Z) N°: 0002-00001091',NULL,NULL,'2020-07-16 16:51:58','2021-02-08 19:44:38','2021-02-08 19:44:38'),(206,333,0,NULL,206,3,40760,40765,57,13875,2,0,'2020-06-10','2020-06-10',11222.37,1,1.00,'Factura A N°: 8190-08859043',NULL,NULL,'2020-07-16 19:16:51','2020-09-25 12:18:58','2020-09-25 12:18:58'),(207,333,0,NULL,207,3,40760,40765,57,13875,2,0,'2020-06-01','2020-06-01',5102.72,1,1.00,'Factura A N°: 8190-08801421',NULL,NULL,'2020-07-16 19:17:16','2020-09-25 12:10:35','2020-09-25 12:10:35'),(208,333,0,NULL,208,3,40760,40765,57,13875,2,0,'2020-06-03','2020-06-03',8050.25,1,1.00,'Factura A N°: 8190-08815066',NULL,NULL,'2020-07-16 19:17:45','2020-09-25 12:10:25','2020-09-25 12:10:25');
INSERT INTO `cta_cte_cliente` VALUES (209,333,0,NULL,209,3,40760,40765,57,13875,2,0,'2020-06-05','2020-06-05',4303.52,1,1.00,'Factura A N°: 8190-08830383',NULL,NULL,'2020-07-16 19:28:41','2020-09-25 12:10:13','2020-09-25 12:10:13'),(210,333,0,NULL,210,3,40760,40765,57,13875,2,0,'2020-06-08','2020-06-08',5523.25,1,1.00,'Factura A N°: 8190-08844890',NULL,NULL,'2020-07-16 19:29:06','2020-07-16 19:34:57','2020-07-16 19:34:57'),(211,333,0,NULL,211,3,40760,40765,57,13875,2,0,'2020-06-08','2020-06-08',5523.25,1,1.00,'Factura A N°: 8190-08844890',NULL,NULL,'2020-07-16 19:34:57','2020-09-25 12:10:07','2020-09-25 12:10:07'),(212,333,0,NULL,212,3,40760,40765,57,13875,2,0,'2020-06-12','2020-06-12',4178.38,1,1.00,'Factura A N°: 8190-08875305',NULL,NULL,'2020-07-16 19:35:34','2020-09-25 12:20:18','2020-09-25 12:20:18'),(213,333,0,NULL,213,3,40760,40765,57,13875,2,0,'2020-06-19','2020-06-19',8341.90,1,1.00,'Factura A N°: 8190-08913461',NULL,NULL,'2020-07-16 19:36:03','2020-07-16 19:39:34','2020-07-16 19:39:34'),(214,333,0,NULL,214,3,40760,40765,57,13875,2,0,'2020-06-22','2020-06-22',4117.77,1,1.00,'Factura A N°: 8190-08921991',NULL,NULL,'2020-07-16 19:36:41','2020-09-25 12:19:58','2020-09-25 12:19:58'),(215,333,0,NULL,215,3,40760,2431,57,13875,2,0,'2020-06-30','2020-06-30',7460.40,1,1.00,'Factura A N°: 1018-00005665',NULL,NULL,'2020-07-16 19:37:58','2020-09-25 12:13:17','2020-09-25 12:13:17'),(216,333,0,NULL,216,3,40760,2431,57,13875,2,0,'2020-06-30','2020-06-30',5441.54,1,1.00,'Factura A N°: 1018-00005667',NULL,NULL,'2020-07-16 19:39:17','2020-07-16 19:47:39','2020-07-16 19:47:39'),(217,333,0,NULL,217,3,40760,40765,57,13875,2,0,'2020-06-19','2020-06-19',8341.90,1,1.00,'Factura A N°: 8190-08913461',NULL,NULL,'2020-07-16 19:39:34','2020-09-25 12:22:51','2020-09-25 12:22:51'),(218,333,0,NULL,218,3,40760,40765,57,13875,2,0,'2020-06-24','2020-06-24',5879.28,1,1.00,'Factura A N°: 8190-08938029',NULL,NULL,'2020-07-16 19:40:07','2020-09-25 12:24:01','2020-09-25 12:24:01'),(219,333,0,NULL,219,3,40760,2431,57,13875,2,0,'2020-06-30','2020-06-30',5373.09,1,1.00,'Factura A N°: 1018-00005667',NULL,NULL,'2020-07-16 19:47:39','2021-02-08 19:44:47','2021-02-08 19:44:47'),(220,333,0,NULL,220,3,40760,40765,57,13875,2,0,'2020-06-29','2020-06-29',8246.09,1,1.00,'Factura A N°: 8190-08968414',NULL,NULL,'2020-07-16 19:47:55','2020-07-16 20:29:53','2020-07-16 20:29:53'),(221,333,0,NULL,221,3,40760,40765,57,13875,2,0,'2020-06-26','2020-06-26',7827.28,1,1.00,'Factura A N°: 8190-08953627',NULL,NULL,'2020-07-16 19:48:27','2020-09-25 12:24:41','2020-09-25 12:24:41'),(222,333,0,NULL,222,3,40760,40763,57,13875,2,0,'2020-06-08','2020-06-08',4568.42,1,1.00,'Factura A N°: 0010-00177107',NULL,NULL,'2020-07-16 19:49:21','2020-09-25 12:07:11','2020-09-25 12:07:11'),(223,333,0,NULL,223,3,40760,2431,57,13875,2,0,'2020-06-18','2020-06-18',13782.76,1,1.00,'Factura A N°: 1018-00005423',NULL,NULL,'2020-07-16 19:49:39','2020-09-25 12:07:50','2020-09-25 12:07:50'),(224,333,0,NULL,224,3,40760,40763,57,13875,2,0,'2020-06-13','2020-06-13',2561.06,1,1.00,'Factura A N°: 0010-00177925',NULL,NULL,'2020-07-16 19:49:55','2020-09-25 12:07:40','2020-09-25 12:07:40'),(225,333,0,NULL,225,3,40760,40761,57,13875,2,0,'2020-06-18','2020-06-18',8109.92,1,1.00,'Factura A N°: 0178-00435928',NULL,NULL,'2020-07-16 19:50:26','2020-09-25 12:07:29','2020-09-25 12:07:29'),(226,333,0,NULL,226,3,40760,40761,57,13875,2,0,'2020-06-04','2020-06-04',2434.28,1,1.00,'Factura A N°: 0178-00433139',NULL,NULL,'2020-07-16 19:50:49','2020-09-25 12:12:08','2020-09-25 12:12:08'),(227,333,0,NULL,227,3,40760,40763,57,13875,2,0,'2020-06-22','2020-06-22',1153.86,1,1.00,'Factura A N°: 0010-00178634',NULL,NULL,'2020-07-16 19:51:29','2020-09-25 12:07:57','2020-09-25 12:07:57'),(228,333,0,NULL,228,3,40760,2431,57,13875,2,0,'2020-06-02','2020-06-02',6773.36,1,1.00,'Factura A N°: 1019-00004629',NULL,NULL,'2020-07-16 19:51:50','2020-09-25 12:06:35','2020-09-25 12:06:35');
INSERT INTO `cta_cte_cliente` VALUES (229,333,0,NULL,229,3,40760,40761,57,13875,2,0,'2020-06-01','2020-06-01',13599.64,1,1.00,'Factura A N°: 0178-00432315',NULL,NULL,'2020-07-16 19:52:04','2020-09-25 12:04:24','2020-09-25 12:04:24'),(230,333,0,NULL,230,3,40760,40763,57,13875,2,0,'2020-06-27','2020-06-27',6491.70,1,1.00,'Factura A N°: 0010-00179519',NULL,NULL,'2020-07-16 19:52:20','2020-09-25 12:08:26','2020-09-25 12:08:26'),(231,333,0,NULL,231,3,40760,2431,57,13875,2,0,'2020-06-02','2020-06-02',7913.10,1,1.00,'Factura A N°: 1019-00004630',NULL,NULL,'2020-07-16 19:52:36','2020-09-25 12:06:15','2020-09-25 12:06:15'),(232,333,0,NULL,232,3,40760,40762,57,13875,2,0,'2020-06-01','2020-06-01',1275.74,1,1.00,'Factura A N°: 0006-00066161',NULL,NULL,'2020-07-16 19:53:32','2020-09-25 12:06:05','2020-09-25 12:06:05'),(233,333,0,NULL,233,3,40760,40763,57,13875,2,0,'2010-06-30','2010-06-30',14388.52,1,1.00,'Factura A N°: 0010-00176251',NULL,NULL,'2020-07-16 19:55:34','2020-09-25 12:25:26','2020-09-25 12:25:26'),(234,333,0,NULL,234,3,40760,40765,57,13875,2,0,'2020-06-17','2020-06-17',8120.75,1,1.00,'Factura A N°: 8190-08896369',NULL,NULL,'2020-07-16 19:56:46','2020-09-25 12:22:01','2020-09-25 12:22:01'),(235,333,0,NULL,235,3,40760,40764,57,13875,2,0,'2020-06-26','2020-06-26',2803.94,1,1.00,'Factura A N°: 0004-00212059',NULL,NULL,'2020-07-16 19:59:12','2020-09-25 12:08:16','2020-09-25 12:08:16'),(236,333,0,NULL,236,3,40760,40764,57,13875,2,0,'2020-06-26','2020-06-26',2288.59,1,1.00,'Factura A N°: 0004-00212058',NULL,NULL,'2020-07-16 19:59:46','2020-09-25 12:26:38','2020-09-25 12:26:38'),(237,333,0,NULL,237,3,40760,40765,57,13875,2,0,'2020-06-29','2020-06-29',8142.10,1,1.00,'Factura A N°: 8190-08968414',NULL,NULL,'2020-07-16 20:29:53','2020-09-25 12:14:26','2020-09-25 12:14:26'),(238,333,0,NULL,238,3,40760,2431,57,13875,2,0,'2020-06-30','2020-06-30',8034.71,1,1.00,'Factura A N°: 1018-00005666',NULL,NULL,'2020-07-16 20:30:33','2020-09-25 12:14:38','2020-09-25 12:14:38'),(239,333,0,NULL,239,2,40766,1989,13,15390,1,0,'2020-06-08','2020-06-08',7689.00,1,1.00,'Factura B N°: 0003-00000240',NULL,NULL,'2020-07-16 21:36:01','2021-01-28 22:23:30','2021-01-28 22:23:30'),(240,333,0,NULL,240,2,40766,1989,13,15390,1,0,'2020-06-08','2020-06-08',7689.00,1,1.00,'Factura B N°: 0003-00000241',NULL,NULL,'2020-07-16 21:36:01','2021-01-28 22:23:30','2021-01-28 22:23:30'),(241,333,0,NULL,241,2,40766,1989,13,15390,1,0,'2020-06-08','2020-06-08',7689.00,1,1.00,'Factura B N°: 0003-00000242',NULL,NULL,'2020-07-16 21:36:01','2021-01-28 22:23:30','2021-01-28 22:23:30'),(242,333,0,NULL,242,2,40766,1989,13,15390,1,0,'2020-06-08','2020-06-08',7689.00,1,1.00,'Factura B N°: 0003-00000243',NULL,NULL,'2020-07-16 21:36:01','2021-01-28 22:23:30','2021-01-28 22:23:30'),(243,333,0,NULL,243,2,40766,1989,13,15390,1,0,'2020-06-08','2020-06-08',7689.00,1,1.00,'Factura B N°: 0003-00000244',NULL,NULL,'2020-07-16 21:36:01','2021-01-28 22:23:30','2021-01-28 22:23:30'),(244,333,0,NULL,244,2,40766,1989,13,15390,1,0,'2020-06-08','2020-06-08',7689.00,1,1.00,'Factura B N°: 0003-00000245',NULL,NULL,'2020-07-16 21:36:01','2021-01-28 22:23:30','2021-01-28 22:23:30'),(245,333,0,NULL,245,2,40766,1989,13,15390,1,0,'2020-06-08','2020-06-08',7689.00,1,1.00,'Factura B N°: 0003-00000246',NULL,NULL,'2020-07-16 21:36:01','2021-01-28 22:23:30','2021-01-28 22:23:30'),(246,333,0,NULL,246,2,40766,1989,13,15390,1,0,'2020-06-08','2020-06-08',2099.00,1,1.00,'Factura B N°: 0003-00000247',NULL,NULL,'2020-07-16 21:36:01','2021-01-28 22:23:30','2021-01-28 22:23:30'),(247,333,0,NULL,247,2,40766,40767,13,15390,1,0,'2020-06-17','2020-06-17',11500.00,1,1.00,'Factura B N°: 0003-00000248',NULL,NULL,'2020-07-16 21:36:01','2021-01-28 22:23:30','2021-01-28 22:23:30'),(248,333,0,NULL,248,2,40766,1989,13,15390,1,0,'2020-06-23','2020-06-23',7689.00,1,1.00,'Factura B N°: 0003-00000249',NULL,NULL,'2020-07-16 21:36:01','2021-01-28 22:23:30','2021-01-28 22:23:30');
INSERT INTO `cta_cte_cliente` VALUES (249,333,0,NULL,249,2,40766,1989,13,15390,1,0,'2020-06-23','2020-06-23',7689.00,1,1.00,'Factura B N°: 0003-00000250',NULL,NULL,'2020-07-16 21:36:01','2021-01-28 22:23:30','2021-01-28 22:23:30'),(250,333,0,NULL,250,2,40766,1989,13,15390,1,0,'2020-06-23','2020-06-23',7689.00,1,1.00,'Factura B N°: 0003-00000251',NULL,NULL,'2020-07-16 21:36:01','2021-01-28 22:23:30','2021-01-28 22:23:30'),(251,333,0,NULL,251,2,40766,1989,13,15390,1,0,'2020-06-23','2020-06-23',7689.00,1,1.00,'Factura B N°: 0003-00000252',NULL,NULL,'2020-07-16 21:36:02','2021-01-28 22:23:30','2021-01-28 22:23:30'),(252,333,0,NULL,252,2,40766,1989,13,15390,1,0,'2020-06-23','2020-06-23',7689.00,1,1.00,'Factura B N°: 0003-00000253',NULL,NULL,'2020-07-16 21:36:02','2021-01-28 22:23:30','2021-01-28 22:23:30'),(253,333,0,NULL,253,2,40766,1989,13,15390,1,0,'2020-06-23','2020-06-23',7689.00,1,1.00,'Factura B N°: 0003-00000254',NULL,NULL,'2020-07-16 21:36:02','2021-01-28 22:23:30','2021-01-28 22:23:30'),(254,333,0,NULL,254,2,40766,1989,13,15390,1,0,'2020-06-23','2020-06-23',7689.00,1,1.00,'Factura B N°: 0003-00000255',NULL,NULL,'2020-07-16 21:36:02','2021-01-28 22:23:30','2021-01-28 22:23:30'),(255,333,0,NULL,255,2,40766,1989,13,15390,1,0,'2020-06-23','2020-06-23',7689.00,1,1.00,'Factura B N°: 0003-00000256',NULL,NULL,'2020-07-16 21:36:02','2021-01-28 22:23:30','2021-01-28 22:23:30'),(256,333,0,NULL,256,2,40766,1989,13,15390,1,0,'2020-06-23','2020-06-23',7689.00,1,1.00,'Factura B N°: 0003-00000257',NULL,NULL,'2020-07-16 21:36:02','2021-01-28 22:23:30','2021-01-28 22:23:30'),(257,333,0,NULL,257,2,40766,1989,13,15390,1,0,'2020-06-23','2020-06-23',7689.00,1,1.00,'Factura B N°: 0003-00000258',NULL,NULL,'2020-07-16 21:36:02','2021-01-28 22:23:30','2021-01-28 22:23:30'),(258,333,0,NULL,258,2,40766,1989,13,15390,1,0,'2020-06-23','2020-06-23',7689.00,1,1.00,'Factura B N°: 0003-00000259',NULL,NULL,'2020-07-16 21:36:02','2021-01-28 22:23:30','2021-01-28 22:23:30'),(259,333,0,NULL,259,2,40766,1989,13,15390,1,0,'2020-06-23','2020-06-23',7689.00,1,1.00,'Factura B N°: 0003-00000260',NULL,NULL,'2020-07-16 21:36:02','2021-01-28 22:23:30','2021-01-28 22:23:30'),(260,333,0,NULL,260,2,40766,1989,13,15390,1,0,'2020-06-23','2020-06-23',7689.00,1,1.00,'Factura B N°: 0003-00000261',NULL,NULL,'2020-07-16 21:36:02','2021-01-28 22:23:30','2021-01-28 22:23:30'),(261,333,0,NULL,261,2,40766,1989,13,15390,1,0,'2020-06-23','2020-06-23',7689.00,1,1.00,'Factura B N°: 0003-00000262',NULL,NULL,'2020-07-16 21:36:02','2021-01-28 22:23:30','2021-01-28 22:23:30'),(262,333,0,NULL,262,2,40766,1989,13,15390,1,0,'2020-06-27','2020-06-27',7689.00,1,1.00,'Factura B N°: 0003-00000263',NULL,NULL,'2020-07-16 21:36:02','2021-01-28 22:23:30','2021-01-28 22:23:30'),(263,333,0,NULL,263,2,40766,1989,13,15390,1,0,'2020-06-27','2020-06-27',7689.00,1,1.00,'Factura B N°: 0003-00000264',NULL,NULL,'2020-07-16 21:36:02','2021-01-28 22:23:30','2021-01-28 22:23:30'),(264,333,0,NULL,264,2,40766,1989,13,15390,1,0,'2020-06-27','2020-06-27',7689.00,1,1.00,'Factura B N°: 0003-00000265',NULL,NULL,'2020-07-16 21:36:02','2021-01-28 22:23:30','2021-01-28 22:23:30'),(265,333,0,NULL,265,2,40766,1989,13,15390,1,0,'2020-06-27','2020-06-27',5287.00,1,1.00,'Factura B N°: 0003-00000266',NULL,NULL,'2020-07-16 21:36:02','2021-01-28 22:23:30','2021-01-28 22:23:30'),(266,333,0,NULL,266,2,40766,1989,13,15390,1,0,'2020-06-27','2020-06-27',7689.00,1,1.00,'Factura B N°: 0003-00000267',NULL,NULL,'2020-07-16 21:36:02','2021-01-28 22:23:30','2021-01-28 22:23:30'),(267,333,0,NULL,267,2,40766,1989,13,15390,1,0,'2020-06-27','2020-06-27',7689.00,1,1.00,'Factura B N°: 0003-00000268',NULL,NULL,'2020-07-16 21:36:02','2021-01-28 22:23:30','2021-01-28 22:23:30'),(268,333,0,NULL,268,2,40766,1989,13,15390,1,0,'2020-06-27','2020-06-27',7689.00,1,1.00,'Factura B N°: 0003-00000269',NULL,NULL,'2020-07-16 21:36:02','2021-01-28 22:23:30','2021-01-28 22:23:30');
INSERT INTO `cta_cte_cliente` VALUES (269,333,0,NULL,269,2,40766,1989,13,15390,1,0,'2020-06-27','2020-06-27',7689.00,1,1.00,'Factura B N°: 0003-00000270',NULL,NULL,'2020-07-16 21:36:02','2021-01-28 22:23:30','2021-01-28 22:23:30'),(270,333,0,NULL,270,2,40766,1989,13,15390,1,0,'2020-06-27','2020-06-27',7689.00,1,1.00,'Factura B N°: 0003-00000271',NULL,NULL,'2020-07-16 21:36:02','2021-01-28 22:23:30','2021-01-28 22:23:30'),(271,333,0,NULL,271,2,40766,1989,13,15390,1,0,'2020-06-27','2020-06-27',7689.00,1,1.00,'Factura B N°: 0003-00000272',NULL,NULL,'2020-07-16 21:36:02','2021-01-28 22:23:30','2021-01-28 22:23:30'),(272,333,0,NULL,272,2,40766,1989,13,15390,1,0,'2020-06-27','2020-06-27',7689.00,1,1.00,'Factura B N°: 0003-00000273',NULL,NULL,'2020-07-16 21:36:02','2021-01-28 22:23:30','2021-01-28 22:23:30'),(273,333,0,NULL,273,2,40766,1989,13,15390,1,0,'2020-06-27','2020-06-27',7689.00,1,1.00,'Factura B N°: 0003-00000274',NULL,NULL,'2020-07-16 21:36:02','2021-01-28 22:23:30','2021-01-28 22:23:30'),(274,333,0,NULL,274,2,40766,1989,13,15390,1,0,'2020-06-27','2020-06-27',7689.00,1,1.00,'Factura B N°: 0003-00000275',NULL,NULL,'2020-07-16 21:36:02','2021-01-28 22:23:30','2021-01-28 22:23:30'),(275,333,0,NULL,275,2,40766,1989,13,15390,1,0,'2020-06-27','2020-06-27',7689.00,1,1.00,'Factura B N°: 0003-00000276',NULL,NULL,'2020-07-16 21:36:02','2021-01-28 22:23:30','2021-01-28 22:23:30'),(276,333,0,NULL,276,2,40766,1989,13,15390,1,0,'2020-06-27','2020-06-27',7689.00,1,1.00,'Factura B N°: 0003-00000277',NULL,NULL,'2020-07-16 21:36:02','2021-01-28 22:23:30','2021-01-28 22:23:30'),(277,333,0,NULL,277,2,40766,1989,13,15390,1,0,'2020-06-27','2020-06-27',7689.00,1,1.00,'Factura B N°: 0003-00000278',NULL,NULL,'2020-07-16 21:36:02','2021-01-28 22:23:30','2021-01-28 22:23:30'),(278,333,0,NULL,278,2,40766,1989,13,15390,1,0,'2020-06-27','2020-06-27',7689.00,1,1.00,'Factura B N°: 0003-00000279',NULL,NULL,'2020-07-16 21:36:02','2021-01-28 22:23:30','2021-01-28 22:23:30'),(279,333,0,NULL,279,2,40766,1989,13,15390,1,0,'2020-06-27','2020-06-27',7689.00,1,1.00,'Factura B N°: 0003-00000280',NULL,NULL,'2020-07-16 21:36:02','2021-01-28 22:23:30','2021-01-28 22:23:30'),(280,333,0,NULL,280,2,40766,1989,13,15390,1,0,'2020-06-27','2020-06-27',1454.00,1,1.00,'Factura B N°: 0003-00000281',NULL,NULL,'2020-07-16 21:36:02','2021-01-28 22:23:30','2021-01-28 22:23:30'),(281,333,0,NULL,281,2,40766,1989,13,15390,1,0,'2020-06-27','2020-06-27',7689.00,1,1.00,'Factura B N°: 0003-00000282',NULL,NULL,'2020-07-16 21:36:02','2021-01-28 22:23:30','2021-01-28 22:23:30'),(282,333,0,NULL,282,2,40766,1989,13,15390,1,0,'2020-06-27','2020-06-27',7689.00,1,1.00,'Factura B N°: 0003-00000283',NULL,NULL,'2020-07-16 21:36:02','2021-01-28 22:23:30','2021-01-28 22:23:30'),(283,333,0,NULL,283,2,40766,1989,13,15390,1,0,'2020-06-27','2020-06-27',7689.00,1,1.00,'Factura B N°: 0003-00000284',NULL,NULL,'2020-07-16 21:36:02','2021-01-28 22:23:30','2021-01-28 22:23:30'),(284,333,0,NULL,284,2,40766,1989,13,15390,1,0,'2020-06-27','2020-06-27',7689.00,1,1.00,'Factura B N°: 0003-00000285',NULL,NULL,'2020-07-16 21:36:02','2021-01-28 22:23:30','2021-01-28 22:23:30'),(285,333,0,NULL,285,2,40766,1989,13,15390,1,0,'2020-06-27','2020-06-27',7689.00,1,1.00,'Factura B N°: 0003-00000286',NULL,NULL,'2020-07-16 21:36:02','2021-01-28 22:23:30','2021-01-28 22:23:30'),(286,333,0,NULL,286,2,40766,1989,13,15390,1,0,'2020-06-27','2020-06-27',7689.00,1,1.00,'Factura B N°: 0003-00000287',NULL,NULL,'2020-07-16 21:36:02','2021-01-28 22:23:30','2021-01-28 22:23:30'),(287,333,0,NULL,287,2,40766,1989,13,15390,1,0,'2020-06-27','2020-06-27',7689.00,1,1.00,'Factura B N°: 0003-00000288',NULL,NULL,'2020-07-16 21:36:02','2021-01-28 22:23:30','2021-01-28 22:23:30'),(288,333,0,NULL,288,2,40766,1989,13,15390,1,0,'2020-06-27','2020-06-27',7689.00,1,1.00,'Factura B N°: 0003-00000289',NULL,NULL,'2020-07-16 21:36:02','2021-01-28 22:23:30','2021-01-28 22:23:30');
INSERT INTO `cta_cte_cliente` VALUES (289,333,0,NULL,289,2,40766,1989,13,15390,1,0,'2020-06-27','2020-06-27',7689.00,1,1.00,'Factura B N°: 0003-00000290',NULL,NULL,'2020-07-16 21:36:02','2021-01-28 22:23:30','2021-01-28 22:23:30'),(290,333,0,NULL,290,2,40766,1989,13,15390,1,0,'2020-06-27','2020-06-27',7689.00,1,1.00,'Factura B N°: 0003-00000291',NULL,NULL,'2020-07-16 21:36:02','2021-01-28 22:23:30','2021-01-28 22:23:30'),(291,333,0,NULL,291,2,40766,1989,13,15390,1,0,'2020-06-27','2020-06-27',7689.00,1,1.00,'Factura B N°: 0003-00000292',NULL,NULL,'2020-07-16 21:36:02','2021-01-28 22:23:30','2021-01-28 22:23:30'),(292,333,0,NULL,292,2,40766,1989,13,15390,1,0,'2020-06-27','2020-06-27',7689.00,1,1.00,'Factura B N°: 0003-00000293',NULL,NULL,'2020-07-16 21:36:02','2021-01-28 22:23:30','2021-01-28 22:23:30'),(293,333,0,NULL,293,2,40766,1989,13,15390,1,0,'2020-06-27','2020-06-27',3232.00,1,1.00,'Factura B N°: 0003-00000294',NULL,NULL,'2020-07-16 21:36:02','2021-01-28 22:23:30','2021-01-28 22:23:30'),(294,333,0,NULL,294,2,40766,1989,13,15390,1,0,'2020-06-29','2020-06-29',7689.00,1,1.00,'Factura B N°: 0003-00000295',NULL,NULL,'2020-07-16 21:36:02','2021-01-28 22:23:30','2021-01-28 22:23:30'),(295,333,0,NULL,295,2,40766,1989,13,15390,1,0,'2020-06-29','2020-06-29',7689.00,1,1.00,'Factura B N°: 0003-00000296',NULL,NULL,'2020-07-16 21:36:02','2021-01-28 22:23:30','2021-01-28 22:23:30'),(296,333,0,NULL,296,2,40766,1989,13,15390,1,0,'2020-06-29','2020-06-29',7689.00,1,1.00,'Factura B N°: 0003-00000297',NULL,NULL,'2020-07-16 21:36:02','2021-01-28 22:23:30','2021-01-28 22:23:30'),(297,333,0,NULL,297,2,40766,1989,13,15390,1,0,'2020-06-29','2020-06-29',7689.00,1,1.00,'Factura B N°: 0003-00000298',NULL,NULL,'2020-07-16 21:36:02','2021-01-28 22:23:30','2021-01-28 22:23:30'),(298,333,0,NULL,298,2,40766,1989,13,15390,1,0,'2020-06-29','2020-06-29',7689.00,1,1.00,'Factura B N°: 0003-00000299',NULL,NULL,'2020-07-16 21:36:02','2021-01-28 22:23:30','2021-01-28 22:23:30'),(299,333,0,NULL,299,2,40766,1989,13,15390,1,0,'2020-06-29','2020-06-29',7689.00,1,1.00,'Factura B N°: 0003-00000300',NULL,NULL,'2020-07-16 21:36:02','2021-01-28 22:23:30','2021-01-28 22:23:30'),(300,333,0,NULL,300,2,40766,1989,13,15390,1,0,'2020-06-29','2020-06-29',7689.00,1,1.00,'Factura B N°: 0003-00000301',NULL,NULL,'2020-07-16 21:36:02','2021-01-28 22:23:30','2021-01-28 22:23:30'),(301,333,0,NULL,301,2,40766,1989,13,15390,1,0,'2020-06-29','2020-06-29',7689.00,1,1.00,'Factura B N°: 0003-00000302',NULL,NULL,'2020-07-16 21:36:02','2021-01-28 22:23:30','2021-01-28 22:23:30'),(302,333,0,NULL,302,2,40766,1989,13,15390,1,0,'2020-06-29','2020-06-29',7689.00,1,1.00,'Factura B N°: 0003-00000303',NULL,NULL,'2020-07-16 21:36:02','2021-01-28 22:23:30','2021-01-28 22:23:30'),(303,333,0,NULL,303,2,40766,1989,13,15390,1,0,'2020-06-29','2020-06-29',7689.00,1,1.00,'Factura B N°: 0003-00000304',NULL,NULL,'2020-07-16 21:36:02','2021-01-28 22:23:30','2021-01-28 22:23:30'),(304,333,0,NULL,304,2,40766,1989,13,15390,1,0,'2020-06-29','2020-06-29',2710.00,1,1.00,'Factura B N°: 0003-00000305',NULL,NULL,'2020-07-16 21:36:02','2021-01-28 22:23:30','2021-01-28 22:23:30'),(305,333,0,NULL,305,2,40766,1989,13,15390,1,0,'2020-06-29','2020-06-29',7689.00,1,1.00,'Factura B N°: 0003-00000306',NULL,NULL,'2020-07-16 21:36:02','2021-01-28 22:23:30','2021-01-28 22:23:30'),(306,333,0,NULL,306,2,40766,1989,13,15390,1,0,'2020-06-29','2020-06-29',7689.00,1,1.00,'Factura B N°: 0003-00000307',NULL,NULL,'2020-07-16 21:36:02','2021-01-28 22:23:30','2021-01-28 22:23:30'),(307,333,0,NULL,307,2,40766,1989,13,15390,1,0,'2020-06-29','2020-06-29',7689.00,1,1.00,'Factura B N°: 0003-00000308',NULL,NULL,'2020-07-16 21:36:02','2021-01-28 22:23:30','2021-01-28 22:23:30'),(308,333,0,NULL,308,2,40766,1989,13,15390,1,0,'2020-06-29','2020-06-29',7689.00,1,1.00,'Factura B N°: 0003-00000309',NULL,NULL,'2020-07-16 21:36:02','2021-01-28 22:23:30','2021-01-28 22:23:30');
INSERT INTO `cta_cte_cliente` VALUES (309,333,0,NULL,309,2,40766,1989,13,15390,1,0,'2020-06-29','2020-06-29',7689.00,1,1.00,'Factura B N°: 0003-00000310',NULL,NULL,'2020-07-16 21:36:02','2021-01-28 22:23:30','2021-01-28 22:23:30'),(310,333,0,NULL,310,2,40766,1989,13,15390,1,0,'2020-06-29','2020-06-29',7689.00,1,1.00,'Factura B N°: 0003-00000311',NULL,NULL,'2020-07-16 21:36:02','2021-01-28 22:23:30','2021-01-28 22:23:30'),(311,333,0,NULL,311,2,40766,1989,13,15390,1,0,'2020-06-29','2020-06-29',7689.00,1,1.00,'Factura B N°: 0003-00000312',NULL,NULL,'2020-07-16 21:36:02','2021-01-28 22:23:30','2021-01-28 22:23:30'),(312,333,0,NULL,312,2,40766,1989,13,15390,1,0,'2020-06-29','2020-06-29',7689.00,1,1.00,'Factura B N°: 0003-00000313',NULL,NULL,'2020-07-16 21:36:02','2021-01-28 22:23:30','2021-01-28 22:23:30'),(313,333,0,NULL,313,2,40766,1989,13,15390,1,0,'2020-06-29','2020-06-29',7689.00,1,1.00,'Factura B N°: 0003-00000314',NULL,NULL,'2020-07-16 21:36:02','2021-01-28 22:23:30','2021-01-28 22:23:30'),(314,333,0,NULL,314,2,40766,1989,13,15390,1,0,'2020-06-29','2020-06-29',7689.00,1,1.00,'Factura B N°: 0003-00000315',NULL,NULL,'2020-07-16 21:36:02','2021-01-28 22:23:30','2021-01-28 22:23:30'),(315,333,0,NULL,315,2,40766,1989,13,15390,1,0,'2020-06-29','2020-06-29',5778.00,1,1.00,'Factura B N°: 0003-00000316',NULL,NULL,'2020-07-16 21:36:03','2021-01-28 22:23:30','2021-01-28 22:23:30'),(316,333,0,NULL,316,3,40766,1297,57,15390,2,0,'2020-06-01','2020-06-01',17927.45,1,1.00,'Factura A N°: 0028-00066082',NULL,NULL,'2020-07-16 21:48:33','2020-07-16 21:54:16','2020-07-16 21:54:16'),(317,333,0,NULL,317,3,40766,40768,57,15390,1,0,'2020-06-01','2020-06-01',21714.26,1,1.00,'Nota de crédito A N°: 0033-00037110',NULL,NULL,'2020-07-16 21:48:33','2021-01-28 22:23:25','2021-01-28 22:23:25'),(318,333,0,NULL,318,3,40766,1297,57,15390,2,0,'2020-06-01','2020-06-01',16759.38,1,1.00,'Factura A N°: 0028-00066082',NULL,NULL,'2020-07-16 21:54:16','2020-07-16 21:54:51','2020-07-16 21:54:51'),(319,333,0,NULL,319,3,40766,1297,57,15390,2,0,'2020-06-01','2020-06-01',16759.38,1,1.00,'Factura A N°: 0028-00066082',NULL,NULL,'2020-07-16 21:54:51','2021-01-28 22:23:25','2021-01-28 22:23:25'),(320,333,0,NULL,320,2,40766,1989,13,15387,1,0,'2020-03-25','2020-03-25',7689.00,1,1.00,'Factura B N°: 0003-00000001',NULL,NULL,'2020-07-20 19:13:10','2021-01-28 22:23:30','2021-01-28 22:23:30'),(321,333,0,NULL,321,2,40766,1989,13,15387,1,0,'2020-03-25','2020-03-25',7689.00,1,1.00,'Factura B N°: 0003-00000002',NULL,NULL,'2020-07-20 19:13:10','2021-01-28 22:23:30','2021-01-28 22:23:30'),(322,333,0,NULL,322,2,40766,1989,13,15387,1,0,'2020-03-25','2020-03-25',7689.00,1,1.00,'Factura B N°: 0003-00000003',NULL,NULL,'2020-07-20 19:13:10','2021-01-28 22:23:30','2021-01-28 22:23:30'),(323,333,0,NULL,323,2,40766,1989,13,15387,1,0,'2020-03-25','2020-03-25',7689.00,1,1.00,'Factura B N°: 0003-00000004',NULL,NULL,'2020-07-20 19:13:10','2021-01-28 22:23:30','2021-01-28 22:23:30'),(324,333,0,NULL,324,2,40766,1989,13,15387,1,0,'2020-03-25','2020-03-25',7689.00,1,1.00,'Factura B N°: 0003-00000005',NULL,NULL,'2020-07-20 19:13:10','2021-01-28 22:23:30','2021-01-28 22:23:30'),(325,333,0,NULL,325,2,40766,1989,13,15387,1,0,'2020-03-25','2020-03-25',7689.00,1,1.00,'Factura B N°: 0003-00000006',NULL,NULL,'2020-07-20 19:13:10','2021-01-28 22:23:30','2021-01-28 22:23:30'),(326,333,0,NULL,326,2,40766,1989,13,15387,1,0,'2020-03-25','2020-03-25',6000.00,1,1.00,'Factura B N°: 0003-00000007',NULL,NULL,'2020-07-20 19:13:10','2021-01-28 22:23:30','2021-01-28 22:23:30'),(327,333,0,NULL,327,2,40766,1989,13,15387,1,0,'2020-03-25','2020-03-25',7500.00,1,1.00,'Factura B N°: 0003-00000008',NULL,NULL,'2020-07-20 19:13:10','2021-01-28 22:23:30','2021-01-28 22:23:30'),(328,333,0,NULL,328,2,40766,1989,13,15387,1,0,'2020-03-25','2020-03-25',6900.00,1,1.00,'Factura B N°: 0003-00000009',NULL,NULL,'2020-07-20 19:13:10','2021-01-28 22:23:30','2021-01-28 22:23:30');
INSERT INTO `cta_cte_cliente` VALUES (329,333,0,NULL,329,2,40766,1989,13,15387,1,0,'2020-03-25','2020-03-25',7689.00,1,1.00,'Factura B N°: 0003-00000010',NULL,NULL,'2020-07-20 19:13:11','2021-01-28 22:23:30','2021-01-28 22:23:30'),(330,333,0,NULL,330,2,40766,1989,13,15387,1,0,'2020-03-25','2020-03-25',5500.00,1,1.00,'Factura B N°: 0003-00000011',NULL,NULL,'2020-07-20 19:13:11','2021-01-28 22:23:30','2021-01-28 22:23:30'),(331,333,0,NULL,331,2,40766,1989,13,15387,1,0,'2020-03-25','2020-03-25',7550.00,1,1.00,'Factura B N°: 0003-00000012',NULL,NULL,'2020-07-20 19:13:11','2021-01-28 22:23:30','2021-01-28 22:23:30'),(332,333,0,NULL,332,2,40766,1989,13,15387,1,0,'2020-03-25','2020-03-25',7689.00,1,1.00,'Factura B N°: 0003-00000013',NULL,NULL,'2020-07-20 19:13:11','2021-01-28 22:23:30','2021-01-28 22:23:30'),(333,333,0,NULL,333,2,40766,1989,13,15387,1,0,'2020-03-25','2020-03-25',5038.00,1,1.00,'Factura B N°: 0003-00000014',NULL,NULL,'2020-07-20 19:13:11','2021-01-28 22:23:30','2021-01-28 22:23:30'),(334,333,0,NULL,334,2,40766,1989,13,15387,1,0,'2020-03-25','2020-03-25',7000.00,1,1.00,'Factura B N°: 0003-00000015',NULL,NULL,'2020-07-20 19:13:11','2021-01-28 22:23:30','2021-01-28 22:23:30'),(335,333,0,NULL,335,2,40766,1989,13,15387,1,0,'2020-03-26','2020-03-26',7500.00,1,1.00,'Factura B N°: 0003-00000016',NULL,NULL,'2020-07-20 19:13:11','2021-01-28 22:23:30','2021-01-28 22:23:30'),(336,333,0,NULL,336,2,40766,1989,13,15387,1,0,'2020-03-26','2020-03-26',6800.00,1,1.00,'Factura B N°: 0003-00000017',NULL,NULL,'2020-07-20 19:13:11','2021-01-28 22:23:30','2021-01-28 22:23:30'),(337,333,0,NULL,337,2,40766,1989,13,15387,1,0,'2020-03-26','2020-03-26',6750.00,1,1.00,'Factura B N°: 0003-00000018',NULL,NULL,'2020-07-20 19:13:11','2021-01-28 22:23:30','2021-01-28 22:23:30'),(338,333,0,NULL,338,2,40766,1989,13,15387,1,0,'2020-03-26','2020-03-26',6950.00,1,1.00,'Factura B N°: 0003-00000019',NULL,NULL,'2020-07-20 19:13:11','2021-01-28 22:23:30','2021-01-28 22:23:30'),(339,333,0,NULL,339,2,40766,1989,13,15387,1,0,'2020-03-26','2020-03-26',7689.00,1,1.00,'Factura B N°: 0003-00000020',NULL,NULL,'2020-07-20 19:13:11','2021-01-28 22:23:30','2021-01-28 22:23:30'),(340,333,0,NULL,340,2,40766,1989,13,15387,1,0,'2020-03-26','2020-03-26',7500.00,1,1.00,'Factura B N°: 0003-00000021',NULL,NULL,'2020-07-20 19:13:11','2021-01-28 22:23:30','2021-01-28 22:23:30'),(341,333,0,NULL,341,2,40766,1989,13,15387,1,0,'2020-03-26','2020-03-26',6520.00,1,1.00,'Factura B N°: 0003-00000022',NULL,NULL,'2020-07-20 19:13:11','2021-01-28 22:23:30','2021-01-28 22:23:30'),(342,333,0,NULL,342,2,40766,1989,13,15387,1,0,'2020-03-26','2020-03-26',6870.00,1,1.00,'Factura B N°: 0003-00000023',NULL,NULL,'2020-07-20 19:13:11','2021-01-28 22:23:30','2021-01-28 22:23:30'),(343,333,0,NULL,343,2,40766,1989,13,15387,1,0,'2020-03-26','2020-03-26',7689.00,1,1.00,'Factura B N°: 0003-00000024',NULL,NULL,'2020-07-20 19:13:11','2021-01-28 22:23:30','2021-01-28 22:23:30'),(344,333,0,NULL,344,2,40766,1989,13,15387,1,0,'2020-03-26','2020-03-26',7600.00,1,1.00,'Factura B N°: 0003-00000025',NULL,NULL,'2020-07-20 19:13:11','2021-01-28 22:23:30','2021-01-28 22:23:30'),(345,333,0,NULL,345,2,40766,1989,13,15387,1,0,'2020-03-26','2020-03-26',5500.00,1,1.00,'Factura B N°: 0003-00000026',NULL,NULL,'2020-07-20 19:13:11','2021-01-28 22:23:30','2021-01-28 22:23:30'),(346,333,0,NULL,346,2,40766,1989,13,15387,1,0,'2020-03-26','2020-03-26',632.00,1,1.00,'Factura B N°: 0003-00000027',NULL,NULL,'2020-07-20 19:13:11','2021-01-28 22:23:30','2021-01-28 22:23:30'),(347,333,0,NULL,347,2,40766,1989,13,15387,1,0,'2020-03-26','2020-03-26',7000.00,1,1.00,'Factura B N°: 0003-00000028',NULL,NULL,'2020-07-20 19:13:11','2021-01-28 22:23:30','2021-01-28 22:23:30'),(348,333,0,NULL,348,2,40766,1989,13,15387,1,0,'2020-03-26','2020-03-26',6550.00,1,1.00,'Factura B N°: 0003-00000029',NULL,NULL,'2020-07-20 19:13:11','2021-01-28 22:23:30','2021-01-28 22:23:30');
INSERT INTO `cta_cte_cliente` VALUES (349,333,0,NULL,349,2,40766,1989,13,15387,1,0,'2020-03-26','2020-03-26',5750.00,1,1.00,'Factura B N°: 0003-00000030',NULL,NULL,'2020-07-20 19:13:11','2021-01-28 22:23:30','2021-01-28 22:23:30'),(350,333,0,NULL,350,2,40766,1989,13,15387,1,0,'2020-03-26','2020-03-26',7150.00,1,1.00,'Factura B N°: 0003-00000031',NULL,NULL,'2020-07-20 19:13:11','2021-01-28 22:23:30','2021-01-28 22:23:30'),(351,333,0,NULL,351,2,40766,1989,13,15387,1,0,'2020-03-26','2020-03-26',7250.00,1,1.00,'Factura B N°: 0003-00000032',NULL,NULL,'2020-07-20 19:13:11','2021-01-28 22:23:30','2021-01-28 22:23:30'),(352,333,0,NULL,352,2,40766,1989,13,15387,1,0,'2020-03-26','2020-03-26',7000.00,1,1.00,'Factura B N°: 0003-00000033',NULL,NULL,'2020-07-20 19:13:11','2021-01-28 22:23:30','2021-01-28 22:23:30'),(353,333,0,NULL,353,2,40766,1989,13,15387,1,0,'2020-03-26','2020-03-26',7689.00,1,1.00,'Factura B N°: 0003-00000034',NULL,NULL,'2020-07-20 19:13:11','2021-01-28 22:23:30','2021-01-28 22:23:30'),(354,333,0,NULL,354,2,40766,1989,13,15387,1,0,'2020-03-26','2020-03-26',6000.00,1,1.00,'Factura B N°: 0003-00000035',NULL,NULL,'2020-07-20 19:13:11','2021-01-28 22:23:30','2021-01-28 22:23:30'),(355,333,0,NULL,355,2,40766,1989,13,15387,1,0,'2020-03-26','2020-03-26',5611.00,1,1.00,'Factura B N°: 0003-00000036',NULL,NULL,'2020-07-20 19:13:11','2021-01-28 22:23:30','2021-01-28 22:23:30'),(356,333,0,NULL,356,2,40766,1989,13,15387,1,0,'2020-03-26','2020-03-26',7500.00,1,1.00,'Factura B N°: 0003-00000037',NULL,NULL,'2020-07-20 19:13:11','2021-01-28 22:23:30','2021-01-28 22:23:30'),(357,333,0,NULL,357,2,40766,1989,13,15387,1,0,'2020-03-26','2020-03-26',7000.00,1,1.00,'Factura B N°: 0003-00000038',NULL,NULL,'2020-07-20 19:13:11','2021-01-28 22:23:30','2021-01-28 22:23:30'),(358,333,0,NULL,358,2,40766,1989,13,15387,1,0,'2020-03-26','2020-03-26',7500.00,1,1.00,'Factura B N°: 0003-00000039',NULL,NULL,'2020-07-20 19:13:11','2021-01-28 22:23:30','2021-01-28 22:23:30'),(359,333,0,NULL,359,2,40766,1989,13,15387,1,0,'2020-03-26','2020-03-26',7500.00,1,1.00,'Factura B N°: 0003-00000040',NULL,NULL,'2020-07-20 19:13:11','2021-01-28 22:23:30','2021-01-28 22:23:30'),(360,333,0,NULL,360,2,40766,1989,13,15387,1,0,'2020-03-26','2020-03-26',6800.00,1,1.00,'Factura B N°: 0003-00000041',NULL,NULL,'2020-07-20 19:13:11','2021-01-28 22:23:30','2021-01-28 22:23:30'),(361,333,0,NULL,361,2,40766,1989,13,15387,1,0,'2020-03-26','2020-03-26',6750.00,1,1.00,'Factura B N°: 0003-00000042',NULL,NULL,'2020-07-20 19:13:11','2021-01-28 22:23:30','2021-01-28 22:23:30'),(362,333,0,NULL,362,2,40766,1989,13,15387,1,0,'2020-03-26','2020-03-26',6250.00,1,1.00,'Factura B N°: 0003-00000043',NULL,NULL,'2020-07-20 19:13:11','2021-01-28 22:23:30','2021-01-28 22:23:30'),(363,333,0,NULL,363,2,40766,1989,13,15387,1,0,'2020-03-26','2020-03-26',7500.00,1,1.00,'Factura B N°: 0003-00000044',NULL,NULL,'2020-07-20 19:13:11','2021-01-28 22:23:30','2021-01-28 22:23:30'),(364,333,0,NULL,364,2,40766,1989,13,15387,1,0,'2020-03-27','2020-03-27',7689.00,1,1.00,'Factura B N°: 0003-00000045',NULL,NULL,'2020-07-20 19:13:11','2021-01-28 22:23:30','2021-01-28 22:23:30'),(365,333,0,NULL,365,2,40766,1989,13,15387,1,0,'2020-03-27','2020-03-27',7500.00,1,1.00,'Factura B N°: 0003-00000046',NULL,NULL,'2020-07-20 19:13:11','2021-01-28 22:23:30','2021-01-28 22:23:30'),(366,333,0,NULL,366,2,40766,1989,13,15387,1,0,'2020-03-27','2020-03-27',6000.00,1,1.00,'Factura B N°: 0003-00000047',NULL,NULL,'2020-07-20 19:13:11','2021-01-28 22:23:30','2021-01-28 22:23:30'),(367,333,0,NULL,367,2,40766,1989,13,15387,1,0,'2020-03-27','2020-03-27',7689.00,1,1.00,'Factura B N°: 0003-00000048',NULL,NULL,'2020-07-20 19:13:11','2021-01-28 22:23:30','2021-01-28 22:23:30'),(368,333,0,NULL,368,2,40766,1989,13,15387,1,0,'2020-03-27','2020-03-27',7400.00,1,1.00,'Factura B N°: 0003-00000049',NULL,NULL,'2020-07-20 19:13:11','2021-01-28 22:23:30','2021-01-28 22:23:30');
INSERT INTO `cta_cte_cliente` VALUES (369,333,0,NULL,369,2,40766,1989,13,15387,1,0,'2020-03-27','2020-03-27',7500.00,1,1.00,'Factura B N°: 0003-00000050',NULL,NULL,'2020-07-20 19:13:11','2021-01-28 22:23:30','2021-01-28 22:23:30'),(370,333,0,NULL,370,2,40766,1989,13,15387,1,0,'2020-03-27','2020-03-27',1422.00,1,1.00,'Factura B N°: 0003-00000051',NULL,NULL,'2020-07-20 19:13:11','2021-01-28 22:23:30','2021-01-28 22:23:30'),(371,333,0,NULL,371,2,40766,1989,13,15387,1,0,'2020-03-28','2020-03-28',7689.00,1,1.00,'Factura B N°: 0003-00000052',NULL,NULL,'2020-07-20 19:13:11','2021-01-28 22:23:30','2021-01-28 22:23:30'),(372,333,0,NULL,372,2,40766,1989,13,15387,1,0,'2020-03-28','2020-03-28',7500.00,1,1.00,'Factura B N°: 0003-00000053',NULL,NULL,'2020-07-20 19:13:11','2021-01-28 22:23:31','2021-01-28 22:23:31'),(373,333,0,NULL,373,2,40766,1989,13,15387,1,0,'2020-03-28','2020-03-28',7000.00,1,1.00,'Factura B N°: 0003-00000054',NULL,NULL,'2020-07-20 19:13:11','2021-01-28 22:23:31','2021-01-28 22:23:31'),(374,333,0,NULL,374,2,40766,1989,13,15387,1,0,'2020-03-28','2020-03-28',7689.00,1,1.00,'Factura B N°: 0003-00000055',NULL,NULL,'2020-07-20 19:13:11','2021-01-28 22:23:31','2021-01-28 22:23:31'),(375,333,0,NULL,375,2,40766,1989,13,15387,1,0,'2020-03-28','2020-03-28',7500.00,1,1.00,'Factura B N°: 0003-00000056',NULL,NULL,'2020-07-20 19:13:11','2021-01-28 22:23:31','2021-01-28 22:23:31'),(376,333,0,NULL,376,2,40766,1989,13,15387,1,0,'2020-03-28','2020-03-28',7550.00,1,1.00,'Factura B N°: 0003-00000057',NULL,NULL,'2020-07-20 19:13:11','2021-01-28 22:23:31','2021-01-28 22:23:31'),(377,333,0,NULL,377,2,40766,1989,13,15387,1,0,'2020-03-28','2020-03-28',7550.00,1,1.00,'Factura B N°: 0003-00000058',NULL,NULL,'2020-07-20 19:13:11','2021-01-28 22:23:31','2021-01-28 22:23:31'),(378,333,0,NULL,378,2,40766,1989,13,15387,1,0,'2020-03-28','2020-03-28',7689.00,1,1.00,'Factura B N°: 0003-00000059',NULL,NULL,'2020-07-20 19:13:11','2021-01-28 22:23:31','2021-01-28 22:23:31'),(379,333,0,NULL,379,2,40766,1989,13,15387,1,0,'2020-03-28','2020-03-28',7000.00,1,1.00,'Factura B N°: 0003-00000060',NULL,NULL,'2020-07-20 19:13:11','2021-01-28 22:23:31','2021-01-28 22:23:31'),(380,333,0,NULL,380,2,40766,1989,13,15387,1,0,'2020-03-28','2020-03-28',7150.00,1,1.00,'Factura B N°: 0003-00000061',NULL,NULL,'2020-07-20 19:13:11','2021-01-28 22:23:31','2021-01-28 22:23:31'),(381,333,0,NULL,381,2,40766,1989,13,15387,1,0,'2020-03-28','2020-03-28',7500.00,1,1.00,'Factura B N°: 0003-00000062',NULL,NULL,'2020-07-20 19:13:11','2021-01-28 22:23:31','2021-01-28 22:23:31'),(382,333,0,NULL,382,2,40766,1989,13,15387,1,0,'2020-03-28','2020-03-28',183.00,1,1.00,'Factura B N°: 0003-00000063',NULL,NULL,'2020-07-20 19:13:11','2021-01-28 22:23:31','2021-01-28 22:23:31'),(383,333,0,NULL,383,2,40766,1989,13,15387,1,0,'2020-03-28','2020-03-28',5000.00,1,1.00,'Factura B N°: 0003-00000064',NULL,NULL,'2020-07-20 19:13:11','2021-01-28 22:23:31','2021-01-28 22:23:31'),(384,333,0,NULL,384,2,40766,1989,13,15387,1,0,'2020-03-28','2020-03-28',7689.00,1,1.00,'Factura B N°: 0003-00000065',NULL,NULL,'2020-07-20 19:13:11','2021-01-28 22:23:31','2021-01-28 22:23:31'),(385,333,0,NULL,385,2,40766,1989,13,15387,1,0,'2020-03-28','2020-03-28',7500.00,1,1.00,'Factura B N°: 0003-00000066',NULL,NULL,'2020-07-20 19:13:11','2021-01-28 22:23:31','2021-01-28 22:23:31'),(386,333,0,NULL,386,2,40766,1989,13,15387,1,0,'2020-03-28','2020-03-28',7689.00,1,1.00,'Factura B N°: 0003-00000067',NULL,NULL,'2020-07-20 19:13:11','2021-01-28 22:23:31','2021-01-28 22:23:31'),(387,333,0,NULL,387,2,40766,1989,13,15387,1,0,'2020-03-28','2020-03-28',7689.00,1,1.00,'Factura B N°: 0003-00000068',NULL,NULL,'2020-07-20 19:13:11','2021-01-28 22:23:31','2021-01-28 22:23:31'),(388,333,0,NULL,388,2,40766,1989,13,15387,1,0,'2020-03-28','2020-03-28',7689.00,1,1.00,'Factura B N°: 0003-00000069',NULL,NULL,'2020-07-20 19:13:11','2021-01-28 22:23:31','2021-01-28 22:23:31');
INSERT INTO `cta_cte_cliente` VALUES (389,333,0,NULL,389,2,40766,1989,13,15387,1,0,'2020-03-28','2020-03-28',1744.00,1,1.00,'Factura B N°: 0003-00000070',NULL,NULL,'2020-07-20 19:13:11','2021-01-28 22:23:31','2021-01-28 22:23:31'),(390,333,0,NULL,390,2,40766,1989,13,15387,1,0,'2020-03-28','2020-03-28',7689.00,1,1.00,'Factura B N°: 0003-00000071',NULL,NULL,'2020-07-20 19:13:11','2021-01-28 22:23:31','2021-01-28 22:23:31'),(391,333,0,NULL,391,2,40766,1989,13,15387,1,0,'2020-03-30','2020-03-30',7689.00,1,1.00,'Factura B N°: 0003-00000072',NULL,NULL,'2020-07-20 19:13:11','2021-01-28 22:23:31','2021-01-28 22:23:31'),(392,333,0,NULL,392,2,40766,1989,13,15387,1,0,'2020-03-30','2020-03-30',7500.00,1,1.00,'Factura B N°: 0003-00000073',NULL,NULL,'2020-07-20 19:13:11','2021-01-28 22:23:31','2021-01-28 22:23:31'),(393,333,0,NULL,393,2,40766,1989,13,15387,1,0,'2020-03-30','2020-03-30',7500.00,1,1.00,'Factura B N°: 0003-00000074',NULL,NULL,'2020-07-20 19:13:12','2021-01-28 22:23:31','2021-01-28 22:23:31'),(394,333,0,NULL,394,2,40766,1989,13,15387,1,0,'2020-03-30','2020-03-30',7689.00,1,1.00,'Factura B N°: 0003-00000075',NULL,NULL,'2020-07-20 19:13:12','2021-01-28 22:23:31','2021-01-28 22:23:31'),(395,333,0,NULL,395,2,40766,1989,13,15387,1,0,'2020-03-30','2020-03-30',2933.00,1,1.00,'Factura B N°: 0003-00000076',NULL,NULL,'2020-07-20 19:13:12','2021-01-28 22:23:31','2021-01-28 22:23:31'),(396,333,0,NULL,396,2,40766,1989,13,15387,1,0,'2020-03-30','2020-03-30',7689.00,1,1.00,'Factura B N°: 0003-00000077',NULL,NULL,'2020-07-20 19:13:12','2021-01-28 22:23:31','2021-01-28 22:23:31'),(397,333,0,NULL,397,2,40766,1989,13,15387,1,0,'2020-03-30','2020-03-30',7689.00,1,1.00,'Factura B N°: 0003-00000078',NULL,NULL,'2020-07-20 19:13:12','2021-01-28 22:23:31','2021-01-28 22:23:31'),(398,333,0,NULL,398,2,40766,1989,13,15387,1,0,'2020-03-30','2020-03-30',7689.00,1,1.00,'Factura B N°: 0003-00000079',NULL,NULL,'2020-07-20 19:13:12','2021-01-28 22:23:31','2021-01-28 22:23:31'),(399,333,0,NULL,399,2,40766,1989,13,15387,1,0,'2020-03-30','2020-03-30',7500.00,1,1.00,'Factura B N°: 0003-00000080',NULL,NULL,'2020-07-20 19:13:12','2021-01-28 22:23:31','2021-01-28 22:23:31'),(400,333,0,NULL,400,2,40766,1989,13,15387,1,0,'2020-03-30','2020-03-30',7500.00,1,1.00,'Factura B N°: 0003-00000081',NULL,NULL,'2020-07-20 19:13:12','2021-01-28 22:23:31','2021-01-28 22:23:31'),(401,333,0,NULL,401,2,40766,1989,13,15387,1,0,'2020-03-30','2020-03-30',3933.00,1,1.00,'Factura B N°: 0003-00000082',NULL,NULL,'2020-07-20 19:13:12','2021-01-28 22:23:31','2021-01-28 22:23:31'),(402,333,0,NULL,402,2,40766,1989,13,15387,1,0,'2020-03-30','2020-03-30',7689.00,1,1.00,'Factura B N°: 0003-00000083',NULL,NULL,'2020-07-20 19:13:12','2021-01-28 22:23:31','2021-01-28 22:23:31'),(403,333,0,NULL,403,2,40766,1989,13,15387,1,0,'2020-03-30','2020-03-30',7689.00,1,1.00,'Factura B N°: 0003-00000084',NULL,NULL,'2020-07-20 19:13:12','2021-01-28 22:23:31','2021-01-28 22:23:31'),(404,333,0,NULL,404,2,40766,1989,13,15387,1,0,'2020-03-30','2020-03-30',7689.00,1,1.00,'Factura B N°: 0003-00000085',NULL,NULL,'2020-07-20 19:13:12','2021-01-28 22:23:31','2021-01-28 22:23:31'),(405,333,0,NULL,405,2,40766,1989,13,15387,1,0,'2020-03-30','2020-03-30',7689.00,1,1.00,'Factura B N°: 0003-00000086',NULL,NULL,'2020-07-20 19:13:12','2021-01-28 22:23:31','2021-01-28 22:23:31'),(406,333,0,NULL,406,2,40766,1989,13,15387,1,0,'2020-03-30','2020-03-30',7689.00,1,1.00,'Factura B N°: 0003-00000087',NULL,NULL,'2020-07-20 19:13:12','2021-01-28 22:23:31','2021-01-28 22:23:31'),(407,333,0,NULL,407,2,40766,1989,13,15387,1,0,'2020-03-30','2020-03-30',5555.00,1,1.00,'Factura B N°: 0003-00000088',NULL,NULL,'2020-07-20 19:13:12','2021-01-28 22:23:31','2021-01-28 22:23:31'),(408,333,0,NULL,408,2,40766,1989,13,15388,1,0,'2020-04-27','2020-04-27',7689.00,1,1.00,'Factura B N°: 0003-00000089',NULL,NULL,'2020-07-20 19:36:46','2021-01-28 22:23:31','2021-01-28 22:23:31');
INSERT INTO `cta_cte_cliente` VALUES (409,333,0,NULL,409,2,40766,1989,13,15388,1,0,'2020-04-27','2020-04-27',7689.00,1,1.00,'Factura B N°: 0003-00000090',NULL,NULL,'2020-07-20 19:36:46','2021-01-28 22:23:31','2021-01-28 22:23:31'),(410,333,0,NULL,410,2,40766,1989,13,15388,1,0,'2020-04-27','2020-04-27',7689.00,1,1.00,'Factura B N°: 0003-00000091',NULL,NULL,'2020-07-20 19:36:46','2021-01-28 22:23:31','2021-01-28 22:23:31'),(411,333,0,NULL,411,2,40766,1989,13,15388,1,0,'2020-04-27','2020-04-27',7689.00,1,1.00,'Factura B N°: 0003-00000092',NULL,NULL,'2020-07-20 19:36:46','2021-01-28 22:23:31','2021-01-28 22:23:31'),(412,333,0,NULL,412,2,40766,1989,13,15388,1,0,'2020-04-27','2020-04-27',7689.00,1,1.00,'Factura B N°: 0003-00000093',NULL,NULL,'2020-07-20 19:36:46','2021-01-28 22:23:31','2021-01-28 22:23:31'),(413,333,0,NULL,413,2,40766,1989,13,15388,1,0,'2020-04-27','2020-04-27',7689.00,1,1.00,'Factura B N°: 0003-00000094',NULL,NULL,'2020-07-20 19:36:46','2021-01-28 22:23:31','2021-01-28 22:23:31'),(414,333,0,NULL,414,2,40766,1989,13,15388,1,0,'2020-04-27','2020-04-27',7689.00,1,1.00,'Factura B N°: 0003-00000095',NULL,NULL,'2020-07-20 19:36:46','2021-01-28 22:23:31','2021-01-28 22:23:31'),(415,333,0,NULL,415,2,40766,1989,13,15388,1,0,'2020-04-27','2020-04-27',7689.00,1,1.00,'Factura B N°: 0003-00000096',NULL,NULL,'2020-07-20 19:36:46','2021-01-28 22:23:31','2021-01-28 22:23:31'),(416,333,0,NULL,416,2,40766,1989,13,15388,1,0,'2020-04-27','2020-04-27',7689.00,1,1.00,'Factura B N°: 0003-00000097',NULL,NULL,'2020-07-20 19:36:46','2021-01-28 22:23:31','2021-01-28 22:23:31'),(417,333,0,NULL,417,2,40766,1989,13,15388,1,0,'2020-04-27','2020-04-27',7689.00,1,1.00,'Factura B N°: 0003-00000098',NULL,NULL,'2020-07-20 19:36:46','2021-01-28 22:23:31','2021-01-28 22:23:31'),(418,333,0,NULL,418,2,40766,1989,13,15388,1,0,'2020-04-27','2020-04-27',7689.00,1,1.00,'Factura B N°: 0003-00000099',NULL,NULL,'2020-07-20 19:36:46','2021-01-28 22:23:31','2021-01-28 22:23:31'),(419,333,0,NULL,419,2,40766,1989,13,15388,1,0,'2020-04-27','2020-04-27',7689.00,1,1.00,'Factura B N°: 0003-00000100',NULL,NULL,'2020-07-20 19:36:46','2021-01-28 22:23:31','2021-01-28 22:23:31'),(420,333,0,NULL,420,2,40766,1989,13,15388,1,0,'2020-04-27','2020-04-27',7689.00,1,1.00,'Factura B N°: 0003-00000101',NULL,NULL,'2020-07-20 19:36:46','2021-01-28 22:23:31','2021-01-28 22:23:31'),(421,333,0,NULL,421,2,40766,1989,13,15388,1,0,'2020-04-27','2020-04-27',7689.00,1,1.00,'Factura B N°: 0003-00000102',NULL,NULL,'2020-07-20 19:36:46','2021-01-28 22:23:31','2021-01-28 22:23:31'),(422,333,0,NULL,422,2,40766,1989,13,15388,1,0,'2020-04-27','2020-04-27',7689.00,1,1.00,'Factura B N°: 0003-00000103',NULL,NULL,'2020-07-20 19:36:46','2021-01-28 22:23:31','2021-01-28 22:23:31'),(423,333,0,NULL,423,2,40766,1989,13,15388,1,0,'2020-04-27','2020-04-27',7689.00,1,1.00,'Factura B N°: 0003-00000104',NULL,NULL,'2020-07-20 19:36:46','2021-01-28 22:23:31','2021-01-28 22:23:31'),(424,333,0,NULL,424,2,40766,1989,13,15388,1,0,'2020-04-27','2020-04-27',7689.00,1,1.00,'Factura B N°: 0003-00000105',NULL,NULL,'2020-07-20 19:36:46','2021-01-28 22:23:31','2021-01-28 22:23:31'),(425,333,0,NULL,425,2,40766,1989,13,15388,1,0,'2020-04-27','2020-04-27',7689.00,1,1.00,'Factura B N°: 0003-00000106',NULL,NULL,'2020-07-20 19:36:46','2021-01-28 22:23:31','2021-01-28 22:23:31'),(426,333,0,NULL,426,2,40766,1989,13,15388,1,0,'2020-04-27','2020-04-27',7689.00,1,1.00,'Factura B N°: 0003-00000107',NULL,NULL,'2020-07-20 19:36:46','2021-01-28 22:23:31','2021-01-28 22:23:31'),(427,333,0,NULL,427,2,40766,1989,13,15388,1,0,'2020-04-27','2020-04-27',1909.00,1,1.00,'Factura B N°: 0003-00000108',NULL,NULL,'2020-07-20 19:36:46','2021-01-28 22:23:31','2021-01-28 22:23:31'),(428,333,0,NULL,428,2,40766,1989,13,15388,1,0,'2020-04-27','2020-04-27',7689.00,1,1.00,'Factura B N°: 0003-00000109',NULL,NULL,'2020-07-20 19:36:46','2021-01-28 22:23:31','2021-01-28 22:23:31');
INSERT INTO `cta_cte_cliente` VALUES (429,333,0,NULL,429,2,40766,1989,13,15388,1,0,'2020-04-27','2020-04-27',7689.00,1,1.00,'Factura B N°: 0003-00000110',NULL,NULL,'2020-07-20 19:36:46','2021-01-28 22:23:31','2021-01-28 22:23:31'),(430,333,0,NULL,430,2,40766,1989,13,15388,1,0,'2020-04-27','2020-04-27',7689.00,1,1.00,'Factura B N°: 0003-00000111',NULL,NULL,'2020-07-20 19:36:46','2021-01-28 22:23:31','2021-01-28 22:23:31'),(431,333,0,NULL,431,2,40766,1989,13,15388,1,0,'2020-04-27','2020-04-27',7689.00,1,1.00,'Factura B N°: 0003-00000112',NULL,NULL,'2020-07-20 19:36:46','2021-01-28 22:23:31','2021-01-28 22:23:31'),(432,333,0,NULL,432,2,40766,1989,13,15388,1,0,'2020-04-27','2020-04-27',7689.00,1,1.00,'Factura B N°: 0003-00000113',NULL,NULL,'2020-07-20 19:36:46','2021-01-28 22:23:31','2021-01-28 22:23:31'),(433,333,0,NULL,433,2,40766,1989,13,15388,1,0,'2020-04-28','2020-04-28',7689.00,1,1.00,'Factura B N°: 0003-00000114',NULL,NULL,'2020-07-20 19:36:46','2021-01-28 22:23:31','2021-01-28 22:23:31'),(434,333,0,NULL,434,2,40766,1989,13,15388,1,0,'2020-04-28','2020-04-28',7689.00,1,1.00,'Factura B N°: 0003-00000115',NULL,NULL,'2020-07-20 19:36:46','2021-01-28 22:23:31','2021-01-28 22:23:31'),(435,333,0,NULL,435,2,40766,1989,13,15388,1,0,'2020-04-28','2020-04-28',7689.00,1,1.00,'Factura B N°: 0003-00000116',NULL,NULL,'2020-07-20 19:36:46','2021-01-28 22:23:31','2021-01-28 22:23:31'),(436,333,0,NULL,436,2,40766,1989,13,15388,1,0,'2020-04-28','2020-04-28',7689.00,1,1.00,'Factura B N°: 0003-00000117',NULL,NULL,'2020-07-20 19:36:46','2021-01-28 22:23:31','2021-01-28 22:23:31'),(437,333,0,NULL,437,2,40766,1989,13,15388,1,0,'2020-04-28','2020-04-28',7689.00,1,1.00,'Factura B N°: 0003-00000118',NULL,NULL,'2020-07-20 19:36:46','2021-01-28 22:23:31','2021-01-28 22:23:31'),(438,333,0,NULL,438,2,40766,1989,13,15388,1,0,'2020-04-28','2020-04-28',7689.00,1,1.00,'Factura B N°: 0003-00000119',NULL,NULL,'2020-07-20 19:36:46','2021-01-28 22:23:31','2021-01-28 22:23:31'),(439,333,0,NULL,439,2,40766,1989,13,15388,1,0,'2020-04-28','2020-04-28',7689.00,1,1.00,'Factura B N°: 0003-00000120',NULL,NULL,'2020-07-20 19:36:46','2021-01-28 22:23:31','2021-01-28 22:23:31'),(440,333,0,NULL,440,2,40766,1989,13,15388,1,0,'2020-04-28','2020-04-28',7689.00,1,1.00,'Factura B N°: 0003-00000121',NULL,NULL,'2020-07-20 19:36:46','2021-01-28 22:23:31','2021-01-28 22:23:31'),(441,333,0,NULL,441,2,40766,1989,13,15388,1,0,'2020-04-28','2020-04-28',7689.00,1,1.00,'Factura B N°: 0003-00000122',NULL,NULL,'2020-07-20 19:36:46','2021-01-28 22:23:31','2021-01-28 22:23:31'),(442,333,0,NULL,442,2,40766,1989,13,15388,1,0,'2020-04-28','2020-04-28',7689.00,1,1.00,'Factura B N°: 0003-00000123',NULL,NULL,'2020-07-20 19:36:46','2021-01-28 22:23:31','2021-01-28 22:23:31'),(443,333,0,NULL,443,2,40766,1989,13,15388,1,0,'2020-04-28','2020-04-28',7689.00,1,1.00,'Factura B N°: 0003-00000124',NULL,NULL,'2020-07-20 19:36:46','2021-01-28 22:23:31','2021-01-28 22:23:31'),(444,333,0,NULL,444,2,40766,1989,13,15388,1,0,'2020-04-28','2020-04-28',7689.00,1,1.00,'Factura B N°: 0003-00000125',NULL,NULL,'2020-07-20 19:36:46','2021-01-28 22:23:31','2021-01-28 22:23:31'),(445,333,0,NULL,445,2,40766,1989,13,15388,1,0,'2020-04-28','2020-04-28',7689.00,1,1.00,'Factura B N°: 0003-00000126',NULL,NULL,'2020-07-20 19:36:46','2021-01-28 22:23:31','2021-01-28 22:23:31'),(446,333,0,NULL,446,2,40766,1989,13,15388,1,0,'2020-04-28','2020-04-28',7689.00,1,1.00,'Factura B N°: 0003-00000127',NULL,NULL,'2020-07-20 19:36:46','2021-01-28 22:23:31','2021-01-28 22:23:31'),(447,333,0,NULL,447,2,40766,1989,13,15388,1,0,'2020-04-28','2020-04-28',7689.00,1,1.00,'Factura B N°: 0003-00000128',NULL,NULL,'2020-07-20 19:36:46','2021-01-28 22:23:31','2021-01-28 22:23:31'),(448,333,0,NULL,448,2,40766,1989,13,15388,1,0,'2020-04-28','2020-04-28',7689.00,1,1.00,'Factura B N°: 0003-00000129',NULL,NULL,'2020-07-20 19:36:46','2021-01-28 22:23:31','2021-01-28 22:23:31');
INSERT INTO `cta_cte_cliente` VALUES (449,333,0,NULL,449,2,40766,1989,13,15388,1,0,'2020-04-28','2020-04-28',7689.00,1,1.00,'Factura B N°: 0003-00000130',NULL,NULL,'2020-07-20 19:36:46','2021-01-28 22:23:31','2021-01-28 22:23:31'),(450,333,0,NULL,450,2,40766,1989,13,15388,1,0,'2020-04-28','2020-04-28',7689.00,1,1.00,'Factura B N°: 0003-00000131',NULL,NULL,'2020-07-20 19:36:46','2021-01-28 22:23:31','2021-01-28 22:23:31'),(451,333,0,NULL,451,2,40766,1989,13,15388,1,0,'2020-04-28','2020-04-28',7689.00,1,1.00,'Factura B N°: 0003-00000132',NULL,NULL,'2020-07-20 19:36:46','2021-01-28 22:23:31','2021-01-28 22:23:31'),(452,333,0,NULL,452,2,40766,1989,13,15388,1,0,'2020-04-28','2020-04-28',7689.00,1,1.00,'Factura B N°: 0003-00000133',NULL,NULL,'2020-07-20 19:36:46','2021-01-28 22:23:31','2021-01-28 22:23:31'),(453,333,0,NULL,453,2,40766,1989,13,15388,1,0,'2020-04-28','2020-04-28',5000.00,1,1.00,'Factura B N°: 0003-00000134',NULL,NULL,'2020-07-20 19:36:46','2021-01-28 22:23:31','2021-01-28 22:23:31'),(454,333,0,NULL,454,2,40766,1989,13,15388,1,0,'2020-04-28','2020-04-28',2775.00,1,1.00,'Factura B N°: 0003-00000135',NULL,NULL,'2020-07-20 19:36:46','2021-01-28 22:23:31','2021-01-28 22:23:31'),(455,333,0,NULL,455,2,40766,1989,13,15388,1,0,'2020-04-28','2020-04-28',7689.00,1,1.00,'Factura B N°: 0003-00000136',NULL,NULL,'2020-07-20 19:36:46','2021-01-28 22:23:31','2021-01-28 22:23:31'),(456,333,0,NULL,456,2,40766,1989,13,15388,1,0,'2020-04-28','2020-04-28',7689.00,1,1.00,'Factura B N°: 0003-00000137',NULL,NULL,'2020-07-20 19:36:46','2021-01-28 22:23:31','2021-01-28 22:23:31'),(457,333,0,NULL,457,2,40766,1989,13,15388,1,0,'2020-04-29','2020-04-29',7689.00,1,1.00,'Factura B N°: 0003-00000138',NULL,NULL,'2020-07-20 19:36:46','2021-01-28 22:23:31','2021-01-28 22:23:31'),(458,333,0,NULL,458,2,40766,1989,13,15388,1,0,'2020-04-29','2020-04-29',7689.00,1,1.00,'Factura B N°: 0003-00000139',NULL,NULL,'2020-07-20 19:36:46','2021-01-28 22:23:31','2021-01-28 22:23:31'),(459,333,0,NULL,459,2,40766,1989,13,15388,1,0,'2020-04-29','2020-04-29',7689.00,1,1.00,'Factura B N°: 0003-00000140',NULL,NULL,'2020-07-20 19:36:46','2021-01-28 22:23:31','2021-01-28 22:23:31'),(460,333,0,NULL,460,2,40766,1989,13,15388,1,0,'2020-04-29','2020-04-29',7689.00,1,1.00,'Factura B N°: 0003-00000141',NULL,NULL,'2020-07-20 19:36:46','2021-01-28 22:23:31','2021-01-28 22:23:31'),(461,333,0,NULL,461,2,40766,1989,13,15388,1,0,'2020-04-29','2020-04-29',3866.00,1,1.00,'Factura B N°: 0003-00000142',NULL,NULL,'2020-07-20 19:36:46','2021-01-28 22:23:31','2021-01-28 22:23:31'),(462,333,0,NULL,462,2,40766,1989,13,15388,1,0,'2020-04-29','2020-04-29',7689.00,1,1.00,'Factura B N°: 0003-00000143',NULL,NULL,'2020-07-20 19:36:46','2021-01-28 22:23:31','2021-01-28 22:23:31'),(463,333,0,NULL,463,2,40766,1989,13,15388,1,0,'2020-04-29','2020-04-29',7689.00,1,1.00,'Factura B N°: 0003-00000144',NULL,NULL,'2020-07-20 19:36:46','2021-01-28 22:23:31','2021-01-28 22:23:31'),(464,333,0,NULL,464,2,40766,1989,13,15388,1,0,'2020-04-29','2020-04-29',7689.00,1,1.00,'Factura B N°: 0003-00000145',NULL,NULL,'2020-07-20 19:36:46','2021-01-28 22:23:31','2021-01-28 22:23:31'),(465,333,0,NULL,465,2,40766,1989,13,15388,1,0,'2020-04-29','2020-04-29',6933.00,1,1.00,'Factura B N°: 0003-00000146',NULL,NULL,'2020-07-20 19:36:47','2021-01-28 22:23:31','2021-01-28 22:23:31'),(466,333,0,NULL,466,2,40766,1989,13,15388,1,0,'2020-04-29','2020-04-29',7689.00,1,1.00,'Factura B N°: 0003-00000147',NULL,NULL,'2020-07-20 19:36:47','2021-01-28 22:23:31','2021-01-28 22:23:31'),(467,333,0,NULL,467,2,40766,1989,13,15388,1,0,'2020-04-29','2020-04-29',7689.00,1,1.00,'Factura B N°: 0003-00000148',NULL,NULL,'2020-07-20 19:36:47','2021-01-28 22:23:31','2021-01-28 22:23:31'),(468,333,0,NULL,468,2,40766,1989,13,15388,1,0,'2020-04-29','2020-04-29',7689.00,1,1.00,'Factura B N°: 0003-00000149',NULL,NULL,'2020-07-20 19:36:47','2021-01-28 22:23:31','2021-01-28 22:23:31');
INSERT INTO `cta_cte_cliente` VALUES (469,333,0,NULL,469,2,40766,1989,13,15388,1,0,'2020-04-29','2020-04-29',7689.00,1,1.00,'Factura B N°: 0003-00000150',NULL,NULL,'2020-07-20 19:36:47','2021-01-28 22:23:31','2021-01-28 22:23:31'),(470,333,0,NULL,470,2,40766,1989,13,15388,1,0,'2020-04-29','2020-04-29',7689.00,1,1.00,'Factura B N°: 0003-00000151',NULL,NULL,'2020-07-20 19:36:47','2021-01-28 22:23:31','2021-01-28 22:23:31'),(471,333,0,NULL,471,2,40766,1989,13,15388,1,0,'2020-04-29','2020-04-29',7689.00,1,1.00,'Factura B N°: 0003-00000152',NULL,NULL,'2020-07-20 19:36:47','2021-01-28 22:23:31','2021-01-28 22:23:31'),(472,333,0,NULL,472,2,40766,1989,13,15388,1,0,'2020-04-29','2020-04-29',7689.00,1,1.00,'Factura B N°: 0003-00000153',NULL,NULL,'2020-07-20 19:36:47','2021-01-28 22:23:31','2021-01-28 22:23:31'),(473,333,0,NULL,473,2,40766,1989,13,15388,1,0,'2020-04-29','2020-04-29',6177.00,1,1.00,'Factura B N°: 0003-00000154',NULL,NULL,'2020-07-20 19:36:47','2021-01-28 22:23:31','2021-01-28 22:23:31'),(474,333,0,NULL,474,2,40766,1989,13,15388,1,0,'2020-04-29','2020-04-29',7689.00,1,1.00,'Factura B N°: 0003-00000155',NULL,NULL,'2020-07-20 19:36:47','2021-01-28 22:23:31','2021-01-28 22:23:31'),(475,333,0,NULL,475,2,40766,1989,13,15388,1,0,'2020-04-29','2020-04-29',7689.00,1,1.00,'Factura B N°: 0003-00000156',NULL,NULL,'2020-07-20 19:36:47','2021-01-28 22:23:31','2021-01-28 22:23:31'),(476,333,0,NULL,476,2,40766,1989,13,15388,1,0,'2020-04-29','2020-04-29',7689.00,1,1.00,'Factura B N°: 0003-00000157',NULL,NULL,'2020-07-20 19:36:47','2021-01-28 22:23:31','2021-01-28 22:23:31'),(477,333,0,NULL,477,2,40766,1989,13,15388,1,0,'2020-04-29','2020-04-29',7689.00,1,1.00,'Factura B N°: 0003-00000158',NULL,NULL,'2020-07-20 19:36:47','2021-01-28 22:23:31','2021-01-28 22:23:31'),(478,333,0,NULL,478,2,40766,1989,13,15388,1,0,'2020-04-29','2020-04-29',7689.00,1,1.00,'Factura B N°: 0003-00000159',NULL,NULL,'2020-07-20 19:36:47','2021-01-28 22:23:31','2021-01-28 22:23:31'),(479,333,0,NULL,479,2,40766,1989,13,15388,1,0,'2020-04-29','2020-04-29',7689.00,1,1.00,'Factura B N°: 0003-00000160',NULL,NULL,'2020-07-20 19:36:47','2021-01-28 22:23:31','2021-01-28 22:23:31'),(480,333,0,NULL,480,2,40766,1989,13,15388,1,0,'2020-04-29','2020-04-29',7689.00,1,1.00,'Factura B N°: 0003-00000161',NULL,NULL,'2020-07-20 19:36:47','2021-01-28 22:23:31','2021-01-28 22:23:31'),(481,333,0,NULL,481,2,40766,1989,13,15388,1,0,'2020-04-29','2020-04-29',6177.00,1,1.00,'Factura B N°: 0003-00000162',NULL,NULL,'2020-07-20 19:36:47','2021-01-28 22:23:31','2021-01-28 22:23:31'),(482,333,0,NULL,482,2,40766,1989,13,15388,1,0,'2020-04-30','2020-04-30',7689.00,1,1.00,'Factura B N°: 0003-00000163',NULL,NULL,'2020-07-20 19:36:47','2021-01-28 22:23:31','2021-01-28 22:23:31'),(483,333,0,NULL,483,2,40766,1989,13,15388,1,0,'2020-04-30','2020-04-30',7689.00,1,1.00,'Factura B N°: 0003-00000164',NULL,NULL,'2020-07-20 19:36:47','2021-01-28 22:23:31','2021-01-28 22:23:31'),(484,333,0,NULL,484,2,40766,1989,13,15388,1,0,'2020-04-30','2020-04-30',7689.00,1,1.00,'Factura B N°: 0003-00000165',NULL,NULL,'2020-07-20 19:36:47','2021-01-28 22:23:31','2021-01-28 22:23:31'),(485,333,0,NULL,485,2,40766,1989,13,15388,1,0,'2020-04-30','2020-04-30',7689.00,1,1.00,'Factura B N°: 0003-00000166',NULL,NULL,'2020-07-20 19:36:47','2021-01-28 22:23:31','2021-01-28 22:23:31'),(486,333,0,NULL,486,2,40766,1989,13,15388,1,0,'2020-04-30','2020-04-30',6555.00,1,1.00,'Factura B N°: 0003-00000167',NULL,NULL,'2020-07-20 19:36:47','2021-01-28 22:23:31','2021-01-28 22:23:31'),(487,333,0,NULL,487,2,40766,1989,13,15388,1,0,'2020-04-30','2020-04-30',7689.00,1,1.00,'Factura B N°: 0003-00000168',NULL,NULL,'2020-07-20 19:36:47','2021-01-28 22:23:31','2021-01-28 22:23:31'),(488,333,0,NULL,488,2,40766,1989,13,15388,1,0,'2020-04-30','2020-04-30',7689.00,1,1.00,'Factura B N°: 0003-00000169',NULL,NULL,'2020-07-20 19:36:47','2021-01-28 22:23:31','2021-01-28 22:23:31');
INSERT INTO `cta_cte_cliente` VALUES (489,333,0,NULL,489,2,40766,1989,13,15388,1,0,'2020-04-30','2020-04-30',7689.00,1,1.00,'Factura B N°: 0003-00000170',NULL,NULL,'2020-07-20 19:36:47','2021-01-28 22:23:31','2021-01-28 22:23:31'),(490,333,0,NULL,490,2,40766,1989,13,15388,1,0,'2020-04-30','2020-04-30',7689.00,1,1.00,'Factura B N°: 0003-00000171',NULL,NULL,'2020-07-20 19:36:47','2021-01-28 22:23:31','2021-01-28 22:23:31'),(491,333,0,NULL,491,2,40766,1989,13,15388,1,0,'2020-04-30','2020-04-30',7689.00,1,1.00,'Factura B N°: 0003-00000172',NULL,NULL,'2020-07-20 19:36:47','2021-01-28 22:23:31','2021-01-28 22:23:31'),(492,333,0,NULL,492,2,40766,1989,13,15388,1,0,'2020-04-30','2020-04-30',7689.00,1,1.00,'Factura B N°: 0003-00000173',NULL,NULL,'2020-07-20 19:36:47','2021-01-28 22:23:31','2021-01-28 22:23:31'),(493,333,0,NULL,493,2,40766,1989,13,15388,1,0,'2020-04-30','2020-04-30',1555.00,1,1.00,'Factura B N°: 0003-00000174',NULL,NULL,'2020-07-20 19:36:47','2021-01-28 22:23:31','2021-01-28 22:23:31'),(494,333,0,NULL,494,2,40766,1989,13,15388,1,0,'2020-04-30','2020-04-30',7689.00,1,1.00,'Factura B N°: 0003-00000175',NULL,NULL,'2020-07-20 19:36:47','2021-01-28 22:23:31','2021-01-28 22:23:31'),(495,333,0,NULL,495,2,40766,1989,13,15388,1,0,'2020-04-30','2020-04-30',7689.00,1,1.00,'Factura B N°: 0003-00000176',NULL,NULL,'2020-07-20 19:36:47','2021-01-28 22:23:31','2021-01-28 22:23:31'),(496,333,0,NULL,496,2,40766,1989,13,15388,1,0,'2020-04-30','2020-04-30',7689.00,1,1.00,'Factura B N°: 0003-00000177',NULL,NULL,'2020-07-20 19:36:47','2021-01-28 22:23:31','2021-01-28 22:23:31'),(497,333,0,NULL,497,2,40766,1989,13,15388,1,0,'2020-04-30','2020-04-30',7689.00,1,1.00,'Factura B N°: 0003-00000178',NULL,NULL,'2020-07-20 19:36:47','2021-01-28 22:23:31','2021-01-28 22:23:31'),(498,333,0,NULL,498,2,40766,1989,13,15388,1,0,'2020-04-30','2020-04-30',3244.00,1,1.00,'Factura B N°: 0003-00000179',NULL,NULL,'2020-07-20 19:36:47','2021-01-28 22:23:31','2021-01-28 22:23:31'),(499,333,0,NULL,499,2,40766,1989,13,15388,1,0,'2020-04-30','2020-04-30',7689.00,1,1.00,'Factura B N°: 0003-00000180',NULL,NULL,'2020-07-20 19:36:47','2021-01-28 22:23:31','2021-01-28 22:23:31'),(500,333,0,NULL,500,2,40766,1989,13,15388,1,0,'2020-04-30','2020-04-30',7689.00,1,1.00,'Factura B N°: 0003-00000181',NULL,NULL,'2020-07-20 19:36:47','2021-01-28 22:23:31','2021-01-28 22:23:31'),(501,333,0,NULL,501,2,40766,1989,13,15388,1,0,'2020-04-30','2020-04-30',7689.00,1,1.00,'Factura B N°: 0003-00000182',NULL,NULL,'2020-07-20 19:36:47','2021-01-28 22:23:31','2021-01-28 22:23:31'),(502,333,0,NULL,502,2,40766,1989,13,15388,1,0,'2020-04-30','2020-04-30',6000.00,1,1.00,'Factura B N°: 0003-00000183',NULL,NULL,'2020-07-20 19:36:47','2021-01-28 22:23:31','2021-01-28 22:23:31'),(503,333,0,NULL,503,2,40766,1989,13,15388,1,0,'2020-04-30','2020-04-30',7689.00,1,1.00,'Factura B N°: 0003-00000184',NULL,NULL,'2020-07-20 19:36:47','2021-01-28 22:23:31','2021-01-28 22:23:31'),(504,333,0,NULL,504,2,40766,1989,13,15388,1,0,'2020-04-30','2020-04-30',7000.00,1,1.00,'Factura B N°: 0003-00000185',NULL,NULL,'2020-07-20 19:36:47','2021-01-28 22:23:31','2021-01-28 22:23:31'),(505,333,0,NULL,505,2,40766,1989,13,15388,1,0,'2020-04-30','2020-04-30',5311.00,1,1.00,'Factura B N°: 0003-00000186',NULL,NULL,'2020-07-20 19:36:47','2021-01-28 22:23:31','2021-01-28 22:23:31'),(506,333,0,NULL,506,2,40766,1989,13,15388,1,0,'2020-04-30','2020-04-30',7500.00,1,1.00,'Factura B N°: 0003-00000187',NULL,NULL,'2020-07-20 19:36:47','2021-01-28 22:23:31','2021-01-28 22:23:31'),(507,333,0,NULL,507,2,40766,1989,13,15388,1,0,'2020-04-30','2020-04-30',7500.00,1,1.00,'Factura B N°: 0003-00000188',NULL,NULL,'2020-07-20 19:36:47','2021-01-28 22:23:31','2021-01-28 22:23:31'),(508,333,0,NULL,508,2,40766,1989,13,15388,1,0,'2020-04-30','2020-04-30',6900.00,1,1.00,'Factura B N°: 0003-00000189',NULL,NULL,'2020-07-20 19:36:47','2021-01-28 22:23:31','2021-01-28 22:23:31');
INSERT INTO `cta_cte_cliente` VALUES (509,333,0,NULL,509,2,40766,1989,13,15388,1,0,'2020-04-30','2020-04-30',7500.00,1,1.00,'Factura B N°: 0003-00000190',NULL,NULL,'2020-07-20 19:36:47','2021-01-28 22:23:32','2021-01-28 22:23:32'),(510,333,0,NULL,510,2,40766,1989,13,15388,1,0,'2020-04-30','2020-04-30',7500.00,1,1.00,'Factura B N°: 0003-00000191',NULL,NULL,'2020-07-20 19:36:47','2021-01-28 22:23:32','2021-01-28 22:23:32'),(511,333,0,NULL,511,2,40766,1989,13,15388,1,0,'2020-04-30','2020-04-30',7600.00,1,1.00,'Factura B N°: 0003-00000192',NULL,NULL,'2020-07-20 19:36:47','2021-01-28 22:23:32','2021-01-28 22:23:32'),(512,333,0,NULL,512,2,40766,1989,13,15388,1,0,'2020-04-30','2020-04-30',7600.00,1,1.00,'Factura B N°: 0003-00000193',NULL,NULL,'2020-07-20 19:36:47','2021-01-28 22:23:32','2021-01-28 22:23:32'),(513,333,0,NULL,513,2,40766,1989,13,15388,1,0,'2020-04-30','2020-04-30',7500.00,1,1.00,'Factura B N°: 0003-00000194',NULL,NULL,'2020-07-20 19:36:47','2021-01-28 22:23:32','2021-01-28 22:23:32'),(514,333,0,NULL,514,2,40766,1989,13,15388,1,0,'2020-04-30','2020-04-30',6894.00,1,1.00,'Factura B N°: 0003-00000195',NULL,NULL,'2020-07-20 19:36:47','2021-01-28 22:23:32','2021-01-28 22:23:32'),(515,333,0,NULL,515,2,40766,1989,13,15389,1,0,'2020-05-27','2020-05-27',7689.00,1,1.00,'Factura B N°: 0003-00000196',NULL,NULL,'2020-07-20 19:37:20','2021-01-28 22:23:32','2021-01-28 22:23:32'),(516,333,0,NULL,516,2,40766,1989,13,15389,1,0,'2020-05-27','2020-05-27',7689.00,1,1.00,'Factura B N°: 0003-00000197',NULL,NULL,'2020-07-20 19:37:20','2021-01-28 22:23:32','2021-01-28 22:23:32'),(517,333,0,NULL,517,2,40766,1989,13,15389,1,0,'2020-05-27','2020-05-27',7689.00,1,1.00,'Factura B N°: 0003-00000198',NULL,NULL,'2020-07-20 19:37:20','2021-01-28 22:23:32','2021-01-28 22:23:32'),(518,333,0,NULL,518,2,40766,1989,13,15389,1,0,'2020-05-27','2020-05-27',7689.00,1,1.00,'Factura B N°: 0003-00000199',NULL,NULL,'2020-07-20 19:37:20','2021-01-28 22:23:32','2021-01-28 22:23:32'),(519,333,0,NULL,519,2,40766,1989,13,15389,1,0,'2020-05-27','2020-05-27',7689.00,1,1.00,'Factura B N°: 0003-00000200',NULL,NULL,'2020-07-20 19:37:20','2021-01-28 22:23:32','2021-01-28 22:23:32'),(520,333,0,NULL,520,2,40766,1989,13,15389,1,0,'2020-05-27','2020-05-27',7689.00,1,1.00,'Factura B N°: 0003-00000201',NULL,NULL,'2020-07-20 19:37:20','2021-01-28 22:23:32','2021-01-28 22:23:32'),(521,333,0,NULL,521,2,40766,1989,13,15389,1,0,'2020-05-27','2020-05-27',7689.00,1,1.00,'Factura B N°: 0003-00000202',NULL,NULL,'2020-07-20 19:37:20','2021-01-28 22:23:32','2021-01-28 22:23:32'),(522,333,0,NULL,522,2,40766,1989,13,15389,1,0,'2020-05-27','2020-05-27',7689.00,1,1.00,'Factura B N°: 0003-00000203',NULL,NULL,'2020-07-20 19:37:20','2021-01-28 22:23:32','2021-01-28 22:23:32'),(523,333,0,NULL,523,2,40766,1989,13,15389,1,0,'2020-05-27','2020-05-27',7689.00,1,1.00,'Factura B N°: 0003-00000204',NULL,NULL,'2020-07-20 19:37:20','2021-01-28 22:23:32','2021-01-28 22:23:32'),(524,333,0,NULL,524,2,40766,1989,13,15389,1,0,'2020-05-27','2020-05-27',7689.00,1,1.00,'Factura B N°: 0003-00000205',NULL,NULL,'2020-07-20 19:37:20','2021-01-28 22:23:32','2021-01-28 22:23:32'),(525,333,0,NULL,525,2,40766,1989,13,15389,1,0,'2020-05-27','2020-05-27',7689.00,1,1.00,'Factura B N°: 0003-00000206',NULL,NULL,'2020-07-20 19:37:20','2021-01-28 22:23:32','2021-01-28 22:23:32'),(526,333,0,NULL,526,2,40766,1989,13,15389,1,0,'2020-05-27','2020-05-27',3421.00,1,1.00,'Factura B N°: 0003-00000207',NULL,NULL,'2020-07-20 19:37:20','2021-01-28 22:23:32','2021-01-28 22:23:32'),(527,333,0,NULL,527,2,40766,1989,13,15389,1,0,'2020-05-27','2020-05-27',7689.00,1,1.00,'Factura B N°: 0003-00000208',NULL,NULL,'2020-07-20 19:37:20','2021-01-28 22:23:32','2021-01-28 22:23:32'),(528,333,0,NULL,528,2,40766,1989,13,15389,1,0,'2020-05-27','2020-05-27',7689.00,1,1.00,'Factura B N°: 0003-00000209',NULL,NULL,'2020-07-20 19:37:20','2021-01-28 22:23:32','2021-01-28 22:23:32');
INSERT INTO `cta_cte_cliente` VALUES (529,333,0,NULL,529,2,40766,1989,13,15389,1,0,'2020-05-27','2020-05-27',7689.00,1,1.00,'Factura B N°: 0003-00000210',NULL,NULL,'2020-07-20 19:37:20','2021-01-28 22:23:32','2021-01-28 22:23:32'),(530,333,0,NULL,530,2,40766,1989,13,15389,1,0,'2020-05-27','2020-05-27',7689.00,1,1.00,'Factura B N°: 0003-00000211',NULL,NULL,'2020-07-20 19:37:20','2021-01-28 22:23:32','2021-01-28 22:23:32'),(531,333,0,NULL,531,2,40766,1989,13,15389,1,0,'2020-05-27','2020-05-27',7689.00,1,1.00,'Factura B N°: 0003-00000212',NULL,NULL,'2020-07-20 19:37:20','2021-01-28 22:23:32','2021-01-28 22:23:32'),(532,333,0,NULL,532,2,40766,1989,13,15389,1,0,'2020-05-27','2020-05-27',7689.00,1,1.00,'Factura B N°: 0003-00000213',NULL,NULL,'2020-07-20 19:37:20','2021-01-28 22:23:32','2021-01-28 22:23:32'),(533,333,0,NULL,533,2,40766,1989,13,15389,1,0,'2020-05-29','2020-05-29',7689.00,1,1.00,'Factura B N°: 0003-00000214',NULL,NULL,'2020-07-20 19:37:20','2021-01-28 22:23:32','2021-01-28 22:23:32'),(534,333,0,NULL,534,2,40766,1989,13,15389,1,0,'2020-05-29','2020-05-29',7689.00,1,1.00,'Factura B N°: 0003-00000215',NULL,NULL,'2020-07-20 19:37:20','2021-01-28 22:23:32','2021-01-28 22:23:32'),(535,333,0,NULL,535,2,40766,1989,13,15389,1,0,'2020-05-29','2020-05-29',7689.00,1,1.00,'Factura B N°: 0003-00000216',NULL,NULL,'2020-07-20 19:37:20','2021-01-28 22:23:32','2021-01-28 22:23:32'),(536,333,0,NULL,536,2,40766,1989,13,15389,1,0,'2020-05-29','2020-05-29',7689.00,1,1.00,'Factura B N°: 0003-00000217',NULL,NULL,'2020-07-20 19:37:20','2021-01-28 22:23:32','2021-01-28 22:23:32'),(537,333,0,NULL,537,2,40766,1989,13,15389,1,0,'2020-05-29','2020-05-29',7689.00,1,1.00,'Factura B N°: 0003-00000218',NULL,NULL,'2020-07-20 19:37:20','2021-01-28 22:23:32','2021-01-28 22:23:32'),(538,333,0,NULL,538,2,40766,1989,13,15389,1,0,'2020-05-29','2020-05-29',4421.00,1,1.00,'Factura B N°: 0003-00000219',NULL,NULL,'2020-07-20 19:37:20','2021-01-28 22:23:32','2021-01-28 22:23:32'),(539,333,0,NULL,539,2,40766,1989,13,15389,1,0,'2020-05-29','2020-05-29',7689.00,1,1.00,'Factura B N°: 0003-00000220',NULL,NULL,'2020-07-20 19:37:20','2021-01-28 22:23:32','2021-01-28 22:23:32'),(540,333,0,NULL,540,2,40766,1989,13,15389,1,0,'2020-05-29','2020-05-29',7689.00,1,1.00,'Factura B N°: 0003-00000221',NULL,NULL,'2020-07-20 19:37:20','2021-01-28 22:23:32','2021-01-28 22:23:32'),(541,333,0,NULL,541,2,40766,1989,13,15389,1,0,'2020-05-29','2020-05-29',7689.00,1,1.00,'Factura B N°: 0003-00000222',NULL,NULL,'2020-07-20 19:37:20','2021-01-28 22:23:32','2021-01-28 22:23:32'),(542,333,0,NULL,542,2,40766,1989,13,15389,1,0,'2020-05-29','2020-05-29',7689.00,1,1.00,'Factura B N°: 0003-00000223',NULL,NULL,'2020-07-20 19:37:20','2021-01-28 22:23:32','2021-01-28 22:23:32'),(543,333,0,NULL,543,2,40766,1989,13,15389,1,0,'2020-05-29','2020-05-29',1244.00,1,1.00,'Factura B N°: 0003-00000224',NULL,NULL,'2020-07-20 19:37:20','2021-01-28 22:23:32','2021-01-28 22:23:32'),(544,333,0,NULL,544,2,40766,1989,13,15389,1,0,'2020-05-29','2020-05-29',7689.00,1,1.00,'Factura B N°: 0003-00000225',NULL,NULL,'2020-07-20 19:37:20','2021-01-28 22:23:32','2021-01-28 22:23:32'),(545,333,0,NULL,545,2,40766,1989,13,15389,1,0,'2020-05-29','2020-05-29',7689.00,1,1.00,'Factura B N°: 0003-00000226',NULL,NULL,'2020-07-20 19:37:20','2021-01-28 22:23:32','2021-01-28 22:23:32'),(546,333,0,NULL,546,2,40766,1989,13,15389,1,0,'2020-05-29','2020-05-29',7689.00,1,1.00,'Factura B N°: 0003-00000227',NULL,NULL,'2020-07-20 19:37:20','2021-01-28 22:23:32','2021-01-28 22:23:32'),(547,333,0,NULL,547,2,40766,1989,13,15389,1,0,'2020-05-29','2020-05-29',7689.00,1,1.00,'Factura B N°: 0003-00000228',NULL,NULL,'2020-07-20 19:37:20','2021-01-28 22:23:32','2021-01-28 22:23:32'),(548,333,0,NULL,548,2,40766,1989,13,15389,1,0,'2020-05-29','2020-05-29',7689.00,1,1.00,'Factura B N°: 0003-00000229',NULL,NULL,'2020-07-20 19:37:20','2021-01-28 22:23:32','2021-01-28 22:23:32');
INSERT INTO `cta_cte_cliente` VALUES (549,333,0,NULL,549,2,40766,1989,13,15389,1,0,'2020-05-29','2020-05-29',2555.00,1,1.00,'Factura B N°: 0003-00000230',NULL,NULL,'2020-07-20 19:37:20','2021-01-28 22:23:32','2021-01-28 22:23:32'),(550,333,0,NULL,550,2,40766,1989,13,15389,1,0,'2020-05-29','2020-05-29',7689.00,1,1.00,'Factura B N°: 0003-00000231',NULL,NULL,'2020-07-20 19:37:20','2021-01-28 22:23:32','2021-01-28 22:23:32'),(551,333,0,NULL,551,2,40766,1989,13,15389,1,0,'2020-05-29','2020-05-29',7689.00,1,1.00,'Factura B N°: 0003-00000232',NULL,NULL,'2020-07-20 19:37:20','2021-01-28 22:23:32','2021-01-28 22:23:32'),(552,333,0,NULL,552,2,40766,1989,13,15389,1,0,'2020-05-29','2020-05-29',7689.00,1,1.00,'Factura B N°: 0003-00000233',NULL,NULL,'2020-07-20 19:37:20','2021-01-28 22:23:32','2021-01-28 22:23:32'),(553,333,0,NULL,553,2,40766,1989,13,15389,1,0,'2020-05-29','2020-05-29',7689.00,1,1.00,'Factura B N°: 0003-00000234',NULL,NULL,'2020-07-20 19:37:20','2021-01-28 22:23:32','2021-01-28 22:23:32'),(554,333,0,NULL,554,2,40766,1989,13,15389,1,0,'2020-05-29','2020-05-29',7689.00,1,1.00,'Factura B N°: 0003-00000235',NULL,NULL,'2020-07-20 19:37:20','2021-01-28 22:23:32','2021-01-28 22:23:32'),(555,333,0,NULL,555,2,40766,1989,13,15389,1,0,'2020-05-29','2020-05-29',7689.00,1,1.00,'Factura B N°: 0003-00000236',NULL,NULL,'2020-07-20 19:37:20','2021-01-28 22:23:32','2021-01-28 22:23:32'),(556,333,0,NULL,556,2,40766,1989,13,15389,1,0,'2020-05-29','2020-05-29',7689.00,1,1.00,'Factura B N°: 0003-00000237',NULL,NULL,'2020-07-20 19:37:20','2021-01-28 22:23:32','2021-01-28 22:23:32'),(557,333,0,NULL,557,2,40766,1989,13,15389,1,0,'2020-05-29','2020-05-29',7689.00,1,1.00,'Factura B N°: 0003-00000238',NULL,NULL,'2020-07-20 19:37:20','2021-01-28 22:23:32','2021-01-28 22:23:32'),(558,333,0,NULL,558,2,40766,1989,13,15389,1,0,'2020-05-29','2020-05-29',7689.00,1,1.00,'Factura B N°: 0003-00000239',NULL,NULL,'2020-07-20 19:37:20','2021-01-28 22:23:32','2021-01-28 22:23:32'),(559,333,0,NULL,559,3,40766,1297,57,15387,2,0,'2020-03-01','2020-03-01',199.00,1,1.00,'Factura A N°: 0015-00024921',NULL,NULL,'2020-07-20 19:40:10','2021-01-28 22:23:25','2021-01-28 22:23:25'),(560,333,0,NULL,560,3,40766,1297,57,15387,2,0,'2020-03-11','2020-03-11',3741.12,1,1.00,'Factura B N°: 0028-01380308',NULL,NULL,'2020-07-20 19:40:10','2021-01-28 22:23:25','2021-01-28 22:23:25'),(561,333,0,NULL,561,3,40766,40770,57,15387,2,0,'2020-03-11','2020-03-11',6186.34,1,1.00,'Factura A N°: 0003-00004430',NULL,NULL,'2020-07-20 19:40:10','2021-01-28 22:23:25','2021-01-28 22:23:25'),(562,333,0,NULL,562,3,40766,40739,57,15387,2,0,'2020-03-30','2020-03-30',153469.89,1,1.00,'Factura A N°: 0005-00000002',NULL,NULL,'2020-07-20 19:40:10','2021-01-28 22:23:25','2021-01-28 22:23:25'),(563,333,0,NULL,563,3,40766,40739,57,15387,2,0,'2020-03-31','2020-03-31',38992.74,1,1.00,'Factura A N°: 0005-00000003',NULL,NULL,'2020-07-20 19:40:10','2021-01-28 22:23:25','2021-01-28 22:23:25'),(564,333,0,NULL,564,3,40766,1297,57,15388,2,0,'2020-04-01','2020-04-01',28754.57,1,1.00,'Factura A N°: 0028-00056794',NULL,NULL,'2020-07-20 19:40:59','2021-01-28 22:23:25','2021-01-28 22:23:25'),(565,333,0,NULL,565,3,40766,40771,57,15388,2,0,'2020-04-03','2020-04-03',6541.26,1,1.00,'Factura A N°: 0002-00016033',NULL,NULL,'2020-07-20 19:40:59','2021-01-28 22:23:25','2021-01-28 22:23:25'),(566,333,0,NULL,566,3,40766,40739,57,15388,2,0,'2020-04-30','2020-04-30',300000.01,1,1.00,'Factura A N°: 0005-00000005',NULL,NULL,'2020-07-20 19:40:59','2021-01-28 22:23:25','2021-01-28 22:23:25'),(567,333,0,NULL,567,3,40766,1297,57,15389,2,0,'2020-05-01','2020-05-01',22667.75,1,1.00,'Factura A N°: 0028-00061093',NULL,NULL,'2020-07-20 19:41:37','2021-01-28 22:23:25','2021-01-28 22:23:25'),(568,333,0,NULL,568,3,40766,40771,57,15389,2,0,'2020-05-13','2020-05-13',20366.48,1,1.00,'Factura A N°: 0002-00016445',NULL,NULL,'2020-07-20 19:41:37','2021-01-28 22:23:25','2021-01-28 22:23:25');
INSERT INTO `cta_cte_cliente` VALUES (569,333,0,NULL,569,3,40766,40768,57,15389,2,0,'2020-05-28','2020-05-28',21714.26,1,1.00,'Factura A N°: 0042-00026320',NULL,NULL,'2020-07-20 19:41:37','2021-01-28 22:23:25','2021-01-28 22:23:25'),(570,333,0,NULL,570,3,40766,40768,57,15389,2,0,'2020-05-29','2020-05-29',22806.38,1,1.00,'Factura A N°: 0042-00026362',NULL,NULL,'2020-07-20 19:41:37','2021-01-28 22:23:25','2021-01-28 22:23:25'),(571,333,0,NULL,571,2,40769,40772,13,16933,1,0,'2019-07-29','2019-07-29',1500.00,1,1.00,'Factura B N°: 0001-00000001',NULL,NULL,'2020-07-20 19:42:28','2020-07-20 19:42:28',NULL),(572,333,0,NULL,572,2,40769,1989,13,16921,1,0,'2019-10-29','2019-10-29',4900.00,1,1.00,'Factura B N°: 0001-00000002',NULL,NULL,'2020-07-20 19:55:46','2020-07-20 19:55:46',NULL),(573,333,0,NULL,573,2,40769,1989,13,16921,1,0,'2019-10-29','2019-10-29',4650.00,1,1.00,'Factura B N°: 0001-00000003',NULL,NULL,'2020-07-20 19:55:46','2020-07-20 19:55:46',NULL),(574,333,0,NULL,574,2,40769,1989,13,16921,1,0,'2019-10-29','2019-10-29',4950.00,1,1.00,'Factura B N°: 0001-00000004',NULL,NULL,'2020-07-20 19:55:46','2020-07-20 19:55:46',NULL),(575,333,0,NULL,575,2,40769,1989,13,16921,1,0,'2019-10-29','2019-10-29',3500.00,1,1.00,'Factura B N°: 0001-00000005',NULL,NULL,'2020-07-20 19:55:46','2020-07-20 19:55:46',NULL),(576,333,0,NULL,576,2,40769,1989,13,16921,1,0,'2019-10-29','2019-10-29',4590.00,1,1.00,'Factura B N°: 0001-00000006',NULL,NULL,'2020-07-20 19:55:46','2020-07-20 19:55:46',NULL),(577,333,0,NULL,577,2,40769,1989,13,16921,1,0,'2019-10-29','2019-10-29',4100.00,1,1.00,'Factura B N°: 0001-00000007',NULL,NULL,'2020-07-20 19:55:46','2020-07-20 19:55:46',NULL),(578,333,0,NULL,578,2,40769,1989,13,16921,1,0,'2019-10-29','2019-10-29',4900.00,1,1.00,'Factura B N°: 0001-00000008',NULL,NULL,'2020-07-20 19:55:46','2020-07-20 19:55:46',NULL),(579,333,0,NULL,579,2,40769,1989,13,16921,1,0,'2019-10-29','2019-10-29',4980.00,1,1.00,'Factura B N°: 0001-00000009',NULL,NULL,'2020-07-20 19:55:46','2020-07-20 19:55:46',NULL),(580,333,0,NULL,580,2,40769,1989,13,16921,1,0,'2019-10-29','2019-10-29',3500.00,1,1.00,'Factura B N°: 0001-00000010',NULL,NULL,'2020-07-20 19:55:46','2020-07-20 19:55:46',NULL),(581,333,0,NULL,581,2,40769,1989,13,16921,1,0,'2019-10-29','2019-10-29',3900.00,1,1.00,'Factura B N°: 0001-00000011',NULL,NULL,'2020-07-20 19:55:46','2020-07-20 19:55:46',NULL),(582,333,0,NULL,582,2,40769,1989,13,16921,1,0,'2019-10-29','2019-10-29',4900.00,1,1.00,'Factura B N°: 0001-00000012',NULL,NULL,'2020-07-20 19:55:46','2020-07-20 19:55:46',NULL),(583,333,0,NULL,583,2,40769,1989,13,16921,1,0,'2019-10-29','2019-10-29',3500.00,1,1.00,'Factura B N°: 0001-00000013',NULL,NULL,'2020-07-20 19:55:46','2020-07-20 19:55:46',NULL),(584,333,0,NULL,584,2,40769,1989,13,16921,1,0,'2019-10-29','2019-10-29',3048.00,1,1.00,'Factura B N°: 0001-00000014',NULL,NULL,'2020-07-20 19:55:46','2020-07-20 19:55:46',NULL),(585,333,0,NULL,585,2,40769,1989,13,16922,1,0,'2019-11-30','2019-11-30',4850.00,1,1.00,'Factura B N°: 0001-00000015',NULL,NULL,'2020-07-20 20:04:35','2020-07-20 20:04:35',NULL),(586,333,0,NULL,586,2,40769,1989,13,16922,1,0,'2019-11-30','2019-11-30',4670.00,1,1.00,'Factura B N°: 0001-00000016',NULL,NULL,'2020-07-20 20:04:35','2020-07-20 20:04:35',NULL),(587,333,0,NULL,587,2,40769,1989,13,16922,1,0,'2019-11-30','2019-11-30',4980.00,1,1.00,'Factura B N°: 0001-00000017',NULL,NULL,'2020-07-20 20:04:35','2020-07-20 20:04:35',NULL),(588,333,0,NULL,588,2,40769,1989,13,16922,1,0,'2019-11-30','2019-11-30',4710.00,1,1.00,'Factura B N°: 0001-00000018',NULL,NULL,'2020-07-20 20:04:35','2020-07-20 20:04:35',NULL),(589,333,0,NULL,589,2,40769,1989,13,16922,1,0,'2019-11-30','2019-11-30',4910.00,1,1.00,'Factura B N°: 0001-00000019',NULL,NULL,'2020-07-20 20:04:35','2020-07-20 20:04:35',NULL),(590,333,0,NULL,590,2,40769,1989,13,16922,1,0,'2019-11-30','2019-11-30',4870.00,1,1.00,'Factura B N°: 0001-00000020',NULL,NULL,'2020-07-20 20:04:35','2020-07-20 20:04:35',NULL);
INSERT INTO `cta_cte_cliente` VALUES (591,333,0,NULL,591,2,40769,1989,13,16922,1,0,'2019-11-30','2019-11-30',4769.00,1,1.00,'Factura B N°: 0001-00000021',NULL,NULL,'2020-07-20 20:04:35','2020-07-20 20:04:35',NULL),(592,333,0,NULL,592,2,40769,1989,13,16923,1,0,'2019-12-31','2019-12-31',4980.00,1,1.00,'Factura B N°: 0001-00000022',NULL,NULL,'2020-07-20 20:06:31','2020-07-20 20:06:31',NULL),(593,333,0,NULL,593,2,40769,1989,13,16923,1,0,'2019-12-31','2019-12-31',4900.00,1,1.00,'Factura B N°: 0001-00000023',NULL,NULL,'2020-07-20 20:06:31','2020-07-20 20:06:31',NULL),(594,333,0,NULL,594,2,40769,1989,13,16923,1,0,'2019-12-31','2019-12-31',4790.00,1,1.00,'Factura B N°: 0001-00000024',NULL,NULL,'2020-07-20 20:06:31','2020-07-20 20:06:31',NULL),(595,333,0,NULL,595,2,40769,1989,13,16923,1,0,'2019-12-31','2019-12-31',4800.00,1,1.00,'Factura B N°: 0001-00000025',NULL,NULL,'2020-07-20 20:06:31','2020-07-20 20:06:31',NULL),(596,333,0,NULL,596,2,40769,1989,13,16923,1,0,'2019-12-31','2019-12-31',4967.00,1,1.00,'Factura B N°: 0001-00000026',NULL,NULL,'2020-07-20 20:06:31','2020-07-20 20:06:31',NULL),(597,333,0,NULL,597,2,40769,1989,13,16923,1,0,'2019-12-31','2019-12-31',4900.00,1,1.00,'Factura B N°: 0001-00000027',NULL,NULL,'2020-07-20 20:06:31','2020-07-20 20:06:31',NULL),(598,333,0,NULL,598,2,40769,1989,13,16923,1,0,'2019-12-31','2019-12-31',4790.00,1,1.00,'Factura B N°: 0001-00000028',NULL,NULL,'2020-07-20 20:06:31','2020-07-20 20:06:31',NULL),(599,333,0,NULL,599,2,40769,1989,13,16923,1,0,'2019-12-31','2019-12-31',4950.00,1,1.00,'Factura B N°: 0001-00000029',NULL,NULL,'2020-07-20 20:06:31','2020-07-20 20:06:31',NULL),(600,333,0,NULL,600,2,40769,1989,13,16923,1,0,'2019-12-31','2019-12-31',4800.00,1,1.00,'Factura B N°: 0001-00000030',NULL,NULL,'2020-07-20 20:06:31','2020-07-20 20:06:31',NULL),(601,333,0,NULL,601,2,40769,1989,13,16923,1,0,'2019-12-31','2019-12-31',4980.00,1,1.00,'Factura B N°: 0001-00000031',NULL,NULL,'2020-07-20 20:06:31','2020-07-20 20:06:31',NULL),(602,333,0,NULL,602,2,40769,1989,13,16923,1,0,'2019-12-31','2019-12-31',4900.00,1,1.00,'Factura B N°: 0001-00000032',NULL,NULL,'2020-07-20 20:06:31','2020-07-20 20:06:31',NULL),(603,333,0,NULL,603,2,40769,1989,13,16923,1,0,'2019-12-31','2019-12-31',4800.00,1,1.00,'Factura B N°: 0001-00000033',NULL,NULL,'2020-07-20 20:06:31','2020-07-20 20:06:31',NULL),(604,333,0,NULL,604,2,40769,1989,13,16923,1,0,'2019-12-31','2019-12-31',4980.00,1,1.00,'Factura B N°: 0001-00000034',NULL,NULL,'2020-07-20 20:06:31','2020-07-20 20:06:31',NULL),(605,333,0,NULL,605,2,40769,1989,13,16923,1,0,'2019-12-31','2019-12-31',4900.00,1,1.00,'Factura B N°: 0001-00000035',NULL,NULL,'2020-07-20 20:06:31','2020-07-20 20:06:31',NULL),(606,333,0,NULL,606,2,40769,1989,13,16923,1,0,'2019-12-31','2019-12-31',4600.00,1,1.00,'Factura B N°: 0001-00000036',NULL,NULL,'2020-07-20 20:06:31','2020-07-20 20:06:31',NULL),(607,333,0,NULL,607,2,40769,1989,13,16923,1,0,'2019-12-31','2019-12-31',3500.00,1,1.00,'Factura B N°: 0001-00000037',NULL,NULL,'2020-07-20 20:06:31','2020-07-20 20:06:31',NULL),(608,333,0,NULL,608,2,40769,1989,13,16923,1,0,'2019-12-31','2019-12-31',3930.00,1,1.00,'Factura B N°: 0001-00000038',NULL,NULL,'2020-07-20 20:06:31','2020-07-20 20:06:31',NULL),(609,333,0,NULL,609,3,40769,40773,57,16919,2,0,'2019-08-01','2019-08-01',2570.00,1,1.00,'Factura C N°: 0002-00001255',NULL,NULL,'2020-07-20 20:13:24','2020-07-20 20:13:24',NULL),(610,333,0,NULL,610,3,40769,40774,57,16922,2,0,'2019-11-27','2019-11-27',5800.00,1,1.00,'Factura A N°: 0011-00041347',NULL,NULL,'2020-07-20 20:23:25','2020-07-20 20:23:25',NULL),(611,333,0,NULL,611,3,40769,40774,57,16922,2,0,'2019-11-28','2019-11-28',5800.00,1,1.00,'Factura A N°: 0011-00041429',NULL,NULL,'2020-07-20 20:23:25','2020-07-20 20:23:25',NULL),(612,333,0,NULL,612,3,40769,8110,57,16923,2,0,'2019-12-15','2019-12-15',12554.67,1,1.00,'Factura A N°: 0629-01635590',NULL,NULL,'2020-07-20 20:39:43','2020-07-20 20:39:43',NULL);
INSERT INTO `cta_cte_cliente` VALUES (613,333,0,NULL,613,3,40769,8109,57,16923,2,0,'2019-12-18','2019-12-18',14578.51,1,1.00,'Factura A N°: 5005-04825352',NULL,NULL,'2020-07-20 20:39:43','2020-07-20 20:39:43',NULL),(614,333,0,NULL,614,3,40769,40775,57,16923,2,0,'2019-12-24','2019-12-24',2412.93,1,1.00,'Factura A N°: 0002-00476757',NULL,NULL,'2020-07-20 20:39:43','2020-07-20 20:39:43',NULL),(615,333,0,NULL,615,3,40769,8110,57,16927,2,0,'2020-01-15','2020-01-15',11503.90,1,1.00,'Factura A N°: 0629-01674047',NULL,NULL,'2020-07-20 20:46:34','2020-07-20 20:46:34',NULL),(616,333,0,NULL,616,3,40769,8109,57,16927,2,0,'2020-01-20','2020-01-20',14578.48,1,1.00,'Factura A N°: 5005-04882434',NULL,NULL,'2020-07-20 20:46:34','2020-07-20 20:46:34',NULL),(617,333,0,NULL,617,3,40769,40775,57,16927,2,0,'2020-01-23','2020-01-23',3250.50,1,1.00,'Factura A N°: 0002-00507646',NULL,NULL,'2020-07-20 20:46:34','2020-07-20 20:46:34',NULL),(618,333,0,NULL,618,3,40769,8110,57,16928,2,0,'2020-02-15','2020-02-15',9263.62,1,1.00,'Factura A N°: 0629-01710972',NULL,NULL,'2020-07-20 20:53:45','2020-07-20 20:53:45',NULL),(619,333,0,NULL,619,3,40769,8109,57,16928,2,0,'2020-02-17','2020-02-17',10418.76,1,1.00,'Factura A N°: 5007-00011685',NULL,NULL,'2020-07-20 20:53:45','2020-07-20 20:53:45',NULL),(620,333,0,NULL,620,3,40769,1745,57,16928,2,0,'2020-02-20','2020-02-20',1193.01,1,1.00,'Factura A N°: 0050-01745710',NULL,NULL,'2020-07-20 20:53:45','2020-07-20 20:53:45',NULL),(621,333,0,NULL,621,3,40769,40775,57,16928,2,0,'2020-02-25','2020-02-25',2548.05,1,1.00,'Factura A N°: 0002-00538646',NULL,NULL,'2020-07-20 20:53:45','2020-07-20 20:53:45',NULL),(622,333,0,NULL,622,3,40769,8110,57,16929,2,0,'2020-03-15','2020-03-15',11325.12,1,1.00,'Factura A N°: 0629-01748454',NULL,NULL,'2020-07-20 20:55:11','2020-07-20 20:55:11',NULL),(623,333,0,NULL,623,3,40769,8109,57,16929,2,0,'2020-03-16','2020-03-16',12106.76,1,1.00,'Factura A N°: 5005-04939339',NULL,NULL,'2020-07-20 20:55:11','2020-07-20 20:55:11',NULL),(624,333,0,NULL,624,3,40769,40775,57,16929,2,0,'2020-03-25','2020-03-25',4190.89,1,1.00,'Factura A N°: 0002-00562699',NULL,NULL,'2020-07-20 20:55:11','2020-07-20 20:55:11',NULL),(625,333,0,NULL,625,3,40769,8110,57,16930,2,0,'2020-04-15','2020-04-15',263.07,1,1.00,'Factura A N°: 0629-01781270',NULL,NULL,'2020-07-20 20:56:46','2020-07-20 20:56:46',NULL),(626,333,0,NULL,626,3,40769,8109,57,16930,2,0,'2020-04-16','2020-04-16',380.88,1,1.00,'Factura A N°: 5005-04943279',NULL,NULL,'2020-07-20 20:56:46','2020-07-20 20:56:46',NULL),(627,333,0,NULL,627,3,40769,8109,57,16930,1,0,'2020-04-17','2020-04-17',380.87,1,1.00,'Nota de crédito A N°: 5005-00007558',NULL,NULL,'2020-07-20 20:56:46','2020-07-20 20:56:46',NULL),(628,333,0,NULL,628,3,40769,8109,57,16930,2,0,'2020-04-18','2020-04-18',380.88,1,1.00,'Factura A N°: 5005-04946298',NULL,NULL,'2020-07-20 20:56:46','2020-07-20 20:56:46',NULL),(629,333,0,NULL,629,3,40769,40774,57,16931,2,0,'2020-05-06','2020-05-06',5800.00,1,1.00,'Factura A N°: 0011-00044881',NULL,NULL,'2020-07-20 20:58:23','2020-07-20 20:58:23',NULL),(630,333,0,NULL,630,3,40769,8110,57,16932,2,0,'2020-06-15','2020-06-15',308.82,1,1.00,'Factura A N°: 0629-01799395',NULL,NULL,'2020-07-20 21:00:25','2020-07-20 21:00:25',NULL),(631,333,0,NULL,631,3,40769,8109,57,16932,2,0,'2020-06-18','2020-06-18',171.01,1,1.00,'Factura A N°: 5016-00000959',NULL,NULL,'2020-07-20 21:00:25','2020-07-20 21:00:25',NULL),(632,333,0,NULL,632,3,40769,40775,57,16932,2,0,'2020-06-23','2020-06-23',113.86,1,1.00,'Factura A N°: 0114-00124626',NULL,NULL,'2020-07-20 21:00:25','2020-07-20 21:00:25',NULL),(633,333,0,NULL,633,3,40769,40775,57,16932,2,0,'2020-06-24','2020-06-24',89.37,1,1.00,'Factura A N°: 0002-00596735',NULL,NULL,'2020-07-20 21:00:25','2020-07-28 15:45:28','2020-07-28 15:45:28'),(634,333,0,NULL,634,2,40740,1989,13,12363,1,0,'2020-06-30','2020-06-30',15143.00,1,1.00,'Tique (Informe Diario Z) N°: 0003-00000265',NULL,NULL,'2020-07-21 11:21:00','2020-07-21 11:25:19','2020-07-21 11:25:19');
INSERT INTO `cta_cte_cliente` VALUES (635,333,0,NULL,635,2,40740,1989,13,12363,1,0,'2020-06-30','2020-06-30',15294.43,1,1.00,'Tique (Informe Diario Z) N°: 0003-00000265',NULL,NULL,'2020-07-21 11:25:19','2020-07-21 11:25:43','2020-07-21 11:25:43'),(636,333,0,NULL,636,2,40740,1989,13,12363,1,0,'2020-06-30','2020-06-30',15143.00,1,1.00,'Tique (Informe Diario Z) N°: 0003-00000265',NULL,NULL,'2020-07-21 11:25:43','2020-07-21 11:43:26','2020-07-21 11:43:26'),(637,333,0,NULL,637,3,40740,34643,57,12363,2,0,'2020-06-09','2020-06-09',1006.97,1,1.00,'Factura A N°: 0606-04862507',NULL,NULL,'2020-07-21 11:29:02','2020-07-21 11:44:33','2020-07-21 11:44:33'),(640,333,0,NULL,640,3,40740,40787,57,12363,2,0,'2020-06-05','2020-06-05',730.75,1,1.00,'Factura B N°: 0006-00006229',NULL,NULL,'2020-07-21 11:45:21','2020-07-21 12:04:13','2020-07-21 12:04:13'),(641,333,0,NULL,641,3,40740,34643,57,12363,2,0,'2020-06-09','2020-06-09',1006.97,1,1.00,'Factura A N°: 0606-04862507',NULL,NULL,'2020-07-21 11:45:21','2020-07-21 11:59:40','2020-07-21 11:59:40'),(642,333,0,NULL,642,3,40740,34199,57,12363,2,0,'2020-06-22','2020-06-22',5460.00,1,1.00,'Factura B N°: 0417-05465906',NULL,NULL,'2020-07-21 11:45:21','2020-07-21 11:58:33','2020-07-21 11:58:33'),(643,333,0,NULL,643,3,40740,34643,57,12363,2,0,'2020-06-22','2020-06-22',1221.05,1,1.00,'Factura A N°: 0606-04875102',NULL,NULL,'2020-07-21 11:45:21','2020-07-21 18:16:34','2020-07-21 18:16:34'),(644,333,0,NULL,644,3,40740,40788,57,12363,2,0,'2020-06-25','2020-06-25',7594.18,1,1.00,'Factura A N°: 0002-00175464',NULL,NULL,'2020-07-21 11:45:21','2020-07-21 12:03:47','2020-07-21 12:03:47'),(645,333,0,NULL,645,3,40740,40789,57,12363,2,0,'2020-06-25','2020-06-25',403.83,1,1.00,'Factura A N°: 0001-00099450',NULL,NULL,'2020-07-21 11:45:21','2020-07-21 12:02:36','2020-07-21 12:02:36'),(646,333,0,NULL,646,3,40740,40790,57,12363,2,0,'2020-06-29','2020-06-29',171.34,1,1.00,'Factura B N°: 1017-00032772',NULL,NULL,'2020-07-21 11:45:21','2020-07-21 18:04:19','2020-07-21 18:04:19'),(647,333,0,NULL,647,3,40740,40791,57,12363,2,0,'2020-06-30','2020-06-30',16530.00,1,1.00,'Factura C N°: 0002-00000313',NULL,NULL,'2020-07-21 11:45:21','2020-07-21 11:45:21',NULL),(648,333,0,NULL,648,2,40740,1989,13,12363,1,0,'2020-06-30','2020-06-30',15143.00,1,1.00,'Tique (Informe Diario Z) N°: 0003-00000265',NULL,NULL,'2020-07-21 11:54:00','2020-09-23 15:39:28','2020-09-23 15:39:28'),(649,333,0,NULL,649,3,40740,34643,57,12363,2,0,'2020-06-09','2020-06-09',1006.97,1,1.00,'Factura A N°: 0606-04862507',NULL,NULL,'2020-07-21 11:59:40','2020-07-21 11:59:40',NULL),(650,333,0,NULL,650,3,40740,40789,57,12363,2,0,'2020-06-25','2020-06-25',403.83,1,1.00,'Factura A N°: 0001-00099450',NULL,NULL,'2020-07-21 12:02:36','2020-07-21 12:02:36',NULL),(651,333,0,NULL,651,3,40740,40788,57,12363,2,0,'2020-06-25','2020-06-25',7594.18,1,1.00,'Factura A N°: 0002-00175464',NULL,NULL,'2020-07-21 12:03:47','2020-07-21 12:03:47',NULL),(652,333,0,NULL,652,3,40740,34643,57,12363,2,0,'2020-06-22','2020-06-22',1145.75,1,1.00,'Factura A N°: 0606-04875102',NULL,NULL,'2020-07-21 18:16:34','2020-07-21 18:16:34',NULL),(653,333,0,NULL,653,2,40792,1989,13,18444,1,0,'2020-06-30','2020-06-30',6510.01,1,1.00,'Tique (Informe Diario Z) N°: 0002-00000623',NULL,NULL,'2020-07-21 18:29:50','2021-02-08 20:06:25','2021-02-08 20:06:25'),(654,333,0,NULL,654,3,40792,34715,57,18444,2,0,'2020-06-01','2020-06-01',645.09,1,1.00,'Factura B N°: 0002-00005680',NULL,NULL,'2020-07-21 18:31:11','2020-09-22 12:34:32','2020-09-22 12:34:32'),(655,333,0,NULL,655,3,40792,34715,57,18444,2,0,'2020-06-01','2020-06-01',542.34,1,1.00,'Factura B N°: 0002-00005681',NULL,NULL,'2020-07-21 18:31:11','2020-09-22 12:34:42','2020-09-22 12:34:42'),(656,333,0,NULL,656,3,40792,984,57,18444,2,0,'2020-06-01','2020-06-01',1647.46,1,1.00,'Factura B N°: 1447-00011363',NULL,NULL,'2020-07-21 18:31:11','2020-09-22 12:34:53','2020-09-22 12:34:53');
INSERT INTO `cta_cte_cliente` VALUES (657,333,0,NULL,657,3,40792,984,57,18444,2,0,'2020-06-01','2020-06-01',3836.87,1,1.00,'Factura B N°: 1447-00011361',NULL,NULL,'2020-07-21 18:31:11','2020-09-22 12:34:20','2020-09-22 12:34:20'),(658,333,0,NULL,658,3,40792,34643,57,18444,2,0,'2020-06-02','2020-06-02',2819.12,1,1.00,'Factura A N°: 0606-04855109',NULL,NULL,'2020-07-21 18:31:11','2020-09-22 12:50:44','2020-09-22 12:50:44'),(659,333,0,NULL,659,3,40792,40793,57,18444,2,0,'2020-06-03','2020-06-03',1842.00,1,1.00,'Factura A N°: 0004-00417774',NULL,NULL,'2020-07-21 18:31:11','2021-02-08 20:06:38','2021-02-08 20:06:38'),(660,333,0,NULL,660,3,40792,40793,57,18444,2,0,'2020-06-03','2020-06-03',522.61,1,1.00,'Factura A N°: 0004-00417779',NULL,NULL,'2020-07-21 18:31:11','2021-02-08 20:06:38','2021-02-08 20:06:38'),(661,333,0,NULL,661,3,40792,34643,57,18444,2,0,'2020-06-05','2020-06-05',2434.93,1,1.00,'Factura A N°: 0606-04859077',NULL,NULL,'2020-07-21 18:31:11','2020-09-22 12:50:59','2020-09-22 12:50:59'),(662,333,0,NULL,662,3,40792,34715,57,18444,2,0,'2020-06-08','2020-06-08',730.78,1,1.00,'Factura B N°: 0002-00005690',NULL,NULL,'2020-07-21 18:31:11','2020-09-22 12:34:03','2020-09-22 12:34:03'),(663,333,0,NULL,663,3,40792,40793,57,18444,2,0,'2020-06-09','2020-06-09',1489.57,1,1.00,'Factura A N°: 0004-00418959',NULL,NULL,'2020-07-21 18:31:11','2021-02-08 20:06:38','2021-02-08 20:06:38'),(664,333,0,NULL,664,3,40792,34643,57,18444,2,0,'2020-06-09','2020-06-09',3762.25,1,1.00,'Factura A N°: 0606-04862663',NULL,NULL,'2020-07-21 18:31:11','2020-09-22 12:50:34','2020-09-22 12:50:34'),(665,333,0,NULL,665,3,40792,40793,57,18444,2,0,'2020-06-10','2020-06-10',1665.23,1,1.00,'Factura A N°: 0004-00419390',NULL,NULL,'2020-07-21 18:31:11','2021-02-08 20:06:38','2021-02-08 20:06:38'),(666,333,0,NULL,666,3,40792,40794,57,18444,2,0,'2020-06-10','2020-06-10',2111.04,1,1.00,'Factura B N°: 0010-00062014',NULL,NULL,'2020-07-21 18:31:11','2020-09-22 12:33:09','2020-09-22 12:33:09'),(667,333,0,NULL,667,3,40792,40795,57,18444,2,0,'2020-06-11','2020-06-11',924.56,1,1.00,'Factura B N°: 0001-00005537',NULL,NULL,'2020-07-21 18:31:11','2020-09-22 12:33:31','2020-09-22 12:33:31'),(668,333,0,NULL,668,3,40792,40794,57,18444,1,0,'2020-06-11','2020-06-11',570.04,1,1.00,'Nota de crédito B N°: 0010-00002946',NULL,NULL,'2020-07-21 18:31:11','2020-09-22 12:33:52','2020-09-22 12:33:52'),(669,333,0,NULL,669,3,40792,34643,57,18444,2,0,'2020-06-12','2020-06-12',1890.39,1,1.00,'Factura A N°: 0606-04866480',NULL,NULL,'2020-07-21 18:31:11','2020-09-22 12:50:23','2020-09-22 12:50:23'),(670,333,0,NULL,670,3,40792,40793,57,18444,2,0,'2020-06-16','2020-06-16',1481.32,1,1.00,'Factura A N°: 0004-00419943',NULL,NULL,'2020-07-21 18:31:11','2021-02-08 20:06:38','2021-02-08 20:06:38'),(671,333,0,NULL,671,3,40792,40793,57,18444,2,0,'2020-06-17','2020-06-17',1579.24,1,1.00,'Factura A N°: 0004-00420745',NULL,NULL,'2020-07-21 18:31:11','2021-02-08 20:06:38','2021-02-08 20:06:38'),(672,333,0,NULL,672,3,40792,40796,57,18444,2,0,'2020-06-17','2020-06-17',1238.09,1,1.00,'Factura B N°: 0002-00017884',NULL,NULL,'2020-07-21 18:31:11','2020-09-22 12:33:41','2020-09-22 12:33:41'),(673,333,0,NULL,673,3,40792,40794,57,18444,2,0,'2020-06-17','2020-06-17',1890.36,1,1.00,'Factura B N°: 0010-00062413',NULL,NULL,'2020-07-21 18:31:11','2020-09-22 12:33:19','2020-09-22 12:33:19'),(674,333,0,NULL,674,3,40792,40795,57,18444,2,0,'2020-06-18','2020-06-18',2189.76,1,1.00,'Factura B N°: 0001-00005606',NULL,NULL,'2020-07-21 18:31:11','2020-09-22 12:32:55','2020-09-22 12:32:55'),(675,333,0,NULL,675,3,40792,40793,57,18444,2,0,'2020-06-18','2020-06-18',1316.73,1,1.00,'Factura A N°: 0004-00421164',NULL,NULL,'2020-07-21 18:31:11','2021-02-08 20:06:38','2021-02-08 20:06:38'),(676,333,0,NULL,676,3,40792,34643,57,18444,2,0,'2020-06-19','2020-06-19',912.67,1,1.00,'Factura A N°: 0606-04873729',NULL,NULL,'2020-07-21 18:31:11','2020-09-22 12:50:13','2020-09-22 12:50:13');
INSERT INTO `cta_cte_cliente` VALUES (677,333,0,NULL,677,3,40792,34643,57,18444,2,0,'2020-06-19','2020-06-19',1419.77,1,1.00,'Factura A N°: 0606-04873591',NULL,NULL,'2020-07-21 18:31:11','2020-09-22 12:50:03','2020-09-22 12:50:03'),(678,333,0,NULL,678,3,40792,34715,57,18444,2,0,'2020-06-22','2020-06-22',743.67,1,1.00,'Factura B N°: 0002-00005711',NULL,NULL,'2020-07-21 18:31:11','2020-09-22 12:32:28','2020-09-22 12:32:28'),(679,333,0,NULL,679,3,40792,34715,57,18444,2,0,'2020-06-22','2020-06-22',1093.33,1,1.00,'Factura B N°: 0002-00005712',NULL,NULL,'2020-07-21 18:31:11','2020-09-22 12:32:39','2020-09-22 12:32:39'),(680,333,0,NULL,680,3,40792,984,57,18444,2,0,'2020-06-22','2020-06-22',6432.70,1,1.00,'Factura B N°: 1447-00018521',NULL,NULL,'2020-07-21 18:31:11','2020-09-22 12:32:18','2020-09-22 12:32:18'),(681,333,0,NULL,681,3,40792,34643,57,18444,2,0,'2020-06-23','2020-06-23',2865.98,1,1.00,'Factura A N°: 0606-04876676',NULL,NULL,'2020-07-21 18:31:11','2020-09-22 12:47:51','2020-09-22 12:47:51'),(682,333,0,NULL,682,3,40792,40793,57,18444,2,0,'2020-06-24','2020-06-24',2084.85,1,1.00,'Factura A N°: 0004-00422389',NULL,NULL,'2020-07-21 18:31:11','2021-02-08 20:06:38','2021-02-08 20:06:38'),(683,333,0,NULL,683,3,40792,40795,57,18444,2,0,'2020-06-25','2020-06-25',1765.61,1,1.00,'Factura B N°: 0001-00005685',NULL,NULL,'2020-07-21 18:31:11','2020-09-22 12:32:06','2020-09-22 12:32:06'),(684,333,0,NULL,684,3,40792,40793,57,18444,2,0,'2020-06-25','2020-06-25',724.63,1,1.00,'Factura A N°: 0004-00422884',NULL,NULL,'2020-07-21 18:31:11','2021-02-08 20:06:38','2021-02-08 20:06:38'),(685,333,0,NULL,685,3,40792,34643,57,18444,2,0,'2020-06-26','2020-06-26',3780.37,1,1.00,'Factura A N°: 0606-04881200',NULL,NULL,'2020-07-21 18:31:11','2020-09-22 12:48:02','2020-09-22 12:48:02'),(686,333,0,NULL,686,3,40792,40793,57,18444,2,0,'2020-06-26','2020-06-26',547.48,1,1.00,'Factura A N°: 0004-00423018',NULL,NULL,'2020-07-21 18:31:11','2021-02-08 20:06:38','2021-02-08 20:06:38'),(687,333,0,NULL,687,3,40792,40793,57,18444,2,0,'2020-06-26','2020-06-26',2090.40,1,1.00,'Factura A N°: 0004-00423022',NULL,NULL,'2020-07-21 18:31:11','2021-02-08 20:06:38','2021-02-08 20:06:38'),(688,333,0,NULL,688,3,40792,40793,57,18444,2,0,'2020-06-26','2020-06-26',654.12,1,1.00,'Factura A N°: 0004-00422989',NULL,NULL,'2020-07-21 18:31:11','2021-02-08 20:06:38','2021-02-08 20:06:38'),(689,333,0,NULL,689,3,40792,40796,57,18444,2,0,'2020-06-29','2020-06-29',1233.47,1,1.00,'Factura B N°: 0002-00018027',NULL,NULL,'2020-07-21 18:31:11','2020-09-22 12:31:28','2020-09-22 12:31:28'),(690,333,0,NULL,690,3,40792,34643,57,18444,2,0,'2020-06-30','2020-06-30',2689.82,1,1.00,'Factura A N°: 0606-04884768',NULL,NULL,'2020-07-21 18:31:11','2020-09-22 12:47:38','2020-09-22 12:47:38'),(691,333,0,NULL,691,3,40792,984,57,18444,2,0,'2020-06-30','2020-06-30',4262.08,1,1.00,'Factura B N°: 1447-00020987',NULL,NULL,'2020-07-21 18:31:11','2020-09-22 12:31:37','2020-09-22 12:31:37'),(692,333,0,NULL,692,3,40792,984,57,18444,2,0,'2020-06-30','2020-06-30',153.48,1,1.00,'Factura B N°: 1447-00020989',NULL,NULL,'2020-07-21 18:31:11','2020-09-22 12:31:47','2020-09-22 12:31:47'),(693,333,0,NULL,693,3,40792,40796,57,18444,2,0,'2020-06-30','2020-06-30',1043.99,1,1.00,'Factura B N°: 0002-00018036',NULL,NULL,'2020-07-21 18:31:11','2020-09-22 12:31:55','2020-09-22 12:31:55'),(694,333,0,NULL,694,3,40738,40797,57,9225,2,0,'2020-06-01','2020-06-01',15687.42,1,1.00,'Factura A N°: 0150-03191335',NULL,NULL,'2020-07-23 13:42:15','2020-07-23 13:42:15',NULL),(695,333,0,NULL,695,3,40738,40797,57,9225,2,0,'2020-06-01','2020-06-01',1206.32,1,1.00,'Factura A N°: 0150-03191336',NULL,NULL,'2020-07-23 13:42:15','2020-07-23 13:42:15',NULL),(696,333,0,NULL,696,3,40738,40798,57,9225,2,0,'2020-06-01','2020-06-01',19011.39,1,1.00,'Factura A N°: 0003-00138577',NULL,NULL,'2020-07-23 13:42:15','2020-07-23 13:42:15',NULL);
INSERT INTO `cta_cte_cliente` VALUES (697,333,0,NULL,697,3,40738,40797,57,9225,2,0,'2020-06-02','2020-06-02',19467.49,1,1.00,'Factura A N°: 0150-03196454',NULL,NULL,'2020-07-23 13:42:15','2020-07-23 13:42:15',NULL),(698,333,0,NULL,698,3,40738,40797,57,9225,2,0,'2020-06-02','2020-06-02',22099.77,1,1.00,'Factura A N°: 0154-00590950',NULL,NULL,'2020-07-23 13:42:15','2020-07-23 13:42:15',NULL),(699,333,0,NULL,699,3,40738,40797,57,9225,2,0,'2020-06-02','2020-06-02',549.48,1,1.00,'Factura A N°: 0150-03196455',NULL,NULL,'2020-07-23 13:42:15','2020-07-23 13:42:15',NULL),(700,333,0,NULL,700,3,40738,40797,57,9225,2,0,'2020-06-02','2020-06-02',110.23,1,1.00,'Factura A N°: 0150-03196456',NULL,NULL,'2020-07-23 13:42:15','2020-07-23 13:42:15',NULL),(701,333,0,NULL,701,3,40738,40797,57,9225,2,0,'2020-06-02','2020-06-02',2031.11,1,1.00,'Factura A N°: 0153-00910072',NULL,NULL,'2020-07-23 13:42:15','2020-07-23 13:42:15',NULL),(702,333,0,NULL,702,3,40738,40797,57,9225,2,0,'2020-06-02','2020-06-02',269.25,1,1.00,'Factura A N°: 0154-00590951',NULL,NULL,'2020-07-23 13:42:15','2020-07-23 13:42:15',NULL),(703,333,0,NULL,703,3,40738,40797,57,9225,2,0,'2020-06-02','2020-06-02',29531.19,1,1.00,'Factura A N°: 0153-00910071',NULL,NULL,'2020-07-23 13:42:15','2020-07-23 13:42:15',NULL),(704,333,0,NULL,704,3,40738,40799,57,9225,2,0,'2020-06-02','2020-06-02',3778.23,1,1.00,'Factura A N°: 0005-00004441',NULL,NULL,'2020-07-23 13:42:15','2020-07-23 13:42:15',NULL),(705,333,0,NULL,705,3,40738,40797,57,9225,2,0,'2020-06-03','2020-06-03',1552.77,1,1.00,'Factura A N°: 0150-03198398',NULL,NULL,'2020-07-23 13:42:15','2020-07-23 13:42:15',NULL),(706,333,0,NULL,706,3,40738,40797,57,9225,2,0,'2020-06-03','2020-06-03',5385.73,1,1.00,'Factura A N°: 0151-02191650',NULL,NULL,'2020-07-23 13:42:15','2020-07-23 13:42:15',NULL),(707,333,0,NULL,707,3,40738,40797,57,9225,2,0,'2020-06-03','2020-06-03',18292.92,1,1.00,'Factura A N°: 0151-02191649',NULL,NULL,'2020-07-23 13:42:15','2020-07-23 13:42:15',NULL),(708,333,0,NULL,708,3,40738,40797,57,9225,2,0,'2020-06-03','2020-06-03',586.59,1,1.00,'Factura A N°: 0151-02191651',NULL,NULL,'2020-07-23 13:42:15','2020-07-23 13:42:15',NULL),(709,333,0,NULL,709,3,40738,40797,57,9225,2,0,'2020-06-03','2020-06-03',21932.67,1,1.00,'Factura A N°: 0150-03198397',NULL,NULL,'2020-07-23 13:42:15','2020-07-23 13:42:15',NULL),(710,333,0,NULL,710,3,40738,40798,57,9225,2,0,'2020-06-03','2020-06-03',18424.17,1,1.00,'Factura A N°: 0003-00138831',NULL,NULL,'2020-07-23 13:42:15','2020-07-23 13:42:15',NULL),(711,333,0,NULL,711,3,40738,40797,57,9225,2,0,'2020-06-04','2020-06-04',3935.47,1,1.00,'Factura A N°: 0150-03203967',NULL,NULL,'2020-07-23 13:42:16','2020-07-23 13:42:16',NULL),(712,333,0,NULL,712,3,40738,40797,57,9225,1,0,'2020-06-04','2020-06-04',2422.67,1,1.00,'Nota de crédito A N°: 0150-01387991',NULL,NULL,'2020-07-23 13:42:16','2020-07-23 13:42:16',NULL),(713,333,0,NULL,713,3,40738,40797,57,9225,1,0,'2020-06-04','2020-06-04',151.92,1,1.00,'Nota de crédito A N°: 0150-01387992',NULL,NULL,'2020-07-23 13:42:16','2020-07-23 13:42:16',NULL),(714,333,0,NULL,714,3,40738,40797,57,9225,2,0,'2020-06-04','2020-06-04',694.66,1,1.00,'Factura A N°: 0150-03203966',NULL,NULL,'2020-07-23 13:42:16','2020-07-23 13:42:16',NULL),(715,333,0,NULL,715,3,40738,40797,57,9225,2,0,'2020-06-04','2020-06-04',48815.05,1,1.00,'Factura A N°: 0150-03203965',NULL,NULL,'2020-07-23 13:42:16','2020-07-23 13:42:16',NULL),(716,333,0,NULL,716,3,40738,40797,57,9225,2,0,'2020-06-05','2020-06-05',1404.39,1,1.00,'Factura A N°: 0151-02193787',NULL,NULL,'2020-07-23 13:42:16','2020-07-23 13:42:16',NULL),(717,333,0,NULL,717,3,40738,40797,57,9225,2,0,'2020-06-05','2020-06-05',39890.74,1,1.00,'Factura A N°: 0213-00001488',NULL,NULL,'2020-07-23 13:42:16','2020-07-23 13:42:16',NULL),(718,333,0,NULL,718,3,40738,40797,57,9225,2,0,'2020-06-05','2020-06-05',9062.47,1,1.00,'Factura A N°: 0213-00001489',NULL,NULL,'2020-07-23 13:42:16','2020-07-23 13:42:16',NULL);
INSERT INTO `cta_cte_cliente` VALUES (719,333,0,NULL,719,3,40738,40797,57,9225,2,0,'2020-06-05','2020-06-05',21372.62,1,1.00,'Factura A N°: 0151-02193786',NULL,NULL,'2020-07-23 13:42:16','2020-07-23 13:42:16',NULL),(720,333,0,NULL,720,3,40738,40797,57,9225,2,0,'2020-06-07','2020-06-07',50740.11,1,1.00,'Factura A N°: 0153-00914486',NULL,NULL,'2020-07-23 13:42:16','2020-07-23 13:42:16',NULL),(721,333,0,NULL,721,3,40738,40797,57,9225,2,0,'2020-06-07','2020-06-07',8618.03,1,1.00,'Factura A N°: 0153-00914487',NULL,NULL,'2020-07-23 13:42:16','2020-07-23 13:42:16',NULL),(722,333,0,NULL,722,3,40738,40797,57,9225,1,0,'2020-06-08','2020-06-08',74.32,1,1.00,'Nota de crédito A N°: 0150-01393039',NULL,NULL,'2020-07-23 13:42:16','2020-07-23 13:42:16',NULL),(723,333,0,NULL,723,3,40738,40797,57,9225,1,0,'2020-06-08','2020-06-08',74.43,1,1.00,'Nota de crédito A N°: 0150-01393038',NULL,NULL,'2020-07-23 13:42:16','2020-07-23 13:42:16',NULL),(724,333,0,NULL,724,3,40738,40797,57,9225,2,0,'2020-06-08','2020-06-08',24010.66,1,1.00,'Factura A N°: 0151-02196237',NULL,NULL,'2020-07-23 13:42:16','2020-07-23 13:42:16',NULL),(725,333,0,NULL,725,3,40738,40797,57,9225,2,0,'2020-06-08','2020-06-08',2805.39,1,1.00,'Factura A N°: 0151-02196238',NULL,NULL,'2020-07-23 13:42:16','2020-07-23 13:42:16',NULL),(726,333,0,NULL,726,3,40738,40797,57,9225,2,0,'2020-06-08','2020-06-08',34221.34,1,1.00,'Factura A N°: 0153-00915252',NULL,NULL,'2020-07-23 13:42:16','2020-07-23 13:42:16',NULL),(727,333,0,NULL,727,3,40738,40797,57,9225,1,0,'2020-06-08','2020-06-08',16769.34,1,1.00,'Nota de crédito A N°: 0150-01394470',NULL,NULL,'2020-07-23 13:42:16','2020-07-23 13:42:16',NULL),(728,333,0,NULL,728,3,40738,40797,57,9225,1,0,'2020-06-08','2020-06-08',389.83,1,1.00,'Nota de crédito A N°: 0150-01395513',NULL,NULL,'2020-07-23 13:42:16','2020-07-23 13:42:16',NULL),(729,333,0,NULL,729,3,40738,40797,57,9225,2,0,'2020-06-08','2020-06-08',3073.38,1,1.00,'Factura A N°: 0153-00915253',NULL,NULL,'2020-07-23 13:42:16','2020-07-23 13:42:16',NULL),(730,333,0,NULL,730,3,40738,40797,57,9225,1,0,'2020-06-08','2020-06-08',11920.54,1,1.00,'Nota de crédito A N°: 0150-01391786',NULL,NULL,'2020-07-23 13:42:16','2020-07-23 13:42:16',NULL),(731,333,0,NULL,731,3,40738,40797,57,9225,1,0,'2020-06-08','2020-06-08',983.55,1,1.00,'Nota de crédito A N°: 0150-01395514',NULL,NULL,'2020-07-23 13:42:16','2020-07-23 13:42:16',NULL),(732,333,0,NULL,732,3,40738,40797,57,9225,2,0,'2020-06-09','2020-06-09',3442.20,1,1.00,'Factura A N°: 0150-03210520',NULL,NULL,'2020-07-23 13:42:16','2020-07-23 13:42:16',NULL),(733,333,0,NULL,733,3,40738,40797,57,9225,2,0,'2020-06-09','2020-06-09',5109.86,1,1.00,'Factura A N°: 0151-02199926',NULL,NULL,'2020-07-23 13:42:16','2020-07-23 13:42:16',NULL),(734,333,0,NULL,734,3,40738,40797,57,9225,2,0,'2020-06-09','2020-06-09',12554.24,1,1.00,'Factura A N°: 0150-03210521',NULL,NULL,'2020-07-23 13:42:16','2020-07-23 13:42:16',NULL),(735,333,0,NULL,735,3,40738,40797,57,9225,2,0,'2020-06-09','2020-06-09',17335.84,1,1.00,'Factura A N°: 0151-02199925',NULL,NULL,'2020-07-23 13:42:16','2020-07-23 13:42:16',NULL),(736,333,0,NULL,736,3,40738,40797,57,9225,2,0,'2020-06-10','2020-06-10',4401.86,1,1.00,'Factura A N°: 0151-02200764',NULL,NULL,'2020-07-23 13:42:16','2020-07-23 13:42:16',NULL),(737,333,0,NULL,737,3,40738,40797,57,9225,2,0,'2020-06-10','2020-06-10',22508.49,1,1.00,'Factura A N°: 0151-02200763',NULL,NULL,'2020-07-23 13:42:16','2020-07-23 13:42:16',NULL),(738,333,0,NULL,738,3,40738,40797,57,9225,2,0,'2020-06-11','2020-06-11',60869.12,1,1.00,'Factura A N°: 0151-02204113',NULL,NULL,'2020-07-23 13:42:16','2020-07-23 13:42:16',NULL),(739,333,0,NULL,739,3,40738,40797,57,9225,2,0,'2020-06-11','2020-06-11',3115.44,1,1.00,'Factura A N°: 0151-02204114',NULL,NULL,'2020-07-23 13:42:16','2020-07-23 13:42:16',NULL),(740,333,0,NULL,740,3,40738,40797,57,9225,2,0,'2020-06-11','2020-06-11',29250.98,1,1.00,'Factura A N°: 0150-03215947',NULL,NULL,'2020-07-23 13:42:16','2020-07-23 13:42:16',NULL);
INSERT INTO `cta_cte_cliente` VALUES (741,333,0,NULL,741,3,40738,40797,57,9225,2,0,'2020-06-11','2020-06-11',2273.30,1,1.00,'Factura A N°: 0150-03215948',NULL,NULL,'2020-07-23 13:42:16','2020-07-23 13:42:16',NULL),(742,333,0,NULL,742,3,40738,40797,57,9225,2,0,'2020-06-12','2020-06-12',1846.69,1,1.00,'Factura A N°: 0152-01428629',NULL,NULL,'2020-07-23 13:42:16','2020-07-23 13:42:16',NULL),(743,333,0,NULL,743,3,40738,40797,57,9225,2,0,'2020-06-12','2020-06-12',22523.71,1,1.00,'Factura A N°: 0152-01428628',NULL,NULL,'2020-07-23 13:42:16','2020-07-23 13:42:16',NULL),(744,333,0,NULL,744,3,40738,40798,57,9225,2,0,'2020-06-12','2020-06-12',31216.75,1,1.00,'Factura A N°: 0003-00139668',NULL,NULL,'2020-07-23 13:42:16','2020-07-23 13:42:16',NULL),(745,333,0,NULL,745,3,40738,40800,57,9225,2,0,'2020-06-12','2020-06-12',6086.00,1,1.00,'Factura A N°: 0007-00000337',NULL,NULL,'2020-07-23 13:42:16','2020-07-23 13:42:16',NULL),(746,333,0,NULL,746,3,40738,40797,57,9225,2,0,'2020-06-13','2020-06-13',3202.61,1,1.00,'Factura A N°: 0150-03222363',NULL,NULL,'2020-07-23 13:42:16','2020-07-23 13:42:16',NULL),(747,333,0,NULL,747,3,40738,40797,57,9225,2,0,'2020-06-13','2020-06-13',30629.01,1,1.00,'Factura A N°: 0150-03222362',NULL,NULL,'2020-07-23 13:42:16','2020-07-23 13:42:16',NULL),(748,333,0,NULL,748,3,40738,40797,57,9225,2,0,'2020-06-15','2020-06-15',64745.87,1,1.00,'Factura A N°: 0150-03223991',NULL,NULL,'2020-07-23 13:42:16','2020-07-23 13:42:16',NULL),(749,333,0,NULL,749,3,40738,40797,57,9225,2,0,'2020-06-15','2020-06-15',16104.77,1,1.00,'Factura A N°: 0150-03223992',NULL,NULL,'2020-07-23 13:42:16','2020-07-23 13:42:16',NULL),(750,333,0,NULL,750,3,40738,40797,57,9225,2,0,'2020-06-15','2020-06-15',185.65,1,1.00,'Factura A N°: 0150-03223993',NULL,NULL,'2020-07-23 13:42:16','2020-07-23 13:42:16',NULL),(751,333,0,NULL,751,3,40738,40797,57,9225,2,0,'2020-06-16','2020-06-16',3237.21,1,1.00,'Factura A N°: 0152-01430624',NULL,NULL,'2020-07-23 13:42:16','2020-07-23 13:42:16',NULL),(752,333,0,NULL,752,3,40738,40797,57,9225,2,0,'2020-06-16','2020-06-16',21166.82,1,1.00,'Factura A N°: 0152-01430623',NULL,NULL,'2020-07-23 13:42:16','2020-07-23 13:42:16',NULL),(753,333,0,NULL,753,3,40738,40797,57,9225,2,0,'2020-06-17','2020-06-17',5802.05,1,1.00,'Factura A N°: 0155-00395866',NULL,NULL,'2020-07-23 13:42:16','2020-07-23 13:42:16',NULL),(754,333,0,NULL,754,3,40738,40797,57,9225,2,0,'2020-06-17','2020-06-17',1129.86,1,1.00,'Factura A N°: 0150-03227901',NULL,NULL,'2020-07-23 13:42:16','2020-07-23 13:42:16',NULL),(755,333,0,NULL,755,3,40738,40797,57,9225,2,0,'2020-06-17','2020-06-17',17629.50,1,1.00,'Factura A N°: 0150-03227899',NULL,NULL,'2020-07-23 13:42:16','2020-07-23 13:42:16',NULL),(756,333,0,NULL,756,3,40738,40797,57,9225,2,0,'2020-06-17','2020-06-17',17279.47,1,1.00,'Factura A N°: 0155-00395865',NULL,NULL,'2020-07-23 13:42:16','2020-07-23 13:42:16',NULL),(757,333,0,NULL,757,3,40738,40797,57,9225,2,0,'2020-06-17','2020-06-17',6125.63,1,1.00,'Factura A N°: 0150-03227900',NULL,NULL,'2020-07-23 13:42:16','2020-07-23 13:42:16',NULL),(758,333,0,NULL,758,3,40738,40798,57,9225,2,0,'2020-06-17','2020-06-17',32841.98,1,1.00,'Factura A N°: 0003-00139903',NULL,NULL,'2020-07-23 13:42:16','2020-07-23 13:42:16',NULL),(759,333,0,NULL,759,3,40738,40797,57,9225,2,0,'2020-06-18','2020-06-18',597.67,1,1.00,'Factura A N°: 0153-00923079',NULL,NULL,'2020-07-23 13:42:16','2020-07-23 13:42:16',NULL),(760,333,0,NULL,760,3,40738,40797,57,9225,2,0,'2020-06-18','2020-06-18',1073.10,1,1.00,'Factura A N°: 0153-00923080',NULL,NULL,'2020-07-23 13:42:16','2020-07-23 13:42:16',NULL),(761,333,0,NULL,761,3,40738,40797,57,9225,2,0,'2020-06-18','2020-06-18',32933.58,1,1.00,'Factura A N°: 0153-00922864',NULL,NULL,'2020-07-23 13:42:16','2020-07-23 13:42:16',NULL),(762,333,0,NULL,762,3,40738,40797,57,9225,2,0,'2020-06-18','2020-06-18',3299.06,1,1.00,'Factura A N°: 0153-00922865',NULL,NULL,'2020-07-23 13:42:16','2020-07-23 13:42:16',NULL);
INSERT INTO `cta_cte_cliente` VALUES (763,333,0,NULL,763,3,40738,40797,57,9225,2,0,'2020-06-18','2020-06-18',824.23,1,1.00,'Factura A N°: 0153-00923529',NULL,NULL,'2020-07-23 13:42:17','2020-07-23 13:42:17',NULL),(764,333,0,NULL,764,3,40738,40797,57,9225,2,0,'2020-06-18','2020-06-18',972.42,1,1.00,'Factura A N°: 0153-00923528',NULL,NULL,'2020-07-23 13:42:17','2020-07-23 13:42:17',NULL),(765,333,0,NULL,765,3,40738,40797,57,9225,2,0,'2020-06-18','2020-06-18',28229.96,1,1.00,'Factura A N°: 0153-00923527',NULL,NULL,'2020-07-23 13:42:17','2020-07-23 13:42:17',NULL),(766,333,0,NULL,766,3,40738,40801,57,9225,2,0,'2020-06-19','2020-06-19',7209.79,1,1.00,'Factura A N°: 0014-00135507',NULL,NULL,'2020-07-23 13:42:17','2020-07-23 13:42:17',NULL),(767,333,0,NULL,767,3,40738,40797,57,9225,2,0,'2020-06-19','2020-06-19',400.61,1,1.00,'Factura A N°: 0152-01433370',NULL,NULL,'2020-07-23 13:42:17','2020-07-23 13:42:17',NULL),(768,333,0,NULL,768,3,40738,40797,57,9225,2,0,'2020-06-19','2020-06-19',4445.79,1,1.00,'Factura A N°: 0150-03233147',NULL,NULL,'2020-07-23 13:42:17','2020-07-23 13:42:17',NULL),(769,333,0,NULL,769,3,40738,40797,57,9225,2,0,'2020-06-19','2020-06-19',16455.07,1,1.00,'Factura A N°: 0150-03233146',NULL,NULL,'2020-07-23 13:42:17','2020-07-23 13:42:17',NULL),(770,333,0,NULL,770,3,40738,40797,57,9225,2,0,'2020-06-19','2020-06-19',41099.30,1,1.00,'Factura A N°: 0152-01435289',NULL,NULL,'2020-07-23 13:42:17','2020-07-23 13:42:17',NULL),(771,333,0,NULL,771,3,40738,40797,57,9225,2,0,'2020-06-19','2020-06-19',30123.60,1,1.00,'Factura A N°: 0152-01433368',NULL,NULL,'2020-07-23 13:42:17','2020-07-23 13:42:17',NULL),(772,333,0,NULL,772,3,40738,40797,57,9225,2,0,'2020-06-19','2020-06-19',3900.86,1,1.00,'Factura A N°: 0152-01433369',NULL,NULL,'2020-07-23 13:42:17','2020-07-23 13:42:17',NULL),(773,333,0,NULL,773,3,40738,40797,57,9225,2,0,'2020-06-19','2020-06-19',3104.36,1,1.00,'Factura A N°: 0152-01435290',NULL,NULL,'2020-07-23 13:42:17','2020-07-23 13:42:17',NULL),(774,333,0,NULL,774,3,40738,40798,57,9225,2,0,'2020-06-19','2020-06-19',32612.76,1,1.00,'Factura A N°: 0003-00140129',NULL,NULL,'2020-07-23 13:42:17','2020-07-23 13:42:17',NULL),(775,333,0,NULL,775,3,40738,40797,57,9225,2,0,'2020-06-21','2020-06-21',9490.09,1,1.00,'Factura A N°: 0155-00397262',NULL,NULL,'2020-07-23 13:42:17','2020-07-23 13:42:17',NULL),(776,333,0,NULL,776,3,40738,40797,57,9225,2,0,'2020-06-21','2020-06-21',42813.08,1,1.00,'Factura A N°: 0155-00397261',NULL,NULL,'2020-07-23 13:42:17','2020-07-23 13:42:17',NULL),(777,333,0,NULL,777,3,40738,40797,57,9225,2,0,'2020-06-22','2020-06-22',31104.06,1,1.00,'Factura A N°: 0150-03238014',NULL,NULL,'2020-07-23 13:42:17','2020-07-23 23:03:04','2020-07-23 23:03:04'),(778,333,0,NULL,778,3,40738,40797,57,9225,2,0,'2020-06-22','2020-06-22',20039.61,1,1.00,'Factura A N°: 0153-00925882',NULL,NULL,'2020-07-23 13:42:17','2020-07-23 13:42:17',NULL),(779,333,0,NULL,779,3,40738,40797,57,9225,2,0,'2020-06-22','2020-06-22',3298.83,1,1.00,'Factura A N°: 0153-00925883',NULL,NULL,'2020-07-23 13:42:17','2020-07-23 13:42:17',NULL),(780,333,0,NULL,780,3,40738,40797,57,9225,1,0,'2020-06-22','2020-06-22',117.43,1,1.00,'Nota de crédito A N°: 0150-01405506',NULL,NULL,'2020-07-23 13:42:17','2020-07-23 13:42:17',NULL),(781,333,0,NULL,781,3,40738,40797,57,9225,2,0,'2020-06-22','2020-06-22',5305.35,1,1.00,'Factura A N°: 0150-03238013',NULL,NULL,'2020-07-23 13:42:17','2020-07-23 13:42:17',NULL),(782,333,0,NULL,782,3,40738,40797,57,9225,2,0,'2020-06-23','2020-06-23',14219.63,1,1.00,'Factura A N°: 0152-01436269',NULL,NULL,'2020-07-23 13:42:17','2020-07-23 23:00:25','2020-07-23 23:00:25'),(783,333,0,NULL,783,3,40738,40797,57,9225,2,0,'2020-06-23','2020-06-23',2367.21,1,1.00,'Factura A N°: 0152-01436270',NULL,NULL,'2020-07-23 13:42:17','2020-07-23 22:59:06','2020-07-23 22:59:06'),(784,333,0,NULL,784,3,40738,40797,57,9225,2,0,'2020-06-23','2020-06-23',400.61,1,1.00,'Factura A N°: 0152-01436271',NULL,NULL,'2020-07-23 13:42:17','2020-07-23 22:59:33','2020-07-23 22:59:33');
INSERT INTO `cta_cte_cliente` VALUES (785,333,0,NULL,785,3,40738,40797,57,9225,2,0,'2020-06-23','2020-06-23',26024.30,1,1.00,'Factura A N°: 0151-02220036',NULL,NULL,'2020-07-23 13:42:17','2020-07-23 22:57:46','2020-07-23 22:57:46'),(786,333,0,NULL,786,3,40738,40797,57,9225,2,0,'2020-06-23','2020-06-23',4795.06,1,1.00,'Factura A N°: 0151-02220037',NULL,NULL,'2020-07-23 13:42:17','2020-07-23 22:58:27','2020-07-23 22:58:27'),(787,333,0,NULL,787,3,40738,40797,57,9225,2,0,'2020-06-24','2020-06-24',35162.62,1,1.00,'Factura A N°: 0152-01438498',NULL,NULL,'2020-07-23 13:42:17','2020-07-23 22:51:28','2020-07-23 22:51:28'),(788,333,0,NULL,788,3,40738,40797,57,9225,2,0,'2020-06-24','2020-06-24',8636.85,1,1.00,'Factura A N°: 0152-01438499',NULL,NULL,'2020-07-23 13:42:17','2020-07-23 22:52:13','2020-07-23 22:52:13'),(789,333,0,NULL,789,3,40738,40797,57,9225,2,0,'2020-06-24','2020-06-24',6183.79,1,1.00,'Factura A N°: 0154-00600485',NULL,NULL,'2020-07-23 13:42:17','2020-07-23 22:52:49','2020-07-23 22:52:49'),(790,333,0,NULL,790,3,40738,40797,57,9225,2,0,'2020-06-24','2020-06-24',769.84,1,1.00,'Factura A N°: 0154-00600486',NULL,NULL,'2020-07-23 13:42:17','2020-07-23 22:55:35','2020-07-23 22:55:35'),(791,333,0,NULL,791,3,40738,40797,57,9225,2,0,'2020-06-24','2020-06-24',242.16,1,1.00,'Factura A N°: 0154-00600487',NULL,NULL,'2020-07-23 13:42:17','2020-07-23 22:56:45','2020-07-23 22:56:45'),(792,333,0,NULL,792,3,40738,40798,57,9225,2,0,'2020-06-24','2020-06-24',8453.69,1,1.00,'Factura A N°: 0003-00140485',NULL,NULL,'2020-07-23 13:42:17','2020-07-23 17:29:21','2020-07-23 17:29:21'),(793,333,0,NULL,793,3,40738,40802,57,9225,2,0,'2020-06-25','2020-06-25',3500.48,1,1.00,'Factura A N°: 0002-00031878',NULL,NULL,'2020-07-23 13:42:17','2020-07-23 13:42:17',NULL),(794,333,0,NULL,794,3,40738,40797,57,9225,2,0,'2020-06-25','2020-06-25',2126.76,1,1.00,'Factura A N°: 0150-03246937',NULL,NULL,'2020-07-23 13:42:17','2020-07-23 17:27:52','2020-07-23 17:27:52'),(795,333,0,NULL,795,3,40738,40797,57,9225,2,0,'2020-06-25','2020-06-25',30047.54,1,1.00,'Factura A N°: 0150-03246936',NULL,NULL,'2020-07-23 13:42:17','2020-07-23 17:29:03','2020-07-23 17:29:03'),(796,333,0,NULL,796,3,40738,40797,57,9225,2,0,'2020-06-25','2020-06-25',274.74,1,1.00,'Factura A N°: 0150-03246938',NULL,NULL,'2020-07-23 13:42:17','2020-07-23 17:28:27','2020-07-23 17:28:27'),(797,333,0,NULL,797,3,40738,40797,57,9225,2,0,'2020-06-25','2020-06-25',12551.46,1,1.00,'Factura A N°: 0153-00928819',NULL,NULL,'2020-07-23 13:42:17','2020-07-23 17:30:07','2020-07-23 17:30:07'),(798,333,0,NULL,798,3,40738,40797,57,9225,2,0,'2020-06-25','2020-06-25',1044.70,1,1.00,'Factura A N°: 0153-00928820',NULL,NULL,'2020-07-23 13:42:17','2020-07-23 17:30:37','2020-07-23 17:30:37'),(799,333,0,NULL,799,3,40738,40797,57,9225,2,0,'2020-06-26','2020-06-26',2999.42,1,1.00,'Factura A N°: 0150-03248323',NULL,NULL,'2020-07-23 13:42:17','2020-07-23 17:19:02','2020-07-23 17:19:02'),(800,333,0,NULL,800,3,40738,40797,57,9225,2,0,'2020-06-26','2020-06-26',22074.98,1,1.00,'Factura A N°: 0150-03248322',NULL,NULL,'2020-07-23 13:42:17','2020-07-23 17:20:28','2020-07-23 17:20:28'),(801,333,0,NULL,801,3,40738,40797,57,9225,2,0,'2020-06-26','2020-06-26',549.48,1,1.00,'Factura A N°: 0150-03248324',NULL,NULL,'2020-07-23 13:42:17','2020-07-23 17:19:20','2020-07-23 17:19:20'),(802,333,0,NULL,802,3,40738,40797,57,9225,2,0,'2020-06-26','2020-06-26',48630.90,1,1.00,'Factura A N°: 0152-01441300',NULL,NULL,'2020-07-23 13:42:17','2020-07-23 17:17:37','2020-07-23 17:17:37'),(803,333,0,NULL,803,3,40738,40797,57,9225,2,0,'2020-06-26','2020-06-26',6094.65,1,1.00,'Factura A N°: 0152-01441301',NULL,NULL,'2020-07-23 13:42:17','2020-07-23 17:18:32','2020-07-23 17:18:32'),(804,333,0,NULL,804,3,40738,40798,57,9225,2,0,'2020-06-26','2020-06-26',14197.38,1,1.00,'Factura A N°: 0003-00140728',NULL,NULL,'2020-07-23 13:42:17','2020-07-23 16:56:45','2020-07-23 16:56:45');
INSERT INTO `cta_cte_cliente` VALUES (805,333,0,NULL,805,3,40738,40797,57,9225,2,0,'2020-06-28','2020-06-28',59560.59,1,1.00,'Factura A N°: 0152-01441825',NULL,NULL,'2020-07-23 13:42:17','2020-07-23 17:07:07','2020-07-23 17:07:07'),(806,333,0,NULL,806,3,40738,40797,57,9225,2,0,'2020-06-28','2020-06-28',7065.23,1,1.00,'Factura A N°: 0152-01441824',NULL,NULL,'2020-07-23 13:42:17','2020-07-23 17:11:18','2020-07-23 17:11:18'),(807,333,0,NULL,807,3,40738,40797,57,9225,2,0,'2020-06-29','2020-06-29',2158.64,1,1.00,'Factura A N°: 0150-03254319',NULL,NULL,'2020-07-23 13:42:17','2020-07-23 17:05:17','2020-07-23 17:05:17'),(808,333,0,NULL,808,3,40738,40797,57,9225,2,0,'2020-06-29','2020-06-29',31517.12,1,1.00,'Factura A N°: 0150-03254318',NULL,NULL,'2020-07-23 13:42:17','2020-07-23 17:06:03','2020-07-23 17:06:03'),(809,333,0,NULL,809,3,40738,1150,57,9225,2,0,'2020-06-30','2020-06-30',1519.05,1,1.00,'Factura A N°: 0003-00372559',NULL,NULL,'2020-07-23 13:42:17','2020-07-23 13:42:17',NULL),(810,333,0,NULL,810,3,40738,40797,57,9225,2,0,'2020-06-30','2020-06-30',22847.91,1,1.00,'Factura A N°: 0152-01445058',NULL,NULL,'2020-07-23 13:42:17','2020-07-23 16:58:08','2020-07-23 16:58:08'),(811,333,0,NULL,811,3,40738,40797,57,9225,2,0,'2020-06-30','2020-06-30',5161.56,1,1.00,'Factura A N°: 0150-03256579',NULL,NULL,'2020-07-23 13:42:17','2020-07-23 17:00:23','2020-07-23 17:00:23'),(812,333,0,NULL,812,3,40738,40797,57,9225,2,0,'2020-06-30','2020-06-30',35045.75,1,1.00,'Factura A N°: 0150-03256577',NULL,NULL,'2020-07-23 13:42:17','2020-07-23 16:59:25','2020-07-23 16:59:25'),(813,333,0,NULL,813,3,40738,40797,57,9225,2,0,'2020-06-30','2020-06-30',241.14,1,1.00,'Factura A N°: 0150-03256578',NULL,NULL,'2020-07-23 13:42:17','2020-07-23 16:59:48','2020-07-23 16:59:48'),(814,333,0,NULL,814,3,40738,40797,57,9225,2,0,'2020-06-30','2020-06-30',4098.46,1,1.00,'Factura A N°: 0152-01443640',NULL,NULL,'2020-07-23 13:42:17','2020-07-23 17:01:46','2020-07-23 17:01:46'),(815,333,0,NULL,815,3,40738,40797,57,9225,2,0,'2020-06-30','2020-06-30',801.21,1,1.00,'Factura A N°: 0152-01443642',NULL,NULL,'2020-07-23 13:42:17','2020-07-23 17:03:35','2020-07-23 17:03:35'),(816,333,0,NULL,816,3,40738,40797,57,9225,2,0,'2020-06-30','2020-06-30',1076.45,1,1.00,'Factura A N°: 0152-01443641',NULL,NULL,'2020-07-23 13:42:17','2020-07-23 17:04:16','2020-07-23 17:04:16'),(817,333,0,NULL,817,3,40738,40797,57,9225,2,0,'2020-06-30','2020-06-30',2018.24,1,1.00,'Factura A N°: 0152-01445059',NULL,NULL,'2020-07-23 13:42:18','2020-07-23 16:58:40','2020-07-23 16:58:40'),(818,333,0,NULL,818,3,40738,8202,57,9225,2,0,'2020-06-30','2020-06-30',13627.41,1,1.00,'Liquidaciones A N°: 0045-30062020',NULL,NULL,'2020-07-23 13:58:32','2020-07-23 13:58:32',NULL),(819,333,0,NULL,819,2,40738,1989,13,9225,1,0,'2020-06-01','2020-06-01',55.20,1,1.00,'Tique (Informe Diario Z) N°: 0003-00000568',NULL,NULL,'2020-07-23 14:10:43','2020-07-23 14:11:17','2020-07-23 14:11:17'),(820,333,0,NULL,820,2,40738,1989,13,9225,1,0,'2020-06-01','2020-06-01',45051.36,1,1.00,'Tique (Informe Diario Z) N°: 0003-00000568',NULL,NULL,'2020-07-23 14:11:17','2020-07-23 14:11:17',NULL),(821,333,0,NULL,821,2,40738,1989,13,9225,1,0,'2020-06-02','2020-06-02',58538.21,1,1.00,'Tique (Informe Diario Z) N°: 0003-00000569',NULL,NULL,'2020-07-23 14:12:29','2020-07-23 14:12:29',NULL),(822,333,0,NULL,822,2,40738,1989,13,9225,1,0,'2020-06-03','2020-06-03',53413.99,1,1.00,'Tique (Informe Diario Z) N°: 0003-00000570',NULL,NULL,'2020-07-23 14:13:02','2020-07-23 14:13:02',NULL),(823,333,0,NULL,823,2,40738,1989,13,9225,1,0,'2020-06-04','2020-06-04',73347.22,1,1.00,'Tique (Informe Diario Z) N°: 0003-00000571',NULL,NULL,'2020-07-23 14:13:57','2020-07-23 14:13:57',NULL),(824,333,0,NULL,824,2,40738,1989,13,9225,1,0,'2020-06-06','2020-06-06',77081.24,1,1.00,'Tique (Informe Diario Z) N°: 0003-00000572',NULL,NULL,'2020-07-23 14:19:16','2020-07-23 14:19:16',NULL);
INSERT INTO `cta_cte_cliente` VALUES (825,333,0,NULL,825,2,40738,1989,13,9225,1,0,'2020-06-06','2020-06-06',53890.28,1,1.00,'Tique (Informe Diario Z) N°: 0003-00000573',NULL,NULL,'2020-07-23 14:19:47','2020-07-23 14:19:47',NULL),(826,333,0,NULL,826,2,40738,1989,13,9225,1,0,'2020-06-07','2020-06-07',51453.00,1,1.00,'Tique (Informe Diario Z) N°: 0003-00000574',NULL,NULL,'2020-07-23 14:20:14','2020-07-23 14:20:14',NULL),(827,333,0,NULL,827,2,40738,1989,13,9225,1,0,'2020-06-08','2020-06-08',64750.15,1,1.00,'Tique (Informe Diario Z) N°: 0003-00000575',NULL,NULL,'2020-07-23 14:20:36','2020-07-23 14:20:36',NULL),(828,333,0,NULL,828,2,40738,1989,13,9225,1,0,'2020-06-09','2020-06-09',44579.00,1,1.00,'Tique (Informe Diario Z) N°: 0003-00000576',NULL,NULL,'2020-07-23 14:21:13','2020-07-23 14:21:13',NULL),(829,333,0,NULL,829,2,40738,1989,13,9225,1,0,'2020-06-10','2020-06-10',66791.82,1,1.00,'Tique (Informe Diario Z) N°: 0003-00000577',NULL,NULL,'2020-07-23 14:21:32','2020-07-23 14:21:32',NULL),(830,333,0,NULL,830,2,40738,1989,13,9225,1,0,'2020-06-11','2020-06-11',63912.00,1,1.00,'Tique (Informe Diario Z) N°: 0003-00000578',NULL,NULL,'2020-07-23 14:21:58','2020-07-23 14:21:58',NULL),(831,333,0,NULL,831,2,40738,1989,13,9225,1,0,'2020-06-12','2020-06-12',68823.20,1,1.00,'Tique (Informe Diario Z) N°: 0003-00000579',NULL,NULL,'2020-07-23 14:22:18','2020-07-23 14:22:18',NULL),(832,333,0,NULL,832,2,40738,1989,13,9225,1,0,'2020-06-13','2020-06-13',49297.00,1,1.00,'Tique (Informe Diario Z) N°: 0003-00000580',NULL,NULL,'2020-07-23 14:22:49','2020-07-23 14:22:49',NULL),(833,333,0,NULL,833,2,40738,1989,13,9225,1,0,'2020-06-14','2020-06-14',38244.99,1,1.00,'Tique (Informe Diario Z) N°: 0003-00000581',NULL,NULL,'2020-07-23 14:23:16','2020-07-23 14:23:16',NULL),(834,333,0,NULL,834,2,40738,1989,13,9225,1,0,'2020-06-15','2020-06-15',38543.00,1,1.00,'Tique (Informe Diario Z) N°: 0003-00000582',NULL,NULL,'2020-07-23 14:23:42','2020-07-23 14:23:42',NULL),(835,333,0,NULL,835,2,40738,1989,13,9225,1,0,'2020-06-16','2020-06-16',73113.92,1,1.00,'Tique (Informe Diario Z) N°: 0003-00000583',NULL,NULL,'2020-07-23 14:40:01','2020-07-23 14:40:01',NULL),(836,333,0,NULL,836,2,40738,1989,13,9225,1,0,'2020-06-17','2020-06-17',86111.22,1,1.00,'Tique (Informe Diario Z) N°: 0003-00000584',NULL,NULL,'2020-07-23 14:40:30','2020-07-23 14:40:30',NULL),(837,333,0,NULL,837,2,40738,1989,13,9225,1,0,'2020-06-17','2020-06-17',58389.68,1,1.00,'Tique (Informe Diario Z) N°: 0003-00000585',NULL,NULL,'2020-07-23 14:46:43','2020-07-23 14:46:43',NULL),(838,333,0,NULL,838,2,40738,1989,13,9225,1,0,'2020-06-19','2020-06-19',64163.00,1,1.00,'Tique (Informe Diario Z) N°: 0003-00000586',NULL,NULL,'2020-07-23 16:44:43','2020-07-23 16:44:43',NULL),(839,333,0,NULL,839,2,40738,1989,13,9225,1,0,'2020-06-20','2020-06-20',65097.30,1,1.00,'Tique (Informe Diario Z) N°: 0003-00000587',NULL,NULL,'2020-07-23 16:45:09','2020-07-23 16:45:09',NULL),(840,333,0,NULL,840,2,40738,1989,13,9225,1,0,'2020-06-21','2020-06-21',40683.23,1,1.00,'Tique (Informe Diario Z) N°: 0003-00000588',NULL,NULL,'2020-07-23 16:45:58','2020-07-23 16:45:58',NULL),(841,333,0,NULL,841,2,40738,1989,13,9225,1,0,'2020-06-21','2020-06-21',80437.87,1,1.00,'Tique (Informe Diario Z) N°: 0003-00000589',NULL,NULL,'2020-07-23 16:46:18','2020-07-23 16:46:18',NULL),(842,333,0,NULL,842,2,40738,1989,13,9225,1,0,'2020-06-23','2020-06-23',79194.92,1,1.00,'Tique (Informe Diario Z) N°: 0003-00000590',NULL,NULL,'2020-07-23 16:46:42','2020-07-23 16:46:42',NULL),(843,333,0,NULL,843,2,40738,1989,13,9225,1,0,'2020-06-23','2020-06-23',45924.99,1,1.00,'Tique (Informe Diario Z) N°: 0003-00000591',NULL,NULL,'2020-07-23 16:47:05','2020-07-23 16:54:29','2020-07-23 16:54:29'),(844,333,0,NULL,844,2,40738,1989,13,9225,1,0,'2020-06-25','2020-06-25',63395.16,1,1.00,'Tique (Informe Diario Z) N°: 0003-00000592',NULL,NULL,'2020-07-23 16:47:38','2020-07-23 16:47:38',NULL);
INSERT INTO `cta_cte_cliente` VALUES (845,333,0,NULL,845,2,40738,1989,13,9225,1,0,'2020-06-26','2020-06-26',76083.00,1,1.00,'Tique (Informe Diario Z) N°: 0003-00000593',NULL,NULL,'2020-07-23 16:48:06','2020-07-23 16:48:06',NULL),(846,333,0,NULL,846,2,40738,1989,13,9225,1,0,'2020-06-26','2020-06-26',55653.00,1,1.00,'Tique (Informe Diario Z) N°: 0003-00000594',NULL,NULL,'2020-07-23 16:52:46','2020-07-23 16:53:56','2020-07-23 16:53:56'),(847,333,0,NULL,847,2,40738,1989,13,9225,1,0,'2020-06-29','2020-06-29',79072.81,1,1.00,'Tique (Informe Diario Z) N°: 0003-00000596',NULL,NULL,'2020-07-23 16:53:31','2020-07-23 16:53:31',NULL),(848,333,0,NULL,848,2,40738,1989,13,9225,1,0,'2020-06-27','2020-06-27',55653.00,1,1.00,'Tique (Informe Diario Z) N°: 0003-00000594',NULL,NULL,'2020-07-23 16:53:56','2020-07-23 16:53:56',NULL),(849,333,0,NULL,849,2,40738,1989,13,9225,1,0,'2020-06-24','2020-06-24',45924.99,1,1.00,'Tique (Informe Diario Z) N°: 0003-00000591',NULL,NULL,'2020-07-23 16:54:29','2020-07-23 16:54:29',NULL),(850,333,0,NULL,850,3,40738,40798,57,9225,2,0,'2020-06-26','2020-06-26',14197.38,1,1.00,'Factura A N°: 0003-00140728',NULL,NULL,'2020-07-23 16:56:45','2020-07-23 16:56:45',NULL),(851,333,0,NULL,851,3,40738,40797,57,9225,2,0,'2020-06-30','2020-06-30',22847.92,1,1.00,'Factura A N°: 0152-01445058',NULL,NULL,'2020-07-23 16:58:08','2020-07-23 16:58:08',NULL),(852,333,0,NULL,852,3,40738,40797,57,9225,2,0,'2020-06-30','2020-06-30',2018.24,1,1.00,'Factura A N°: 0152-01445059',NULL,NULL,'2020-07-23 16:58:40','2020-07-23 16:58:40',NULL),(853,333,0,NULL,853,3,40738,40797,57,9225,2,0,'2020-06-30','2020-06-30',35045.76,1,1.00,'Factura A N°: 0150-03256577',NULL,NULL,'2020-07-23 16:59:25','2020-07-23 16:59:25',NULL),(854,333,0,NULL,854,3,40738,40797,57,9225,2,0,'2020-06-30','2020-06-30',241.14,1,1.00,'Factura A N°: 0150-03256578',NULL,NULL,'2020-07-23 16:59:48','2020-07-23 16:59:48',NULL),(855,333,0,NULL,855,3,40738,40797,57,9225,2,0,'2020-06-30','2020-06-30',5161.57,1,1.00,'Factura A N°: 0150-03256579',NULL,NULL,'2020-07-23 17:00:23','2020-07-23 17:00:23',NULL),(856,333,0,NULL,856,3,40738,40797,57,9225,2,0,'2020-06-30','2020-06-30',4098.46,1,1.00,'Factura A N°: 0152-01443640',NULL,NULL,'2020-07-23 17:01:46','2020-07-23 17:01:46',NULL),(857,333,0,NULL,857,3,40738,40797,57,9225,2,0,'2020-06-30','2020-06-30',801.21,1,1.00,'Factura A N°: 0152-01443642',NULL,NULL,'2020-07-23 17:03:35','2020-07-23 17:03:35',NULL),(858,333,0,NULL,858,3,40738,40797,57,9225,2,0,'2020-06-30','2020-06-30',1076.46,1,1.00,'Factura A N°: 0152-01443641',NULL,NULL,'2020-07-23 17:04:16','2020-07-23 17:04:16',NULL),(859,333,0,NULL,859,3,40738,40797,57,9225,2,0,'2020-06-29','2020-06-29',2158.64,1,1.00,'Factura A N°: 0150-03254319',NULL,NULL,'2020-07-23 17:05:17','2020-07-23 17:05:17',NULL),(860,333,0,NULL,860,3,40738,40797,57,9225,2,0,'2020-06-29','2020-06-29',31516.71,1,1.00,'Factura A N°: 0150-03254318',NULL,NULL,'2020-07-23 17:06:03','2020-07-23 17:06:03',NULL),(861,333,0,NULL,861,3,40738,40797,57,9225,2,0,'2020-06-28','2020-06-28',59560.59,1,1.00,'Factura A N°: 0152-01441825',NULL,NULL,'2020-07-23 17:07:07','2020-07-23 17:07:07',NULL),(862,333,0,NULL,862,3,40738,40797,57,9225,2,0,'2020-06-28','2020-06-28',7065.23,1,1.00,'Factura A N°: 0152-01441824',NULL,NULL,'2020-07-23 17:11:18','2020-07-23 17:11:18',NULL),(863,333,0,NULL,863,3,40738,40797,57,9225,2,0,'2020-06-26','2020-06-26',48630.91,1,1.00,'Factura A N°: 0152-01441300',NULL,NULL,'2020-07-23 17:17:37','2020-07-23 17:17:37',NULL),(864,333,0,NULL,864,3,40738,40797,57,9225,2,0,'2020-06-26','2020-06-26',6094.66,1,1.00,'Factura A N°: 0152-01441301',NULL,NULL,'2020-07-23 17:18:32','2020-07-23 17:18:32',NULL),(865,333,0,NULL,865,3,40738,40797,57,9225,2,0,'2020-06-26','2020-06-26',2999.43,1,1.00,'Factura A N°: 0150-03248323',NULL,NULL,'2020-07-23 17:19:02','2020-07-23 17:19:02',NULL),(866,333,0,NULL,866,3,40738,40797,57,9225,2,0,'2020-06-26','2020-06-26',549.48,1,1.00,'Factura A N°: 0150-03248324',NULL,NULL,'2020-07-23 17:19:20','2020-07-23 17:19:20',NULL);
INSERT INTO `cta_cte_cliente` VALUES (867,333,0,NULL,867,3,40738,40797,57,9225,2,0,'2020-06-26','2020-06-26',22074.98,1,1.00,'Factura A N°: 0150-03248322',NULL,NULL,'2020-07-23 17:20:28','2020-07-23 17:20:28',NULL),(868,333,0,NULL,868,3,40738,40797,57,9225,2,0,'2020-06-25','2020-06-25',2126.76,1,1.00,'Factura A N°: 0150-03246937',NULL,NULL,'2020-07-23 17:27:52','2020-07-23 17:27:52',NULL),(869,333,0,NULL,869,3,40738,40797,57,9225,2,0,'2020-06-25','2020-06-25',274.74,1,1.00,'Factura A N°: 0150-03246938',NULL,NULL,'2020-07-23 17:28:27','2020-07-23 17:28:27',NULL),(870,333,0,NULL,870,3,40738,40797,57,9225,2,0,'2020-06-25','2020-06-25',30047.53,1,1.00,'Factura A N°: 0150-03246936',NULL,NULL,'2020-07-23 17:29:03','2020-07-23 17:29:03',NULL),(871,333,0,NULL,871,3,40738,40798,57,9225,2,0,'2020-06-24','2020-06-24',8453.69,1,1.00,'Factura A N°: 0003-00140485',NULL,NULL,'2020-07-23 17:29:21','2020-07-23 17:29:21',NULL),(872,333,0,NULL,872,3,40738,40797,57,9225,2,0,'2020-06-25','2020-06-25',12551.46,1,1.00,'Factura A N°: 0153-00928819',NULL,NULL,'2020-07-23 17:30:07','2020-07-23 17:30:07',NULL),(873,333,0,NULL,873,3,40738,40797,57,9225,2,0,'2020-06-25','2020-06-25',1044.70,1,1.00,'Factura A N°: 0153-00928820',NULL,NULL,'2020-07-23 17:30:37','2020-07-23 17:30:37',NULL),(874,333,0,NULL,874,3,40738,40797,57,9225,2,0,'2020-06-24','2020-06-24',35162.62,1,1.00,'Factura A N°: 0152-01438498',NULL,NULL,'2020-07-23 22:51:28','2020-07-23 22:51:28',NULL),(875,333,0,NULL,875,3,40738,40797,57,9225,2,0,'2020-06-24','2020-06-24',8636.85,1,1.00,'Factura A N°: 0152-01438499',NULL,NULL,'2020-07-23 22:52:13','2020-07-23 22:52:13',NULL),(876,333,0,NULL,876,3,40738,40797,57,9225,2,0,'2020-06-24','2020-06-24',6183.78,1,1.00,'Factura A N°: 0154-00600485',NULL,NULL,'2020-07-23 22:52:49','2020-07-23 22:52:49',NULL),(877,333,0,NULL,877,3,40738,40797,57,9225,2,0,'2020-06-24','2020-06-24',769.84,1,1.00,'Factura A N°: 0154-00600486',NULL,NULL,'2020-07-23 22:55:35','2020-07-23 22:55:35',NULL),(878,333,0,NULL,878,3,40738,40797,57,9225,2,0,'2020-06-24','2020-06-24',242.16,1,1.00,'Factura A N°: 0154-00600487',NULL,NULL,'2020-07-23 22:56:45','2020-07-23 22:56:45',NULL),(879,333,0,NULL,879,3,40738,40797,57,9225,2,0,'2020-06-23','2020-06-23',26024.30,1,1.00,'Factura A N°: 0151-02220036',NULL,NULL,'2020-07-23 22:57:46','2020-07-23 22:57:46',NULL),(880,333,0,NULL,880,3,40738,40797,57,9225,2,0,'2020-06-23','2020-06-23',4795.06,1,1.00,'Factura A N°: 0151-02220037',NULL,NULL,'2020-07-23 22:58:27','2020-07-23 22:58:27',NULL),(881,333,0,NULL,881,3,40738,40797,57,9225,2,0,'2020-06-23','2020-06-23',2367.21,1,1.00,'Factura A N°: 0152-01436270',NULL,NULL,'2020-07-23 22:59:06','2020-07-23 22:59:06',NULL),(882,333,0,NULL,882,3,40738,40797,57,9225,2,0,'2020-06-23','2020-06-23',400.61,1,1.00,'Factura A N°: 0152-01436271',NULL,NULL,'2020-07-23 22:59:33','2020-07-23 22:59:33',NULL),(883,333,0,NULL,883,3,40738,40797,57,9225,2,0,'2020-06-23','2020-06-23',14219.61,1,1.00,'Factura A N°: 0152-01436269',NULL,NULL,'2020-07-23 23:00:25','2020-07-23 23:00:25',NULL),(884,333,0,NULL,884,3,40738,40797,57,9225,2,0,'2020-06-22','2020-06-22',31104.06,1,1.00,'Factura A N°: 0150-03238014',NULL,NULL,'2020-07-23 23:03:04','2020-07-23 23:03:04',NULL),(885,333,0,333,885,21,40769,1001,57,16923,1,0,'2020-07-27','2020-07-27',1500.00,1,1.00,'',NULL,NULL,'2020-07-27 22:35:58','2020-07-27 22:39:54','2020-07-27 22:39:54'),(886,333,0,NULL,886,3,40769,40775,57,16932,2,0,'2020-06-24','2020-06-24',89.37,1,1.00,'Factura A N°: 0002-00596735',NULL,NULL,'2020-07-28 15:45:28','2020-07-28 15:45:28',NULL),(887,333,0,333,887,21,40769,8109,57,16923,1,0,'2019-12-31','2019-12-31',14578.00,1,1.00,'1',NULL,NULL,'2020-07-28 15:51:43','2020-07-28 15:52:55','2020-07-28 15:52:55'),(888,333,0,333,888,21,40769,8109,57,16923,1,0,'2019-12-31','2019-12-31',14578.48,1,1.00,'',NULL,NULL,'2020-07-28 15:55:52','2020-07-28 15:55:52',NULL);
INSERT INTO `cta_cte_cliente` VALUES (889,333,0,NULL,889,2,40804,1989,13,21466,1,0,'2020-04-17','2020-04-17',1547.00,1,1.00,'Factura B N°: 0006-00000001',NULL,NULL,'2020-08-26 01:56:46','2021-02-02 14:37:35','2021-02-02 14:37:35'),(890,333,0,NULL,890,2,40804,1989,13,21466,1,0,'2020-04-21','2020-04-21',77.35,1,1.00,'Factura B N°: 0006-00000002',NULL,NULL,'2020-08-26 01:56:46','2021-02-02 14:37:35','2021-02-02 14:37:35'),(891,333,0,NULL,891,2,40804,1989,13,21466,1,0,'2020-04-24','2020-04-24',1815.00,1,1.00,'Factura B N°: 0006-00000003',NULL,NULL,'2020-08-26 01:56:46','2021-02-02 14:37:35','2021-02-02 14:37:35'),(892,333,0,NULL,892,2,40804,1989,13,21466,1,0,'2020-04-24','2020-04-24',410.00,1,1.00,'Factura B N°: 0006-00000004',NULL,NULL,'2020-08-26 01:56:46','2021-02-02 14:37:35','2021-02-02 14:37:35'),(893,333,0,NULL,893,2,40804,1989,13,21466,1,0,'2020-04-27','2020-04-27',1.01,1,1.00,'Factura B N°: 0006-00000005',NULL,NULL,'2020-08-26 01:56:46','2021-02-02 14:37:35','2021-02-02 14:37:35'),(894,333,0,NULL,894,2,40804,1989,13,21466,1,0,'2020-04-27','2020-04-27',145.20,1,1.00,'Factura B N°: 0006-00000006',NULL,NULL,'2020-08-26 01:56:46','2021-02-02 14:37:35','2021-02-02 14:37:35'),(895,333,0,NULL,895,2,40804,1989,13,21466,1,0,'2020-04-29','2020-04-29',5525.00,1,1.00,'Factura B N°: 0006-00000007',NULL,NULL,'2020-08-26 01:56:46','2021-02-02 14:37:35','2021-02-02 14:37:35'),(896,333,0,NULL,896,2,40804,1989,13,21466,1,0,'2020-04-29','2020-04-29',7865.00,1,1.00,'Factura B N°: 0006-00000008',NULL,NULL,'2020-08-26 01:56:46','2021-02-02 14:37:35','2021-02-02 14:37:35'),(897,333,0,NULL,897,2,40804,1989,13,21466,1,0,'2020-04-29','2020-04-29',4972.50,1,1.00,'Factura B N°: 0006-00000009',NULL,NULL,'2020-08-26 01:56:46','2021-02-02 14:37:35','2021-02-02 14:37:35'),(898,333,0,NULL,898,2,40804,1989,13,21466,1,0,'2020-04-29','2020-04-29',5856.50,1,1.00,'Factura B N°: 0006-00000010',NULL,NULL,'2020-08-26 01:56:46','2021-02-02 14:37:35','2021-02-02 14:37:35'),(899,333,0,NULL,899,2,40804,1989,13,21466,1,0,'2020-04-29','2020-04-29',6655.00,1,1.00,'Factura B N°: 0006-00000011',NULL,NULL,'2020-08-26 01:56:46','2021-02-02 14:37:35','2021-02-02 14:37:35'),(900,333,0,NULL,900,2,40804,1989,13,21466,1,0,'2020-04-29','2020-04-29',6630.00,1,1.00,'Factura B N°: 0006-00000012',NULL,NULL,'2020-08-26 01:56:46','2021-02-02 14:37:35','2021-02-02 14:37:35'),(901,333,0,NULL,901,2,40804,1989,13,21466,1,0,'2020-04-30','2020-04-30',3867.50,1,1.00,'Factura B N°: 0006-00000013',NULL,NULL,'2020-08-26 01:56:46','2021-02-02 14:37:35','2021-02-02 14:37:35'),(902,333,0,NULL,902,2,40804,1989,13,21466,1,0,'2020-04-30','2020-04-30',6895.79,1,1.00,'Factura B N°: 0006-00000014',NULL,NULL,'2020-08-26 01:56:46','2021-02-02 14:37:35','2021-02-02 14:37:35'),(903,333,0,NULL,903,2,40804,1989,13,21466,1,0,'2020-04-30','2020-04-30',5193.50,1,1.00,'Factura B N°: 0006-00000015',NULL,NULL,'2020-08-26 01:56:46','2021-02-02 14:37:35','2021-02-02 14:37:35'),(904,333,0,NULL,904,2,40804,1989,13,21466,1,0,'2020-04-30','2020-04-30',6413.00,1,1.00,'Factura B N°: 0006-00000016',NULL,NULL,'2020-08-26 01:56:46','2021-02-02 14:37:35','2021-02-02 14:37:35'),(905,333,0,NULL,905,2,40804,1989,13,21466,1,0,'2020-04-30','2020-04-30',6628.90,1,1.00,'Factura B N°: 0006-00000017',NULL,NULL,'2020-08-26 01:56:46','2021-02-02 14:37:35','2021-02-02 14:37:35'),(906,333,0,NULL,906,2,40804,1989,13,21466,1,0,'2020-04-30','2020-04-30',4077.45,1,1.00,'Factura B N°: 0006-00000018',NULL,NULL,'2020-08-26 01:56:46','2021-02-02 14:37:35','2021-02-02 14:37:35'),(907,333,0,NULL,907,2,40804,1989,13,21466,1,0,'2020-04-30','2020-04-30',5635.50,1,1.00,'Factura B N°: 0006-00000019',NULL,NULL,'2020-08-26 01:56:46','2021-02-02 14:37:35','2021-02-02 14:37:35'),(908,333,0,NULL,908,2,40804,1989,13,21466,1,0,'2020-04-30','2020-04-30',2370.23,1,1.00,'Factura B N°: 0006-00000020',NULL,NULL,'2020-08-26 01:56:46','2021-02-02 14:37:35','2021-02-02 14:37:35');
INSERT INTO `cta_cte_cliente` VALUES (909,333,0,NULL,909,2,40804,1989,13,21466,1,0,'2020-04-30','2020-04-30',5069.90,1,1.00,'Factura B N°: 0006-00000021',NULL,NULL,'2020-08-26 01:56:47','2021-02-02 14:37:35','2021-02-02 14:37:35'),(910,333,0,NULL,910,2,40804,1989,13,21466,1,0,'2020-04-30','2020-04-30',3536.00,1,1.00,'Factura B N°: 0006-00000022',NULL,NULL,'2020-08-26 01:56:47','2021-02-02 14:37:35','2021-02-02 14:37:35'),(911,333,0,NULL,911,2,40804,1989,13,21467,1,0,'2020-05-01','2020-05-01',6897.00,1,1.00,'Factura B N°: 0006-00000023',NULL,NULL,'2020-08-26 02:00:01','2021-02-02 14:37:35','2021-02-02 14:37:35'),(912,333,0,NULL,912,2,40804,1989,13,21467,1,0,'2020-05-01','2020-05-01',6740.50,1,1.00,'Factura B N°: 0006-00000024',NULL,NULL,'2020-08-26 02:00:01','2021-02-02 14:37:35','2021-02-02 14:37:35'),(913,333,0,NULL,913,2,40804,1989,13,21467,1,0,'2020-05-01','2020-05-01',5845.45,1,1.00,'Factura B N°: 0006-00000025',NULL,NULL,'2020-08-26 02:00:01','2021-02-02 14:37:35','2021-02-02 14:37:35'),(914,333,0,NULL,914,2,40804,1989,13,21467,1,0,'2020-05-01','2020-05-01',4584.69,1,1.00,'Factura B N°: 0006-00000026',NULL,NULL,'2020-08-26 02:00:01','2021-02-02 14:37:35','2021-02-02 14:37:35'),(915,333,0,NULL,915,2,40804,1989,13,21467,1,0,'2020-05-01','2020-05-01',2099.50,1,1.00,'Factura B N°: 0006-00000027',NULL,NULL,'2020-08-26 02:00:01','2021-02-02 14:37:35','2021-02-02 14:37:35'),(916,333,0,NULL,916,2,40804,1989,13,21467,1,0,'2020-05-01','2020-05-01',6188.00,1,1.00,'Factura B N°: 0006-00000028',NULL,NULL,'2020-08-26 02:00:01','2021-02-02 14:37:35','2021-02-02 14:37:35'),(917,333,0,NULL,917,2,40804,1989,13,21467,1,0,'2020-05-01','2020-05-01',6055.40,1,1.00,'Factura B N°: 0006-00000029',NULL,NULL,'2020-08-26 02:00:01','2021-02-02 14:37:35','2021-02-02 14:37:35'),(918,333,0,NULL,918,2,40804,1989,13,21467,1,0,'2020-05-01','2020-05-01',6050.00,1,1.00,'Factura B N°: 0006-00000030',NULL,NULL,'2020-08-26 02:00:01','2021-02-02 14:37:35','2021-02-02 14:37:35'),(919,333,0,NULL,919,2,40804,1989,13,21467,1,0,'2020-05-01','2020-05-01',5413.40,1,1.00,'Factura B N°: 0006-00000031',NULL,NULL,'2020-08-26 02:00:01','2021-02-02 14:37:35','2021-02-02 14:37:35'),(920,333,0,NULL,920,2,40804,1989,13,21467,1,0,'2020-05-01','2020-05-01',3536.00,1,1.00,'Factura B N°: 0006-00000032',NULL,NULL,'2020-08-26 02:00:01','2021-02-02 14:37:35','2021-02-02 14:37:35'),(921,333,0,NULL,921,2,40804,1989,13,21467,1,0,'2020-05-01','2020-05-01',5203.00,1,1.00,'Factura B N°: 0006-00000033',NULL,NULL,'2020-08-26 02:00:01','2021-02-02 14:37:35','2021-02-02 14:37:35'),(922,333,0,NULL,922,2,40804,1989,13,21467,1,0,'2020-05-01','2020-05-01',4922.78,1,1.00,'Factura B N°: 0006-00000034',NULL,NULL,'2020-08-26 02:00:01','2021-02-02 14:37:35','2021-02-02 14:37:35'),(923,333,0,NULL,923,2,40804,1989,13,21467,1,0,'2020-05-01','2020-05-01',4838.79,1,1.00,'Factura B N°: 0006-00000035',NULL,NULL,'2020-08-26 02:00:01','2021-02-02 14:37:35','2021-02-02 14:37:35'),(924,333,0,NULL,924,2,40804,1989,13,21467,1,0,'2020-05-01','2020-05-01',5635.50,1,1.00,'Factura B N°: 0006-00000036',NULL,NULL,'2020-08-26 02:00:01','2021-02-02 14:37:35','2021-02-02 14:37:35'),(925,333,0,NULL,925,2,40804,1989,13,21467,1,0,'2020-05-02','2020-05-02',6628.90,1,1.00,'Factura B N°: 0006-00000037',NULL,NULL,'2020-08-26 02:00:01','2021-02-02 14:37:35','2021-02-02 14:37:35'),(926,333,0,NULL,926,2,40804,1989,13,21467,1,0,'2020-05-02','2020-05-02',4477.00,1,1.00,'Factura B N°: 0006-00000038',NULL,NULL,'2020-08-26 02:00:01','2021-02-02 14:37:35','2021-02-02 14:37:35'),(927,333,0,NULL,927,2,40804,1989,13,21467,1,0,'2020-05-02','2020-05-02',5414.50,1,1.00,'Factura B N°: 0006-00000039',NULL,NULL,'2020-08-26 02:00:01','2021-02-02 14:37:35','2021-02-02 14:37:35'),(928,333,0,NULL,928,2,40804,1989,13,21467,1,0,'2020-05-02','2020-05-02',3204.50,1,1.00,'Factura B N°: 0006-00000040',NULL,NULL,'2020-08-26 02:00:01','2021-02-02 14:37:35','2021-02-02 14:37:35');
INSERT INTO `cta_cte_cliente` VALUES (929,333,0,NULL,929,2,40804,1989,13,21467,1,0,'2020-05-02','2020-05-02',5855.40,1,1.00,'Factura B N°: 0006-00000041',NULL,NULL,'2020-08-26 02:00:01','2021-02-02 14:37:35','2021-02-02 14:37:35'),(930,333,0,NULL,930,2,40804,1989,13,21467,1,0,'2020-05-02','2020-05-02',6413.00,1,1.00,'Factura B N°: 0006-00000042',NULL,NULL,'2020-08-26 02:00:01','2021-02-02 14:37:35','2021-02-02 14:37:35'),(931,333,0,NULL,931,2,40804,1989,13,21467,1,0,'2020-05-02','2020-05-02',6630.00,1,1.00,'Factura B N°: 0006-00000043',NULL,NULL,'2020-08-26 02:00:01','2021-02-02 14:37:35','2021-02-02 14:37:35'),(932,333,0,NULL,932,2,40804,1989,13,21467,1,0,'2020-05-02','2020-05-02',4199.00,1,1.00,'Factura B N°: 0006-00000044',NULL,NULL,'2020-08-26 02:00:01','2021-02-02 14:37:35','2021-02-02 14:37:35'),(933,333,0,NULL,933,2,40804,1989,13,21467,1,0,'2020-05-02','2020-05-02',5690.75,1,1.00,'Factura B N°: 0006-00000045',NULL,NULL,'2020-08-26 02:00:01','2021-02-02 14:37:35','2021-02-02 14:37:35'),(934,333,0,NULL,934,2,40804,1989,13,21467,1,0,'2020-05-02','2020-05-02',4639.90,1,1.00,'Factura B N°: 0006-00000046',NULL,NULL,'2020-08-26 02:00:01','2021-02-02 14:37:35','2021-02-02 14:37:35'),(935,333,0,NULL,935,2,40804,1989,13,21467,1,0,'2020-05-03','2020-05-03',6628.90,1,1.00,'Factura B N°: 0006-00000047',NULL,NULL,'2020-08-26 02:00:01','2021-02-02 14:37:35','2021-02-02 14:37:35'),(936,333,0,NULL,936,2,40804,1989,13,21467,1,0,'2020-05-03','2020-05-03',5204.55,1,1.00,'Factura B N°: 0006-00000048',NULL,NULL,'2020-08-26 02:00:01','2021-02-02 14:37:35','2021-02-02 14:37:35'),(937,333,0,NULL,937,2,40804,1989,13,21467,1,0,'2020-05-03','2020-05-03',5789.10,1,1.00,'Factura B N°: 0006-00000049',NULL,NULL,'2020-08-26 02:00:01','2021-02-02 14:37:35','2021-02-02 14:37:35'),(938,333,0,NULL,938,2,40804,1989,13,21467,1,0,'2020-05-03','2020-05-03',6206.09,1,1.00,'Factura B N°: 0006-00000050',NULL,NULL,'2020-08-26 02:00:01','2021-02-02 14:37:35','2021-02-02 14:37:35'),(939,333,0,NULL,939,2,40804,1989,13,21467,1,0,'2020-05-03','2020-05-03',1989.00,1,1.00,'Factura B N°: 0006-00000051',NULL,NULL,'2020-08-26 02:00:01','2021-02-02 14:37:35','2021-02-02 14:37:35'),(940,333,0,NULL,940,2,40804,1989,13,21467,1,0,'2020-05-03','2020-05-03',6396.85,1,1.00,'Factura B N°: 0006-00000052',NULL,NULL,'2020-08-26 02:00:01','2021-02-02 14:37:35','2021-02-02 14:37:35'),(941,333,0,NULL,941,2,40804,1989,13,21467,1,0,'2020-05-03','2020-05-03',5927.79,1,1.00,'Factura B N°: 0006-00000053',NULL,NULL,'2020-08-26 02:00:01','2021-02-02 14:37:35','2021-02-02 14:37:35'),(942,333,0,NULL,942,2,40804,1989,13,21467,1,0,'2020-05-03','2020-05-03',6188.00,1,1.00,'Factura B N°: 0006-00000054',NULL,NULL,'2020-08-26 02:00:01','2021-02-02 14:37:35','2021-02-02 14:37:35'),(943,333,0,NULL,943,2,40804,1989,13,21467,1,0,'2020-05-03','2020-05-03',6407.90,1,1.00,'Factura B N°: 0006-00000055',NULL,NULL,'2020-08-26 02:00:01','2021-02-02 14:37:35','2021-02-02 14:37:35'),(944,333,0,NULL,944,2,40804,1989,13,21467,1,0,'2020-05-04','2020-05-04',5746.00,1,1.00,'Factura B N°: 0006-00000059',NULL,NULL,'2020-08-26 02:00:01','2021-02-02 14:37:35','2021-02-02 14:37:35'),(945,333,0,NULL,945,2,40804,1989,13,21467,1,0,'2020-05-04','2020-05-04',3867.50,1,1.00,'Factura B N°: 0006-00000060',NULL,NULL,'2020-08-26 02:00:01','2021-02-02 14:37:35','2021-02-02 14:37:35'),(946,333,0,NULL,946,2,40804,1989,13,21467,1,0,'2020-05-04','2020-05-04',5808.00,1,1.00,'Factura B N°: 0006-00000061',NULL,NULL,'2020-08-26 02:00:01','2021-02-02 14:37:35','2021-02-02 14:37:35'),(947,333,0,NULL,947,2,40804,1989,13,21467,1,0,'2020-05-04','2020-05-04',5844.35,1,1.00,'Factura B N°: 0006-00000062',NULL,NULL,'2020-08-26 02:00:01','2021-02-02 14:37:35','2021-02-02 14:37:35'),(948,333,0,NULL,948,2,40804,1989,13,21467,1,0,'2020-05-04','2020-05-04',6519.50,1,1.00,'Factura B N°: 0006-00000063',NULL,NULL,'2020-08-26 02:00:01','2021-02-02 14:37:35','2021-02-02 14:37:35');
INSERT INTO `cta_cte_cliente` VALUES (949,333,0,NULL,949,2,40804,1989,13,21467,1,0,'2020-05-04','2020-05-04',6519.50,1,1.00,'Factura B N°: 0006-00000056',NULL,NULL,'2020-08-26 02:00:01','2021-02-02 14:37:35','2021-02-02 14:37:35'),(950,333,0,NULL,950,2,40804,1989,13,21467,1,0,'2020-05-04','2020-05-04',5915.69,1,1.00,'Factura B N°: 0006-00000057',NULL,NULL,'2020-08-26 02:00:01','2021-02-02 14:37:35','2021-02-02 14:37:35'),(951,333,0,NULL,951,2,40804,1989,13,21467,1,0,'2020-05-04','2020-05-04',6370.33,1,1.00,'Factura B N°: 0006-00000058',NULL,NULL,'2020-08-26 02:00:01','2021-02-02 14:37:35','2021-02-02 14:37:35'),(952,333,0,NULL,952,2,40804,1989,13,21467,1,0,'2020-05-05','2020-05-05',7735.00,1,1.00,'Factura B N°: 0006-00000064',NULL,NULL,'2020-08-26 02:00:01','2021-02-02 14:37:35','2021-02-02 14:37:35'),(953,333,0,NULL,953,2,40804,1989,13,21467,1,0,'2020-05-05','2020-05-05',7182.50,1,1.00,'Factura B N°: 0006-00000065',NULL,NULL,'2020-08-26 02:00:01','2021-02-02 14:37:35','2021-02-02 14:37:35'),(954,333,0,NULL,954,2,40804,1989,13,21467,1,0,'2020-05-05','2020-05-05',5414.50,1,1.00,'Factura B N°: 0006-00000066',NULL,NULL,'2020-08-26 02:00:01','2021-02-02 14:37:35','2021-02-02 14:37:35'),(955,333,0,NULL,955,2,40804,1989,13,21467,1,0,'2020-05-05','2020-05-05',5746.00,1,1.00,'Factura B N°: 0006-00000067',NULL,NULL,'2020-08-26 02:00:01','2021-02-02 14:37:35','2021-02-02 14:37:35'),(956,333,0,NULL,956,2,40804,1989,13,21467,1,0,'2020-05-05','2020-05-05',6304.10,1,1.00,'Factura B N°: 0006-00000068',NULL,NULL,'2020-08-26 02:00:01','2021-02-02 14:37:35','2021-02-02 14:37:35'),(957,333,0,NULL,957,2,40804,1989,13,21467,1,0,'2020-05-05','2020-05-05',5069.90,1,1.00,'Factura B N°: 0006-00000069',NULL,NULL,'2020-08-26 02:00:01','2021-02-02 14:37:35','2021-02-02 14:37:35'),(958,333,0,NULL,958,2,40804,1989,13,21467,1,0,'2020-05-05','2020-05-05',6961.50,1,1.00,'Factura B N°: 0006-00000070',NULL,NULL,'2020-08-26 02:00:02','2021-02-02 14:37:35','2021-02-02 14:37:35'),(959,333,0,NULL,959,2,40804,1989,13,21467,1,0,'2020-05-05','2020-05-05',5795.73,1,1.00,'Factura B N°: 0006-00000071',NULL,NULL,'2020-08-26 02:00:02','2021-02-02 14:37:35','2021-02-02 14:37:35'),(960,333,0,NULL,960,2,40804,1989,13,21467,1,0,'2020-05-06','2020-05-06',7735.00,1,1.00,'Factura B N°: 0006-00000072',NULL,NULL,'2020-08-26 02:00:02','2021-02-02 14:37:35','2021-02-02 14:37:35'),(961,333,0,NULL,961,2,40804,1989,13,21467,1,0,'2020-05-06','2020-05-06',7405.20,1,1.00,'Factura B N°: 0006-00000073',NULL,NULL,'2020-08-26 02:00:02','2021-02-02 14:37:35','2021-02-02 14:37:35'),(962,333,0,NULL,962,2,40804,1989,13,21467,1,0,'2020-05-06','2020-05-06',5789.10,1,1.00,'Factura B N°: 0006-00000074',NULL,NULL,'2020-08-26 02:00:02','2021-02-02 14:37:35','2021-02-02 14:37:35'),(963,333,0,NULL,963,2,40804,1989,13,21467,1,0,'2020-05-06','2020-05-06',4850.95,1,1.00,'Factura B N°: 0006-00000075',NULL,NULL,'2020-08-26 02:00:02','2021-02-02 14:37:35','2021-02-02 14:37:35'),(964,333,0,NULL,964,2,40804,1989,13,21467,1,0,'2020-05-06','2020-05-06',7182.50,1,1.00,'Factura B N°: 0006-00000076',NULL,NULL,'2020-08-26 02:00:02','2021-02-02 14:37:35','2021-02-02 14:37:35'),(965,333,0,NULL,965,2,40804,1989,13,21467,1,0,'2020-05-06','2020-05-06',5888.55,1,1.00,'Factura B N°: 0006-00000077',NULL,NULL,'2020-08-26 02:00:02','2021-02-02 14:37:35','2021-02-02 14:37:35'),(966,333,0,NULL,966,2,40804,1989,13,21467,1,0,'2020-05-06','2020-05-06',7514.00,1,1.00,'Factura B N°: 0006-00000078',NULL,NULL,'2020-08-26 02:00:02','2021-02-02 14:37:35','2021-02-02 14:37:35'),(967,333,0,NULL,967,2,40804,1989,13,21467,1,0,'2020-05-06','2020-05-06',7381.00,1,1.00,'Factura B N°: 0006-00000079',NULL,NULL,'2020-08-26 02:00:02','2021-02-02 14:37:35','2021-02-02 14:37:35'),(968,333,0,NULL,968,2,40804,1989,13,21467,1,0,'2020-05-06','2020-05-06',4860.90,1,1.00,'Factura B N°: 0006-00000080',NULL,NULL,'2020-08-26 02:00:02','2021-02-02 14:37:35','2021-02-02 14:37:35');
INSERT INTO `cta_cte_cliente` VALUES (969,333,0,NULL,969,2,40804,1989,13,21467,1,0,'2020-05-06','2020-05-06',5277.48,1,1.00,'Factura B N°: 0006-00000081',NULL,NULL,'2020-08-26 02:00:02','2021-02-02 14:37:35','2021-02-02 14:37:35'),(970,333,0,NULL,970,2,40804,1989,13,21467,1,0,'2020-05-06','2020-05-06',4838.79,1,1.00,'Factura B N°: 0006-00000082',NULL,NULL,'2020-08-26 02:00:02','2021-02-02 14:37:35','2021-02-02 14:37:35'),(971,333,0,NULL,971,2,40804,1989,13,21467,1,0,'2020-05-06','2020-05-06',6950.45,1,1.00,'Factura B N°: 0006-00000083',NULL,NULL,'2020-08-26 02:00:02','2021-02-02 14:37:35','2021-02-02 14:37:35'),(972,333,0,NULL,972,2,40804,1989,13,21467,1,0,'2020-05-06','2020-05-06',7735.00,1,1.00,'Factura B N°: 0006-00000084',NULL,NULL,'2020-08-26 02:00:02','2021-02-02 14:37:35','2021-02-02 14:37:35'),(973,333,0,NULL,973,2,40804,1989,13,21467,1,0,'2020-05-18','2020-05-18',153.99,1,1.00,'Factura B N°: 0006-00000085',NULL,NULL,'2020-08-26 02:00:02','2021-02-02 14:37:35','2021-02-02 14:37:35'),(974,333,0,NULL,974,2,40804,1989,13,21467,1,0,'2020-05-18','2020-05-18',70.00,1,1.00,'Factura B N°: 0006-00000086',NULL,NULL,'2020-08-26 02:00:02','2021-02-02 14:37:35','2021-02-02 14:37:35'),(975,333,0,NULL,975,2,40804,1989,13,21467,1,0,'2020-05-18','2020-05-18',63.98,1,1.00,'Factura B N°: 0006-00000087',NULL,NULL,'2020-08-26 02:00:02','2021-02-02 14:37:35','2021-02-02 14:37:35'),(976,333,0,NULL,976,2,40804,40807,13,21467,1,0,'2020-05-30','2020-05-30',3719.87,1,1.00,'Factura A N°: 0006-00000001',NULL,NULL,'2020-08-26 02:00:02','2021-02-02 14:37:35','2021-02-02 14:37:35'),(977,333,0,NULL,977,2,40804,1989,13,21468,1,0,'2020-06-03','2020-06-03',99.99,1,1.00,'Factura B N°: 0006-00000088',NULL,NULL,'2020-08-26 02:00:42','2021-02-02 14:37:35','2021-02-02 14:37:35'),(978,333,0,NULL,978,2,40804,1989,13,21468,1,0,'2020-06-08','2020-06-08',3720.00,1,1.00,'Factura B N°: 0006-00000089',NULL,NULL,'2020-08-26 02:00:42','2021-02-02 14:37:35','2021-02-02 14:37:35'),(979,333,0,NULL,979,2,40804,1989,13,21468,1,0,'2020-06-08','2020-06-08',160.00,1,1.00,'Factura B N°: 0006-00000090',NULL,NULL,'2020-08-26 02:00:42','2021-02-02 14:37:35','2021-02-02 14:37:35'),(980,333,0,NULL,980,2,40804,1989,13,21468,1,0,'2020-06-08','2020-06-08',180.00,1,1.00,'Factura B N°: 0006-00000091',NULL,NULL,'2020-08-26 02:00:42','2021-02-02 14:37:35','2021-02-02 14:37:35'),(981,333,0,NULL,981,2,40804,1989,13,21468,1,0,'2020-06-08','2020-06-08',246.01,1,1.00,'Factura B N°: 0006-00000092',NULL,NULL,'2020-08-26 02:00:42','2021-02-02 14:37:35','2021-02-02 14:37:35'),(982,333,0,NULL,982,2,40804,1989,13,21468,1,0,'2020-06-08','2020-06-08',240.00,1,1.00,'Factura B N°: 0006-00000093',NULL,NULL,'2020-08-26 02:00:42','2021-02-02 14:37:35','2021-02-02 14:37:35'),(983,333,0,NULL,983,2,40804,1989,13,21468,1,0,'2020-06-08','2020-06-08',224.00,1,1.00,'Factura B N°: 0006-00000094',NULL,NULL,'2020-08-26 02:00:42','2021-02-02 14:37:35','2021-02-02 14:37:35'),(984,333,0,NULL,984,2,40804,1989,13,21468,1,0,'2020-06-09','2020-06-09',89.54,1,1.00,'Factura B N°: 0006-00000095',NULL,NULL,'2020-08-26 02:00:42','2021-02-02 14:37:35','2021-02-02 14:37:35'),(985,333,0,NULL,985,2,40804,1989,13,21468,1,0,'2020-06-09','2020-06-09',120.00,1,1.00,'Factura B N°: 0006-00000096',NULL,NULL,'2020-08-26 02:00:42','2021-02-02 14:37:35','2021-02-02 14:37:35'),(986,333,0,NULL,986,2,40804,1989,13,21468,1,0,'2020-06-10','2020-06-10',10.00,1,1.00,'Factura B N°: 0006-00000097',NULL,NULL,'2020-08-26 02:00:42','2021-02-02 14:37:35','2021-02-02 14:37:35'),(987,333,0,NULL,987,2,40804,1989,13,21468,1,0,'2020-06-10','2020-06-10',312.00,1,1.00,'Factura B N°: 0006-00000098',NULL,NULL,'2020-08-26 02:00:42','2021-02-02 14:37:35','2021-02-02 14:37:35'),(988,333,0,NULL,988,2,40804,1989,13,21468,1,0,'2020-06-12','2020-06-12',160.00,1,1.00,'Factura B N°: 0006-00000099',NULL,NULL,'2020-08-26 02:00:42','2021-02-02 14:37:35','2021-02-02 14:37:35');
INSERT INTO `cta_cte_cliente` VALUES (989,333,0,NULL,989,2,40804,1989,13,21468,1,0,'2020-06-12','2020-06-12',220.00,1,1.00,'Factura B N°: 0006-00000100',NULL,NULL,'2020-08-26 02:00:42','2021-02-02 14:37:35','2021-02-02 14:37:35'),(990,333,0,NULL,990,2,40804,1989,13,21468,1,0,'2020-06-13','2020-06-13',240.00,1,1.00,'Factura B N°: 0006-00000101',NULL,NULL,'2020-08-26 02:00:42','2021-02-02 14:37:35','2021-02-02 14:37:35'),(991,333,0,NULL,991,2,40804,1989,13,21468,1,0,'2020-06-14','2020-06-14',255.00,1,1.00,'Factura B N°: 0006-00000102',NULL,NULL,'2020-08-26 02:00:42','2021-02-02 14:37:35','2021-02-02 14:37:35'),(992,333,0,NULL,992,2,40804,1989,13,21468,1,0,'2020-06-14','2020-06-14',343.00,1,1.00,'Factura B N°: 0006-00000103',NULL,NULL,'2020-08-26 02:00:42','2021-02-02 14:37:35','2021-02-02 14:37:35'),(993,333,0,NULL,993,2,40804,1989,13,21468,1,0,'2020-06-14','2020-06-14',240.00,1,1.00,'Factura B N°: 0006-00000104',NULL,NULL,'2020-08-26 02:00:42','2021-02-02 14:37:35','2021-02-02 14:37:35'),(994,333,0,NULL,994,2,40804,1989,13,21468,1,0,'2020-06-14','2020-06-14',120.00,1,1.00,'Factura B N°: 0006-00000105',NULL,NULL,'2020-08-26 02:00:42','2021-02-02 14:37:35','2021-02-02 14:37:35'),(995,333,0,NULL,995,2,40804,1989,13,21468,1,0,'2020-06-15','2020-06-15',479.99,1,1.00,'Factura B N°: 0006-00000106',NULL,NULL,'2020-08-26 02:00:42','2021-02-02 14:37:35','2021-02-02 14:37:35'),(996,333,0,NULL,996,2,40804,1989,13,21468,1,0,'2020-06-16','2020-06-16',240.00,1,1.00,'Factura B N°: 0006-00000107',NULL,NULL,'2020-08-26 02:00:42','2021-02-02 14:37:35','2021-02-02 14:37:35'),(997,333,0,NULL,997,2,40804,1989,13,21468,1,0,'2020-06-16','2020-06-16',320.00,1,1.00,'Factura B N°: 0006-00000108',NULL,NULL,'2020-08-26 02:00:42','2021-02-02 14:37:35','2021-02-02 14:37:35'),(998,333,0,NULL,998,2,40804,1989,13,21468,1,0,'2020-06-16','2020-06-16',184.00,1,1.00,'Factura B N°: 0006-00000109',NULL,NULL,'2020-08-26 02:00:42','2021-02-02 14:37:35','2021-02-02 14:37:35'),(999,333,0,NULL,999,2,40804,1989,13,21468,1,0,'2020-06-17','2020-06-17',234.99,1,1.00,'Factura B N°: 0006-00000110',NULL,NULL,'2020-08-26 02:00:42','2021-02-02 14:37:35','2021-02-02 14:37:35'),(1000,333,0,NULL,1000,2,40804,1989,13,21468,1,0,'2020-06-17','2020-06-17',189.99,1,1.00,'Factura B N°: 0006-00000111',NULL,NULL,'2020-08-26 02:00:42','2021-02-02 14:37:35','2021-02-02 14:37:35'),(1001,333,0,NULL,1001,2,40804,1989,13,21468,1,0,'2020-06-17','2020-06-17',150.00,1,1.00,'Factura B N°: 0006-00000112',NULL,NULL,'2020-08-26 02:00:42','2021-02-02 14:37:35','2021-02-02 14:37:35'),(1002,333,0,NULL,1002,2,40804,1989,13,21468,1,0,'2020-06-17','2020-06-17',225.00,1,1.00,'Factura B N°: 0006-00000113',NULL,NULL,'2020-08-26 02:00:42','2021-02-02 14:37:35','2021-02-02 14:37:35'),(1003,333,0,NULL,1003,2,40804,1989,13,21468,1,0,'2020-06-17','2020-06-17',240.00,1,1.00,'Factura B N°: 0006-00000114',NULL,NULL,'2020-08-26 02:00:42','2021-02-02 14:37:35','2021-02-02 14:37:35'),(1004,333,0,NULL,1004,2,40804,1989,13,21468,1,0,'2020-06-17','2020-06-17',120.00,1,1.00,'Factura B N°: 0006-00000115',NULL,NULL,'2020-08-26 02:00:42','2021-02-02 14:37:35','2021-02-02 14:37:35'),(1005,333,0,NULL,1005,2,40804,1989,13,21468,1,0,'2020-06-18','2020-06-18',450.00,1,1.00,'Factura B N°: 0006-00000116',NULL,NULL,'2020-08-26 02:00:42','2021-02-02 14:37:35','2021-02-02 14:37:35'),(1006,333,0,NULL,1006,2,40804,1989,13,21468,1,0,'2020-06-19','2020-06-19',440.00,1,1.00,'Factura B N°: 0006-00000117',NULL,NULL,'2020-08-26 02:00:42','2021-02-02 14:37:35','2021-02-02 14:37:35'),(1007,333,0,NULL,1007,2,40804,1989,13,21468,1,0,'2020-06-20','2020-06-20',285.00,1,1.00,'Factura B N°: 0006-00000118',NULL,NULL,'2020-08-26 02:00:42','2021-02-02 14:37:35','2021-02-02 14:37:35'),(1008,333,0,NULL,1008,2,40804,1989,13,21468,1,0,'2020-06-20','2020-06-20',310.00,1,1.00,'Factura B N°: 0006-00000119',NULL,NULL,'2020-08-26 02:00:42','2021-02-02 14:37:35','2021-02-02 14:37:35');
INSERT INTO `cta_cte_cliente` VALUES (1009,333,0,NULL,1009,2,40804,1989,13,21468,1,0,'2020-06-20','2020-06-20',120.00,1,1.00,'Factura B N°: 0006-00000120',NULL,NULL,'2020-08-26 02:00:42','2021-02-02 14:37:35','2021-02-02 14:37:35'),(1010,333,0,NULL,1010,2,40804,1989,13,21468,1,0,'2020-06-21','2020-06-21',749.00,1,1.00,'Factura B N°: 0006-00000121',NULL,NULL,'2020-08-26 02:00:42','2021-02-02 14:37:35','2021-02-02 14:37:35'),(1011,333,0,NULL,1011,2,40804,1989,13,21468,1,0,'2020-06-21','2020-06-21',279.00,1,1.00,'Factura B N°: 0006-00000122',NULL,NULL,'2020-08-26 02:00:42','2021-02-02 14:37:35','2021-02-02 14:37:35'),(1012,333,0,NULL,1012,2,40804,1989,13,21468,1,0,'2020-06-22','2020-06-22',155.00,1,1.00,'Factura B N°: 0006-00000123',NULL,NULL,'2020-08-26 02:00:42','2021-02-02 14:37:36','2021-02-02 14:37:36'),(1013,333,0,NULL,1013,2,40804,1989,13,21468,1,0,'2020-06-22','2020-06-22',180.00,1,1.00,'Factura B N°: 0006-00000124',NULL,NULL,'2020-08-26 02:00:42','2021-02-02 14:37:36','2021-02-02 14:37:36'),(1014,333,0,NULL,1014,2,40804,1989,13,21468,1,0,'2020-06-22','2020-06-22',160.00,1,1.00,'Factura B N°: 0006-00000125',NULL,NULL,'2020-08-26 02:00:42','2021-02-02 14:37:36','2021-02-02 14:37:36'),(1015,333,0,NULL,1015,2,40804,1989,13,21468,1,0,'2020-06-22','2020-06-22',160.00,1,1.00,'Factura B N°: 0006-00000126',NULL,NULL,'2020-08-26 02:00:42','2021-02-02 14:37:36','2021-02-02 14:37:36'),(1016,333,0,NULL,1016,2,40804,1989,13,21468,1,0,'2020-06-22','2020-06-22',160.00,1,1.00,'Factura B N°: 0006-00000127',NULL,NULL,'2020-08-26 02:00:42','2021-02-02 14:37:36','2021-02-02 14:37:36'),(1017,333,0,NULL,1017,2,40804,1989,13,21468,1,0,'2020-06-22','2020-06-22',315.00,1,1.00,'Factura B N°: 0006-00000128',NULL,NULL,'2020-08-26 02:00:42','2021-02-02 14:37:36','2021-02-02 14:37:36'),(1018,333,0,NULL,1018,2,40804,1989,13,21468,1,0,'2020-06-23','2020-06-23',189.99,1,1.00,'Factura B N°: 0006-00000129',NULL,NULL,'2020-08-26 02:00:42','2021-02-02 14:37:36','2021-02-02 14:37:36'),(1019,333,0,NULL,1019,2,40804,1989,13,21468,1,0,'2020-06-23','2020-06-23',285.00,1,1.00,'Factura B N°: 0006-00000130',NULL,NULL,'2020-08-26 02:00:42','2021-02-02 14:37:36','2021-02-02 14:37:36'),(1020,333,0,NULL,1020,2,40804,1989,13,21468,1,0,'2020-06-25','2020-06-25',189.99,1,1.00,'Factura B N°: 0006-00000131',NULL,NULL,'2020-08-26 02:00:42','2021-02-02 14:37:36','2021-02-02 14:37:36'),(1021,333,0,NULL,1021,2,40804,1989,13,21468,1,0,'2020-06-26','2020-06-26',120.00,1,1.00,'Factura B N°: 0006-00000132',NULL,NULL,'2020-08-26 02:00:42','2021-02-02 14:37:36','2021-02-02 14:37:36'),(1022,333,0,NULL,1022,2,40804,1989,13,21468,1,0,'2020-06-29','2020-06-29',189.99,1,1.00,'Factura B N°: 0006-00000133',NULL,NULL,'2020-08-26 02:00:42','2021-02-02 14:37:36','2021-02-02 14:37:36'),(1023,333,0,NULL,1023,2,40804,1989,13,21468,1,0,'2020-06-29','2020-06-29',150.00,1,1.00,'Factura B N°: 0006-00000134',NULL,NULL,'2020-08-26 02:00:42','2021-02-02 14:37:36','2021-02-02 14:37:36'),(1024,333,0,NULL,1024,2,40804,1989,13,21468,1,0,'2020-06-29','2020-06-29',120.00,1,1.00,'Factura B N°: 0006-00000135',NULL,NULL,'2020-08-26 02:00:42','2021-02-02 14:37:36','2021-02-02 14:37:36'),(1025,333,0,NULL,1025,2,40804,1989,13,21468,1,0,'2020-06-29','2020-06-29',200.00,1,1.00,'Factura B N°: 0006-00000136',NULL,NULL,'2020-08-26 02:00:42','2021-02-02 14:37:36','2021-02-02 14:37:36'),(1026,333,0,NULL,1026,2,40804,1989,13,21468,1,0,'2020-06-29','2020-06-29',180.00,1,1.00,'Factura B N°: 0006-00000137',NULL,NULL,'2020-08-26 02:00:42','2021-02-02 14:37:36','2021-02-02 14:37:36'),(1027,333,0,NULL,1027,2,40804,1989,13,21468,1,0,'2020-06-30','2020-06-30',225.00,1,1.00,'Factura B N°: 0006-00000138',NULL,NULL,'2020-08-26 02:00:42','2021-02-02 14:37:36','2021-02-02 14:37:36'),(1028,333,0,NULL,1028,2,40804,1989,13,21468,1,0,'2020-06-30','2020-06-30',240.00,1,1.00,'Factura B N°: 0006-00000139',NULL,NULL,'2020-08-26 02:00:42','2021-02-02 14:37:36','2021-02-02 14:37:36');
INSERT INTO `cta_cte_cliente` VALUES (1029,333,0,NULL,1029,2,40804,1989,13,21468,1,0,'2020-06-30','2020-06-30',150.00,1,1.00,'Factura B N°: 0006-00000140',NULL,NULL,'2020-08-26 02:00:42','2021-02-02 14:37:36','2021-02-02 14:37:36'),(1030,333,0,NULL,1030,2,40804,1989,13,21468,1,0,'2020-06-30','2020-06-30',318.00,1,1.00,'Factura B N°: 0006-00000141',NULL,NULL,'2020-08-26 02:00:42','2021-02-02 14:37:36','2021-02-02 14:37:36'),(1031,333,0,NULL,1031,2,40804,1989,13,21468,1,0,'2020-06-30','2020-06-30',217.00,1,1.00,'Factura B N°: 0006-00000142',NULL,NULL,'2020-08-26 02:00:42','2021-02-02 14:37:36','2021-02-02 14:37:36'),(1032,333,0,NULL,1032,2,40804,1989,13,21469,1,0,'2020-07-01','2020-07-01',360.00,1,1.00,'Factura B N°: 0006-00000143',NULL,NULL,'2020-08-26 02:02:06','2021-02-02 14:37:36','2021-02-02 14:37:36'),(1033,333,0,NULL,1033,2,40804,1989,13,21469,1,0,'2020-07-01','2020-07-01',160.00,1,1.00,'Factura B N°: 0006-00000144',NULL,NULL,'2020-08-26 02:02:06','2021-02-02 14:37:36','2021-02-02 14:37:36'),(1034,333,0,NULL,1034,2,40804,1989,13,21469,1,0,'2020-07-01','2020-07-01',255.00,1,1.00,'Factura B N°: 0006-00000145',NULL,NULL,'2020-08-26 02:02:06','2021-02-02 14:37:36','2021-02-02 14:37:36'),(1035,333,0,NULL,1035,2,40804,1989,13,21469,1,0,'2020-07-01','2020-07-01',220.00,1,1.00,'Factura B N°: 0006-00000146',NULL,NULL,'2020-08-26 02:02:06','2021-02-02 14:37:36','2021-02-02 14:37:36'),(1036,333,0,NULL,1036,2,40804,1989,13,21469,1,0,'2020-07-02','2020-07-02',824.00,1,1.00,'Factura B N°: 0006-00000147',NULL,NULL,'2020-08-26 02:02:06','2021-02-02 14:37:36','2021-02-02 14:37:36'),(1037,333,0,NULL,1037,2,40804,1989,13,21469,1,0,'2020-07-06','2020-07-06',320.00,1,1.00,'Factura B N°: 0006-00000148',NULL,NULL,'2020-08-26 02:02:06','2021-02-02 14:37:36','2021-02-02 14:37:36'),(1038,333,0,NULL,1038,2,40804,1989,13,21469,1,0,'2020-07-06','2020-07-06',150.00,1,1.00,'Factura B N°: 0006-00000149',NULL,NULL,'2020-08-26 02:02:06','2021-02-02 14:37:36','2021-02-02 14:37:36'),(1039,333,0,NULL,1039,2,40804,1989,13,21469,1,0,'2020-07-06','2020-07-06',245.00,1,1.00,'Factura B N°: 0006-00000150',NULL,NULL,'2020-08-26 02:02:06','2021-02-02 14:37:36','2021-02-02 14:37:36'),(1040,333,0,NULL,1040,2,40804,1989,13,21469,1,0,'2020-07-06','2020-07-06',215.00,1,1.00,'Factura B N°: 0006-00000151',NULL,NULL,'2020-08-26 02:02:06','2021-02-02 14:37:36','2021-02-02 14:37:36'),(1041,333,0,NULL,1041,2,40804,1989,13,21469,1,0,'2020-07-06','2020-07-06',233.00,1,1.00,'Factura B N°: 0006-00000152',NULL,NULL,'2020-08-26 02:02:06','2021-02-02 14:37:36','2021-02-02 14:37:36'),(1042,333,0,NULL,1042,2,40804,1989,13,21469,1,0,'2020-07-06','2020-07-06',250.00,1,1.00,'Factura B N°: 0006-00000153',NULL,NULL,'2020-08-26 02:02:06','2021-02-02 14:37:36','2021-02-02 14:37:36'),(1043,333,0,NULL,1043,2,40804,1989,13,21469,1,0,'2020-07-06','2020-07-06',335.00,1,1.00,'Factura B N°: 0006-00000154',NULL,NULL,'2020-08-26 02:02:06','2021-02-02 14:37:36','2021-02-02 14:37:36'),(1044,333,0,NULL,1044,2,40804,1989,13,21469,1,0,'2020-07-06','2020-07-06',313.00,1,1.00,'Factura B N°: 0006-00000155',NULL,NULL,'2020-08-26 02:02:06','2021-02-02 14:37:36','2021-02-02 14:37:36'),(1045,333,0,NULL,1045,2,40804,1989,13,21469,1,0,'2020-07-06','2020-07-06',259.00,1,1.00,'Factura B N°: 0006-00000156',NULL,NULL,'2020-08-26 02:02:06','2021-02-02 14:37:36','2021-02-02 14:37:36'),(1046,333,0,NULL,1046,2,40804,1989,13,21469,1,0,'2020-07-07','2020-07-07',200.00,1,1.00,'Factura B N°: 0006-00000157',NULL,NULL,'2020-08-26 02:02:06','2021-02-02 14:37:36','2021-02-02 14:37:36'),(1047,333,0,NULL,1047,2,40804,1989,13,21469,1,0,'2020-07-07','2020-07-07',240.00,1,1.00,'Factura B N°: 0006-00000158',NULL,NULL,'2020-08-26 02:02:06','2021-02-02 14:37:36','2021-02-02 14:37:36'),(1048,333,0,NULL,1048,2,40804,1989,13,21469,1,0,'2020-07-07','2020-07-07',290.00,1,1.00,'Factura B N°: 0006-00000159',NULL,NULL,'2020-08-26 02:02:06','2021-02-02 14:37:36','2021-02-02 14:37:36');
INSERT INTO `cta_cte_cliente` VALUES (1049,333,0,NULL,1049,2,40804,1989,13,21469,1,0,'2020-07-07','2020-07-07',120.00,1,1.00,'Factura B N°: 0006-00000160',NULL,NULL,'2020-08-26 02:02:06','2021-02-02 14:37:36','2021-02-02 14:37:36'),(1050,333,0,NULL,1050,2,40804,1989,13,21469,1,0,'2020-07-07','2020-07-07',585.00,1,1.00,'Factura B N°: 0006-00000161',NULL,NULL,'2020-08-26 02:02:07','2021-02-02 14:37:36','2021-02-02 14:37:36'),(1051,333,0,NULL,1051,2,40804,1989,13,21469,1,0,'2020-07-08','2020-07-08',285.00,1,1.00,'Factura B N°: 0006-00000162',NULL,NULL,'2020-08-26 02:02:07','2021-02-02 14:37:36','2021-02-02 14:37:36'),(1052,333,0,NULL,1052,2,40804,1989,13,21469,1,0,'2020-07-08','2020-07-08',180.00,1,1.00,'Factura B N°: 0006-00000163',NULL,NULL,'2020-08-26 02:02:07','2021-02-02 14:37:36','2021-02-02 14:37:36'),(1053,333,0,NULL,1053,2,40804,1989,13,21469,1,0,'2020-07-08','2020-07-08',215.00,1,1.00,'Factura B N°: 0006-00000164',NULL,NULL,'2020-08-26 02:02:07','2021-02-02 14:37:36','2021-02-02 14:37:36'),(1054,333,0,NULL,1054,2,40804,1989,13,21469,1,0,'2020-07-08','2020-07-08',340.00,1,1.00,'Factura B N°: 0006-00000165',NULL,NULL,'2020-08-26 02:02:07','2021-02-02 14:37:36','2021-02-02 14:37:36'),(1055,333,0,NULL,1055,2,40804,1989,13,21469,1,0,'2020-07-08','2020-07-08',300.00,1,1.00,'Factura B N°: 0006-00000166',NULL,NULL,'2020-08-26 02:02:07','2021-02-02 14:37:36','2021-02-02 14:37:36'),(1056,333,0,NULL,1056,2,40804,1989,13,21469,1,0,'2020-07-08','2020-07-08',569.99,1,1.00,'Factura B N°: 0006-00000167',NULL,NULL,'2020-08-26 02:02:07','2021-02-02 14:37:36','2021-02-02 14:37:36'),(1057,333,0,NULL,1057,2,40804,1989,13,21469,1,0,'2020-07-09','2020-07-09',158.00,1,1.00,'Factura B N°: 0006-00000168',NULL,NULL,'2020-08-26 02:02:07','2021-02-02 14:37:36','2021-02-02 14:37:36'),(1058,333,0,NULL,1058,2,40804,1989,13,21469,1,0,'2020-07-09','2020-07-09',230.00,1,1.00,'Factura B N°: 0006-00000169',NULL,NULL,'2020-08-26 02:02:07','2021-02-02 14:37:36','2021-02-02 14:37:36'),(1059,333,0,NULL,1059,2,40804,1989,13,21469,1,0,'2020-07-09','2020-07-09',200.00,1,1.00,'Factura B N°: 0006-00000170',NULL,NULL,'2020-08-26 02:02:07','2021-02-02 14:37:36','2021-02-02 14:37:36'),(1060,333,0,NULL,1060,2,40804,1989,13,21469,1,0,'2020-07-10','2020-07-10',410.00,1,1.00,'Factura B N°: 0006-00000171',NULL,NULL,'2020-08-26 02:02:07','2021-02-02 14:37:36','2021-02-02 14:37:36'),(1061,333,0,NULL,1061,2,40804,1989,13,21469,1,0,'2020-07-10','2020-07-10',380.00,1,1.00,'Factura B N°: 0006-00000172',NULL,NULL,'2020-08-26 02:02:07','2021-02-02 14:37:36','2021-02-02 14:37:36'),(1062,333,0,NULL,1062,2,40804,1989,13,21469,1,0,'2020-07-10','2020-07-10',435.00,1,1.00,'Factura B N°: 0006-00000173',NULL,NULL,'2020-08-26 02:02:07','2021-02-02 14:37:36','2021-02-02 14:37:36'),(1063,333,0,NULL,1063,2,40804,1989,13,21469,1,0,'2020-07-10','2020-07-10',185.00,1,1.00,'Factura B N°: 0006-00000174',NULL,NULL,'2020-08-26 02:02:07','2021-02-02 14:37:36','2021-02-02 14:37:36'),(1064,333,0,NULL,1064,2,40804,1989,13,21469,1,0,'2020-07-11','2020-07-11',144.99,1,1.00,'Factura B N°: 0006-00000175',NULL,NULL,'2020-08-26 02:02:07','2021-02-02 14:37:36','2021-02-02 14:37:36'),(1065,333,0,NULL,1065,2,40804,1989,13,21469,1,0,'2020-07-11','2020-07-11',395.00,1,1.00,'Factura B N°: 0006-00000176',NULL,NULL,'2020-08-26 02:02:07','2021-02-02 14:37:36','2021-02-02 14:37:36'),(1066,333,0,NULL,1066,2,40804,1989,13,21469,1,0,'2020-07-11','2020-07-11',326.00,1,1.00,'Factura B N°: 0006-00000177',NULL,NULL,'2020-08-26 02:02:07','2021-02-02 14:37:36','2021-02-02 14:37:36'),(1067,333,0,NULL,1067,2,40804,1989,13,21469,1,0,'2020-07-11','2020-07-11',250.00,1,1.00,'Factura B N°: 0006-00000178',NULL,NULL,'2020-08-26 02:02:07','2021-02-02 14:37:36','2021-02-02 14:37:36'),(1068,333,0,NULL,1068,2,40804,1989,13,21469,1,0,'2020-07-12','2020-07-12',120.00,1,1.00,'Factura B N°: 0006-00000179',NULL,NULL,'2020-08-26 02:02:07','2021-02-02 14:37:36','2021-02-02 14:37:36');
INSERT INTO `cta_cte_cliente` VALUES (1069,333,0,NULL,1069,2,40804,1989,13,21469,1,0,'2020-07-12','2020-07-12',190.00,1,1.00,'Factura B N°: 0006-00000180',NULL,NULL,'2020-08-26 02:02:07','2021-02-02 14:37:36','2021-02-02 14:37:36'),(1070,333,0,NULL,1070,2,40804,1989,13,21469,1,0,'2020-07-12','2020-07-12',155.00,1,1.00,'Factura B N°: 0006-00000181',NULL,NULL,'2020-08-26 02:02:07','2021-02-02 14:37:36','2021-02-02 14:37:36'),(1071,333,0,NULL,1071,2,40804,1989,13,21469,1,0,'2020-07-12','2020-07-12',250.00,1,1.00,'Factura B N°: 0006-00000182',NULL,NULL,'2020-08-26 02:02:07','2021-02-02 14:37:36','2021-02-02 14:37:36'),(1072,333,0,NULL,1072,2,40804,1989,13,21469,1,0,'2020-07-12','2020-07-12',380.00,1,1.00,'Factura B N°: 0006-00000183',NULL,NULL,'2020-08-26 02:02:07','2021-02-02 14:37:36','2021-02-02 14:37:36'),(1073,333,0,NULL,1073,2,40804,1989,13,21469,1,0,'2020-07-13','2020-07-13',125.01,1,1.00,'Factura B N°: 0006-00000184',NULL,NULL,'2020-08-26 02:02:07','2021-02-02 14:37:36','2021-02-02 14:37:36'),(1074,333,0,NULL,1074,2,40804,1989,13,21469,1,0,'2020-07-13','2020-07-13',540.00,1,1.00,'Factura B N°: 0006-00000185',NULL,NULL,'2020-08-26 02:02:07','2021-02-02 14:37:36','2021-02-02 14:37:36'),(1075,333,0,NULL,1075,2,40804,1989,13,21469,1,0,'2020-07-13','2020-07-13',569.99,1,1.00,'Factura B N°: 0006-00000186',NULL,NULL,'2020-08-26 02:02:07','2021-02-02 14:37:36','2021-02-02 14:37:36'),(1076,333,0,NULL,1076,2,40804,1989,13,21469,1,0,'2020-07-15','2020-07-15',285.00,1,1.00,'Factura B N°: 0006-00000187',NULL,NULL,'2020-08-26 02:02:07','2021-02-02 14:37:36','2021-02-02 14:37:36'),(1077,333,0,NULL,1077,2,40804,1989,13,21469,1,0,'2020-07-15','2020-07-15',123.00,1,1.00,'Factura B N°: 0006-00000188',NULL,NULL,'2020-08-26 02:02:07','2021-02-02 14:37:36','2021-02-02 14:37:36'),(1078,333,0,NULL,1078,2,40804,1989,13,21469,1,0,'2020-07-15','2020-07-15',285.00,1,1.00,'Factura B N°: 0006-00000189',NULL,NULL,'2020-08-26 02:02:07','2021-02-02 14:37:36','2021-02-02 14:37:36'),(1079,333,0,NULL,1079,2,40804,1989,13,21469,1,0,'2020-07-15','2020-07-15',123.00,1,1.00,'Factura B N°: 0006-00000190',NULL,NULL,'2020-08-26 02:02:07','2021-02-02 14:37:36','2021-02-02 14:37:36'),(1080,333,0,NULL,1080,2,40804,1989,13,21469,1,0,'2020-07-15','2020-07-15',515.00,1,1.00,'Factura B N°: 0006-00000191',NULL,NULL,'2020-08-26 02:02:07','2021-02-02 14:37:36','2021-02-02 14:37:36'),(1081,333,0,NULL,1081,2,40804,1989,13,21469,1,0,'2020-07-15','2020-07-15',225.00,1,1.00,'Factura B N°: 0006-00000192',NULL,NULL,'2020-08-26 02:02:07','2021-02-02 14:37:36','2021-02-02 14:37:36'),(1082,333,0,NULL,1082,2,40804,1989,13,21469,1,0,'2020-07-16','2020-07-16',288.00,1,1.00,'Factura B N°: 0006-00000193',NULL,NULL,'2020-08-26 02:02:07','2021-02-02 14:37:36','2021-02-02 14:37:36'),(1083,333,0,NULL,1083,2,40804,1989,13,21469,1,0,'2020-07-16','2020-07-16',255.00,1,1.00,'Factura B N°: 0006-00000194',NULL,NULL,'2020-08-26 02:02:07','2021-02-02 14:37:36','2021-02-02 14:37:36'),(1084,333,0,NULL,1084,2,40804,1989,13,21469,1,0,'2020-07-16','2020-07-16',140.00,1,1.00,'Factura B N°: 0006-00000195',NULL,NULL,'2020-08-26 02:02:07','2021-02-02 14:37:36','2021-02-02 14:37:36'),(1085,333,0,NULL,1085,2,40804,1989,13,21469,1,0,'2020-07-16','2020-07-16',160.00,1,1.00,'Factura B N°: 0006-00000196',NULL,NULL,'2020-08-26 02:02:07','2021-02-02 14:37:36','2021-02-02 14:37:36'),(1086,333,0,NULL,1086,2,40804,1989,13,21469,1,0,'2020-07-17','2020-07-17',155.00,1,1.00,'Factura B N°: 0006-00000197',NULL,NULL,'2020-08-26 02:02:07','2021-02-02 14:37:36','2021-02-02 14:37:36'),(1087,333,0,NULL,1087,2,40804,1989,13,21469,1,0,'2020-07-17','2020-07-17',180.00,1,1.00,'Factura B N°: 0006-00000198',NULL,NULL,'2020-08-26 02:02:07','2021-02-02 14:37:36','2021-02-02 14:37:36'),(1088,333,0,NULL,1088,2,40804,1989,13,21469,1,0,'2020-07-17','2020-07-17',230.00,1,1.00,'Factura B N°: 0006-00000199',NULL,NULL,'2020-08-26 02:02:07','2021-02-02 14:37:36','2021-02-02 14:37:36');
INSERT INTO `cta_cte_cliente` VALUES (1089,333,0,NULL,1089,2,40804,1989,13,21469,1,0,'2020-07-17','2020-07-17',590.00,1,1.00,'Factura B N°: 0006-00000200',NULL,NULL,'2020-08-26 02:02:07','2021-02-02 14:37:36','2021-02-02 14:37:36'),(1090,333,0,NULL,1090,2,40804,1989,13,21469,1,0,'2020-07-17','2020-07-17',160.00,1,1.00,'Factura B N°: 0006-00000201',NULL,NULL,'2020-08-26 02:02:07','2021-02-02 14:37:36','2021-02-02 14:37:36'),(1091,333,0,NULL,1091,2,40804,1989,13,21469,1,0,'2020-07-18','2020-07-18',335.00,1,1.00,'Factura B N°: 0006-00000202',NULL,NULL,'2020-08-26 02:02:07','2021-02-02 14:37:36','2021-02-02 14:37:36'),(1092,333,0,NULL,1092,2,40804,1989,13,21469,1,0,'2020-07-18','2020-07-18',240.00,1,1.00,'Factura B N°: 0006-00000203',NULL,NULL,'2020-08-26 02:02:07','2021-02-02 14:37:36','2021-02-02 14:37:36'),(1093,333,0,NULL,1093,2,40804,1989,13,21469,1,0,'2020-07-18','2020-07-18',363.00,1,1.00,'Factura B N°: 0006-00000204',NULL,NULL,'2020-08-26 02:02:07','2021-02-02 14:37:36','2021-02-02 14:37:36'),(1094,333,0,NULL,1094,2,40804,1989,13,21469,1,0,'2020-07-18','2020-07-18',300.00,1,1.00,'Factura B N°: 0006-00000205',NULL,NULL,'2020-08-26 02:02:07','2021-02-02 14:37:36','2021-02-02 14:37:36'),(1095,333,0,NULL,1095,2,40804,1989,13,21469,1,0,'2020-07-18','2020-07-18',180.00,1,1.00,'Factura B N°: 0006-00000206',NULL,NULL,'2020-08-26 02:02:07','2021-02-02 14:37:36','2021-02-02 14:37:36'),(1096,333,0,NULL,1096,2,40804,1989,13,21469,1,0,'2020-07-19','2020-07-19',139.00,1,1.00,'Factura B N°: 0006-00000207',NULL,NULL,'2020-08-26 02:02:07','2021-02-02 14:37:36','2021-02-02 14:37:36'),(1097,333,0,NULL,1097,2,40804,1989,13,21469,1,0,'2020-07-19','2020-07-19',215.00,1,1.00,'Factura B N°: 0006-00000208',NULL,NULL,'2020-08-26 02:02:07','2021-02-02 14:37:36','2021-02-02 14:37:36'),(1098,333,0,NULL,1098,2,40804,1989,13,21469,1,0,'2020-07-19','2020-07-19',189.99,1,1.00,'Factura B N°: 0006-00000209',NULL,NULL,'2020-08-26 02:02:07','2021-02-02 14:37:36','2021-02-02 14:37:36'),(1099,333,0,NULL,1099,2,40804,1989,13,21469,1,0,'2020-07-19','2020-07-19',189.99,1,1.00,'Factura B N°: 0006-00000210',NULL,NULL,'2020-08-26 02:02:07','2021-02-02 14:37:36','2021-02-02 14:37:36'),(1100,333,0,NULL,1100,2,40804,1989,13,21469,1,0,'2020-07-19','2020-07-19',205.00,1,1.00,'Factura B N°: 0006-00000211',NULL,NULL,'2020-08-26 02:02:07','2021-02-02 14:37:36','2021-02-02 14:37:36'),(1101,333,0,NULL,1101,2,40804,1989,13,21469,1,0,'2020-07-19','2020-07-19',255.00,1,1.00,'Factura B N°: 0006-00000212',NULL,NULL,'2020-08-26 02:02:07','2021-02-02 14:37:36','2021-02-02 14:37:36'),(1102,333,0,NULL,1102,2,40804,1989,13,21469,1,0,'2020-07-20','2020-07-20',250.00,1,1.00,'Factura B N°: 0006-00000213',NULL,NULL,'2020-08-26 02:02:07','2021-02-02 14:37:36','2021-02-02 14:37:36'),(1103,333,0,NULL,1103,2,40804,1989,13,21469,1,0,'2020-07-20','2020-07-20',375.00,1,1.00,'Factura B N°: 0006-00000214',NULL,NULL,'2020-08-26 02:02:07','2021-02-02 14:37:36','2021-02-02 14:37:36'),(1104,333,0,NULL,1104,2,40804,1989,13,21469,1,0,'2020-07-20','2020-07-20',240.00,1,1.00,'Factura B N°: 0006-00000215',NULL,NULL,'2020-08-26 02:02:07','2021-02-02 14:37:36','2021-02-02 14:37:36'),(1105,333,0,NULL,1105,2,40804,1989,13,21469,1,0,'2020-07-21','2020-07-21',230.00,1,1.00,'Factura B N°: 0006-00000216',NULL,NULL,'2020-08-26 02:02:07','2021-02-02 14:37:36','2021-02-02 14:37:36'),(1106,333,0,NULL,1106,2,40804,1989,13,21469,1,0,'2020-07-21','2020-07-21',220.00,1,1.00,'Factura B N°: 0006-00000217',NULL,NULL,'2020-08-26 02:02:07','2021-02-02 14:37:36','2021-02-02 14:37:36'),(1107,333,0,NULL,1107,2,40804,1989,13,21469,1,0,'2020-07-21','2020-07-21',233.00,1,1.00,'Factura B N°: 0006-00000218',NULL,NULL,'2020-08-26 02:02:07','2021-02-02 14:37:36','2021-02-02 14:37:36'),(1108,333,0,NULL,1108,2,40804,1989,13,21469,1,0,'2020-07-21','2020-07-21',240.00,1,1.00,'Factura B N°: 0006-00000219',NULL,NULL,'2020-08-26 02:02:07','2021-02-02 14:37:36','2021-02-02 14:37:36');
INSERT INTO `cta_cte_cliente` VALUES (1109,333,0,NULL,1109,2,40804,1989,13,21469,1,0,'2020-07-21','2020-07-21',340.00,1,1.00,'Factura B N°: 0006-00000220',NULL,NULL,'2020-08-26 02:02:07','2021-02-02 14:37:36','2021-02-02 14:37:36'),(1110,333,0,NULL,1110,2,40804,1989,13,21469,1,0,'2020-07-21','2020-07-21',150.00,1,1.00,'Factura B N°: 0006-00000221',NULL,NULL,'2020-08-26 02:02:08','2021-02-02 14:37:36','2021-02-02 14:37:36'),(1111,333,0,NULL,1111,2,40804,1989,13,21469,1,0,'2020-07-21','2020-07-21',370.01,1,1.00,'Factura B N°: 0006-00000222',NULL,NULL,'2020-08-26 02:02:08','2021-02-02 14:37:36','2021-02-02 14:37:36'),(1112,333,0,NULL,1112,2,40804,1989,13,21469,1,0,'2020-07-22','2020-07-22',320.00,1,1.00,'Factura B N°: 0006-00000223',NULL,NULL,'2020-08-26 02:02:08','2021-02-02 14:37:36','2021-02-02 14:37:36'),(1113,333,0,NULL,1113,2,40804,1989,13,21469,1,0,'2020-07-22','2020-07-22',360.00,1,1.00,'Factura B N°: 0006-00000224',NULL,NULL,'2020-08-26 02:02:08','2021-02-02 14:37:36','2021-02-02 14:37:36'),(1114,333,0,NULL,1114,2,40804,1989,13,21469,1,0,'2020-07-22','2020-07-22',189.99,1,1.00,'Factura B N°: 0006-00000225',NULL,NULL,'2020-08-26 02:02:08','2021-02-02 14:37:36','2021-02-02 14:37:36'),(1115,333,0,NULL,1115,2,40804,1989,13,21469,1,0,'2020-07-22','2020-07-22',620.00,1,1.00,'Factura B N°: 0006-00000226',NULL,NULL,'2020-08-26 02:02:08','2021-02-02 14:37:36','2021-02-02 14:37:36'),(1116,333,0,NULL,1116,2,40804,1989,13,21469,1,0,'2020-07-22','2020-07-22',310.00,1,1.00,'Factura B N°: 0006-00000227',NULL,NULL,'2020-08-26 02:02:08','2021-02-02 14:37:36','2021-02-02 14:37:36'),(1117,333,0,NULL,1117,2,40804,1989,13,21469,1,0,'2020-07-23','2020-07-23',260.00,1,1.00,'Factura B N°: 0006-00000228',NULL,NULL,'2020-08-26 02:02:08','2021-02-02 14:37:36','2021-02-02 14:37:36'),(1118,333,0,NULL,1118,2,40804,1989,13,21469,1,0,'2020-07-23','2020-07-23',286.00,1,1.00,'Factura B N°: 0006-00000229',NULL,NULL,'2020-08-26 02:02:08','2021-02-02 14:37:36','2021-02-02 14:37:36'),(1119,333,0,NULL,1119,2,40804,1989,13,21469,1,0,'2020-07-23','2020-07-23',195.00,1,1.00,'Factura B N°: 0006-00000230',NULL,NULL,'2020-08-26 02:02:08','2021-02-02 14:37:36','2021-02-02 14:37:36'),(1120,333,0,NULL,1120,2,40804,1989,13,21469,1,0,'2020-07-23','2020-07-23',150.00,1,1.00,'Factura B N°: 0006-00000231',NULL,NULL,'2020-08-26 02:02:08','2021-02-02 14:37:36','2021-02-02 14:37:36'),(1121,333,0,NULL,1121,2,40804,1989,13,21469,1,0,'2020-07-23','2020-07-23',222.00,1,1.00,'Factura B N°: 0006-00000232',NULL,NULL,'2020-08-26 02:02:08','2021-02-02 14:37:36','2021-02-02 14:37:36'),(1122,333,0,NULL,1122,2,40804,1989,13,21469,1,0,'2020-07-23','2020-07-23',200.00,1,1.00,'Factura B N°: 0006-00000233',NULL,NULL,'2020-08-26 02:02:08','2021-02-02 14:37:36','2021-02-02 14:37:36'),(1123,333,0,NULL,1123,2,40804,1989,13,21469,1,0,'2020-07-23','2020-07-23',375.00,1,1.00,'Factura B N°: 0006-00000234',NULL,NULL,'2020-08-26 02:02:08','2021-02-02 14:37:36','2021-02-02 14:37:36'),(1124,333,0,NULL,1124,2,40804,1989,13,21469,1,0,'2020-07-23','2020-07-23',155.00,1,1.00,'Factura B N°: 0006-00000235',NULL,NULL,'2020-08-26 02:02:08','2021-02-02 14:37:36','2021-02-02 14:37:36'),(1125,333,0,NULL,1125,2,40804,1989,13,21469,1,0,'2020-07-23','2020-07-23',160.00,1,1.00,'Factura B N°: 0006-00000236',NULL,NULL,'2020-08-26 02:02:08','2021-02-02 14:37:36','2021-02-02 14:37:36'),(1126,333,0,NULL,1126,2,40804,1989,13,21469,1,0,'2020-07-24','2020-07-24',189.99,1,1.00,'Factura B N°: 0006-00000237',NULL,NULL,'2020-08-26 02:02:08','2021-02-02 14:37:36','2021-02-02 14:37:36'),(1127,333,0,NULL,1127,2,40804,1989,13,21469,1,0,'2020-07-24','2020-07-24',178.00,1,1.00,'Factura B N°: 0006-00000238',NULL,NULL,'2020-08-26 02:02:08','2021-02-02 14:37:36','2021-02-02 14:37:36'),(1128,333,0,NULL,1128,2,40804,1989,13,21469,1,0,'2020-07-24','2020-07-24',60.00,1,1.00,'Factura B N°: 0006-00000239',NULL,NULL,'2020-08-26 02:02:08','2021-02-02 14:37:36','2021-02-02 14:37:36');
INSERT INTO `cta_cte_cliente` VALUES (1129,333,0,NULL,1129,2,40804,1989,13,21469,1,0,'2020-07-24','2020-07-24',364.00,1,1.00,'Factura B N°: 0006-00000240',NULL,NULL,'2020-08-26 02:02:08','2021-02-02 14:37:36','2021-02-02 14:37:36'),(1130,333,0,NULL,1130,2,40804,1989,13,21469,1,0,'2020-07-25','2020-07-25',220.00,1,1.00,'Factura B N°: 0006-00000241',NULL,NULL,'2020-08-26 02:02:08','2021-02-02 14:37:36','2021-02-02 14:37:36'),(1131,333,0,NULL,1131,2,40804,1989,13,21469,1,0,'2020-07-25','2020-07-25',189.99,1,1.00,'Factura B N°: 0006-00000242',NULL,NULL,'2020-08-26 02:02:08','2021-02-02 14:37:36','2021-02-02 14:37:36'),(1132,333,0,NULL,1132,2,40804,1989,13,21469,1,0,'2020-07-25','2020-07-25',189.99,1,1.00,'Factura B N°: 0006-00000243',NULL,NULL,'2020-08-26 02:02:08','2021-02-02 14:37:36','2021-02-02 14:37:36'),(1133,333,0,NULL,1133,2,40804,1989,13,21469,1,0,'2020-07-25','2020-07-25',240.00,1,1.00,'Factura B N°: 0006-00000244',NULL,NULL,'2020-08-26 02:02:08','2021-02-02 14:37:36','2021-02-02 14:37:36'),(1134,333,0,NULL,1134,2,40804,1989,13,21469,1,0,'2020-07-25','2020-07-25',240.00,1,1.00,'Factura B N°: 0006-00000245',NULL,NULL,'2020-08-26 02:02:08','2021-02-02 14:37:36','2021-02-02 14:37:36'),(1135,333,0,NULL,1135,2,40804,1989,13,21469,1,0,'2020-07-25','2020-07-25',170.01,1,1.00,'Factura B N°: 0006-00000246',NULL,NULL,'2020-08-26 02:02:08','2021-02-02 14:37:36','2021-02-02 14:37:36'),(1136,333,0,NULL,1136,2,40804,1989,13,21469,1,0,'2020-07-25','2020-07-25',555.00,1,1.00,'Factura B N°: 0006-00000247',NULL,NULL,'2020-08-26 02:02:08','2021-02-02 14:37:36','2021-02-02 14:37:36'),(1137,333,0,NULL,1137,2,40804,1989,13,21469,1,0,'2020-07-25','2020-07-25',240.00,1,1.00,'Factura B N°: 0006-00000248',NULL,NULL,'2020-08-26 02:02:08','2021-02-02 14:37:36','2021-02-02 14:37:36'),(1138,333,0,NULL,1138,2,40804,1989,13,21469,1,0,'2020-07-25','2020-07-25',189.99,1,1.00,'Factura B N°: 0006-00000249',NULL,NULL,'2020-08-26 02:02:08','2021-02-02 14:37:36','2021-02-02 14:37:36'),(1139,333,0,NULL,1139,2,40804,1989,13,21469,1,0,'2020-07-25','2020-07-25',335.00,1,1.00,'Factura B N°: 0006-00000250',NULL,NULL,'2020-08-26 02:02:08','2021-02-02 14:37:36','2021-02-02 14:37:36'),(1140,333,0,NULL,1140,2,40804,1989,13,21469,1,0,'2020-07-25','2020-07-25',130.00,1,1.00,'Factura B N°: 0006-00000251',NULL,NULL,'2020-08-26 02:02:08','2021-02-02 14:37:36','2021-02-02 14:37:36'),(1141,333,0,NULL,1141,2,40804,1989,13,21469,1,0,'2020-07-25','2020-07-25',180.00,1,1.00,'Factura B N°: 0006-00000252',NULL,NULL,'2020-08-26 02:02:08','2021-02-02 14:37:36','2021-02-02 14:37:36'),(1142,333,0,NULL,1142,2,40804,1989,13,21469,1,0,'2020-07-25','2020-07-25',244.00,1,1.00,'Factura B N°: 0006-00000253',NULL,NULL,'2020-08-26 02:02:08','2021-02-02 14:37:36','2021-02-02 14:37:36'),(1143,333,0,NULL,1143,2,40804,1989,13,21469,1,0,'2020-07-25','2020-07-25',340.00,1,1.00,'Factura B N°: 0006-00000254',NULL,NULL,'2020-08-26 02:02:08','2021-02-02 14:37:36','2021-02-02 14:37:36'),(1144,333,0,NULL,1144,2,40804,1989,13,21469,1,0,'2020-07-26','2020-07-26',220.00,1,1.00,'Factura B N°: 0006-00000255',NULL,NULL,'2020-08-26 02:02:08','2021-02-02 14:37:36','2021-02-02 14:37:36'),(1145,333,0,NULL,1145,2,40804,1989,13,21469,1,0,'2020-07-26','2020-07-26',120.00,1,1.00,'Factura B N°: 0006-00000256',NULL,NULL,'2020-08-26 02:02:08','2021-02-02 14:37:36','2021-02-02 14:37:36'),(1146,333,0,NULL,1146,2,40804,1989,13,21469,1,0,'2020-07-26','2020-07-26',250.00,1,1.00,'Factura B N°: 0006-00000257',NULL,NULL,'2020-08-26 02:02:08','2021-02-02 14:37:36','2021-02-02 14:37:36'),(1147,333,0,NULL,1147,2,40804,1989,13,21469,1,0,'2020-07-26','2020-07-26',285.00,1,1.00,'Factura B N°: 0006-00000258',NULL,NULL,'2020-08-26 02:02:08','2021-02-02 14:37:36','2021-02-02 14:37:36'),(1148,333,0,NULL,1148,2,40804,1989,13,21469,1,0,'2020-07-27','2020-07-27',165.00,1,1.00,'Factura B N°: 0006-00000259',NULL,NULL,'2020-08-26 02:02:08','2021-02-02 14:37:36','2021-02-02 14:37:36');
INSERT INTO `cta_cte_cliente` VALUES (1149,333,0,NULL,1149,2,40804,1989,13,21469,1,0,'2020-07-27','2020-07-27',540.00,1,1.00,'Factura B N°: 0006-00000260',NULL,NULL,'2020-08-26 02:02:08','2021-02-02 14:37:36','2021-02-02 14:37:36'),(1150,333,0,NULL,1150,2,40804,1989,13,21469,1,0,'2020-07-28','2020-07-28',375.00,1,1.00,'Factura B N°: 0006-00000261',NULL,NULL,'2020-08-26 02:02:08','2021-02-02 14:37:36','2021-02-02 14:37:36'),(1151,333,0,NULL,1151,2,40804,1989,13,21469,1,0,'2020-07-28','2020-07-28',189.99,1,1.00,'Factura B N°: 0006-00000262',NULL,NULL,'2020-08-26 02:02:08','2021-02-02 14:37:36','2021-02-02 14:37:36'),(1152,333,0,NULL,1152,2,40804,1989,13,21469,1,0,'2020-07-28','2020-07-28',95.00,1,1.00,'Factura B N°: 0006-00000263',NULL,NULL,'2020-08-26 02:02:08','2021-02-02 14:37:36','2021-02-02 14:37:36'),(1153,333,0,NULL,1153,2,40804,1989,13,21469,1,0,'2020-07-28','2020-07-28',155.00,1,1.00,'Factura B N°: 0006-00000264',NULL,NULL,'2020-08-26 02:02:08','2021-02-02 14:37:36','2021-02-02 14:37:36'),(1154,333,0,NULL,1154,2,40804,1989,13,21469,1,0,'2020-07-28','2020-07-28',234.00,1,1.00,'Factura B N°: 0006-00000265',NULL,NULL,'2020-08-26 02:02:08','2021-02-02 14:37:36','2021-02-02 14:37:36'),(1155,333,0,NULL,1155,2,40804,1989,13,21469,1,0,'2020-07-28','2020-07-28',189.99,1,1.00,'Factura B N°: 0006-00000266',NULL,NULL,'2020-08-26 02:02:08','2021-02-02 14:37:37','2021-02-02 14:37:37'),(1156,333,0,NULL,1156,2,40804,1989,13,21469,1,0,'2020-07-28','2020-07-28',240.00,1,1.00,'Factura B N°: 0006-00000267',NULL,NULL,'2020-08-26 02:02:08','2021-02-02 14:37:37','2021-02-02 14:37:37'),(1157,333,0,NULL,1157,2,40804,1989,13,21469,1,0,'2020-07-28','2020-07-28',240.00,1,1.00,'Factura B N°: 0006-00000268',NULL,NULL,'2020-08-26 02:02:08','2021-02-02 14:37:37','2021-02-02 14:37:37'),(1158,333,0,NULL,1158,2,40804,1989,13,21469,1,0,'2020-07-28','2020-07-28',479.99,1,1.00,'Factura B N°: 0006-00000269',NULL,NULL,'2020-08-26 02:02:08','2021-02-02 14:37:37','2021-02-02 14:37:37'),(1159,333,0,NULL,1159,2,40804,1989,13,21469,1,0,'2020-07-28','2020-07-28',316.00,1,1.00,'Factura B N°: 0006-00000270',NULL,NULL,'2020-08-26 02:02:08','2021-02-02 14:37:37','2021-02-02 14:37:37'),(1160,333,0,NULL,1160,2,40804,1989,13,21469,1,0,'2020-07-29','2020-07-29',300.00,1,1.00,'Factura B N°: 0006-00000271',NULL,NULL,'2020-08-26 02:02:08','2021-02-02 14:37:37','2021-02-02 14:37:37'),(1161,333,0,NULL,1161,2,40804,1989,13,21469,1,0,'2020-07-29','2020-07-29',320.00,1,1.00,'Factura B N°: 0006-00000272',NULL,NULL,'2020-08-26 02:02:08','2021-02-02 14:37:37','2021-02-02 14:37:37'),(1162,333,0,NULL,1162,2,40804,1989,13,21469,1,0,'2020-07-29','2020-07-29',430.00,1,1.00,'Factura B N°: 0006-00000273',NULL,NULL,'2020-08-26 02:02:08','2021-02-02 14:37:37','2021-02-02 14:37:37'),(1163,333,0,NULL,1163,2,40804,1989,13,21469,1,0,'2020-07-29','2020-07-29',240.00,1,1.00,'Factura B N°: 0006-00000274',NULL,NULL,'2020-08-26 02:02:08','2021-02-02 14:37:37','2021-02-02 14:37:37'),(1164,333,0,NULL,1164,2,40804,1989,13,21469,1,0,'2020-07-30','2020-07-30',285.00,1,1.00,'Factura B N°: 0006-00000275',NULL,NULL,'2020-08-26 02:02:08','2021-02-02 14:37:37','2021-02-02 14:37:37'),(1165,333,0,NULL,1165,2,40804,1989,13,21469,1,0,'2020-07-30','2020-07-30',250.00,1,1.00,'Factura B N°: 0006-00000276',NULL,NULL,'2020-08-26 02:02:08','2021-02-02 14:37:37','2021-02-02 14:37:37'),(1166,333,0,NULL,1166,2,40804,1989,13,21469,1,0,'2020-07-30','2020-07-30',260.00,1,1.00,'Factura B N°: 0006-00000277',NULL,NULL,'2020-08-26 02:02:08','2021-02-02 14:37:37','2021-02-02 14:37:37'),(1167,333,0,NULL,1167,2,40804,1989,13,21469,1,0,'2020-07-30','2020-07-30',240.00,1,1.00,'Factura B N°: 0006-00000278',NULL,NULL,'2020-08-26 02:02:08','2021-02-02 14:37:37','2021-02-02 14:37:37'),(1168,333,0,NULL,1168,2,40804,1989,13,21469,1,0,'2020-07-30','2020-07-30',285.00,1,1.00,'Factura B N°: 0006-00000279',NULL,NULL,'2020-08-26 02:02:08','2021-02-02 14:37:37','2021-02-02 14:37:37');
INSERT INTO `cta_cte_cliente` VALUES (1169,333,0,NULL,1169,2,40804,1989,13,21469,1,0,'2020-07-30','2020-07-30',300.00,1,1.00,'Factura B N°: 0006-00000280',NULL,NULL,'2020-08-26 02:02:08','2021-02-02 14:37:37','2021-02-02 14:37:37'),(1170,333,0,NULL,1170,2,40804,1989,13,21469,1,0,'2020-07-30','2020-07-30',303.00,1,1.00,'Factura B N°: 0006-00000281',NULL,NULL,'2020-08-26 02:02:08','2021-02-02 14:37:37','2021-02-02 14:37:37'),(1171,333,0,NULL,1171,2,40804,1989,13,21469,1,0,'2020-07-30','2020-07-30',290.00,1,1.00,'Factura B N°: 0006-00000282',NULL,NULL,'2020-08-26 02:02:08','2021-02-02 14:37:37','2021-02-02 14:37:37'),(1172,333,0,NULL,1172,2,40804,1989,13,21469,1,0,'2020-07-30','2020-07-30',324.00,1,1.00,'Factura B N°: 0006-00000283',NULL,NULL,'2020-08-26 02:02:08','2021-02-02 14:37:37','2021-02-02 14:37:37'),(1173,333,0,NULL,1173,2,40804,1989,13,21469,1,0,'2020-07-30','2020-07-30',250.00,1,1.00,'Factura B N°: 0006-00000284',NULL,NULL,'2020-08-26 02:02:08','2021-02-02 14:37:37','2021-02-02 14:37:37'),(1174,333,0,NULL,1174,2,40804,1989,13,21469,1,0,'2020-07-31','2020-07-31',189.99,1,1.00,'Factura B N°: 0006-00000285',NULL,NULL,'2020-08-26 02:02:08','2021-02-02 14:37:37','2021-02-02 14:37:37'),(1175,333,0,NULL,1175,2,40804,1989,13,21469,1,0,'2020-07-31','2020-07-31',160.00,1,1.00,'Factura B N°: 0006-00000286',NULL,NULL,'2020-08-26 02:02:08','2021-02-02 14:37:37','2021-02-02 14:37:37'),(1176,333,0,NULL,1176,2,40804,1989,13,21469,1,0,'2020-07-31','2020-07-31',330.00,1,1.00,'Factura B N°: 0006-00000287',NULL,NULL,'2020-08-26 02:02:09','2021-02-02 14:37:37','2021-02-02 14:37:37'),(1177,333,0,NULL,1177,2,40804,1989,13,21469,1,0,'2020-07-31','2020-07-31',240.00,1,1.00,'Factura B N°: 0006-00000288',NULL,NULL,'2020-08-26 02:02:09','2021-02-02 14:37:37','2021-02-02 14:37:37'),(1178,333,0,NULL,1178,3,40804,40808,57,21463,2,0,'2020-01-01','2020-01-01',12100.00,1,1.00,'Factura A N°: 0002-00000223',NULL,NULL,'2020-08-26 02:05:00','2021-02-02 14:37:42','2021-02-02 14:37:42'),(1179,333,0,NULL,1179,3,40804,40809,57,21463,2,0,'2020-01-03','2020-01-03',216000.01,1,1.00,'Factura A N°: 0010-00005078',NULL,NULL,'2020-08-26 02:05:00','2021-02-02 14:37:42','2021-02-02 14:37:42'),(1180,333,0,NULL,1180,3,40804,40809,57,21463,2,0,'2020-01-22','2020-01-22',108000.00,1,1.00,'Factura A N°: 0010-00005283',NULL,NULL,'2020-08-26 02:05:00','2021-02-02 14:37:42','2021-02-02 14:37:42'),(1181,333,0,NULL,1181,3,40804,40810,57,21463,2,0,'2020-01-24','2020-01-24',1729.02,1,1.00,'Factura A N°: 0007-00121771',NULL,NULL,'2020-08-26 02:05:00','2021-02-02 14:37:42','2021-02-02 14:37:42'),(1182,333,0,NULL,1182,3,40804,40810,57,21463,2,0,'2020-01-31','2020-01-31',1264.00,1,1.00,'Factura A N°: 0007-00122446',NULL,NULL,'2020-08-26 02:05:00','2021-02-02 14:37:42','2021-02-02 14:37:42'),(1190,333,0,NULL,1190,3,40804,40808,57,21465,2,0,'2020-03-01','2020-03-01',12100.00,1,1.00,'Factura A N°: 0002-00000233',NULL,NULL,'2020-08-26 02:07:19','2021-02-02 14:37:42','2021-02-02 14:37:42'),(1191,333,0,NULL,1191,3,40804,40810,57,21465,2,0,'2020-03-06','2020-03-06',883.00,1,1.00,'Factura A N°: 0007-00125459',NULL,NULL,'2020-08-26 02:07:19','2021-02-02 14:37:42','2021-02-02 14:37:42'),(1192,333,0,NULL,1192,3,40804,40810,57,21465,2,0,'2020-03-13','2020-03-13',1831.01,1,1.00,'Factura A N°: 0007-00126124',NULL,NULL,'2020-08-26 02:07:19','2021-02-02 14:37:42','2021-02-02 14:37:42'),(1193,333,0,NULL,1193,3,40804,40810,57,21465,2,0,'2020-03-20','2020-03-20',1582.01,1,1.00,'Factura A N°: 0007-00126651',NULL,NULL,'2020-08-26 02:07:19','2021-02-02 14:37:42','2021-02-02 14:37:42'),(1194,333,0,NULL,1194,3,40804,40809,57,21465,2,0,'2020-03-20','2020-03-20',232000.01,1,1.00,'Factura A N°: 0010-00005843',NULL,NULL,'2020-08-26 02:07:19','2021-02-02 14:37:42','2021-02-02 14:37:42'),(1195,333,0,NULL,1195,3,40804,40809,57,21465,1,0,'2020-03-20','2020-03-20',232000.01,1,1.00,'Nota de crédito A N°: 0010-00001152',NULL,NULL,'2020-08-26 02:07:19','2021-02-02 14:37:42','2021-02-02 14:37:42');
INSERT INTO `cta_cte_cliente` VALUES (1196,333,0,NULL,1196,3,40804,40809,57,21465,2,0,'2020-03-20','2020-03-20',232000.01,1,1.00,'Factura A N°: 0010-00005847',NULL,NULL,'2020-08-26 02:07:19','2021-02-02 14:37:42','2021-02-02 14:37:42'),(1197,333,0,NULL,1197,3,40804,40810,57,21465,2,0,'2020-03-27','2020-03-27',5500.03,1,1.00,'Factura A N°: 0007-00127119',NULL,NULL,'2020-08-26 02:07:19','2021-02-02 14:37:42','2021-02-02 14:37:42'),(1198,333,0,NULL,1198,3,40804,40808,57,21466,2,0,'2020-04-01','2020-04-01',12100.00,1,1.00,'Factura A N°: 0002-00000238',NULL,NULL,'2020-08-26 02:07:45','2021-02-02 14:37:42','2021-02-02 14:37:42'),(1199,333,0,NULL,1199,3,40804,40809,57,21466,2,0,'2020-04-20','2020-04-20',243199.99,1,1.00,'Factura A N°: 0010-00006051',NULL,NULL,'2020-08-26 02:07:45','2021-02-02 14:37:42','2021-02-02 14:37:42'),(1200,333,0,NULL,1200,3,40804,40809,57,21466,1,0,'2020-04-28','2020-04-28',12800.00,1,1.00,'Nota de crédito A N°: 0010-00001262',NULL,NULL,'2020-08-26 02:07:45','2021-02-02 14:37:42','2021-02-02 14:37:42'),(1201,333,0,NULL,1201,3,40804,40808,57,21467,2,0,'2020-05-01','2020-05-01',12100.00,1,1.00,'Factura A N°: 0002-00000244',NULL,NULL,'2020-08-26 02:08:42','2021-02-02 14:37:42','2021-02-02 14:37:42'),(1202,333,0,NULL,1202,3,40804,40809,57,21467,2,0,'2020-05-07','2020-05-07',191999.99,1,1.00,'Factura A N°: 0010-00006169',NULL,NULL,'2020-08-26 02:08:42','2021-02-02 14:37:42','2021-02-02 14:37:42'),(1203,333,0,NULL,1203,3,40804,40810,57,21467,2,0,'2020-05-08','2020-05-08',621.02,1,1.00,'Factura A N°: 0007-00129582',NULL,NULL,'2020-08-26 02:08:42','2021-02-02 14:37:42','2021-02-02 14:37:42'),(1204,333,0,NULL,1204,3,40804,40810,57,21467,2,0,'2020-05-15','2020-05-15',3357.00,1,1.00,'Factura A N°: 0007-00130139',NULL,NULL,'2020-08-26 02:08:42','2021-02-02 14:37:42','2021-02-02 14:37:42'),(1205,333,0,NULL,1205,3,40804,40809,57,21467,2,0,'2020-05-27','2020-05-27',191999.99,1,1.00,'Factura A N°: 0010-00006330',NULL,NULL,'2020-08-26 02:08:42','2021-02-02 14:37:42','2021-02-02 14:37:42'),(1206,333,0,NULL,1206,3,40804,40810,57,21467,2,0,'2020-05-29','2020-05-29',1339.01,1,1.00,'Factura A N°: 0007-00131063',NULL,NULL,'2020-08-26 02:08:42','2021-02-02 14:37:42','2021-02-02 14:37:42'),(1207,333,0,NULL,1207,3,40804,40808,57,21468,2,0,'2020-06-01','2020-06-01',12100.00,1,1.00,'Factura A N°: 0002-00000249',NULL,NULL,'2020-08-26 02:08:52','2021-02-02 14:37:42','2021-02-02 14:37:42'),(1208,333,0,NULL,1208,3,40804,40810,57,21468,1,0,'2020-06-04','2020-06-04',1650.00,1,1.00,'Nota de crédito A N°: 0007-00009883',NULL,NULL,'2020-08-26 02:08:52','2021-02-02 14:37:42','2021-02-02 14:37:42'),(1209,333,0,NULL,1209,3,40804,40810,57,21468,2,0,'2020-06-05','2020-06-05',702.01,1,1.00,'Factura A N°: 0007-00131579',NULL,NULL,'2020-08-26 02:08:52','2021-02-02 14:37:42','2021-02-02 14:37:42'),(1210,333,0,NULL,1210,3,40804,40809,57,21468,2,0,'2020-06-05','2020-06-05',305000.00,1,1.00,'Factura A N°: 0010-00006413',NULL,NULL,'2020-08-26 02:08:52','2021-02-02 14:37:42','2021-02-02 14:37:42'),(1211,333,0,NULL,1211,3,40804,40810,57,21468,2,0,'2020-06-12','2020-06-12',941.00,1,1.00,'Factura A N°: 0007-00132177',NULL,NULL,'2020-08-26 02:08:52','2021-02-02 14:37:42','2021-02-02 14:37:42'),(1212,333,0,NULL,1212,3,40804,40813,57,21468,2,0,'2020-06-12','2020-06-12',937.75,1,1.00,'Factura A N°: 0001-00005693',NULL,NULL,'2020-08-26 02:08:52','2021-02-02 14:37:42','2021-02-02 14:37:42'),(1213,333,0,NULL,1213,3,40804,40810,57,21468,2,0,'2020-06-19','2020-06-19',1814.02,1,1.00,'Factura A N°: 0007-00132626',NULL,NULL,'2020-08-26 02:08:52','2021-02-02 14:37:42','2021-02-02 14:37:42'),(1214,333,0,NULL,1214,3,40804,40810,57,21468,2,0,'2020-06-26','2020-06-26',459.00,1,1.00,'Factura A N°: 0007-00133164',NULL,NULL,'2020-08-26 02:08:52','2021-02-02 14:37:42','2021-02-02 14:37:42'),(1215,333,0,NULL,1215,3,40804,40808,57,21469,2,0,'2020-07-01','2020-07-01',12100.00,1,1.00,'Factura A N°: 0002-00000252',NULL,NULL,'2020-08-26 02:09:22','2021-02-02 14:37:42','2021-02-02 14:37:42');
INSERT INTO `cta_cte_cliente` VALUES (1216,333,0,NULL,1216,3,40804,40810,57,21469,2,0,'2020-07-03','2020-07-03',2028.02,1,1.00,'Factura A N°: 0007-00133673',NULL,NULL,'2020-08-26 02:09:22','2021-02-02 14:37:42','2021-02-02 14:37:42'),(1217,333,0,NULL,1217,3,40804,40809,57,21469,2,0,'2020-07-07','2020-07-07',408580.02,1,1.00,'Factura A N°: 0010-00006627',NULL,NULL,'2020-08-26 02:09:22','2021-02-02 14:37:42','2021-02-02 14:37:42'),(1218,333,0,NULL,1218,3,40804,40810,57,21469,2,0,'2020-07-10','2020-07-10',734.00,1,1.00,'Factura A N°: 0007-00134131',NULL,NULL,'2020-08-26 02:09:22','2021-02-02 14:37:42','2021-02-02 14:37:42'),(1219,333,0,NULL,1219,3,40804,40810,57,21469,1,0,'2020-07-14','2020-07-14',207.01,1,1.00,'Nota de crédito A N°: 0007-00010216',NULL,NULL,'2020-08-26 02:09:22','2021-02-02 14:37:42','2021-02-02 14:37:42'),(1220,333,0,NULL,1220,3,40804,40813,57,21469,2,0,'2020-07-15','2020-07-15',937.75,1,1.00,'Factura A N°: 0001-00005920',NULL,NULL,'2020-08-26 02:09:22','2021-02-02 14:37:42','2021-02-02 14:37:42'),(1221,333,0,NULL,1221,3,40804,34830,57,21469,2,0,'2020-07-30','2020-07-30',1181.22,1,1.00,'Factura A N°: 9269-01616090',NULL,NULL,'2020-08-26 02:09:22','2021-02-02 14:37:42','2021-02-02 14:37:42'),(1222,333,0,NULL,1222,3,40804,40810,57,21469,2,0,'2020-07-31','2020-07-31',2088.01,1,1.00,'Factura A N°: 0007-00135769',NULL,NULL,'2020-08-26 02:09:22','2021-02-02 14:37:42','2021-02-02 14:37:42'),(1223,333,0,NULL,1223,2,40804,1989,13,21463,1,0,'2020-01-31','2020-01-31',3230.00,1,1.00,'Factura B N°: 0002-00000046',NULL,NULL,'2020-08-26 02:16:29','2021-02-02 14:37:37','2021-02-02 14:37:37'),(1224,333,0,NULL,1224,2,40804,1989,13,21464,1,0,'2020-02-28','2020-02-28',355.00,1,1.00,'Factura B N°: 0002-00000050',NULL,NULL,'2020-08-26 02:25:14','2020-08-26 02:33:49','2020-08-26 02:33:49'),(1225,333,0,NULL,1225,3,40804,40808,57,21464,2,0,'2020-02-01','2020-02-01',12100.00,1,1.00,'Factura A N°: 0002-00000229',NULL,NULL,'2020-08-26 02:31:32','2021-02-02 14:37:42','2021-02-02 14:37:42'),(1226,333,0,NULL,1226,3,40804,40809,57,21464,2,0,'2020-02-03','2020-02-03',171000.00,1,1.00,'Factura A N°: 0010-00005387',NULL,NULL,'2020-08-26 02:31:32','2021-02-02 14:37:42','2021-02-02 14:37:42'),(1227,333,0,NULL,1227,3,40804,40813,57,21464,1,0,'2020-02-03','2020-02-03',695.75,1,1.00,'Nota de crédito A N°: 0001-00000237',NULL,NULL,'2020-08-26 02:31:32','2021-02-02 14:37:42','2021-02-02 14:37:42'),(1228,333,0,NULL,1228,3,40804,40810,57,21464,2,0,'2020-02-14','2020-02-14',888.01,1,1.00,'Factura A N°: 0007-00123612',NULL,NULL,'2020-08-26 02:31:32','2021-02-02 14:37:42','2021-02-02 14:37:42'),(1229,333,0,NULL,1229,3,40804,40814,57,21464,2,0,'2020-02-14','2020-02-14',1100.00,1,1.00,'Factura A N°: 0007-00008014',NULL,NULL,'2020-08-26 02:31:32','2021-02-02 14:37:42','2021-02-02 14:37:42'),(1230,333,0,NULL,1230,3,40804,40810,57,21464,2,0,'2020-02-21','2020-02-21',437.00,1,1.00,'Factura A N°: 0007-00124319',NULL,NULL,'2020-08-26 02:31:32','2021-02-02 14:37:42','2021-02-02 14:37:42'),(1231,333,0,NULL,1231,3,40804,40810,57,21464,2,0,'2020-02-28','2020-02-28',1080.02,1,1.00,'Factura A N°: 0007-00124695',NULL,NULL,'2020-08-26 02:31:32','2021-02-02 14:37:42','2021-02-02 14:37:42'),(1232,333,0,NULL,1232,3,40804,40809,57,21464,2,0,'1969-12-31','1969-12-31',177000.02,1,1.00,'Factura A N°: 0010-00005623',NULL,NULL,'2020-08-26 02:31:32','2021-02-02 14:37:42','2021-02-02 14:37:42'),(1233,333,0,NULL,1233,2,40804,1989,13,21464,1,0,'2020-02-28','2020-02-28',355.00,1,1.00,'Factura B N°: 0002-00000050',NULL,NULL,'2020-08-26 02:33:49','2021-02-02 14:37:37','2021-02-02 14:37:37'),(1234,333,0,NULL,1234,2,40804,1989,13,21465,1,0,'2020-03-31','2020-03-31',8109.00,1,1.00,'Factura B N°: 0002-00000078',NULL,NULL,'2020-08-26 02:39:02','2021-02-02 14:37:37','2021-02-02 14:37:37'),(1235,333,0,NULL,1235,2,40804,1989,13,21466,1,0,'2020-04-30','2020-04-30',16918.00,1,1.00,'Factura B N°: 0002-00000125',NULL,NULL,'2020-08-26 02:49:45','2021-02-02 14:37:37','2021-02-02 14:37:37');
INSERT INTO `cta_cte_cliente` VALUES (1236,333,0,NULL,1236,2,40719,40720,13,3033,1,0,'2020-01-06','2020-01-06',1500.00,1,1.00,'Factura B N°: 0001-00000016',NULL,NULL,'2020-08-28 23:05:49','2021-02-03 12:17:44','2021-02-03 12:17:44'),(1237,333,0,NULL,1237,2,40719,40721,13,3033,1,0,'2020-01-06','2020-01-06',16000.00,1,1.00,'Factura B N°: 0001-00000017',NULL,NULL,'2020-08-28 23:05:49','2021-02-03 12:17:44','2021-02-03 12:17:44'),(1238,333,0,NULL,1238,2,40719,40722,13,3033,1,0,'2020-01-06','2020-01-06',11050.00,1,1.00,'Factura B N°: 0001-00000018',NULL,NULL,'2020-08-28 23:05:49','2021-02-03 12:17:44','2021-02-03 12:17:44'),(1239,333,0,NULL,1239,2,40719,40722,13,3034,1,0,'2020-02-06','2020-02-06',11050.00,1,1.00,'RECIBO C N°: 0002-00000001',NULL,NULL,'2020-08-28 23:06:23','2021-02-03 12:17:44','2021-02-03 12:17:44'),(1240,333,0,NULL,1240,2,40719,40721,13,3034,1,0,'2020-02-06','2020-02-06',16000.00,1,1.00,'RECIBO C N°: 0002-00000002',NULL,NULL,'2020-08-28 23:06:23','2021-02-03 12:17:44','2021-02-03 12:17:44'),(1241,333,0,NULL,1241,2,40719,40720,13,3034,1,0,'2020-02-06','2020-02-06',1500.00,1,1.00,'RECIBO C N°: 0002-00000003',NULL,NULL,'2020-08-28 23:06:23','2021-02-03 12:17:44','2021-02-03 12:17:44'),(1242,333,0,NULL,1242,2,40719,40722,13,3035,1,0,'2020-03-14','2020-03-14',11050.00,1,1.00,'RECIBO C N°: 0002-00000004',NULL,NULL,'2020-08-28 23:06:55','2021-02-03 12:17:44','2021-02-03 12:17:44'),(1243,333,0,NULL,1243,2,40719,40721,13,3035,1,0,'2020-03-14','2020-03-14',16000.00,1,1.00,'RECIBO C N°: 0002-00000005',NULL,NULL,'2020-08-28 23:06:55','2021-02-03 12:17:44','2021-02-03 12:17:44'),(1244,333,0,NULL,1244,2,40719,40720,13,3035,1,0,'2020-03-14','2020-03-14',1500.00,1,1.00,'RECIBO C N°: 0002-00000006',NULL,NULL,'2020-08-28 23:06:55','2021-02-03 12:17:44','2021-02-03 12:17:44'),(1245,333,0,NULL,1245,2,40719,40720,13,3036,1,0,'2020-04-15','2020-04-15',1500.00,1,1.00,'Factura C N°: 0002-00000001',NULL,NULL,'2020-08-28 23:07:22','2021-02-03 12:17:44','2021-02-03 12:17:44'),(1246,333,0,NULL,1246,2,40719,40721,13,3036,1,0,'2020-04-15','2020-04-15',16000.00,1,1.00,'Factura C N°: 0002-00000002',NULL,NULL,'2020-08-28 23:07:22','2021-02-03 12:17:44','2021-02-03 12:17:44'),(1247,333,0,NULL,1247,2,40719,40722,13,3036,1,0,'2020-04-15','2020-04-15',11050.00,1,1.00,'Factura C N°: 0002-00000003',NULL,NULL,'2020-08-28 23:07:22','2021-02-03 12:17:44','2021-02-03 12:17:44'),(1248,333,0,NULL,1248,2,40815,40816,13,22975,1,0,'2020-01-20','2020-01-20',117294.45,1,1.00,'FACTURA DE CRÉDITO ELECTRÓNICA MiPyMEs (FCE) A N°: 0003-00000004',NULL,NULL,'2020-08-28 23:57:36','2021-02-04 12:43:05','2021-02-04 12:43:05'),(1249,333,0,NULL,1249,2,40815,40816,13,22975,1,0,'2020-01-30','2020-01-30',74512.80,1,1.00,'Factura A N°: 0003-00000134',NULL,NULL,'2020-08-28 23:57:36','2021-02-04 12:43:11','2021-02-04 12:43:11'),(1250,333,0,NULL,1250,2,40815,40817,13,22976,1,0,'2020-02-17','2020-02-17',3510.00,1,1.00,'Factura C N°: 0004-00000001',NULL,NULL,'2020-08-28 23:57:46','2021-02-04 12:43:15','2021-02-04 12:43:15'),(1251,333,0,NULL,1251,2,40815,40816,13,22976,1,0,'2020-02-26','2020-02-26',100174.55,1,1.00,'FACTURA DE CRÉDITO ELECTRÓNICA MiPyMEs (FCE) C N°: 0004-00000001',NULL,NULL,'2020-08-28 23:57:46','2021-02-04 12:42:32','2021-02-04 12:42:32'),(1252,333,0,NULL,1252,2,40815,40816,13,22976,1,0,'2020-02-28','2020-02-28',77011.34,1,1.00,'Factura C N°: 0004-00000002',NULL,NULL,'2020-08-28 23:57:46','2021-02-04 12:42:38','2021-02-04 12:42:38'),(1253,333,0,NULL,1253,2,40815,40816,13,22978,1,0,'2020-04-02','2020-04-02',36321.95,1,1.00,'Factura C N°: 0004-00000003',NULL,NULL,'2020-08-28 23:59:02','2021-02-04 12:42:42','2021-02-04 12:42:42'),(1254,333,0,NULL,1254,2,40815,40816,13,22978,1,0,'2020-04-06','2020-04-06',58232.20,1,1.00,'Factura C N°: 0004-00000004',NULL,NULL,'2020-08-28 23:59:02','2021-02-04 12:42:26','2021-02-04 12:42:26');
