-- Table structure for table `lpg_granos`
--

CREATE TABLE `lpg_granos` (
  `id` int(10) unsigned NOT NULL AUTO_INCREMENT,
  `user_id` int(10) unsigned NOT NULL,
  `descripcion` varchar(191) COLLATE utf8mb4_unicode_ci DEFAULT NULL,
  `codigo_afip` int(10) unsigned NOT NULL,
  `habilitado` tinyint(1) NOT NULL DEFAULT '1',
  `created_at` timestamp NULL DEFAULT NULL,
  `updated_at` timestamp NULL DEFAULT NULL,
  `deleted_at` timestamp NULL DEFAULT NULL,
  PRIMARY KEY (`id`)
) ENGINE=InnoDB AUTO_INCREMENT=40 DEFAULT CHARSET=utf8mb4 COLLATE=utf8mb4_unicode_ci;

--
-- Dumping data for table `lpg_granos`
--

INSERT INTO `lpg_granos` VALUES (1,0,'Lino',1,1,NULL,NULL,NULL),(2,0,'Girasol',2,1,NULL,NULL,NULL),(3,0,'Maní en caja',3,1,NULL,NULL,NULL),(4,0,'Girasol Descascarado',4,1,NULL,NULL,NULL),(5,0,'Maní para industria de selección',5,1,NULL,NULL,NULL),(6,0,'Maní para industria aceitera',6,1,NULL,NULL,NULL),(7,0,'Maní tipo confitería',7,1,NULL,NULL,NULL),(8,0,'Colza',8,1,NULL,NULL,NULL),(9,0,'Colza “00”/Canola',9,1,NULL,NULL,NULL),(10,0,'Trigo forrajero',10,1,NULL,NULL,NULL),(11,0,'Cebada forrajera',11,1,NULL,NULL,NULL),(12,0,'Cebada apta para maltería',12,1,NULL,NULL,NULL),(13,0,'Trigo candeal',14,1,NULL,NULL,NULL),(14,0,'Trigo pan',15,1,NULL,NULL,NULL),(15,0,'Avena',16,1,NULL,NULL,NULL),(16,0,'Cebada cervecera',17,1,NULL,NULL,NULL),(17,0,'Centeno',18,1,NULL,NULL,NULL),(18,0,'Maíz',19,1,NULL,NULL,NULL),(19,0,'Mijo',20,1,NULL,NULL,NULL),(20,0,'Arroz cáscara',21,1,NULL,NULL,NULL),(21,0,'Sorgo granífero',22,1,NULL,NULL,NULL),(22,0,'Soja',23,1,NULL,NULL,NULL),(23,0,'Trigo blando',24,1,NULL,NULL,NULL),(24,0,'Trigo plata',25,1,NULL,NULL,NULL),(25,0,'Maíz flynt o plata',26,1,NULL,NULL,NULL),(26,0,'Maíz pisingallo',27,1,NULL,NULL,NULL),(27,0,'Triticale',28,1,NULL,NULL,NULL),(28,0,'Alpiste',30,1,NULL,NULL,NULL),(29,0,'Algodón',31,1,NULL,NULL,NULL),(30,0,'Cártamo',32,1,NULL,NULL,NULL),(31,0,'Poroto blanco natural oval y alubia',33,1,NULL,NULL,NULL),(32,0,'Poroto distinto del blanco oval y alubia',34,1,NULL,NULL,NULL),(33,0,'Arroz',35,1,NULL,NULL,NULL),(34,0,'Lenteja',46,1,NULL,NULL,NULL),(35,0,'Arveja',47,1,NULL,NULL,NULL),(36,0,'Poroto blanco seleccionado oval y alubia',48,1,NULL,NULL,NULL),(37,0,'Otras legumbres',49,1,NULL,NULL,NULL),(38,0,'Otros granos',50,1,NULL,NULL,NULL),(39,0,'Garbanzo',59,1,NULL,NULL,NULL);

--
-- Table structure for table `lpg_receipt_detail`
--

CREATE TABLE `lpg_receipt_detail` (
  `id` int(10) unsigned NOT NULL AUTO_INCREMENT,
  `user_id` int(10) unsigned NOT NULL,
  `lpg_receipt_id` int(10) unsigned NOT NULL,
  `saldo_id` int(10) unsigned NOT NULL,
  `concepto` varchar(191) COLLATE utf8mb4_unicode_ci DEFAULT NULL,
  `lpg_grano_id` int(10) unsigned NOT NULL,
  `cantidad` decimal(16,2) NOT NULL DEFAULT '0.00',
  `fac_elec_unidad_medida_id` int(10) unsigned NOT NULL,
  `precio` decimal(16,2) NOT NULL DEFAULT '0.00',
  `subtotal` decimal(16,2) NOT NULL DEFAULT '0.00',
  `created_at` timestamp NULL DEFAULT NULL,
  `updated_at` timestamp NULL DEFAULT NULL,
  `deleted_at` timestamp NULL DEFAULT NULL,
  PRIMARY KEY (`id`),
  KEY `lpg_receipt_detail_lpg_receipt_id_foreign` (`lpg_receipt_id`),
  KEY `lpg_receipt_detail_saldo_id_foreign` (`saldo_id`),
  KEY `lpg_receipt_detail_lpg_grano_id_foreign` (`lpg_grano_id`),
  KEY `lpg_receipt_detail_fac_elec_unidad_medida_id_foreign` (`fac_elec_unidad_medida_id`),
  CONSTRAINT `lpg_receipt_detail_fac_elec_unidad_medida_id_foreign` FOREIGN KEY (`fac_elec_unidad_medida_id`) REFERENCES `fac_elec_unidad_medidas` (`id`),
  CONSTRAINT `lpg_receipt_detail_lpg_grano_id_foreign` FOREIGN KEY (`lpg_grano_id`) REFERENCES `lpg_granos` (`id`),
  CONSTRAINT `lpg_receipt_detail_lpg_receipt_id_foreign` FOREIGN KEY (`lpg_receipt_id`) REFERENCES `lpg_receipts` (`id`),
  CONSTRAINT `lpg_receipt_detail_saldo_id_foreign` FOREIGN KEY (`saldo_id`) REFERENCES `conta_tipo_saldos` (`id`)
) ENGINE=InnoDB DEFAULT CHARSET=utf8mb4 COLLATE=utf8mb4_unicode_ci;

--
-- Dumping data for table `lpg_receipt_detail`
--


--
-- Table structure for table `lpg_receipts`
--

CREATE TABLE `lpg_receipts` (
  `id` int(10) unsigned NOT NULL AUTO_INCREMENT,
  `user_id` int(10) unsigned NOT NULL,
  `person_id` int(10) unsigned NOT NULL,
  `receipt_id` int(10) unsigned DEFAULT NULL,
  `fecha` date DEFAULT NULL,
  `num_comprobante` varchar(191) COLLATE utf8mb4_unicode_ci DEFAULT NULL,
  `created_at` timestamp NULL DEFAULT NULL,
  `updated_at` timestamp NULL DEFAULT NULL,
  `deleted_at` timestamp NULL DEFAULT NULL,
  PRIMARY KEY (`id`),
  KEY `lpg_receipts_person_id_foreign` (`person_id`),
  KEY `lpg_receipts_receipt_id_foreign` (`receipt_id`),
  CONSTRAINT `lpg_receipts_person_id_foreign` FOREIGN KEY (`person_id`) REFERENCES `persons` (`id`),
  CONSTRAINT `lpg_receipts_receipt_id_foreign` FOREIGN KEY (`receipt_id`) REFERENCES `receipts` (`id`)
) ENGINE=InnoDB DEFAULT CHARSET=utf8mb4 COLLATE=utf8mb4_unicode_ci;

--
-- Dumping data for table `lpg_receipts`
--


--
-- Table structure for table `mails`
--

CREATE TABLE `mails` (
  `id` int(10) unsigned NOT NULL AUTO_INCREMENT,
  `user_id` int(10) unsigned DEFAULT NULL,
  `name` varchar(255) COLLATE utf8mb4_unicode_ci NOT NULL,
  `created_at` timestamp NULL DEFAULT NULL,
  `updated_at` timestamp NULL DEFAULT NULL,
  `deleted_at` timestamp NULL DEFAULT NULL,
  PRIMARY KEY (`id`)
) ENGINE=InnoDB AUTO_INCREMENT=12 DEFAULT CHARSET=utf8mb4 COLLATE=utf8mb4_unicode_ci;

--
-- Dumping data for table `mails`
--

INSERT INTO `mails` VALUES (1,NULL,'Principal',NULL,NULL,NULL),(2,NULL,'Segundo',NULL,NULL,NULL),(3,NULL,'Tercero',NULL,NULL,NULL),(4,NULL,'OP Proveedores',NULL,'2025-01-16 14:33:51',NULL),(5,NULL,'OP Clientes',NULL,'2025-01-16 14:33:51',NULL),(6,NULL,'Sexto',NULL,NULL,NULL),(7,NULL,'Septimo',NULL,NULL,NULL),(8,NULL,'Octavo',NULL,NULL,NULL),(9,NULL,'Noveno',NULL,NULL,NULL),(10,NULL,'Decimo',NULL,NULL,NULL),(11,NULL,'Otro',NULL,NULL,NULL);

--
-- Table structure for table `mails_details`
--

CREATE TABLE `mails_details` (
  `id` int(10) unsigned NOT NULL AUTO_INCREMENT,
  `user_id` int(10) unsigned DEFAULT NULL,
  `mail` varchar(255) COLLATE utf8mb4_unicode_ci DEFAULT NULL,
  `telefono` varchar(255) COLLATE utf8mb4_unicode_ci DEFAULT NULL,
  `comentario` varchar(255) COLLATE utf8mb4_unicode_ci DEFAULT NULL,
  `mail_id` int(10) unsigned NOT NULL,
  `person_id` int(10) unsigned NOT NULL,
  `status` int(10) unsigned NOT NULL DEFAULT '1',
  `created_at` timestamp NULL DEFAULT NULL,
  `updated_at` timestamp NULL DEFAULT NULL,
  `deleted_at` timestamp NULL DEFAULT NULL,
  PRIMARY KEY (`id`),
  KEY `mails_details_mail_id_foreign` (`mail_id`),
  KEY `mails_details_person_id_foreign` (`person_id`),
  CONSTRAINT `mails_details_mail_id_foreign` FOREIGN KEY (`mail_id`) REFERENCES `mails` (`id`),
  CONSTRAINT `mails_details_person_id_foreign` FOREIGN KEY (`person_id`) REFERENCES `persons` (`id`)
) ENGINE=InnoDB AUTO_INCREMENT=148 DEFAULT CHARSET=utf8mb4 COLLATE=utf8mb4_unicode_ci;

--
-- Dumping data for table `mails_details`
--

INSERT INTO `mails_details` VALUES (19,3786,'compras@sanmartinsrl.com.ar','','Cynthia',1,40738,1,'2021-05-31 14:34:36','2021-05-31 14:34:36',NULL),(110,3786,'diego.reggio@24fci.com',NULL,'Asesor Financiero',1,40903,1,'2022-09-28 11:36:36','2022-09-28 11:36:36',NULL),(111,3786,'silvia.fellay@suma3consultores.com.ar',NULL,'Contadora',2,40903,1,'2022-09-28 11:36:36','2022-09-28 11:36:36',NULL),(112,3786,'gag1978n@gmail.com',NULL,'Titular',3,40903,1,'2022-09-28 11:36:36','2022-09-28 11:36:36',NULL),(113,3786,'arqaat@live.com',NULL,'Arquitecto',4,40903,1,'2022-09-28 11:36:36','2022-09-28 11:36:36',NULL),(128,3786,'jorgelrossi@irvsolution.com.ar',NULL,'Jorge Rossi',1,40735,1,'2023-12-01 08:29:36','2023-12-01 08:29:36',NULL),(129,3786,'orbisescobar@gmail.com',NULL,'Administracion',2,40735,1,'2023-12-01 08:29:36','2023-12-01 08:29:36',NULL),(130,3786,'daniela.angelini@servycons.com.ar',NULL,'Administracion',1,40737,1,'2023-12-01 08:36:23','2023-12-01 08:36:23',NULL),(132,3786,'info@biglieri.com.ar',NULL,'Inmobiliaria',1,40739,1,'2023-12-01 08:52:51','2023-12-01 08:52:51',NULL),(135,3786,'pintureriafm@gmail.com',NULL,'Francisco Mastronardi',1,40736,1,'2023-12-11 09:07:00','2023-12-11 09:07:00',NULL),(136,3786,'info@biglieri.com.ar',NULL,'Inmobiliaria',2,40736,1,'2023-12-11 09:07:00','2023-12-11 09:07:00',NULL),(140,3786,'lepeolmedo@gmail.com',NULL,'',1,40876,1,'2024-02-15 22:03:50','2024-02-15 22:03:50',NULL),(144,3786,'dpro-lofi@prefecturanaval.gov.ar',NULL,'Administracion',1,40740,1,'2024-06-02 11:30:56','2024-06-02 11:30:56',NULL),(146,3786,'silvia@sanmartinsrl.com.ar','11-6050-5409','Administración',1,40721,1,'2024-07-30 15:49:01','2024-07-30 15:49:01',NULL),(147,3786,'silvia.fellay@suma3consultores.com.ar','1160505409',NULL,1,40719,1,'2024-10-07 13:32:59','2024-10-07 13:32:59',NULL);
DELIMITER ;;
/*!50003 CREATE*/ /*!50017 DEFINER=`forge`@`%`*/ /*!50003 TRIGGER `MailsDetail_BD` BEFORE DELETE ON `mails_details` FOR EACH ROW insert into back_up_mails_details (mail,telefono,comentario,mail_id,person_id,modificado)
values(old.mail,old.telefono,old.comentario,old.mail_id,old.person_id,now()) */;;
DELIMITER ;

--
-- Table structure for table `migrations`
--

CREATE TABLE `migrations` (
  `id` int(10) unsigned NOT NULL AUTO_INCREMENT,
  `migration` varchar(255) COLLATE utf8mb4_unicode_ci NOT NULL,
  `batch` int(11) NOT NULL,
  PRIMARY KEY (`id`)
) ENGINE=InnoDB AUTO_INCREMENT=1340 DEFAULT CHARSET=utf8mb4 COLLATE=utf8mb4_unicode_ci;

--
-- Dumping data for table `migrations`
--

INSERT INTO `migrations` VALUES (1,'2014_10_12_000000_create_users_table',1),(2,'2014_10_12_100000_create_password_resets_table',1),(3,'2017_09_15_000000_CreateCountrysTable',1),(4,'2017_09_15_100000_CreateStatesTable',1),(5,'2017_09_15_221521_create_modules_table',1),(6,'2017_09_15_224048_create_usermodules_table',1),(7,'2017_12_04_172644_CreateTableActivitites',1),(8,'2017_12_04_181801_CreateTableReceiptTypes',1),(9,'2017_12_04_182416_CreateTableRetentionType',1),(10,'2017_12_04_190828_CreateTableTypes',1),(11,'2017_12_04_191413_CreateTableRetentions',1),(12,'2017_12_04_191537_CreateTableIIBBRetentions',1),(13,'2017_12_04_192126_CreateTableSystemTaxes',1),(14,'2017_12_04_202132_CreateTableZones',1),(15,'2017_12_04_210000_CreateTableOtherTaxes',1),(16,'2017_12_07_200000_CreateTableTaxAccounts',1),(17,'2017_12_07_202200_CreateTableStatus',1),(18,'2017_12_07_204438_CreateTablePersons',1),(19,'2017_12_07_204500_CreateTablePersonZones',1),(20,'2017_12_07_205029_CreateTablePeriods',1),(21,'2017_12_07_205700_CreateTableReceipts',1),(22,'2017_12_07_205819_CreateTableReceiptTaxes',1),(23,'2017_12_16_025744_CreateTableUserPersons',1),(24,'2018_02_01_205100_CreateTablePeriodLiquidation',1),(25,'2018_02_02_150420_ModPeriodLiq_CreateDetail',1),(26,'2018_02_06_162435_CreateTablePersonConfigurations',1),(27,'2018_03_07_162435_CreateTablesLiqIVA',1),(28,'2018_03_18_000010_IVAGroups',1),(29,'2018_03_20_000010_InsertsRT',1),(30,'2018_03_21_000010_UpdateRT',1),(31,'2018_03_26_232558_InsertsModules',1),(32,'2018_03_28_151014_CreateTablesBusinessModule',1),(33,'2018_04_11_124200_ModBusinessModule',1),(34,'2018_04_17_153900_ModBusinessModule2',1),(35,'2018_04_20_115000_TableBaseMonthsForPeriods',1),(36,'2018_04_24_155000_ModAddUsersBusiness',1),(37,'2018_04_27_162700_BusinessFieldsEmpresaMadre',1),(38,'2018_05_04_144100_BusinessViewValidateSave',1),(39,'2018_05_18_110400_FileUplodsBase_XLS',2),(40,'2018_05_30_183700_alter__system_taxes_to_system_taxese',3),(41,'2018_05_30_220512_alter__system_taxes__add__status',3),(42,'2018_05_31_221821_update_data_types',4),(43,'2018_06_03_1341_ProcedureAssingPeriodsTo',5),(44,'2018_06_04_001420_create_reportes_table',5),(45,'2018_06_04_2159_ProcedureReportesComprobantes',5),(46,'2018_06_05_104818_update_receipt_types__column__code',5),(47,'2018_06_05_171044_update__system__taxes__gravado0',5),(48,'2018_06_06_010459_create_procedure_creacion_empresa_usuario',5),(49,'2018_06_06_110700_UpdateReportesRutas',6),(50,'2018_06_07_011985_create_procedure_eliminasion_masiva_comprobantes',7),(51,'2018_06_09_141500_UpdateReportesRutasTableroAndModules',8),(52,'2018_06_10_203200_CreateViewReceiptsReports',9),(53,'2018_06_11_114580_UpdateTypesEliminacionMasiva',9),(54,'2018_06_19_110400_TableControlGeneral',10),(57,'2018_06_19_158985_InsertsModules_Control_General',11),(58,'2018_06_22_203200_CreateViewLiquidacionesIVA',12),(61,'2018_06_27_204440_alter_Table_Person_Configuration',13),(70,'2018_07_01_110401_InsertsModules_ClavesYMails',17),(71,'2018_07_01_110400_TableClavesYMails',18),(72,'2018_06_27_204436_CreateTableMails',19),(73,'2018_06_27_204437_CreateTableMailsDetails',19),(74,'2018_06_27_204438_CreateTableClaves',19),(75,'2018_06_27_204439_CreateTableClavesDetails',19),(76,'2018_07_07_011985_alter_procedure_eliminasion_masiva_comprobantes',20),(77,'2018_07_08_110400_UpdateTableClavesYMails',21),(78,'2018_07_11_011985_alter_procedure_eliminasion_masiva_comprobantes',22),(79,'2018_07_11_010459_alter_procedure_creacion_empresa_usuario',23),(80,'2018_07_15_110401_InsertsModules_Informacion',24),(81,'2018_07_17_110400_AddRegistroClavesYMails',25),(82,'2018_07_17_204439_CreateTableCharlasDetails',25),(83,'2018_07_11_011985_alter_procedure_eliminasion_masiva_comprobantes2',26),(90,'2018_07_18_110410_AddRegistroControlGeneral',26),(92,'2018_07_19_110404_SP_LiquidacionesHijas',26),(95,'2018_07_18_110400_TableVtoImpuestos',27),(96,'2018_07_18_110401_TableVtoFinCuit',27),(97,'2018_07_18_110402_TableImpuestoFinCuit',27);
INSERT INTO `migrations` VALUES (98,'2018_07_18_110403_TableVtoVencimiento',27),(99,'2018_07_18_110405_TableCategoriaImpuesto',27),(100,'2018_07_18_110409_TablePerson_Impuesto',27),(102,'2018_07_18_110412_CreateView_VencimientosAnuales',27),(103,'2018_07_18_110412_CreateView_liquidaciones_iibb',28),(104,'2018_07_18_110413_AddRegistroControlGeneral2',28),(105,'2018_07_18_110414_AddColumnTablePerson_Impuesto',28),(107,'2018_07_27_110400_InsertsModules_Impuestos',30),(115,'2018_07_29_110405_AddTypesAsientoSueldos',32),(116,'2018_07_29_110398_TableContaTipoCuentas',33),(117,'2018_07_29_110399_TableContaTipoSaldos',33),(118,'2018_07_29_110400_TableContaPlanCuenta',33),(119,'2018_07_29_110401_TableContaTipoDeAsientos',33),(126,'2018_08_06_110400_CreateTableEjerciciosAnteriores',36),(127,'2018_08_06_110400_AddTypesExportar',37),(128,'2018_08_12_110404_SP_LiquidacionesHijasActualizadas',38),(129,'2018_08_16_110400_AddReporteIVA',39),(130,'2018_08_16_110401_EditReporteLiquidacionesIIBB',39),(135,'2018_08_26_110400_InsertsModules_MonotributoIIBB',41),(136,'2018_08_66_110401_CreateTableCategoriasMonotributo',41),(139,'2018_08_22_093000_SP_LiquidacionesHijasFiltrosCorregidos',42),(140,'2018_08_30_110400_SP_DeleteLiquidationStatus1',43),(141,'2018_09_02_110400_SP_AsientoSueldo',44),(142,'2018_09_02_110401_SP_IIBBGasto',44),(143,'2018_09_02_110402_SP_ProyecGanancias',44),(144,'2018_09_02_110403_SP_RetencionesGanancias',44),(145,'2018_09_02_110404_SP_AnticiposGanancias',44),(146,'2018_09_03_110400_CreateViewLiquidacionesIVACorregida',45),(147,'2018_09_03_110401_CreateView_liquidaciones_iibbCorregida',45),(148,'2018_06_29_114600_CreateView_Proyeccion_Ganancias',46),(149,'2018_08_01_110401_CreateView_IIBB_Gasto',46),(150,'2018_08_05_110401_CreateView_AntGanan_SIRCREB_Compen',46),(151,'2018_08_01_110400_CreateView_Asientos',47),(152,'2018_08_05_110400_CreateView_RetencionesGanancias',47),(153,'2018_08_27_110400_CreateView_ProyecGananciasAll',48),(154,'2018_08_31_161300_TablesFacturaElectronica',49),(155,'2018_09_06_110400_InsertsModules_CtasCtes',50),(160,'2018_09_15_110400_AddColumnTablePersonConfiguration',50),(161,'2018_09_18_110400_InsertsModules_Bancos',50),(162,'2018_09_19_110400_SP_assingFromPeriodsPerson',51),(169,'2018_07_29_110402_TableContaAsientos',53),(170,'2018_07_29_110404_TableContaAsientosDetails',53),(171,'2018_09_10_110402_CreateView_CtaCteAsientos',53),(172,'2018_09_13_110400_AddColumnTableContaAsientos',53),(173,'2018_09_10_110400_CreateView_CtaCteSaldosCajas',54),(174,'2018_09_21_110400_AddColumnTableContaAsientosDebeHaber',54),(175,'2018_09_23_110400_InsertsModules_Gastos',54),(176,'2018_09_23_110401_TableCtaCteTiposDeGastos',54),(177,'2018_09_23_110402_TableCtaCteCuentaTipo',54),(178,'2018_09_23_110403_TableCtaCteCentrosCostos',54),(179,'2018_09_24_110400_TableCtaCteGastosMensuales',54),(180,'2018_09_27_110400_AddColumnTableContaAsientosPagado',54),(181,'2018_10_05_110400_InsertsModules_TableroControl',54),(183,'2018_10_09_110400_AddColumnTablePersonConfigurationBanco',56),(184,'2018_09_10_110401_CreateView_CtaCteClientes',57),(185,'2018_10_15_110400_TableCtaCteBancos',58),(186,'2018_10_15_110401_TableCtaCteCheques',58),(187,'2018_10_16_110400_CreateView_CtaCteCheques',58),(188,'2018_10_18_110400_CreateView_ConsultaComprobantes',59),(189,'2018_07_18_110411_CreateView_VencimientoImpuestos',60),(190,'2018_10_22_110400_TableCtaCteBancosDatos',61),(191,'2018_11_02_110400_AddColumnTableReceiptComprobanteAFIP',62),(192,'2018_11_04_110400_CreateTableClavesDetailsBackUp',62),(193,'2018_11_04_110401_CreateTableMailsDetailsBackUp',62),(194,'2018_11_04_110402_CreateTableCharlasDetailsBackUp',62),(195,'2018_11_04_110403_TriggerClaves',62),(196,'2018_11_04_110404_TriggerMails',62),(197,'2018_11_04_110405_TriggerCharla',62),(198,'2018_11_08_010400_modify_procedure_creacion_empresa_usuario',62),(199,'2018_11_10_110400_AddColumnTableChequesFoto',62),(200,'2018_11_19_110400_ModifyView_VencimientoImpuestos',62);
INSERT INTO `migrations` VALUES (201,'2018_11_23_110400_DeleteForeignKeyCtaCteCheques',62),(202,'2018_11_26_110400_AddColumnTableVto_categoria_imp',62),(203,'2018_11_26_110401_CreateSPMonotributistas',62),(204,'2018_11_28_110400_CreateTableCategoriasIIBB',62),(205,'2018_11_28_110401_UpdateTableVto_categoria_imp',62),(206,'2018_11_28_110402_CreateView_IIBBRegSimpl',62),(207,'2018_12_05_110400_CreateView_PDF_ConsultaComprobantes',62),(208,'2018_12_06_110400_Add_data_types_libros',62),(209,'2018_12_07_110400_ViewLiquidacionesIVALiquidador',62),(210,'2018_12_07_110401_View_liquidaciones_iibbLiquidador',62),(211,'2018_12_09_110400_AddColumnFileReceipts',62),(212,'2018_12_11_110400_InsertsModules_Contabilidad',62),(213,'2018_12_12_110400_TableBalanceLibro',62),(214,'2018_12_12_110401_TableBalanceLibroDetails',62),(215,'2018_12_12_110402_AddContaTipoDeAsientos',62),(216,'2018_12_13_110400_UpdateTableContaPlanCuenta',62),(217,'2018_12_26_110400_CreateSPAsientosContables',62),(218,'2019_01_01_110400_AddColumnContaPlanCuenta',62),(219,'2019_01_02_110400_InsertsModules_ContabilidadPlanCuenta',62),(220,'2019_01_02_110401_AddCuentasTableContaPlanCuenta',62),(221,'2019_01_02_110402_ModifyRubroContaPlanCuenta',62),(222,'2019_01_03_11040_ModifyVentasPlanCuenta',62),(223,'2019_01_03_11041_ModifyPlanCuentasNiveles',62),(224,'2019_01_04_110400_AddColumnContaPlanCuentaNoEditable',62),(225,'2019_01_04_110401_ModifyColumnBalanceLibro',62),(226,'2019_01_04_110402_ModifySPAsientosContables',62),(227,'2019_01_04_110403_ModifyPlanCuentasNiveles5',62),(228,'2019_01_04_110404_InsertsModules_ContabilidadReportes',62),(229,'2019_01_06_110400_ModifyTableCategoriasMonotributo',62),(230,'2019_01_06_110401_ModiyfyContaPlanCuentaNivel5',62),(231,'2019_01_06_110402_SPSumasYSaldos',62),(232,'2019_01_07_110400_ModifyView_CtaCteClientes',62),(233,'2019_01_08_110400_ModiyfyOtraVezContaPlanCuentaNivel5',62),(234,'2019_01_08_110401_ModifySPAsientosContablesV1',62),(235,'2019_01_08_110402_UpdateTableVtoVencimiento2019',62),(236,'2019_01_08_110403_UpdateTableCategoriasMonotributo',62),(237,'2019_01_08_1104043_UpdateTableCategoriasIIBB',62),(238,'2019_01_09_110400_AddColumnconta_tipo_asientosOrderBy',62),(239,'2019_01_09_110401_ModifySPAsientosContablesOrderBy',62),(240,'2019_01_09_110402_UpdateValores2019vto_categoria_imp',62),(241,'2019_01_09_135600_SPAsignacionPeriodosEntreFechas',62),(242,'2019_01_16_110400_ModifySPAsientosContablesV2',62),(243,'2019_01_17_110400_InsertsModules_ContabilidadLibros',62),(244,'2019_01_17_110401_Delete_data_types_libros',62),(245,'2019_01_18_110400_ModifySPAsientosContablesV3',62),(246,'2019_01_19_110400_ModifySPAsientosContablesMensuales',62),(247,'2019_01_20_110400_InsertsModules_Administracion',62),(248,'2019_01_21_110400_CreateTableDbAbuelas',62),(249,'2019_01_21_110400_SP_AsientoSueldoV1',62),(250,'2019_01_24_110400_ModifySPAsientosContablesMensualesV1',62),(251,'2019_01_24_110401_ModiyfyContaPlanCuentaNivelV1',62),(252,'2019_01_24_110402_Modify_CtaCteSaldosCajasV1',62),(253,'2019_02_08_110400_InsertsModules_Mails',62),(254,'2019_02_10_183012_create_jobs_table',62),(255,'2019_02_11_110400_AddColumnTdbAbuelasLocalidad',62),(256,'2019_02_11_110401_ModifyPlanCuentasNiveles6',62),(257,'2019_02_11_110401_SP_VtoImpuestosMail',62),(258,'2019_02_12_110400_UpdateValores2019vto_categoria_impV1',62),(259,'2019_02_12_110401_SP_VtoImpuestosMailV1',63),(260,'2019_02_12_110402_AddColumnTablePersonConfigurationEnviarMail',63),(261,'2019_02_15_011342_create_failed_jobs_table',63),(262,'2019_02_15_110400_AddHonorarioToTableVtoVencimiento',63),(263,'2019_02_17_110400_AddTypeUserOperador',63),(264,'2019_02_22_110400_CreateTableVto_person_impuestos_creados',63),(265,'2019_03_06_110400_UpdateTableCategoriasMonotributoV1',64),(266,'2018_09_17_115300_UpdateConDatosTablesFacturaElectronica',65),(267,'2018_09_21_110401_CreateView_CtaCteClientes',65),(268,'2018_09_27_154000_ModifyTablesFacturaElectronica',65),(269,'2019_01_12_090909_ModifyTablesFacturaElectronicaPuntoVenta',65);
INSERT INTO `migrations` VALUES (270,'2019_03_13_110400_CreateView_CtaCteClientesV2',66),(271,'2019_03_13_110401_AddColumnContaAsiento',67),(272,'2019_03_20_110400_UpdateValores2019vto_categoria_impAutonomosMarzo',68),(273,'2019_03_20_110400_UpdateValores2019vto_categoria_impAutonomosMarzoV1',69),(274,'2019_03_20_110401_CreateTablePruebaGratis',70),(275,'2019_03_27_110400_AddColumnTableBalanceLibro',71),(276,'2019_03_29_110400_SP_VtoImpuestosMailV2',72),(277,'2019_04_04_110400_ModifyPlanCuentasNiveles7',73),(278,'2019_04_09_110400_AddColumnPersonPlanCuentaId',74),(279,'2019_04_09_110401_AddColumnReceiptPlanCuentaId',74),(280,'2019_04_05_110400_AddColumnTableReceiptTypes',75),(281,'2019_04_14_110400_Insert_data_typesMisComprobantes',75),(282,'2019_04_28_110400_DeleteRegisterReportes',76),(283,'2019_04_30_110400_CorreccionTableVtoVencimiento2019',77),(284,'2019_04_22_110400_AddColumnAndUpdateCuenta_idInTablesImpuestos',78),(285,'2019_04_23_110400_AddRegisterTableSystemTaxes',78),(286,'2019_04_25_110400_AddColumnTableOtherTaxes',78),(287,'2019_05_02_110400_SPExportarComprobantes',78),(288,'2019_05_14_110400_AddRegisterReceiptTypes',79),(289,'2019_05_24_110400_UpdatePersons',80),(292,'2019_06_07_110400_AddColumnUser',81),(294,'2019_06_21_110400_TableActas',82),(295,'2019_06_27_110400_SPExportarComprobantes',83),(296,'2019_06_28_110400_AddRegisterTActas',84),(297,'2019_03_04_110400_UpdateSystemTaxesAfipAlicuota',85),(298,'2019_04_01_100000_ModificacionesFADetallesCondicionesVenta',85),(299,'2019_04_19_100000_TablasFacturaElectronicaMasiva',85),(300,'2019_06_27_110400_SPUpdateHonorario',86),(301,'2019_07_09_110400_AddColumnFacEleRecDetail',86),(302,'2019_07_10_110400_AddColumnPersonConfig',87),(303,'2019_07_11_110400_ModifySPproyecGanancias',87),(304,'2019_07_11_110401_ModifySPAsientoSueldo',87),(305,'2019_07_11_110402_ModifySPiibb_gasto',87),(306,'2019_07_11_110403_ModifySPRetenciones',87),(307,'2019_07_11_110404_ModifySPAnticipoGanancias',87),(308,'2019_07_11_110405_ModifySPIIBB_Gasto',88),(309,'2019_07_11_110406_SPLiquidacionesIVA',88),(310,'2019_07_11_110407_SPLiquidacionesIIBB',88),(311,'2019_07_11_110408_ModifySPMonotributistas',89),(312,'2019_07_11_110409_ModifySPIIBB_GastoV1',90),(313,'2019_07_11_110410_SPReceipts',91),(314,'2019_07_11_110411_SPReceiptsForExporTXT',92),(315,'2019_07_14_110400_TableFEUnidadMedida',93),(316,'2019_07_14_110401_TableCondicionFrenteIVA',93),(317,'2019_07_14_110402_AddColumnCondFrenteIVAFE',93),(318,'2019_07_15_110401_ModifySPMonotributistasV1',93),(319,'2019_07_215_110400_DeleteRegisterSystemTaxes',93),(320,'2019_07_18_110400_ModifySPIIBB_GastoV2',94),(321,'2019_07_18_110401_ModifySPLiquidacionesIIBB',94),(322,'2019_07_18_110403_ModifySPLiquidacionesIVA',94),(323,'2019_07_23_110400_AddColumnFEMasivaDetalle',95),(324,'2019_07_29_110400_AddColumnReceiptType_FE',96),(325,'2019_08_05_110400_DeleteForeingKeyTableReceiptFactElec',97),(327,'2019_08_07_110400_UpdateValores2019vto_categoria_impAutonomosJunio',98),(328,'2019_08_07_110401_InsertsModules_Configuracion',99),(329,'2019_08_11_110401_InsertsModules_CerrarPeriodosContabilidad',100),(330,'2019_08_20_110400_AddColumnFEPuntoVenta',101),(331,'2019_08_20_110401_AddModuleFEConfiguracion',101),(332,'2019_08_23_110400_DeleteCuentaPlanCuenta',102),(333,'2019_08_28_110400_ModifyActasModelos',103),(334,'2019_09_26_110400_ModifyView_IIBBRegSimpl',104),(335,'2019_10_01_110400_UpdateTableCategoriasIIBBV2',105),(336,'2019_10_01_110401_UpdateValores2019vto_categoria_impAutonomosSeptiembre',106),(337,'2019_09_17_110400_TableCtaCteClientes',107),(338,'2019_09_17_110401_AddModuleCtaCteCliente',107),(339,'2019_09_19_110400_SPCtaCteCliente',107),(340,'2019_09_22_110400_AddColumnBalanceLibroCtaCteCliente',107),(341,'2019_09_23_110400_ModifySPAsientosContablesV2',107),(342,'2019_09_24_110400_TableCtaCtePivotReceipt',107),(343,'2019_09_25_110400_ModifyCuentasContablesRetenciones',107),(344,'2019_09_2_110401_AddRegisterContaTipoAsientos',107);
INSERT INTO `migrations` VALUES (345,'2019_10_04_110398_AddColumnPlanCuenta',108),(346,'2019_10_04_110399_DeleteColumnBalanceLibro',108),(347,'2019_10_04_110400_TableCtaCteTesoreriaCuentas',108),(348,'2019_10_04_110401_TableCtaCteTesoreriaCtaCte',108),(349,'2019_10_04_110402_AddColumnBalanceLibroCtaCteTesoreria',108),(350,'2019_10_04_110404_ModifyTableCtaCteCheques',108),(351,'2019_10_05_110404_ModifyTableCtaCteCcliente',108),(352,'2019_10_06_110400_AddModuleTesoreria',108),(353,'2019_10_09_110400_SPCtaCteClienteUpdate',108),(354,'2019_10_16_11040_AddRegisterContaTipoAsientos22',108),(355,'2019_10_24_110400_AddModuleNoFiscal',109),(356,'2019_10_24_110401_TablesNoFiscal',109),(357,'2019_10_30_110400_ModifySPAsientosContablesV3',109),(358,'2019_29_10_110400_ModifyTablesNFRelashionship',109),(359,'2019_11_03_110400_AddFacturaElectronicaPyme',110),(360,'2019_11_08_110400_TablesGanancias',111),(361,'2019_11_08_110401_AddModuleGanancias',111),(362,'2019_11_18_110400_AddModuleBienesPersonales',112),(363,'2019_11_18_110400_TablesBienesPersonales',112),(364,'2019_11_20_110400_UpdateDataTypeLibroIvaDigital',113),(365,'2019_11_21_110400_AddColumnPersonConfFELeyenda',114),(366,'2019_11_24_110400_TablesAsientosModelos',115),(367,'2019_11_27_110400_TablesObligacionesAnuales',116),(368,'2019_11_27_110401_AddModuleObligacionesAnuales',116),(369,'2019_12_06_110400_UpdateDataTypeAFIP',117),(370,'2019_12_06_110401_AddModuleControlAfip',118),(371,'2019_12_06_110402_TableControlCuitsAfip',118),(372,'2019_12_08_110400_AddColumnJobs',118),(373,'2019_12_09_110401_TablesRecibos',119),(374,'2019_12_09_11040_AddModuleRecibo_Presupuesto',119),(375,'2019_12_14_110400_DeleteTableFE',120),(376,'2019_12_16_110400_TablesDeudasImpositivas',121),(377,'2019_12_16_110401_AddModuleDeudasImpositivas',121),(378,'2019_12_18_110400_AddUserFirma',121),(379,'2019_12_23_110400_TablesPresupuestos',122),(380,'2019_12_24_110400_UpdateTableBalanceAddUser',123),(381,'2020_01_07_110400_ModifyForeingConstrainBalanceLibro',124),(382,'2020_01_08_110400_AddIIBBCordoba',125),(383,'2020_01_09_110399_AddIIBBCordobaRegSimp',126),(384,'2020_01_09_110400_UpdateTableVtoVencimiento2020',126),(385,'2020_01_09_110401_UpdateTableCategoriasMonotributo2020',126),(386,'2020_01_09_110402_UpdateTableCategoriasIIBB2020',126),(387,'2020_01_09_110403_UpdateValores2020vto_categoria_imp',126),(388,'2020_01_09_110404_UpdateVencimientosPerson2020',126),(389,'2020_01_12_110400_ModifySPMonotributistasV2',127),(390,'2020_01_13_110400_AddSoftDeletePeriodLiquidations',128),(391,'2020_01_14_110400_SPExportarComprobantesV2',129),(392,'2020_01_14_110401_ModifySPRetencionesV1',129),(393,'2020_01_14_110402_ModifySPAnticipoGananciasV1',129),(394,'2020_01_16_110400_ModifySPMonotributistasV3',130),(395,'2020_01_16_110401_UpdateValores2020vto_categoria_impV1',131),(396,'2020_01_16_110402_UpdateVencimientosPerson2020V1',131),(397,'2020_01_15_110400_TableTUser_Persons',132),(398,'2020_01_15_110401_TablesNotificaciones',132),(399,'2020_01_27_110400_AddReceiptTypeCierreZ',133),(400,'2020_01_28_110400_TablesGananciasV1',134),(401,'2020_01_28_110401_TablesGanancias2020',135),(402,'2020_01_30_110400_DeleteRegisterNoFicalContabilidad',136),(403,'2020_01_30_110400_ModifySPAsientosContablesMensualesV2',137),(404,'2020_01_30_110401_ModifySPAsientosContablesV4',138),(405,'2020_01_30_110402_DeleteSPAsientosContablesMensuales',139),(406,'2020_01_31_110400_AddUserIdVariasTables',140),(407,'2020_01_29_110400_AddColumnCtasTesoreriaContaAsientos',141),(408,'2020_02_06_110400_View_CtaCteClientesV3',141),(409,'2020_02_06_110401_AddCuentasMiasTesoreria',141),(410,'2020_02_07_110400_AddColumnPersonConfigLiqEsp',142),(411,'2020_02_08_110400_AddColumnPersonConfigLiqEspV1',143),(412,'2020_02_08_110401_AddColumnCtaCteCuentasTesoreriaCtaCteGastos',144),(413,'2020_02_09_110400_DeleteColumnPlanCuenta',145),(414,'2020_02_10_110400_ModifySPAsientoSueldo2020',146),(415,'2020_02_11_110400_ModifyView_CtaCteChequesV1',147),(416,'2020_02_13_110400_SPSumasYSaldosV1',148);
INSERT INTO `migrations` VALUES (417,'2020_02_13_110401_AddSoftDeleteCtaCteCheques',149),(418,'2020_02_19_110400_AddReceiptTypeCompraBsUsados',150),(419,'2020_02_19_110401_AddColumnTusersTypesUsers',151),(420,'2020_02_19_110402_DeleteSPNoUsoMas',152),(421,'2020_02_20_110400_AddColumnReceiptToFacEleReceitp',153),(422,'2020_02_25_110400_DeleteSPNoUsoMasV2',154),(423,'2020_02_26_110400_AddMonotributoSocial',155),(424,'2020_02_26_110401_UpdateReceiptTypeLetra',155),(425,'2020_02_27_110400_UpdateGananciasArt90',156),(426,'2020_02_28_110400_TableAjPorInflacionIndices',157),(427,'2020_03_02_110400_AddColumnPersonConfigCtaCteTesCuenta',158),(428,'2020_03_08_110400_AddModuleVentanillaElect',159),(429,'2020_03_08_110400_TablesVentanillaElec',160),(430,'2020_03_20_110400_UpdateReceiptTiquetZ',161),(431,'2020_04_16_110400_UpdateSystemTaxes',162),(432,'2020_05_18_110400_View_PdfConsultaComprobantes',163),(433,'2020_05_24_110400_TablesRemitos',164),(434,'2020_05_27_110400_AddImpuestoSegHigiene',165),(435,'2019_08_12_110400_AddColumnsTModules',166),(436,'2019_08_13_110399_InsertsModulesSueldo',167),(437,'2019_08_13_110400_TableSueldosSyJTipoEmpleador',167),(438,'2019_08_13_110401_TableSueldosSyJAlicuotaAporteContribucion',167),(439,'2019_08_13_110402_TableSueldosSyJActividad',167),(440,'2019_08_13_110403_TableSueldosSyJObraSocial',167),(441,'2019_08_13_110404_TableSueldosSyJZonaGeografica',167),(442,'2019_08_13_110405_TableSueldosSyJTituloLey20744',167),(443,'2019_08_13_110406_TablePais',167),(444,'2019_08_13_110407_TableLocalidad',167),(445,'2019_08_13_110408_TableCalle',167),(446,'2019_08_13_110408_TableSueldosSyJEmpAfecta',167),(447,'2019_08_13_110409_TableSueldosSyJTipoLiquidacion',167),(448,'2019_08_13_110412_TableSueldosSyJEmpAlcance',167),(449,'2019_08_13_110413_TableSexo',167),(450,'2019_08_13_110414_TableNacionalidad',167),(451,'2019_08_13_110415_TableEstadoCivil',167),(452,'2019_08_13_110416_TableTipoDocumento',167),(453,'2019_08_13_110417_TableSyJEmpEstado',167),(454,'2019_08_13_110418_TableSyJObraSocPlanes',167),(455,'2019_08_13_110419_TableSyJFormaPago',167),(456,'2019_08_13_110421_TableSyJEmpSituacionRevista',167),(457,'2019_08_13_110422_TableSyJEmpCondicion',167),(458,'2019_08_13_110423_TableSyJEmpModalidadContratacion',167),(459,'2019_08_13_110424_TableSyJEmpCodSiniestro',167),(460,'2019_08_13_110425_TableSyJRegimen',167),(461,'2019_08_13_110426_TableSyJEmpParentesco',167),(462,'2019_08_13_110427_TableSyJConfig',167),(463,'2019_08_13_110428_TableSyJDomiclioExplotacion',167),(464,'2020_03_17_110399_TableSeccionesCargoCCosto',167),(465,'2020_03_17_110400_TableConvenios',167),(466,'2020_03_17_110401_TableReferencias',167),(467,'2020_03_17_110402_SYJFunciones',167),(468,'2020_03_17_110402_TableAntesConceptos',167),(469,'2020_03_17_110402_TableConceptos',167),(470,'2020_03_17_110402_TablePivotConceptoCategoria',167),(471,'2020_03_17_110402_TablePivotConceptoTipoLiquidaciones',167),(472,'2020_03_17_110410_TableEmpleados',167),(473,'2020_03_17_110411_TablePivotEmpleadoConcepto',167),(474,'2020_03_19_110400_SYJPeriods',167),(475,'2020_03_19_110401_SYJLiquidaciones',167),(476,'2020_03_29_110400_SYJLiquidacionEmpleado',167),(477,'2020_04_03_110400_TablePivotConceptoCantidadValor',167),(478,'2020_04_07_110400_TablePivotConceptoEscala',167),(479,'2020_04_19_110400_AddColumnConceptosFiltrosAsoc',167),(480,'2020_04_19_110401_TableSyJEmpleadoFamiliar',167),(481,'2020_04_19_110402_TableSyJEmpleadoVacaciones',167),(482,'2020_04_26_110400_TableSyJReportes',167),(483,'2020_04_26_110401_TableSyJTablasdelSistema',167),(484,'2020_04_27_110400_AddColumnEmpleados',167),(485,'2020_04_27_110401_AddColumnCodigosAfip',167),(486,'2020_04_28_110399_TableSICOSSFormatValor',167),(487,'2020_04_28_110400_TableSICOSS',167),(488,'2020_04_28_110401_TablePivotConvenioFormatoSicoss',167),(489,'2020_04_28_110402_AddColumnPivotFormatoSicossConv',167),(490,'2020_04_29_110400_AddColumnFormatoSicossDetalleV1',167),(491,'2020_04_29_110401_AddColumnFormatoSicossDetalle',167);
INSERT INTO `migrations` VALUES (492,'2020_04_30_110400_AddColumnDomicilios',167),(493,'2020_05_02_110400_AddColumnControlaTopes',167),(494,'2020_05_05_110400_TableSindicatos',167),(495,'2020_05_07_110400_SYJPeriodsAddColumn',167),(496,'2020_05_07_110401_AddColumnBalanceLibroSueldos',167),(497,'2020_05_10_110400_AddColumnTablasFunciones',167),(498,'2020_05_11_110400_AddColumnTablaMasterEmpDomestica',167),(499,'2020_05_19_110400_TablePivotEmpleadoExcluirConcepto',167),(500,'2020_05_22_110400_InsertsModulesBlog',167),(501,'2020_05_22_110400_SYJPeriodsEmpDomestica',167),(502,'2020_05_25_110399_AddImpuestoSegHigiene',167),(503,'2020_05_25_110400_AddColumnVtoImpuestos',167),(504,'2020_05_26_110400_AddColumnSyJLiquidaciones',167),(505,'2020_05_26_110402_AddColumnSyJFormatoSicossDetalle',167),(506,'2020_12_31_110400_CopyDatoFromDBTaxes',167),(507,'2020_05_31_110400_InsertsModulesConfigUser',168),(508,'2020_06_03_110400_UpdateVtoImpuestos',169),(509,'2020_01_04_110401_UpdateTableCategoriasIIBB2021',170),(510,'2020_06_07_110400_InsertsModulesConfigAltaAbuela',170),(511,'2020_06_09_110400_AlterTableSyJConfig',170),(512,'2020_06_09_110400_InsertTablaReferencia',170),(513,'2020_06_11_000000_create_blogs_table',170),(514,'2020_06_14_110400_TableContactos',170),(515,'2020_06_14_110400_TablePlanesSuscripcion',170),(516,'2020_06_14_110401_TablePlanesSuscripcionV1',170),(517,'2020_06_19_110400_TableAjPorInflacionIndicesV1',170),(518,'2020_06_22_110400_AddColumnUsers',170),(519,'2020_06_22_110401_TableUserCtaCte',170),(520,'2020_06_25_110400_TableSyJG4OtrosEmpleos',170),(521,'2020_06_25_110401_TableSyJG4Deducciones',170),(522,'2020_06_25_110402_TableSyJG4DeducPersonales',170),(523,'2020_06_25_110403_TableSyJG4Art90',170),(524,'2020_07_02_110400_InsertsGravImpGcias',170),(525,'2020_07_02_110401_TableSyJG4Detail',170),(526,'2020_07_04_110402_AddColumnSyJG4TipoDeducPers',170),(527,'2020_07_05_110401_TableSyJG4F1357',170),(528,'2020_07_06_110400_AddReceiptTypeCuentaVenta',170),(529,'2020_07_07_110400_AddImpuestoIIBBCorrientes',170),(530,'2020_07_07_110400_InsertConceptoReferencia',170),(531,'2020_07_09_110400_AddColumnDeducGenerales',170),(532,'2020_07_10_110400_AddColumnDBAbuela',170),(533,'2020_07_12_110400_UpdateTableTesoreriaCtas',170),(534,'2020_07_13_110400_AddImpuestoIIBBSantaFe',170),(535,'2020_07_13_110401_AddImpuestoDREISantaFe',170),(536,'2020_07_14_110400_TablesLPG',170),(537,'2020_07_17_110400_AddColumnReceiptTypeLPG',170),(538,'2020_07_17_110401_AddColumnReceiptLPG',170),(539,'2020_07_19_110400_AddRegisterUserPersonDbAbuela',170),(540,'2020_07_20_110400_UpdateBsPersonales',170),(541,'2020_07_25_110400_AddReceiptTypeTiquet',170),(542,'2020_07_25_1104041_AddReceiptTypeColumnShowFromTotal',170),(543,'2020_07_31_110400_TablesAfipServicios',170),(544,'2020_08_06_1104001_UpdateImpuestosSegunTablas',170),(545,'2020_08_06_110400_UpdateAutonomos',170),(546,'2020_08_08_110400_UpdateConveniosEmpAfecta',170),(547,'2020_08_12_110400_TablesDebitosAutomaticos',170),(548,'2020_08_18_110400_AddReceiptTypeSectorPecuario',170),(549,'2020_08_19_110400_UpdateSectorPecuario',170),(550,'2020_08_23_110400_AddColumnReceiptIVAApertura',170),(551,'2020_08_24_110400_AddColumnLiqIvaDetail',170),(552,'2020_08_24_110401_TablesIVAAgrupacion',170),(553,'2020_08_24_110401_UpdateReceiptsCredit',170),(554,'2020_08_25_110400_AddColumnIVACreditosTipos',170),(555,'2020_08_26_110400_AddOperaciones',170),(556,'2020_08_27_110400_TableFaq',170),(557,'2020_08_27_110400_UpdateFuncionesCantidad',170),(558,'2020_08_29_110400_TableSyJRecibosModelo',170),(559,'2020_08_30_110400_UpdateReciboModelo',170),(560,'2020_08_30_110401_UpdatePeriodLiquidationDetail',170),(561,'2020_08_31_110400_UpdateOperacionesImporte',170),(562,'2020_09_01_110400_AddActivities',170),(563,'2020_09_01_110401_TableZoneActivities',170),(564,'2020_09_01_110402_AddColumnPeriodLiqDetail',170),(565,'2020_09_01_110403_TablePeriodLiquidationIIBB',170),(566,'2020_09_05_110400_AddRecibosModelo',170);
INSERT INTO `migrations` VALUES (567,'2020_09_06_110400_AddColumnPersonActivities',170),(568,'2020_09_06_110401_AddColumnFAMasivaActivity',170),(569,'2020_09_09_110400_UpdateRetenciones',170),(570,'2020_09_18_110402_AddSyJReciboModelo',170),(571,'2020_09_23_110400_AddColumnUserCtaCte',170),(572,'2020_09_24_110400_AddImpuestoIIBBEntreRios',170),(573,'2020_09_25_110400_AddColumnUserCtaCteIngEgr',170),(574,'2020_09_25_110400_AddImpuestoProfesionalesLiberalesEntreRios',170),(575,'2020_09_26_110400_AlterColumnFactElecReceipt',170),(576,'2020_09_27_110400_AddColumnMonth',170),(577,'2020_09_28_110400_AddColumnSyJConfig',170),(578,'2020_10_04_110400_CorrecionPersons',170),(579,'2020_10_05_110403_TableCursos',170),(580,'2020_10_05_110403_TableCursosDetail',170),(581,'2020_10_14_110400_AddReceiptTypeSectorPecuario2',170),(582,'2020_10_15_110400_AddFuncionesDeValor',170),(583,'2020_10_15_110401_UpdateReceiptsCredit2',170),(584,'2020_10_19_110400_TableSyJConceptosAfip',170),(585,'2020_10_19_110401_AddColumnSyJConceptos',170),(586,'2020_10_20_110400_TableSyJLsdImpConc',170),(587,'2020_10_20_110401_AddFuncionesFormatoSicoss',170),(588,'2020_10_20_110401_TableSyjLsdReg',170),(589,'2020_10_20_110402_AddFormatoSicoss',170),(590,'2020_10_23_110400_InsertsModulesContConfig',170),(591,'2020_10_27_110400_AddColumnConceptos',170),(592,'2020_10_27_110401_AddFuncionesDeCantidad1',170),(593,'2020_10_27_110401_AddFuncionesDeImporte1',170),(594,'2020_10_27_110401_AddFuncionesDeValor1',170),(595,'2020_11_02_110400_InsertTablaReferencia1',170),(596,'2020_11_03_110400_TableUsersPersonsBlock',170),(597,'2020_11_04_110400_ViewLiquidacionesIVA',170),(598,'2020_11_05_110400_AddReceiptType1',170),(599,'2020_11_11_110400_AddImpuestoIIBBRioNegro',170),(600,'2020_11_13_110400_AddColumnPersonConfigProIVA',170),(601,'2020_11_13_110400_AddImpuestoIIBBNeuquen',170),(602,'2020_11_19_110400_UpdateReceiptsType',170),(603,'2020_11_20_110400_AddIndicesAxI',170),(604,'2020_11_24_110400_AddColumnSyJFromatoSICOSS',170),(605,'2020_11_26_110400_ModifyConceptosAFIP',170),(606,'2020_11_28_110400_AddColumnCtaCteCliente',170),(607,'2020_12_02_110400_TableUsersLogged',170),(608,'2020_12_03_110399_UpdateTarjetaTaxes',170),(609,'2020_12_03_110400_TableTarjetaTXT',170),(610,'2020_12_04_110400_AddImpuestoIIBBCorrientes2',170),(611,'2020_12_04_110400_AddImpuestoManifestacionDeGanado',170),(612,'2020_12_07_110400_AddColumnSyjLiqEmpleado',170),(613,'2020_12_22_110400_UpdateArt90',170),(614,'2021_01_03_110400_UpdateTableVtoVencimiento2021',170),(615,'2021_01_04_110400_UpdateAutonomos2021',170),(616,'2021_01_04_110402_UpdateVencimientosPerson2021',170),(617,'2021_01_06_110400_ModifyIvaCredFiscal',170),(618,'2021_01_08_110400_CheckPeriods2021',170),(619,'2021_01_14_110400_TableSyJG4Art902021',170),(620,'2021_01_14_110401_TableSyJG4Deducciones2021',170),(621,'2021_01_14_110402_TableSyJG4DeducPersonales2021',170),(622,'2021_01_14_110403_TablesGanancias2021',170),(623,'2021_01_28_110400_AddImpuestoUTEDYC',170),(624,'2021_02_01_110400_ModifyNameTableReferencia',170),(625,'2021_02_02_110400_AddColumnMaterialCurso',170),(626,'2021_02_03_110400_ChangeCampoAsientoModelo',170),(627,'2021_02_04_110400_UpdateTopesJubilatorios',170),(628,'2021_02_04_110401_AddTablaReferencia',170),(629,'2021_02_10_110400_AddColumnDelSistema',170),(630,'2021_02_11_110400_AddColumnLiqIVA',170),(631,'2021_02_11_110401_AddColumnLiqITCPersonConfig',170),(632,'2021_02_16_110400_AddColumnIsZonaPatagonica',170),(633,'2021_02_16_110401_AddColumnFactElecTotal',170),(634,'2021_02_17_110400_SPSumasYSaldosV2',170),(635,'2021_02_17_110401_AddContaPlanCuentaITC',170),(636,'2021_02_21_110400_ModuloConvenioMultilateral',170),(637,'2021_02_21_110401_AddColumnZoneCodCM',170),(638,'2021_02_23_110400_TableSolicitantesCertificado',170),(639,'2021_02_23_110401_AddColumnsCursos',170),(640,'2021_02_25_110400_UpdateTableVtoVencimiento2021',170),(641,'2021_02_8_110400_AddImpuestoSIRADIG',170),(642,'2021_02_9_110400_AddImpuestoIIBBSantaFeRegSimplificado',170);
INSERT INTO `migrations` VALUES (643,'2021_03_02_110400_TablePathOfFile',170),(644,'2021_03_03_110400_AddReceiptType2',170),(645,'2021_03_04_110400_AddColumnPeriodLiquidationIIBB',170),(646,'2021_03_05_110400_AddPathOfFileName',170),(647,'2021_03_15_110400_AddColumnPeriodLiquidationIVA',170),(648,'2021_03_15_110401_AddColumnFEReceiptCompAsoc',170),(649,'2021_03_17_110400_ChangeFEReceiptCAENull',170),(650,'2021_03_19_110400_TableTdbAbuelasEstados',170),(651,'2021_03_19_110401_AddColumnTdbAbuelasEstado',170),(652,'2021_03_19_110402_TableTdbAbuelasCharlas',170),(653,'2021_03_23_110400_ModifyReceiptTypeOtrosCompr',170),(654,'2021_03_24_110400_TDAbuelaHost',170),(655,'2021_03_26_110400_UpdateAutonomos2021Abril',170),(656,'2021_03_30_110400_UpdateTopesJubilatoriosMar2021',170),(657,'2021_04_06_110400_AddContaPlanCuenta',170),(658,'2021_04_09_110400_UpdateEstadosAbuelas',170),(659,'2021_04_14_110400_AddColumnEstadoId',170),(660,'2021_04_14_110400_AddColumnFEReceiptOp',170),(661,'2021_04_15_110400_UpdateEstadosAbuelasRollBack',170),(662,'2021_04_16_110400_UpdateEstadosAbuelasV1',170),(663,'2021_04_16_110401_UpdateEstadosAbuelasRollBackV1',170),(664,'2021_04_16_110402_UpdateEstadosAbuelasV2',170),(665,'2021_04_21_110400_TableQueueProcesos',170),(666,'2021_04_23_110400_TableReporteSUSS',171),(667,'2021_04_23_110400_UpdateEstadosAbuelasV3',171),(668,'2021_04_27_110400_AddFieldEscracharTdbabuela',172),(669,'2021_04_27_110400_UpdateArba2021',172),(670,'2021_04_30_110400_ModifyIvaCredFiscalV1',173),(671,'2021_05_14_110400_AddSyJReciboModeloV2',174),(672,'2021_05_27_110400_UpdateEstadosAbuelasV4',175),(673,'2021_06_03_110400_UpdateEstadosAbuelasV5',175),(674,'2021_06_04_110401_UpdateMonotributos2021',175),(675,'2021_02_25_110400_UpdateTableVtoVencimiento2021V1',176),(676,'2021_05_17_110400_TableUsersEmpleados',176),(677,'2021_05_25_110400_TablesPortalEmpleados',176),(678,'2021_05_25_110401_TablesTaxesServicios',176),(679,'2021_05_25_110402_TablesEmpleadosFiles',176),(680,'2021_05_27_110400_AddColumnImagenUser',176),(681,'2021_05_29_110400_AddColumnTablesPortalEmpleados',176),(682,'2021_06_02_110400_AddColumnLiqEmpFirmado',176),(683,'2021_06_02_110401_AddColumnLiqEmpFirmadoFecha',176),(684,'2021_06_06_110401_TablesEmpleadosFilesMasivos',176),(685,'2021_06_06_11040_AddColumnEmpFile',176),(686,'2021_06_10_110401_UpdateConceptosAFIP',177),(687,'2021_06_15_110400_TablesBienesPersonalesV2021',178),(688,'2021_06_14_110400_TablePLSubdomain',179),(689,'2021_06_16_11040_AddRegistroPathOfFileName',179),(690,'2021_06_28_110400_UpdateTopesJubilatoriosJun2021',180),(691,'2021_06_30_110400_UpdatePerAlicuotas',181),(692,'2021_07_06_11040_AddColumnMetodoPago',182),(693,'2021_07_7_11040_AddRegistroPathOfFileNameV1',182),(694,'2021_07_08_110400_UpdateAutonomos2021Julio',183),(695,'2021_07_09_110400_AddColumnPathFileName',184),(696,'2021_07_11_110400_TablesAuxiliar',185),(697,'2021_07_18_110400_AddColumnPeriodLiquidation',186),(698,'2021_07_22_110400_AddColumnPeriodLiquidationAuxiliarId',187),(699,'2021_07_22_110401_AddColumnActividadCodigoCM',188),(700,'2021_07_22_110402_TablesCMArticulosRegimenes',188),(701,'2021_07_26_110400_AddImpuestoIIBBLaRioja',189),(702,'2021_07_22_110403_AddColumnPersonActivitiesCMID',190),(703,'2021_07_27_110400_AddColumnLiquidacionIIBB',190),(704,'2021_07_29_110400_AddColumnCMArticuloRegimen',191),(705,'2021_07_29_110401_UpdateMonotributos2021V2',192),(706,'2021_07_17_110400_ModuloPermisos',193),(707,'2021_08_08_11040_AddColumnReceiptHasta',193),(708,'2021_08_10_110400_FechasEnContabilidad',194),(709,'2021_08_14_11040_AddColumnFormatoSicoss',195),(710,'2021_08_18_110400_AddRegistroSyjActividad',196),(711,'2021_08_20_11040_AddColumnDeletedAtConceptoPivot',197),(712,'2020_07_01_110400_AddColumnDeletedAtConceptoPivot',198),(713,'2021_08_23_11040_AddColumnPersonsIVACreditoTipo',198),(714,'2021_09_08_11040_UpdateSituacionRevista',199),(715,'2021_09_09_11040_UpdateEmpleadoCondicion',199),(716,'2021_09_09_11040_UpdateModalidadContratacion',199);
INSERT INTO `migrations` VALUES (717,'2021_09_14_11040_UpdateEstadoCompsM',199),(718,'2021_09_16_110400_UpdateTopesJubilatoriosSept2021',199),(719,'2021_09_16_110400_TablesTaxesAdminNotif',200),(720,'2021_09_21_110400_UpdateModContratacion',200),(721,'2021_09_24_110400_AddColumnEmpleadoCBU',201),(722,'2021_09_24_110401_AddColumnEmpleadoDiasPropTope',201),(723,'2021_09_24_110402_AddRegistroFuncionesSicoss20210924',202),(724,'2021_09_26_110400_TablesConsultasAux',203),(725,'2021_10_18_110400_TablesEmpleadosEventuales',204),(726,'2021_10_18_110401_AddRegistrosLSDReg5',204),(727,'2021_10_18_110402_AddRegistroFuncionesSicoss',204),(728,'2021_10_18_110403_AddConvenioEventual',204),(729,'2021_10_18_110404_ModifyConvenioEventual',205),(730,'2021_10_31_110400_TablesPeriodLiquidationFiles',206),(731,'2021_09_24_110400_TableTaxesAdmTours',207),(732,'2021_12_03_110400_UpdateModContratacionV1',207),(733,'2021_12_09_110400_UpdateTopesJubilatoriosDic2021',207),(734,'2021_12_13_110400_UpdateAutonomosSept2021',208),(735,'2021_12_14_110400_AddColumnSyJReportes',209),(736,'2021_12_21_110400_AddFuncionesDeValorV2',210),(737,'2021_12_21_110400_AddTablaReferenciaV1',210),(738,'2021_12_29_110401_UpdateMonotributos2022',211),(739,'2022_01_05_110400_UpdateAutonomosDic2021',211),(740,'2022_01_05_110400_UpdateTableVtoVencimientoMonyAut2022',211),(741,'2021_01_11_110404_UpdateTableVtoVencimiento2022V1',212),(742,'2022_01_11_110400_TableSyJG4Art902022',212),(743,'2022_01_11_110401_TableSyJG4DeduccionesGrales2022',212),(744,'2022_01_11_110402_TableSyJG4DeducPersonales2022',212),(745,'2022_01_11_110403_TablesGanancias2022',212),(746,'2022_02_01_110400_UpdateVencimientosPerson2022',213),(747,'2022_01_17_110400_TablesInventarios',214),(748,'2022_01_24_110400_TableInvProductReceipt',214),(749,'2022_01_26_110400_AddTaxesServicios',214),(750,'2022_01_26_110401_TablesGestionDeEmpresa',214),(751,'2022_02_01_110400_TablesQuerys',214),(752,'2022_02_06_110400_UpdateGananciasArt902022V1',215),(753,'2022_02_10_110400_AddColumnZoneCodigoAfip',216),(754,'2022_02_10_110400_UpdateTableVtoVencimiento2022V2',217),(755,'2022_02_11_110400_AddImpuestoIIBBSantaCruz',218),(756,'2022_02_12_110400_AddSyJOperacionesImporte',219),(757,'2022_02_15_110400_AddFieldEstadoOrden',219),(758,'2022_02_15_110400_AddReceiptTypeT',219),(759,'2022_02_15_110401_AddColumnQueryPersonID',220),(760,'2022_02_15_110402_TablesFEMasivaStock',220),(761,'2022_03_04_110400_AddFieldProximoContactoAbuela',221),(762,'2022_03_06_110400_AddFieldProductoCombo',221),(763,'2022_03_15_110400_AddRegisterQueePortalIVA',222),(764,'2022_03_17_110400_TablesCondicionFrenteIVA',223),(765,'2022_03_17_110401_AddRegisterIVAAgrupacionMonos',223),(766,'2022_03_21_110400_AddModuleMercadoLibre',224),(767,'2022_03_21_110401_TableMercadoLibre',224),(768,'2022_03_30_110400_AddFuncionesDeValorV3',224),(769,'2022_03_31_110400_UpdateTopesJubilatoriosMarzo2022',225),(770,'2022_02_09_110400_TablesSicore',226),(771,'2022_02_09_110401_AddModuleSicore',226),(772,'2022_04_07_110400_AddImpuestoIIBBMendoza',226),(773,'2022_04_07_110401_UpdateImpuestoIIBBCorrientes',226),(774,'2022_04_12_110400_AddFieldPruebaGratisCursoId',226),(775,'2022_04_22_110400_AddFAMasivaDetalleGravaIIBB',227),(776,'2022_04_25_110400_UpdateTableAjPorInflacionIndices',228),(777,'2022_04_02_110400_AddModuleOrdenDeTrabajo',229),(778,'2022_04_02_110401_TablesOrdenesDeTrabajo',229),(779,'2022_04_13_110400_AddFieldInvProductReceipt',229),(780,'2022_04_18_110400_TablesOrdenesDeTrabajoFacturadas',229),(781,'2022_04_22_110400_TablesContaCentroDeCostos',229),(782,'2022_04_22_110401_AddFieldReceiptCentroCosto',229),(783,'2022_04_26_110400_AddFieldBalanceLibroInvOrdenId',229),(784,'2022_04_26_110400_TablesOrdenesTrabajoCC',229),(785,'2022_04_29_110400_AddFieldPuntoVentaFEHabilitado',230),(786,'2022_05_02_110400_AddModuleTicket',231),(787,'2022_05_02_110400_TablesTickets',231),(788,'2022_05_06_110400_AddFieldTicketsCaeVencimiento',232),(789,'2022_05_07_110400_UpdateAutonomosMarzo2022',232);
INSERT INTO `migrations` VALUES (790,'2022_04_24_110400_AddFieldSKU',233),(791,'2022_05_06_110401_AddFieldGestionDeEmpresa',233),(792,'2022_05_07_110400_TablesTaxesServiciosDetails',233),(793,'2022_05_08_110400_RemoveTablesGestionEmpresa',234),(794,'2022_05_09_110400_AddFieldInvOrdenTrabajoConfigCc',234),(795,'2022_05_09_110401_AddFieldOrdenDeTrabajoStatus',234),(796,'2022_05_09_110402_MLSetFacturacion',235),(797,'2022_05_11_110400_TableMLOrdersFacturada',235),(798,'2022_05_11_110401_CorreccionCondicionFrenteAlIva',236),(799,'2022_05_12_110400_AddFieldInvRegistradoraUsaProductos',237),(800,'2022_05_13_110400_AddFieldTicketDetailPolimorfica',237),(801,'2022_05_15_110400_AddFieldInvProductReceiptPolimorfica',237),(802,'2022_05_17_110400_TablesBienesPersonalesV2022',238),(803,'2022_05_16_110400_TableInvIndicadores',239),(804,'2022_05_18_110400_AddIdFacturaEnviada',239),(805,'2022_05_19_110400_AddFieldInvIndicadoresOrder',240),(806,'2022_05_22_110400_TablesTaxesSubDomain',241),(807,'2022_05_24_110400_UpdateTopesJubilatoriosJunio2022',241),(808,'2022_05_30_110400_AddFieldSyJEmpleadosLiqEnCero',242),(809,'2022_05_28_110400_TableMLItemProducto',243),(810,'2022_06_06_110400_TableSyJUsarloComo',243),(811,'2022_06_06_110400_UpdateGananciasArt902022V2',244),(812,'2022_06_08_110400_AddTablaReferenciaV2',245),(813,'2022_06_08_110401_AddFieldTaxesServiciosDiasDePrueba',245),(814,'2022_06_08_110402_AddFieldContactanos',245),(815,'2022_06_12_110400_TableMonedas',245),(816,'2022_06_12_110401_TablesTaxesCotizaciones',245),(817,'2022_06_16_110401_UpdateTablesGanancias2021',246),(818,'2022_06_15_110400_AddModuleDocumentosComerciales',247),(819,'2022_06_15_110401_TablesDocumentosComerciales',247),(820,'2022_06_21_110400_AddFieldReceiptsDcOrdenId',247),(821,'2022_06_24_110400_UpdateOS3900',247),(822,'2022_06_24_110401_TablesNoFiscalInvoice',247),(823,'2022_07_01_110400_AddFieldCtaCteClientePivotReceiptImporte',248),(824,'2022_07_06_110401_UpdateFacturacionMonotributos072022',249),(825,'2022_07_07_110400_AddEmpresasToTaxesServiciosDetails',250),(826,'2022_07_07_110400_UpdateAutonomosJunio2022',250),(827,'2022_07_07_110401_AddModuleTaxesEmpresas',250),(828,'2022_07_07_110402_AddFieldTaxesServiciosDetails',250),(829,'2022_07_07_110403_AddFieldTUserCtasCtesPersonId',250),(830,'2022_07_08_110400_AddReceiptTypeVacunos',250),(831,'2022_07_10_110400_AddRegisterQueeArchivosPem',251),(832,'2022_07_11_110400_AddColumnBlog',252),(833,'2022_07_17_110400_AddReceiptTypeTiqueC',252),(834,'2022_07_19_110400_AddIsTaxesEmpresas',253),(835,'2022_08_10_110400_AddColumnClaveTipos',253),(836,'2022_08_16_110400_AddModuleAltas',254),(837,'2022_08_16_110401_AddModuleServicios',254),(838,'2022_08_17_110400_UpdateReceiptTypesCuentaDeVenta',254),(839,'2022_08_16_110400_AddInvHsTipos',255),(840,'2022_08_21_110400_AddModulosTMS',255),(841,'2022_08_30_110400_AddMoneda',256),(842,'2021_09_02_110400_UpdateTableVtoVencimientoIIBBRioNegro',257),(843,'2022_09_08_110400_AddRegisterOtherTaxes',257),(844,'2022_09_08_110401_TablesRetPercFE',257),(845,'2022_09_09_110400_AddOrdenTipo',258),(846,'2022_09_13_110400_TUsersTarjetas',259),(847,'2022_09_13_110400_UpdateImpuestoIIBBCorrientesV2',259),(848,'2022_09_16_110400_AddRegisterPathFileNameSicoss',259),(849,'2022_08_25_110400_TdbabuelaFacturacion',260),(850,'2022_09_27_110400_AddReceiptTypeTiqueNotadeDebitoA',260),(851,'2022_10_03_110400_UpdateAutonomosSept2022',260),(852,'2022_09_19_110000_TablesEncuestas',261),(853,'2022_10_13_110400_UpdateRegSimpAGIP2022',261),(854,'2022_10_13_110401_UpdateTopesJubilatoriosSept2022',261),(855,'2022_10_17_110400_UpdateCategoriasIIBB2022',261),(856,'2022_10_23_110400_AddModuleConfigTesoreria',261),(857,'2022_10_23_110401_TablePersonRelationeds',261),(858,'2022_10_19_110400_TablesEmpleadosPdfAuto',262),(859,'2022_10_25_110400_AddModuleCtaCteUnificadoTesoreria',262),(860,'2022_10_26_110400_TablesEmpleadosPdfAuto2',262),(861,'2022_11_14_110400_UpdateFacturacionMonoSocial',263);
INSERT INTO `migrations` VALUES (862,'2022_11_17_11000_AddRegistroPathOfFileNameV2',264),(863,'2022_11_23_110400_TableTdbAbuelaEstadoLog',264),(864,'2022_12_03_110400_ModulosMobile',264),(865,'2022_12_05_110400_TablesDcOrdenesFacturadas',264),(866,'2022_12_11_110400_ModulosMobileTableroDeControl',265),(867,'2022_12_13_110400_RemoveColumnTarjetaTdbabuela',265),(868,'2022_12_22_110400_TablesPersonsDatos',265),(869,'2022_12_22_110401_AddModuleConfigEmpresa',265),(870,'2022_12_22_110402_AddModuleEmpresaCertificados',265),(871,'2022_12_26_110400_UpdateModalidadContratacion22',266),(872,'2022_12_26_110401_TablesGanancias2023',266),(873,'2022_12_26_110402_TableSyJG4Art902023',266),(874,'2022_12_28_110401_TableSyJG4DeduccionesGrales2023',266),(875,'2022_12_28_110402_TableSyJG4DeducPersonales2023',266),(876,'2022_12_28_110403_UpdateTopesJubilatoriosDic2022',266),(877,'2022_01_03_110402_UpdateTableVtoVencimientoMonyAut2023',267),(878,'2023_01_03_110400_UpdateMonotributos2023',267),(879,'2023_01_03_110401_AddMonotributoCategorias',267),(880,'2023_01_04_110400_UpdateAutonomosDic2022',268),(881,'2023_01_04_110401_UpdateTableVtoVencimiento2023',268),(882,'2023_01_04_110402_AddVencimientosImpuestos',268),(883,'2023_01_04_110403_UpdateTableVtoVencimientoIIBB2023',268),(884,'2023_01_03_110402_AddModuleNovedades',269),(885,'2023_01_03_110403_TablesSyJNovedades',269),(886,'2023_01_18_110400_AddFieldTablesCurso',270),(887,'2023_01_18_110401_AddFieldTaxesServiciosDetailsFechaComentario',270),(888,'2023_01_20_110400_AddReceiptTypeTiqueNotaDeCreditoC',270),(889,'2023_01_23_110400_AddFieldFacturaElecReferencia',271),(890,'2023_01_25_110400_UpdateFacturacionMonoSocial2023',272),(891,'2023_01_27_110400_UpdateTableVtoVencimientoIIBBVarios',273),(892,'2023_02_03_110400_UpdateTableAjPorInflacionIndices',274),(893,'2023_02_03_110400_UpdateTableAjPorInflacionIndicesV20230208',275),(894,'2023_02_17_110400_AddFieldEmpleadoSueldoNetoPactado',276),(895,'2023_02_17_110401_AddModuleSueldoNetoPactado',276),(896,'2023_01_19_110400_RemoveEstadoColumnTdbabuelas',277),(897,'2023_01_24_110401_AddColumnTdbabuelasEstadosType',277),(898,'2023_01_24_110402_UpdateTdabuelasEstadosTable',277),(899,'2023_02_25_110402_AddModuleTAReportes',277),(900,'2023_03_06_110400_UpdateTableVtoVencimientoIIBBCorrientes',277),(901,'2023_03_08_110400_AddRegisterConsultas',278),(902,'2023_03_11_110400_AddFieldsCheques',278),(903,'2023_03_15_110400_MonedasHabilitadoId4',279),(904,'2023_03_13_110400_AddModulosTMS2',280),(905,'2023_03_14_110400_TableInvDescargas',280),(906,'2023_03_14_110401_TableInvDescargas2',280),(907,'2023_03_16_110400_AlterColumnPivotReceipt',281),(908,'2023_03_20_110400_ModifyRegisterTesoreriaCuentasV1',282),(909,'2023_03_22_110400_ModifyRegisterTesoreriaCuentasV2',283),(910,'2023_03_22_110401_TableChequesTransferEmitidas',283),(911,'2023_03_27_110400_AddModuleConciliaciones',284),(912,'2023_03_27_110401_AddColumnIsConciliadoCtaCteTesDetail',284),(913,'2023_03_28_110400_AddModuleCobranzas',284),(914,'2023_03_28_110401_AddModulePagos',284),(915,'2023_03_20_110400_TableCobradores',285),(916,'2023_03_20_110401_TablePersonCobrador',285),(917,'2023_03_20_110402_AddModuloCobrador',285),(918,'2023_03_20_110403_AddColumnHabilitadoCobradores',285),(919,'2023_04_10_110400_UpdateAutonomosMarzo2023',286),(920,'2023_04_10_110401_UpdateTopesJubilatoriosMarzo2023',286),(921,'2023_04_12_110400_CreatePersonsSicoreTable',287),(922,'2023_04_12_110401_UpdateTableSicoreDetails',287),(923,'2023_04_12_110402_RenameTableSicoreDetailsNetoGrav',287),(924,'2023_04_10_110400_AddDocumentoComercialRequerimiento',288),(925,'2023_04_11_110400_AddDCOrdenCompraRequerimiento',288),(926,'2023_04_14_110400_AddModulosTMS3',289),(927,'2023_04_15_11400_AddRegistroPathOfFileNameV3',289),(928,'2023_04_18_11400_ModifyColumnsMonedaCotizacion',290),(929,'2023_04_18_11401_ModifyColumnsMonedaCotizacionV2',290),(930,'2023_04_25_11400_AddColumnPersonConfigMultimoneda',290),(931,'2023_05_04_11400_AddColumnReceiptPendiente',291);
INSERT INTO `migrations` VALUES (932,'2023_05_14_11400_AddColumnPeriodLiquidationIVAReducMonos',292),(933,'2023_05_15_110400_AddFieldTaxesSubDomainEcommerce',293),(934,'2023_05_16_11400_AddColumnInvProductoDepositos',293),(935,'2023_05_17_110400_AddFieldTaxesSubDomainLayout',294),(936,'2023_05_21_11400_AddColumnPersonConfigAgPerRet',294),(937,'2023_05_22_11400_AddColumnInvProductoShowInCatalogo',294),(938,'2023_05_23_110400_TableInvProductoFotos',295),(939,'2023_05_30_110400_TablesBienesPersonalesV2023',296),(940,'2023_05_24_11400_AddColumnRetentions',297),(941,'2023_05_29_110400_AddModuleTesoreriaReportes',297),(942,'2023_05_30_110401_AddModulosTMSCobranzas',298),(943,'2023_06_01_11400_ModifyRegistersTesoreriaCuentas',298),(944,'2023_06_03_110400_AddDocumentoComercialRemito',299),(945,'2023_06_04_110400_ModifyColumnSubdomainIsCatalogo',299),(946,'2023_06_05_110400_AddModulosTaxesSubdomain',300),(947,'2023_06_08_110400_UpdateSicoreRegimenes',300),(948,'2023_06_08_110401_UpdateVencimientosPerson2023',300),(949,'2023_06_08_110400_AddModuleSubdominio',301),(950,'2023_06_08_110401_AddRegisterTaxesServicioLanding',301),(951,'2023_06_10_110400_TableDcOrdenOrigenDestino',301),(952,'2023_06_12_110400_AddDocumentoComercialRemitoEgreso',301),(953,'2023_06_12_110401_AddColumnInvOtProductoDcOrdenId',301),(954,'2023_06_15_110400_TableDcOrdenesFiles',302),(955,'2023_06_17_110400_AddColumnTdbAbuelaContactado',303),(956,'2023_06_21_110400_UpdateMonotributosJulio2023',303),(957,'2023_06_21_110401_AddDocumentoComercialRemitoInterno',304),(958,'2023_06_21_114002_AddColumnDcOrdenesDetailsInvProductoDestino',304),(959,'2023_06_21_11400_AddColumnInvProductoPrioridad',304),(960,'2023_06_25_110400_AddModulosTMSRemitos',305),(961,'2023_06_27_110402_UpdateGananciasArt90Tope',305),(962,'2023_06_27_114000_AddColumnInvOrdenTrabajosResponsable',305),(963,'2023_06_27_114001_AddColumnInvOrdenTrabajosFechaCierre',305),(964,'2023_06_21_110401_UpdatePlanesJulio2023',306),(965,'2023_06_29_114000_AddColumnTicketsClienteId',306),(966,'2023_06_30_110400_AddColumnDcOrdenIsCompletado',307),(967,'2023_07_01_110400_AddDCOrdenIngresoCompra',307),(968,'2023_07_02_110400_AddDocumentoComercialRemitoIngresoFromOc',307),(969,'2023_07_03_110400_ModifyRegisterDCOrdenesOrigenTipo',308),(970,'2023_07_03_114001_AddColumnDcOrdenesTitulo',308),(971,'2023_07_04_110400_AddImpuestoRegSimpNequen',309),(972,'2023_07_04_110401_AddImpuestoRegSimpRioNegro',309),(973,'2023_07_04_110402_AddReceiptTypeOtroCompA',309),(974,'2023_07_07_114000_AddColumnPersonFantasyName',310),(975,'2023_04_10_110401_UpdateTopesJubilatoriosJunio2023',311),(976,'2023_07_07_110400_UpdateAutonomosJunio2023',311),(977,'2023_07_09_110400_TableTaxesSubdomainTipos',311),(978,'2023_07_10_110402_AddReceiptTypeTiqueNotaDeCreditoA',311),(979,'2023_07_11_110400_UpdateImportePlanesJulio2023',311),(980,'2023_07_12_110400_AddColumnDcOrdenMoneda',312),(981,'2023_07_12_110401_AddMonedaEuro',312),(982,'2023_08_01_110400_TableDcOrdenesFirmas',313),(983,'2023_08_01_110401_AddModulosTMSFirmarRemitos',313),(984,'2023_08_05_110400_TableDcFirmasReglas',313),(985,'2023_08_05_110401_AddFieldsDcFirmas',313),(986,'2023_08_07_110400_AddModulosTMSFirmarOc',314),(987,'2023_08_08_110400_AddDcEstadoEliminado',314),(988,'2023_08_11_110400_AddModulosTMSProduccionReq',314),(989,'2023_08_13_110400_AddColumnStockMovimientoDetalle',314),(990,'2023_08_13_110401_TableInvOrdenTrabajoServicios',315),(991,'2023_08_13_110402_AddDCRemitoServicioOT',315),(992,'2023_08_13_110403_TableDCOrdenServicioCompra',315),(993,'2023_08_15_110400_CorreccionesTableInvHoras',316),(994,'2023_08_16_110400_AddColumnOTProductoImporte',317),(995,'2023_08_22_110400_AddColumnHorasDisponibles',317),(996,'2023_08_22_110401_AddModulosTMSFirmarHoras',317),(997,'2023_08_22_110402_AddColumnHorasDispoType',317),(998,'2023_08_24_110400_ModifyColumnDcOrdenNumeroATexto',318),(999,'2023_08_25_110400_AddColumnOtClasificacion',318),(1000,'2023_08_27_110400_ModifyColumnDcOrdenNumeroANumero',318);
INSERT INTO `migrations` VALUES (1001,'2023_08_29_110400_AddColumnDcOrdenMultiplesOt',319),(1002,'2023_08_31_110400_AddColumnNFCtaCteCompensado',319),(1003,'2023_09_01_110400_ModifyIOrigenDestinoHorasTipos',320),(1004,'2023_09_04_110400_AddModulosTMSFirmarProductos',320),(1005,'2023_09_11_110400_AddColumnHorasTiposImporte',320),(1006,'2023_09_12_110400_AddColumnOtClasificacion',320),(1007,'2023_09_12_110400_AddFirmarRemitosDeIngreso',320),(1008,'2023_09_12_110401_AddColumnInvOrdenTrabajoPatente',320),(1009,'2023_09_12_110400_AddColumnOtClasificacionV1',321),(1010,'2023_09_14_110400_TableInvOrdenTrabajoTareas',321),(1011,'2023_09_14_110401_AddModulosTMSTareas',321),(1012,'2023_09_14_110402_CentroCostosCorreciones',321),(1013,'2023_09_21_110401_TableReceiptDcOrden',322),(1014,'2023_09_24_110400_AddTableReceiptsDcFirmaId',322),(1015,'2023_09_24_110401_AddModulosTMSFirmarFacturasCompra',322),(1016,'2023_09_25_110400_ModifySistemTaxesOnlyTMS',322),(1017,'2023_09_25_110400_UpdateGananciasArt902023',322),(1018,'2023_09_26_110400_TableOrdenDePago',323),(1019,'2023_09_27_110400_TableOrdenDePagoReceipts',324),(1020,'2023_09_27_110401_UpdateReceitpsFirmaId',324),(1021,'2023_09_29_110400_AddModulosTMSCuentas',325),(1022,'2023_10_02_110400_AddModulosTMSCuentasV1',325),(1023,'2023_10_02_110401_UpdateTableReceitpsFirmaIdDefault',325),(1024,'2023_10_05_110400_AddColumnReceiptOrdenesImporte',326),(1025,'2023_10_10_110400_AddColumnReceiptOrdenesOC',327),(1026,'2023_10_11_110400_AddColumnDCFirmasEmitido',327),(1027,'2023_10_12_110400_AddRegisterReceiptRedondeo',327),(1028,'2023_10_15_110400_ModifyColumnReceiptComentario',328),(1029,'2023_10_16_110400_AddRegisterTypesSIRTAC',329),(1030,'2023_10_17_110400_AddCuentasContableSirtac',330),(1031,'2023_10_18_110400_AddModulosWhatsApp',331),(1032,'2023_10_18_110401_TablesWhatsApp',331),(1033,'2023_10_20_110400_TableWsTelefonos',331),(1034,'2023_10_21_110400_TablePaisesPrefijos',331),(1035,'2023_10_23_110400_AddModulosContactos',331),(1036,'2023_10_23_110401_AddColumnWsContactoPersonId',331),(1037,'2023_10_23_110402_ImportarContactosUserMaster',331),(1038,'2023_10_24_110400_AddColumnHorasTiposShow',331),(1039,'2023_10_25_110400_TableOrdenesTrabajoFiles',332),(1040,'2023_10_30_110400_UpdateTopesJubilatoriosOctubre2023',332),(1041,'2023_11_06_110400_TableDcOrdenesRevocadas',333),(1042,'2023_11_07_110400_AddModulosTMSRevocacion',333),(1043,'2023_11_13_110400_SPMonotributistasOnlyActive',333),(1044,'2023_11_13_110401_DcOrdenDePagoReceiptNull',334),(1045,'2023_11_20_110400_TableCalendario',334),(1046,'2023_11_26_110400_TableTaxesJobs',334),(1047,'2023_11_26_110401_CopyImpuestosAlCalendario',334),(1048,'2023_11_27_110400_AddModuloInicio',334),(1049,'2023_11_27_110401_AddModuloAgenda',334),(1050,'2023_12_05_110400_TableLinkOtsFacturas',335),(1051,'2023_12_06_110400_UpdateTableAjPorInflacionIndicesV20231206',335),(1052,'2023_12_11_110400_AddColumnDcOrdenFilesOriginalName',336),(1053,'2023_12_12_110400_AddColumnCalendarDescripcionText',336),(1054,'2023_12_12_110401_TableCalendarReservas',336),(1055,'2023_12_14_110400_AddModuloTurnos',337),(1056,'2023_12_14_110401_UpdateTopesJubilatoriosDiciembre2023',337),(1057,'2023_12_17_110400_TableCalendarTurnosDispoDatos',338),(1058,'2023_12_21_110400_TableSyJG4Art902024',339),(1059,'2023_12_24_110400_AddRegisterTaxesSubdomainTipoTurno',340),(1060,'2023_12_26_110400_AddColumnCalendarNivel12Detalle',340),(1061,'2023_12_27_110400_AddColumnCalendarTurDispoDuracion',341),(1062,'2023_12_27_110401_AddColumnWsEnviarMensajesStart',342),(1063,'2023_12_29_110400_AddTaxesSubDomainTuRecibo',342),(1064,'2024_01_02_110400_UpdateTableVtoVencimiento2024',342),(1065,'2024_01_02_110401_UpdateTableVtoVencimientoMonyAut2024',342),(1066,'2024_01_02_110402_UpdateTableVtoVencimientoIIBB2024',342),(1067,'2024_01_02_110403_UpdateTableVtoVencimientoIIBBVarios2024',342),(1068,'2024_01_02_110404_UpdateAutonomosMonotributoEne2024',342),(1069,'2024_01_04_110400_TableTicketsCuentasTesoreria',343);
INSERT INTO `migrations` VALUES (1070,'2024_01_07_110400_AddColumnCobradores',343),(1071,'2024_01_07_110401_AddModulosAdministracion',343),(1072,'2024_01_08_110400_AddModulosAdministracionV1',344),(1073,'2024_01_09_110400_AddCamposOrdenesCompra',344),(1074,'2024_01_10_110400_TableFormaDeEntrega',344),(1075,'2024_01_24_110400_AddRegisterDbTaxesPuntoVenta',345),(1076,'2024_01_28_110400_AddModuloPanel',345),(1077,'2024_01_29_110400_TablePanelUsers',345),(1078,'2024_02_03_110400_TablePanelUserMovimientos',345),(1079,'2024_02_06_110400_TablePanelUserTransferencias',345),(1080,'2024_02_08_110400_AddColumnCobradoresTelefono',346),(1081,'2024_02_11_110400_AddColumnCuentasTesoreriaToken',347),(1082,'2024_02_12_110400_AddModuloPanelCajeros',348),(1083,'2024_02_13_110400_AddColumnBancosClaves',348),(1084,'2024_02_16_110400_AddColumnPanelUserTransfer',349),(1085,'2024_02_17_110400_AddPathOfFileReporteMovimientos',350),(1086,'2024_02_17_110401_TableDcOrdenEmpleado',350),(1087,'2024_02_19_110400_AddRegisterTaxesSubdomainTipoContable',351),(1088,'2024_02_22_110400_AddColumnPanelUserCajeroUserClave',351),(1089,'2024_02_23_110400_TableCobradoresDatos',351),(1090,'2024_02_23_110401_AddColumnPanelUserCobradorId',351),(1091,'2024_02_23_110402_ModifyColumnPanelUserMovimientoDocument',352),(1092,'2024_02_25_110400_AddColumnCuentasTesoreriaCUIT',353),(1093,'2024_02_25_110400_TableCobradoresEstado',354),(1094,'2024_02_26_110400_AddColumnProductoFechaVto',355),(1095,'2024_02_28_110400_ModifyReceiptColumnPendiente',356),(1096,'2024_02_29_110400_Periods20240229',357),(1097,'2024_03_07_110400_AddTaxesSubdomainPanel',358),(1098,'2024_03_14_110400_AddReceiptTypeVarios',358),(1099,'2024_03_14_110401_AddColumnCobradoresDatosUrl',359),(1100,'2024_03_19_110400_AddColumnShowUserTaxesEmpresas',359),(1101,'2024_03_19_110401_AddColumnDcOrdenesSyJEmpleadoId',359),(1102,'2024_03_19_110402_DeleteTableDcOrdenEmpleado',360),(1103,'2024_03_21_110400_AddDcOrdenAnulacion',361),(1104,'2024_04_01_110400_TableRodados',361),(1105,'2024_04_01_110401_AddModuloRodados',361),(1106,'2024_04_02_110400_AddColumnPanelMovimietoPath',361),(1107,'2024_04_02_110401_UpdateTopesJubilatoriosMarzo2024',361),(1108,'2024_04_03_110400_AddOtRodadoId',362),(1109,'2024_04_03_110401_ModifyColumnDcOrdenesOrigenDestinoHabilitado',362),(1110,'2024_04_10_110400_AddColumnDcOrdenesFechaAsignacion',363),(1111,'2024_04_11_110400_TablePersonPagos',363),(1112,'2024_04_15_110400_TableRodadosFiles',364),(1113,'2024_04_16_110400_TruncateUploadFile',364),(1114,'2024_04_18_110400_MigrationPrueba',365),(1115,'2024_04_21_110400_AddColumnDcOrdenesFechaCumplido',365),(1116,'2024_04_24_110400_AddColumnPersonsPersonPagosLugares',366),(1117,'2024_04_25_110400_AddColumnRodados',367),(1118,'2024_04_26_110400_TableCobradoresMetodos',367),(1119,'2024_04_27_110400_AddColumnApiTokenTusers',368),(1120,'2024_04_29_110400_AddColumnSyJEmpleadosIsComprador',368),(1121,'2024_05_01_110400_TableApiRecibidas',369),(1122,'2024_05_02_110400_AddColumnCtaCteClienteFechaVencimiento',369),(1123,'2024_05_06_110400_AddColumnDcOrdenesODIsDeposito',370),(1124,'2024_05_06_110401_AddDcOrdenRemitoGasto',370),(1125,'2024_05_06_110402_AddModuloRemitoDeGastos',370),(1126,'2024_05_12_110400_TableRodadosCargas',371),(1127,'2024_05_12_110401_AddModuloRodadosConfig',371),(1128,'2024_05_13_110400_TableRodadosCargasControl',371),(1129,'2024_05_14_110400_AddModuloRodadosV1',371),(1130,'2024_05_14_110401_TableRodadosKms',371),(1131,'2024_05_17_110400_AddModuloPreFactura',371),(1132,'2024_05_17_110401_TablePreFacturas',371),(1133,'2024_05_18_110400_AddRegisterBancoICBC',371),(1134,'2024_05_20_110400_AddColumnCtaCteNumero',372),(1135,'2024_05_21_110400_AddColumnCtaCteChequeDetailId',373),(1136,'2024_05_21_110401_AddColumnCtaCteChequeTesoreriaDetailId',374),(1137,'2024_05_24_110400_AddRegisterBancoBMASAU',375),(1138,'2024_05_26_110400_AddRegisterTesoreriaCuentasTiposEfecSuf',375),(1139,'2024_05_26_110401_AddColumnCuentasTesoreriaRetentionTypeId',376);
INSERT INTO `migrations` VALUES (1140,'2024_05_28_110400_AddColumnRetentionTesoreriaDetailId',376),(1141,'2024_05_28_110401_ContaPlanCuentaPercIIBBAddCuentas',377),(1142,'2024_05_29_110400_BalanceLibroPolimorfica',378),(1143,'2024_05_30_110400_TableDcOrdenDePagoCheques',379),(1144,'2024_05_30_110401_BalanceLibroPolimorficaRunRegistros',380),(1145,'2024_06_03_110400_AddColumnPreFacturasFacId',381),(1146,'2024_06_10_110400_ModifyRegistroContaPlanCuentaCompensaciones',382),(1147,'2024_06_19_110400_RegimenesRetPerIVAPersons',383),(1148,'2024_06_24_110400_AddDcOrdenCotizaciones',384),(1149,'2024_07_04_110400_AddColumnCtaCteClientePivotReceiptIsACuenta',385),(1150,'2024_07_07_110400_AddColumnOtEmpleadoId',386),(1151,'2024_06_27_110400_ModulosPpc',387),(1152,'2024_06_27_110401_TablesPPC',387),(1153,'2024_07_14_110400_AddColumnPpcReceiptsEstados',388),(1154,'2024_07_28_110404_UpdateAutonomosMonotributoJul2024',389),(1155,'2024_07_29_110400_AddColumnCuitBancos',390),(1156,'2024_07_29_110400_UpdateTableVtoVencimientoIIBBCorrientes24',390),(1157,'2024_07_29_110403_UpdateTableVtoVencimientoIIBBSicol',390),(1158,'2024_07_30_110400_AddColumnContaPlanCuentaShowIn',390),(1159,'2024_08_01_110400_TablesSicoreEscalas',391),(1160,'2024_08_07_110400_AddColumnCtaCteClienteUserIdQueFirma',392),(1161,'2024_08_08_110400_AddColumnSyJLiqEmpleadoPublicar',393),(1162,'2024_08_21_110400_UpdateTopesJubilatoriosAgosto2024',394),(1163,'2024_08_22_110400_AddModulosTMSPanolABM',395),(1164,'2024_08_22_110401_TableUsersPermisos',395),(1165,'2024_08_24_110400_TableProductosMoves',395),(1166,'2024_08_29_110400_AddColumnDcOrdenDetailInvDepositoIdDestino',396),(1167,'2024_09_01_110400_AddDcOrdenDevolucion',397),(1168,'2024_09_02_110400_AddColumnProductoUbicacionPersonId',398),(1169,'2024_09_03_110400_AddColumnInvOTFechaEstimada',399),(1170,'2024_09_06_110400_AddColumnInvOTTareasHorasEstimadas',400),(1171,'2024_09_09_110400_TableRetentionsDetails',401),(1172,'2024_09_30_110401_AddModuloPanelMovimientos',402),(1173,'2024_10_02_110400_AddRegisterContaTipoAsientoComp',402),(1174,'2024_09_30_110400_TablesHorasOt',403),(1175,'2024_10_08_110400_AddColumnSyJEmpleadoJefeId',403),(1176,'2024_10_09_110400_AddModuloRegistrarEmpleadoOt',403),(1177,'2024_10_13_110400_TableUserModuleDefault',403),(1178,'2024_14_30_110400_AddModuloHorasTms',403),(1179,'2024_10_14_110400_AddModuloTableroControl',404),(1180,'2024_10_14_110401_TablesCPCNiveles',404),(1181,'2024_10_15_110400_AddRegisterConsultaTableroControl',405),(1182,'2024_10_16_110400_AddColumnUserHiddenMenu',406),(1183,'2024_10_16_110401_AddDcOrdenEgrDevolucion',406),(1184,'2024_10_19_110400_TableSuscripPlanCustom',407),(1185,'2024_10_21_110400_ModifyTablesCuentasPanel',407),(1186,'2024_10_225_110400_Ganancias2024',408),(1187,'2024_11_04_110400_Ganancias2024V2',409),(1188,'2024_11_06_110400_AddColumnSyJLiquidacionCalcGciasEstaLiq',410),(1189,'2024_11_08_110400_ModifyTableHorasCalculadasDetails',411),(1190,'2024_11_11_110400_TableConciliaciones',412),(1191,'2024_11_12_110400_ModifyTableInvOtTareasHsEstimadas',413),(1192,'2024_11_21_110400_AddColumnDcOrdenesIsPagada',413),(1193,'2024_12_03_110400_AddDcOrdenRemitoServicio',413),(1194,'2024_12_18_110400_UpdateTopesJubilatoriosDiciembre2024',414),(1195,'2024_12_26_110400_RegimenesIIBBPersons',415),(1196,'2024_12_26_110401_AddModuloSimuladorGanancias',415),(1197,'2024_12_26_110402_AddColumnSyJEmpHasUserSimGcias',415),(1198,'2024_12_26_110403_AddTaxesSubdomainSimulador',415),(1199,'2024_12_28_110400_TableSimGciasRemuneraciones',416),(1200,'2025_01_01_100_UpdateTableVtoVencimiento2025',416),(1201,'2025_01_01_101_UpdateTableVtoVencimientoMonyAut2025',416),(1202,'2025_01_14_100_TablesPersonsFiles',417),(1203,'2025_01_14_101_AddColPpcReceiptFechaVto',418),(1204,'2025_01_16_101_ModifyTipesMails',419),(1205,'2025_01_027_100_Ganancias202501',420),(1206,'2025_01_28_100_UpdateTopesJubilatorios202501',420),(1207,'2025_01_28_101_AddColSimGciasRemunSyjLiqEmpId',421);
INSERT INTO `migrations` VALUES (1208,'2025_02_11_100_ModifyCondicionFrenteAlIVA20250211',421),(1209,'2025_02_11_111_UpdateMonotributo202501',421),(1210,'2025_02_18_100_ModifyTableParentesco',422),(1211,'2025_02_21_100_AddColTableDeducGralDetailPeriodId',423),(1212,'2025_02_21_101_ModifyDeducciones202502',423),(1213,'2025_02_24_100_ModifyFamiliares',424),(1214,'2025_03_04_100_TablesPersonFormCustom',425),(1215,'2025_03_07_100_CorreccionCondIVAFAMasiva',426),(1216,'2025_03_09_100_AddColCalendarTurDisDatoId',427),(1217,'2025_03_10_110_UpdateImpuestoIIBBMendoza202503',428),(1218,'2025_03_10_111_AddModuloOrdenTrabajo',429),(1219,'2025_03_12_110_AddPathOfFileExcelSf',430),(1220,'2025_03_14_100_TablesInvOtDevoluciones',431),(1221,'2025_03_17_100_AddColCalendarInvOtId',432),(1222,'2025_03_18_100_AddColInvStockMovimientoFecha',433),(1223,'2025_03_19_100_AddColSyJEmpleadosColor',434),(1224,'2025_03_23_100_TableInvOtsFacturadas',435),(1225,'2025_03_25_100_ModifyReceiptTypeB',436),(1226,'2025_03_25_101_AddVtoImpuestoSircar',437),(1227,'2025_03_26_100_AddColOtDevolucionProductosNeto',438),(1228,'2025_03_27_100_TableInvOtsPresupuestos',438),(1229,'2025_03_28_100_TableInvDCEstadoDecisiones',439),(1230,'2025_03_31_100_AddColOTDireccion',440),(1231,'2025_03_31_101_AddColPersonsLatitudLongitud',441),(1232,'2025_04_02_100_AddColReceiptCtaCteTesoreriaId',442),(1233,'2025_04_06_100_AddColReceiptIsNoFiscal',443),(1234,'2025_04_07_100_AddColDcOrdenesFacturadasReceiptId',443),(1235,'2025_04_07_101_AddColInvOrdenTrabajoFacturadaReceiptId',444),(1236,'2025_04_10_100_TablePersonCobradorHistory',445),(1237,'2025_04_21_100_AddColStockMovimientoMonedaId',445),(1238,'2025_04_21_101_AddModuloTallerReportes',446),(1239,'2025_04_21_102_TablePermisos',446),(1240,'2025_04_22_100_AddRegistroUserPermisosOts',446),(1241,'2025_04_23_100_TablePermisosLevel2Types',446),(1242,'2025_04_23_101_RemoveColumnIsDelExterior',447),(1243,'2025_04_12_100_AddModuloDespachoImportacion',448),(1244,'2025_04_12_101_TableDespachos',448),(1245,'2025_04_23_102_AddPermisosLevel2Types',448),(1246,'2025_04_24_100_AddColHorasFichajesV1',448),(1247,'2025_04_29_100_ModifiyDespachoCierreProductId',449),(1248,'2025_05_06_100_AddColumnInvOtResponsableId',450),(1249,'2025_05_08_100_ModifyReceiptTypeBV1',451),(1250,'2025_05_09_101_AddReceiptTypeNCDespacho',452),(1251,'2025_05_09_100_TablePagosACuentas',453),(1252,'2025_05_12_100_AddColDespachoCierreCant',454),(1253,'2025_05_13_100_ModifiyCuentaContableNoEdit',454),(1254,'2025_05_13_101_AddColDespachoCierreV1',454),(1255,'2025_05_20_100_AddColumnInvCtaCteClienteUserCtaCteId',455),(1256,'2025_05_20_101_AddColumnInvOtProductoMonedaId',456),(1257,'2025_06_01_100_AddColumnHorasFichajesFecha',457),(1258,'2025_06_02_100_AddModuloHorasPortalEmpleado',457),(1259,'2025_06_03_100_AddColumnSyJEmpHsInicio',458),(1260,'2025_06_05_100_AddColumnUserCtaCteFactElecId',459),(1261,'2025_06_08_100_AddRegisterTaxesServicios',460),(1262,'2025_06_14_100_UpdateTableVtoVencimientoIIBBCorrientes25',460),(1263,'2025_06_17_100_AddModuloOV',461),(1264,'2025_07_04_100_SetCondicionFrenteAlIva',461),(1265,'2025_07_06_100_AddRegisterPersonCustomServiciosFormDCOrden',462),(1266,'2025_07_09_100_AddColumnDcOrdenIsGarantia',463),(1267,'2025_07_10_100_AddReferenciaAntiguedadCamioneros',464),(1268,'2025_07_11_100_AddFuncionImporteContHugo',464),(1269,'2025_07_15_100_TablesPanelLiquidacion',465),(1270,'2025_07_17_100_AddColumnMLResponse',466),(1271,'2025_07_18_100_AddColumnMLResponseDatos',466),(1272,'2025_07_31_100_TablesProductosVariantes',466),(1273,'2025_08_03_100_AddPermisoVariants',466),(1274,'2025_06_26_100_TablesDCOrdenesDeVenta',467),(1275,'2025_08_15_100_UpdateTmodulesIconsToBootstrapIcons',467),(1276,'2025_08_19_100_UpdateValoresMonotributo202508',468),(1277,'2025_08_20_100_AddDcOrdenTipoOcEmpresas',469),(1278,'2025_08_25_100_add_elimination_fields_to_path_of_file',470),(1279,'2025_08_27_100_AddReceiptType',471),(1280,'2025_08_29_100_TableListaDePrecios',472);
INSERT INTO `migrations` VALUES (1281,'2025_08_29_101_AddListaPrecioToTickets',472),(1282,'2025_09_01_100_AddFuncionPromedioHsExContHugo',473),(1283,'2025_09_01_101_TablePeriodJornales',473),(1284,'2025_09_01_102_AddFuncionPromedioHsExContHugoValor',474),(1285,'2025_09_09_100_TableOvOcPresupuestos',475),(1286,'2025_09_10_100_CreateTableDcSolFacOcc',476),(1287,'2025_09_12_100_create_dc_ov_remc_occ_table',477),(1288,'2025_09_20_100_PspCtasRecas',478),(1289,'2025_09_20_101_PspCredentials',478),(1290,'2025_09_20_102_PspCompanies',478),(1291,'2025_09_20_103_PspCvus',478),(1292,'2025_09_20_104_PspMovements',478),(1293,'2025_09_20_105_PspAccountLedger',478),(1294,'2025_09_20_106_PspPayouts',478),(1295,'2025_09_20_107_PspWebhooks',478),(1296,'2025_09_20_108_PspBalanceSnapshots',478),(1297,'2025_09_20_109_PspAgContactos',478),(1298,'2025_09_20_110_PspLimitesOperacion',478),(1299,'2025_09_20_200_AddModuloHomeBanking',478),(1300,'2025_09_20_201_AddModulePspRecaudadora',478),(1301,'2025_09_21_100_AddModuloHomeBankingDocs',478),(1302,'2025_09_22_002_copy_system_taxes_to_psp',478),(1303,'2025_09_22_072732_create_psp_conceptos_table',478),(1304,'2025_09_23_111_PspComisiones',478),(1305,'2025_09_25_001_CreatePspDocumentsTables',478),(1306,'2025_09_29_100_AddPermisoTickets',478),(1307,'2025_10_06_100_add_devolucion_fields_to_tickets',478),(1308,'2025_10_06_101_AddPermisoTicketsDevolucion',478),(1309,'2025_10_06_102_AddColumnTicketRegisNC',478),(1310,'2025_10_06_103_AddRedondeoToListaDePrecios',479),(1311,'2025_10_08_100_Add_prod_variant_id_to_dc_ordenes_details_table',480),(1312,'2025_10_12_100_AddColumnSyJEmpleadoDeposito',481),(1313,'2025_09_20_103_CreatePspSucursalesTable',482),(1314,'2025_09_20_104_CreatePspCajasTable',482),(1315,'2025_09_20_105_CreatePspCvusTable',482),(1316,'2025_09_20_106_PspMovements',482),(1317,'2025_09_20_107_PspAccountLedger',482),(1318,'2025_09_20_108_PspPayouts',482),(1319,'2025_09_20_109_PspWebhooks',482),(1320,'2025_09_20_110_PspBalanceSnapshots',482),(1321,'2025_09_20_111_PspAgContactos',482),(1322,'2025_09_20_112_PspLimitesOperacion',482),(1323,'2025_10_16_001_create_bind_apibank_webhook_tables_in_dbtaxes',482),(1324,'2025_10_16_002_create_bind_apibank_tables_in_tenants',482),(1325,'2025_10_16_003_alter_cta_cte_tesoreria_for_bind_apibank',482),(1326,'2025_10_19_234350_add_codigo_bind_to_zones_with_data',482),(1327,'2025_10_20_001_add_apibank_fields_to_psp_tables',483),(1328,'2025_10_23_001_add_certificate_paths_to_bind_apibank_credentials',483),(1329,'2025_10_29_100_AddProdVariantIdToInvProductReceipt',484),(1330,'2025_10_30_100_AddPermisoTicketsCambio',485),(1331,'2025_10_31_100_AddColumnDcOrdenIsReceiptCredit',486),(1332,'2025_11_03_100_AddPermisoOrdenesVenta',487),(1333,'2025_11_04_100_AddColumnDcOrdenNumeroText',487),(1334,'2025_11_04_101_AddFuncionValorLiqConcAsoc',487),(1335,'2025_11_05_100_CreateDcOvOrigenesUsers',488),(1336,'2025_11_10_100_create_dc_ordenes_pdf_templates_table',489),(1337,'2025_11_11_100_AddColumnsGarantiaMantenimientoComentarioDcOrdenes',490),(1338,'2025_11_11_101_add_default_and_lista_precios_to_tickets_registradora',491),(1339,'2025_11_17_100_add_barcode_config_to_person_configurations_table',492);

--
-- Table structure for table `ml`
--

CREATE TABLE `ml` (
  `id` int(10) unsigned NOT NULL AUTO_INCREMENT,
  `user_id` int(10) unsigned DEFAULT NULL,
  `taxes_servicio_id` int(10) unsigned NOT NULL DEFAULT '5',
  `person_id` int(10) unsigned NOT NULL,
  `person_id_relationed` int(10) unsigned NOT NULL,
  `ml_user_id` varchar(191) COLLATE utf8mb4_unicode_ci DEFAULT NULL,
  `nick_name` varchar(191) COLLATE utf8mb4_unicode_ci DEFAULT NULL,
  `access_token` varchar(191) COLLATE utf8mb4_unicode_ci DEFAULT NULL,
  `code` varchar(191) COLLATE utf8mb4_unicode_ci DEFAULT NULL,
  `refresh_token` varchar(191) COLLATE utf8mb4_unicode_ci DEFAULT NULL,
  `comentario` varchar(191) COLLATE utf8mb4_unicode_ci DEFAULT NULL,
  `response` json DEFAULT NULL,
  `response_datos` json DEFAULT NULL,
  `habilitado` tinyint(1) NOT NULL DEFAULT '1',
  `created_at` timestamp NULL DEFAULT NULL,
  `updated_at` timestamp NULL DEFAULT NULL,
  `deleted_at` timestamp NULL DEFAULT NULL,
  PRIMARY KEY (`id`),
  KEY `ml_person_id_foreign` (`person_id`),
  KEY `ml_person_id_relationed_foreign` (`person_id_relationed`),
  CONSTRAINT `ml_person_id_foreign` FOREIGN KEY (`person_id`) REFERENCES `persons` (`id`),
  CONSTRAINT `ml_person_id_relationed_foreign` FOREIGN KEY (`person_id_relationed`) REFERENCES `persons` (`id`)
) ENGINE=InnoDB DEFAULT CHARSET=utf8mb4 COLLATE=utf8mb4_unicode_ci;

--
-- Dumping data for table `ml`
--


--
-- Table structure for table `ml_item_producto`
--

CREATE TABLE `ml_item_producto` (
  `id` bigint(20) unsigned NOT NULL AUTO_INCREMENT,
  `person_id` int(10) unsigned NOT NULL,
  `ml_item_id` varchar(191) COLLATE utf8mb4_unicode_ci NOT NULL,
  `inv_producto_id` bigint(20) unsigned DEFAULT NULL,
  `created_at` timestamp NULL DEFAULT NULL,
  `updated_at` timestamp NULL DEFAULT NULL,
  `deleted_at` timestamp NULL DEFAULT NULL,
  PRIMARY KEY (`id`),
  KEY `ml_item_producto_person_id_foreign` (`person_id`),
  KEY `ml_item_producto_inv_producto_id_foreign` (`inv_producto_id`),
  CONSTRAINT `ml_item_producto_inv_producto_id_foreign` FOREIGN KEY (`inv_producto_id`) REFERENCES `inv_productos` (`id`),
  CONSTRAINT `ml_item_producto_person_id_foreign` FOREIGN KEY (`person_id`) REFERENCES `persons` (`id`)
) ENGINE=InnoDB DEFAULT CHARSET=utf8mb4 COLLATE=utf8mb4_unicode_ci;

--
-- Dumping data for table `ml_item_producto`
--


--
-- Table structure for table `ml_orders_facturadas`
--

CREATE TABLE `ml_orders_facturadas` (
  `id` bigint(20) unsigned NOT NULL AUTO_INCREMENT,
  `user_id` int(10) unsigned DEFAULT NULL,
  `person_id` int(10) unsigned NOT NULL,
  `order_id` varchar(191) COLLATE utf8mb4_unicode_ci NOT NULL,
  `fact_elec_receipt_id` int(10) unsigned DEFAULT NULL,
  `id_factura_ml` varchar(191) COLLATE utf8mb4_unicode_ci DEFAULT NULL,
  `created_at` timestamp NULL DEFAULT NULL,
  `updated_at` timestamp NULL DEFAULT NULL,
  `deleted_at` timestamp NULL DEFAULT NULL,
  PRIMARY KEY (`id`),
  KEY `ml_orders_facturadas_person_id_foreign` (`person_id`),
  KEY `ml_orders_facturadas_fact_elec_receipt_id_foreign` (`fact_elec_receipt_id`),
  CONSTRAINT `ml_orders_facturadas_fact_elec_receipt_id_foreign` FOREIGN KEY (`fact_elec_receipt_id`) REFERENCES `fact_elec_receipts` (`id`),
  CONSTRAINT `ml_orders_facturadas_person_id_foreign` FOREIGN KEY (`person_id`) REFERENCES `persons` (`id`)
) ENGINE=InnoDB DEFAULT CHARSET=utf8mb4 COLLATE=utf8mb4_unicode_ci;

--
-- Dumping data for table `ml_orders_facturadas`
--


--
-- Table structure for table `ml_set_facturacion`
--

CREATE TABLE `ml_set_facturacion` (
  `id` bigint(20) unsigned NOT NULL AUTO_INCREMENT,
  `user_id` int(10) unsigned DEFAULT NULL,
  `person_id` int(10) unsigned NOT NULL,
  `cliente_id` int(10) unsigned DEFAULT NULL,
  `taxable_iibb` int(11) NOT NULL DEFAULT '2',
  `type_receipt_id` int(10) unsigned DEFAULT NULL,
  `cond_frente_iva` int(10) unsigned DEFAULT NULL,
  `cond_venta` int(10) unsigned DEFAULT NULL,
  `zone_id` int(10) unsigned DEFAULT NULL,
  `activity_id` int(10) unsigned DEFAULT NULL,
  `punto_venta_id` int(10) unsigned DEFAULT NULL,
  `concepto_id` int(10) unsigned DEFAULT NULL,
  `system_tax_id` int(10) unsigned DEFAULT NULL,
  `habilitado` tinyint(1) NOT NULL DEFAULT '1',
  `created_at` timestamp NULL DEFAULT NULL,
  `updated_at` timestamp NULL DEFAULT NULL,
  `deleted_at` timestamp NULL DEFAULT NULL,
  PRIMARY KEY (`id`),
  KEY `ml_set_facturacion_person_id_foreign` (`person_id`),
  KEY `ml_set_facturacion_cliente_id_foreign` (`cliente_id`),
  KEY `ml_set_facturacion_type_receipt_id_foreign` (`type_receipt_id`),
  KEY `ml_set_facturacion_cond_frente_iva_foreign` (`cond_frente_iva`),
  KEY `ml_set_facturacion_cond_venta_foreign` (`cond_venta`),
  KEY `ml_set_facturacion_zone_id_foreign` (`zone_id`),
  KEY `ml_set_facturacion_activity_id_foreign` (`activity_id`),
  KEY `ml_set_facturacion_punto_venta_id_foreign` (`punto_venta_id`),
  KEY `ml_set_facturacion_concepto_id_foreign` (`concepto_id`),
  KEY `ml_set_facturacion_system_tax_id_foreign` (`system_tax_id`),
  CONSTRAINT `ml_set_facturacion_activity_id_foreign` FOREIGN KEY (`activity_id`) REFERENCES `activities` (`id`),
  CONSTRAINT `ml_set_facturacion_cliente_id_foreign` FOREIGN KEY (`cliente_id`) REFERENCES `persons` (`id`),
  CONSTRAINT `ml_set_facturacion_concepto_id_foreign` FOREIGN KEY (`concepto_id`) REFERENCES `fact_elec_conceptos_afip` (`id`),
  CONSTRAINT `ml_set_facturacion_cond_frente_iva_foreign` FOREIGN KEY (`cond_frente_iva`) REFERENCES `condicion_frente_al_iva` (`id`),
  CONSTRAINT `ml_set_facturacion_cond_venta_foreign` FOREIGN KEY (`cond_venta`) REFERENCES `condiciones_venta` (`id`),
  CONSTRAINT `ml_set_facturacion_person_id_foreign` FOREIGN KEY (`person_id`) REFERENCES `persons` (`id`),
  CONSTRAINT `ml_set_facturacion_punto_venta_id_foreign` FOREIGN KEY (`punto_venta_id`) REFERENCES `fact_elec_puntos_venta` (`id`),
  CONSTRAINT `ml_set_facturacion_system_tax_id_foreign` FOREIGN KEY (`system_tax_id`) REFERENCES `system_taxes` (`id`),
  CONSTRAINT `ml_set_facturacion_type_receipt_id_foreign` FOREIGN KEY (`type_receipt_id`) REFERENCES `receipt_types` (`id`),
  CONSTRAINT `ml_set_facturacion_zone_id_foreign` FOREIGN KEY (`zone_id`) REFERENCES `zones` (`id`)
) ENGINE=InnoDB DEFAULT CHARSET=utf8mb4 COLLATE=utf8mb4_unicode_ci;

--
-- Dumping data for table `ml_set_facturacion`
--


--
-- Table structure for table `monedas`
--

CREATE TABLE `monedas` (
  `id` int(10) unsigned NOT NULL AUTO_INCREMENT,
  `user_id` int(10) unsigned DEFAULT NULL,
  `moneda` text COLLATE utf8mb4_unicode_ci NOT NULL,
  `descripcion_afip` varchar(191) COLLATE utf8mb4_unicode_ci DEFAULT NULL,
  `codigo_afip` varchar(191) COLLATE utf8mb4_unicode_ci DEFAULT NULL,
  `is_default` tinyint(1) NOT NULL DEFAULT '0',
  `descripcion` varchar(191) COLLATE utf8mb4_unicode_ci NOT NULL,
  `simbolo` varchar(191) COLLATE utf8mb4_unicode_ci NOT NULL,
  `habilitado` tinyint(1) NOT NULL DEFAULT '1',
  `created_at` timestamp NULL DEFAULT NULL,
  `updated_at` timestamp NULL DEFAULT NULL,
  `deleted_at` timestamp NULL DEFAULT NULL,
  PRIMARY KEY (`id`)
) ENGINE=InnoDB AUTO_INCREMENT=6 DEFAULT CHARSET=utf8mb4 COLLATE=utf8mb4_unicode_ci;

--
-- Dumping data for table `monedas`
--

INSERT INTO `monedas` VALUES (1,NULL,'PESOS',NULL,'PES',1,'$ Pesos','$',1,'2022-06-12 22:40:06','2023-07-12 23:56:09',NULL),(2,NULL,'DOLARES','Dólar EstadoUnidense','DOL',0,'U$S Oficial Venta','USD',1,'2022-06-12 22:40:06','2023-07-12 23:56:09',NULL),(3,NULL,'DOLARES',NULL,NULL,0,'U$S Blue Venta','U$S',1,'2022-06-12 22:40:06','2023-07-12 23:56:09',NULL),(4,NULL,'DOLARES',NULL,NULL,0,'U$S Mayorista Venta','U$S',0,'2022-08-30 15:26:17','2023-07-12 23:56:09',NULL),(5,NULL,'EUROS','EURO','060',0,'Euro Oficial Venta','€',1,'2023-07-12 23:56:09','2023-07-12 23:56:09',NULL);

--
-- Table structure for table `months`
--

CREATE TABLE `months` (
  `id` int(11) NOT NULL AUTO_INCREMENT,
  `month` int(11) DEFAULT NULL,
  `date_to` varchar(6) DEFAULT NULL,
  `descripcion` varchar(191) NOT NULL,
  PRIMARY KEY (`id`)
) ENGINE=InnoDB AUTO_INCREMENT=13 DEFAULT CHARSET=latin1;

--
-- Dumping data for table `months`
--

INSERT INTO `months` VALUES (1,1,'-01-31','enero'),(2,2,'-02-28','febrero'),(3,3,'-03-31','marzo'),(4,4,'-04-30','abril'),(5,5,'-05-31','mayo'),(6,6,'-06-30','junio'),(7,7,'-07-31','julio'),(8,8,'-08-31','agosto'),(9,9,'-09-30','septiembre'),(10,10,'-10-31','octubre'),(11,11,'-11-30','noviembre'),(12,12,'-12-31','diciembre');

--
-- Table structure for table `nacionalidad`
--

CREATE TABLE `nacionalidad` (
  `id` int(10) unsigned NOT NULL AUTO_INCREMENT,
  `user_id` int(10) unsigned DEFAULT NULL,
  `descripcion` varchar(191) COLLATE utf8mb4_unicode_ci NOT NULL,
  `habilitado` tinyint(1) NOT NULL DEFAULT '1',
  `created_at` timestamp NULL DEFAULT NULL,
  `updated_at` timestamp NULL DEFAULT NULL,
  `deleted_at` timestamp NULL DEFAULT NULL,
  PRIMARY KEY (`id`),
  UNIQUE KEY `nacionalidad_descripcion_unique` (`descripcion`)
) ENGINE=InnoDB AUTO_INCREMENT=3 DEFAULT CHARSET=utf8mb4 COLLATE=utf8mb4_unicode_ci;

--
-- Dumping data for table `nacionalidad`
--

INSERT INTO `nacionalidad` VALUES (1,NULL,'Argentina',1,'2020-05-28 20:55:23','2020-05-28 20:55:23',NULL),(2,NULL,'Extranjero',1,'2020-05-28 20:55:23','2020-05-28 20:55:23',NULL);

--
-- Table structure for table `nf_cta_cte`
--

CREATE TABLE `nf_cta_cte` (
  `id` int(10) unsigned NOT NULL AUTO_INCREMENT,
  `user_id` int(10) unsigned DEFAULT NULL,
  `nf_receipt_id` int(10) unsigned DEFAULT NULL,
  `tipo_asiento_id` int(10) unsigned NOT NULL,
  `person_id` int(10) unsigned NOT NULL,
  `person_id_relationed` int(10) unsigned NOT NULL,
  `period_id` int(10) unsigned NOT NULL,
  `cta_cte_tesoreria_cuenta_id` int(10) unsigned NOT NULL,
  `saldo_id` int(10) unsigned NOT NULL,
  `compensado` tinyint(1) NOT NULL DEFAULT '0',
  `fecha` date DEFAULT NULL,
  `total` decimal(16,2) NOT NULL,
  `moneda_id` int(10) unsigned NOT NULL DEFAULT '1',
  `comentario` varchar(191) COLLATE utf8mb4_unicode_ci DEFAULT NULL,
  `file` varchar(191) COLLATE utf8mb4_unicode_ci DEFAULT NULL,
  `created_at` timestamp NULL DEFAULT NULL,
  `updated_at` timestamp NULL DEFAULT NULL,
  `deleted_at` timestamp NULL DEFAULT NULL,
  PRIMARY KEY (`id`),
  KEY `nf_cta_cte_nf_receipt_id_foreign` (`nf_receipt_id`),
  KEY `nf_cta_cte_person_id_foreign` (`person_id`),
  KEY `nf_cta_cte_person_id_relationed_foreign` (`person_id_relationed`),
  KEY `nf_cta_cte_period_id_foreign` (`period_id`),
  KEY `nf_cta_cte_cta_cte_tesoreria_cuenta_id_foreign` (`cta_cte_tesoreria_cuenta_id`),
  KEY `nf_cta_cte_saldo_id_foreign` (`saldo_id`),
  KEY `nf_cta_cte_tipo_asiento_id_foreign` (`tipo_asiento_id`),
  KEY `nf_cta_cte_moneda_id_foreign` (`moneda_id`),
  CONSTRAINT `nf_cta_cte_cta_cte_tesoreria_cuenta_id_foreign` FOREIGN KEY (`cta_cte_tesoreria_cuenta_id`) REFERENCES `cta_cte_tesoreria_cuentas` (`id`),
  CONSTRAINT `nf_cta_cte_moneda_id_foreign` FOREIGN KEY (`moneda_id`) REFERENCES `monedas` (`id`),
  CONSTRAINT `nf_cta_cte_nf_receipt_id_foreign` FOREIGN KEY (`nf_receipt_id`) REFERENCES `nf_receipts` (`id`),
  CONSTRAINT `nf_cta_cte_period_id_foreign` FOREIGN KEY (`period_id`) REFERENCES `periods` (`id`),
  CONSTRAINT `nf_cta_cte_person_id_foreign` FOREIGN KEY (`person_id`) REFERENCES `persons` (`id`),
  CONSTRAINT `nf_cta_cte_person_id_relationed_foreign` FOREIGN KEY (`person_id_relationed`) REFERENCES `persons` (`id`),
  CONSTRAINT `nf_cta_cte_saldo_id_foreign` FOREIGN KEY (`saldo_id`) REFERENCES `conta_tipo_saldos` (`id`),
  CONSTRAINT `nf_cta_cte_tipo_asiento_id_foreign` FOREIGN KEY (`tipo_asiento_id`) REFERENCES `conta_tipo_asientos` (`id`)
) ENGINE=InnoDB AUTO_INCREMENT=5 DEFAULT CHARSET=utf8mb4 COLLATE=utf8mb4_unicode_ci;

--
-- Dumping data for table `nf_cta_cte`
--

INSERT INTO `nf_cta_cte` VALUES (1,3786,1,3,40721,40728,3049,57,2,0,'2021-05-18',593.31,1,'BELGRANO LUZ 3D',NULL,'2021-05-18 10:05:50','2021-05-18 10:05:50',NULL),(2,3786,2,3,40721,40728,3049,57,2,0,'2021-05-14',593.31,1,'BELGRANO LUZ 3A',NULL,'2021-05-18 10:06:40','2021-05-18 10:06:40',NULL),(3,3786,NULL,21,40721,40728,3049,57,1,0,'2021-05-17',593.31,1,'BELGRANO LUZ 3D',NULL,'2021-05-18 10:08:27','2021-05-18 10:08:27',NULL),(4,3786,NULL,21,40721,40728,3049,57,1,0,'2021-05-17',593.31,1,'BELGANO LUZ 3A',NULL,'2021-05-18 10:09:36','2021-05-18 10:09:36',NULL);

--
-- Table structure for table `nf_cta_cte_details`
--

CREATE TABLE `nf_cta_cte_details` (
  `id` int(10) unsigned NOT NULL AUTO_INCREMENT,
  `user_id` int(10) unsigned DEFAULT NULL,
  `nf_cta_cte_id` int(10) unsigned NOT NULL,
  `person_id` int(10) unsigned DEFAULT NULL,
  `person_id_relationed` int(10) unsigned DEFAULT NULL,
  `period_id` int(10) unsigned DEFAULT NULL,
  `tipo_asiento_id` int(10) unsigned NOT NULL,
  `cta_cte_tesoreria_cuenta_id` int(10) unsigned NOT NULL,
  `saldo_id` int(10) unsigned NOT NULL,
  `monto` decimal(16,2) NOT NULL,
  `created_at` timestamp NULL DEFAULT NULL,
  `updated_at` timestamp NULL DEFAULT NULL,
  `deleted_at` timestamp NULL DEFAULT NULL,
  PRIMARY KEY (`id`),
  KEY `nf_cta_cte_details_nf_cta_cte_id_foreign` (`nf_cta_cte_id`),
  KEY `nf_cta_cte_details_person_id_foreign` (`person_id`),
  KEY `nf_cta_cte_details_person_id_relationed_foreign` (`person_id_relationed`),
  KEY `nf_cta_cte_details_period_id_foreign` (`period_id`),
  KEY `nf_cta_cte_details_tipo_asiento_id_foreign` (`tipo_asiento_id`),
  KEY `nf_cta_cte_details_cta_cte_tesoreria_cuenta_id_foreign` (`cta_cte_tesoreria_cuenta_id`),
  KEY `nf_cta_cte_details_saldo_id_foreign` (`saldo_id`),
  CONSTRAINT `nf_cta_cte_details_cta_cte_tesoreria_cuenta_id_foreign` FOREIGN KEY (`cta_cte_tesoreria_cuenta_id`) REFERENCES `cta_cte_tesoreria_cuentas` (`id`),
  CONSTRAINT `nf_cta_cte_details_nf_cta_cte_id_foreign` FOREIGN KEY (`nf_cta_cte_id`) REFERENCES `nf_cta_cte` (`id`),
  CONSTRAINT `nf_cta_cte_details_period_id_foreign` FOREIGN KEY (`period_id`) REFERENCES `periods` (`id`),
  CONSTRAINT `nf_cta_cte_details_person_id_foreign` FOREIGN KEY (`person_id`) REFERENCES `persons` (`id`),
  CONSTRAINT `nf_cta_cte_details_person_id_relationed_foreign` FOREIGN KEY (`person_id_relationed`) REFERENCES `persons` (`id`),
  CONSTRAINT `nf_cta_cte_details_saldo_id_foreign` FOREIGN KEY (`saldo_id`) REFERENCES `conta_tipo_saldos` (`id`),
  CONSTRAINT `nf_cta_cte_details_tipo_asiento_id_foreign` FOREIGN KEY (`tipo_asiento_id`) REFERENCES `conta_tipo_asientos` (`id`)
) ENGINE=InnoDB AUTO_INCREMENT=5 DEFAULT CHARSET=utf8mb4 COLLATE=utf8mb4_unicode_ci;

--
-- Dumping data for table `nf_cta_cte_details`
--

INSERT INTO `nf_cta_cte_details` VALUES (1,3786,3,40721,40728,3049,21,57,1,593.31,'2021-05-18 10:08:27','2021-05-18 10:08:27',NULL),(2,3786,3,40721,40728,3049,21,757,2,593.31,'2021-05-18 10:08:27','2021-05-18 10:08:27',NULL),(3,3786,4,40721,40728,3049,21,57,1,593.31,'2021-05-18 10:09:36','2021-05-18 10:09:36',NULL),(4,3786,4,40721,40728,3049,21,757,2,593.31,'2021-05-18 10:09:36','2021-05-18 10:09:36',NULL);

--
-- Table structure for table `nf_invoices`
--

CREATE TABLE `nf_invoices` (
  `id` bigint(20) unsigned NOT NULL AUTO_INCREMENT,
  `user_id` int(10) unsigned DEFAULT NULL,
  `person_id` int(10) unsigned NOT NULL,
  `person_id_relationed` int(10) unsigned NOT NULL,
  `punto_vta_id` int(10) unsigned NOT NULL,
  `period_id` int(10) unsigned NOT NULL,
  `numero` int(11) NOT NULL,
  `fecha` date NOT NULL,
  `total` decimal(16,2) NOT NULL,
  `comentario` longtext COLLATE utf8mb4_unicode_ci NOT NULL,
  `created_at` timestamp NULL DEFAULT NULL,
  `updated_at` timestamp NULL DEFAULT NULL,
  `deleted_at` timestamp NULL DEFAULT NULL,
  PRIMARY KEY (`id`),
  KEY `nf_invoices_person_id_foreign` (`person_id`),
  KEY `nf_invoices_person_id_relationed_foreign` (`person_id_relationed`),
  KEY `nf_invoices_punto_vta_id_foreign` (`punto_vta_id`),
  KEY `nf_invoices_period_id_foreign` (`period_id`),
  CONSTRAINT `nf_invoices_period_id_foreign` FOREIGN KEY (`period_id`) REFERENCES `periods` (`id`),
  CONSTRAINT `nf_invoices_person_id_foreign` FOREIGN KEY (`person_id`) REFERENCES `persons` (`id`),
  CONSTRAINT `nf_invoices_person_id_relationed_foreign` FOREIGN KEY (`person_id_relationed`) REFERENCES `persons` (`id`),
  CONSTRAINT `nf_invoices_punto_vta_id_foreign` FOREIGN KEY (`punto_vta_id`) REFERENCES `fact_elec_puntos_venta` (`id`)
) ENGINE=InnoDB DEFAULT CHARSET=utf8mb4 COLLATE=utf8mb4_unicode_ci;

--
-- Dumping data for table `nf_invoices`
--


--
-- Table structure for table `nf_invoices_details`
--

CREATE TABLE `nf_invoices_details` (
  `id` bigint(20) unsigned NOT NULL AUTO_INCREMENT,
  `user_id` int(10) unsigned DEFAULT NULL,
  `nf_invoice_id` bigint(20) unsigned NOT NULL,
  `cantidades` decimal(16,2) NOT NULL,
  `inv_producto_id` bigint(20) unsigned DEFAULT NULL,
  `inv_deposito_id` bigint(20) unsigned DEFAULT NULL,
  `descripcion` varchar(191) COLLATE utf8mb4_unicode_ci DEFAULT NULL,
  `neto` decimal(16,2) NOT NULL,
  `desc_porc` decimal(16,2) DEFAULT NULL,
  `descuento` decimal(16,2) DEFAULT NULL,
  `subtotal` decimal(16,2) NOT NULL,
  `created_at` timestamp NULL DEFAULT NULL,
  `updated_at` timestamp NULL DEFAULT NULL,
  `deleted_at` timestamp NULL DEFAULT NULL,
  PRIMARY KEY (`id`),
  KEY `nf_invoices_details_nf_invoice_id_foreign` (`nf_invoice_id`),
  KEY `nf_invoices_details_inv_producto_id_foreign` (`inv_producto_id`),
  KEY `nf_invoices_details_inv_deposito_id_foreign` (`inv_deposito_id`),
  CONSTRAINT `nf_invoices_details_inv_deposito_id_foreign` FOREIGN KEY (`inv_deposito_id`) REFERENCES `inv_depositos` (`id`),
  CONSTRAINT `nf_invoices_details_inv_producto_id_foreign` FOREIGN KEY (`inv_producto_id`) REFERENCES `inv_productos` (`id`),
  CONSTRAINT `nf_invoices_details_nf_invoice_id_foreign` FOREIGN KEY (`nf_invoice_id`) REFERENCES `nf_invoices` (`id`)
) ENGINE=InnoDB DEFAULT CHARSET=utf8mb4 COLLATE=utf8mb4_unicode_ci;

--
-- Dumping data for table `nf_invoices_details`
--


--
-- Table structure for table `nf_receipts`
--

CREATE TABLE `nf_receipts` (
  `id` int(10) unsigned NOT NULL AUTO_INCREMENT,
  `user_id` int(10) unsigned NOT NULL,
  `person_id` int(10) unsigned NOT NULL,
  `person_id_relationed` int(10) unsigned NOT NULL,
  `period_id` int(10) unsigned NOT NULL,
  `type_id` int(10) unsigned NOT NULL,
  `receipt_type_id` int(10) unsigned NOT NULL,
  `fecha` date DEFAULT NULL,
  `total` decimal(16,2) NOT NULL,
  `descripcion` varchar(191) COLLATE utf8mb4_unicode_ci DEFAULT NULL,
  `comentario` varchar(191) COLLATE utf8mb4_unicode_ci DEFAULT NULL,
  `file` varchar(191) COLLATE utf8mb4_unicode_ci DEFAULT NULL,
  `created_at` timestamp NULL DEFAULT NULL,
  `updated_at` timestamp NULL DEFAULT NULL,
  `deleted_at` timestamp NULL DEFAULT NULL,
  PRIMARY KEY (`id`),
  KEY `nf_receipts_person_id_foreign` (`person_id`),
  KEY `nf_receipts_person_id_relationed_foreign` (`person_id_relationed`),
  KEY `nf_receipts_period_id_foreign` (`period_id`),
  KEY `nf_receipts_type_id_foreign` (`type_id`),
  KEY `nf_receipts_receipt_type_id_foreign` (`receipt_type_id`),
  CONSTRAINT `nf_receipts_period_id_foreign` FOREIGN KEY (`period_id`) REFERENCES `periods` (`id`),
  CONSTRAINT `nf_receipts_person_id_foreign` FOREIGN KEY (`person_id`) REFERENCES `persons` (`id`),
  CONSTRAINT `nf_receipts_person_id_relationed_foreign` FOREIGN KEY (`person_id_relationed`) REFERENCES `persons` (`id`),
  CONSTRAINT `nf_receipts_receipt_type_id_foreign` FOREIGN KEY (`receipt_type_id`) REFERENCES `receipt_types` (`id`),
  CONSTRAINT `nf_receipts_type_id_foreign` FOREIGN KEY (`type_id`) REFERENCES `types` (`id`)
) ENGINE=InnoDB AUTO_INCREMENT=3 DEFAULT CHARSET=utf8mb4 COLLATE=utf8mb4_unicode_ci;

--
-- Dumping data for table `nf_receipts`
--

INSERT INTO `nf_receipts` VALUES (1,3786,40721,40728,3049,2,1,'2021-05-18',593.31,'0023-21939385','BELGRANO LUZ 3D',NULL,'2021-05-18 10:05:50','2021-05-18 10:05:50',NULL),(2,3786,40721,40728,3049,2,1,'2021-05-14',593.31,'0023-21893474','BELGRANO LUZ 3A',NULL,'2021-05-18 10:06:40','2021-05-18 10:06:40',NULL);

--
-- Table structure for table `notif`
--

CREATE TABLE `notif` (
  `id` int(10) unsigned NOT NULL AUTO_INCREMENT,
  `user_id` int(10) unsigned DEFAULT NULL,
  `send_notif_user_person_id` int(10) unsigned NOT NULL,
  `recept_notif_user_person_id` int(10) unsigned NOT NULL,
  `fecha` datetime NOT NULL DEFAULT '2020-01-23 18:56:25',
  `fecha_vto` datetime DEFAULT NULL,
  `leido` tinyint(1) NOT NULL DEFAULT '0',
  `pendiente` tinyint(1) NOT NULL DEFAULT '0',
  `asunto` varchar(191) COLLATE utf8mb4_unicode_ci DEFAULT NULL,
  `created_at` timestamp NULL DEFAULT NULL,
  `updated_at` timestamp NULL DEFAULT NULL,
  `deleted_at` timestamp NULL DEFAULT NULL,
  PRIMARY KEY (`id`),
  KEY `notif_send_notif_user_person_id_foreign` (`send_notif_user_person_id`),
  KEY `notif_recept_notif_user_person_id_foreign` (`recept_notif_user_person_id`),
  CONSTRAINT `notif_recept_notif_user_person_id_foreign` FOREIGN KEY (`recept_notif_user_person_id`) REFERENCES `notif_users_persons` (`id`),
  CONSTRAINT `notif_send_notif_user_person_id_foreign` FOREIGN KEY (`send_notif_user_person_id`) REFERENCES `notif_users_persons` (`id`)
) ENGINE=InnoDB DEFAULT CHARSET=utf8mb4 COLLATE=utf8mb4_unicode_ci;

--
-- Dumping data for table `notif`
--


--
-- Table structure for table `notif_detail`
--

CREATE TABLE `notif_detail` (
  `id` int(10) unsigned NOT NULL AUTO_INCREMENT,
  `user_id` int(10) unsigned DEFAULT NULL,
  `notificacion_id` int(10) unsigned NOT NULL,
  `notif_respuesta_id` int(10) unsigned DEFAULT NULL,
  `send_notif_user_person_id` int(10) unsigned NOT NULL,
  `recept_notif_user_person_id` int(10) unsigned NOT NULL,
  `fecha` datetime NOT NULL DEFAULT '2020-01-23 18:56:25',
  `body` text COLLATE utf8mb4_unicode_ci,
  `adjunto` text COLLATE utf8mb4_unicode_ci,
  `send_email` tinyint(1) NOT NULL DEFAULT '0',
  `is_respuesta` tinyint(1) NOT NULL DEFAULT '0',
  `created_at` timestamp NULL DEFAULT NULL,
  `updated_at` timestamp NULL DEFAULT NULL,
  `deleted_at` timestamp NULL DEFAULT NULL,
  PRIMARY KEY (`id`),
  KEY `notif_detail_send_notif_user_person_id_foreign` (`send_notif_user_person_id`),
  KEY `notif_detail_recept_notif_user_person_id_foreign` (`recept_notif_user_person_id`),
  KEY `notif_detail_notificacion_id_foreign` (`notificacion_id`),
  KEY `notif_detail_notif_respuesta_id_foreign` (`notif_respuesta_id`),
  CONSTRAINT `notif_detail_notif_respuesta_id_foreign` FOREIGN KEY (`notif_respuesta_id`) REFERENCES `notif_respuestas` (`id`),
  CONSTRAINT `notif_detail_notificacion_id_foreign` FOREIGN KEY (`notificacion_id`) REFERENCES `notif` (`id`),
  CONSTRAINT `notif_detail_recept_notif_user_person_id_foreign` FOREIGN KEY (`recept_notif_user_person_id`) REFERENCES `notif_users_persons` (`id`),
  CONSTRAINT `notif_detail_send_notif_user_person_id_foreign` FOREIGN KEY (`send_notif_user_person_id`) REFERENCES `notif_users_persons` (`id`)
) ENGINE=InnoDB DEFAULT CHARSET=utf8mb4 COLLATE=utf8mb4_unicode_ci;

--
-- Dumping data for table `notif_detail`
--


--
-- Table structure for table `notif_respuestas`
--

CREATE TABLE `notif_respuestas` (
  `id` int(10) unsigned NOT NULL AUTO_INCREMENT,
  `user_id` int(10) unsigned DEFAULT NULL,
  `send_notif_user_person_id` int(10) unsigned NOT NULL,
  `recept_notif_user_person_id` int(10) unsigned NOT NULL,
  `notif_id` int(10) unsigned DEFAULT NULL,
  `fecha` datetime NOT NULL DEFAULT '2020-01-23 18:56:25',
  `fecha_vto` datetime DEFAULT NULL,
  `leido` tinyint(1) NOT NULL DEFAULT '0',
  `asunto` varchar(191) COLLATE utf8mb4_unicode_ci DEFAULT NULL,
  `created_at` timestamp NULL DEFAULT NULL,
  `updated_at` timestamp NULL DEFAULT NULL,
  `deleted_at` timestamp NULL DEFAULT NULL,
  PRIMARY KEY (`id`),
  KEY `notif_respuestas_send_notif_user_person_id_foreign` (`send_notif_user_person_id`),
  KEY `notif_respuestas_recept_notif_user_person_id_foreign` (`recept_notif_user_person_id`),
  KEY `notif_respuestas_notif_id_foreign` (`notif_id`),
  CONSTRAINT `notif_respuestas_notif_id_foreign` FOREIGN KEY (`notif_id`) REFERENCES `notif` (`id`),
  CONSTRAINT `notif_respuestas_recept_notif_user_person_id_foreign` FOREIGN KEY (`recept_notif_user_person_id`) REFERENCES `notif_users_persons` (`id`),
  CONSTRAINT `notif_respuestas_send_notif_user_person_id_foreign` FOREIGN KEY (`send_notif_user_person_id`) REFERENCES `notif_users_persons` (`id`)
) ENGINE=InnoDB DEFAULT CHARSET=utf8mb4 COLLATE=utf8mb4_unicode_ci;

--
-- Dumping data for table `notif_respuestas`
--


--
-- Table structure for table `notif_users_persons`
--

CREATE TABLE `notif_users_persons` (
  `id` int(10) unsigned NOT NULL AUTO_INCREMENT,
  `user_id` int(10) unsigned NOT NULL,
  `person_id` int(10) unsigned NOT NULL,
  `parent_person_id` int(10) unsigned NOT NULL,
  `created_at` timestamp NULL DEFAULT NULL,
  `updated_at` timestamp NULL DEFAULT NULL,
  `deleted_at` timestamp NULL DEFAULT NULL,
  PRIMARY KEY (`id`),
  KEY `notif_users_persons_user_id_foreign` (`user_id`),
  KEY `notif_users_persons_person_id_foreign` (`person_id`),
  KEY `notif_users_persons_parent_person_id_foreign` (`parent_person_id`),
  CONSTRAINT `notif_users_persons_parent_person_id_foreign` FOREIGN KEY (`parent_person_id`) REFERENCES `persons` (`id`),
  CONSTRAINT `notif_users_persons_person_id_foreign` FOREIGN KEY (`person_id`) REFERENCES `persons` (`id`),
  CONSTRAINT `notif_users_persons_user_id_foreign` FOREIGN KEY (`user_id`) REFERENCES `tusers` (`idUser`)
) ENGINE=InnoDB DEFAULT CHARSET=utf8mb4 COLLATE=utf8mb4_unicode_ci;

--
-- Dumping data for table `notif_users_persons`
--


--
-- Table structure for table `obl_anual_conceptos`
--

CREATE TABLE `obl_anual_conceptos` (
  `id` int(10) unsigned NOT NULL AUTO_INCREMENT,
  `user_id` int(10) unsigned DEFAULT NULL,
  `nombre` varchar(191) COLLATE utf8mb4_unicode_ci NOT NULL,
  `created_at` timestamp NULL DEFAULT NULL,
  `updated_at` timestamp NULL DEFAULT NULL,
  `deleted_at` timestamp NULL DEFAULT NULL,
  PRIMARY KEY (`id`)
) ENGINE=InnoDB AUTO_INCREMENT=10 DEFAULT CHARSET=utf8mb4 COLLATE=utf8mb4_unicode_ci;

--
-- Dumping data for table `obl_anual_conceptos`
--

INSERT INTO `obl_anual_conceptos` VALUES (1,NULL,'Balance','2019-11-29 18:37:49','2019-11-29 18:37:49',NULL),(2,NULL,'Ganancias','2019-11-29 18:37:49','2019-11-29 18:37:49',NULL),(3,NULL,'Acc y Part Soc','2019-11-29 18:37:49','2019-11-29 18:37:49',NULL),(4,NULL,'Part Soc Informativa','2019-11-29 18:37:49','2019-11-29 18:37:49',NULL),(5,NULL,'IGJ Balance','2019-11-29 18:37:49','2019-11-29 18:37:49',NULL),(6,NULL,'TASAS IGJ','2019-11-29 18:37:49','2019-11-29 18:37:49',NULL),(7,NULL,'Auditoria','2019-11-29 18:37:49','2019-11-29 18:37:49',NULL),(8,NULL,'Libros Societarios','2019-11-29 18:37:49','2019-11-29 18:37:49',NULL),(9,NULL,'CM 05','2019-11-29 18:37:49','2019-11-29 18:37:49',NULL);

--
-- Table structure for table `obl_anual_registros`
--

CREATE TABLE `obl_anual_registros` (
  `id` int(10) unsigned NOT NULL AUTO_INCREMENT,
  `user_id` int(10) unsigned DEFAULT NULL,
  `anio` int(10) unsigned NOT NULL,
  `person_id` int(10) unsigned NOT NULL,
  `obl_anual_concepto_id` int(10) unsigned NOT NULL,
  `cumplido` tinyint(1) NOT NULL DEFAULT '0',
  `created_at` timestamp NULL DEFAULT NULL,
  `updated_at` timestamp NULL DEFAULT NULL,
  `deleted_at` timestamp NULL DEFAULT NULL,
  PRIMARY KEY (`id`),
  KEY `obl_anual_registros_person_id_foreign` (`person_id`),
  KEY `obl_anual_registros_obl_anual_concepto_id_foreign` (`obl_anual_concepto_id`),
  CONSTRAINT `obl_anual_registros_obl_anual_concepto_id_foreign` FOREIGN KEY (`obl_anual_concepto_id`) REFERENCES `obl_anual_conceptos` (`id`) ON DELETE CASCADE,
  CONSTRAINT `obl_anual_registros_person_id_foreign` FOREIGN KEY (`person_id`) REFERENCES `persons` (`id`)
) ENGINE=InnoDB AUTO_INCREMENT=46 DEFAULT CHARSET=utf8mb4 COLLATE=utf8mb4_unicode_ci;

--
-- Dumping data for table `obl_anual_registros`
--

INSERT INTO `obl_anual_registros` VALUES (1,3786,2021,40720,1,0,'2021-05-04 13:58:38','2021-05-04 13:58:38',NULL),(2,3786,2021,40720,2,0,'2021-05-04 13:58:38','2021-05-04 13:58:38',NULL),(3,3786,2021,40720,3,0,'2021-05-04 13:58:38','2021-05-04 13:58:38',NULL),(4,3786,2021,40720,4,0,'2021-05-04 13:58:38','2021-05-04 13:58:38',NULL),(5,3786,2021,40720,5,0,'2021-05-04 13:58:38','2021-05-04 13:58:38',NULL),(6,3786,2021,40720,6,0,'2021-05-04 13:58:38','2021-05-04 13:58:38',NULL),(7,3786,2021,40720,7,0,'2021-05-04 13:58:38','2021-05-04 13:58:38',NULL),(8,3786,2021,40720,8,0,'2021-05-04 13:58:38','2021-05-04 13:58:38',NULL),(9,3786,2021,40720,9,0,'2021-05-04 13:58:38','2021-05-04 13:58:38',NULL),(10,3786,2021,40903,1,0,'2021-08-31 08:12:28','2021-08-31 08:12:28',NULL),(11,3786,2021,40903,2,0,'2021-08-31 08:12:28','2021-08-31 08:12:28',NULL),(12,3786,2021,40903,3,0,'2021-08-31 08:12:28','2021-08-31 08:12:28',NULL),(13,3786,2021,40903,4,0,'2021-08-31 08:12:28','2021-08-31 08:12:28',NULL),(14,3786,2021,40903,5,0,'2021-08-31 08:12:28','2021-08-31 08:12:28',NULL),(15,3786,2021,40903,6,0,'2021-08-31 08:12:28','2021-08-31 08:12:28',NULL),(16,3786,2021,40903,7,0,'2021-08-31 08:12:28','2021-08-31 08:12:28',NULL),(17,3786,2021,40903,8,0,'2021-08-31 08:12:28','2021-08-31 08:12:28',NULL),(18,3786,2021,40903,9,0,'2021-08-31 08:12:28','2021-08-31 08:12:28',NULL),(19,3786,2022,40720,1,0,'2022-01-18 14:42:26','2022-01-18 14:42:26',NULL),(20,3786,2022,40720,2,0,'2022-01-18 14:42:26','2022-01-18 14:42:26',NULL),(21,3786,2022,40720,3,0,'2022-01-18 14:42:26','2022-01-18 14:42:26',NULL),(22,3786,2022,40720,4,0,'2022-01-18 14:42:26','2022-01-18 14:42:26',NULL),(23,3786,2022,40720,5,0,'2022-01-18 14:42:26','2022-01-18 14:42:26',NULL),(24,3786,2022,40720,6,0,'2022-01-18 14:42:26','2022-01-18 14:42:26',NULL),(25,3786,2022,40720,7,0,'2022-01-18 14:42:26','2022-01-18 14:42:26',NULL),(26,3786,2022,40720,8,0,'2022-01-18 14:42:26','2022-01-18 14:42:26',NULL),(27,3786,2022,40720,9,0,'2022-01-18 14:42:26','2022-01-18 14:42:26',NULL),(28,3786,2022,40903,1,0,'2022-01-18 14:42:26','2022-01-18 14:42:26',NULL),(29,3786,2022,40903,2,0,'2022-01-18 14:42:26','2022-01-18 14:42:26',NULL),(30,3786,2022,40903,3,0,'2022-01-18 14:42:26','2022-01-18 14:42:26',NULL),(31,3786,2022,40903,4,0,'2022-01-18 14:42:26','2022-01-18 14:42:26',NULL),(32,3786,2022,40903,5,0,'2022-01-18 14:42:26','2022-01-18 14:42:26',NULL),(33,3786,2022,40903,6,0,'2022-01-18 14:42:26','2022-01-18 14:42:26',NULL),(34,3786,2022,40903,7,0,'2022-01-18 14:42:26','2022-01-18 14:42:26',NULL),(35,3786,2022,40903,8,0,'2022-01-18 14:42:26','2022-01-18 14:42:26',NULL),(36,3786,2022,40903,9,0,'2022-01-18 14:42:26','2022-01-18 14:42:26',NULL),(37,3786,2022,41160,1,0,'2022-07-06 08:34:51','2022-07-06 08:34:51',NULL),(38,3786,2022,41160,2,0,'2022-07-06 08:34:51','2022-07-06 08:34:51',NULL),(39,3786,2022,41160,3,0,'2022-07-06 08:34:51','2022-07-06 08:34:51',NULL),(40,3786,2022,41160,4,0,'2022-07-06 08:34:51','2022-07-06 08:34:51',NULL),(41,3786,2022,41160,5,0,'2022-07-06 08:34:51','2022-07-06 08:34:51',NULL),(42,3786,2022,41160,6,0,'2022-07-06 08:34:51','2022-07-06 08:34:51',NULL),(43,3786,2022,41160,7,0,'2022-07-06 08:34:51','2022-07-06 08:34:51',NULL),(44,3786,2022,41160,8,0,'2022-07-06 08:34:51','2022-07-06 08:34:51',NULL),(45,3786,2022,41160,9,0,'2022-07-06 08:34:51','2022-07-06 08:34:51',NULL);

--
-- Table structure for table `ot_devoluciones_files`
--

CREATE TABLE `ot_devoluciones_files` (
  `id` bigint(20) unsigned NOT NULL AUTO_INCREMENT,
  `user_id` int(10) unsigned DEFAULT NULL,
  `inv_ot_devolucion_id` bigint(20) unsigned NOT NULL,
  `descripcion` varchar(255) COLLATE utf8mb4_unicode_ci DEFAULT NULL,
  `path` varchar(191) COLLATE utf8mb4_unicode_ci DEFAULT NULL,
  `name_original` varchar(191) COLLATE utf8mb4_unicode_ci DEFAULT NULL,
  `created_at` timestamp NULL DEFAULT NULL,
  `updated_at` timestamp NULL DEFAULT NULL,
  `deleted_at` timestamp NULL DEFAULT NULL,
  PRIMARY KEY (`id`),
  KEY `ot_devoluciones_files_inv_ot_devolucion_id_foreign` (`inv_ot_devolucion_id`),
  CONSTRAINT `ot_devoluciones_files_inv_ot_devolucion_id_foreign` FOREIGN KEY (`inv_ot_devolucion_id`) REFERENCES `inv_ot_devoluciones` (`id`)
) ENGINE=InnoDB DEFAULT CHARSET=utf8mb4 COLLATE=utf8mb4_unicode_ci;

--
-- Dumping data for table `ot_devoluciones_files`
--


--
-- Table structure for table `ot_devoluciones_productos`
--

CREATE TABLE `ot_devoluciones_productos` (
  `id` bigint(20) unsigned NOT NULL AUTO_INCREMENT,
  `user_id` int(10) unsigned DEFAULT NULL,
  `inv_ot_devolucion_id` bigint(20) unsigned NOT NULL,
  `inv_producto_id` bigint(20) unsigned DEFAULT NULL,
  `cantidades` decimal(16,2) NOT NULL,
  `descripcion` varchar(191) COLLATE utf8mb4_unicode_ci DEFAULT NULL,
  `moneda_id` int(10) unsigned NOT NULL,
  `costo` decimal(16,2) NOT NULL,
  `precio_sin_iva` decimal(16,2) NOT NULL DEFAULT '0.00',
  `neto` decimal(16,2) NOT NULL DEFAULT '0.00',
  `system_tax_id` int(10) unsigned NOT NULL,
  `iva` decimal(16,2) NOT NULL DEFAULT '0.00',
  `subtotal` decimal(16,2) NOT NULL DEFAULT '0.00',
  `created_at` timestamp NULL DEFAULT NULL,
  `updated_at` timestamp NULL DEFAULT NULL,
  `deleted_at` timestamp NULL DEFAULT NULL,
  PRIMARY KEY (`id`),
  KEY `ot_devoluciones_productos_inv_ot_devolucion_id_foreign` (`inv_ot_devolucion_id`),
  KEY `ot_devoluciones_productos_inv_producto_id_foreign` (`inv_producto_id`),
  KEY `ot_devoluciones_productos_moneda_id_foreign` (`moneda_id`),
  KEY `ot_devoluciones_productos_system_tax_id_foreign` (`system_tax_id`),
  CONSTRAINT `ot_devoluciones_productos_inv_ot_devolucion_id_foreign` FOREIGN KEY (`inv_ot_devolucion_id`) REFERENCES `inv_ot_devoluciones` (`id`),
  CONSTRAINT `ot_devoluciones_productos_inv_producto_id_foreign` FOREIGN KEY (`inv_producto_id`) REFERENCES `inv_productos` (`id`),
  CONSTRAINT `ot_devoluciones_productos_moneda_id_foreign` FOREIGN KEY (`moneda_id`) REFERENCES `monedas` (`id`),
  CONSTRAINT `ot_devoluciones_productos_system_tax_id_foreign` FOREIGN KEY (`system_tax_id`) REFERENCES `system_taxes` (`id`)
) ENGINE=InnoDB DEFAULT CHARSET=utf8mb4 COLLATE=utf8mb4_unicode_ci;

--
-- Dumping data for table `ot_devoluciones_productos`
--


--
-- Table structure for table `other_taxes`
--

CREATE TABLE `other_taxes` (
  `id` int(10) unsigned NOT NULL AUTO_INCREMENT,
  `created_at` timestamp NULL DEFAULT NULL,
  `updated_at` timestamp NULL DEFAULT NULL,
  `name` varchar(255) COLLATE utf8mb4_unicode_ci NOT NULL,
  `section` varchar(255) COLLATE utf8mb4_unicode_ci NOT NULL,
  `percent_tax` decimal(16,2) NOT NULL DEFAULT '0.00',
  `zone_id` int(10) unsigned DEFAULT NULL,
  `aliases` varchar(255) COLLATE utf8mb4_unicode_ci DEFAULT NULL,
  `section_name` varchar(255) COLLATE utf8mb4_unicode_ci DEFAULT NULL,
  `plan_cuenta_id` int(10) unsigned NOT NULL DEFAULT '1',
  `plan_cuenta_id_efectuada` int(10) unsigned DEFAULT NULL,
  PRIMARY KEY (`id`),
  KEY `other_taxes_plan_cuenta_id_foreign` (`plan_cuenta_id`),
  KEY `other_taxes_plan_cuenta_id_efectuada_foreign` (`plan_cuenta_id_efectuada`),
  CONSTRAINT `other_taxes_plan_cuenta_id_efectuada_foreign` FOREIGN KEY (`plan_cuenta_id_efectuada`) REFERENCES `conta_plan_cuenta` (`id`),
  CONSTRAINT `other_taxes_plan_cuenta_id_foreign` FOREIGN KEY (`plan_cuenta_id`) REFERENCES `conta_plan_cuenta` (`id`)
) ENGINE=InnoDB AUTO_INCREMENT=1034 DEFAULT CHARSET=utf8mb4 COLLATE=utf8mb4_unicode_ci;

--
-- Dumping data for table `other_taxes`
--

INSERT INTO `other_taxes` VALUES (1000,NULL,'2024-06-19 23:00:39','Perc IVA','iva',0.00,NULL,NULL,'IVA',220,1400),(1001,NULL,'2024-05-29 00:00:14','Imps. Internos','gas',0.00,NULL,NULL,'Imp. Combustibles',221,1401),(1002,NULL,'2024-05-29 00:00:14','Imp. Gasoil','gas',0.00,NULL,NULL,'Imp. Combustibles',222,1402),(1003,NULL,'2024-05-29 00:00:14','Imp. Hídricos','gas',0.00,NULL,NULL,'Imp. Combustibles',223,1403),(1004,NULL,'2024-05-29 00:00:14','ITC','gas',0.00,NULL,NULL,'Imp. Combustibles',224,1404),(1005,NULL,'2024-05-29 00:00:14','Perc IIBB  Buenos Aires','iibb',0.00,23,NULL,'IIBB',225,1405),(1006,NULL,'2024-05-29 00:00:14','Perc IIBB  Capital Federal','iibb',0.00,22,NULL,'IIBB',226,1406),(1007,NULL,'2024-05-29 00:00:14','Perc IIBB  Catamarca','iibb',0.00,24,NULL,'IIBB',227,1407),(1008,NULL,'2024-05-29 00:00:14','Perc IIBB  Chaco','iibb',0.00,3,NULL,'IIBB',228,1408),(1009,NULL,'2024-05-29 00:00:14','Perc IIBB  Chubut','iibb',0.00,4,NULL,'IIBB',229,1409),(1010,NULL,'2024-05-29 00:00:14','Perc IIBB  Córdoba','iibb',0.00,1,NULL,'IIBB',230,1410),(1011,NULL,'2024-05-29 00:00:14','Perc IIBB  Corrientes','iibb',0.00,2,NULL,'IIBB',231,1411),(1012,NULL,'2024-05-29 00:00:14','Perc IIBB  Entre Ríos','iibb',0.00,5,NULL,'IIBB',232,1412),(1013,NULL,'2024-05-29 00:00:14','Perc IIBB  Formosa','iibb',0.00,6,NULL,'IIBB',233,1413),(1014,NULL,'2024-05-29 00:00:14','Perc IIBB  Jujuy','iibb',0.00,7,NULL,'IIBB',234,1414),(1015,NULL,'2024-05-29 00:00:14','Perc IIBB  La Pampa','iibb',0.00,8,NULL,'IIBB',235,1415),(1016,NULL,'2024-05-29 00:00:14','Perc IIBB  La Rioja','iibb',0.00,9,NULL,'IIBB',236,1416),(1017,NULL,'2024-05-29 00:00:14','Perc IIBB  Mendoza','iibb',0.00,10,NULL,'IIBB',237,1417),(1018,NULL,'2024-05-29 00:00:14','Perc IIBB  Misiones','iibb',0.00,11,NULL,'IIBB',238,1418),(1019,NULL,'2024-05-29 00:00:14','Perc IIBB  Neuquén','iibb',0.00,12,NULL,'IIBB',239,1419),(1020,NULL,'2024-05-29 00:00:14','Perc IIBB  Pascua Lama','iibb',0.00,25,NULL,'IIBB',240,1420),(1021,NULL,'2024-05-29 00:00:14','Perc IIBB  Río Negro','iibb',0.00,13,NULL,'IIBB',241,1421),(1022,NULL,'2024-05-29 00:00:14','Perc IIBB  Salta','iibb',0.00,14,NULL,'IIBB',242,1422),(1023,NULL,'2024-05-29 00:00:14','Perc IIBB  San Juan','iibb',0.00,15,NULL,'IIBB',243,1423),(1024,NULL,'2024-05-29 00:00:14','Perc IIBB  San Luis','iibb',0.00,16,NULL,'IIBB',244,1424),(1025,NULL,'2024-05-29 00:00:14','Perc IIBB  Santa Cruz','iibb',0.00,17,NULL,'IIBB',245,1425),(1026,NULL,'2024-05-29 00:00:15','Perc IIBB  Santa Fe','iibb',0.00,18,NULL,'IIBB',246,1426),(1027,NULL,'2024-05-29 00:00:15','Perc IIBB  Santiago del Estero','iibb',0.00,19,NULL,'IIBB',247,1427),(1028,NULL,'2024-05-29 00:00:15','Perc IIBB  Tierra del Fuego','iibb',0.00,20,NULL,'IIBB',248,1428),(1029,NULL,'2024-05-29 00:00:15','Perc IIBB  Tucuman','iibb',0.00,21,NULL,'IIBB',249,1429),(1030,'2019-05-03 03:33:05','2024-05-29 00:00:15','CO2 - Imp. Al Carbono','gas',0.00,NULL,NULL,'Imp. Combustibles',478,1430),(1031,'2022-09-09 07:50:25','2024-05-29 00:00:15','Imp. Municipales','gas',0.00,NULL,NULL,'Imp. Combustibles',215,1431),(1032,'2022-09-09 07:50:25','2024-05-29 00:00:15','Perc/Ret. Imp. Ganancias','gas',0.00,NULL,NULL,'Imp. Combustibles',216,1432),(1033,'2023-10-12 07:55:43','2024-05-29 00:00:15','Redondeo','redondeo',0.00,NULL,NULL,'Redondeo',136,136);

--
-- Table structure for table `pais`
--

CREATE TABLE `pais` (
  `id` int(10) unsigned NOT NULL AUTO_INCREMENT,
  `user_id` int(10) unsigned DEFAULT NULL,
  `codigo` int(10) unsigned DEFAULT NULL,
  `descripcion` varchar(191) COLLATE utf8mb4_unicode_ci NOT NULL,
  `habilitado` tinyint(1) NOT NULL DEFAULT '1',
  `created_at` timestamp NULL DEFAULT NULL,
  `updated_at` timestamp NULL DEFAULT NULL,
  `deleted_at` timestamp NULL DEFAULT NULL,
  PRIMARY KEY (`id`),
  UNIQUE KEY `pais_descripcion_unique` (`descripcion`),
  UNIQUE KEY `pais_codigo_unique` (`codigo`)
) ENGINE=InnoDB AUTO_INCREMENT=249 DEFAULT CHARSET=utf8mb4 COLLATE=utf8mb4_unicode_ci;

--
-- Dumping data for table `pais`
--

INSERT INTO `pais` VALUES (1,NULL,NULL,'Argentina',1,'2020-05-28 20:55:22','2020-05-28 20:55:22',NULL),(2,NULL,NULL,'Afghanistan',1,'2020-05-28 20:55:22','2020-05-28 20:55:22',NULL),(3,NULL,NULL,'Albania',1,'2020-05-28 20:55:22','2020-05-28 20:55:22',NULL),(4,NULL,NULL,'Alemania',1,'2020-05-28 20:55:22','2020-05-28 20:55:22',NULL),(5,NULL,NULL,'Algeria',1,'2020-05-28 20:55:22','2020-05-28 20:55:22',NULL),(6,NULL,NULL,'Andorra',1,'2020-05-28 20:55:22','2020-05-28 20:55:22',NULL),(7,NULL,NULL,'Angola',1,'2020-05-28 20:55:22','2020-05-28 20:55:22',NULL),(8,NULL,NULL,'Anguila',1,'2020-05-28 20:55:22','2020-05-28 20:55:22',NULL),(9,NULL,NULL,'Antártida',1,'2020-05-28 20:55:22','2020-05-28 20:55:22',NULL),(10,NULL,NULL,'Antigua y Barbuda',1,'2020-05-28 20:55:22','2020-05-28 20:55:22',NULL),(11,NULL,NULL,'Arabia Saudita',1,'2020-05-28 20:55:22','2020-05-28 20:55:22',NULL),(12,NULL,NULL,'Armenia',1,'2020-05-28 20:55:22','2020-05-28 20:55:22',NULL),(13,NULL,NULL,'Aruba',1,'2020-05-28 20:55:22','2020-05-28 20:55:22',NULL),(14,NULL,NULL,'Australia',1,'2020-05-28 20:55:22','2020-05-28 20:55:22',NULL),(15,NULL,NULL,'Austria',1,'2020-05-28 20:55:22','2020-05-28 20:55:22',NULL),(16,NULL,NULL,'Azerbaiyán',1,'2020-05-28 20:55:22','2020-05-28 20:55:22',NULL),(17,NULL,NULL,'Bélgica',1,'2020-05-28 20:55:22','2020-05-28 20:55:22',NULL),(18,NULL,NULL,'Bahamas',1,'2020-05-28 20:55:22','2020-05-28 20:55:22',NULL),(19,NULL,NULL,'Bahrein',1,'2020-05-28 20:55:22','2020-05-28 20:55:22',NULL),(20,NULL,NULL,'Bangladesh',1,'2020-05-28 20:55:22','2020-05-28 20:55:22',NULL),(21,NULL,NULL,'Barbados',1,'2020-05-28 20:55:22','2020-05-28 20:55:22',NULL),(22,NULL,NULL,'Belice',1,'2020-05-28 20:55:22','2020-05-28 20:55:22',NULL),(23,NULL,NULL,'Benín',1,'2020-05-28 20:55:22','2020-05-28 20:55:22',NULL),(24,NULL,NULL,'Bhután',1,'2020-05-28 20:55:22','2020-05-28 20:55:22',NULL),(25,NULL,NULL,'Bielorrusia',1,'2020-05-28 20:55:22','2020-05-28 20:55:22',NULL),(26,NULL,NULL,'Birmania',1,'2020-05-28 20:55:22','2020-05-28 20:55:22',NULL),(27,NULL,NULL,'Bolivia',1,'2020-05-28 20:55:22','2020-05-28 20:55:22',NULL),(28,NULL,NULL,'Bosnia y Herzegovina',1,'2020-05-28 20:55:22','2020-05-28 20:55:22',NULL),(29,NULL,NULL,'Botsuana',1,'2020-05-28 20:55:22','2020-05-28 20:55:22',NULL),(30,NULL,NULL,'Brasil',1,'2020-05-28 20:55:22','2020-05-28 20:55:22',NULL),(31,NULL,NULL,'Brunéi',1,'2020-05-28 20:55:22','2020-05-28 20:55:22',NULL),(32,NULL,NULL,'Bulgaria',1,'2020-05-28 20:55:22','2020-05-28 20:55:22',NULL),(33,NULL,NULL,'Burkina Faso',1,'2020-05-28 20:55:22','2020-05-28 20:55:22',NULL),(34,NULL,NULL,'Burundi',1,'2020-05-28 20:55:22','2020-05-28 20:55:22',NULL),(35,NULL,NULL,'Cabo Verde',1,'2020-05-28 20:55:22','2020-05-28 20:55:22',NULL),(36,NULL,NULL,'Camboya',1,'2020-05-28 20:55:22','2020-05-28 20:55:22',NULL),(37,NULL,NULL,'Camerún',1,'2020-05-28 20:55:22','2020-05-28 20:55:22',NULL),(38,NULL,NULL,'Canadá',1,'2020-05-28 20:55:22','2020-05-28 20:55:22',NULL),(39,NULL,NULL,'Chad',1,'2020-05-28 20:55:22','2020-05-28 20:55:22',NULL),(40,NULL,NULL,'Chile',1,'2020-05-28 20:55:22','2020-05-28 20:55:22',NULL),(41,NULL,NULL,'China',1,'2020-05-28 20:55:22','2020-05-28 20:55:22',NULL),(42,NULL,NULL,'Chipre',1,'2020-05-28 20:55:22','2020-05-28 20:55:22',NULL),(43,NULL,NULL,'Ciudad del Vaticano',1,'2020-05-28 20:55:22','2020-05-28 20:55:22',NULL),(44,NULL,NULL,'Colombia',1,'2020-05-28 20:55:22','2020-05-28 20:55:22',NULL),(45,NULL,NULL,'Comoras',1,'2020-05-28 20:55:22','2020-05-28 20:55:22',NULL),(46,NULL,NULL,'República del Congo',1,'2020-05-28 20:55:22','2020-05-28 20:55:22',NULL),(47,NULL,NULL,'República Democrática del Congo',1,'2020-05-28 20:55:22','2020-05-28 20:55:22',NULL),(48,NULL,NULL,'Corea del Norte',1,'2020-05-28 20:55:22','2020-05-28 20:55:22',NULL),(49,NULL,NULL,'Corea del Sur',1,'2020-05-28 20:55:22','2020-05-28 20:55:22',NULL),(50,NULL,NULL,'Costa de Marfil',1,'2020-05-28 20:55:22','2020-05-28 20:55:22',NULL),(51,NULL,NULL,'Costa Rica',1,'2020-05-28 20:55:22','2020-05-28 20:55:22',NULL);
INSERT INTO `pais` VALUES (52,NULL,NULL,'Croacia',1,'2020-05-28 20:55:22','2020-05-28 20:55:22',NULL),(53,NULL,NULL,'Cuba',1,'2020-05-28 20:55:22','2020-05-28 20:55:22',NULL),(54,NULL,NULL,'Curazao',1,'2020-05-28 20:55:22','2020-05-28 20:55:22',NULL),(55,NULL,NULL,'Dinamarca',1,'2020-05-28 20:55:22','2020-05-28 20:55:22',NULL),(56,NULL,NULL,'Dominica',1,'2020-05-28 20:55:22','2020-05-28 20:55:22',NULL),(57,NULL,NULL,'Ecuador',1,'2020-05-28 20:55:22','2020-05-28 20:55:22',NULL),(58,NULL,NULL,'Egipto',1,'2020-05-28 20:55:22','2020-05-28 20:55:22',NULL),(59,NULL,NULL,'El Salvador',1,'2020-05-28 20:55:22','2020-05-28 20:55:22',NULL),(60,NULL,NULL,'Emiratos Árabes Unidos',1,'2020-05-28 20:55:22','2020-05-28 20:55:22',NULL),(61,NULL,NULL,'Eritrea',1,'2020-05-28 20:55:22','2020-05-28 20:55:22',NULL),(62,NULL,NULL,'Eslovaquia',1,'2020-05-28 20:55:22','2020-05-28 20:55:22',NULL),(63,NULL,NULL,'Eslovenia',1,'2020-05-28 20:55:22','2020-05-28 20:55:22',NULL),(64,NULL,NULL,'España',1,'2020-05-28 20:55:22','2020-05-28 20:55:22',NULL),(65,NULL,NULL,'Estados Unidos de América',1,'2020-05-28 20:55:22','2020-05-28 20:55:22',NULL),(66,NULL,NULL,'Estonia',1,'2020-05-28 20:55:22','2020-05-28 20:55:22',NULL),(67,NULL,NULL,'Etiopía',1,'2020-05-28 20:55:22','2020-05-28 20:55:22',NULL),(68,NULL,NULL,'Filipinas',1,'2020-05-28 20:55:22','2020-05-28 20:55:22',NULL),(69,NULL,NULL,'Finlandia',1,'2020-05-28 20:55:22','2020-05-28 20:55:22',NULL),(70,NULL,NULL,'Fiyi',1,'2020-05-28 20:55:22','2020-05-28 20:55:22',NULL),(71,NULL,NULL,'Francia',1,'2020-05-28 20:55:22','2020-05-28 20:55:22',NULL),(72,NULL,NULL,'Gabón',1,'2020-05-28 20:55:22','2020-05-28 20:55:22',NULL),(73,NULL,NULL,'Gambia',1,'2020-05-28 20:55:22','2020-05-28 20:55:22',NULL),(74,NULL,NULL,'Georgia',1,'2020-05-28 20:55:22','2020-05-28 20:55:22',NULL),(75,NULL,NULL,'Ghana',1,'2020-05-28 20:55:22','2020-05-28 20:55:22',NULL),(76,NULL,NULL,'Gibraltar',1,'2020-05-28 20:55:22','2020-05-28 20:55:22',NULL),(77,NULL,NULL,'Granada',1,'2020-05-28 20:55:22','2020-05-28 20:55:22',NULL),(78,NULL,NULL,'Grecia',1,'2020-05-28 20:55:22','2020-05-28 20:55:22',NULL),(79,NULL,NULL,'Groenlandia',1,'2020-05-28 20:55:22','2020-05-28 20:55:22',NULL),(80,NULL,NULL,'Guadalupe',1,'2020-05-28 20:55:22','2020-05-28 20:55:22',NULL),(81,NULL,NULL,'Guam',1,'2020-05-28 20:55:22','2020-05-28 20:55:22',NULL),(82,NULL,NULL,'Guatemala',1,'2020-05-28 20:55:22','2020-05-28 20:55:22',NULL),(83,NULL,NULL,'Guayana Francesa',1,'2020-05-28 20:55:22','2020-05-28 20:55:22',NULL),(84,NULL,NULL,'Guernsey',1,'2020-05-28 20:55:22','2020-05-28 20:55:22',NULL),(85,NULL,NULL,'Guinea',1,'2020-05-28 20:55:22','2020-05-28 20:55:22',NULL),(86,NULL,NULL,'Guinea Ecuatorial',1,'2020-05-28 20:55:22','2020-05-28 20:55:22',NULL),(87,NULL,NULL,'Guinea-Bissau',1,'2020-05-28 20:55:22','2020-05-28 20:55:22',NULL),(88,NULL,NULL,'Guyana',1,'2020-05-28 20:55:22','2020-05-28 20:55:22',NULL),(89,NULL,NULL,'Haití',1,'2020-05-28 20:55:22','2020-05-28 20:55:22',NULL),(90,NULL,NULL,'Honduras',1,'2020-05-28 20:55:22','2020-05-28 20:55:22',NULL),(91,NULL,NULL,'Hong kong',1,'2020-05-28 20:55:23','2020-05-28 20:55:23',NULL),(92,NULL,NULL,'Hungría',1,'2020-05-28 20:55:23','2020-05-28 20:55:23',NULL),(93,NULL,NULL,'India',1,'2020-05-28 20:55:23','2020-05-28 20:55:23',NULL),(94,NULL,NULL,'Indonesia',1,'2020-05-28 20:55:23','2020-05-28 20:55:23',NULL),(95,NULL,NULL,'Irán',1,'2020-05-28 20:55:23','2020-05-28 20:55:23',NULL),(96,NULL,NULL,'Irak',1,'2020-05-28 20:55:23','2020-05-28 20:55:23',NULL),(97,NULL,NULL,'Irlanda',1,'2020-05-28 20:55:23','2020-05-28 20:55:23',NULL),(98,NULL,NULL,'Isla Bouvet',1,'2020-05-28 20:55:23','2020-05-28 20:55:23',NULL),(99,NULL,NULL,'Isla de Man',1,'2020-05-28 20:55:23','2020-05-28 20:55:23',NULL),(100,NULL,NULL,'Isla de Navidad',1,'2020-05-28 20:55:23','2020-05-28 20:55:23',NULL),(101,NULL,NULL,'Isla Norfolk',1,'2020-05-28 20:55:23','2020-05-28 20:55:23',NULL),(102,NULL,NULL,'Islandia',1,'2020-05-28 20:55:23','2020-05-28 20:55:23',NULL);
INSERT INTO `pais` VALUES (103,NULL,NULL,'Islas Bermudas',1,'2020-05-28 20:55:23','2020-05-28 20:55:23',NULL),(104,NULL,NULL,'Islas Caimán',1,'2020-05-28 20:55:23','2020-05-28 20:55:23',NULL),(105,NULL,NULL,'Islas Cocos (Keeling)',1,'2020-05-28 20:55:23','2020-05-28 20:55:23',NULL),(106,NULL,NULL,'Islas Cook',1,'2020-05-28 20:55:23','2020-05-28 20:55:23',NULL),(107,NULL,NULL,'Islas de Åland',1,'2020-05-28 20:55:23','2020-05-28 20:55:23',NULL),(108,NULL,NULL,'Islas Feroe',1,'2020-05-28 20:55:23','2020-05-28 20:55:23',NULL),(109,NULL,NULL,'Islas Georgias del Sur y Sandwich del Sur',1,'2020-05-28 20:55:23','2020-05-28 20:55:23',NULL),(110,NULL,NULL,'Islas Heard y McDonald',1,'2020-05-28 20:55:23','2020-05-28 20:55:23',NULL),(111,NULL,NULL,'Islas Maldivas',1,'2020-05-28 20:55:23','2020-05-28 20:55:23',NULL),(112,NULL,NULL,'Islas Malvinas',1,'2020-05-28 20:55:23','2020-05-28 20:55:23',NULL),(113,NULL,NULL,'Islas Marianas del Norte',1,'2020-05-28 20:55:23','2020-05-28 20:55:23',NULL),(114,NULL,NULL,'Islas Marshall',1,'2020-05-28 20:55:23','2020-05-28 20:55:23',NULL),(115,NULL,NULL,'Islas Pitcairn',1,'2020-05-28 20:55:23','2020-05-28 20:55:23',NULL),(116,NULL,NULL,'Islas Salomón',1,'2020-05-28 20:55:23','2020-05-28 20:55:23',NULL),(117,NULL,NULL,'Islas Turcas y Caicos',1,'2020-05-28 20:55:23','2020-05-28 20:55:23',NULL),(118,NULL,NULL,'Islas Ultramarinas Menores de Estados Unidos',1,'2020-05-28 20:55:23','2020-05-28 20:55:23',NULL),(119,NULL,NULL,'Islas Vírgenes Británicas',1,'2020-05-28 20:55:23','2020-05-28 20:55:23',NULL),(120,NULL,NULL,'Islas Vírgenes de los Estados Unidos',1,'2020-05-28 20:55:23','2020-05-28 20:55:23',NULL),(121,NULL,NULL,'Israel',1,'2020-05-28 20:55:23','2020-05-28 20:55:23',NULL),(122,NULL,NULL,'Italia',1,'2020-05-28 20:55:23','2020-05-28 20:55:23',NULL),(123,NULL,NULL,'Jamaica',1,'2020-05-28 20:55:23','2020-05-28 20:55:23',NULL),(124,NULL,NULL,'Japón',1,'2020-05-28 20:55:23','2020-05-28 20:55:23',NULL),(125,NULL,NULL,'Jersey',1,'2020-05-28 20:55:23','2020-05-28 20:55:23',NULL),(126,NULL,NULL,'Jordania',1,'2020-05-28 20:55:23','2020-05-28 20:55:23',NULL),(127,NULL,NULL,'Kazajistán',1,'2020-05-28 20:55:23','2020-05-28 20:55:23',NULL),(128,NULL,NULL,'Kenia',1,'2020-05-28 20:55:23','2020-05-28 20:55:23',NULL),(129,NULL,NULL,'Kirguistán',1,'2020-05-28 20:55:23','2020-05-28 20:55:23',NULL),(130,NULL,NULL,'Kiribati',1,'2020-05-28 20:55:23','2020-05-28 20:55:23',NULL),(131,NULL,NULL,'Kuwait',1,'2020-05-28 20:55:23','2020-05-28 20:55:23',NULL),(132,NULL,NULL,'Líbano',1,'2020-05-28 20:55:23','2020-05-28 20:55:23',NULL),(133,NULL,NULL,'Laos',1,'2020-05-28 20:55:23','2020-05-28 20:55:23',NULL),(134,NULL,NULL,'Lesoto',1,'2020-05-28 20:55:23','2020-05-28 20:55:23',NULL),(135,NULL,NULL,'Letonia',1,'2020-05-28 20:55:23','2020-05-28 20:55:23',NULL),(136,NULL,NULL,'Liberia',1,'2020-05-28 20:55:23','2020-05-28 20:55:23',NULL),(137,NULL,NULL,'Libia',1,'2020-05-28 20:55:23','2020-05-28 20:55:23',NULL),(138,NULL,NULL,'Liechtenstein',1,'2020-05-28 20:55:23','2020-05-28 20:55:23',NULL),(139,NULL,NULL,'Lituania',1,'2020-05-28 20:55:23','2020-05-28 20:55:23',NULL),(140,NULL,NULL,'Luxemburgo',1,'2020-05-28 20:55:23','2020-05-28 20:55:23',NULL),(141,NULL,NULL,'México',1,'2020-05-28 20:55:23','2020-05-28 20:55:23',NULL),(142,NULL,NULL,'Mónaco',1,'2020-05-28 20:55:23','2020-05-28 20:55:23',NULL),(143,NULL,NULL,'Macao',1,'2020-05-28 20:55:23','2020-05-28 20:55:23',NULL),(144,NULL,NULL,'Macedônia',1,'2020-05-28 20:55:23','2020-05-28 20:55:23',NULL),(145,NULL,NULL,'Madagascar',1,'2020-05-28 20:55:23','2020-05-28 20:55:23',NULL),(146,NULL,NULL,'Malasia',1,'2020-05-28 20:55:23','2020-05-28 20:55:23',NULL),(147,NULL,NULL,'Malawi',1,'2020-05-28 20:55:23','2020-05-28 20:55:23',NULL),(148,NULL,NULL,'Mali',1,'2020-05-28 20:55:23','2020-05-28 20:55:23',NULL),(149,NULL,NULL,'Malta',1,'2020-05-28 20:55:23','2020-05-28 20:55:23',NULL),(150,NULL,NULL,'Marruecos',1,'2020-05-28 20:55:23','2020-05-28 20:55:23',NULL);
INSERT INTO `pais` VALUES (151,NULL,NULL,'Martinica',1,'2020-05-28 20:55:23','2020-05-28 20:55:23',NULL),(152,NULL,NULL,'Mauricio',1,'2020-05-28 20:55:23','2020-05-28 20:55:23',NULL),(153,NULL,NULL,'Mauritania',1,'2020-05-28 20:55:23','2020-05-28 20:55:23',NULL),(154,NULL,NULL,'Mayotte',1,'2020-05-28 20:55:23','2020-05-28 20:55:23',NULL),(155,NULL,NULL,'Micronesia',1,'2020-05-28 20:55:23','2020-05-28 20:55:23',NULL),(156,NULL,NULL,'Moldavia',1,'2020-05-28 20:55:23','2020-05-28 20:55:23',NULL),(157,NULL,NULL,'Mongolia',1,'2020-05-28 20:55:23','2020-05-28 20:55:23',NULL),(158,NULL,NULL,'Montenegro',1,'2020-05-28 20:55:23','2020-05-28 20:55:23',NULL),(159,NULL,NULL,'Montserrat',1,'2020-05-28 20:55:23','2020-05-28 20:55:23',NULL),(160,NULL,NULL,'Mozambique',1,'2020-05-28 20:55:23','2020-05-28 20:55:23',NULL),(161,NULL,NULL,'Namibia',1,'2020-05-28 20:55:23','2020-05-28 20:55:23',NULL),(162,NULL,NULL,'Nauru',1,'2020-05-28 20:55:23','2020-05-28 20:55:23',NULL),(163,NULL,NULL,'Nepal',1,'2020-05-28 20:55:23','2020-05-28 20:55:23',NULL),(164,NULL,NULL,'Nicaragua',1,'2020-05-28 20:55:23','2020-05-28 20:55:23',NULL),(165,NULL,NULL,'Niger',1,'2020-05-28 20:55:23','2020-05-28 20:55:23',NULL),(166,NULL,NULL,'Nigeria',1,'2020-05-28 20:55:23','2020-05-28 20:55:23',NULL),(167,NULL,NULL,'Niue',1,'2020-05-28 20:55:23','2020-05-28 20:55:23',NULL),(168,NULL,NULL,'Noruega',1,'2020-05-28 20:55:23','2020-05-28 20:55:23',NULL),(169,NULL,NULL,'Nueva Caledonia',1,'2020-05-28 20:55:23','2020-05-28 20:55:23',NULL),(170,NULL,NULL,'Nueva Zelanda',1,'2020-05-28 20:55:23','2020-05-28 20:55:23',NULL),(171,NULL,NULL,'Omán',1,'2020-05-28 20:55:23','2020-05-28 20:55:23',NULL),(172,NULL,NULL,'Países Bajos',1,'2020-05-28 20:55:23','2020-05-28 20:55:23',NULL),(173,NULL,NULL,'Pakistán',1,'2020-05-28 20:55:23','2020-05-28 20:55:23',NULL),(174,NULL,NULL,'Palau',1,'2020-05-28 20:55:23','2020-05-28 20:55:23',NULL),(175,NULL,NULL,'Palestina',1,'2020-05-28 20:55:23','2020-05-28 20:55:23',NULL),(176,NULL,NULL,'Panamá',1,'2020-05-28 20:55:23','2020-05-28 20:55:23',NULL),(177,NULL,NULL,'Papúa Nueva Guinea',1,'2020-05-28 20:55:23','2020-05-28 20:55:23',NULL),(178,NULL,NULL,'Paraguay',1,'2020-05-28 20:55:23','2020-05-28 20:55:23',NULL),(179,NULL,NULL,'Perú',1,'2020-05-28 20:55:23','2020-05-28 20:55:23',NULL),(180,NULL,NULL,'Polinesia Francesa',1,'2020-05-28 20:55:23','2020-05-28 20:55:23',NULL),(181,NULL,NULL,'Polonia',1,'2020-05-28 20:55:23','2020-05-28 20:55:23',NULL),(182,NULL,NULL,'Portugal',1,'2020-05-28 20:55:23','2020-05-28 20:55:23',NULL),(183,NULL,NULL,'Puerto Rico',1,'2020-05-28 20:55:23','2020-05-28 20:55:23',NULL),(184,NULL,NULL,'Qatar',1,'2020-05-28 20:55:23','2020-05-28 20:55:23',NULL),(185,NULL,NULL,'Reino Unido',1,'2020-05-28 20:55:23','2020-05-28 20:55:23',NULL),(186,NULL,NULL,'República Centroafricana',1,'2020-05-28 20:55:23','2020-05-28 20:55:23',NULL),(187,NULL,NULL,'República Checa',1,'2020-05-28 20:55:23','2020-05-28 20:55:23',NULL),(188,NULL,NULL,'República Dominicana',1,'2020-05-28 20:55:23','2020-05-28 20:55:23',NULL),(189,NULL,NULL,'República de Sudán del Sur',1,'2020-05-28 20:55:23','2020-05-28 20:55:23',NULL),(190,NULL,NULL,'Reunión',1,'2020-05-28 20:55:23','2020-05-28 20:55:23',NULL),(191,NULL,NULL,'Ruanda',1,'2020-05-28 20:55:23','2020-05-28 20:55:23',NULL),(192,NULL,NULL,'Rumanía',1,'2020-05-28 20:55:23','2020-05-28 20:55:23',NULL),(193,NULL,NULL,'Rusia',1,'2020-05-28 20:55:23','2020-05-28 20:55:23',NULL),(194,NULL,NULL,'Sahara Occidental',1,'2020-05-28 20:55:23','2020-05-28 20:55:23',NULL),(195,NULL,NULL,'Samoa',1,'2020-05-28 20:55:23','2020-05-28 20:55:23',NULL),(196,NULL,NULL,'Samoa Americana',1,'2020-05-28 20:55:23','2020-05-28 20:55:23',NULL),(197,NULL,NULL,'San Bartolomé',1,'2020-05-28 20:55:23','2020-05-28 20:55:23',NULL),(198,NULL,NULL,'San Cristóbal y Nieves',1,'2020-05-28 20:55:23','2020-05-28 20:55:23',NULL),(199,NULL,NULL,'San Marino',1,'2020-05-28 20:55:23','2020-05-28 20:55:23',NULL);
INSERT INTO `pais` VALUES (200,NULL,NULL,'San Martín (Francia)',1,'2020-05-28 20:55:23','2020-05-28 20:55:23',NULL),(201,NULL,NULL,'San Pedro y Miquelón',1,'2020-05-28 20:55:23','2020-05-28 20:55:23',NULL),(202,NULL,NULL,'San Vicente y las Granadinas',1,'2020-05-28 20:55:23','2020-05-28 20:55:23',NULL),(203,NULL,NULL,'Santa Elena',1,'2020-05-28 20:55:23','2020-05-28 20:55:23',NULL),(204,NULL,NULL,'Santa Lucía',1,'2020-05-28 20:55:23','2020-05-28 20:55:23',NULL),(205,NULL,NULL,'Santo Tomé y Príncipe',1,'2020-05-28 20:55:23','2020-05-28 20:55:23',NULL),(206,NULL,NULL,'Senegal',1,'2020-05-28 20:55:23','2020-05-28 20:55:23',NULL),(207,NULL,NULL,'Serbia',1,'2020-05-28 20:55:23','2020-05-28 20:55:23',NULL),(208,NULL,NULL,'Seychelles',1,'2020-05-28 20:55:23','2020-05-28 20:55:23',NULL),(209,NULL,NULL,'Sierra Leona',1,'2020-05-28 20:55:23','2020-05-28 20:55:23',NULL),(210,NULL,NULL,'Singapur',1,'2020-05-28 20:55:23','2020-05-28 20:55:23',NULL),(211,NULL,NULL,'Sint Maarten',1,'2020-05-28 20:55:23','2020-05-28 20:55:23',NULL),(212,NULL,NULL,'Siria',1,'2020-05-28 20:55:23','2020-05-28 20:55:23',NULL),(213,NULL,NULL,'Somalia',1,'2020-05-28 20:55:23','2020-05-28 20:55:23',NULL),(214,NULL,NULL,'Sri lanka',1,'2020-05-28 20:55:23','2020-05-28 20:55:23',NULL),(215,NULL,NULL,'Sudáfrica',1,'2020-05-28 20:55:23','2020-05-28 20:55:23',NULL),(216,NULL,NULL,'Sudán',1,'2020-05-28 20:55:23','2020-05-28 20:55:23',NULL),(217,NULL,NULL,'Suecia',1,'2020-05-28 20:55:23','2020-05-28 20:55:23',NULL),(218,NULL,NULL,'Suiza',1,'2020-05-28 20:55:23','2020-05-28 20:55:23',NULL),(219,NULL,NULL,'Surinám',1,'2020-05-28 20:55:23','2020-05-28 20:55:23',NULL),(220,NULL,NULL,'Svalbard y Jan Mayen',1,'2020-05-28 20:55:23','2020-05-28 20:55:23',NULL),(221,NULL,NULL,'Swazilandia',1,'2020-05-28 20:55:23','2020-05-28 20:55:23',NULL),(222,NULL,NULL,'Tayikistán',1,'2020-05-28 20:55:23','2020-05-28 20:55:23',NULL),(223,NULL,NULL,'Tailandia',1,'2020-05-28 20:55:23','2020-05-28 20:55:23',NULL),(224,NULL,NULL,'Taiwán',1,'2020-05-28 20:55:23','2020-05-28 20:55:23',NULL),(225,NULL,NULL,'Tanzania',1,'2020-05-28 20:55:23','2020-05-28 20:55:23',NULL),(226,NULL,NULL,'Territorio Británico del Océano Índico',1,'2020-05-28 20:55:23','2020-05-28 20:55:23',NULL),(227,NULL,NULL,'Territorios Australes y Antárticas Franceses',1,'2020-05-28 20:55:23','2020-05-28 20:55:23',NULL),(228,NULL,NULL,'Timor Oriental',1,'2020-05-28 20:55:23','2020-05-28 20:55:23',NULL),(229,NULL,NULL,'Togo',1,'2020-05-28 20:55:23','2020-05-28 20:55:23',NULL),(230,NULL,NULL,'Tokelau',1,'2020-05-28 20:55:23','2020-05-28 20:55:23',NULL),(231,NULL,NULL,'Tonga',1,'2020-05-28 20:55:23','2020-05-28 20:55:23',NULL),(232,NULL,NULL,'Trinidad y Tobago',1,'2020-05-28 20:55:23','2020-05-28 20:55:23',NULL),(233,NULL,NULL,'Tunez',1,'2020-05-28 20:55:23','2020-05-28 20:55:23',NULL),(234,NULL,NULL,'Turkmenistán',1,'2020-05-28 20:55:23','2020-05-28 20:55:23',NULL),(235,NULL,NULL,'Turquía',1,'2020-05-28 20:55:23','2020-05-28 20:55:23',NULL),(236,NULL,NULL,'Tuvalu',1,'2020-05-28 20:55:23','2020-05-28 20:55:23',NULL),(237,NULL,NULL,'Ucrania',1,'2020-05-28 20:55:23','2020-05-28 20:55:23',NULL),(238,NULL,NULL,'Uganda',1,'2020-05-28 20:55:23','2020-05-28 20:55:23',NULL),(239,NULL,NULL,'Uruguay',1,'2020-05-28 20:55:23','2020-05-28 20:55:23',NULL),(240,NULL,NULL,'Uzbekistán',1,'2020-05-28 20:55:23','2020-05-28 20:55:23',NULL),(241,NULL,NULL,'Vanuatu',1,'2020-05-28 20:55:23','2020-05-28 20:55:23',NULL),(242,NULL,NULL,'Venezuela',1,'2020-05-28 20:55:23','2020-05-28 20:55:23',NULL),(243,NULL,NULL,'Vietnam',1,'2020-05-28 20:55:23','2020-05-28 20:55:23',NULL),(244,NULL,NULL,'Wallis y Futuna',1,'2020-05-28 20:55:23','2020-05-28 20:55:23',NULL),(245,NULL,NULL,'Yemen',1,'2020-05-28 20:55:23','2020-05-28 20:55:23',NULL),(246,NULL,NULL,'Yibuti',1,'2020-05-28 20:55:23','2020-05-28 20:55:23',NULL),(247,NULL,NULL,'Zambia',1,'2020-05-28 20:55:23','2020-05-28 20:55:23',NULL),(248,NULL,NULL,'Zimbabue',1,'2020-05-28 20:55:23','2020-05-28 20:55:23',NULL);

--
-- Table structure for table `paises_prefijos`
--

CREATE TABLE `paises_prefijos` (
  `id` bigint(20) unsigned NOT NULL AUTO_INCREMENT,
  `pais` varchar(191) COLLATE utf8mb4_unicode_ci NOT NULL,
  `prefijo` varchar(191) COLLATE utf8mb4_unicode_ci NOT NULL,
  `value` int(11) NOT NULL DEFAULT '1',
  `text` varchar(191) COLLATE utf8mb4_unicode_ci NOT NULL,
  `created_at` timestamp NULL DEFAULT NULL,
  `updated_at` timestamp NULL DEFAULT NULL,
  `deleted_at` timestamp NULL DEFAULT NULL,
  PRIMARY KEY (`id`)
) ENGINE=InnoDB AUTO_INCREMENT=195 DEFAULT CHARSET=utf8mb4 COLLATE=utf8mb4_unicode_ci;

--
-- Dumping data for table `paises_prefijos`
--

INSERT INTO `paises_prefijos` VALUES (1,'Afganistán','93',1,'Afganistán 93',NULL,NULL,NULL),(2,'Albania','355',2,'Albania 355',NULL,NULL,NULL),(3,'Alemania','49',3,'Alemania 49',NULL,NULL,NULL),(4,'Andorra','376',4,'Andorra 376',NULL,NULL,NULL),(5,'Angola','244',5,'Angola 244',NULL,NULL,NULL),(6,'Antigua y Barbuda','1-268',6,'Antigua y Barbuda 1-268',NULL,NULL,NULL),(7,'Arabia Saudita','966',7,'Arabia Saudita 966',NULL,NULL,NULL),(8,'Argelia','213',8,'Argelia 213',NULL,NULL,NULL),(9,'Argentina','549',9,'Argentina 549',NULL,NULL,NULL),(10,'Armenia','374',10,'Armenia 374',NULL,NULL,NULL),(11,'Australia','61',11,'Australia 61',NULL,NULL,NULL),(12,'Austria','43',12,'Austria 43',NULL,NULL,NULL),(13,'Azerbaiyán','994',13,'Azerbaiyán 994',NULL,NULL,NULL),(14,'Bahamas','1-242',14,'Bahamas 1-242',NULL,NULL,NULL),(15,'Bangladés','880',15,'Bangladés 880',NULL,NULL,NULL),(16,'Barbados','1-246',16,'Barbados 1-246',NULL,NULL,NULL),(17,'Baréin','973',17,'Baréin 973',NULL,NULL,NULL),(18,'Bélgica','32',18,'Bélgica 32',NULL,NULL,NULL),(19,'Belice','501',19,'Belice 501',NULL,NULL,NULL),(20,'Benín','229',20,'Benín 229',NULL,NULL,NULL),(21,'Bielorrusia','375',21,'Bielorrusia 375',NULL,NULL,NULL),(22,'Birmania','95',22,'Birmania 95',NULL,NULL,NULL),(23,'Bolivia','591',23,'Bolivia 591',NULL,NULL,NULL),(24,'Bosnia y Herzegovina','387',24,'Bosnia y Herzegovina 387',NULL,NULL,NULL),(25,'Botsuana','267',25,'Botsuana 267',NULL,NULL,NULL),(26,'Brasil','55',26,'Brasil 55',NULL,NULL,NULL),(27,'Brunéi','673',27,'Brunéi 673',NULL,NULL,NULL),(28,'Bulgaria','359',28,'Bulgaria 359',NULL,NULL,NULL),(29,'Burkina Faso','226',29,'Burkina Faso 226',NULL,NULL,NULL),(30,'Burundi','257',30,'Burundi 257',NULL,NULL,NULL),(31,'Bután','975',31,'Bután 975',NULL,NULL,NULL),(32,'Cabo Verde','238',32,'Cabo Verde 238',NULL,NULL,NULL),(33,'Camboya','855',33,'Camboya 855',NULL,NULL,NULL),(34,'Camerún','237',34,'Camerún 237',NULL,NULL,NULL),(35,'Canadá','1',35,'Canadá 1',NULL,NULL,NULL),(36,'Catar','974',36,'Catar 974',NULL,NULL,NULL),(37,'Chad','235',37,'Chad 235',NULL,NULL,NULL),(38,'Chile','56',38,'Chile 56',NULL,NULL,NULL),(39,'China','86',39,'China 86',NULL,NULL,NULL),(40,'Chipre','357',40,'Chipre 357',NULL,NULL,NULL),(41,'Colombia','57',41,'Colombia 57',NULL,NULL,NULL),(42,'Comoras','269',42,'Comoras 269',NULL,NULL,NULL),(43,'Corea del Norte','850',43,'Corea del Norte 850',NULL,NULL,NULL),(44,'Corea del Sur','82',44,'Corea del Sur 82',NULL,NULL,NULL),(45,'Costa de Marfil','225',45,'Costa de Marfil 225',NULL,NULL,NULL),(46,'Costa Rica','506',46,'Costa Rica 506',NULL,NULL,NULL),(47,'Croacia','385',47,'Croacia 385',NULL,NULL,NULL),(48,'Cuba','53',48,'Cuba 53',NULL,NULL,NULL),(49,'Dinamarca','45',49,'Dinamarca 45',NULL,NULL,NULL),(50,'Dominica','1-767',50,'Dominica 1-767',NULL,NULL,NULL),(51,'Ecuador','593',51,'Ecuador 593',NULL,NULL,NULL),(52,'Egipto','20',52,'Egipto 20',NULL,NULL,NULL),(53,'El Salvador','503',53,'El Salvador 503',NULL,NULL,NULL),(54,'Emiratos Árabes Unidos','971',54,'Emiratos Árabes Unidos 971',NULL,NULL,NULL),(55,'Eritrea','291',55,'Eritrea 291',NULL,NULL,NULL),(56,'Eslovaquia','421',56,'Eslovaquia 421',NULL,NULL,NULL),(57,'Eslovenia','386',57,'Eslovenia 386',NULL,NULL,NULL),(58,'España','34',58,'España 34',NULL,NULL,NULL),(59,'Estados Unidos','1',59,'Estados Unidos 1',NULL,NULL,NULL),(60,'Estonia','372',60,'Estonia 372',NULL,NULL,NULL),(61,'Etiopía','251',61,'Etiopía 251',NULL,NULL,NULL),(62,'Filipinas','63',62,'Filipinas 63',NULL,NULL,NULL),(63,'Finlandia','358',63,'Finlandia 358',NULL,NULL,NULL),(64,'Fiyi','679',64,'Fiyi 679',NULL,NULL,NULL),(65,'Francia','33',65,'Francia 33',NULL,NULL,NULL),(66,'Gabón','241',66,'Gabón 241',NULL,NULL,NULL),(67,'Gambia','220',67,'Gambia 220',NULL,NULL,NULL),(68,'Georgia','995',68,'Georgia 995',NULL,NULL,NULL),(69,'Ghana','233',69,'Ghana 233',NULL,NULL,NULL),(70,'Granada','1-473',70,'Granada 1-473',NULL,NULL,NULL),(71,'Grecia','30',71,'Grecia 30',NULL,NULL,NULL);
INSERT INTO `paises_prefijos` VALUES (72,'Guatemala','502',72,'Guatemala 502',NULL,NULL,NULL),(73,'Guinea','224',73,'Guinea 224',NULL,NULL,NULL),(74,'Guinea Ecuatorial','240',74,'Guinea Ecuatorial 240',NULL,NULL,NULL),(75,'Guinea-Bisáu','245',75,'Guinea-Bisáu 245',NULL,NULL,NULL),(76,'Guyana','592',76,'Guyana 592',NULL,NULL,NULL),(77,'Haití','509',77,'Haití 509',NULL,NULL,NULL),(78,'Honduras','504',78,'Honduras 504',NULL,NULL,NULL),(79,'Hungría','36',79,'Hungría 36',NULL,NULL,NULL),(80,'India','91',80,'India 91',NULL,NULL,NULL),(81,'Indonesia','62',81,'Indonesia 62',NULL,NULL,NULL),(82,'Irak','964',82,'Irak 964',NULL,NULL,NULL),(83,'Irán','98',83,'Irán 98',NULL,NULL,NULL),(84,'Irlanda','353',84,'Irlanda 353',NULL,NULL,NULL),(85,'Islandia','354',85,'Islandia 354',NULL,NULL,NULL),(86,'Islas Marshall','692',86,'Islas Marshall 692',NULL,NULL,NULL),(87,'Islas Salomón','677',87,'Islas Salomón 677',NULL,NULL,NULL),(88,'Israel','972',88,'Israel 972',NULL,NULL,NULL),(89,'Italia','39',89,'Italia 39',NULL,NULL,NULL),(90,'Jamaica','1-876',90,'Jamaica 1-876',NULL,NULL,NULL),(91,'Japón','81',91,'Japón 81',NULL,NULL,NULL),(92,'Jordania','962',92,'Jordania 962',NULL,NULL,NULL),(93,'Kazajistán','7',93,'Kazajistán 7',NULL,NULL,NULL),(94,'Kenia','254',94,'Kenia 254',NULL,NULL,NULL),(95,'Kirguistán','996',95,'Kirguistán 996',NULL,NULL,NULL),(96,'Kiribati','686',96,'Kiribati 686',NULL,NULL,NULL),(97,'Kuwait','965',97,'Kuwait 965',NULL,NULL,NULL),(98,'Laos','856',98,'Laos 856',NULL,NULL,NULL),(99,'Lesoto','266',99,'Lesoto 266',NULL,NULL,NULL),(100,'Letonia','371',100,'Letonia 371',NULL,NULL,NULL),(101,'Líbano','961',101,'Líbano 961',NULL,NULL,NULL),(102,'Liberia','231',102,'Liberia 231',NULL,NULL,NULL),(103,'Libia','218',103,'Libia 218',NULL,NULL,NULL),(104,'Liechtenstein','423',104,'Liechtenstein 423',NULL,NULL,NULL),(105,'Lituania','370',105,'Lituania 370',NULL,NULL,NULL),(106,'Luxemburgo','352',106,'Luxemburgo 352',NULL,NULL,NULL),(107,'Macedonia del Norte','389',107,'Macedonia del Norte 389',NULL,NULL,NULL),(108,'Madagascar','261',108,'Madagascar 261',NULL,NULL,NULL),(109,'Malasia','60',109,'Malasia 60',NULL,NULL,NULL),(110,'Malaui','265',110,'Malaui 265',NULL,NULL,NULL),(111,'Maldivas','960',111,'Maldivas 960',NULL,NULL,NULL),(112,'Malí','223',112,'Malí 223',NULL,NULL,NULL),(113,'Malta','356',113,'Malta 356',NULL,NULL,NULL),(114,'Marruecos','212',114,'Marruecos 212',NULL,NULL,NULL),(115,'Mauricio','230',115,'Mauricio 230',NULL,NULL,NULL),(116,'Mauritania','222',116,'Mauritania 222',NULL,NULL,NULL),(117,'México','52',117,'México 52',NULL,NULL,NULL),(118,'Micronesia','691',118,'Micronesia 691',NULL,NULL,NULL),(119,'Moldavia','373',119,'Moldavia 373',NULL,NULL,NULL),(120,'Mónaco','377',120,'Mónaco 377',NULL,NULL,NULL),(121,'Mongolia','976',121,'Mongolia 976',NULL,NULL,NULL),(122,'Montenegro','382',122,'Montenegro 382',NULL,NULL,NULL),(123,'Mozambique','258',123,'Mozambique 258',NULL,NULL,NULL),(124,'Namibia','264',124,'Namibia 264',NULL,NULL,NULL),(125,'Nauru','674',125,'Nauru 674',NULL,NULL,NULL),(126,'Nepal','977',126,'Nepal 977',NULL,NULL,NULL),(127,'Nicaragua','505',127,'Nicaragua 505',NULL,NULL,NULL),(128,'Níger','227',128,'Níger 227',NULL,NULL,NULL),(129,'Nigeria','234',129,'Nigeria 234',NULL,NULL,NULL),(130,'Noruega','47',130,'Noruega 47',NULL,NULL,NULL),(131,'Nueva Zelanda','64',131,'Nueva Zelanda 64',NULL,NULL,NULL),(132,'Omán','968',132,'Omán 968',NULL,NULL,NULL),(133,'Países Bajos','31',133,'Países Bajos 31',NULL,NULL,NULL),(134,'Pakistán','92',134,'Pakistán 92',NULL,NULL,NULL),(135,'Palaos','680',135,'Palaos 680',NULL,NULL,NULL),(136,'Panamá','507',136,'Panamá 507',NULL,NULL,NULL),(137,'Papúa Nueva Guinea','675',137,'Papúa Nueva Guinea 675',NULL,NULL,NULL),(138,'Paraguay','595',138,'Paraguay 595',NULL,NULL,NULL),(139,'Perú','51',139,'Perú 51',NULL,NULL,NULL),(140,'Polonia','48',140,'Polonia 48',NULL,NULL,NULL),(141,'Portugal','351',141,'Portugal 351',NULL,NULL,NULL);
INSERT INTO `paises_prefijos` VALUES (142,'Reino Unido','44',142,'Reino Unido 44',NULL,NULL,NULL),(143,'República Centroafricana','236',143,'República Centroafricana 236',NULL,NULL,NULL),(144,'República Checa','420',144,'República Checa 420',NULL,NULL,NULL),(145,'República del Congo','242',145,'República del Congo 242',NULL,NULL,NULL),(146,'República Democrática del Congo','243',146,'República Democrática del Congo 243',NULL,NULL,NULL),(147,'República Dominicana','1-809',147,'República Dominicana 1-809',NULL,NULL,NULL),(148,'Ruanda','250',148,'Ruanda 250',NULL,NULL,NULL),(149,'Rumania','40',149,'Rumania 40',NULL,NULL,NULL),(150,'Rusia','7',150,'Rusia 7',NULL,NULL,NULL),(151,'Samoa','685',151,'Samoa 685',NULL,NULL,NULL),(152,'San Cristóbal y Nieves','1-869',152,'San Cristóbal y Nieves 1-869',NULL,NULL,NULL),(153,'San Marino','378',153,'San Marino 378',NULL,NULL,NULL),(154,'San Vicente y las Granadinas','1-784',154,'San Vicente y las Granadinas 1-784',NULL,NULL,NULL),(155,'Santa Lucía','1-758',155,'Santa Lucía 1-758',NULL,NULL,NULL),(156,'Santo Tomé y Príncipe','239',156,'Santo Tomé y Príncipe 239',NULL,NULL,NULL),(157,'Senegal','221',157,'Senegal 221',NULL,NULL,NULL),(158,'Serbia','381',158,'Serbia 381',NULL,NULL,NULL),(159,'Seychelles','248',159,'Seychelles 248',NULL,NULL,NULL),(160,'Sierra Leona','232',160,'Sierra Leona 232',NULL,NULL,NULL),(161,'Singapur','65',161,'Singapur 65',NULL,NULL,NULL),(162,'Siria','963',162,'Siria 963',NULL,NULL,NULL),(163,'Somalia','252',163,'Somalia 252',NULL,NULL,NULL),(164,'Sri Lanka','94',164,'Sri Lanka 94',NULL,NULL,NULL),(165,'Sudáfrica','27',165,'Sudáfrica 27',NULL,NULL,NULL),(166,'Sudán','249',166,'Sudán 249',NULL,NULL,NULL),(167,'Sudán del Sur','211',167,'Sudán del Sur 211',NULL,NULL,NULL),(168,'Suecia','46',168,'Suecia 46',NULL,NULL,NULL),(169,'Suiza','41',169,'Suiza 41',NULL,NULL,NULL),(170,'Surinam','597',170,'Surinam 597',NULL,NULL,NULL),(171,'Tailandia','66',171,'Tailandia 66',NULL,NULL,NULL),(172,'Taiwán','886',172,'Taiwán 886',NULL,NULL,NULL),(173,'Tanzania','255',173,'Tanzania 255',NULL,NULL,NULL),(174,'Tayikistán','992',174,'Tayikistán 992',NULL,NULL,NULL),(175,'Timor Oriental','670',175,'Timor Oriental 670',NULL,NULL,NULL),(176,'Togo','228',176,'Togo 228',NULL,NULL,NULL),(177,'Tonga','676',177,'Tonga 676',NULL,NULL,NULL),(178,'Trinidad y Tobago','1-868',178,'Trinidad y Tobago 1-868',NULL,NULL,NULL),(179,'Túnez','216',179,'Túnez 216',NULL,NULL,NULL),(180,'Turkmenistán','993',180,'Turkmenistán 993',NULL,NULL,NULL),(181,'Turquía','90',181,'Turquía 90',NULL,NULL,NULL),(182,'Tuvalu','688',182,'Tuvalu 688',NULL,NULL,NULL),(183,'Ucrania','380',183,'Ucrania 380',NULL,NULL,NULL),(184,'Uganda','256',184,'Uganda 256',NULL,NULL,NULL),(185,'Uruguay','598',185,'Uruguay 598',NULL,NULL,NULL),(186,'Uzbekistán','998',186,'Uzbekistán 998',NULL,NULL,NULL),(187,'Vanuatu','678',187,'Vanuatu 678',NULL,NULL,NULL),(188,'Vaticano','379',188,'Vaticano 379',NULL,NULL,NULL),(189,'Venezuela','58',189,'Venezuela 58',NULL,NULL,NULL),(190,'Vietnam','84',190,'Vietnam 84',NULL,NULL,NULL),(191,'Yemen','967',191,'Yemen 967',NULL,NULL,NULL),(192,'Yibuti','253',192,'Yibuti 253',NULL,NULL,NULL),(193,'Zambia','260',193,'Zambia 260',NULL,NULL,NULL),(194,'Zimbabue','263',194,'Zimbabue 263',NULL,NULL,NULL);

--
-- Table structure for table `panel_liquidaciones`
--

CREATE TABLE `panel_liquidaciones` (
  `id` bigint(20) unsigned NOT NULL AUTO_INCREMENT,
  `user_id` int(10) unsigned DEFAULT NULL,
  `cta_cte_tesoreria_cuenta_id` int(10) unsigned NOT NULL,
  `period_id` int(10) unsigned NOT NULL,
  `panel_tipo_liq_id` bigint(20) unsigned NOT NULL,
  `total` decimal(16,2) NOT NULL,
  `comentario` text COLLATE utf8mb4_unicode_ci,
  `created_at` timestamp NULL DEFAULT NULL,
  `updated_at` timestamp NULL DEFAULT NULL,
  `deleted_at` timestamp NULL DEFAULT NULL,
  PRIMARY KEY (`id`),
  KEY `panel_liquidaciones_period_id_foreign` (`period_id`),
  KEY `panel_liquidaciones_panel_tipo_liq_id_foreign` (`panel_tipo_liq_id`),
  KEY `panel_liquidaciones_cta_cte_tesoreria_cuenta_id_foreign` (`cta_cte_tesoreria_cuenta_id`),
  CONSTRAINT `panel_liquidaciones_cta_cte_tesoreria_cuenta_id_foreign` FOREIGN KEY (`cta_cte_tesoreria_cuenta_id`) REFERENCES `cta_cte_tesoreria_cuentas` (`id`),
  CONSTRAINT `panel_liquidaciones_panel_tipo_liq_id_foreign` FOREIGN KEY (`panel_tipo_liq_id`) REFERENCES `panel_tipo_liquidaciones` (`id`),
  CONSTRAINT `panel_liquidaciones_period_id_foreign` FOREIGN KEY (`period_id`) REFERENCES `periods` (`id`)
) ENGINE=InnoDB DEFAULT CHARSET=utf8mb4 COLLATE=utf8mb4_unicode_ci;

--
-- Dumping data for table `panel_liquidaciones`
--


--
-- Table structure for table `panel_tipo_liquidaciones`
--

CREATE TABLE `panel_tipo_liquidaciones` (
  `id` bigint(20) unsigned NOT NULL AUTO_INCREMENT,
  `user_id` int(10) unsigned DEFAULT NULL,
  `descripcion` varchar(191) COLLATE utf8mb4_unicode_ci NOT NULL,
  `habilitado` tinyint(1) NOT NULL DEFAULT '1',
  `created_at` timestamp NULL DEFAULT NULL,
  `updated_at` timestamp NULL DEFAULT NULL,
  `deleted_at` timestamp NULL DEFAULT NULL,
  PRIMARY KEY (`id`)
) ENGINE=InnoDB AUTO_INCREMENT=4 DEFAULT CHARSET=utf8mb4 COLLATE=utf8mb4_unicode_ci;

--
-- Dumping data for table `panel_tipo_liquidaciones`
--

INSERT INTO `panel_tipo_liquidaciones` VALUES (1,NULL,'Mensual',1,NULL,NULL,NULL),(2,NULL,'Q1',1,NULL,NULL,NULL),(3,NULL,'Q2',1,NULL,NULL,NULL);

--
-- Table structure for table `panel_users`
--

CREATE TABLE `panel_users` (
  `id` bigint(20) unsigned NOT NULL AUTO_INCREMENT,
  `user_id` int(10) unsigned DEFAULT NULL,
  `person_id` int(10) unsigned NOT NULL,
  `cobrador_id` bigint(20) unsigned NOT NULL,
  `user` varchar(255) COLLATE utf8mb4_unicode_ci NOT NULL,
  `habilitado` tinyint(1) NOT NULL DEFAULT '1',
  `created_at` timestamp NULL DEFAULT NULL,
  `updated_at` timestamp NULL DEFAULT NULL,
  `deleted_at` timestamp NULL DEFAULT NULL,
  PRIMARY KEY (`id`),
  UNIQUE KEY `panel_users_user_unique` (`user`),
  UNIQUE KEY `user_person_unique` (`user`,`person_id`),
  KEY `panel_users_person_id_foreign` (`person_id`),
  KEY `panel_users_cobrador_id_foreign` (`cobrador_id`),
  CONSTRAINT `panel_users_cobrador_id_foreign` FOREIGN KEY (`cobrador_id`) REFERENCES `cobradores` (`id`),
  CONSTRAINT `panel_users_person_id_foreign` FOREIGN KEY (`person_id`) REFERENCES `persons` (`id`)
) ENGINE=InnoDB DEFAULT CHARSET=utf8mb4 COLLATE=utf8mb4_unicode_ci;

--
-- Dumping data for table `panel_users`
--


--
-- Table structure for table `panel_users_emails`
--

CREATE TABLE `panel_users_emails` (
  `id` bigint(20) unsigned NOT NULL AUTO_INCREMENT,
  `user_id` int(10) unsigned DEFAULT NULL,
  `panel_user_id` bigint(20) unsigned NOT NULL,
  `email` text COLLATE utf8mb4_unicode_ci,
  `created_at` timestamp NULL DEFAULT NULL,
  `updated_at` timestamp NULL DEFAULT NULL,
  `deleted_at` timestamp NULL DEFAULT NULL,
  PRIMARY KEY (`id`),
  KEY `panel_users_emails_panel_user_id_foreign` (`panel_user_id`),
  CONSTRAINT `panel_users_emails_panel_user_id_foreign` FOREIGN KEY (`panel_user_id`) REFERENCES `panel_users` (`id`)
) ENGINE=InnoDB DEFAULT CHARSET=utf8mb4 COLLATE=utf8mb4_unicode_ci;

--
-- Dumping data for table `panel_users_emails`
--


--
-- Table structure for table `panel_users_movimientos`
--

CREATE TABLE `panel_users_movimientos` (
  `id` bigint(20) unsigned NOT NULL AUTO_INCREMENT,
  `user_id` int(10) unsigned DEFAULT NULL,
  `cobrador_id` bigint(20) unsigned NOT NULL,
  `panel_user_id` bigint(20) unsigned NOT NULL,
  `cta_cte_tesoreria_cuenta_id` int(10) unsigned DEFAULT NULL,
  `credit_debit` int(10) unsigned NOT NULL,
  `importe` decimal(16,2) NOT NULL DEFAULT '0.00',
  `document` text COLLATE utf8mb4_unicode_ci,
  `operacion_id` text COLLATE utf8mb4_unicode_ci,
  `is_recarga` tinyint(1) NOT NULL DEFAULT '0',
  `path_file` varchar(255) COLLATE utf8mb4_unicode_ci DEFAULT NULL,
  `fecha` datetime DEFAULT NULL,
  `created_at` timestamp NULL DEFAULT NULL,
  `updated_at` timestamp NULL DEFAULT NULL,
  `deleted_at` timestamp NULL DEFAULT NULL,
  PRIMARY KEY (`id`),
  KEY `panel_users_movimientos_panel_user_id_foreign` (`panel_user_id`),
  KEY `panel_users_movimientos_cta_cte_tesoreria_cuenta_id_foreign` (`cta_cte_tesoreria_cuenta_id`),
  KEY `panel_users_movimientos_cobrador_id_foreign` (`cobrador_id`),
  CONSTRAINT `panel_users_movimientos_cobrador_id_foreign` FOREIGN KEY (`cobrador_id`) REFERENCES `cobradores` (`id`),
  CONSTRAINT `panel_users_movimientos_cta_cte_tesoreria_cuenta_id_foreign` FOREIGN KEY (`cta_cte_tesoreria_cuenta_id`) REFERENCES `cta_cte_tesoreria_cuentas` (`id`),
  CONSTRAINT `panel_users_movimientos_panel_user_id_foreign` FOREIGN KEY (`panel_user_id`) REFERENCES `panel_users` (`id`)
) ENGINE=InnoDB DEFAULT CHARSET=utf8mb4 COLLATE=utf8mb4_unicode_ci;

--
-- Dumping data for table `panel_users_movimientos`
--


--
-- Table structure for table `panel_users_telefonos`
--

CREATE TABLE `panel_users_telefonos` (
  `id` bigint(20) unsigned NOT NULL AUTO_INCREMENT,
  `user_id` int(10) unsigned DEFAULT NULL,
  `panel_user_id` bigint(20) unsigned NOT NULL,
  `telefono` text COLLATE utf8mb4_unicode_ci,
  `created_at` timestamp NULL DEFAULT NULL,
  `updated_at` timestamp NULL DEFAULT NULL,
  `deleted_at` timestamp NULL DEFAULT NULL,
  PRIMARY KEY (`id`),
  KEY `panel_users_telefonos_panel_user_id_foreign` (`panel_user_id`),
  CONSTRAINT `panel_users_telefonos_panel_user_id_foreign` FOREIGN KEY (`panel_user_id`) REFERENCES `panel_users` (`id`)
) ENGINE=InnoDB DEFAULT CHARSET=utf8mb4 COLLATE=utf8mb4_unicode_ci;

--
-- Dumping data for table `panel_users_telefonos`
--


--
-- Table structure for table `panel_users_transfer`
--

CREATE TABLE `panel_users_transfer` (
  `id` bigint(20) unsigned NOT NULL AUTO_INCREMENT,
  `user_id` int(10) unsigned DEFAULT NULL,
  `panel_user_id` bigint(20) unsigned NOT NULL,
  `panel_user_movimiento_id` bigint(20) unsigned NOT NULL,
  `cta_cte_tesoreria_cuenta_id` int(10) unsigned DEFAULT NULL,
  `credit_debit` int(10) unsigned NOT NULL,
  `document` text COLLATE utf8mb4_unicode_ci,
  `operacion_id` text COLLATE utf8mb4_unicode_ci,
  `cbu_alias` text COLLATE utf8mb4_unicode_ci,
  `nombre_apellido` text COLLATE utf8mb4_unicode_ci,
  `fecha` datetime DEFAULT NULL,
  `fecha_to_transfer` date DEFAULT NULL,
  `importe` decimal(16,2) NOT NULL DEFAULT '0.00',
  `is_realizada` tinyint(1) NOT NULL DEFAULT '0',
  `comentario` longtext COLLATE utf8mb4_unicode_ci,
  `created_at` timestamp NULL DEFAULT NULL,
  `updated_at` timestamp NULL DEFAULT NULL,
  `deleted_at` timestamp NULL DEFAULT NULL,
  PRIMARY KEY (`id`),
  KEY `panel_users_transfer_panel_user_id_foreign` (`panel_user_id`),
  KEY `panel_users_transfer_panel_user_movimiento_id_foreign` (`panel_user_movimiento_id`),
  KEY `panel_users_transfer_cta_cte_tesoreria_cuenta_id_foreign` (`cta_cte_tesoreria_cuenta_id`),
  CONSTRAINT `panel_users_transfer_cta_cte_tesoreria_cuenta_id_foreign` FOREIGN KEY (`cta_cte_tesoreria_cuenta_id`) REFERENCES `cta_cte_tesoreria_cuentas` (`id`),
  CONSTRAINT `panel_users_transfer_panel_user_id_foreign` FOREIGN KEY (`panel_user_id`) REFERENCES `panel_users` (`id`),
  CONSTRAINT `panel_users_transfer_panel_user_movimiento_id_foreign` FOREIGN KEY (`panel_user_movimiento_id`) REFERENCES `panel_users_movimientos` (`id`)
) ENGINE=InnoDB DEFAULT CHARSET=utf8mb4 COLLATE=utf8mb4_unicode_ci;

--
-- Dumping data for table `panel_users_transfer`
--


--
-- Table structure for table `password_resets`
--

CREATE TABLE `password_resets` (
  `email` varchar(180) COLLATE utf8mb4_unicode_ci NOT NULL,
  `token` varchar(180) COLLATE utf8mb4_unicode_ci NOT NULL,
  `created_at` timestamp NULL DEFAULT NULL,
  UNIQUE KEY `password_resets_email_token_unique` (`email`,`token`),
  KEY `password_resets_email_index` (`email`)
) ENGINE=InnoDB DEFAULT CHARSET=utf8mb4 COLLATE=utf8mb4_unicode_ci;

--
-- Dumping data for table `password_resets`
--


--
-- Table structure for table `path_of_file`
--

CREATE TABLE `path_of_file` (
  `id` int(10) unsigned NOT NULL AUTO_INCREMENT,
  `user_id` int(10) unsigned DEFAULT NULL,
  `person_id` int(10) unsigned DEFAULT NULL,
  `person_id_relationed` int(10) unsigned DEFAULT NULL,
  `path_of_file_name_id` int(10) unsigned DEFAULT NULL,
  `path` longtext COLLATE utf8mb4_unicode_ci,
  `storage` varchar(191) COLLATE utf8mb4_unicode_ci DEFAULT NULL,
  `comentario` varchar(191) COLLATE utf8mb4_unicode_ci DEFAULT NULL,
  `descripcion` varchar(191) COLLATE utf8mb4_unicode_ci DEFAULT NULL,
  `created_at` timestamp NULL DEFAULT NULL,
  `updated_at` timestamp NULL DEFAULT NULL,
  `deleted_at` timestamp NULL DEFAULT NULL,
  PRIMARY KEY (`id`),
  KEY `path_of_file_person_id_foreign` (`person_id`),
  KEY `path_of_file_person_id_relationed_foreign` (`person_id_relationed`),
  KEY `path_of_file_path_of_file_name_id_foreign` (`path_of_file_name_id`),
  CONSTRAINT `path_of_file_path_of_file_name_id_foreign` FOREIGN KEY (`path_of_file_name_id`) REFERENCES `path_of_file_names` (`id`),
  CONSTRAINT `path_of_file_person_id_foreign` FOREIGN KEY (`person_id`) REFERENCES `persons` (`id`),
  CONSTRAINT `path_of_file_person_id_relationed_foreign` FOREIGN KEY (`person_id_relationed`) REFERENCES `persons` (`id`)
) ENGINE=InnoDB AUTO_INCREMENT=16 DEFAULT CHARSET=utf8mb4 COLLATE=utf8mb4_unicode_ci;

--
-- Dumping data for table `path_of_file`
--

INSERT INTO `path_of_file` VALUES (1,NULL,NULL,NULL,6,'ERROR',NULL,NULL,'GAG CONSTRUCCIONES SAS Comprobantes Emitidos Mes Pasado','2021-09-06 15:17:41','2022-05-29 22:23:30','2022-05-29 22:23:30'),(2,NULL,NULL,NULL,6,'<a href=\"https://taxes.com.ar/storage/app/public/puppeteer/27-22669467-1/Mis Comprobantes Recibidos - CUIT 30716254123.xlsx\">DESCARGAR</a>',NULL,NULL,'GAG CONSTRUCCIONES SAS Comprobantes Recibidos Este Mes','2021-11-30 13:32:23','2022-05-29 22:23:30','2022-05-29 22:23:30'),(3,NULL,NULL,NULL,6,'<a href=\"https://taxes.com.ar/storage/app/public/puppeteer/27-22669467-1/Mis Comprobantes Recibidos - CUIT 20163054761.xlsx\">DESCARGAR</a>',NULL,NULL,'OLMEDO CARLOS ALBERTO Comprobantes Recibidos Mes Pasado','2021-12-02 13:35:58','2022-05-29 22:23:30','2022-05-29 22:23:30'),(4,NULL,NULL,NULL,6,'<a href=\"https://taxes.com.ar/storage/app/public/puppeteer/27-22669467-1/Mis Comprobantes Recibidos - CUIT 27226694671.xlsx\">DESCARGAR</a>',NULL,NULL,'FELLAY SILVIA MABEL Comprobantes Recibidos Mes Pasado','2021-12-02 18:37:55','2022-05-29 22:23:30','2022-05-29 22:23:30'),(5,NULL,NULL,NULL,6,'ERROR',NULL,NULL,'DISTRIBUIDORA MAYORISTA DE ARTICULOS SANITARIOS SAN MARTIN SRL Comprobantes Recibidos Mes Pasado','2021-12-03 09:31:19','2022-05-29 22:23:30','2022-05-29 22:23:30'),(6,NULL,NULL,NULL,6,'<a href=\"https://taxes.com.ar/storage/app/public/puppeteer/27-22669467-1/Mis Comprobantes Emitidos - CUIT 30716254123.xlsx\">DESCARGAR</a>',NULL,NULL,'GAG CONSTRUCCIONES SAS Comprobantes Emitidos Mes Pasado','2021-12-07 13:31:32','2022-05-29 22:23:30','2022-05-29 22:23:30'),(7,NULL,NULL,NULL,6,'<a href=\"https://taxes.com.ar/storage/app/public/puppeteer/27-22669467-1/Mis Comprobantes Emitidos - CUIT 27226694671.xlsx\">DESCARGAR</a>',NULL,NULL,'FELLAY SILVIA MABEL Comprobantes Emitidos Este Mes','2022-01-23 18:50:41','2022-05-29 22:23:30','2022-05-29 22:23:30'),(8,NULL,NULL,NULL,6,'<a href=\"https://taxes.com.ar/storage/app/public/puppeteer/27-22669467-1/Mis Comprobantes Emitidos - CUIT 30716254123.xlsx\">DESCARGAR</a>',NULL,NULL,'GAG CONSTRUCCIONES SAS Comprobantes Emitidos Mes Pasado','2022-02-01 21:55:37','2022-05-29 22:23:30','2022-05-29 22:23:30'),(9,NULL,NULL,NULL,6,'<a href=\"https://taxes.com.ar/storage/app/public/puppeteer/27-22669467-1/Mis Comprobantes Recibidos - CUIT 30716254123.xlsx\">DESCARGAR</a>',NULL,NULL,'GAG CONSTRUCCIONES SAS Comprobantes Recibidos Mes Pasado','2022-02-01 21:58:16','2022-05-29 22:23:30','2022-05-29 22:23:30'),(10,NULL,NULL,NULL,6,'<a href=\"https://taxes.com.ar/storage/app/public/puppeteer/27-22669467-1/Mis Comprobantes Recibidos - CUIT 30716254123.xlsx\">DESCARGAR</a>',NULL,NULL,'GAG CONSTRUCCIONES SAS Comprobantes Recibidos Mes Pasado','2022-02-03 12:58:34','2022-05-29 22:23:30','2022-05-29 22:23:30'),(11,NULL,NULL,NULL,6,'<a href=\"https://taxes.com.ar/storage/puppeteer/27-22669467-1/Mis Comprobantes Emitidos - CUIT 27226694671.xlsx\">DESCARGAR</a>',NULL,NULL,'FELLAY SILVIA MABEL Comprobantes Emitidos Mes Pasado','2022-04-26 09:02:41','2022-05-29 22:23:30','2022-05-29 22:23:30'),(12,NULL,NULL,NULL,6,'<a href=\"https://taxes.com.ar/storage/puppeteer/27-22669467-1/Mis Comprobantes Recibidos - CUIT 20338411155.xlsx\">DESCARGAR</a>',NULL,NULL,'OLMEDO JULIAN NICOLAS Comprobantes Recibidos Mes Pasado','2023-04-18 13:13:09','2023-04-19 23:00:02','2023-04-19 23:00:02'),(13,NULL,NULL,NULL,6,'ERROR',NULL,NULL,'OLMEDO JULIAN NICOLAS Comprobantes Emitidos Mes Pasado','2023-08-08 08:34:57','2023-08-08 08:34:57',NULL),(14,NULL,NULL,NULL,6,'ERROR',NULL,NULL,'RIVELLI DANIEL ALBERTO Comprobantes Emitidos Mes Pasado','2024-01-11 15:09:55','2024-01-11 15:09:58',NULL),(15,NULL,NULL,NULL,6,'ERROR',NULL,NULL,'RIVELLI DANIEL ALBERTO Comprobantes Emitidos Mes Pasado','2024-01-11 15:09:55','2024-01-11 15:09:58',NULL);

--
-- Table structure for table `path_of_file_names`
--

CREATE TABLE `path_of_file_names` (
  `id` int(10) unsigned NOT NULL AUTO_INCREMENT,
  `user_id` int(10) unsigned DEFAULT NULL,
  `descripcion` text COLLATE utf8mb4_unicode_ci NOT NULL,
  `created_at` timestamp NULL DEFAULT NULL,
  `updated_at` timestamp NULL DEFAULT NULL,
  `deleted_at` timestamp NULL DEFAULT NULL,
  PRIMARY KEY (`id`)
) ENGINE=InnoDB AUTO_INCREMENT=19 DEFAULT CHARSET=utf8mb4 COLLATE=utf8mb4_unicode_ci;

--
-- Dumping data for table `path_of_file_names`
--

INSERT INTO `path_of_file_names` VALUES (1,NULL,'Libro IVA Compras - Ventas',NULL,NULL,NULL),(2,NULL,'Libro Diario',NULL,NULL,NULL),(3,NULL,'Mayores',NULL,NULL,NULL),(4,NULL,'Sumas y Saldos',NULL,NULL,NULL),(5,NULL,'Comprobantes Todas las Empresas','2021-06-17 09:49:24','2021-06-17 09:49:24',NULL),(6,NULL,'Bot Mis Comprobantes','2021-07-08 06:45:36','2021-07-08 06:45:36',NULL),(7,NULL,'SICOSS','2022-09-16 11:42:37','2022-09-16 11:42:37',NULL),(13,NULL,'Bot Generar Vep','2022-12-07 07:40:50','2022-12-07 07:40:50',NULL),(14,NULL,'TXT LSD','2023-04-15 13:02:08','2023-04-15 13:02:08',NULL),(15,NULL,'Movimientos Productos','2024-02-18 22:25:30','2024-02-18 22:25:30',NULL),(16,NULL,'Excel SF','2025-03-13 00:13:36','2025-03-13 00:13:36',NULL),(17,NULL,'Conceptos que Se Liquidan','2025-07-11 18:10:03','2025-07-11 18:10:03',NULL),(18,NULL,'Eliminación Masiva de Comprobantes','2025-08-25 09:55:05','2025-08-25 09:55:05',NULL);

--
-- Table structure for table `pay_methods`
--

CREATE TABLE `pay_methods` (
  `id` int(10) unsigned NOT NULL AUTO_INCREMENT,
  `description` varchar(180) COLLATE utf8mb4_unicode_ci NOT NULL,
  `created_at` timestamp NULL DEFAULT NULL,
  `updated_at` timestamp NULL DEFAULT NULL,
  PRIMARY KEY (`id`),
  UNIQUE KEY `pay_methods_description_unique` (`description`)
) ENGINE=InnoDB AUTO_INCREMENT=5 DEFAULT CHARSET=utf8mb4 COLLATE=utf8mb4_unicode_ci;

--
-- Dumping data for table `pay_methods`
--

INSERT INTO `pay_methods` VALUES (1,'INTERBANKING',NULL,NULL),(2,'VEP PAGOMISCUENTAS',NULL,NULL),(3,'VEP REDLINK',NULL,NULL),(4,'FORMULARIO',NULL,NULL);

--
-- Table structure for table `period_liquidation_details`
--

CREATE TABLE `period_liquidation_details` (
  `id` int(10) unsigned NOT NULL AUTO_INCREMENT,
  `user_id` int(10) unsigned DEFAULT NULL,
  `period_liquidation_id` int(10) unsigned NOT NULL,
  `period_id` int(10) unsigned NOT NULL,
  `person_id` int(10) unsigned NOT NULL,
  `zone_id` int(10) unsigned NOT NULL,
  `calculo_iibb` int(10) unsigned NOT NULL DEFAULT '1',
  `actividad_id` int(10) unsigned NOT NULL DEFAULT '1',
  `coef` decimal(16,4) NOT NULL DEFAULT '0.0000',
  `aliquot` decimal(16,4) NOT NULL DEFAULT '0.0000',
  `cm_articulo_regimen_id` int(10) unsigned NOT NULL DEFAULT '1',
  `base_amount` decimal(16,2) NOT NULL DEFAULT '0.00',
  `tax_amount` decimal(16,2) NOT NULL DEFAULT '0.00',
  `previous_period_balance` decimal(16,2) NOT NULL DEFAULT '0.00',
  `sircreb_amount` decimal(16,2) NOT NULL DEFAULT '0.00',
  `perception_amount` decimal(16,2) NOT NULL DEFAULT '0.00',
  `retention_amount` decimal(16,2) NOT NULL DEFAULT '0.00',
  `positive_amount` decimal(16,2) NOT NULL DEFAULT '0.00',
  `negative_amount` decimal(16,2) NOT NULL DEFAULT '0.00',
  `balance` int(11) NOT NULL DEFAULT '0',
  `created_at` timestamp NULL DEFAULT NULL,
  `updated_at` timestamp NULL DEFAULT NULL,
  `deleted_at` timestamp NULL DEFAULT NULL,
  PRIMARY KEY (`id`),
  KEY `period_liquidation_details_period_liquidation_id_foreign` (`period_liquidation_id`),
  KEY `period_liquidation_details_period_id_foreign` (`period_id`),
  KEY `period_liquidation_details_person_id_foreign` (`person_id`),
  KEY `period_liquidation_details_zone_id_foreign` (`zone_id`),
  KEY `period_liquidation_details_actividad_id_foreign` (`actividad_id`),
  KEY `period_liquidation_details_cm_articulo_regimen_id_foreign` (`cm_articulo_regimen_id`),
  CONSTRAINT `period_liquidation_details_actividad_id_foreign` FOREIGN KEY (`actividad_id`) REFERENCES `activities` (`id`),
  CONSTRAINT `period_liquidation_details_cm_articulo_regimen_id_foreign` FOREIGN KEY (`cm_articulo_regimen_id`) REFERENCES `cm_articulos_regimenes` (`id`),
  CONSTRAINT `period_liquidation_details_period_id_foreign` FOREIGN KEY (`period_id`) REFERENCES `periods` (`id`),
  CONSTRAINT `period_liquidation_details_period_liquidation_id_foreign` FOREIGN KEY (`period_liquidation_id`) REFERENCES `period_liquidations` (`id`),
  CONSTRAINT `period_liquidation_details_person_id_foreign` FOREIGN KEY (`person_id`) REFERENCES `persons` (`id`),
  CONSTRAINT `period_liquidation_details_zone_id_foreign` FOREIGN KEY (`zone_id`) REFERENCES `zones` (`id`)
) ENGINE=InnoDB AUTO_INCREMENT=5799 DEFAULT CHARSET=utf8mb4 COLLATE=utf8mb4_unicode_ci;

--
-- Dumping data for table `period_liquidation_details`
--

INSERT INTO `period_liquidation_details` VALUES (212,3786,241,3,40719,22,1,796,0.0000,0.0000,1,0.00,0.00,0.00,0.00,0.00,0.00,0.00,0.00,0,'2021-05-27 14:56:24','2021-05-27 14:56:24',NULL),(213,3786,241,3,40719,23,2,796,1.0000,4.0000,1,50942.00,2037.68,0.00,0.00,0.00,0.00,0.00,0.00,0,'2021-05-27 14:56:24','2021-05-27 14:56:24',NULL),(216,3786,245,5,40719,22,1,796,0.0000,0.0000,1,0.00,0.00,0.00,0.00,0.00,0.00,0.00,0.00,0,'2021-05-27 22:05:02','2021-05-27 22:05:02',NULL),(217,3786,245,5,40719,23,2,796,1.0000,4.0000,1,116884.00,4675.36,0.00,0.00,0.00,0.00,0.00,0.00,0,'2021-05-27 22:05:02','2021-05-27 22:05:02',NULL),(220,3786,248,4,40719,22,1,796,0.0000,0.0000,1,0.00,0.00,0.00,0.00,0.00,0.00,0.00,0.00,0,'2021-05-27 22:25:23','2021-05-27 22:25:23',NULL),(221,3786,248,4,40719,23,2,796,1.0000,4.0000,1,87890.00,3515.60,0.00,0.00,0.00,0.00,0.00,0.00,0,'2021-05-27 22:25:23','2021-05-27 22:25:23',NULL),(224,3786,250,6,40719,22,1,796,0.8000,0.0000,1,56280.00,0.00,0.00,0.00,0.00,0.00,0.00,0.00,0,'2021-05-27 22:39:02','2021-05-27 22:39:02',NULL),(225,3786,250,6,40719,23,2,796,1.0000,4.0000,1,72664.00,2906.56,0.00,0.00,0.00,0.00,0.00,0.00,0,'2021-05-27 22:39:02','2021-05-27 22:39:02',NULL),(292,3786,350,7,40719,22,2,796,1.0000,0.0000,1,0.00,0.00,0.00,0.00,0.00,0.00,0.00,0.00,0,'2021-06-07 20:13:36','2021-06-07 20:13:36',NULL),(293,3786,350,7,40719,23,2,796,1.0000,4.0000,1,161856.50,6474.26,0.00,0.00,0.00,0.00,0.00,0.00,0,'2021-06-07 20:13:36','2021-06-07 20:13:36',NULL),(369,3786,492,3049,40721,23,2,789,1.0000,5.0000,1,835958.20,41797.89,0.00,0.00,0.00,0.00,0.00,0.00,0,'2021-06-12 02:49:24','2021-06-12 02:49:24',NULL),(418,3786,587,4558,40721,23,2,789,1.0000,5.0000,1,551327.12,27566.18,0.00,0.00,0.00,0.00,0.00,0.00,0,'2021-06-14 20:14:10','2021-06-14 20:14:10',NULL),(423,3786,597,4559,40721,23,2,789,1.0000,5.0000,1,552707.12,27635.32,0.00,0.00,0.00,0.00,0.00,0.00,0,'2021-06-14 20:27:54','2021-06-14 20:27:54',NULL),(425,3786,601,3048,40721,23,2,789,1.0000,5.0000,1,626268.12,31313.38,0.00,0.00,0.00,0.00,0.00,0.00,0,'2021-06-14 14:31:59','2021-06-14 14:31:59',NULL),(426,3786,602,4557,40721,23,2,789,1.0000,5.0000,1,548659.02,27432.94,0.00,0.00,0.00,0.00,0.00,0.00,0,'2021-06-14 14:34:49','2021-06-14 14:34:49',NULL),(479,3786,617,4560,40876,22,1,816,0.0650,3.0000,1,0.00,0.00,0.00,0.00,0.00,0.00,0.00,0.00,0,'2021-06-15 17:17:24','2021-06-15 17:17:24',NULL),(480,3786,617,4560,40876,23,1,816,0.8706,3.5000,1,0.00,0.00,0.00,0.00,0.00,0.00,0.00,0.00,0,'2021-06-15 17:17:24','2021-06-15 17:17:24',NULL),(481,3786,617,4560,40876,5,1,816,0.0144,3.5000,1,0.00,0.00,0.00,0.00,0.00,0.00,0.00,0.00,0,'2021-06-15 17:17:24','2021-06-15 17:17:24',NULL),(482,3786,617,4560,40876,18,1,816,0.0500,3.0000,1,0.00,0.00,0.00,0.00,0.00,0.00,0.00,0.00,0,'2021-06-15 17:17:24','2021-06-15 17:17:24',NULL),(483,3786,617,4560,40876,17,2,816,1.0000,0.0000,1,0.00,0.00,0.00,0.00,0.00,0.00,0.00,0.00,0,'2021-06-15 17:17:24','2021-06-15 17:17:24',NULL),(494,3786,620,4561,40876,22,1,816,0.0650,3.0000,1,0.00,0.00,0.00,0.00,0.00,0.00,0.00,0.00,0,'2021-06-15 14:19:11','2021-06-15 14:19:11',NULL),(495,3786,620,4561,40876,23,1,816,0.8706,3.5000,1,0.00,0.00,0.00,0.00,0.00,0.00,0.00,0.00,0,'2021-06-15 14:19:11','2021-06-15 14:19:11',NULL),(496,3786,620,4561,40876,5,1,816,0.0144,3.5000,1,0.00,0.00,0.00,0.00,0.00,0.00,0.00,0.00,0,'2021-06-15 14:19:11','2021-06-15 14:19:11',NULL),(497,3786,620,4561,40876,18,1,816,0.0500,3.0000,1,0.00,0.00,0.00,0.00,0.00,0.00,0.00,0.00,0,'2021-06-15 14:19:11','2021-06-15 14:19:11',NULL),(498,3786,620,4561,40876,17,2,816,1.0000,0.0000,1,0.00,0.00,0.00,0.00,0.00,0.00,0.00,0.00,0,'2021-06-15 14:19:11','2021-06-15 14:19:11',NULL),(504,3786,622,4562,40876,22,1,816,0.0650,3.0000,1,0.00,0.00,0.00,0.00,0.00,0.00,0.00,0.00,0,'2021-06-15 14:20:03','2021-06-15 14:20:03',NULL),(505,3786,622,4562,40876,23,1,816,0.8706,3.5000,1,0.00,0.00,0.00,0.00,0.00,0.00,0.00,0.00,0,'2021-06-15 14:20:03','2021-06-15 14:20:03',NULL);
INSERT INTO `period_liquidation_details` VALUES (506,3786,622,4562,40876,5,1,816,0.0144,3.5000,1,0.00,0.00,0.00,0.00,0.00,0.00,0.00,0.00,0,'2021-06-15 14:20:03','2021-06-15 14:20:03',NULL),(507,3786,622,4562,40876,18,1,816,0.0500,3.0000,1,0.00,0.00,0.00,0.00,0.00,0.00,0.00,0.00,0,'2021-06-15 14:20:03','2021-06-15 14:20:03',NULL),(508,3786,622,4562,40876,17,2,816,1.0000,0.0000,1,0.00,0.00,0.00,0.00,0.00,0.00,0.00,0.00,0,'2021-06-15 14:20:03','2021-06-15 14:20:03',NULL),(509,3786,623,4563,40876,22,1,816,0.0650,3.0000,1,4499.00,8.77,0.00,0.00,0.00,0.00,0.00,0.00,0,'2021-06-15 14:20:27','2021-06-15 14:20:27',NULL),(510,3786,623,4563,40876,23,1,816,0.8706,3.5000,1,4499.00,137.09,0.00,0.00,0.00,0.00,0.00,0.00,0,'2021-06-15 14:20:27','2021-06-15 14:20:27',NULL),(511,3786,623,4563,40876,5,1,816,0.0144,3.5000,1,4499.00,2.27,0.00,0.00,0.00,0.00,0.00,0.00,0,'2021-06-15 14:20:27','2021-06-15 14:20:27',NULL),(512,3786,623,4563,40876,18,1,816,0.0500,3.0000,1,4499.00,6.75,0.00,0.00,0.00,0.00,0.00,0.00,0,'2021-06-15 14:20:27','2021-06-15 14:20:27',NULL),(513,3786,623,4563,40876,17,2,816,1.0000,0.0000,1,0.00,0.00,0.00,0.00,0.00,0.00,0.00,0.00,0,'2021-06-15 14:20:27','2021-06-15 14:20:27',NULL),(554,3786,632,4564,40876,22,1,816,0.0650,3.0000,1,114400.00,223.08,0.00,0.00,0.00,0.00,0.00,0.00,0,'2021-06-15 15:02:17','2021-06-15 15:02:17',NULL),(555,3786,632,4564,40876,23,1,816,0.8706,3.5000,1,114400.00,3485.88,0.00,0.00,0.00,0.00,0.00,0.00,0,'2021-06-15 15:02:17','2021-06-15 15:02:17',NULL),(556,3786,632,4564,40876,5,1,816,0.0144,3.5000,1,114400.00,57.66,0.00,0.00,0.00,0.00,0.00,0.00,0,'2021-06-15 15:02:17','2021-06-15 15:02:17',NULL),(557,3786,632,4564,40876,18,1,816,0.0500,3.0000,1,114400.00,171.60,0.00,0.00,0.00,0.00,0.00,0.00,0,'2021-06-15 15:02:17','2021-06-15 15:02:17',NULL),(558,3786,632,4564,40876,17,2,816,1.0000,3.0000,1,5200.00,156.00,0.00,0.00,0.00,0.00,0.00,0.00,0,'2021-06-15 15:02:17','2021-06-15 15:02:17',NULL),(633,3786,745,8,40719,22,2,796,1.0000,0.0000,1,0.00,0.00,0.00,0.00,0.00,0.00,0.00,0.00,0,'2021-07-09 23:44:11','2021-07-09 23:44:11',NULL),(634,3786,745,8,40719,23,2,796,1.0000,4.0000,1,71962.50,2878.50,0.00,0.00,0.00,0.00,0.00,0.00,0,'2021-07-09 23:44:11','2021-07-09 23:44:11',NULL),(641,3786,758,3050,40721,23,2,789,1.0000,5.0000,1,490958.20,24547.91,0.00,0.00,0.00,0.00,0.00,0.00,0,'2021-07-13 16:14:15','2021-07-13 16:14:15',NULL),(659,3786,764,4565,40876,22,1,816,0.0650,3.0000,1,7500.00,14.63,0.00,0.00,0.00,0.00,0.00,0.00,0,'2021-07-14 00:10:06','2021-07-14 00:10:06',NULL),(660,3786,764,4565,40876,23,1,816,0.8706,3.5000,1,7500.00,228.53,0.00,0.00,0.00,0.00,0.00,0.00,0,'2021-07-14 00:10:06','2021-07-14 00:10:06',NULL),(661,3786,764,4565,40876,5,1,816,0.0144,3.5000,1,7500.00,3.78,0.00,0.00,0.00,0.00,0.00,0.00,0,'2021-07-14 00:10:06','2021-07-14 00:10:06',NULL),(662,3786,764,4565,40876,18,1,816,0.0500,3.0000,1,7500.00,11.25,0.00,0.00,0.00,0.00,0.00,0.00,0,'2021-07-14 00:10:06','2021-07-14 00:10:06',NULL),(663,3786,764,4565,40876,17,2,816,1.0000,3.0000,1,0.00,0.00,0.00,0.00,0.00,0.00,0.00,0.00,0,'2021-07-14 00:10:06','2021-07-14 00:10:06',NULL),(714,3786,848,9,40719,22,2,796,1.0000,0.0000,1,0.00,0.00,0.00,0.00,0.00,0.00,0.00,0.00,0,'2021-08-02 18:20:48','2021-08-02 18:20:48',NULL),(715,3786,848,9,40719,23,2,796,1.0000,4.0000,1,76056.00,3042.24,0.00,0.00,0.00,0.00,0.00,0.00,0,'2021-08-02 18:20:48','2021-08-02 18:20:48',NULL),(788,3786,910,4566,40876,22,1,816,0.0650,3.0000,1,15000.00,29.25,0.00,0.00,0.00,0.00,0.00,0.00,0,'2021-08-09 17:48:53','2021-08-09 17:48:53',NULL),(789,3786,910,4566,40876,23,1,816,0.8706,3.5000,1,15000.00,457.07,0.00,0.00,0.00,0.00,0.00,0.00,0,'2021-08-09 17:48:53','2021-08-09 17:48:53',NULL),(790,3786,910,4566,40876,5,1,816,0.0144,3.5000,1,15000.00,7.56,0.00,0.00,0.00,0.00,0.00,0.00,0,'2021-08-09 17:48:53','2021-08-09 17:48:53',NULL),(791,3786,910,4566,40876,18,1,816,0.0500,3.0000,1,15000.00,22.50,0.00,0.00,0.00,0.00,0.00,0.00,0,'2021-08-09 17:48:53','2021-08-09 17:48:53',NULL);
INSERT INTO `period_liquidation_details` VALUES (792,3786,910,4566,40876,17,2,816,1.0000,3.0000,1,0.00,0.00,0.00,0.00,0.00,0.00,0.00,0.00,0,'2021-08-09 17:48:53','2021-08-09 17:48:53',NULL),(811,3786,935,3051,40721,23,2,789,1.0000,5.0000,1,688690.50,34434.53,0.00,0.00,0.00,0.00,0.00,0.00,0,'2021-08-12 16:24:59','2021-08-12 16:24:59',NULL),(998,3786,1132,10,40719,22,2,796,1.0000,0.0000,1,0.00,0.00,0.00,0.00,0.00,0.00,0.00,0.00,0,'2021-09-14 13:46:27','2021-09-14 13:46:27',NULL),(999,3786,1132,10,40719,23,2,796,1.0000,4.0000,1,81056.00,3242.24,0.00,0.00,0.00,0.00,0.00,0.00,0,'2021-09-14 13:46:27','2021-09-14 13:46:27',NULL),(1083,3786,1159,4567,40876,22,1,816,0.0650,3.0000,1,191796.00,374.00,0.00,0.00,0.00,0.00,0.00,0.00,0,'2021-09-16 16:01:50','2021-09-16 16:01:50',NULL),(1084,3786,1159,4567,40876,23,1,816,0.8706,3.5000,1,191796.00,5844.22,0.00,0.00,0.00,0.00,0.00,0.00,0,'2021-09-16 16:01:50','2021-09-16 16:01:50',NULL),(1085,3786,1159,4567,40876,5,1,816,0.0144,3.5000,1,191796.00,96.67,0.00,0.00,0.00,0.00,0.00,0.00,0,'2021-09-16 16:01:50','2021-09-16 16:01:50',NULL),(1086,3786,1159,4567,40876,18,1,816,0.0500,3.0000,1,191796.00,287.69,0.00,0.00,0.00,0.00,0.00,0.00,0,'2021-09-16 16:01:50','2021-09-16 16:01:50',NULL),(1087,3786,1159,4567,40876,17,2,816,1.0000,3.0000,10,0.00,0.00,0.00,0.00,0.00,0.00,0.00,0.00,0,'2021-09-16 16:01:50','2021-09-16 16:01:50',NULL),(1088,3786,1159,4567,40876,12,2,816,1.0000,5.0000,10,6400.00,320.00,0.00,0.00,0.00,0.00,0.00,0.00,0,'2021-09-16 16:01:50','2021-09-16 16:01:50',NULL),(1154,3786,1236,3052,40721,23,2,789,1.0000,5.0000,1,1062637.23,53131.86,0.00,0.00,0.00,0.00,0.00,0.00,0,'2021-09-22 17:42:09','2021-09-22 17:42:09',NULL),(1204,3786,1316,11,40719,22,2,796,1.0000,0.0000,1,0.00,0.00,0.00,0.00,0.00,0.00,0.00,0.00,0,'2021-10-04 17:57:49','2021-10-04 17:57:49',NULL),(1205,3786,1316,11,40719,23,2,796,1.0000,4.0000,1,107165.00,4286.60,0.00,0.00,0.00,0.00,0.00,0.00,0,'2021-10-04 17:57:49','2021-10-04 17:57:49',NULL),(1373,3786,1398,6072,40903,22,2,400,1.0000,2.2000,1,4714586.20,103720.90,0.00,0.00,0.00,0.00,0.00,0.00,0,'2021-10-10 21:08:22','2021-10-10 21:08:22',NULL),(1374,3786,1398,6072,40903,23,2,400,1.0000,2.5000,1,0.00,0.00,0.00,0.00,0.00,0.00,0.00,0.00,0,'2021-10-10 21:08:22','2021-10-10 21:08:22',NULL),(1378,3786,1405,6073,40903,22,2,400,1.0000,2.2000,1,4942926.90,108744.39,0.00,0.00,0.00,0.00,0.00,0.00,0,'2021-10-12 18:47:51','2021-10-12 18:47:51',NULL),(1379,3786,1405,6073,40903,23,2,400,1.0000,2.5000,1,0.00,0.00,0.00,0.00,0.00,0.00,0.00,0.00,0,'2021-10-12 18:47:51','2021-10-12 18:47:51',NULL),(1385,3786,1416,3053,40721,23,2,789,1.0000,5.0000,1,520842.23,26042.11,0.00,0.00,0.00,0.00,0.00,0.00,0,'2021-10-14 10:21:32','2021-10-14 10:21:32',NULL),(1434,3786,1432,4568,40876,22,1,816,0.0650,3.0000,1,84000.00,163.80,0.00,0.00,0.00,0.00,0.00,0.00,0,'2021-10-15 11:39:04','2021-10-15 11:39:04',NULL),(1435,3786,1432,4568,40876,22,1,622,0.0650,0.0000,1,0.00,0.00,0.00,0.00,0.00,0.00,0.00,0.00,0,'2021-10-15 11:39:04','2021-10-15 11:39:04',NULL),(1436,3786,1432,4568,40876,23,1,816,0.8706,3.5000,1,84000.00,2559.56,0.00,0.00,0.00,0.00,0.00,0.00,0,'2021-10-15 11:39:04','2021-10-15 11:39:04',NULL),(1437,3786,1432,4568,40876,23,1,622,0.8706,0.0000,1,0.00,0.00,0.00,0.00,0.00,0.00,0.00,0.00,0,'2021-10-15 11:39:04','2021-10-15 11:39:04',NULL),(1438,3786,1432,4568,40876,5,1,816,0.0144,3.5000,1,84000.00,42.34,0.00,0.00,0.00,0.00,0.00,0.00,0,'2021-10-15 11:39:04','2021-10-15 11:39:04',NULL),(1439,3786,1432,4568,40876,5,1,622,0.0144,0.0000,1,0.00,0.00,0.00,0.00,0.00,0.00,0.00,0.00,0,'2021-10-15 11:39:04','2021-10-15 11:39:04',NULL),(1440,3786,1432,4568,40876,18,1,816,0.0500,3.0000,1,84000.00,126.00,0.00,0.00,0.00,0.00,0.00,0.00,0,'2021-10-15 11:39:04','2021-10-15 11:39:04',NULL),(1441,3786,1432,4568,40876,18,1,622,0.0500,0.0000,1,0.00,0.00,0.00,0.00,0.00,0.00,0.00,0.00,0,'2021-10-15 11:39:04','2021-10-15 11:39:04',NULL),(1442,3786,1432,4568,40876,17,2,816,1.0000,3.0000,10,0.00,0.00,0.00,0.00,0.00,0.00,0.00,0.00,0,'2021-10-15 11:39:04','2021-10-15 11:39:04',NULL);
INSERT INTO `period_liquidation_details` VALUES (1443,3786,1432,4568,40876,17,1,622,0.0000,0.0000,1,0.00,0.00,0.00,0.00,0.00,0.00,0.00,0.00,0,'2021-10-15 11:39:04','2021-10-15 11:39:04',NULL),(1444,3786,1432,4568,40876,12,2,816,1.0000,5.0000,10,0.00,0.00,0.00,0.00,0.00,0.00,0.00,0.00,0,'2021-10-15 11:39:04','2021-10-15 11:39:04',NULL),(1445,3786,1432,4568,40876,12,1,622,0.0000,0.0000,1,0.00,0.00,0.00,0.00,0.00,0.00,0.00,0.00,0,'2021-10-15 11:39:04','2021-10-15 11:39:04',NULL),(1446,3786,1432,4568,40876,1,2,816,1.0000,4.7500,10,28000.00,1330.00,0.00,0.00,0.00,0.00,0.00,0.00,0,'2021-10-15 11:39:04','2021-10-15 11:39:04',NULL),(1447,3786,1432,4568,40876,1,1,622,0.0000,0.0000,1,0.00,0.00,0.00,0.00,0.00,0.00,0.00,0.00,0,'2021-10-15 11:39:04','2021-10-15 11:39:04',NULL),(1739,3786,1632,4569,40876,22,1,816,0.0650,3.0000,1,0.00,0.00,0.00,0.00,0.00,0.00,0.00,0.00,0,'2021-11-12 13:42:33','2021-11-12 13:42:33',NULL),(1740,3786,1632,4569,40876,22,1,622,0.0650,0.0000,1,0.00,0.00,0.00,0.00,0.00,0.00,0.00,0.00,0,'2021-11-12 13:42:33','2021-11-12 13:42:33',NULL),(1741,3786,1632,4569,40876,23,1,816,0.8706,3.5000,1,0.00,0.00,0.00,0.00,0.00,0.00,0.00,0.00,0,'2021-11-12 13:42:33','2021-11-12 13:42:33',NULL),(1742,3786,1632,4569,40876,23,1,622,0.8706,0.0000,1,0.00,0.00,0.00,0.00,0.00,0.00,0.00,0.00,0,'2021-11-12 13:42:33','2021-11-12 13:42:33',NULL),(1743,3786,1632,4569,40876,5,1,816,0.0144,3.5000,1,0.00,0.00,0.00,0.00,0.00,0.00,0.00,0.00,0,'2021-11-12 13:42:33','2021-11-12 13:42:33',NULL),(1744,3786,1632,4569,40876,5,1,622,0.0144,0.0000,1,0.00,0.00,0.00,0.00,0.00,0.00,0.00,0.00,0,'2021-11-12 13:42:33','2021-11-12 13:42:33',NULL),(1745,3786,1632,4569,40876,18,1,816,0.0500,3.0000,1,0.00,0.00,0.00,0.00,0.00,0.00,0.00,0.00,0,'2021-11-12 13:42:33','2021-11-12 13:42:33',NULL),(1746,3786,1632,4569,40876,18,1,622,0.0500,0.0000,1,0.00,0.00,0.00,0.00,0.00,0.00,0.00,0.00,0,'2021-11-12 13:42:33','2021-11-12 13:42:33',NULL),(1747,3786,1632,4569,40876,17,2,816,1.0000,3.0000,10,0.00,0.00,0.00,0.00,0.00,0.00,0.00,0.00,0,'2021-11-12 13:42:33','2021-11-12 13:42:33',NULL),(1748,3786,1632,4569,40876,17,1,622,0.0000,0.0000,1,0.00,0.00,0.00,0.00,0.00,0.00,0.00,0.00,0,'2021-11-12 13:42:33','2021-11-12 13:42:33',NULL),(1749,3786,1632,4569,40876,12,2,816,1.0000,5.0000,10,0.00,0.00,0.00,0.00,0.00,0.00,0.00,0.00,0,'2021-11-12 13:42:33','2021-11-12 13:42:33',NULL),(1750,3786,1632,4569,40876,12,1,622,0.0000,0.0000,1,0.00,0.00,0.00,0.00,0.00,0.00,0.00,0.00,0,'2021-11-12 13:42:33','2021-11-12 13:42:33',NULL),(1751,3786,1632,4569,40876,1,2,816,1.0000,4.7500,10,0.00,0.00,0.00,0.00,0.00,0.00,0.00,0.00,0,'2021-11-12 13:42:33','2021-11-12 13:42:33',NULL),(1752,3786,1632,4569,40876,1,1,622,0.0000,0.0000,1,0.00,0.00,0.00,0.00,0.00,0.00,0.00,0.00,0,'2021-11-12 13:42:33','2021-11-12 13:42:33',NULL),(1759,3786,1640,12,40719,22,2,796,1.0000,0.0000,1,0.00,0.00,0.00,0.00,0.00,0.00,0.00,0.00,0,'2021-11-15 13:40:10','2021-11-15 13:40:10',NULL),(1760,3786,1640,12,40719,23,2,796,1.0000,4.0000,1,95848.00,3833.92,0.00,0.00,0.00,0.00,0.00,0.00,0,'2021-11-15 13:40:10','2021-11-15 13:40:10',NULL),(1762,3786,1645,3054,40721,23,2,789,1.0000,5.0000,1,529284.23,26464.21,0.00,0.00,0.00,0.00,0.00,0.00,0,'2021-11-16 14:03:05','2021-11-16 14:03:05',NULL),(1773,3786,1669,6074,40903,22,2,400,1.0000,2.2000,1,11899967.60,261799.29,0.00,0.00,0.00,0.00,0.00,0.00,0,'2021-11-16 17:38:30','2021-11-16 17:38:30',NULL),(1774,3786,1669,6074,40903,23,2,400,1.0000,2.5000,1,0.00,0.00,0.00,0.00,0.00,0.00,0.00,0.00,0,'2021-11-16 17:38:30','2021-11-16 17:38:30',NULL),(1871,3786,1827,13,40719,22,2,796,1.0000,0.0000,1,0.00,0.00,0.00,0.00,0.00,0.00,0.00,0.00,0,'2021-12-02 21:55:18','2021-12-02 21:55:18',NULL),(1872,3786,1827,13,40719,23,2,796,1.0000,4.0000,1,104548.00,4181.92,0.00,0.00,0.00,0.00,0.00,0.00,0,'2021-12-02 21:55:18','2021-12-02 21:55:18',NULL),(2044,3786,1913,3055,40721,23,2,789,1.0000,5.0000,1,566041.88,28302.09,0.00,0.00,0.00,0.00,0.00,0.00,0,'2021-12-15 12:11:55','2021-12-15 12:11:55',NULL);
INSERT INTO `period_liquidation_details` VALUES (2061,3786,1919,4570,40876,22,1,816,0.0650,3.0000,1,7500.00,14.63,0.00,0.00,0.00,0.00,0.00,0.00,0,'2021-12-15 16:29:40','2021-12-15 16:29:40',NULL),(2062,3786,1919,4570,40876,22,1,622,0.0650,0.0000,1,0.00,0.00,0.00,0.00,0.00,0.00,0.00,0.00,0,'2021-12-15 16:29:40','2021-12-15 16:29:40',NULL),(2063,3786,1919,4570,40876,23,1,816,0.8706,3.5000,1,7500.00,228.53,0.00,0.00,0.00,0.00,0.00,0.00,0,'2021-12-15 16:29:40','2021-12-15 16:29:40',NULL),(2064,3786,1919,4570,40876,23,1,622,0.8706,0.0000,1,0.00,0.00,0.00,0.00,0.00,0.00,0.00,0.00,0,'2021-12-15 16:29:40','2021-12-15 16:29:40',NULL),(2065,3786,1919,4570,40876,5,1,816,0.0144,3.5000,1,7500.00,3.78,0.00,0.00,0.00,0.00,0.00,0.00,0,'2021-12-15 16:29:40','2021-12-15 16:29:40',NULL),(2066,3786,1919,4570,40876,5,1,622,0.0144,0.0000,1,0.00,0.00,0.00,0.00,0.00,0.00,0.00,0.00,0,'2021-12-15 16:29:40','2021-12-15 16:29:40',NULL),(2067,3786,1919,4570,40876,18,1,816,0.0500,3.0000,1,7500.00,11.25,0.00,0.00,0.00,0.00,0.00,0.00,0,'2021-12-15 16:29:40','2021-12-15 16:29:40',NULL),(2068,3786,1919,4570,40876,18,1,622,0.0500,0.0000,1,0.00,0.00,0.00,0.00,0.00,0.00,0.00,0.00,0,'2021-12-15 16:29:40','2021-12-15 16:29:40',NULL),(2069,3786,1919,4570,40876,17,2,816,1.0000,3.0000,10,0.00,0.00,0.00,0.00,0.00,0.00,0.00,0.00,0,'2021-12-15 16:29:40','2021-12-15 16:29:40',NULL),(2070,3786,1919,4570,40876,17,1,622,0.0000,0.0000,1,0.00,0.00,0.00,0.00,0.00,0.00,0.00,0.00,0,'2021-12-15 16:29:40','2021-12-15 16:29:40',NULL),(2071,3786,1919,4570,40876,12,2,816,1.0000,5.0000,10,0.00,0.00,0.00,0.00,0.00,0.00,0.00,0.00,0,'2021-12-15 16:29:40','2021-12-15 16:29:40',NULL),(2072,3786,1919,4570,40876,12,1,622,0.0000,0.0000,1,0.00,0.00,0.00,0.00,0.00,0.00,0.00,0.00,0,'2021-12-15 16:29:40','2021-12-15 16:29:40',NULL),(2073,3786,1919,4570,40876,1,2,816,1.0000,4.7500,10,0.00,0.00,0.00,0.00,0.00,0.00,0.00,0.00,0,'2021-12-15 16:29:40','2021-12-15 16:29:40',NULL),(2074,3786,1919,4570,40876,1,1,622,0.0000,0.0000,1,0.00,0.00,0.00,0.00,0.00,0.00,0.00,0.00,0,'2021-12-15 16:29:40','2021-12-15 16:29:40',NULL),(2091,3786,1937,6075,40903,22,2,400,1.0000,2.2000,1,6384319.40,140455.03,0.00,0.00,0.00,0.00,0.00,0.00,0,'2021-12-15 23:43:27','2021-12-15 23:43:27',NULL),(2092,3786,1937,6075,40903,23,2,400,1.0000,2.5000,1,0.00,0.00,0.00,0.00,0.00,0.00,0.00,0.00,0,'2021-12-15 23:43:27','2021-12-15 23:43:27',NULL),(2105,3786,1952,4571,40876,22,1,816,0.0650,3.0000,1,40000.00,78.00,0.00,0.00,0.00,0.00,0.00,0.00,0,'2021-12-23 18:43:53','2021-12-23 18:43:53',NULL),(2106,3786,1952,4571,40876,22,1,622,0.0650,0.0000,1,0.00,0.00,0.00,0.00,0.00,0.00,0.00,0.00,0,'2021-12-23 18:43:53','2021-12-23 18:43:53',NULL),(2107,3786,1952,4571,40876,23,1,816,0.8706,3.5000,1,40000.00,1218.84,0.00,0.00,0.00,0.00,0.00,0.00,0,'2021-12-23 18:43:53','2021-12-23 18:43:53',NULL),(2108,3786,1952,4571,40876,23,1,622,0.8706,0.0000,1,0.00,0.00,0.00,0.00,0.00,0.00,0.00,0.00,0,'2021-12-23 18:43:53','2021-12-23 18:43:53',NULL),(2109,3786,1952,4571,40876,5,1,816,0.0144,3.5000,1,40000.00,20.16,0.00,0.00,0.00,0.00,0.00,0.00,0,'2021-12-23 18:43:53','2021-12-23 18:43:53',NULL),(2110,3786,1952,4571,40876,5,1,622,0.0144,0.0000,1,0.00,0.00,0.00,0.00,0.00,0.00,0.00,0.00,0,'2021-12-23 18:43:53','2021-12-23 18:43:53',NULL),(2111,3786,1952,4571,40876,18,1,816,0.0500,3.0000,1,40000.00,60.00,0.00,0.00,0.00,0.00,0.00,0.00,0,'2021-12-23 18:43:53','2021-12-23 18:43:53',NULL),(2112,3786,1952,4571,40876,18,1,622,0.0500,0.0000,1,0.00,0.00,0.00,0.00,0.00,0.00,0.00,0.00,0,'2021-12-23 18:43:53','2021-12-23 18:43:53',NULL),(2113,3786,1952,4571,40876,17,2,816,1.0000,3.0000,10,0.00,0.00,0.00,0.00,0.00,0.00,0.00,0.00,0,'2021-12-23 18:43:53','2021-12-23 18:43:53',NULL),(2114,3786,1952,4571,40876,17,1,622,0.0000,0.0000,1,0.00,0.00,0.00,0.00,0.00,0.00,0.00,0.00,0,'2021-12-23 18:43:53','2021-12-23 18:43:53',NULL),(2115,3786,1952,4571,40876,12,2,816,1.0000,5.0000,10,0.00,0.00,0.00,0.00,0.00,0.00,0.00,0.00,0,'2021-12-23 18:43:53','2021-12-23 18:43:53',NULL);
INSERT INTO `period_liquidation_details` VALUES (2116,3786,1952,4571,40876,12,1,622,0.0000,0.0000,1,0.00,0.00,0.00,0.00,0.00,0.00,0.00,0.00,0,'2021-12-23 18:43:53','2021-12-23 18:43:53',NULL),(2117,3786,1952,4571,40876,1,2,816,1.0000,4.7500,10,0.00,0.00,0.00,0.00,0.00,0.00,0.00,0.00,0,'2021-12-23 18:43:53','2021-12-23 18:43:53',NULL),(2118,3786,1952,4571,40876,1,1,622,0.0000,0.0000,1,0.00,0.00,0.00,0.00,0.00,0.00,0.00,0.00,0,'2021-12-23 18:43:53','2021-12-23 18:43:53',NULL),(2236,3786,2116,3056,40721,23,2,789,1.0000,5.0000,1,1090724.32,54536.22,0.00,0.00,0.00,0.00,0.00,0.00,0,'2022-01-06 12:08:20','2022-01-06 12:08:20',NULL),(2255,3786,2139,14,40719,22,2,796,1.0000,0.0000,1,0.00,0.00,0.00,0.00,0.00,0.00,0.00,0.00,0,'2022-01-18 00:45:29','2022-01-18 00:45:29',NULL),(2256,3786,2139,14,40719,23,2,796,1.0000,4.0000,1,104548.00,4181.92,0.00,0.00,0.00,0.00,0.00,0.00,0,'2022-01-18 00:45:29','2022-01-18 00:45:29',NULL),(2516,3786,2331,8952,40903,22,2,400,1.0000,2.2000,1,7709944.15,169618.77,0.00,0.00,0.00,0.00,0.00,0.00,0,'2022-02-17 07:17:26','2022-02-17 07:17:26',NULL),(2517,3786,2331,8952,40903,23,2,400,1.0000,2.5000,1,0.00,0.00,0.00,0.00,0.00,0.00,0.00,0.00,0,'2022-02-17 07:17:26','2022-02-17 07:17:26',NULL),(2522,3786,2340,6076,40903,22,2,400,1.0000,2.2000,1,11244968.36,247389.30,0.00,0.00,0.00,0.00,0.00,0.00,0,'2022-02-17 02:24:46','2022-02-17 02:24:46',NULL),(2523,3786,2340,6076,40903,23,2,400,1.0000,2.5000,1,0.00,0.00,0.00,0.00,0.00,0.00,0.00,0.00,0,'2022-02-17 02:24:46','2022-02-17 02:24:46',NULL),(2528,3786,2352,8499,40721,23,2,789,1.0000,5.0000,1,791760.11,39588.01,0.00,0.00,0.00,0.00,0.00,0.00,0,'2022-02-17 02:47:58','2022-02-17 02:47:58',NULL),(2634,3786,2449,4576,40876,22,1,816,0.0650,3.0000,1,321500.00,626.93,0.00,0.00,0.00,0.00,0.00,0.00,0,'2022-03-16 03:07:56','2022-03-16 03:07:56',NULL),(2635,3786,2449,4576,40876,22,1,622,0.0650,0.0000,1,0.00,0.00,0.00,0.00,0.00,0.00,0.00,0.00,0,'2022-03-16 03:07:56','2022-03-16 03:07:56',NULL),(2636,3786,2449,4576,40876,23,1,816,0.8706,3.5000,1,321500.00,9796.43,0.00,0.00,0.00,0.00,0.00,0.00,0,'2022-03-16 03:07:56','2022-03-16 03:07:56',NULL),(2637,3786,2449,4576,40876,23,1,622,0.8706,0.0000,1,0.00,0.00,0.00,0.00,0.00,0.00,0.00,0.00,0,'2022-03-16 03:07:56','2022-03-16 03:07:56',NULL),(2638,3786,2449,4576,40876,5,1,816,0.0144,3.5000,1,321500.00,162.04,0.00,0.00,0.00,0.00,0.00,0.00,0,'2022-03-16 03:07:56','2022-03-16 03:07:56',NULL),(2639,3786,2449,4576,40876,5,1,622,0.0144,0.0000,1,0.00,0.00,0.00,0.00,0.00,0.00,0.00,0.00,0,'2022-03-16 03:07:56','2022-03-16 03:07:56',NULL),(2640,3786,2449,4576,40876,18,1,816,0.0500,3.0000,1,321500.00,482.25,0.00,0.00,0.00,0.00,0.00,0.00,0,'2022-03-16 03:07:56','2022-03-16 03:07:56',NULL),(2641,3786,2449,4576,40876,18,1,622,0.0500,0.0000,1,0.00,0.00,0.00,0.00,0.00,0.00,0.00,0.00,0,'2022-03-16 03:07:56','2022-03-16 03:07:56',NULL),(2642,3786,2449,4576,40876,17,2,816,1.0000,3.0000,10,0.00,0.00,0.00,0.00,0.00,0.00,0.00,0.00,0,'2022-03-16 03:07:56','2022-03-16 03:07:56',NULL),(2643,3786,2449,4576,40876,17,1,622,0.0000,0.0000,1,0.00,0.00,0.00,0.00,0.00,0.00,0.00,0.00,0,'2022-03-16 03:07:56','2022-03-16 03:07:56',NULL),(2644,3786,2449,4576,40876,12,2,816,1.0000,5.0000,10,0.00,0.00,0.00,0.00,0.00,0.00,0.00,0.00,0,'2022-03-16 03:07:56','2022-03-16 03:07:56',NULL),(2645,3786,2449,4576,40876,12,1,622,0.0000,0.0000,1,0.00,0.00,0.00,0.00,0.00,0.00,0.00,0.00,0,'2022-03-16 03:07:56','2022-03-16 03:07:56',NULL),(2646,3786,2449,4576,40876,1,2,816,1.0000,4.7500,10,0.00,0.00,0.00,0.00,0.00,0.00,0.00,0.00,0,'2022-03-16 03:07:56','2022-03-16 03:07:56',NULL),(2647,3786,2449,4576,40876,1,1,622,0.0000,0.0000,1,0.00,0.00,0.00,0.00,0.00,0.00,0.00,0.00,0,'2022-03-16 03:07:56','2022-03-16 03:07:56',NULL),(2769,3786,2605,8500,40721,23,2,789,1.0000,5.0000,1,932031.76,46601.59,0.00,0.00,0.00,0.00,0.00,0.00,0,'2022-04-08 16:07:11','2022-04-08 16:07:11',NULL),(2785,3786,2609,4577,40876,22,1,816,0.0650,3.0000,1,0.00,0.00,0.00,0.00,0.00,0.00,0.00,0.00,0,'2022-04-11 15:48:57','2022-04-11 15:48:57',NULL);
INSERT INTO `period_liquidation_details` VALUES (2786,3786,2609,4577,40876,22,1,622,0.0650,0.0000,1,0.00,0.00,0.00,0.00,0.00,0.00,0.00,0.00,0,'2022-04-11 15:48:57','2022-04-11 15:48:57',NULL),(2787,3786,2609,4577,40876,23,1,816,0.8706,3.5000,1,0.00,0.00,0.00,0.00,0.00,0.00,0.00,0.00,0,'2022-04-11 15:48:57','2022-04-11 15:48:57',NULL),(2788,3786,2609,4577,40876,23,1,622,0.8706,0.0000,1,0.00,0.00,0.00,0.00,0.00,0.00,0.00,0.00,0,'2022-04-11 15:48:57','2022-04-11 15:48:57',NULL),(2789,3786,2609,4577,40876,5,1,816,0.0144,3.5000,1,0.00,0.00,0.00,0.00,0.00,0.00,0.00,0.00,0,'2022-04-11 15:48:57','2022-04-11 15:48:57',NULL),(2790,3786,2609,4577,40876,5,1,622,0.0144,0.0000,1,0.00,0.00,0.00,0.00,0.00,0.00,0.00,0.00,0,'2022-04-11 15:48:57','2022-04-11 15:48:57',NULL),(2791,3786,2609,4577,40876,18,1,816,0.0500,3.0000,1,0.00,0.00,0.00,0.00,0.00,0.00,0.00,0.00,0,'2022-04-11 15:48:57','2022-04-11 15:48:57',NULL),(2792,3786,2609,4577,40876,18,1,622,0.0500,0.0000,1,0.00,0.00,0.00,0.00,0.00,0.00,0.00,0.00,0,'2022-04-11 15:48:57','2022-04-11 15:48:57',NULL),(2793,3786,2609,4577,40876,17,2,816,1.0000,3.0000,10,0.00,0.00,0.00,0.00,0.00,0.00,0.00,0.00,0,'2022-04-11 15:48:57','2022-04-11 15:48:57',NULL),(2794,3786,2609,4577,40876,17,1,622,0.0000,0.0000,1,0.00,0.00,0.00,0.00,0.00,0.00,0.00,0.00,0,'2022-04-11 15:48:57','2022-04-11 15:48:57',NULL),(2795,3786,2609,4577,40876,12,2,816,1.0000,5.0000,10,0.00,0.00,0.00,0.00,0.00,0.00,0.00,0.00,0,'2022-04-11 15:48:57','2022-04-11 15:48:57',NULL),(2796,3786,2609,4577,40876,12,1,622,0.0000,0.0000,1,0.00,0.00,0.00,0.00,0.00,0.00,0.00,0.00,0,'2022-04-11 15:48:57','2022-04-11 15:48:57',NULL),(2797,3786,2609,4577,40876,1,2,816,1.0000,4.7500,10,0.00,0.00,0.00,0.00,0.00,0.00,0.00,0.00,0,'2022-04-11 15:48:57','2022-04-11 15:48:57',NULL),(2798,3786,2609,4577,40876,1,1,622,0.0000,0.0000,1,0.00,0.00,0.00,0.00,0.00,0.00,0.00,0.00,0,'2022-04-11 15:48:57','2022-04-11 15:48:57',NULL),(2821,3786,2641,8954,40903,22,2,400,1.0000,2.2000,1,1556887.97,34251.54,0.00,0.00,0.00,0.00,0.00,0.00,0,'2022-04-11 22:47:43','2022-04-11 22:47:43',NULL),(2822,3786,2641,8954,40903,23,2,400,1.0000,2.5000,1,7892414.70,197310.37,0.00,0.00,0.00,0.00,0.00,0.00,0,'2022-04-11 22:47:43','2022-04-11 22:47:43',NULL),(2833,3786,2653,8953,40903,22,2,400,1.0000,2.2000,1,5657634.70,124467.96,0.00,0.00,0.00,0.00,0.00,0.00,0,'2022-04-11 22:57:50','2022-04-11 22:57:50',NULL),(2834,3786,2653,8953,40903,23,2,400,1.0000,2.5000,1,2769486.50,69237.16,0.00,0.00,0.00,0.00,0.00,0.00,0,'2022-04-11 22:57:50','2022-04-11 22:57:50',NULL),(2843,3786,2670,8501,40721,23,2,789,1.0000,5.0000,1,927695.43,46384.77,0.00,0.00,0.00,0.00,0.00,0.00,0,'2022-04-12 20:12:50','2022-04-12 20:12:50',NULL),(2865,3786,2713,4578,40876,22,1,816,0.2951,3.0000,1,0.00,0.00,0.00,0.00,0.00,0.00,0.00,0.00,0,'2022-04-22 14:42:40','2022-04-22 14:42:40',NULL),(2866,3786,2713,4578,40876,22,1,622,0.2951,0.0000,1,0.00,0.00,0.00,0.00,0.00,0.00,0.00,0.00,0,'2022-04-22 14:42:40','2022-04-22 14:42:40',NULL),(2867,3786,2713,4578,40876,23,1,816,0.6116,3.5000,1,0.00,0.00,0.00,0.00,0.00,0.00,0.00,0.00,0,'2022-04-22 14:42:40','2022-04-22 14:42:40',NULL),(2868,3786,2713,4578,40876,23,1,622,0.6116,0.0000,1,0.00,0.00,0.00,0.00,0.00,0.00,0.00,0.00,0,'2022-04-22 14:42:40','2022-04-22 14:42:40',NULL),(2869,3786,2713,4578,40876,5,1,816,0.0041,3.5000,1,0.00,0.00,0.00,0.00,0.00,0.00,0.00,0.00,0,'2022-04-22 14:42:40','2022-04-22 14:42:40',NULL),(2870,3786,2713,4578,40876,5,1,622,0.0041,0.0000,1,0.00,0.00,0.00,0.00,0.00,0.00,0.00,0.00,0,'2022-04-22 14:42:40','2022-04-22 14:42:40',NULL),(2871,3786,2713,4578,40876,18,1,816,0.0182,3.0000,1,0.00,0.00,0.00,0.00,0.00,0.00,0.00,0.00,0,'2022-04-22 14:42:40','2022-04-22 14:42:40',NULL),(2872,3786,2713,4578,40876,18,1,622,0.0182,0.0000,1,0.00,0.00,0.00,0.00,0.00,0.00,0.00,0.00,0,'2022-04-22 14:42:40','2022-04-22 14:42:40',NULL),(2873,3786,2713,4578,40876,17,1,816,0.0079,3.0000,1,0.00,0.00,0.00,0.00,0.00,0.00,0.00,0.00,0,'2022-04-22 14:42:40','2022-04-22 14:42:40',NULL);
INSERT INTO `period_liquidation_details` VALUES (2874,3786,2713,4578,40876,17,1,622,0.0079,0.0000,1,0.00,0.00,0.00,0.00,0.00,0.00,0.00,0.00,0,'2022-04-22 14:42:40','2022-04-22 14:42:40',NULL),(2875,3786,2713,4578,40876,12,1,816,0.0120,5.0000,1,0.00,0.00,0.00,0.00,0.00,0.00,0.00,0.00,0,'2022-04-22 14:42:40','2022-04-22 14:42:40',NULL),(2876,3786,2713,4578,40876,12,1,622,0.0120,0.0000,1,0.00,0.00,0.00,0.00,0.00,0.00,0.00,0.00,0,'2022-04-22 14:42:40','2022-04-22 14:42:40',NULL),(2877,3786,2713,4578,40876,1,1,816,0.0511,4.7500,1,0.00,0.00,0.00,0.00,0.00,0.00,0.00,0.00,0,'2022-04-22 14:42:40','2022-04-22 14:42:40',NULL),(2878,3786,2713,4578,40876,1,1,622,0.0511,0.0000,1,0.00,0.00,0.00,0.00,0.00,0.00,0.00,0.00,0,'2022-04-22 14:42:40','2022-04-22 14:42:40',NULL),(2879,3786,2713,4578,40876,24,2,816,1.0000,3.0000,10,300000.00,9000.00,0.00,0.00,0.00,0.00,0.00,0.00,0,'2022-04-22 14:42:40','2022-04-22 14:42:40',NULL),(2880,3786,2713,4578,40876,24,2,622,1.0000,0.0000,1,0.00,0.00,0.00,0.00,0.00,0.00,0.00,0.00,0,'2022-04-22 14:42:40','2022-04-22 14:42:40',NULL),(2951,3786,2841,8500,40721,23,2,789,1.0000,5.0000,1,932031.76,46601.59,0.00,0.00,0.00,0.00,0.00,0.00,0,'2022-05-05 12:00:33','2022-05-05 12:00:33',NULL),(2959,3786,2857,3063,40721,23,2,789,1.0000,5.0000,1,988293.95,49414.70,0.00,0.00,0.00,0.00,0.00,0.00,0,'2022-05-16 11:43:00','2022-05-16 11:43:00',NULL),(3008,3786,2925,8955,40903,22,2,400,1.0000,2.2000,1,9050606.83,199113.35,0.00,0.00,0.00,0.00,0.00,0.00,0,'2022-05-27 00:18:49','2022-05-27 00:18:49',NULL),(3009,3786,2925,8955,40903,23,2,400,1.0000,2.5000,1,0.00,0.00,0.00,0.00,0.00,0.00,0.00,0.00,0,'2022-05-27 00:18:49','2022-05-27 00:18:49',NULL),(3092,3786,3051,4579,40876,22,1,816,0.2951,3.0000,1,0.00,0.00,0.00,0.00,0.00,0.00,0.00,0.00,0,'2022-06-08 11:50:22','2022-06-08 11:50:22',NULL),(3093,3786,3051,4579,40876,22,1,622,0.2951,0.0000,1,0.00,0.00,0.00,0.00,0.00,0.00,0.00,0.00,0,'2022-06-08 11:50:22','2022-06-08 11:50:22',NULL),(3094,3786,3051,4579,40876,23,1,816,0.6116,3.5000,1,0.00,0.00,0.00,0.00,0.00,0.00,0.00,0.00,0,'2022-06-08 11:50:22','2022-06-08 11:50:22',NULL),(3095,3786,3051,4579,40876,23,1,622,0.6116,0.0000,1,0.00,0.00,0.00,0.00,0.00,0.00,0.00,0.00,0,'2022-06-08 11:50:22','2022-06-08 11:50:22',NULL),(3096,3786,3051,4579,40876,5,1,816,0.0041,3.5000,1,0.00,0.00,0.00,0.00,0.00,0.00,0.00,0.00,0,'2022-06-08 11:50:22','2022-06-08 11:50:22',NULL),(3097,3786,3051,4579,40876,5,1,622,0.0041,0.0000,1,0.00,0.00,0.00,0.00,0.00,0.00,0.00,0.00,0,'2022-06-08 11:50:22','2022-06-08 11:50:22',NULL),(3098,3786,3051,4579,40876,18,1,816,0.0182,3.0000,1,0.00,0.00,0.00,0.00,0.00,0.00,0.00,0.00,0,'2022-06-08 11:50:22','2022-06-08 11:50:22',NULL),(3099,3786,3051,4579,40876,18,1,622,0.0182,0.0000,1,0.00,0.00,0.00,0.00,0.00,0.00,0.00,0.00,0,'2022-06-08 11:50:22','2022-06-08 11:50:22',NULL),(3100,3786,3051,4579,40876,17,1,816,0.0079,3.0000,1,0.00,0.00,0.00,0.00,0.00,0.00,0.00,0.00,0,'2022-06-08 11:50:22','2022-06-08 11:50:22',NULL),(3101,3786,3051,4579,40876,17,1,622,0.0079,0.0000,1,0.00,0.00,0.00,0.00,0.00,0.00,0.00,0.00,0,'2022-06-08 11:50:22','2022-06-08 11:50:22',NULL),(3102,3786,3051,4579,40876,12,1,816,0.0120,5.0000,1,0.00,0.00,0.00,0.00,0.00,0.00,0.00,0.00,0,'2022-06-08 11:50:22','2022-06-08 11:50:22',NULL),(3103,3786,3051,4579,40876,12,1,622,0.0120,0.0000,1,0.00,0.00,0.00,0.00,0.00,0.00,0.00,0.00,0,'2022-06-08 11:50:22','2022-06-08 11:50:22',NULL),(3104,3786,3051,4579,40876,1,1,816,0.0511,4.7500,1,0.00,0.00,0.00,0.00,0.00,0.00,0.00,0.00,0,'2022-06-08 11:50:22','2022-06-08 11:50:22',NULL),(3105,3786,3051,4579,40876,1,1,622,0.0511,0.0000,1,0.00,0.00,0.00,0.00,0.00,0.00,0.00,0.00,0,'2022-06-08 11:50:22','2022-06-08 11:50:22',NULL),(3106,3786,3051,4579,40876,24,2,816,1.0000,3.0000,10,0.00,0.00,0.00,0.00,0.00,0.00,0.00,0.00,0,'2022-06-08 11:50:22','2022-06-08 11:50:22',NULL),(3107,3786,3051,4579,40876,24,2,622,1.0000,0.0000,1,0.00,0.00,0.00,0.00,0.00,0.00,0.00,0.00,0,'2022-06-08 11:50:22','2022-06-08 11:50:22',NULL);
INSERT INTO `period_liquidation_details` VALUES (3214,3786,3128,8956,40903,22,2,400,1.0000,2.2000,1,9645781.59,212207.19,0.00,0.00,0.00,0.00,0.00,0.00,0,'2022-06-29 21:32:42','2022-06-29 21:32:42',NULL),(3215,3786,3128,8956,40903,23,2,400,1.0000,2.5000,1,0.00,0.00,0.00,0.00,0.00,0.00,0.00,0.00,0,'2022-06-29 21:32:42','2022-06-29 21:32:42',NULL),(3243,3786,3183,3064,40721,23,2,789,1.0000,5.0000,1,979792.79,48989.64,0.00,0.00,0.00,0.00,0.00,0.00,0,'2022-07-01 13:05:36','2022-07-01 13:05:36',NULL),(3315,3786,3255,4580,40876,22,1,816,0.2951,3.0000,1,4600.00,40.72,0.00,0.00,0.00,0.00,0.00,0.00,0,'2022-07-11 13:08:16','2022-07-11 13:08:16',NULL),(3316,3786,3255,4580,40876,22,1,622,0.2951,3.0000,1,15000.00,132.80,0.00,0.00,0.00,0.00,0.00,0.00,0,'2022-07-11 13:08:16','2022-07-11 13:08:16',NULL),(3317,3786,3255,4580,40876,23,1,816,0.6116,3.5000,1,4600.00,98.47,0.00,0.00,0.00,0.00,0.00,0.00,0,'2022-07-11 13:08:16','2022-07-11 13:08:16',NULL),(3318,3786,3255,4580,40876,23,1,622,0.6116,5.0000,1,15000.00,458.70,0.00,0.00,0.00,0.00,0.00,0.00,0,'2022-07-11 13:08:16','2022-07-11 13:08:16',NULL),(3319,3786,3255,4580,40876,5,1,816,0.0041,3.5000,1,4600.00,0.66,0.00,0.00,0.00,0.00,0.00,0.00,0,'2022-07-11 13:08:16','2022-07-11 13:08:16',NULL),(3320,3786,3255,4580,40876,5,1,622,0.0041,3.5000,1,15000.00,2.15,0.00,0.00,0.00,0.00,0.00,0.00,0,'2022-07-11 13:08:16','2022-07-11 13:08:16',NULL),(3321,3786,3255,4580,40876,18,1,816,0.0182,3.0000,1,4600.00,2.51,0.00,0.00,0.00,0.00,0.00,0.00,0,'2022-07-11 13:08:16','2022-07-11 13:08:16',NULL),(3322,3786,3255,4580,40876,18,1,622,0.0182,3.0000,1,15000.00,8.19,0.00,0.00,0.00,0.00,0.00,0.00,0,'2022-07-11 13:08:16','2022-07-11 13:08:16',NULL),(3323,3786,3255,4580,40876,17,1,816,0.0079,3.0000,1,4600.00,1.09,0.00,0.00,0.00,0.00,0.00,0.00,0,'2022-07-11 13:08:16','2022-07-11 13:08:16',NULL),(3324,3786,3255,4580,40876,17,1,622,0.0079,3.0000,1,15000.00,3.56,0.00,0.00,0.00,0.00,0.00,0.00,0,'2022-07-11 13:08:16','2022-07-11 13:08:16',NULL),(3325,3786,3255,4580,40876,12,1,816,0.0120,5.0000,1,4600.00,2.76,0.00,0.00,0.00,0.00,0.00,0.00,0,'2022-07-11 13:08:16','2022-07-11 13:08:16',NULL),(3326,3786,3255,4580,40876,12,1,622,0.0120,5.0000,1,15000.00,9.00,0.00,0.00,0.00,0.00,0.00,0.00,0,'2022-07-11 13:08:16','2022-07-11 13:08:16',NULL),(3327,3786,3255,4580,40876,1,1,816,0.0511,4.7500,1,4600.00,11.17,0.00,0.00,0.00,0.00,0.00,0.00,0,'2022-07-11 13:08:16','2022-07-11 13:08:16',NULL),(3328,3786,3255,4580,40876,1,1,622,0.0511,4.7500,1,15000.00,36.41,0.00,0.00,0.00,0.00,0.00,0.00,0,'2022-07-11 13:08:16','2022-07-11 13:08:16',NULL),(3329,3786,3255,4580,40876,24,2,816,1.0000,3.0000,10,0.00,0.00,0.00,0.00,0.00,0.00,0.00,0.00,0,'2022-07-11 13:08:16','2022-07-11 13:08:16',NULL),(3330,3786,3255,4580,40876,24,2,622,1.0000,3.0000,10,0.00,0.00,0.00,0.00,0.00,0.00,0.00,0.00,0,'2022-07-11 13:08:16','2022-07-11 13:08:16',NULL),(3331,3786,3257,3065,40721,23,2,789,1.0000,5.0000,1,1047277.08,52363.85,0.00,0.00,0.00,0.00,0.00,0.00,0,'2022-07-12 11:42:13','2022-07-12 11:42:13',NULL),(3340,3786,3276,9554,41160,22,2,801,0.0000,0.0000,1,0.00,0.00,0.00,0.00,0.00,0.00,0.00,0.00,0,'2022-07-15 17:12:57','2022-07-15 17:12:57',NULL),(3341,3786,3276,9554,41160,23,2,801,0.0000,0.0000,1,0.00,0.00,0.00,0.00,0.00,0.00,0.00,0.00,0,'2022-07-15 17:12:57','2022-07-15 17:12:57',NULL),(3364,3786,3304,8957,40903,22,2,400,1.0000,2.2000,1,1790757.50,39396.67,0.00,0.00,0.00,0.00,0.00,0.00,0,'2022-07-15 22:25:07','2022-07-15 22:25:07',NULL),(3365,3786,3304,8957,40903,23,2,400,1.0000,2.5000,1,0.00,0.00,0.00,0.00,0.00,0.00,0.00,0.00,0,'2022-07-15 22:25:07','2022-07-15 22:25:07',NULL),(3443,3786,3365,4581,40876,22,1,816,0.2951,3.0000,1,0.00,0.00,0.00,0.00,0.00,0.00,0.00,0.00,0,'2022-08-03 17:01:46','2022-08-03 17:01:46',NULL),(3444,3786,3365,4581,40876,22,1,622,0.2951,3.0000,1,0.00,0.00,0.00,0.00,0.00,0.00,0.00,0.00,0,'2022-08-03 17:01:46','2022-08-03 17:01:46',NULL),(3445,3786,3365,4581,40876,23,1,816,0.6116,3.5000,1,0.00,0.00,0.00,0.00,0.00,0.00,0.00,0.00,0,'2022-08-03 17:01:46','2022-08-03 17:01:46',NULL);
INSERT INTO `period_liquidation_details` VALUES (3446,3786,3365,4581,40876,23,1,622,0.6116,5.0000,1,0.00,0.00,0.00,0.00,0.00,0.00,0.00,0.00,0,'2022-08-03 17:01:46','2022-08-03 17:01:46',NULL),(3447,3786,3365,4581,40876,5,1,816,0.0041,3.5000,1,0.00,0.00,0.00,0.00,0.00,0.00,0.00,0.00,0,'2022-08-03 17:01:46','2022-08-03 17:01:46',NULL),(3448,3786,3365,4581,40876,5,1,622,0.0041,3.5000,1,0.00,0.00,0.00,0.00,0.00,0.00,0.00,0.00,0,'2022-08-03 17:01:46','2022-08-03 17:01:46',NULL),(3449,3786,3365,4581,40876,18,1,816,0.0182,3.0000,1,0.00,0.00,0.00,0.00,0.00,0.00,0.00,0.00,0,'2022-08-03 17:01:46','2022-08-03 17:01:46',NULL),(3450,3786,3365,4581,40876,18,1,622,0.0182,3.0000,1,0.00,0.00,0.00,0.00,0.00,0.00,0.00,0.00,0,'2022-08-03 17:01:46','2022-08-03 17:01:46',NULL),(3451,3786,3365,4581,40876,17,1,816,0.0079,3.0000,1,0.00,0.00,0.00,0.00,0.00,0.00,0.00,0.00,0,'2022-08-03 17:01:46','2022-08-03 17:01:46',NULL),(3452,3786,3365,4581,40876,17,1,622,0.0079,3.0000,1,0.00,0.00,0.00,0.00,0.00,0.00,0.00,0.00,0,'2022-08-03 17:01:46','2022-08-03 17:01:46',NULL),(3453,3786,3365,4581,40876,12,1,816,0.0120,5.0000,1,0.00,0.00,0.00,0.00,0.00,0.00,0.00,0.00,0,'2022-08-03 17:01:46','2022-08-03 17:01:46',NULL),(3454,3786,3365,4581,40876,12,1,622,0.0120,5.0000,1,0.00,0.00,0.00,0.00,0.00,0.00,0.00,0.00,0,'2022-08-03 17:01:46','2022-08-03 17:01:46',NULL),(3455,3786,3365,4581,40876,1,1,816,0.0511,4.7500,1,0.00,0.00,0.00,0.00,0.00,0.00,0.00,0.00,0,'2022-08-03 17:01:46','2022-08-03 17:01:46',NULL),(3456,3786,3365,4581,40876,1,1,622,0.0511,4.7500,1,0.00,0.00,0.00,0.00,0.00,0.00,0.00,0.00,0,'2022-08-03 17:01:46','2022-08-03 17:01:46',NULL),(3457,3786,3365,4581,40876,24,2,816,1.0000,3.0000,10,0.00,0.00,0.00,0.00,0.00,0.00,0.00,0.00,0,'2022-08-03 17:01:46','2022-08-03 17:01:46',NULL),(3458,3786,3365,4581,40876,24,2,622,1.0000,3.0000,10,0.00,0.00,0.00,0.00,0.00,0.00,0.00,0.00,0,'2022-08-03 17:01:46','2022-08-03 17:01:46',NULL),(3503,3786,3441,3066,40721,23,2,789,1.0000,5.0000,1,1223943.30,61197.17,0.00,0.00,0.00,0.00,0.00,0.00,0,'2022-08-16 15:53:17','2022-08-16 15:53:17',NULL),(3608,3786,3476,9555,41160,22,2,801,1.0000,2.5000,10,0.00,0.00,0.00,0.00,0.00,0.00,0.00,0.00,0,'2022-08-17 21:33:56','2022-08-17 21:33:56',NULL),(3609,3786,3476,9555,41160,22,2,400,1.0000,2.5000,10,3829619.15,95740.48,0.00,0.00,0.00,0.00,0.00,0.00,0,'2022-08-17 21:33:56','2022-08-17 21:33:56',NULL),(3610,3786,3476,9555,41160,22,2,401,1.0000,2.5000,10,0.00,0.00,0.00,0.00,0.00,0.00,0.00,0.00,0,'2022-08-17 21:33:56','2022-08-17 21:33:56',NULL),(3611,3786,3476,9555,41160,23,2,801,1.0000,2.5000,10,0.00,0.00,0.00,0.00,0.00,0.00,0.00,0.00,0,'2022-08-17 21:33:56','2022-08-17 21:33:56',NULL),(3612,3786,3476,9555,41160,23,2,400,1.0000,2.5000,10,0.00,0.00,0.00,0.00,0.00,0.00,0.00,0.00,0,'2022-08-17 21:33:56','2022-08-17 21:33:56',NULL),(3613,3786,3476,9555,41160,23,2,401,1.0000,2.5000,10,0.00,0.00,0.00,0.00,0.00,0.00,0.00,0.00,0,'2022-08-17 21:33:56','2022-08-17 21:33:56',NULL),(3636,3786,3499,8958,40903,22,2,400,1.0000,2.2000,1,0.00,0.00,0.00,0.00,0.00,0.00,0.00,0.00,0,'2022-08-17 22:11:41','2022-08-17 22:11:41',NULL),(3637,3786,3499,8958,40903,23,2,400,1.0000,2.5000,1,0.00,0.00,0.00,0.00,0.00,0.00,0.00,0.00,0,'2022-08-17 22:11:41','2022-08-17 22:11:41',NULL),(3768,3786,3658,4582,40876,22,1,816,0.2951,3.0000,1,0.00,0.00,0.00,0.00,0.00,0.00,0.00,0.00,0,'2022-09-09 16:21:56','2022-09-09 16:21:56',NULL),(3769,3786,3658,4582,40876,22,1,622,0.2951,3.0000,1,0.00,0.00,0.00,0.00,0.00,0.00,0.00,0.00,0,'2022-09-09 16:21:56','2022-09-09 16:21:56',NULL),(3770,3786,3658,4582,40876,23,1,816,0.6116,3.5000,1,0.00,0.00,0.00,0.00,0.00,0.00,0.00,0.00,0,'2022-09-09 16:21:56','2022-09-09 16:21:56',NULL),(3771,3786,3658,4582,40876,23,1,622,0.6116,5.0000,1,0.00,0.00,0.00,0.00,0.00,0.00,0.00,0.00,0,'2022-09-09 16:21:56','2022-09-09 16:21:56',NULL),(3772,3786,3658,4582,40876,5,1,816,0.0041,3.5000,1,0.00,0.00,0.00,0.00,0.00,0.00,0.00,0.00,0,'2022-09-09 16:21:56','2022-09-09 16:21:56',NULL);
INSERT INTO `period_liquidation_details` VALUES (3773,3786,3658,4582,40876,5,1,622,0.0041,3.5000,1,0.00,0.00,0.00,0.00,0.00,0.00,0.00,0.00,0,'2022-09-09 16:21:56','2022-09-09 16:21:56',NULL),(3774,3786,3658,4582,40876,18,1,816,0.0182,3.0000,1,0.00,0.00,0.00,0.00,0.00,0.00,0.00,0.00,0,'2022-09-09 16:21:56','2022-09-09 16:21:56',NULL),(3775,3786,3658,4582,40876,18,1,622,0.0182,3.0000,1,0.00,0.00,0.00,0.00,0.00,0.00,0.00,0.00,0,'2022-09-09 16:21:56','2022-09-09 16:21:56',NULL),(3776,3786,3658,4582,40876,17,1,816,0.0079,3.0000,1,0.00,0.00,0.00,0.00,0.00,0.00,0.00,0.00,0,'2022-09-09 16:21:56','2022-09-09 16:21:56',NULL),(3777,3786,3658,4582,40876,17,1,622,0.0079,3.0000,1,0.00,0.00,0.00,0.00,0.00,0.00,0.00,0.00,0,'2022-09-09 16:21:56','2022-09-09 16:21:56',NULL),(3778,3786,3658,4582,40876,12,1,816,0.0120,5.0000,1,0.00,0.00,0.00,0.00,0.00,0.00,0.00,0.00,0,'2022-09-09 16:21:56','2022-09-09 16:21:56',NULL),(3779,3786,3658,4582,40876,12,1,622,0.0120,5.0000,1,0.00,0.00,0.00,0.00,0.00,0.00,0.00,0.00,0,'2022-09-09 16:21:56','2022-09-09 16:21:56',NULL),(3780,3786,3658,4582,40876,1,1,816,0.0511,4.7500,1,0.00,0.00,0.00,0.00,0.00,0.00,0.00,0.00,0,'2022-09-09 16:21:56','2022-09-09 16:21:56',NULL),(3781,3786,3658,4582,40876,1,1,622,0.0511,4.7500,1,0.00,0.00,0.00,0.00,0.00,0.00,0.00,0.00,0,'2022-09-09 16:21:56','2022-09-09 16:21:56',NULL),(3782,3786,3658,4582,40876,24,2,816,1.0000,3.0000,10,0.00,0.00,0.00,0.00,0.00,0.00,0.00,0.00,0,'2022-09-09 16:21:56','2022-09-09 16:21:56',NULL),(3783,3786,3658,4582,40876,24,2,622,1.0000,3.0000,10,0.00,0.00,0.00,0.00,0.00,0.00,0.00,0.00,0,'2022-09-09 16:21:56','2022-09-09 16:21:56',NULL),(3785,3786,3661,9556,41160,22,2,801,1.0000,2.5000,10,0.00,0.00,0.00,0.00,0.00,0.00,0.00,0.00,0,'2022-09-12 21:07:25','2022-09-12 21:07:25',NULL),(3786,3786,3661,9556,41160,22,2,400,1.0000,2.5000,10,3647460.95,91186.52,0.00,0.00,0.00,0.00,0.00,0.00,0,'2022-09-12 21:07:25','2022-09-12 21:07:25',NULL),(3787,3786,3661,9556,41160,22,2,401,1.0000,2.5000,10,0.00,0.00,0.00,0.00,0.00,0.00,0.00,0.00,0,'2022-09-12 21:07:25','2022-09-12 21:07:25',NULL),(3788,3786,3661,9556,41160,23,2,801,1.0000,2.5000,10,0.00,0.00,0.00,0.00,0.00,0.00,0.00,0.00,0,'2022-09-12 21:07:25','2022-09-12 21:07:25',NULL),(3789,3786,3661,9556,41160,23,2,400,1.0000,2.5000,10,0.00,0.00,0.00,0.00,0.00,0.00,0.00,0.00,0,'2022-09-12 21:07:25','2022-09-12 21:07:25',NULL),(3790,3786,3661,9556,41160,23,2,401,1.0000,2.5000,10,0.00,0.00,0.00,0.00,0.00,0.00,0.00,0.00,0,'2022-09-12 21:07:25','2022-09-12 21:07:25',NULL),(3797,3786,3669,6079,40903,22,2,400,1.0000,2.2000,1,0.00,0.00,0.00,0.00,0.00,0.00,0.00,0.00,0,'2022-09-12 21:50:14','2022-09-12 21:50:14',NULL),(3798,3786,3669,6079,40903,23,2,400,1.0000,2.5000,1,0.00,0.00,0.00,0.00,0.00,0.00,0.00,0.00,0,'2022-09-12 21:50:14','2022-09-12 21:50:14',NULL),(3809,3786,3691,3067,40721,23,2,789,1.0000,5.0000,1,1180607.93,59030.40,0.00,0.00,0.00,0.00,0.00,0.00,0,'2022-09-29 17:25:32','2022-09-29 17:25:32',NULL),(3836,3786,3745,3068,40721,23,2,789,1.0000,5.0000,1,1469283.22,73464.16,0.00,0.00,0.00,0.00,0.00,0.00,0,'2022-10-11 19:47:24','2022-10-11 19:47:24',NULL),(3837,3786,3746,4583,40876,22,1,816,0.2951,3.0000,1,0.00,0.00,0.00,0.00,0.00,0.00,0.00,0.00,0,'2022-10-12 17:07:51','2022-10-12 17:07:51',NULL),(3838,3786,3746,4583,40876,22,1,622,0.2951,3.0000,1,0.00,0.00,0.00,0.00,0.00,0.00,0.00,0.00,0,'2022-10-12 17:07:51','2022-10-12 17:07:51',NULL),(3839,3786,3746,4583,40876,23,1,816,0.6116,3.5000,1,0.00,0.00,0.00,0.00,0.00,0.00,0.00,0.00,0,'2022-10-12 17:07:51','2022-10-12 17:07:51',NULL),(3840,3786,3746,4583,40876,23,1,622,0.6116,5.0000,1,0.00,0.00,0.00,0.00,0.00,0.00,0.00,0.00,0,'2022-10-12 17:07:51','2022-10-12 17:07:51',NULL),(3841,3786,3746,4583,40876,5,1,816,0.0041,3.5000,1,0.00,0.00,0.00,0.00,0.00,0.00,0.00,0.00,0,'2022-10-12 17:07:51','2022-10-12 17:07:51',NULL),(3842,3786,3746,4583,40876,5,1,622,0.0041,3.5000,1,0.00,0.00,0.00,0.00,0.00,0.00,0.00,0.00,0,'2022-10-12 17:07:51','2022-10-12 17:07:51',NULL);
INSERT INTO `period_liquidation_details` VALUES (3843,3786,3746,4583,40876,18,1,816,0.0182,3.0000,1,0.00,0.00,0.00,0.00,0.00,0.00,0.00,0.00,0,'2022-10-12 17:07:51','2022-10-12 17:07:51',NULL),(3844,3786,3746,4583,40876,18,1,622,0.0182,3.0000,1,0.00,0.00,0.00,0.00,0.00,0.00,0.00,0.00,0,'2022-10-12 17:07:51','2022-10-12 17:07:51',NULL),(3845,3786,3746,4583,40876,17,1,816,0.0079,3.0000,1,0.00,0.00,0.00,0.00,0.00,0.00,0.00,0.00,0,'2022-10-12 17:07:51','2022-10-12 17:07:51',NULL),(3846,3786,3746,4583,40876,17,1,622,0.0079,3.0000,1,0.00,0.00,0.00,0.00,0.00,0.00,0.00,0.00,0,'2022-10-12 17:07:51','2022-10-12 17:07:51',NULL),(3847,3786,3746,4583,40876,12,1,816,0.0120,5.0000,1,0.00,0.00,0.00,0.00,0.00,0.00,0.00,0.00,0,'2022-10-12 17:07:51','2022-10-12 17:07:51',NULL),(3848,3786,3746,4583,40876,12,1,622,0.0120,5.0000,1,0.00,0.00,0.00,0.00,0.00,0.00,0.00,0.00,0,'2022-10-12 17:07:51','2022-10-12 17:07:51',NULL),(3849,3786,3746,4583,40876,1,1,816,0.0511,4.7500,1,0.00,0.00,0.00,0.00,0.00,0.00,0.00,0.00,0,'2022-10-12 17:07:51','2022-10-12 17:07:51',NULL),(3850,3786,3746,4583,40876,1,1,622,0.0511,4.7500,1,0.00,0.00,0.00,0.00,0.00,0.00,0.00,0.00,0,'2022-10-12 17:07:51','2022-10-12 17:07:51',NULL),(3851,3786,3746,4583,40876,24,2,816,1.0000,3.0000,10,0.00,0.00,0.00,0.00,0.00,0.00,0.00,0.00,0,'2022-10-12 17:07:51','2022-10-12 17:07:51',NULL),(3852,3786,3746,4583,40876,24,2,622,1.0000,3.0000,10,0.00,0.00,0.00,0.00,0.00,0.00,0.00,0.00,0,'2022-10-12 17:07:51','2022-10-12 17:07:51',NULL),(3909,3786,3859,4584,40876,22,1,816,0.2951,3.0000,1,0.00,0.00,0.00,0.00,0.00,0.00,0.00,0.00,0,'2022-11-08 12:20:51','2022-11-08 12:20:51',NULL),(3910,3786,3859,4584,40876,22,1,622,0.2951,3.0000,1,0.00,0.00,0.00,0.00,0.00,0.00,0.00,0.00,0,'2022-11-08 12:20:51','2022-11-08 12:20:51',NULL),(3911,3786,3859,4584,40876,23,1,816,0.6116,3.5000,1,0.00,0.00,0.00,0.00,0.00,0.00,0.00,0.00,0,'2022-11-08 12:20:51','2022-11-08 12:20:51',NULL),(3912,3786,3859,4584,40876,23,1,622,0.6116,5.0000,1,0.00,0.00,0.00,0.00,0.00,0.00,0.00,0.00,0,'2022-11-08 12:20:51','2022-11-08 12:20:51',NULL),(3913,3786,3859,4584,40876,5,1,816,0.0041,3.5000,1,0.00,0.00,0.00,0.00,0.00,0.00,0.00,0.00,0,'2022-11-08 12:20:51','2022-11-08 12:20:51',NULL),(3914,3786,3859,4584,40876,5,1,622,0.0041,3.5000,1,0.00,0.00,0.00,0.00,0.00,0.00,0.00,0.00,0,'2022-11-08 12:20:51','2022-11-08 12:20:51',NULL),(3915,3786,3859,4584,40876,18,1,816,0.0182,3.0000,1,0.00,0.00,0.00,0.00,0.00,0.00,0.00,0.00,0,'2022-11-08 12:20:51','2022-11-08 12:20:51',NULL),(3916,3786,3859,4584,40876,18,1,622,0.0182,3.0000,1,0.00,0.00,0.00,0.00,0.00,0.00,0.00,0.00,0,'2022-11-08 12:20:51','2022-11-08 12:20:51',NULL),(3917,3786,3859,4584,40876,17,1,816,0.0079,3.0000,1,0.00,0.00,0.00,0.00,0.00,0.00,0.00,0.00,0,'2022-11-08 12:20:51','2022-11-08 12:20:51',NULL),(3918,3786,3859,4584,40876,17,1,622,0.0079,3.0000,1,0.00,0.00,0.00,0.00,0.00,0.00,0.00,0.00,0,'2022-11-08 12:20:51','2022-11-08 12:20:51',NULL),(3919,3786,3859,4584,40876,12,1,816,0.0120,5.0000,1,0.00,0.00,0.00,0.00,0.00,0.00,0.00,0.00,0,'2022-11-08 12:20:51','2022-11-08 12:20:51',NULL),(3920,3786,3859,4584,40876,12,1,622,0.0120,5.0000,1,0.00,0.00,0.00,0.00,0.00,0.00,0.00,0.00,0,'2022-11-08 12:20:51','2022-11-08 12:20:51',NULL),(3921,3786,3859,4584,40876,1,1,816,0.0511,4.7500,1,0.00,0.00,0.00,0.00,0.00,0.00,0.00,0.00,0,'2022-11-08 12:20:51','2022-11-08 12:20:51',NULL),(3922,3786,3859,4584,40876,1,1,622,0.0511,4.7500,1,0.00,0.00,0.00,0.00,0.00,0.00,0.00,0.00,0,'2022-11-08 12:20:51','2022-11-08 12:20:51',NULL),(3923,3786,3859,4584,40876,24,2,816,1.0000,3.0000,10,0.00,0.00,0.00,0.00,0.00,0.00,0.00,0.00,0,'2022-11-08 12:20:51','2022-11-08 12:20:51',NULL),(3924,3786,3859,4584,40876,24,2,622,1.0000,3.0000,10,0.00,0.00,0.00,0.00,0.00,0.00,0.00,0.00,0,'2022-11-08 12:20:51','2022-11-08 12:20:51',NULL),(3928,3786,3867,3069,40721,23,2,789,1.0000,5.0000,1,968807.22,48440.36,0.00,0.00,0.00,0.00,0.00,0.00,0,'2022-11-14 14:33:38','2022-11-14 14:33:38',NULL);
INSERT INTO `period_liquidation_details` VALUES (3961,3786,3932,12801,41204,23,1,946,0.8868,3.5000,1,18000.00,558.68,0.00,0.00,0.00,0.00,0.00,0.00,0,'2022-11-22 15:52:17','2022-11-22 15:52:17',NULL),(3962,3786,3932,12801,41204,22,1,946,0.1132,3.0000,1,18000.00,61.13,0.00,0.00,0.00,0.00,0.00,0.00,0,'2022-11-22 15:52:17','2022-11-22 15:52:17',NULL),(4001,3786,4010,3070,40721,23,2,789,1.0000,5.0000,1,3654671.22,182733.56,0.00,0.00,0.00,0.00,0.00,0.00,0,'2022-12-15 17:57:16','2022-12-15 17:57:16',NULL),(4002,3786,4011,4585,40876,22,1,816,0.2951,3.0000,1,0.00,0.00,0.00,0.00,0.00,0.00,0.00,0.00,0,'2022-12-15 18:31:41','2022-12-15 18:31:41',NULL),(4003,3786,4011,4585,40876,22,1,622,0.2951,3.0000,1,0.00,0.00,0.00,0.00,0.00,0.00,0.00,0.00,0,'2022-12-15 18:31:41','2022-12-15 18:31:41',NULL),(4004,3786,4011,4585,40876,23,1,816,0.6116,3.5000,1,0.00,0.00,0.00,0.00,0.00,0.00,0.00,0.00,0,'2022-12-15 18:31:41','2022-12-15 18:31:41',NULL),(4005,3786,4011,4585,40876,23,1,622,0.6116,5.0000,1,0.00,0.00,0.00,0.00,0.00,0.00,0.00,0.00,0,'2022-12-15 18:31:41','2022-12-15 18:31:41',NULL),(4006,3786,4011,4585,40876,5,1,816,0.0041,3.5000,1,0.00,0.00,0.00,0.00,0.00,0.00,0.00,0.00,0,'2022-12-15 18:31:41','2022-12-15 18:31:41',NULL),(4007,3786,4011,4585,40876,5,1,622,0.0041,3.5000,1,0.00,0.00,0.00,0.00,0.00,0.00,0.00,0.00,0,'2022-12-15 18:31:41','2022-12-15 18:31:41',NULL),(4008,3786,4011,4585,40876,18,1,816,0.0182,3.0000,1,0.00,0.00,0.00,0.00,0.00,0.00,0.00,0.00,0,'2022-12-15 18:31:41','2022-12-15 18:31:41',NULL),(4009,3786,4011,4585,40876,18,1,622,0.0182,3.0000,1,0.00,0.00,0.00,0.00,0.00,0.00,0.00,0.00,0,'2022-12-15 18:31:41','2022-12-15 18:31:41',NULL),(4010,3786,4011,4585,40876,17,1,816,0.0079,3.0000,1,0.00,0.00,0.00,0.00,0.00,0.00,0.00,0.00,0,'2022-12-15 18:31:41','2022-12-15 18:31:41',NULL),(4011,3786,4011,4585,40876,17,1,622,0.0079,3.0000,1,0.00,0.00,0.00,0.00,0.00,0.00,0.00,0.00,0,'2022-12-15 18:31:41','2022-12-15 18:31:41',NULL),(4012,3786,4011,4585,40876,12,1,816,0.0120,5.0000,1,0.00,0.00,0.00,0.00,0.00,0.00,0.00,0.00,0,'2022-12-15 18:31:41','2022-12-15 18:31:41',NULL),(4013,3786,4011,4585,40876,12,1,622,0.0120,5.0000,1,0.00,0.00,0.00,0.00,0.00,0.00,0.00,0.00,0,'2022-12-15 18:31:41','2022-12-15 18:31:41',NULL),(4014,3786,4011,4585,40876,1,1,816,0.0511,4.7500,1,0.00,0.00,0.00,0.00,0.00,0.00,0.00,0.00,0,'2022-12-15 18:31:41','2022-12-15 18:31:41',NULL),(4015,3786,4011,4585,40876,1,1,622,0.0511,4.7500,1,0.00,0.00,0.00,0.00,0.00,0.00,0.00,0.00,0,'2022-12-15 18:31:41','2022-12-15 18:31:41',NULL),(4016,3786,4011,4585,40876,24,2,816,1.0000,3.0000,10,0.00,0.00,0.00,0.00,0.00,0.00,0.00,0.00,0,'2022-12-15 18:31:41','2022-12-15 18:31:41',NULL),(4017,3786,4011,4585,40876,24,2,622,1.0000,3.0000,10,0.00,0.00,0.00,0.00,0.00,0.00,0.00,0.00,0,'2022-12-15 18:31:41','2022-12-15 18:31:41',NULL),(4072,3786,4120,4586,40876,22,1,816,0.2951,3.0000,1,0.00,0.00,0.00,0.00,0.00,0.00,0.00,0.00,0,'2023-01-06 23:10:54','2023-01-06 23:10:54',NULL),(4073,3786,4120,4586,40876,22,1,622,0.2951,3.0000,1,0.00,0.00,0.00,0.00,0.00,0.00,0.00,0.00,0,'2023-01-06 23:10:54','2023-01-06 23:10:54',NULL),(4074,3786,4120,4586,40876,23,1,816,0.6116,3.5000,1,0.00,0.00,0.00,0.00,0.00,0.00,0.00,0.00,0,'2023-01-06 23:10:54','2023-01-06 23:10:54',NULL),(4075,3786,4120,4586,40876,23,1,622,0.6116,5.0000,1,0.00,0.00,0.00,0.00,0.00,0.00,0.00,0.00,0,'2023-01-06 23:10:54','2023-01-06 23:10:54',NULL),(4076,3786,4120,4586,40876,5,1,816,0.0041,3.5000,1,0.00,0.00,0.00,0.00,0.00,0.00,0.00,0.00,0,'2023-01-06 23:10:54','2023-01-06 23:10:54',NULL),(4077,3786,4120,4586,40876,5,1,622,0.0041,3.5000,1,0.00,0.00,0.00,0.00,0.00,0.00,0.00,0.00,0,'2023-01-06 23:10:54','2023-01-06 23:10:54',NULL),(4078,3786,4120,4586,40876,18,1,816,0.0182,3.0000,1,0.00,0.00,0.00,0.00,0.00,0.00,0.00,0.00,0,'2023-01-06 23:10:54','2023-01-06 23:10:54',NULL),(4079,3786,4120,4586,40876,18,1,622,0.0182,3.0000,1,0.00,0.00,0.00,0.00,0.00,0.00,0.00,0.00,0,'2023-01-06 23:10:54','2023-01-06 23:10:54',NULL);
INSERT INTO `period_liquidation_details` VALUES (4080,3786,4120,4586,40876,17,1,816,0.0079,3.0000,1,0.00,0.00,0.00,0.00,0.00,0.00,0.00,0.00,0,'2023-01-06 23:10:54','2023-01-06 23:10:54',NULL),(4081,3786,4120,4586,40876,17,1,622,0.0079,3.0000,1,0.00,0.00,0.00,0.00,0.00,0.00,0.00,0.00,0,'2023-01-06 23:10:54','2023-01-06 23:10:54',NULL),(4082,3786,4120,4586,40876,12,1,816,0.0120,5.0000,1,0.00,0.00,0.00,0.00,0.00,0.00,0.00,0.00,0,'2023-01-06 23:10:54','2023-01-06 23:10:54',NULL),(4083,3786,4120,4586,40876,12,1,622,0.0120,5.0000,1,0.00,0.00,0.00,0.00,0.00,0.00,0.00,0.00,0,'2023-01-06 23:10:54','2023-01-06 23:10:54',NULL),(4084,3786,4120,4586,40876,1,1,816,0.0511,4.7500,1,0.00,0.00,0.00,0.00,0.00,0.00,0.00,0.00,0,'2023-01-06 23:10:54','2023-01-06 23:10:54',NULL),(4085,3786,4120,4586,40876,1,1,622,0.0511,4.7500,1,0.00,0.00,0.00,0.00,0.00,0.00,0.00,0.00,0,'2023-01-06 23:10:54','2023-01-06 23:10:54',NULL),(4086,3786,4120,4586,40876,24,2,816,1.0000,3.0000,10,0.00,0.00,0.00,0.00,0.00,0.00,0.00,0.00,0,'2023-01-06 23:10:54','2023-01-06 23:10:54',NULL),(4087,3786,4120,4586,40876,24,2,622,1.0000,3.0000,10,0.00,0.00,0.00,0.00,0.00,0.00,0.00,0.00,0,'2023-01-06 23:10:54','2023-01-06 23:10:54',NULL),(4088,3786,4122,3071,40721,23,2,789,1.0000,5.0000,1,2461990.97,123099.55,0.00,0.00,0.00,0.00,0.00,0.00,0,'2023-01-10 13:32:58','2023-01-10 13:32:58',NULL),(4133,3786,4211,4590,40876,22,1,816,0.2951,3.0000,1,0.00,0.00,0.00,0.00,0.00,0.00,0.00,0.00,0,'2023-02-02 18:24:35','2023-02-02 18:24:35',NULL),(4134,3786,4211,4590,40876,22,1,622,0.2951,3.0000,1,0.00,0.00,0.00,0.00,0.00,0.00,0.00,0.00,0,'2023-02-02 18:24:35','2023-02-02 18:24:35',NULL),(4135,3786,4211,4590,40876,23,1,816,0.6116,3.5000,1,0.00,0.00,0.00,0.00,0.00,0.00,0.00,0.00,0,'2023-02-02 18:24:35','2023-02-02 18:24:35',NULL),(4136,3786,4211,4590,40876,23,1,622,0.6116,5.0000,1,0.00,0.00,0.00,0.00,0.00,0.00,0.00,0.00,0,'2023-02-02 18:24:35','2023-02-02 18:24:35',NULL),(4137,3786,4211,4590,40876,5,1,816,0.0041,3.5000,1,0.00,0.00,0.00,0.00,0.00,0.00,0.00,0.00,0,'2023-02-02 18:24:35','2023-02-02 18:24:35',NULL),(4138,3786,4211,4590,40876,5,1,622,0.0041,3.5000,1,0.00,0.00,0.00,0.00,0.00,0.00,0.00,0.00,0,'2023-02-02 18:24:35','2023-02-02 18:24:35',NULL),(4139,3786,4211,4590,40876,18,1,816,0.0182,3.0000,1,0.00,0.00,0.00,0.00,0.00,0.00,0.00,0.00,0,'2023-02-02 18:24:35','2023-02-02 18:24:35',NULL),(4140,3786,4211,4590,40876,18,1,622,0.0182,3.0000,1,0.00,0.00,0.00,0.00,0.00,0.00,0.00,0.00,0,'2023-02-02 18:24:35','2023-02-02 18:24:35',NULL),(4141,3786,4211,4590,40876,17,1,816,0.0079,3.0000,1,0.00,0.00,0.00,0.00,0.00,0.00,0.00,0.00,0,'2023-02-02 18:24:35','2023-02-02 18:24:35',NULL),(4142,3786,4211,4590,40876,17,1,622,0.0079,3.0000,1,0.00,0.00,0.00,0.00,0.00,0.00,0.00,0.00,0,'2023-02-02 18:24:35','2023-02-02 18:24:35',NULL),(4143,3786,4211,4590,40876,12,1,816,0.0120,5.0000,1,0.00,0.00,0.00,0.00,0.00,0.00,0.00,0.00,0,'2023-02-02 18:24:35','2023-02-02 18:24:35',NULL),(4144,3786,4211,4590,40876,12,1,622,0.0120,5.0000,1,0.00,0.00,0.00,0.00,0.00,0.00,0.00,0.00,0,'2023-02-02 18:24:35','2023-02-02 18:24:35',NULL),(4145,3786,4211,4590,40876,1,1,816,0.0511,4.7500,1,0.00,0.00,0.00,0.00,0.00,0.00,0.00,0.00,0,'2023-02-02 18:24:35','2023-02-02 18:24:35',NULL),(4146,3786,4211,4590,40876,1,1,622,0.0511,4.7500,1,0.00,0.00,0.00,0.00,0.00,0.00,0.00,0.00,0,'2023-02-02 18:24:35','2023-02-02 18:24:35',NULL),(4147,3786,4211,4590,40876,24,2,816,1.0000,3.0000,10,0.00,0.00,0.00,0.00,0.00,0.00,0.00,0.00,0,'2023-02-02 18:24:35','2023-02-02 18:24:35',NULL),(4148,3786,4211,4590,40876,24,2,622,1.0000,3.0000,10,0.00,0.00,0.00,0.00,0.00,0.00,0.00,0.00,0,'2023-02-02 18:24:35','2023-02-02 18:24:35',NULL),(4153,3786,4221,8502,40721,23,2,789,1.0000,5.0000,1,950387.12,47519.36,0.00,0.00,0.00,0.00,0.00,0.00,0,'2023-02-06 12:09:11','2023-02-06 12:09:11',NULL),(4187,3786,4288,4591,40876,22,1,816,0.2951,3.0000,1,0.00,0.00,0.00,0.00,0.00,0.00,0.00,0.00,0,'2023-03-06 17:13:56','2023-03-06 17:13:56',NULL);
INSERT INTO `period_liquidation_details` VALUES (4188,3786,4288,4591,40876,22,1,622,0.2951,3.0000,1,0.00,0.00,0.00,0.00,0.00,0.00,0.00,0.00,0,'2023-03-06 17:13:56','2023-03-06 17:13:56',NULL),(4189,3786,4288,4591,40876,23,1,816,0.6116,3.5000,1,0.00,0.00,0.00,0.00,0.00,0.00,0.00,0.00,0,'2023-03-06 17:13:56','2023-03-06 17:13:56',NULL),(4190,3786,4288,4591,40876,23,1,622,0.6116,5.0000,1,0.00,0.00,0.00,0.00,0.00,0.00,0.00,0.00,0,'2023-03-06 17:13:56','2023-03-06 17:13:56',NULL),(4191,3786,4288,4591,40876,5,1,816,0.0041,3.5000,1,0.00,0.00,0.00,0.00,0.00,0.00,0.00,0.00,0,'2023-03-06 17:13:56','2023-03-06 17:13:56',NULL),(4192,3786,4288,4591,40876,5,1,622,0.0041,3.5000,1,0.00,0.00,0.00,0.00,0.00,0.00,0.00,0.00,0,'2023-03-06 17:13:56','2023-03-06 17:13:56',NULL),(4193,3786,4288,4591,40876,18,1,816,0.0182,3.0000,1,0.00,0.00,0.00,0.00,0.00,0.00,0.00,0.00,0,'2023-03-06 17:13:56','2023-03-06 17:13:56',NULL),(4194,3786,4288,4591,40876,18,1,622,0.0182,3.0000,1,0.00,0.00,0.00,0.00,0.00,0.00,0.00,0.00,0,'2023-03-06 17:13:56','2023-03-06 17:13:56',NULL),(4195,3786,4288,4591,40876,17,1,816,0.0079,3.0000,1,0.00,0.00,0.00,0.00,0.00,0.00,0.00,0.00,0,'2023-03-06 17:13:56','2023-03-06 17:13:56',NULL),(4196,3786,4288,4591,40876,17,1,622,0.0079,3.0000,1,0.00,0.00,0.00,0.00,0.00,0.00,0.00,0.00,0,'2023-03-06 17:13:56','2023-03-06 17:13:56',NULL),(4197,3786,4288,4591,40876,12,1,816,0.0120,5.0000,1,0.00,0.00,0.00,0.00,0.00,0.00,0.00,0.00,0,'2023-03-06 17:13:56','2023-03-06 17:13:56',NULL),(4198,3786,4288,4591,40876,12,1,622,0.0120,5.0000,1,0.00,0.00,0.00,0.00,0.00,0.00,0.00,0.00,0,'2023-03-06 17:13:56','2023-03-06 17:13:56',NULL),(4199,3786,4288,4591,40876,1,1,816,0.0511,4.7500,1,0.00,0.00,0.00,0.00,0.00,0.00,0.00,0.00,0,'2023-03-06 17:13:56','2023-03-06 17:13:56',NULL),(4200,3786,4288,4591,40876,1,1,622,0.0511,4.7500,1,0.00,0.00,0.00,0.00,0.00,0.00,0.00,0.00,0,'2023-03-06 17:13:56','2023-03-06 17:13:56',NULL),(4201,3786,4288,4591,40876,24,2,816,1.0000,3.0000,10,0.00,0.00,0.00,0.00,0.00,0.00,0.00,0.00,0,'2023-03-06 17:13:56','2023-03-06 17:13:56',NULL),(4202,3786,4288,4591,40876,24,2,622,1.0000,3.0000,10,0.00,0.00,0.00,0.00,0.00,0.00,0.00,0.00,0,'2023-03-06 17:13:56','2023-03-06 17:13:56',NULL),(4397,3786,4337,8503,40721,23,2,789,1.0000,5.0000,1,959137.11,47956.86,0.00,0.00,0.00,0.00,0.00,0.00,0,'2023-03-20 14:29:00','2023-03-20 14:29:00',NULL),(4456,3786,4393,8504,40721,23,2,789,1.0000,5.0000,1,965594.14,48279.71,0.00,0.00,0.00,0.00,0.00,0.00,0,'2023-04-10 12:57:54','2023-04-10 12:57:54',NULL),(4457,3786,4394,4592,40876,22,2,816,1.0000,3.0000,10,0.00,0.00,0.00,0.00,0.00,0.00,0.00,0.00,0,'2023-04-10 14:56:39','2023-04-10 14:56:39',NULL),(4458,3786,4394,4592,40876,22,2,622,1.0000,3.0000,10,0.00,0.00,0.00,0.00,0.00,0.00,0.00,0.00,0,'2023-04-10 14:56:39','2023-04-10 14:56:39',NULL),(4459,3786,4394,4592,40876,23,1,816,0.7660,3.5000,1,114600.00,3072.43,0.00,0.00,0.00,0.00,0.00,0.00,0,'2023-04-10 14:56:39','2023-04-10 14:56:39',NULL),(4460,3786,4394,4592,40876,23,1,622,0.7660,5.0000,1,250000.00,9575.00,0.00,0.00,0.00,0.00,0.00,0.00,0,'2023-04-10 14:56:39','2023-04-10 14:56:39',NULL),(4461,3786,4394,4592,40876,5,2,816,1.0000,3.5000,10,0.00,0.00,0.00,0.00,0.00,0.00,0.00,0.00,0,'2023-04-10 14:56:39','2023-04-10 14:56:39',NULL),(4462,3786,4394,4592,40876,5,2,622,1.0000,3.5000,10,0.00,0.00,0.00,0.00,0.00,0.00,0.00,0.00,0,'2023-04-10 14:56:39','2023-04-10 14:56:39',NULL),(4463,3786,4394,4592,40876,18,2,816,1.0000,3.0000,10,0.00,0.00,0.00,0.00,0.00,0.00,0.00,0.00,0,'2023-04-10 14:56:39','2023-04-10 14:56:39',NULL),(4464,3786,4394,4592,40876,18,2,622,1.0000,3.0000,10,0.00,0.00,0.00,0.00,0.00,0.00,0.00,0.00,0,'2023-04-10 14:56:39','2023-04-10 14:56:39',NULL),(4465,3786,4394,4592,40876,12,2,816,1.0000,5.0000,10,0.00,0.00,0.00,0.00,0.00,0.00,0.00,0.00,0,'2023-04-10 14:56:39','2023-04-10 14:56:39',NULL),(4466,3786,4394,4592,40876,12,2,622,1.0000,5.0000,10,0.00,0.00,0.00,0.00,0.00,0.00,0.00,0.00,0,'2023-04-10 14:56:39','2023-04-10 14:56:39',NULL);
INSERT INTO `period_liquidation_details` VALUES (4467,3786,4394,4592,40876,1,2,816,1.0000,4.7500,10,0.00,0.00,0.00,0.00,0.00,0.00,0.00,0.00,0,'2023-04-10 14:56:39','2023-04-10 14:56:39',NULL),(4468,3786,4394,4592,40876,1,2,622,1.0000,4.7500,10,0.00,0.00,0.00,0.00,0.00,0.00,0.00,0.00,0,'2023-04-10 14:56:39','2023-04-10 14:56:39',NULL),(4469,3786,4394,4592,40876,24,1,816,0.2340,3.0000,1,114600.00,804.49,0.00,0.00,0.00,0.00,0.00,0.00,0,'2023-04-10 14:56:39','2023-04-10 14:56:39',NULL),(4470,3786,4394,4592,40876,24,1,622,0.2340,3.0000,1,250000.00,1755.00,0.00,0.00,0.00,0.00,0.00,0.00,0,'2023-04-10 14:56:39','2023-04-10 14:56:39',NULL),(4539,3786,4423,4593,40876,22,2,816,1.0000,3.0000,10,0.00,0.00,0.00,0.00,0.00,0.00,0.00,0.00,0,'2023-04-18 16:23:10','2023-04-18 16:23:10',NULL),(4540,3786,4423,4593,40876,22,2,622,1.0000,3.0000,10,0.00,0.00,0.00,0.00,0.00,0.00,0.00,0.00,0,'2023-04-18 16:23:10','2023-04-18 16:23:10',NULL),(4541,3786,4423,4593,40876,23,1,816,0.7660,3.5000,1,0.00,0.00,0.00,0.00,0.00,0.00,0.00,0.00,0,'2023-04-18 16:23:10','2023-04-18 16:23:10',NULL),(4542,3786,4423,4593,40876,23,1,622,0.7660,5.0000,1,0.00,0.00,0.00,0.00,0.00,0.00,0.00,0.00,0,'2023-04-18 16:23:10','2023-04-18 16:23:10',NULL),(4543,3786,4423,4593,40876,5,2,816,1.0000,3.5000,10,0.00,0.00,0.00,0.00,0.00,0.00,0.00,0.00,0,'2023-04-18 16:23:10','2023-04-18 16:23:10',NULL),(4544,3786,4423,4593,40876,5,2,622,1.0000,3.5000,10,0.00,0.00,0.00,0.00,0.00,0.00,0.00,0.00,0,'2023-04-18 16:23:10','2023-04-18 16:23:10',NULL),(4545,3786,4423,4593,40876,18,2,816,1.0000,3.0000,10,0.00,0.00,0.00,0.00,0.00,0.00,0.00,0.00,0,'2023-04-18 16:23:10','2023-04-18 16:23:10',NULL),(4546,3786,4423,4593,40876,18,2,622,1.0000,3.0000,10,0.00,0.00,0.00,0.00,0.00,0.00,0.00,0.00,0,'2023-04-18 16:23:10','2023-04-18 16:23:10',NULL),(4547,3786,4423,4593,40876,12,2,816,1.0000,5.0000,10,0.00,0.00,0.00,0.00,0.00,0.00,0.00,0.00,0,'2023-04-18 16:23:10','2023-04-18 16:23:10',NULL),(4548,3786,4423,4593,40876,12,2,622,1.0000,5.0000,10,0.00,0.00,0.00,0.00,0.00,0.00,0.00,0.00,0,'2023-04-18 16:23:10','2023-04-18 16:23:10',NULL),(4549,3786,4423,4593,40876,1,2,816,1.0000,4.7500,10,0.00,0.00,0.00,0.00,0.00,0.00,0.00,0.00,0,'2023-04-18 16:23:10','2023-04-18 16:23:10',NULL),(4550,3786,4423,4593,40876,1,2,622,1.0000,4.7500,10,0.00,0.00,0.00,0.00,0.00,0.00,0.00,0.00,0,'2023-04-18 16:23:10','2023-04-18 16:23:10',NULL),(4551,3786,4423,4593,40876,24,1,816,0.2340,3.0000,1,0.00,0.00,0.00,0.00,0.00,0.00,0.00,0.00,0,'2023-04-18 16:23:10','2023-04-18 16:23:10',NULL),(4552,3786,4423,4593,40876,24,1,622,0.2340,3.0000,1,0.00,0.00,0.00,0.00,0.00,0.00,0.00,0.00,0,'2023-04-18 16:23:10','2023-04-18 16:23:10',NULL),(4601,3786,4493,14312,41208,22,1,789,0.0000,0.0000,1,71400.00,0.00,0.00,0.00,0.00,0.00,0.00,0.00,0,'2023-05-12 16:47:58','2023-05-12 16:47:58',NULL),(4602,3786,4494,14313,41208,22,1,789,0.0000,0.0000,1,71400.00,0.00,0.00,0.00,0.00,0.00,0.00,0.00,0,'2023-05-12 16:48:44','2023-05-12 16:48:44',NULL),(4603,3786,4495,14314,41208,22,1,789,0.0000,0.0000,1,85680.00,0.00,0.00,0.00,0.00,0.00,0.00,0.00,0,'2023-05-12 16:48:54','2023-05-12 16:48:54',NULL),(4604,3786,4496,14315,41208,22,1,789,0.0000,0.0000,1,85680.00,0.00,0.00,0.00,0.00,0.00,0.00,0.00,0,'2023-05-12 16:49:04','2023-05-12 16:49:04',NULL),(4605,3786,4497,14316,41208,22,1,789,0.0000,0.0000,1,85680.00,0.00,0.00,0.00,0.00,0.00,0.00,0.00,0,'2023-05-12 16:49:25','2023-05-12 16:49:25',NULL),(4606,3786,4498,14317,41208,22,1,789,0.0000,0.0000,1,85680.00,0.00,0.00,0.00,0.00,0.00,0.00,0.00,0,'2023-05-12 16:49:34','2023-05-12 16:49:34',NULL),(4607,3786,4499,14318,41208,22,1,789,0.0000,0.0000,1,85680.00,0.00,0.00,0.00,0.00,0.00,0.00,0.00,0,'2023-05-12 16:49:43','2023-05-12 16:49:43',NULL),(4608,3786,4500,14319,41208,22,1,789,0.0000,0.0000,1,85680.00,0.00,0.00,0.00,0.00,0.00,0.00,0.00,0,'2023-05-12 16:49:53','2023-05-12 16:49:53',NULL),(4609,3786,4501,14320,41208,22,1,789,0.0000,0.0000,1,102816.00,0.00,0.00,0.00,0.00,0.00,0.00,0.00,0,'2023-05-12 16:50:01','2023-05-12 16:50:01',NULL);
INSERT INTO `period_liquidation_details` VALUES (4610,3786,4502,14321,41208,22,1,789,0.0000,0.0000,1,102816.00,0.00,0.00,0.00,0.00,0.00,0.00,0.00,0,'2023-05-12 16:50:11','2023-05-12 16:50:11',NULL),(4611,3786,4503,14322,41208,22,1,789,0.0000,0.0000,1,205632.00,0.00,0.00,0.00,0.00,0.00,0.00,0.00,0,'2023-05-12 16:50:20','2023-05-12 16:50:20',NULL),(4612,3786,4504,14323,41208,22,1,789,0.0000,0.0000,1,102816.00,0.00,0.00,0.00,0.00,0.00,0.00,0.00,0,'2023-05-12 16:50:37','2023-05-12 16:50:37',NULL),(4613,3786,4505,14327,41208,22,1,789,0.0000,0.0000,1,102816.00,0.00,0.00,0.00,0.00,0.00,0.00,0.00,0,'2023-05-12 16:50:52','2023-05-12 16:50:52',NULL),(4614,3786,4506,14328,41208,22,1,789,0.0000,0.0000,1,102816.00,0.00,0.00,0.00,0.00,0.00,0.00,0.00,0,'2023-05-12 16:51:01','2023-05-12 16:51:01',NULL),(4615,3786,4507,14329,41208,22,1,789,0.0000,0.0000,1,123354.00,0.00,0.00,0.00,0.00,0.00,0.00,0.00,0,'2023-05-12 16:51:11','2023-05-12 16:51:11',NULL),(4616,3786,4508,14330,41208,22,1,789,0.0000,0.0000,1,123354.00,0.00,0.00,0.00,0.00,0.00,0.00,0.00,0,'2023-05-12 16:51:23','2023-05-12 16:51:23',NULL),(4643,3786,4561,3078,40721,23,2,789,1.0000,5.0000,1,1437262.89,71863.14,0.00,0.00,0.00,0.00,0.00,0.00,0,'2023-06-07 18:05:59','2023-06-07 18:05:59',NULL),(4742,3786,4595,4594,40876,22,2,816,1.0000,3.0000,10,0.00,0.00,0.00,0.00,0.00,0.00,0.00,0.00,0,'2023-06-14 21:17:30','2023-06-14 21:17:30',NULL),(4743,3786,4595,4594,40876,22,2,622,1.0000,3.0000,10,0.00,0.00,0.00,0.00,0.00,0.00,0.00,0.00,0,'2023-06-14 21:17:30','2023-06-14 21:17:30',NULL),(4744,3786,4595,4594,40876,23,1,816,0.7660,3.5000,1,60000.00,1608.60,0.00,0.00,0.00,0.00,0.00,0.00,0,'2023-06-14 21:17:30','2023-06-14 21:17:30',NULL),(4745,3786,4595,4594,40876,23,1,622,0.7660,5.0000,1,0.00,0.00,0.00,0.00,0.00,0.00,0.00,0.00,0,'2023-06-14 21:17:30','2023-06-14 21:17:30',NULL),(4746,3786,4595,4594,40876,5,2,816,1.0000,3.5000,10,0.00,0.00,0.00,0.00,0.00,0.00,0.00,0.00,0,'2023-06-14 21:17:30','2023-06-14 21:17:30',NULL),(4747,3786,4595,4594,40876,5,2,622,1.0000,3.5000,10,0.00,0.00,0.00,0.00,0.00,0.00,0.00,0.00,0,'2023-06-14 21:17:30','2023-06-14 21:17:30',NULL),(4748,3786,4595,4594,40876,18,2,816,1.0000,3.0000,10,0.00,0.00,0.00,0.00,0.00,0.00,0.00,0.00,0,'2023-06-14 21:17:30','2023-06-14 21:17:30',NULL),(4749,3786,4595,4594,40876,18,2,622,1.0000,3.0000,10,0.00,0.00,0.00,0.00,0.00,0.00,0.00,0.00,0,'2023-06-14 21:17:30','2023-06-14 21:17:30',NULL),(4750,3786,4595,4594,40876,12,2,816,1.0000,5.0000,10,0.00,0.00,0.00,0.00,0.00,0.00,0.00,0.00,0,'2023-06-14 21:17:30','2023-06-14 21:17:30',NULL),(4751,3786,4595,4594,40876,12,2,622,1.0000,5.0000,10,0.00,0.00,0.00,0.00,0.00,0.00,0.00,0.00,0,'2023-06-14 21:17:30','2023-06-14 21:17:30',NULL),(4752,3786,4595,4594,40876,1,2,816,1.0000,4.7500,10,0.00,0.00,0.00,0.00,0.00,0.00,0.00,0.00,0,'2023-06-14 21:17:30','2023-06-14 21:17:30',NULL),(4753,3786,4595,4594,40876,1,2,622,1.0000,4.7500,10,0.00,0.00,0.00,0.00,0.00,0.00,0.00,0.00,0,'2023-06-14 21:17:30','2023-06-14 21:17:30',NULL),(4754,3786,4595,4594,40876,24,1,816,0.2340,3.0000,1,60000.00,421.20,0.00,0.00,0.00,0.00,0.00,0.00,0,'2023-06-14 21:17:30','2023-06-14 21:17:30',NULL),(4755,3786,4595,4594,40876,24,1,622,0.2340,3.0000,1,0.00,0.00,0.00,0.00,0.00,0.00,0.00,0.00,0,'2023-06-14 21:17:30','2023-06-14 21:17:30',NULL),(4762,3786,4606,3079,40721,23,2,789,1.0000,5.0000,1,1437262.89,71863.14,0.00,0.00,0.00,0.00,0.00,0.00,0,'2023-06-28 15:20:03','2023-06-28 15:20:03',NULL),(4786,3786,4654,3080,40721,23,2,789,1.0000,5.0000,1,1526510.83,76325.54,0.00,0.00,0.00,0.00,0.00,0.00,0,'2023-07-05 12:41:40','2023-07-05 12:41:40',NULL),(4790,3786,4661,4595,40876,22,2,816,1.0000,3.0000,10,0.00,0.00,0.00,0.00,0.00,0.00,0.00,0.00,0,'2023-07-11 11:16:42','2023-07-11 11:16:42',NULL),(4791,3786,4661,4595,40876,22,2,622,1.0000,3.0000,10,0.00,0.00,0.00,0.00,0.00,0.00,0.00,0.00,0,'2023-07-11 11:16:42','2023-07-11 11:16:42',NULL),(4792,3786,4661,4595,40876,23,1,816,0.7660,3.5000,1,60000.00,1608.60,0.00,0.00,0.00,0.00,0.00,0.00,0,'2023-07-11 11:16:42','2023-07-11 11:16:42',NULL);
INSERT INTO `period_liquidation_details` VALUES (4793,3786,4661,4595,40876,23,1,622,0.7660,5.0000,1,0.00,0.00,0.00,0.00,0.00,0.00,0.00,0.00,0,'2023-07-11 11:16:42','2023-07-11 11:16:42',NULL),(4794,3786,4661,4595,40876,5,2,816,1.0000,3.5000,10,0.00,0.00,0.00,0.00,0.00,0.00,0.00,0.00,0,'2023-07-11 11:16:42','2023-07-11 11:16:42',NULL),(4795,3786,4661,4595,40876,5,2,622,1.0000,3.5000,10,0.00,0.00,0.00,0.00,0.00,0.00,0.00,0.00,0,'2023-07-11 11:16:42','2023-07-11 11:16:42',NULL),(4796,3786,4661,4595,40876,18,2,816,1.0000,3.0000,10,0.00,0.00,0.00,0.00,0.00,0.00,0.00,0.00,0,'2023-07-11 11:16:42','2023-07-11 11:16:42',NULL),(4797,3786,4661,4595,40876,18,2,622,1.0000,3.0000,10,0.00,0.00,0.00,0.00,0.00,0.00,0.00,0.00,0,'2023-07-11 11:16:42','2023-07-11 11:16:42',NULL),(4798,3786,4661,4595,40876,12,2,816,1.0000,5.0000,10,0.00,0.00,0.00,0.00,0.00,0.00,0.00,0.00,0,'2023-07-11 11:16:42','2023-07-11 11:16:42',NULL),(4799,3786,4661,4595,40876,12,2,622,1.0000,5.0000,10,0.00,0.00,0.00,0.00,0.00,0.00,0.00,0.00,0,'2023-07-11 11:16:42','2023-07-11 11:16:42',NULL),(4800,3786,4661,4595,40876,1,2,816,1.0000,4.7500,10,0.00,0.00,0.00,0.00,0.00,0.00,0.00,0.00,0,'2023-07-11 11:16:42','2023-07-11 11:16:42',NULL),(4801,3786,4661,4595,40876,1,2,622,1.0000,4.7500,10,0.00,0.00,0.00,0.00,0.00,0.00,0.00,0.00,0,'2023-07-11 11:16:42','2023-07-11 11:16:42',NULL),(4802,3786,4661,4595,40876,24,1,816,0.2340,3.0000,1,60000.00,421.20,0.00,0.00,0.00,0.00,0.00,0.00,0,'2023-07-11 11:16:42','2023-07-11 11:16:42',NULL),(4803,3786,4661,4595,40876,24,1,622,0.2340,3.0000,1,0.00,0.00,0.00,0.00,0.00,0.00,0.00,0.00,0,'2023-07-11 11:16:42','2023-07-11 11:16:42',NULL),(4806,3786,4666,14331,41208,22,1,789,0.0000,0.0000,1,123354.00,0.00,0.00,0.00,0.00,0.00,0.00,0.00,0,'2023-07-13 15:21:53','2023-07-13 15:21:53',NULL),(4807,3786,4667,14332,41208,22,1,789,0.0000,0.0000,1,123354.00,0.00,0.00,0.00,0.00,0.00,0.00,0.00,0,'2023-07-13 15:22:04','2023-07-13 15:22:04',NULL),(4808,3786,4668,17372,41210,23,1,645,0.0000,0.0000,1,15270.94,0.00,0.00,0.00,0.00,0.00,0.00,0.00,0,'2023-07-13 15:41:36','2023-07-13 15:41:36',NULL),(4809,3786,4669,17375,41210,23,1,645,0.0000,0.0000,1,68241.37,0.00,0.00,0.00,0.00,0.00,0.00,0.00,0,'2023-07-13 15:42:09','2023-07-13 15:42:09',NULL),(4810,3786,4670,17376,41210,23,1,645,0.0000,0.0000,1,61595.98,0.00,0.00,0.00,0.00,0.00,0.00,0.00,0,'2023-07-13 15:42:18','2023-07-13 15:42:18',NULL),(4811,3786,4671,17377,41210,23,1,645,0.0000,0.0000,1,82290.77,0.00,0.00,0.00,0.00,0.00,0.00,0.00,0,'2023-07-13 15:42:39','2023-07-13 15:42:39',NULL),(4812,3786,4672,17378,41210,23,1,645,0.0000,0.0000,1,87225.14,0.00,0.00,0.00,0.00,0.00,0.00,0.00,0,'2023-07-13 15:42:52','2023-07-13 15:42:52',NULL),(4813,3786,4673,17379,41210,23,1,645,0.0000,0.0000,1,48098.18,0.00,0.00,0.00,0.00,0.00,0.00,0.00,0,'2023-07-13 15:43:01','2023-07-13 15:43:01',NULL),(4814,3786,4674,17380,41210,23,1,645,0.0000,0.0000,1,92125.26,0.00,0.00,0.00,0.00,0.00,0.00,0.00,0,'2023-07-13 15:43:25','2023-07-13 15:43:25',NULL),(4815,3786,4675,17381,41210,23,1,645,0.0000,0.0000,1,123032.96,0.00,0.00,0.00,0.00,0.00,0.00,0.00,0,'2023-07-13 15:43:36','2023-07-13 15:43:36',NULL),(4816,3786,4676,17382,41210,23,1,645,0.0000,0.0000,1,103936.94,0.00,0.00,0.00,0.00,0.00,0.00,0.00,0,'2023-07-13 15:43:50','2023-07-13 15:43:50',NULL),(4817,3786,4677,17383,41210,23,1,645,0.0000,0.0000,1,119666.23,0.00,0.00,0.00,0.00,0.00,0.00,0.00,0,'2023-07-13 15:43:59','2023-07-13 15:43:59',NULL),(4818,3786,4678,17387,41210,23,1,645,0.0000,0.0000,1,12314.50,0.00,0.00,0.00,0.00,0.00,0.00,0.00,0,'2023-07-13 15:44:10','2023-07-13 15:44:10',NULL),(4819,3786,4679,17390,41210,23,1,645,0.0000,0.0000,1,165070.64,0.00,0.00,0.00,0.00,0.00,0.00,0.00,0,'2023-07-13 15:44:27','2023-07-13 15:44:27',NULL),(4820,3786,4680,17391,41210,23,1,645,0.0000,0.0000,1,152256.24,0.00,0.00,0.00,0.00,0.00,0.00,0.00,0,'2023-07-13 15:44:36','2023-07-13 15:44:36',NULL),(4821,3786,4681,17392,41210,23,1,645,0.0000,0.0000,1,169798.44,0.00,0.00,0.00,0.00,0.00,0.00,0.00,0,'2023-07-13 15:44:45','2023-07-13 15:44:45',NULL);
INSERT INTO `period_liquidation_details` VALUES (4847,3786,4692,12806,41204,23,1,946,0.8868,3.5000,1,65000.00,2017.47,0.00,0.00,0.00,0.00,0.00,0.00,0,'2023-07-14 15:50:57','2023-07-14 15:50:57',NULL),(4848,3786,4692,12806,41204,22,1,946,0.1132,3.0000,1,65000.00,220.74,0.00,0.00,0.00,0.00,0.00,0.00,0,'2023-07-14 15:50:57','2023-07-14 15:50:57',NULL),(4849,3786,4693,12807,41204,23,1,946,0.8868,3.5000,1,77000.00,2389.93,0.00,0.00,0.00,0.00,0.00,0.00,0,'2023-07-14 15:51:06','2023-07-14 15:51:06',NULL),(4850,3786,4693,12807,41204,22,1,946,0.1132,3.0000,1,77000.00,261.49,0.00,0.00,0.00,0.00,0.00,0.00,0,'2023-07-14 15:51:06','2023-07-14 15:51:06',NULL),(4851,3786,4694,12808,41204,23,1,946,0.8868,3.5000,1,12000.00,372.46,0.00,0.00,0.00,0.00,0.00,0.00,0,'2023-07-14 15:51:15','2023-07-14 15:51:15',NULL),(4852,3786,4694,12808,41204,22,1,946,0.1132,3.0000,1,12000.00,40.75,0.00,0.00,0.00,0.00,0.00,0.00,0,'2023-07-14 15:51:15','2023-07-14 15:51:15',NULL),(4853,3786,4695,12809,41204,23,1,946,0.8868,3.5000,1,109000.00,3383.14,0.00,0.00,0.00,0.00,0.00,0.00,0,'2023-07-14 15:51:23','2023-07-14 15:51:23',NULL),(4854,3786,4695,12809,41204,22,1,946,0.1132,3.0000,1,109000.00,370.16,0.00,0.00,0.00,0.00,0.00,0.00,0,'2023-07-14 15:51:23','2023-07-14 15:51:23',NULL),(4855,3786,4696,12810,41204,23,1,946,0.8868,3.5000,1,50000.00,1551.90,0.00,0.00,0.00,0.00,0.00,0.00,0,'2023-07-14 15:51:36','2023-07-14 15:51:36',NULL),(4856,3786,4696,12810,41204,22,1,946,0.1132,3.0000,1,50000.00,169.80,0.00,0.00,0.00,0.00,0.00,0.00,0,'2023-07-14 15:51:36','2023-07-14 15:51:36',NULL),(4857,3786,4697,12811,41204,23,1,946,0.8868,3.5000,1,40000.00,1241.52,0.00,0.00,0.00,0.00,0.00,0.00,0,'2023-07-14 15:51:44','2023-07-14 15:51:44',NULL),(4858,3786,4697,12811,41204,22,1,946,0.1132,3.0000,1,40000.00,135.84,0.00,0.00,0.00,0.00,0.00,0.00,0,'2023-07-14 15:51:44','2023-07-14 15:51:44',NULL),(4859,3786,4698,12816,41204,23,1,946,0.8868,3.5000,1,124500.00,3864.23,0.00,0.00,0.00,0.00,0.00,0.00,0,'2023-07-14 15:52:10','2023-07-14 15:52:10',NULL),(4860,3786,4698,12816,41204,22,1,946,0.1132,3.0000,1,124500.00,422.80,0.00,0.00,0.00,0.00,0.00,0.00,0,'2023-07-14 15:52:10','2023-07-14 15:52:10',NULL),(4861,3786,4699,12817,41204,23,1,946,0.8868,3.5000,1,161000.00,4997.12,0.00,0.00,0.00,0.00,0.00,0.00,0,'2023-07-14 15:52:21','2023-07-14 15:52:21',NULL),(4862,3786,4699,12817,41204,22,1,946,0.1132,3.0000,1,161000.00,546.76,0.00,0.00,0.00,0.00,0.00,0.00,0,'2023-07-14 15:52:21','2023-07-14 15:52:21',NULL),(4863,3786,4700,12818,41204,23,1,946,0.8868,3.5000,1,176000.00,5462.69,0.00,0.00,0.00,0.00,0.00,0.00,0,'2023-07-14 15:52:30','2023-07-14 15:52:30',NULL),(4864,3786,4700,12818,41204,22,1,946,0.1132,3.0000,1,176000.00,597.70,0.00,0.00,0.00,0.00,0.00,0.00,0,'2023-07-14 15:52:30','2023-07-14 15:52:30',NULL),(4865,3786,4701,12820,41204,23,1,946,0.8868,3.5000,1,147900.00,4590.52,0.00,0.00,0.00,0.00,0.00,0.00,0,'2023-07-14 15:52:40','2023-07-14 15:52:40',NULL),(4866,3786,4701,12820,41204,22,1,946,0.1132,3.0000,1,147900.00,502.27,0.00,0.00,0.00,0.00,0.00,0.00,0,'2023-07-14 15:52:40','2023-07-14 15:52:40',NULL),(4867,3786,4702,18908,41212,23,1,410,0.0000,0.0000,1,0.00,0.00,0.00,0.00,0.00,0.00,0.00,0.00,0,'2023-07-18 16:46:01','2023-07-18 16:46:01',NULL),(4868,3786,4702,18908,41212,23,1,625,0.0000,0.0000,1,143103.00,0.00,0.00,0.00,0.00,0.00,0.00,0.00,0,'2023-07-18 16:46:01','2023-07-18 16:46:01',NULL),(4869,3786,4702,18908,41212,23,1,601,0.0000,0.0000,1,0.00,0.00,0.00,0.00,0.00,0.00,0.00,0.00,0,'2023-07-18 16:46:01','2023-07-18 16:46:01',NULL),(4870,3786,4703,18909,41212,23,1,410,0.0000,0.0000,1,0.00,0.00,0.00,0.00,0.00,0.00,0.00,0.00,0,'2023-07-18 16:46:26','2023-07-18 16:46:26',NULL),(4871,3786,4703,18909,41212,23,1,625,0.0000,0.0000,1,175490.00,0.00,0.00,0.00,0.00,0.00,0.00,0.00,0,'2023-07-18 16:46:26','2023-07-18 16:46:26',NULL),(4872,3786,4703,18909,41212,23,1,601,0.0000,0.0000,1,0.00,0.00,0.00,0.00,0.00,0.00,0.00,0.00,0,'2023-07-18 16:46:26','2023-07-18 16:46:26',NULL);
INSERT INTO `period_liquidation_details` VALUES (4873,3786,4704,18910,41212,23,1,410,0.0000,0.0000,1,0.00,0.00,0.00,0.00,0.00,0.00,0.00,0.00,0,'2023-07-18 16:48:45','2023-07-18 16:48:45',NULL),(4874,3786,4704,18910,41212,23,1,625,0.0000,0.0000,1,171620.00,0.00,0.00,0.00,0.00,0.00,0.00,0.00,0,'2023-07-18 16:48:45','2023-07-18 16:48:45',NULL),(4875,3786,4704,18910,41212,23,1,601,0.0000,0.0000,1,0.00,0.00,0.00,0.00,0.00,0.00,0.00,0.00,0,'2023-07-18 16:48:45','2023-07-18 16:48:45',NULL),(4876,3786,4705,18911,41212,23,1,410,0.0000,0.0000,1,0.00,0.00,0.00,0.00,0.00,0.00,0.00,0.00,0,'2023-07-18 16:48:54','2023-07-18 16:48:54',NULL),(4877,3786,4705,18911,41212,23,1,625,0.0000,0.0000,1,150500.00,0.00,0.00,0.00,0.00,0.00,0.00,0.00,0,'2023-07-18 16:48:54','2023-07-18 16:48:54',NULL),(4878,3786,4705,18911,41212,23,1,601,0.0000,0.0000,1,0.00,0.00,0.00,0.00,0.00,0.00,0.00,0.00,0,'2023-07-18 16:48:54','2023-07-18 16:48:54',NULL),(4879,3786,4706,18912,41212,23,1,410,0.0000,0.0000,1,0.00,0.00,0.00,0.00,0.00,0.00,0.00,0.00,0,'2023-07-18 16:49:04','2023-07-18 16:49:04',NULL),(4880,3786,4706,18912,41212,23,1,625,0.0000,0.0000,1,142779.00,0.00,0.00,0.00,0.00,0.00,0.00,0.00,0,'2023-07-18 16:49:04','2023-07-18 16:49:04',NULL),(4881,3786,4706,18912,41212,23,1,601,0.0000,0.0000,1,0.00,0.00,0.00,0.00,0.00,0.00,0.00,0.00,0,'2023-07-18 16:49:04','2023-07-18 16:49:04',NULL),(4882,3786,4707,18913,41212,23,1,410,0.0000,0.0000,1,0.00,0.00,0.00,0.00,0.00,0.00,0.00,0.00,0,'2023-07-18 16:49:13','2023-07-18 16:49:13',NULL),(4883,3786,4707,18913,41212,23,1,625,0.0000,0.0000,1,120630.00,0.00,0.00,0.00,0.00,0.00,0.00,0.00,0,'2023-07-18 16:49:13','2023-07-18 16:49:13',NULL),(4884,3786,4707,18913,41212,23,1,601,0.0000,0.0000,1,0.00,0.00,0.00,0.00,0.00,0.00,0.00,0.00,0,'2023-07-18 16:49:13','2023-07-18 16:49:13',NULL),(4885,3786,4708,18917,41212,23,1,410,0.0000,0.0000,1,0.00,0.00,0.00,0.00,0.00,0.00,0.00,0.00,0,'2023-07-18 16:49:26','2023-07-18 16:49:26',NULL),(4886,3786,4708,18917,41212,23,1,625,0.0000,0.0000,1,0.00,0.00,0.00,0.00,0.00,0.00,0.00,0.00,0,'2023-07-18 16:49:26','2023-07-18 16:49:26',NULL),(4887,3786,4708,18917,41212,23,1,601,0.0000,0.0000,1,0.00,0.00,0.00,0.00,0.00,0.00,0.00,0.00,0,'2023-07-18 16:49:26','2023-07-18 16:49:26',NULL),(4888,3786,4709,18918,41212,23,1,410,0.0000,0.0000,1,0.00,0.00,0.00,0.00,0.00,0.00,0.00,0.00,0,'2023-07-18 16:49:35','2023-07-18 16:49:35',NULL),(4889,3786,4709,18918,41212,23,1,625,0.0000,0.0000,1,72500.00,0.00,0.00,0.00,0.00,0.00,0.00,0.00,0,'2023-07-18 16:49:35','2023-07-18 16:49:35',NULL),(4890,3786,4709,18918,41212,23,1,601,0.0000,0.0000,1,0.00,0.00,0.00,0.00,0.00,0.00,0.00,0.00,0,'2023-07-18 16:49:35','2023-07-18 16:49:35',NULL),(4891,3786,4710,18919,41212,23,1,410,0.0000,0.0000,1,0.00,0.00,0.00,0.00,0.00,0.00,0.00,0.00,0,'2023-07-18 16:49:45','2023-07-18 16:49:45',NULL),(4892,3786,4710,18919,41212,23,1,625,0.0000,0.0000,1,0.00,0.00,0.00,0.00,0.00,0.00,0.00,0.00,0,'2023-07-18 16:49:45','2023-07-18 16:49:45',NULL),(4893,3786,4710,18919,41212,23,1,601,0.0000,0.0000,1,0.00,0.00,0.00,0.00,0.00,0.00,0.00,0.00,0,'2023-07-18 16:49:45','2023-07-18 16:49:45',NULL),(4894,3786,4711,18920,41212,23,1,410,0.0000,0.0000,1,0.00,0.00,0.00,0.00,0.00,0.00,0.00,0.00,0,'2023-07-18 16:49:54','2023-07-18 16:49:54',NULL),(4895,3786,4711,18920,41212,23,1,625,0.0000,0.0000,1,0.00,0.00,0.00,0.00,0.00,0.00,0.00,0.00,0,'2023-07-18 16:49:54','2023-07-18 16:49:54',NULL),(4896,3786,4711,18920,41212,23,1,601,0.0000,0.0000,1,0.00,0.00,0.00,0.00,0.00,0.00,0.00,0.00,0,'2023-07-18 16:49:54','2023-07-18 16:49:54',NULL),(4897,3786,4712,18921,41212,23,1,410,0.0000,0.0000,1,0.00,0.00,0.00,0.00,0.00,0.00,0.00,0.00,0,'2023-07-18 16:50:14','2023-07-18 16:50:14',NULL),(4898,3786,4712,18921,41212,23,1,625,0.0000,0.0000,1,0.00,0.00,0.00,0.00,0.00,0.00,0.00,0.00,0,'2023-07-18 16:50:14','2023-07-18 16:50:14',NULL),(4899,3786,4712,18921,41212,23,1,601,0.0000,0.0000,1,0.00,0.00,0.00,0.00,0.00,0.00,0.00,0.00,0,'2023-07-18 16:50:14','2023-07-18 16:50:14',NULL);
INSERT INTO `period_liquidation_details` VALUES (4900,3786,4713,18922,41212,23,1,410,0.0000,0.0000,1,0.00,0.00,0.00,0.00,0.00,0.00,0.00,0.00,0,'2023-07-18 16:50:24','2023-07-18 16:50:24',NULL),(4901,3786,4713,18922,41212,23,1,625,0.0000,0.0000,1,0.00,0.00,0.00,0.00,0.00,0.00,0.00,0.00,0,'2023-07-18 16:50:24','2023-07-18 16:50:24',NULL),(4902,3786,4713,18922,41212,23,1,601,0.0000,0.0000,1,0.00,0.00,0.00,0.00,0.00,0.00,0.00,0.00,0,'2023-07-18 16:50:24','2023-07-18 16:50:24',NULL),(4934,3786,4777,3081,40721,23,2,789,1.0000,5.0000,1,1627451.11,81372.56,0.00,0.00,0.00,0.00,0.00,0.00,0,'2023-08-02 18:45:15','2023-08-02 18:45:15',NULL),(4940,3786,4788,4596,40876,22,2,816,1.0000,3.0000,10,0.00,0.00,0.00,0.00,0.00,0.00,0.00,0.00,0,'2023-08-08 11:42:23','2023-08-08 11:42:23',NULL),(4941,3786,4788,4596,40876,22,2,622,1.0000,3.0000,10,0.00,0.00,0.00,0.00,0.00,0.00,0.00,0.00,0,'2023-08-08 11:42:23','2023-08-08 11:42:23',NULL),(4942,3786,4788,4596,40876,23,1,816,0.7660,3.5000,1,60000.00,1608.60,0.00,0.00,0.00,0.00,0.00,0.00,0,'2023-08-08 11:42:23','2023-08-08 11:42:23',NULL),(4943,3786,4788,4596,40876,23,1,622,0.7660,5.0000,1,0.00,0.00,0.00,0.00,0.00,0.00,0.00,0.00,0,'2023-08-08 11:42:23','2023-08-08 11:42:23',NULL),(4944,3786,4788,4596,40876,5,2,816,1.0000,3.5000,10,0.00,0.00,0.00,0.00,0.00,0.00,0.00,0.00,0,'2023-08-08 11:42:23','2023-08-08 11:42:23',NULL),(4945,3786,4788,4596,40876,5,2,622,1.0000,3.5000,10,0.00,0.00,0.00,0.00,0.00,0.00,0.00,0.00,0,'2023-08-08 11:42:23','2023-08-08 11:42:23',NULL),(4946,3786,4788,4596,40876,18,2,816,1.0000,3.0000,10,0.00,0.00,0.00,0.00,0.00,0.00,0.00,0.00,0,'2023-08-08 11:42:23','2023-08-08 11:42:23',NULL),(4947,3786,4788,4596,40876,18,2,622,1.0000,3.0000,10,0.00,0.00,0.00,0.00,0.00,0.00,0.00,0.00,0,'2023-08-08 11:42:23','2023-08-08 11:42:23',NULL),(4948,3786,4788,4596,40876,12,2,816,1.0000,5.0000,10,0.00,0.00,0.00,0.00,0.00,0.00,0.00,0.00,0,'2023-08-08 11:42:23','2023-08-08 11:42:23',NULL),(4949,3786,4788,4596,40876,12,2,622,1.0000,5.0000,10,0.00,0.00,0.00,0.00,0.00,0.00,0.00,0.00,0,'2023-08-08 11:42:23','2023-08-08 11:42:23',NULL),(4950,3786,4788,4596,40876,1,2,816,1.0000,4.7500,10,0.00,0.00,0.00,0.00,0.00,0.00,0.00,0.00,0,'2023-08-08 11:42:23','2023-08-08 11:42:23',NULL),(4951,3786,4788,4596,40876,1,2,622,1.0000,4.7500,10,0.00,0.00,0.00,0.00,0.00,0.00,0.00,0.00,0,'2023-08-08 11:42:23','2023-08-08 11:42:23',NULL),(4952,3786,4788,4596,40876,24,1,816,0.2340,3.0000,1,60000.00,421.20,0.00,0.00,0.00,0.00,0.00,0.00,0,'2023-08-08 11:42:23','2023-08-08 11:42:23',NULL),(4953,3786,4788,4596,40876,24,1,622,0.2340,3.0000,1,0.00,0.00,0.00,0.00,0.00,0.00,0.00,0.00,0,'2023-08-08 11:42:23','2023-08-08 11:42:23',NULL),(4992,3786,4865,4597,40876,22,2,816,1.0000,3.0000,10,0.00,0.00,0.00,0.00,0.00,0.00,0.00,0.00,0,'2023-09-11 12:16:41','2023-09-11 12:16:41',NULL),(4993,3786,4865,4597,40876,22,2,622,1.0000,3.0000,10,0.00,0.00,0.00,0.00,0.00,0.00,0.00,0.00,0,'2023-09-11 12:16:41','2023-09-11 12:16:41',NULL),(4994,3786,4865,4597,40876,23,1,816,0.7660,3.5000,1,60000.00,1608.60,0.00,0.00,0.00,0.00,0.00,0.00,0,'2023-09-11 12:16:41','2023-09-11 12:16:41',NULL),(4995,3786,4865,4597,40876,23,1,622,0.7660,5.0000,1,0.00,0.00,0.00,0.00,0.00,0.00,0.00,0.00,0,'2023-09-11 12:16:41','2023-09-11 12:16:41',NULL),(4996,3786,4865,4597,40876,5,2,816,1.0000,3.5000,10,0.00,0.00,0.00,0.00,0.00,0.00,0.00,0.00,0,'2023-09-11 12:16:41','2023-09-11 12:16:41',NULL),(4997,3786,4865,4597,40876,5,2,622,1.0000,3.5000,10,0.00,0.00,0.00,0.00,0.00,0.00,0.00,0.00,0,'2023-09-11 12:16:41','2023-09-11 12:16:41',NULL),(4998,3786,4865,4597,40876,18,2,816,1.0000,3.0000,10,0.00,0.00,0.00,0.00,0.00,0.00,0.00,0.00,0,'2023-09-11 12:16:41','2023-09-11 12:16:41',NULL),(4999,3786,4865,4597,40876,18,2,622,1.0000,3.0000,10,0.00,0.00,0.00,0.00,0.00,0.00,0.00,0.00,0,'2023-09-11 12:16:41','2023-09-11 12:16:41',NULL),(5000,3786,4865,4597,40876,12,2,816,1.0000,5.0000,10,0.00,0.00,0.00,0.00,0.00,0.00,0.00,0.00,0,'2023-09-11 12:16:41','2023-09-11 12:16:41',NULL);
INSERT INTO `period_liquidation_details` VALUES (5001,3786,4865,4597,40876,12,2,622,1.0000,5.0000,10,0.00,0.00,0.00,0.00,0.00,0.00,0.00,0.00,0,'2023-09-11 12:16:41','2023-09-11 12:16:41',NULL),(5002,3786,4865,4597,40876,1,2,816,1.0000,4.7500,10,0.00,0.00,0.00,0.00,0.00,0.00,0.00,0.00,0,'2023-09-11 12:16:41','2023-09-11 12:16:41',NULL),(5003,3786,4865,4597,40876,1,2,622,1.0000,4.7500,10,0.00,0.00,0.00,0.00,0.00,0.00,0.00,0.00,0,'2023-09-11 12:16:41','2023-09-11 12:16:41',NULL),(5004,3786,4865,4597,40876,24,1,816,0.2340,3.0000,1,60000.00,421.20,0.00,0.00,0.00,0.00,0.00,0.00,0,'2023-09-11 12:16:41','2023-09-11 12:16:41',NULL),(5005,3786,4865,4597,40876,24,1,622,0.2340,3.0000,1,0.00,0.00,0.00,0.00,0.00,0.00,0.00,0.00,0,'2023-09-11 12:16:41','2023-09-11 12:16:41',NULL),(5009,3786,4873,3082,40721,23,2,789,1.0000,5.0000,1,1638388.11,81919.41,0.00,0.00,0.00,0.00,0.00,0.00,0,'2023-09-12 15:49:22','2023-09-12 15:49:22',NULL),(5054,3786,4963,3083,40721,23,2,789,1.0000,5.0000,1,1638388.11,81919.41,0.00,0.00,0.00,0.00,0.00,0.00,0,'2023-10-10 17:58:02','2023-10-10 17:58:02',NULL),(5072,3786,4971,4598,40876,22,2,816,1.0000,3.0000,10,0.00,0.00,0.00,0.00,0.00,0.00,0.00,0.00,0,'2023-10-16 15:49:33','2023-10-16 15:49:33',NULL),(5073,3786,4971,4598,40876,22,2,622,1.0000,3.0000,10,0.00,0.00,0.00,0.00,0.00,0.00,0.00,0.00,0,'2023-10-16 15:49:33','2023-10-16 15:49:33',NULL),(5074,3786,4971,4598,40876,23,1,816,0.7660,3.5000,1,60000.00,1608.60,0.00,0.00,0.00,0.00,0.00,0.00,0,'2023-10-16 15:49:33','2023-10-16 15:49:33',NULL),(5075,3786,4971,4598,40876,23,1,622,0.7660,5.0000,1,0.00,0.00,0.00,0.00,0.00,0.00,0.00,0.00,0,'2023-10-16 15:49:33','2023-10-16 15:49:33',NULL),(5076,3786,4971,4598,40876,5,2,816,1.0000,3.5000,10,0.00,0.00,0.00,0.00,0.00,0.00,0.00,0.00,0,'2023-10-16 15:49:33','2023-10-16 15:49:33',NULL),(5077,3786,4971,4598,40876,5,2,622,1.0000,3.5000,10,0.00,0.00,0.00,0.00,0.00,0.00,0.00,0.00,0,'2023-10-16 15:49:33','2023-10-16 15:49:33',NULL),(5078,3786,4971,4598,40876,18,2,816,1.0000,3.0000,10,0.00,0.00,0.00,0.00,0.00,0.00,0.00,0.00,0,'2023-10-16 15:49:33','2023-10-16 15:49:33',NULL),(5079,3786,4971,4598,40876,18,2,622,1.0000,3.0000,10,0.00,0.00,0.00,0.00,0.00,0.00,0.00,0.00,0,'2023-10-16 15:49:33','2023-10-16 15:49:33',NULL),(5080,3786,4971,4598,40876,12,2,816,1.0000,5.0000,10,0.00,0.00,0.00,0.00,0.00,0.00,0.00,0.00,0,'2023-10-16 15:49:33','2023-10-16 15:49:33',NULL),(5081,3786,4971,4598,40876,12,2,622,1.0000,5.0000,10,0.00,0.00,0.00,0.00,0.00,0.00,0.00,0.00,0,'2023-10-16 15:49:33','2023-10-16 15:49:33',NULL),(5082,3786,4971,4598,40876,1,2,816,1.0000,4.7500,10,0.00,0.00,0.00,0.00,0.00,0.00,0.00,0.00,0,'2023-10-16 15:49:33','2023-10-16 15:49:33',NULL),(5083,3786,4971,4598,40876,1,2,622,1.0000,4.7500,10,0.00,0.00,0.00,0.00,0.00,0.00,0.00,0.00,0,'2023-10-16 15:49:33','2023-10-16 15:49:33',NULL),(5084,3786,4971,4598,40876,24,1,816,0.2340,3.0000,1,60000.00,421.20,0.00,0.00,0.00,0.00,0.00,0.00,0,'2023-10-16 15:49:33','2023-10-16 15:49:33',NULL),(5085,3786,4971,4598,40876,24,1,622,0.2340,3.0000,1,0.00,0.00,0.00,0.00,0.00,0.00,0.00,0.00,0,'2023-10-16 15:49:33','2023-10-16 15:49:33',NULL),(5156,3786,5031,4599,40876,22,2,816,1.0000,3.0000,10,0.00,0.00,0.00,0.00,0.00,0.00,0.00,0.00,0,'2023-11-08 14:32:07','2023-11-08 14:32:07',NULL),(5157,3786,5031,4599,40876,22,2,622,1.0000,3.0000,10,0.00,0.00,0.00,0.00,0.00,0.00,0.00,0.00,0,'2023-11-08 14:32:07','2023-11-08 14:32:07',NULL),(5158,3786,5031,4599,40876,23,1,816,0.7660,3.5000,1,739125.00,19815.94,0.00,0.00,0.00,0.00,0.00,0.00,0,'2023-11-08 14:32:07','2023-11-08 14:32:07',NULL),(5159,3786,5031,4599,40876,23,1,622,0.7660,5.0000,1,0.00,0.00,0.00,0.00,0.00,0.00,0.00,0.00,0,'2023-11-08 14:32:07','2023-11-08 14:32:07',NULL),(5160,3786,5031,4599,40876,5,2,816,1.0000,3.5000,10,0.00,0.00,0.00,0.00,0.00,0.00,0.00,0.00,0,'2023-11-08 14:32:07','2023-11-08 14:32:07',NULL),(5161,3786,5031,4599,40876,5,2,622,1.0000,3.5000,10,0.00,0.00,0.00,0.00,0.00,0.00,0.00,0.00,0,'2023-11-08 14:32:07','2023-11-08 14:32:07',NULL);
INSERT INTO `period_liquidation_details` VALUES (5162,3786,5031,4599,40876,18,2,816,1.0000,3.0000,10,0.00,0.00,0.00,0.00,0.00,0.00,0.00,0.00,0,'2023-11-08 14:32:07','2023-11-08 14:32:07',NULL),(5163,3786,5031,4599,40876,18,2,622,1.0000,3.0000,10,0.00,0.00,0.00,0.00,0.00,0.00,0.00,0.00,0,'2023-11-08 14:32:07','2023-11-08 14:32:07',NULL),(5164,3786,5031,4599,40876,12,2,816,1.0000,5.0000,10,0.00,0.00,0.00,0.00,0.00,0.00,0.00,0.00,0,'2023-11-08 14:32:07','2023-11-08 14:32:07',NULL),(5165,3786,5031,4599,40876,12,2,622,1.0000,5.0000,10,0.00,0.00,0.00,0.00,0.00,0.00,0.00,0.00,0,'2023-11-08 14:32:07','2023-11-08 14:32:07',NULL),(5166,3786,5031,4599,40876,1,2,816,1.0000,4.7500,10,0.00,0.00,0.00,0.00,0.00,0.00,0.00,0.00,0,'2023-11-08 14:32:07','2023-11-08 14:32:07',NULL),(5167,3786,5031,4599,40876,1,2,622,1.0000,4.7500,10,0.00,0.00,0.00,0.00,0.00,0.00,0.00,0.00,0,'2023-11-08 14:32:07','2023-11-08 14:32:07',NULL),(5168,3786,5031,4599,40876,24,1,816,0.2340,3.0000,1,739125.00,5188.66,0.00,0.00,0.00,0.00,0.00,0.00,0,'2023-11-08 14:32:07','2023-11-08 14:32:07',NULL),(5169,3786,5031,4599,40876,24,1,622,0.2340,3.0000,1,0.00,0.00,0.00,0.00,0.00,0.00,0.00,0.00,0,'2023-11-08 14:32:07','2023-11-08 14:32:07',NULL),(5175,3786,5043,3084,40721,23,2,789,1.0000,5.0000,1,1925161.38,96258.07,0.00,0.00,0.00,0.00,0.00,0.00,0,'2023-11-14 14:08:58','2023-11-14 14:08:58',NULL),(5209,3786,5111,3085,40721,23,2,789,1.0000,5.0000,1,1925161.38,96258.07,0.00,0.00,0.00,0.00,0.00,0.00,0,'2023-12-11 12:07:28','2023-12-11 12:07:28',NULL),(5224,3786,5113,4600,40876,22,2,816,1.0000,3.0000,10,0.00,0.00,0.00,0.00,0.00,0.00,0.00,0.00,0,'2023-12-11 12:41:02','2023-12-11 12:41:02',NULL),(5225,3786,5113,4600,40876,22,2,622,1.0000,3.0000,10,0.00,0.00,0.00,0.00,0.00,0.00,0.00,0.00,0,'2023-12-11 12:41:02','2023-12-11 12:41:02',NULL),(5226,3786,5113,4600,40876,23,1,816,0.7660,3.5000,1,429125.00,11504.84,0.00,0.00,0.00,0.00,0.00,0.00,0,'2023-12-11 12:41:02','2023-12-11 12:41:02',NULL),(5227,3786,5113,4600,40876,23,1,622,0.7660,5.0000,1,0.00,0.00,0.00,0.00,0.00,0.00,0.00,0.00,0,'2023-12-11 12:41:02','2023-12-11 12:41:02',NULL),(5228,3786,5113,4600,40876,5,2,816,1.0000,3.5000,10,0.00,0.00,0.00,0.00,0.00,0.00,0.00,0.00,0,'2023-12-11 12:41:02','2023-12-11 12:41:02',NULL),(5229,3786,5113,4600,40876,5,2,622,1.0000,3.5000,10,0.00,0.00,0.00,0.00,0.00,0.00,0.00,0.00,0,'2023-12-11 12:41:02','2023-12-11 12:41:02',NULL),(5230,3786,5113,4600,40876,18,2,816,1.0000,3.0000,10,0.00,0.00,0.00,0.00,0.00,0.00,0.00,0.00,0,'2023-12-11 12:41:02','2023-12-11 12:41:02',NULL),(5231,3786,5113,4600,40876,18,2,622,1.0000,3.0000,10,0.00,0.00,0.00,0.00,0.00,0.00,0.00,0.00,0,'2023-12-11 12:41:02','2023-12-11 12:41:02',NULL),(5232,3786,5113,4600,40876,12,2,816,1.0000,5.0000,10,0.00,0.00,0.00,0.00,0.00,0.00,0.00,0.00,0,'2023-12-11 12:41:02','2023-12-11 12:41:02',NULL),(5233,3786,5113,4600,40876,12,2,622,1.0000,5.0000,10,0.00,0.00,0.00,0.00,0.00,0.00,0.00,0.00,0,'2023-12-11 12:41:02','2023-12-11 12:41:02',NULL),(5234,3786,5113,4600,40876,1,2,816,1.0000,4.7500,10,0.00,0.00,0.00,0.00,0.00,0.00,0.00,0.00,0,'2023-12-11 12:41:02','2023-12-11 12:41:02',NULL),(5235,3786,5113,4600,40876,1,2,622,1.0000,4.7500,10,0.00,0.00,0.00,0.00,0.00,0.00,0.00,0.00,0,'2023-12-11 12:41:02','2023-12-11 12:41:02',NULL),(5236,3786,5113,4600,40876,24,1,816,0.2340,3.0000,1,429125.00,3012.46,0.00,0.00,0.00,0.00,0.00,0.00,0,'2023-12-11 12:41:02','2023-12-11 12:41:02',NULL),(5237,3786,5113,4600,40876,24,1,622,0.2340,3.0000,1,0.00,0.00,0.00,0.00,0.00,0.00,0.00,0.00,0,'2023-12-11 12:41:02','2023-12-11 12:41:02',NULL),(5271,3786,5181,3086,40721,23,2,789,1.0000,5.0000,1,2027796.09,101389.80,0.00,0.00,0.00,0.00,0.00,0.00,0,'2024-01-08 15:21:54','2024-01-08 15:21:54',NULL),(5272,3786,5183,3086,40721,23,2,789,1.0000,5.0000,1,2027796.09,101389.80,0.00,0.00,0.00,0.00,0.00,0.00,0,'2024-01-08 15:47:04','2024-01-08 15:47:04',NULL),(5302,3786,5188,4601,40876,22,2,816,1.0000,3.0000,10,0.00,0.00,0.00,0.00,0.00,0.00,0.00,0.00,0,'2024-01-10 18:12:47','2024-01-10 18:12:47',NULL);
INSERT INTO `period_liquidation_details` VALUES (5303,3786,5188,4601,40876,22,2,622,1.0000,3.0000,10,0.00,0.00,0.00,0.00,0.00,0.00,0.00,0.00,0,'2024-01-10 18:12:47','2024-01-10 18:12:47',NULL),(5304,3786,5188,4601,40876,23,1,816,0.7660,3.5000,1,424125.00,11370.79,0.00,0.00,0.00,0.00,0.00,0.00,0,'2024-01-10 18:12:47','2024-01-10 18:12:47',NULL),(5305,3786,5188,4601,40876,23,1,622,0.7660,5.0000,1,0.00,0.00,0.00,0.00,0.00,0.00,0.00,0.00,0,'2024-01-10 18:12:47','2024-01-10 18:12:47',NULL),(5306,3786,5188,4601,40876,5,2,816,1.0000,3.5000,10,0.00,0.00,0.00,0.00,0.00,0.00,0.00,0.00,0,'2024-01-10 18:12:47','2024-01-10 18:12:47',NULL),(5307,3786,5188,4601,40876,5,2,622,1.0000,3.5000,10,0.00,0.00,0.00,0.00,0.00,0.00,0.00,0.00,0,'2024-01-10 18:12:47','2024-01-10 18:12:47',NULL),(5308,3786,5188,4601,40876,18,2,816,1.0000,3.0000,10,0.00,0.00,0.00,0.00,0.00,0.00,0.00,0.00,0,'2024-01-10 18:12:47','2024-01-10 18:12:47',NULL),(5309,3786,5188,4601,40876,18,2,622,1.0000,3.0000,10,0.00,0.00,0.00,0.00,0.00,0.00,0.00,0.00,0,'2024-01-10 18:12:47','2024-01-10 18:12:47',NULL),(5310,3786,5188,4601,40876,12,2,816,1.0000,5.0000,10,0.00,0.00,0.00,0.00,0.00,0.00,0.00,0.00,0,'2024-01-10 18:12:47','2024-01-10 18:12:47',NULL),(5311,3786,5188,4601,40876,12,2,622,1.0000,5.0000,10,0.00,0.00,0.00,0.00,0.00,0.00,0.00,0.00,0,'2024-01-10 18:12:47','2024-01-10 18:12:47',NULL),(5312,3786,5188,4601,40876,1,2,816,1.0000,4.7500,10,0.00,0.00,0.00,0.00,0.00,0.00,0.00,0.00,0,'2024-01-10 18:12:47','2024-01-10 18:12:47',NULL),(5313,3786,5188,4601,40876,1,2,622,1.0000,4.7500,10,0.00,0.00,0.00,0.00,0.00,0.00,0.00,0.00,0,'2024-01-10 18:12:47','2024-01-10 18:12:47',NULL),(5314,3786,5188,4601,40876,24,1,816,0.2340,3.0000,1,424125.00,2977.36,0.00,0.00,0.00,0.00,0.00,0.00,0,'2024-01-10 18:12:47','2024-01-10 18:12:47',NULL),(5315,3786,5188,4601,40876,24,1,622,0.2340,3.0000,1,0.00,0.00,0.00,0.00,0.00,0.00,0.00,0.00,0,'2024-01-10 18:12:47','2024-01-10 18:12:47',NULL),(5316,3786,5189,12822,41204,23,1,946,0.8868,3.5000,1,222000.00,6890.44,0.00,0.00,0.00,0.00,0.00,0.00,0,'2024-01-11 14:34:15','2024-01-11 14:34:15',NULL),(5317,3786,5189,12822,41204,22,1,946,0.1132,3.0000,1,222000.00,753.91,0.00,0.00,0.00,0.00,0.00,0.00,0,'2024-01-11 14:34:15','2024-01-11 14:34:15',NULL),(5318,3786,5190,12824,41204,23,1,946,0.8868,3.5000,1,265000.00,8225.07,0.00,0.00,0.00,0.00,0.00,0.00,0,'2024-01-11 14:34:27','2024-01-11 14:34:27',NULL),(5319,3786,5190,12824,41204,22,1,946,0.1132,3.0000,1,265000.00,899.94,0.00,0.00,0.00,0.00,0.00,0.00,0,'2024-01-11 14:34:27','2024-01-11 14:34:27',NULL),(5320,3786,5191,12825,41204,23,1,946,0.8868,3.5000,1,416250.00,12919.57,0.00,0.00,0.00,0.00,0.00,0.00,0,'2024-01-11 14:34:42','2024-01-11 14:34:42',NULL),(5321,3786,5191,12825,41204,22,1,946,0.1132,3.0000,1,416250.00,1413.59,0.00,0.00,0.00,0.00,0.00,0.00,0,'2024-01-11 14:34:42','2024-01-11 14:34:42',NULL),(5322,3786,5192,17393,41210,23,1,645,0.0000,0.0000,1,202759.54,0.00,0.00,0.00,0.00,0.00,0.00,0.00,0,'2024-01-11 14:52:14','2024-01-11 14:52:14',NULL),(5323,3786,5193,17394,41210,23,1,645,0.0000,0.0000,1,124411.68,0.00,0.00,0.00,0.00,0.00,0.00,0.00,0,'2024-01-11 14:52:24','2024-01-11 14:52:24',NULL),(5324,3786,5194,17395,41210,23,1,645,0.0000,0.0000,1,239426.72,0.00,0.00,0.00,0.00,0.00,0.00,0.00,0,'2024-01-11 14:52:32','2024-01-11 14:52:32',NULL),(5325,3786,5195,17398,41210,23,1,645,0.0000,0.0000,1,318016.56,0.00,0.00,0.00,0.00,0.00,0.00,0.00,0,'2024-01-11 14:53:16','2024-01-11 14:53:16',NULL),(5326,3786,5196,17396,41210,23,1,645,0.0000,0.0000,1,242665.31,0.00,0.00,0.00,0.00,0.00,0.00,0.00,0,'2024-01-11 14:56:45','2024-01-11 14:56:45',NULL),(5327,3786,5197,17397,41210,23,1,645,0.0000,0.0000,1,289103.76,0.00,0.00,0.00,0.00,0.00,0.00,0.00,0,'2024-01-11 14:56:55','2024-01-11 14:56:55',NULL),(5334,3786,5210,14333,41208,22,1,789,0.0000,0.0000,1,123354.00,0.00,0.00,0.00,0.00,0.00,0.00,0.00,0,'2024-01-12 15:33:07','2024-01-12 15:33:07',NULL),(5335,3786,5211,14334,41208,22,1,789,0.0000,0.0000,1,123354.00,0.00,0.00,0.00,0.00,0.00,0.00,0.00,0,'2024-01-12 15:33:19','2024-01-12 15:33:19',NULL);
INSERT INTO `period_liquidation_details` VALUES (5336,3786,5212,14335,41208,22,1,789,0.0000,0.0000,1,296100.00,0.00,0.00,0.00,0.00,0.00,0.00,0.00,0,'2024-01-12 15:33:32','2024-01-12 15:33:32',NULL),(5337,3786,5213,14337,41208,22,1,789,0.0000,0.0000,1,148050.00,0.00,0.00,0.00,0.00,0.00,0.00,0.00,0,'2024-01-12 15:33:46','2024-01-12 15:33:46',NULL),(5338,3786,5214,14338,41208,22,1,789,0.0000,0.0000,1,296100.00,0.00,0.00,0.00,0.00,0.00,0.00,0.00,0,'2024-01-12 15:33:59','2024-01-12 15:33:59',NULL),(5374,3786,5286,8505,40721,23,2,789,1.0000,5.0000,1,2676820.88,133841.04,0.00,0.00,0.00,0.00,0.00,0.00,0,'2024-02-05 15:19:11','2024-02-05 15:19:11',NULL),(5401,3786,5312,4605,40876,22,2,816,1.0000,3.0000,10,0.00,0.00,0.00,0.00,0.00,0.00,0.00,0.00,0,'2024-02-16 01:04:04','2024-02-16 01:04:04',NULL),(5402,3786,5312,4605,40876,22,2,622,1.0000,3.0000,10,0.00,0.00,0.00,0.00,0.00,0.00,0.00,0.00,0,'2024-02-16 01:04:04','2024-02-16 01:04:04',NULL),(5403,3786,5312,4605,40876,23,1,816,1.0000,3.5000,1,432325.00,15131.38,0.00,0.00,0.00,0.00,0.00,0.00,0,'2024-02-16 01:04:04','2024-02-16 01:04:04',NULL),(5404,3786,5312,4605,40876,23,1,622,1.0000,5.0000,1,0.00,0.00,0.00,0.00,0.00,0.00,0.00,0.00,0,'2024-02-16 01:04:04','2024-02-16 01:04:04',NULL),(5405,3786,5312,4605,40876,5,2,816,1.0000,3.5000,10,0.00,0.00,0.00,0.00,0.00,0.00,0.00,0.00,0,'2024-02-16 01:04:04','2024-02-16 01:04:04',NULL),(5406,3786,5312,4605,40876,5,2,622,1.0000,3.5000,10,0.00,0.00,0.00,0.00,0.00,0.00,0.00,0.00,0,'2024-02-16 01:04:04','2024-02-16 01:04:04',NULL),(5407,3786,5312,4605,40876,18,2,816,1.0000,3.0000,10,0.00,0.00,0.00,0.00,0.00,0.00,0.00,0.00,0,'2024-02-16 01:04:04','2024-02-16 01:04:04',NULL),(5408,3786,5312,4605,40876,18,2,622,1.0000,3.0000,10,0.00,0.00,0.00,0.00,0.00,0.00,0.00,0.00,0,'2024-02-16 01:04:04','2024-02-16 01:04:04',NULL),(5409,3786,5312,4605,40876,12,2,816,1.0000,5.0000,10,0.00,0.00,0.00,0.00,0.00,0.00,0.00,0.00,0,'2024-02-16 01:04:04','2024-02-16 01:04:04',NULL),(5410,3786,5312,4605,40876,12,2,622,1.0000,5.0000,10,0.00,0.00,0.00,0.00,0.00,0.00,0.00,0.00,0,'2024-02-16 01:04:04','2024-02-16 01:04:04',NULL),(5411,3786,5312,4605,40876,1,2,816,1.0000,4.7500,10,0.00,0.00,0.00,0.00,0.00,0.00,0.00,0.00,0,'2024-02-16 01:04:04','2024-02-16 01:04:04',NULL),(5412,3786,5312,4605,40876,1,2,622,1.0000,4.7500,10,0.00,0.00,0.00,0.00,0.00,0.00,0.00,0.00,0,'2024-02-16 01:04:04','2024-02-16 01:04:04',NULL),(5413,3786,5312,4605,40876,24,2,816,1.0000,3.0000,10,0.00,0.00,0.00,0.00,0.00,0.00,0.00,0.00,0,'2024-02-16 01:04:04','2024-02-16 01:04:04',NULL),(5414,3786,5312,4605,40876,24,2,622,1.0000,3.0000,10,0.00,0.00,0.00,0.00,0.00,0.00,0.00,0.00,0,'2024-02-16 01:04:04','2024-02-16 01:04:04',NULL),(5471,3786,5425,4606,40876,22,2,816,1.0000,3.0000,10,0.00,0.00,0.00,0.00,0.00,0.00,0.00,0.00,0,'2024-03-12 15:48:51','2024-03-12 15:48:51',NULL),(5472,3786,5425,4606,40876,22,2,622,1.0000,3.0000,10,0.00,0.00,0.00,0.00,0.00,0.00,0.00,0.00,0,'2024-03-12 15:48:51','2024-03-12 15:48:51',NULL),(5473,3786,5425,4606,40876,23,1,816,1.0000,3.5000,1,432325.00,15131.38,0.00,0.00,0.00,0.00,0.00,0.00,0,'2024-03-12 15:48:52','2024-03-12 15:48:52',NULL),(5474,3786,5425,4606,40876,23,1,622,1.0000,5.0000,1,0.00,0.00,0.00,0.00,0.00,0.00,0.00,0.00,0,'2024-03-12 15:48:52','2024-03-12 15:48:52',NULL),(5475,3786,5425,4606,40876,5,2,816,1.0000,3.5000,10,0.00,0.00,0.00,0.00,0.00,0.00,0.00,0.00,0,'2024-03-12 15:48:52','2024-03-12 15:48:52',NULL),(5476,3786,5425,4606,40876,5,2,622,1.0000,3.5000,10,0.00,0.00,0.00,0.00,0.00,0.00,0.00,0.00,0,'2024-03-12 15:48:52','2024-03-12 15:48:52',NULL),(5477,3786,5425,4606,40876,18,2,816,1.0000,3.0000,10,0.00,0.00,0.00,0.00,0.00,0.00,0.00,0.00,0,'2024-03-12 15:48:52','2024-03-12 15:48:52',NULL),(5478,3786,5425,4606,40876,18,2,622,1.0000,3.0000,10,0.00,0.00,0.00,0.00,0.00,0.00,0.00,0.00,0,'2024-03-12 15:48:52','2024-03-12 15:48:52',NULL),(5479,3786,5425,4606,40876,12,2,816,1.0000,5.0000,10,0.00,0.00,0.00,0.00,0.00,0.00,0.00,0.00,0,'2024-03-12 15:48:52','2024-03-12 15:48:52',NULL);
INSERT INTO `period_liquidation_details` VALUES (5480,3786,5425,4606,40876,12,2,622,1.0000,5.0000,10,0.00,0.00,0.00,0.00,0.00,0.00,0.00,0.00,0,'2024-03-12 15:48:52','2024-03-12 15:48:52',NULL),(5481,3786,5425,4606,40876,1,2,816,1.0000,4.7500,10,0.00,0.00,0.00,0.00,0.00,0.00,0.00,0.00,0,'2024-03-12 15:48:52','2024-03-12 15:48:52',NULL),(5482,3786,5425,4606,40876,1,2,622,1.0000,4.7500,10,0.00,0.00,0.00,0.00,0.00,0.00,0.00,0.00,0,'2024-03-12 15:48:52','2024-03-12 15:48:52',NULL),(5483,3786,5425,4606,40876,24,2,816,1.0000,3.0000,10,0.00,0.00,0.00,0.00,0.00,0.00,0.00,0.00,0,'2024-03-12 15:48:52','2024-03-12 15:48:52',NULL),(5484,3786,5425,4606,40876,24,2,622,1.0000,3.0000,10,0.00,0.00,0.00,0.00,0.00,0.00,0.00,0.00,0,'2024-03-12 15:48:52','2024-03-12 15:48:52',NULL),(5491,3786,5439,8506,40721,23,2,789,1.0000,5.0000,1,2729571.90,136478.60,0.00,0.00,0.00,0.00,0.00,0.00,0,'2024-03-14 15:43:47','2024-03-14 15:43:47',NULL),(5494,3786,5444,4607,40876,22,2,816,1.0000,3.0000,10,0.00,0.00,0.00,0.00,0.00,0.00,0.00,0.00,0,'2024-03-19 15:28:13','2024-03-19 15:28:13',NULL),(5495,3786,5444,4607,40876,22,2,622,1.0000,3.0000,10,0.00,0.00,0.00,0.00,0.00,0.00,0.00,0.00,0,'2024-03-19 15:28:13','2024-03-19 15:28:13',NULL),(5496,3786,5444,4607,40876,23,1,816,1.0000,3.5000,1,432325.00,15131.38,0.00,0.00,0.00,0.00,0.00,0.00,0,'2024-03-19 15:28:13','2024-03-19 15:28:13',NULL),(5497,3786,5444,4607,40876,23,1,622,1.0000,5.0000,1,0.00,0.00,0.00,0.00,0.00,0.00,0.00,0.00,0,'2024-03-19 15:28:13','2024-03-19 15:28:13',NULL),(5498,3786,5444,4607,40876,5,2,816,1.0000,3.5000,10,0.00,0.00,0.00,0.00,0.00,0.00,0.00,0.00,0,'2024-03-19 15:28:13','2024-03-19 15:28:13',NULL),(5499,3786,5444,4607,40876,5,2,622,1.0000,3.5000,10,0.00,0.00,0.00,0.00,0.00,0.00,0.00,0.00,0,'2024-03-19 15:28:13','2024-03-19 15:28:13',NULL),(5500,3786,5444,4607,40876,18,2,816,1.0000,3.0000,10,0.00,0.00,0.00,0.00,0.00,0.00,0.00,0.00,0,'2024-03-19 15:28:13','2024-03-19 15:28:13',NULL),(5501,3786,5444,4607,40876,18,2,622,1.0000,3.0000,10,0.00,0.00,0.00,0.00,0.00,0.00,0.00,0.00,0,'2024-03-19 15:28:13','2024-03-19 15:28:13',NULL),(5502,3786,5444,4607,40876,12,2,816,1.0000,5.0000,10,0.00,0.00,0.00,0.00,0.00,0.00,0.00,0.00,0,'2024-03-19 15:28:13','2024-03-19 15:28:13',NULL),(5503,3786,5444,4607,40876,12,2,622,1.0000,5.0000,10,0.00,0.00,0.00,0.00,0.00,0.00,0.00,0.00,0,'2024-03-19 15:28:13','2024-03-19 15:28:13',NULL),(5504,3786,5444,4607,40876,1,2,816,1.0000,4.7500,10,0.00,0.00,0.00,0.00,0.00,0.00,0.00,0.00,0,'2024-03-19 15:28:13','2024-03-19 15:28:13',NULL),(5505,3786,5444,4607,40876,1,2,622,1.0000,4.7500,10,0.00,0.00,0.00,0.00,0.00,0.00,0.00,0.00,0,'2024-03-19 15:28:13','2024-03-19 15:28:13',NULL),(5506,3786,5444,4607,40876,24,2,816,1.0000,3.0000,10,0.00,0.00,0.00,0.00,0.00,0.00,0.00,0.00,0,'2024-03-19 15:28:13','2024-03-19 15:28:13',NULL),(5507,3786,5444,4607,40876,24,2,622,1.0000,3.0000,10,0.00,0.00,0.00,0.00,0.00,0.00,0.00,0.00,0,'2024-03-19 15:28:13','2024-03-19 15:28:13',NULL),(5530,3786,5490,8507,40721,23,2,789,1.0000,5.0000,1,2729571.90,136478.60,0.00,0.00,0.00,0.00,0.00,0.00,0,'2024-04-11 12:56:43','2024-04-11 12:56:43',NULL),(5568,3786,5566,3093,40721,23,2,789,1.0000,5.0000,1,3625387.18,181269.36,0.00,0.00,0.00,0.00,0.00,0.00,0,'2024-05-11 00:08:09','2024-05-11 00:08:09',NULL),(5586,3786,5602,3093,40721,23,2,789,1.0000,5.0000,1,3625387.18,181269.36,0.00,0.00,0.00,0.00,0.00,0.00,0,'2024-06-02 14:32:40','2024-06-02 14:32:40',NULL),(5593,3786,5616,8507,40721,23,2,789,1.0000,5.0000,1,2729571.90,136478.60,0.00,0.00,0.00,0.00,0.00,0.00,0,'2024-06-02 14:37:57','2024-06-02 14:37:57',NULL),(5612,3786,5654,3094,40721,23,2,789,1.0000,5.0000,1,3294808.67,164740.43,0.00,0.00,0.00,0.00,0.00,0.00,0,'2024-06-11 17:00:54','2024-06-11 17:00:54',NULL),(5657,3786,5744,3095,40721,23,2,789,1.0000,5.0000,1,3743416.94,187170.85,0.00,0.00,0.00,0.00,0.00,0.00,0,'2024-07-16 13:01:59','2024-07-16 13:01:59',NULL),(5697,3786,5824,3096,40721,23,2,789,1.0000,5.0000,1,4243664.88,212183.24,0.00,0.00,0.00,0.00,0.00,0.00,0,'2024-08-12 19:12:31','2024-08-12 19:12:31',NULL);
INSERT INTO `period_liquidation_details` VALUES (5698,3786,5826,3095,40721,23,2,789,1.0000,5.0000,1,3743416.94,187170.85,0.00,0.00,0.00,0.00,0.00,0.00,0,'2024-08-12 19:14:24','2024-08-12 19:14:24',NULL),(5725,3786,5880,3097,40721,23,2,789,1.0000,5.0000,1,4301516.12,215075.81,0.00,0.00,0.00,0.00,0.00,0.00,0,'2024-09-10 17:46:30','2024-09-10 17:46:30',NULL),(5727,3786,5883,14343,41208,22,1,789,0.0000,0.0000,1,148050.00,0.00,0.00,0.00,0.00,0.00,0.00,0.00,0,'2024-09-15 17:11:09','2024-09-15 17:11:09',NULL),(5728,3786,5884,14344,41208,22,1,789,0.0000,0.0000,1,403200.00,0.00,0.00,0.00,0.00,0.00,0.00,0.00,0,'2024-09-15 17:11:20','2024-09-15 17:11:20',NULL),(5729,3786,5885,14345,41208,22,1,789,0.0000,0.0000,1,403200.00,0.00,0.00,0.00,0.00,0.00,0.00,0.00,0,'2024-09-15 17:11:32','2024-09-15 17:11:32',NULL),(5730,3786,5886,14346,41208,22,1,789,0.0000,0.0000,1,403200.00,0.00,0.00,0.00,0.00,0.00,0.00,0.00,0,'2024-09-15 17:11:42','2024-09-15 17:11:42',NULL),(5731,3786,5887,14347,41208,22,1,789,0.0000,0.0000,1,520800.00,0.00,0.00,0.00,0.00,0.00,0.00,0.00,0,'2024-09-15 17:11:51','2024-09-15 17:11:51',NULL),(5732,3786,5888,14348,41208,22,1,789,0.0000,0.0000,1,493975.90,0.00,0.00,0.00,0.00,0.00,0.00,0.00,0,'2024-09-15 17:12:02','2024-09-15 17:12:02',NULL),(5733,3786,5889,14349,41208,22,1,789,0.0000,0.0000,1,507387.90,0.00,0.00,0.00,0.00,0.00,0.00,0.00,0,'2024-09-15 17:12:11','2024-09-15 17:12:11',NULL),(5734,3786,5890,14350,41208,22,1,789,0.0000,0.0000,1,756000.00,0.00,0.00,0.00,0.00,0.00,0.00,0.00,0,'2024-09-15 17:12:19','2024-09-15 17:12:19',NULL),(5782,3786,5986,3098,40721,23,2,789,1.0000,5.0000,1,4301516.12,215075.81,0.00,0.00,0.00,0.00,0.00,0.00,0,'2024-10-11 22:30:26','2024-10-11 22:30:26',NULL),(5786,3786,5994,3099,40721,23,2,789,1.0000,5.0000,1,4857903.59,242895.18,0.00,0.00,0.00,0.00,0.00,0.00,0,'2024-10-29 11:16:47','2024-10-29 11:16:47',NULL),(5798,3786,6018,3100,40721,23,2,789,1.0000,5.0000,1,5207903.59,260395.18,0.00,0.00,0.00,0.00,0.00,0.00,0,'2024-10-30 16:54:32','2024-10-30 16:54:32',NULL);

--
