-- Dumping data for table `cta_cte_tesoreria`
--

INSERT INTO `cta_cte_tesoreria` VALUES (1,NULL,NULL,NULL,8522,40718,NULL,NULL,757,1520,'2023-02-28',155000.00,1,1.00,'Saldo Inicial',NULL,'2023-02-28 14:21:22','2023-02-28 14:21:22',NULL,NULL),(2,NULL,NULL,NULL,8522,40718,1252,NULL,13,1521,'2023-03-01',10000.00,1,1.00,NULL,NULL,'2023-03-01 11:25:20','2023-03-01 11:25:20',NULL,NULL),(3,NULL,NULL,NULL,8522,40718,NULL,4,13,1521,'2023-03-03',150.00,1,1.00,NULL,NULL,'2023-03-02 22:15:32','2023-03-02 22:15:54','2023-03-02 22:15:54',NULL),(4,NULL,NULL,NULL,11237,40840,NULL,NULL,759,7630,'2025-04-15',0.00,1,1.00,'Saldo Inicial',NULL,'2025-03-24 19:42:42','2025-04-15 10:03:13',NULL,NULL),(5,NULL,NULL,NULL,11237,40817,NULL,NULL,760,6067,'2025-04-01',0.00,1,1.00,'Saldo Inicial',NULL,'2025-04-01 09:00:24','2025-04-01 09:00:24',NULL,NULL),(6,NULL,NULL,NULL,11237,40817,NULL,NULL,761,6067,'2025-04-01',0.00,1,1.00,'Saldo Inicial',NULL,'2025-04-01 09:00:55','2025-04-01 09:00:55',NULL,NULL),(7,NULL,NULL,NULL,11237,40817,NULL,NULL,762,6067,'2025-04-01',0.00,1,1.00,'Saldo Inicial',NULL,'2025-04-01 09:02:19','2025-04-01 09:02:19',NULL,NULL),(8,NULL,NULL,NULL,11237,40817,1654,NULL,57,6067,'2025-04-03',1000000.00,1,1044.00,NULL,NULL,'2025-04-03 09:50:07','2025-04-03 09:51:04','2025-04-03 09:51:04',NULL),(9,NULL,NULL,NULL,11237,40817,1655,NULL,57,6067,'2025-04-03',1000000.00,1,1044.00,NULL,NULL,'2025-04-03 10:24:24','2025-04-03 10:24:24',NULL,NULL),(10,NULL,NULL,NULL,11237,40840,NULL,NULL,763,7631,'2025-04-03',0.00,1,1.00,'Saldo Inicial',NULL,'2025-04-03 10:35:08','2025-04-03 10:35:08',NULL,NULL),(11,NULL,NULL,NULL,11237,40840,1656,NULL,57,7630,'2025-03-01',26056380.20,1,1045.00,NULL,NULL,'2025-04-05 17:20:09','2025-04-11 11:16:09','2025-04-11 11:16:09',NULL),(12,NULL,NULL,NULL,11237,40841,NULL,NULL,764,9262,'2025-04-15',0.00,1,1.00,'Saldo Inicial',NULL,'2025-04-15 10:03:44','2025-04-15 10:18:18',NULL,NULL),(13,NULL,NULL,NULL,11237,40841,3095,NULL,57,9262,'2025-04-15',25000.00,1,1179.00,NULL,NULL,'2025-04-15 10:23:57','2025-04-15 10:23:57',NULL,NULL),(14,NULL,NULL,NULL,11237,40841,NULL,NULL,765,9262,'2025-04-15',0.00,1,1.00,'Saldo Inicial',NULL,'2025-04-15 10:36:37','2025-04-15 10:58:48',NULL,NULL),(15,NULL,NULL,NULL,11237,40841,NULL,NULL,766,9262,'2025-04-15',0.00,1,1.00,'Saldo Inicial',NULL,'2025-04-15 10:57:13','2025-04-15 11:47:09',NULL,NULL),(16,NULL,NULL,NULL,11237,40841,NULL,NULL,767,9262,'2025-04-16',0.00,1,1.00,'Saldo Inicial',NULL,'2025-04-16 10:47:31','2025-04-16 10:47:31',NULL,NULL),(17,NULL,NULL,NULL,11237,40841,NULL,NULL,768,9262,'2025-04-16',0.00,1,1.00,'Saldo Inicial',NULL,'2025-04-16 11:00:17','2025-04-16 11:00:17',NULL,NULL),(18,NULL,NULL,NULL,11237,40841,3129,NULL,57,9262,'2025-04-16',406428.51,1,1180.00,NULL,NULL,'2025-04-16 11:49:15','2025-04-16 11:49:15',NULL,NULL),(19,NULL,NULL,NULL,11237,40841,3130,NULL,57,9262,'2025-04-16',14497198.37,1,1180.00,NULL,NULL,'2025-04-16 12:08:51','2025-04-16 12:08:51',NULL,NULL),(20,NULL,NULL,NULL,11237,40841,3137,NULL,57,9262,'2025-04-16',86201.22,1,1180.00,NULL,NULL,'2025-04-16 15:38:18','2025-04-16 15:39:35','2025-04-16 15:39:35',NULL),(21,NULL,NULL,NULL,11237,40841,3138,NULL,57,9262,'2025-04-16',86201.22,1,1180.00,NULL,NULL,'2025-04-16 15:40:09','2025-04-16 15:40:09',NULL,NULL),(22,NULL,NULL,NULL,11237,40840,NULL,NULL,769,7631,'2025-04-16',0.00,1,1.00,'Saldo Inicial',NULL,'2025-04-16 18:00:07','2025-04-16 18:01:10',NULL,NULL),(23,NULL,NULL,NULL,11237,40840,NULL,NULL,770,7631,'2025-04-16',0.00,1,1.00,'Saldo Inicial',NULL,'2025-04-16 18:00:39','2025-04-16 18:00:39',NULL,NULL),(24,NULL,NULL,NULL,11237,40841,NULL,NULL,771,9262,'2025-04-23',0.00,1,1.00,'Saldo Inicial',NULL,'2025-04-23 10:38:41','2025-04-23 10:38:41',NULL,NULL),(25,NULL,NULL,NULL,11237,40841,3139,NULL,13,9262,'2025-04-21',23985183.52,1,1251.00,NULL,NULL,'2025-04-24 10:03:48','2025-04-24 10:03:48',NULL,NULL),(26,NULL,NULL,NULL,11237,40841,3140,NULL,57,9262,'2025-04-24',6130438.83,1,1251.00,NULL,NULL,'2025-04-24 10:13:48','2025-04-24 10:13:48',NULL,NULL);
INSERT INTO `cta_cte_tesoreria` VALUES (27,NULL,NULL,NULL,11237,40841,3141,NULL,57,9262,'2025-04-24',4711183.52,1,1251.00,NULL,NULL,'2025-04-24 10:22:26','2025-04-24 10:22:26',NULL,NULL),(28,NULL,NULL,NULL,11237,40841,3142,NULL,57,9262,'2025-04-24',2100000.00,1,1251.00,NULL,NULL,'2025-04-24 11:29:06','2025-04-24 11:29:06',NULL,NULL),(29,NULL,NULL,NULL,11237,40841,3143,NULL,57,9262,'2025-04-24',1472327.99,1,1251.00,NULL,NULL,'2025-04-24 11:35:36','2025-04-24 11:35:36',NULL,NULL),(30,NULL,NULL,NULL,11237,40841,3144,NULL,57,9262,'2025-04-24',1331638.88,1,1251.00,'.',NULL,'2025-04-24 11:38:25','2025-04-24 11:38:25',NULL,NULL),(31,NULL,NULL,NULL,11237,40841,3145,NULL,57,9262,'2025-04-24',536339.16,1,1251.00,'.',NULL,'2025-04-24 11:40:48','2025-04-24 11:40:48',NULL,NULL),(32,NULL,NULL,NULL,11237,40841,3146,NULL,57,9262,'2025-04-24',536339.16,1,1251.00,'.',NULL,'2025-04-24 11:41:34','2025-04-24 11:58:56','2025-04-24 11:58:56',NULL),(33,NULL,NULL,NULL,11237,40841,3147,NULL,57,9262,'2025-04-24',1867406.31,1,1251.00,'.',NULL,'2025-04-24 11:42:49','2025-04-24 11:42:49',NULL,NULL),(34,NULL,NULL,NULL,11237,40841,3148,NULL,57,9262,'2025-04-24',536339.16,1,1251.00,NULL,NULL,'2025-04-24 11:59:42','2025-04-24 11:59:42',NULL,NULL),(35,NULL,NULL,NULL,11237,40840,3149,NULL,13,7631,'2025-04-24',26490269.34,1,1251.00,NULL,NULL,'2025-04-24 17:39:54','2025-04-24 17:39:54',NULL,NULL),(36,NULL,NULL,NULL,11237,40840,3150,NULL,57,7631,'2025-04-24',10524137.82,1,1251.00,NULL,NULL,'2025-04-24 17:45:59','2025-04-24 17:45:59',NULL,NULL),(37,NULL,NULL,NULL,11237,40840,3151,NULL,57,7631,'2025-04-24',9679231.52,1,1251.00,NULL,NULL,'2025-04-24 17:47:42','2025-04-24 17:47:42',NULL,NULL),(38,NULL,NULL,NULL,11237,40841,NULL,NULL,766,9262,'2025-04-23',3000000.00,1,1.00,NULL,NULL,'2025-04-25 08:50:24','2025-04-25 08:50:24',NULL,NULL),(39,NULL,NULL,NULL,11237,40841,3152,NULL,57,9262,'2025-04-25',2697519.00,1,1141.00,NULL,NULL,'2025-04-25 11:42:43','2025-04-25 11:42:43',NULL,NULL),(40,NULL,NULL,NULL,11237,40841,3153,NULL,57,9262,'2025-04-25',750853.40,1,1141.00,NULL,NULL,'2025-04-25 11:45:12','2025-04-25 11:45:12',NULL,NULL),(41,NULL,NULL,NULL,11237,40840,NULL,NULL,772,7631,'2025-04-29',0.00,1,1.00,'Saldo Inicial',NULL,'2025-04-29 10:59:58','2025-04-29 10:59:58',NULL,NULL),(42,NULL,NULL,NULL,11237,40840,3162,NULL,57,7631,'2025-04-29',86000.00,1,1142.00,NULL,NULL,'2025-04-29 11:03:00','2025-04-29 11:03:00',NULL,NULL),(43,NULL,NULL,NULL,11237,40840,3163,NULL,57,7631,'2025-04-29',252430.00,1,1142.00,NULL,NULL,'2025-04-29 11:03:43','2025-04-29 11:03:43',NULL,NULL),(44,NULL,NULL,NULL,11237,40840,3164,NULL,57,7631,'2025-04-29',215820.00,1,1142.00,NULL,NULL,'2025-04-29 11:05:39','2025-04-29 11:05:39',NULL,NULL),(45,NULL,NULL,NULL,11237,40840,3165,NULL,13,7632,'2025-05-02',1674059.00,1,1143.00,NULL,NULL,'2025-05-02 09:03:02','2025-05-02 09:03:02',NULL,NULL),(46,NULL,NULL,NULL,11237,40840,3166,NULL,57,7632,'2025-05-02',1674059.00,1,1143.00,NULL,NULL,'2025-05-02 09:05:19','2025-05-02 09:05:19',NULL,NULL),(47,NULL,NULL,NULL,11237,40840,3311,NULL,13,7632,'2025-05-12',23249543.00,1,1161.00,NULL,NULL,'2025-06-02 11:37:22','2025-06-02 11:37:22',NULL,NULL),(48,NULL,NULL,NULL,11237,40840,3312,NULL,57,7632,'2025-05-30',5166362.00,1,1161.00,NULL,NULL,'2025-06-02 11:46:24','2025-06-06 09:40:52','2025-06-06 09:40:52',NULL),(49,NULL,NULL,NULL,11237,40840,3313,NULL,57,7632,'2025-05-30',9200000.00,1,1161.00,NULL,NULL,'2025-06-02 11:55:01','2025-06-02 11:55:01',NULL,NULL),(50,NULL,NULL,NULL,11237,40840,NULL,NULL,769,7632,'2025-05-07',2286900.00,1,1.00,NULL,NULL,'2025-06-02 12:07:43','2025-06-02 12:07:43',NULL,NULL),(51,NULL,NULL,NULL,11237,40840,NULL,NULL,769,7632,'2025-05-05',2000000.00,1,1.00,NULL,NULL,'2025-06-02 12:09:43','2025-06-02 12:09:43',NULL,NULL),(52,NULL,NULL,NULL,11237,40841,3315,NULL,57,9264,'2025-06-03',235603.36,1,1156.00,NULL,NULL,'2025-06-03 18:53:59','2025-06-03 18:55:31','2025-06-03 18:55:31',NULL);
INSERT INTO `cta_cte_tesoreria` VALUES (53,NULL,NULL,NULL,11237,40841,3316,NULL,57,9264,'2025-06-03',235603.36,1,1156.00,'IMPUESTO INMOBILIARIO RURAL',NULL,'2025-06-03 18:56:54','2025-06-03 18:56:54',NULL,NULL),(54,NULL,NULL,NULL,11237,40841,3317,NULL,13,9263,'2025-05-07',16000000.00,1,1161.00,NULL,NULL,'2025-06-04 11:54:41','2025-06-04 11:54:41',NULL,NULL),(55,NULL,NULL,NULL,11237,40841,3318,NULL,57,9264,'2025-06-04',14000000.00,1,1161.00,NULL,NULL,'2025-06-04 11:57:01','2025-06-04 11:57:01',NULL,NULL),(56,NULL,NULL,NULL,11237,40841,3323,NULL,13,9264,'2025-06-04',7997286.39,1,1161.00,NULL,NULL,'2025-06-04 12:13:23','2025-06-04 12:13:23',NULL,NULL),(57,NULL,NULL,NULL,11237,40841,3328,NULL,13,9262,'2025-04-21',9707671.28,1,1161.00,'NO INGRESA AL BANCO. SE COMPENSA DIRECTAMENTE EN LA CUENTA DE MOREL PARA PAGAR FLETES',NULL,'2025-06-04 12:17:41','2025-06-04 12:17:41',NULL,NULL),(58,NULL,NULL,NULL,11237,40841,3329,NULL,57,9263,'2025-05-21',9707671.28,1,1161.00,'PAGO DE FLETES MOREL',NULL,'2025-06-04 12:19:18','2025-06-05 11:16:28','2025-06-05 11:16:28',NULL),(59,NULL,NULL,NULL,11237,40841,3334,NULL,13,10794,'2024-09-30',39872271.57,1,1161.00,NULL,NULL,'2025-06-04 12:25:53','2025-06-04 12:25:53',NULL,NULL),(60,NULL,NULL,NULL,11237,40841,3335,NULL,13,9259,'2025-01-31',36201807.36,1,1161.00,NULL,NULL,'2025-06-04 12:26:32','2025-06-04 12:26:32',NULL,NULL),(61,NULL,NULL,NULL,11237,40841,3336,NULL,13,9259,'2025-01-31',31971558.83,1,1161.00,NULL,NULL,'2025-06-04 12:26:52','2025-06-04 12:26:52',NULL,NULL),(62,NULL,NULL,NULL,11237,40841,3337,NULL,13,9259,'2025-01-31',11413240.13,1,1161.00,NULL,NULL,'2025-06-04 12:27:14','2025-06-04 12:27:14',NULL,NULL),(63,NULL,NULL,NULL,11237,40841,3338,NULL,13,9263,'2025-05-31',33722845.52,1,1161.00,NULL,NULL,'2025-06-04 12:38:33','2025-06-04 12:38:33',NULL,NULL),(64,NULL,NULL,NULL,11237,40841,3344,NULL,57,9264,'2025-06-05',9707670.62,1,1156.00,NULL,NULL,'2025-06-05 11:19:47','2025-06-05 11:19:47',NULL,NULL),(65,NULL,NULL,NULL,11237,40840,3345,NULL,57,7632,'2025-05-29',5000000.00,1,1164.00,NULL,NULL,'2025-06-06 09:37:39','2025-06-06 09:37:39',NULL,NULL),(66,NULL,NULL,NULL,11237,40840,3346,NULL,57,7632,'2025-05-29',2583181.00,1,1164.00,NULL,NULL,'2025-06-06 09:42:31','2025-06-06 09:42:31',NULL,NULL),(67,NULL,NULL,NULL,11237,40841,3347,NULL,13,9264,'2025-06-13',1067430.00,1,1161.00,NULL,NULL,'2025-06-13 17:37:59','2025-06-13 17:37:59',NULL,NULL),(68,NULL,NULL,NULL,11237,40841,3348,NULL,57,9264,'2025-06-13',1067430.00,1,1161.00,NULL,NULL,'2025-06-13 17:38:24','2025-06-13 17:38:24',NULL,NULL),(69,NULL,NULL,NULL,11237,40840,3349,NULL,57,7633,'2025-06-17',4583181.00,1,1157.00,NULL,NULL,'2025-06-17 10:25:06','2025-06-17 10:25:06',NULL,NULL),(70,NULL,NULL,NULL,11237,40841,3406,NULL,57,9264,'2025-06-23',5369694.42,1,1136.00,NULL,NULL,'2025-06-23 11:28:59','2025-06-23 11:28:59',NULL,NULL),(71,NULL,NULL,NULL,11237,40840,3411,NULL,57,7635,'2025-08-01',248662.13,1,1340.00,'PAGO IMPUESTO INMOBILIARIO RURAL CUOTA 5 y 6 / 2025\nOperación n° 00700818',NULL,'2025-08-01 18:49:00','2025-08-01 18:49:00',NULL,NULL),(72,NULL,NULL,NULL,11237,40840,3421,NULL,57,7635,'2025-08-29',9000000.00,1,1307.00,NULL,NULL,'2025-08-29 10:44:14','2025-08-29 10:45:42','2025-08-29 10:45:42',NULL),(73,NULL,NULL,NULL,11237,40840,3422,NULL,57,7635,'2025-08-29',9000000.00,1,1307.00,NULL,NULL,'2025-08-29 10:47:35','2025-08-29 10:47:35',NULL,NULL),(74,NULL,NULL,NULL,11237,40841,3490,NULL,57,9266,'2025-08-29',3000000.00,1,1307.00,NULL,NULL,'2025-08-29 12:57:49','2025-08-29 12:57:49',NULL,NULL),(75,NULL,NULL,NULL,11237,40841,3491,NULL,57,9266,'2025-08-29',13162812.76,1,1307.00,NULL,NULL,'2025-08-29 15:25:15','2025-08-29 15:25:15',NULL,NULL),(76,NULL,NULL,NULL,11237,40841,3492,NULL,57,9267,'2025-09-18',235903.39,1,1439.00,'Impuesto Inmobiliario Rural (Dalmasso) Cuotas 07/2025 y 08/2025',NULL,'2025-09-18 18:22:15','2025-09-18 18:22:15',NULL,NULL),(77,NULL,NULL,NULL,11237,40841,3493,NULL,13,9267,'2025-09-12',2000000.00,1,1403.00,NULL,NULL,'2025-10-02 10:12:30','2025-10-02 10:12:30',NULL,NULL);
INSERT INTO `cta_cte_tesoreria` VALUES (78,NULL,NULL,NULL,11237,40841,3494,NULL,13,9267,'2025-09-08',8863451.45,1,1403.00,NULL,NULL,'2025-10-02 10:20:18','2025-10-02 10:20:18',NULL,NULL),(79,NULL,NULL,NULL,11237,40841,3495,NULL,57,9267,'2025-09-08',18182601.72,1,1403.00,NULL,NULL,'2025-10-02 10:26:41','2025-10-02 10:26:41',NULL,NULL);

--
-- Table structure for table `cta_cte_tesoreria_banco_cheq`
--

CREATE TABLE `cta_cte_tesoreria_banco_cheq` (
  `id` int(10) unsigned NOT NULL AUTO_INCREMENT,
  `user_id` int(10) unsigned DEFAULT NULL,
  `person_id` int(10) unsigned NOT NULL,
  `cta_cte_tesoreria_cuenta_id` int(10) unsigned NOT NULL,
  `cta_cte_tesoreria_banco_id` int(10) unsigned NOT NULL,
  `chequera_tipo_id` int(10) unsigned NOT NULL,
  `serie` text COLLATE utf8mb4_unicode_ci,
  `numero_cheque` int(11) DEFAULT NULL,
  `habilitado` tinyint(1) NOT NULL DEFAULT '1',
  `created_at` timestamp NULL DEFAULT NULL,
  `updated_at` timestamp NULL DEFAULT NULL,
  `deleted_at` timestamp NULL DEFAULT NULL,
  PRIMARY KEY (`id`),
  KEY `cta_cte_tesoreria_banco_cheq_person_id_foreign` (`person_id`),
  KEY `cta_cte_tesoreria_banco_cheq_cta_cte_tesoreria_cuenta_id_foreign` (`cta_cte_tesoreria_cuenta_id`),
  KEY `cta_cte_tesoreria_banco_cheq_cta_cte_tesoreria_banco_id_foreign` (`cta_cte_tesoreria_banco_id`),
  KEY `cta_cte_tesoreria_banco_cheq_chequera_tipo_id_foreign` (`chequera_tipo_id`),
  CONSTRAINT `cta_cte_tesoreria_banco_cheq_chequera_tipo_id_foreign` FOREIGN KEY (`chequera_tipo_id`) REFERENCES `chequeras_tipos` (`id`),
  CONSTRAINT `cta_cte_tesoreria_banco_cheq_cta_cte_tesoreria_banco_id_foreign` FOREIGN KEY (`cta_cte_tesoreria_banco_id`) REFERENCES `cta_cte_tesoreria_bancos` (`id`),
  CONSTRAINT `cta_cte_tesoreria_banco_cheq_cta_cte_tesoreria_cuenta_id_foreign` FOREIGN KEY (`cta_cte_tesoreria_cuenta_id`) REFERENCES `cta_cte_tesoreria_cuentas` (`id`),
  CONSTRAINT `cta_cte_tesoreria_banco_cheq_person_id_foreign` FOREIGN KEY (`person_id`) REFERENCES `persons` (`id`)
) ENGINE=InnoDB AUTO_INCREMENT=3 DEFAULT CHARSET=utf8mb4 COLLATE=utf8mb4_unicode_ci;

--
-- Dumping data for table `cta_cte_tesoreria_banco_cheq`
--

INSERT INTO `cta_cte_tesoreria_banco_cheq` VALUES (1,11237,40841,766,1,2,'57117000',57689750,1,'2025-04-15 10:57:13','2025-10-02 10:26:41',NULL),(2,11237,40840,769,2,2,'00000001',209,1,'2025-04-16 18:00:07','2025-08-29 10:47:35',NULL);

--
-- Table structure for table `cta_cte_tesoreria_banco_claves`
--

CREATE TABLE `cta_cte_tesoreria_banco_claves` (
  `id` int(10) unsigned NOT NULL AUTO_INCREMENT,
  `user_id` int(10) unsigned DEFAULT NULL,
  `person_id` int(10) unsigned NOT NULL,
  `cta_cte_tesoreria_cuenta_id` int(10) unsigned NOT NULL,
  `cta_cte_tesoreria_banco_id` int(10) unsigned NOT NULL,
  `descripcion_name` text COLLATE utf8mb4_unicode_ci,
  `descripcion` longtext COLLATE utf8mb4_unicode_ci,
  `created_at` timestamp NULL DEFAULT NULL,
  `updated_at` timestamp NULL DEFAULT NULL,
  `deleted_at` timestamp NULL DEFAULT NULL,
  PRIMARY KEY (`id`),
  KEY `cta_cte_tesoreria_banco_claves_person_id_foreign` (`person_id`),
  KEY `ct_cuenta_id` (`cta_cte_tesoreria_cuenta_id`),
  KEY `ct_banco_id` (`cta_cte_tesoreria_banco_id`),
  CONSTRAINT `ct_banco_id` FOREIGN KEY (`cta_cte_tesoreria_banco_id`) REFERENCES `cta_cte_tesoreria_bancos` (`id`),
  CONSTRAINT `ct_cuenta_id` FOREIGN KEY (`cta_cte_tesoreria_cuenta_id`) REFERENCES `cta_cte_tesoreria_cuentas` (`id`),
  CONSTRAINT `cta_cte_tesoreria_banco_claves_person_id_foreign` FOREIGN KEY (`person_id`) REFERENCES `persons` (`id`)
) ENGINE=InnoDB DEFAULT CHARSET=utf8mb4 COLLATE=utf8mb4_unicode_ci;

--
-- Dumping data for table `cta_cte_tesoreria_banco_claves`
--


--
-- Table structure for table `cta_cte_tesoreria_banco_comentarios`
--

CREATE TABLE `cta_cte_tesoreria_banco_comentarios` (
  `id` int(10) unsigned NOT NULL AUTO_INCREMENT,
  `user_id` int(10) unsigned DEFAULT NULL,
  `person_id` int(10) unsigned NOT NULL,
  `cta_cte_tesoreria_cuenta_id` int(10) unsigned NOT NULL,
  `cta_cte_tesoreria_banco_id` int(10) unsigned NOT NULL,
  `fecha` datetime NOT NULL,
  `descripcion` longtext COLLATE utf8mb4_unicode_ci NOT NULL,
  `created_at` timestamp NULL DEFAULT NULL,
  `updated_at` timestamp NULL DEFAULT NULL,
  `deleted_at` timestamp NULL DEFAULT NULL,
  PRIMARY KEY (`id`),
  KEY `cta_cte_tesoreria_banco_comentarios_person_id_foreign` (`person_id`),
  KEY `ct_cuentas_id` (`cta_cte_tesoreria_cuenta_id`),
  KEY `ct_bancos_id` (`cta_cte_tesoreria_banco_id`),
  CONSTRAINT `ct_bancos_id` FOREIGN KEY (`cta_cte_tesoreria_banco_id`) REFERENCES `cta_cte_tesoreria_bancos` (`id`),
  CONSTRAINT `ct_cuentas_id` FOREIGN KEY (`cta_cte_tesoreria_cuenta_id`) REFERENCES `cta_cte_tesoreria_cuentas` (`id`),
  CONSTRAINT `cta_cte_tesoreria_banco_comentarios_person_id_foreign` FOREIGN KEY (`person_id`) REFERENCES `persons` (`id`)
) ENGINE=InnoDB DEFAULT CHARSET=utf8mb4 COLLATE=utf8mb4_unicode_ci;

--
-- Dumping data for table `cta_cte_tesoreria_banco_comentarios`
--


--
-- Table structure for table `cta_cte_tesoreria_banco_estados`
--

CREATE TABLE `cta_cte_tesoreria_banco_estados` (
  `id` int(10) unsigned NOT NULL AUTO_INCREMENT,
  `user_id` int(10) unsigned DEFAULT NULL,
  `descripcion` text COLLATE utf8mb4_unicode_ci NOT NULL,
  `habilitado` tinyint(1) NOT NULL,
  `created_at` timestamp NULL DEFAULT NULL,
  `updated_at` timestamp NULL DEFAULT NULL,
  `deleted_at` timestamp NULL DEFAULT NULL,
  PRIMARY KEY (`id`)
) ENGINE=InnoDB AUTO_INCREMENT=6 DEFAULT CHARSET=utf8mb4 COLLATE=utf8mb4_unicode_ci;

--
-- Dumping data for table `cta_cte_tesoreria_banco_estados`
--

INSERT INTO `cta_cte_tesoreria_banco_estados` VALUES (1,NULL,'Habilitado',0,NULL,NULL,NULL),(2,NULL,'En Proceso',0,NULL,NULL,NULL),(3,NULL,'Bloqueado',0,NULL,NULL,NULL),(4,NULL,'Reconocimiento',0,NULL,NULL,NULL),(5,NULL,'Inhabilitado',0,NULL,NULL,NULL);

--
-- Table structure for table `cta_cte_tesoreria_bancos`
--

CREATE TABLE `cta_cte_tesoreria_bancos` (
  `id` int(10) unsigned NOT NULL AUTO_INCREMENT,
  `user_id` int(10) unsigned DEFAULT NULL,
  `person_id` int(10) unsigned NOT NULL,
  `cta_cte_tesoreria_cuenta_id` int(10) unsigned NOT NULL,
  `ctacte_banco_id` int(10) unsigned NOT NULL,
  `persona_empresa` int(11) NOT NULL DEFAULT '1',
  `zone_id` int(10) unsigned NOT NULL,
  `cuenta_contable_id` int(10) unsigned NOT NULL,
  `cuenta_contable_id_diferido` int(10) unsigned DEFAULT NULL,
  `cuenta_contable_id_pend_acred` int(10) unsigned DEFAULT NULL,
  `numero_cuenta` text COLLATE utf8mb4_unicode_ci,
  `cbu` text COLLATE utf8mb4_unicode_ci,
  `alias` text COLLATE utf8mb4_unicode_ci,
  `cta_cte_tesoreria_banco_estado_id` int(10) unsigned DEFAULT NULL,
  `person_id_relationed` int(10) unsigned DEFAULT NULL,
  `habilitado` tinyint(1) NOT NULL DEFAULT '1',
  `created_at` timestamp NULL DEFAULT NULL,
  `updated_at` timestamp NULL DEFAULT NULL,
  `deleted_at` timestamp NULL DEFAULT NULL,
  PRIMARY KEY (`id`),
  KEY `cta_cte_tesoreria_bancos_person_id_foreign` (`person_id`),
  KEY `cta_cte_tesoreria_bancos_cta_cte_tesoreria_cuenta_id_foreign` (`cta_cte_tesoreria_cuenta_id`),
  KEY `cta_cte_tesoreria_bancos_ctacte_banco_id_foreign` (`ctacte_banco_id`),
  KEY `cta_cte_tesoreria_bancos_zone_id_foreign` (`zone_id`),
  KEY `cta_cte_tesoreria_bancos_cuenta_contable_id_foreign` (`cuenta_contable_id`),
  KEY `cta_cte_tesoreria_bancos_cuenta_contable_id_diferido_foreign` (`cuenta_contable_id_diferido`),
  KEY `cta_cte_tesoreria_bancos_cuenta_contable_id_pend_acred_foreign` (`cuenta_contable_id_pend_acred`),
  KEY `cta_cte_tesoreria_bancos_person_id_relationed_foreign` (`person_id_relationed`),
  KEY `ct_banco_estado_id` (`cta_cte_tesoreria_banco_estado_id`),
  CONSTRAINT `ct_banco_estado_id` FOREIGN KEY (`cta_cte_tesoreria_banco_estado_id`) REFERENCES `cta_cte_tesoreria_banco_estados` (`id`),
  CONSTRAINT `cta_cte_tesoreria_bancos_cta_cte_tesoreria_cuenta_id_foreign` FOREIGN KEY (`cta_cte_tesoreria_cuenta_id`) REFERENCES `cta_cte_tesoreria_cuentas` (`id`),
  CONSTRAINT `cta_cte_tesoreria_bancos_ctacte_banco_id_foreign` FOREIGN KEY (`ctacte_banco_id`) REFERENCES `ctacte_bancos` (`id`),
  CONSTRAINT `cta_cte_tesoreria_bancos_cuenta_contable_id_diferido_foreign` FOREIGN KEY (`cuenta_contable_id_diferido`) REFERENCES `conta_plan_cuenta` (`id`),
  CONSTRAINT `cta_cte_tesoreria_bancos_cuenta_contable_id_foreign` FOREIGN KEY (`cuenta_contable_id`) REFERENCES `conta_plan_cuenta` (`id`),
  CONSTRAINT `cta_cte_tesoreria_bancos_cuenta_contable_id_pend_acred_foreign` FOREIGN KEY (`cuenta_contable_id_pend_acred`) REFERENCES `conta_plan_cuenta` (`id`),
  CONSTRAINT `cta_cte_tesoreria_bancos_person_id_foreign` FOREIGN KEY (`person_id`) REFERENCES `persons` (`id`),
  CONSTRAINT `cta_cte_tesoreria_bancos_person_id_relationed_foreign` FOREIGN KEY (`person_id_relationed`) REFERENCES `persons` (`id`),
  CONSTRAINT `cta_cte_tesoreria_bancos_zone_id_foreign` FOREIGN KEY (`zone_id`) REFERENCES `zones` (`id`)
) ENGINE=InnoDB AUTO_INCREMENT=3 DEFAULT CHARSET=utf8mb4 COLLATE=utf8mb4_unicode_ci;

--
-- Dumping data for table `cta_cte_tesoreria_bancos`
--

INSERT INTO `cta_cte_tesoreria_bancos` VALUES (1,11237,40841,766,36,1,1,163,1437,1438,'372800000022550','2850728830000000225507','ARIELDALMASSO.76',1,40878,1,'2025-04-15 10:57:13','2025-04-15 11:47:09',NULL),(2,11237,40840,769,2,2,1,166,176,1437,' 18602690067236','0110269920026900672367',' LADAHNOS',1,40840,1,'2025-04-16 18:00:07','2025-04-16 18:00:07',NULL);

--
-- Table structure for table `cta_cte_tesoreria_cuenta_tipos`
--

CREATE TABLE `cta_cte_tesoreria_cuenta_tipos` (
  `id` int(10) unsigned NOT NULL AUTO_INCREMENT,
  `user_id` int(10) unsigned DEFAULT NULL,
  `descripcion` text COLLATE utf8mb4_unicode_ci NOT NULL,
  `habilitado` tinyint(1) NOT NULL DEFAULT '1',
  `created_at` timestamp NULL DEFAULT NULL,
  `updated_at` timestamp NULL DEFAULT NULL,
  `deleted_at` timestamp NULL DEFAULT NULL,
  PRIMARY KEY (`id`)
) ENGINE=InnoDB AUTO_INCREMENT=11 DEFAULT CHARSET=utf8mb4 COLLATE=utf8mb4_unicode_ci;

--
-- Dumping data for table `cta_cte_tesoreria_cuenta_tipos`
--

INSERT INTO `cta_cte_tesoreria_cuenta_tipos` VALUES (1,NULL,'CAJA',1,NULL,NULL,NULL),(2,NULL,'BANCOS',1,NULL,NULL,NULL),(3,NULL,'CHEQUES',1,NULL,NULL,NULL),(4,NULL,'RETENCIONES EFECTUADAS',1,NULL,'2025-01-02 08:51:59',NULL),(5,NULL,'PERCEPCIONES EFECTUADAS',1,NULL,'2025-01-02 08:51:59',NULL),(6,NULL,'RESULTADO NEGATIVO',1,NULL,NULL,NULL),(7,NULL,'RESULTADO POSITIVO',1,NULL,NULL,NULL),(8,NULL,'MOVIMIENTO',1,NULL,NULL,NULL),(9,NULL,'RETENCIONES SUFRIDAS',1,NULL,NULL,NULL),(10,NULL,'PERCEPCIONES SUFRIDAS',1,NULL,NULL,NULL);

--
-- Table structure for table `cta_cte_tesoreria_cuentas`
--

CREATE TABLE `cta_cte_tesoreria_cuentas` (
  `id` int(10) unsigned NOT NULL AUTO_INCREMENT,
  `bind_apibank_enabled` tinyint(1) NOT NULL DEFAULT '0' COMMENT 'Tiene Bind APIBank habilitado?',
  `bind_account_id` varchar(50) COLLATE utf8mb4_unicode_ci DEFAULT NULL COMMENT 'ID de cuenta en Bind APIBank (obtenido al configurar)',
  `user_id` int(10) unsigned DEFAULT NULL,
  `is_no_fiscal` tinyint(1) DEFAULT '0',
  `moneda_id` int(10) unsigned NOT NULL DEFAULT '1',
  `plan_cuenta_id` int(10) unsigned NOT NULL,
  `person_id` int(10) unsigned DEFAULT NULL,
  `cta_cte_tesoreria_cuenta_tipo_id` int(10) unsigned NOT NULL DEFAULT '8',
  `retention_type_id` int(10) unsigned DEFAULT NULL,
  `nombre` varchar(191) COLLATE utf8mb4_unicode_ci NOT NULL,
  `cuit` text COLLATE utf8mb4_unicode_ci,
  `cheque3ros` tinyint(1) NOT NULL DEFAULT '0',
  `cheque_emitidos` tinyint(1) NOT NULL DEFAULT '0',
  `tes_cta_cte` tinyint(1) NOT NULL DEFAULT '0',
  `tes_cuenta_origen` tinyint(1) NOT NULL DEFAULT '0',
  `tes_cuenta_destino` tinyint(1) NOT NULL DEFAULT '0',
  `conta_asientos` tinyint(1) NOT NULL DEFAULT '0',
  `habilitado` tinyint(1) NOT NULL DEFAULT '1',
  `created_at` timestamp NULL DEFAULT NULL,
  `updated_at` timestamp NULL DEFAULT NULL,
  `deleted_at` timestamp NULL DEFAULT NULL,
  PRIMARY KEY (`id`),
  KEY `cta_cte_tesoreria_cuentas_person_id_foreign` (`person_id`),
  KEY `cta_cte_tesoreria_cuentas_plan_cuenta_id_foreign` (`plan_cuenta_id`),
  KEY `cta_tes_tipo_id_foreign` (`cta_cte_tesoreria_cuenta_tipo_id`),
  KEY `cta_cte_tesoreria_cuentas_moneda_id_foreign` (`moneda_id`),
  KEY `cta_cte_tesoreria_cuentas_retention_type_id_foreign` (`retention_type_id`),
  KEY `idx_cctc_bind_apibank_enabled` (`bind_apibank_enabled`),
  KEY `idx_cctc_bind_account_id` (`bind_account_id`),
  CONSTRAINT `cta_cte_tesoreria_cuentas_moneda_id_foreign` FOREIGN KEY (`moneda_id`) REFERENCES `monedas` (`id`),
  CONSTRAINT `cta_cte_tesoreria_cuentas_person_id_foreign` FOREIGN KEY (`person_id`) REFERENCES `persons` (`id`),
  CONSTRAINT `cta_cte_tesoreria_cuentas_plan_cuenta_id_foreign` FOREIGN KEY (`plan_cuenta_id`) REFERENCES `conta_plan_cuenta` (`id`),
  CONSTRAINT `cta_cte_tesoreria_cuentas_retention_type_id_foreign` FOREIGN KEY (`retention_type_id`) REFERENCES `retention_types` (`id`),
  CONSTRAINT `cta_tes_tipo_id_foreign` FOREIGN KEY (`cta_cte_tesoreria_cuenta_tipo_id`) REFERENCES `cta_cte_tesoreria_cuenta_tipos` (`id`)
) ENGINE=InnoDB AUTO_INCREMENT=773 DEFAULT CHARSET=utf8mb4 COLLATE=utf8mb4_unicode_ci;

--
-- Dumping data for table `cta_cte_tesoreria_cuentas`
--

INSERT INTO `cta_cte_tesoreria_cuentas` VALUES (13,0,NULL,NULL,0,1,13,NULL,8,NULL,'Clientes - Deudores',NULL,0,0,0,0,0,0,1,'2019-10-19 02:10:24','2019-10-19 02:10:24',NULL),(20,0,NULL,NULL,0,1,20,NULL,8,NULL,'Anticipos Impuesto a las Ganancias',NULL,0,0,0,0,1,0,1,'2019-10-19 02:10:24','2019-10-19 02:10:24',NULL),(23,0,NULL,NULL,0,1,23,NULL,4,NULL,'Retenciones Impuesto a las Ganancias',NULL,0,0,1,0,0,0,1,'2019-10-19 02:10:24','2024-02-09 06:46:15',NULL),(25,0,NULL,NULL,0,1,25,NULL,4,NULL,'Retenciones de IVA',NULL,0,0,1,0,0,0,1,'2019-10-19 02:10:24','2024-02-09 06:46:15',NULL),(57,0,NULL,NULL,0,1,57,NULL,8,NULL,'Proveedores en Cta. Cte. locales',NULL,0,0,0,0,0,0,1,'2019-10-19 02:10:24','2019-10-19 02:10:24',NULL),(60,0,NULL,NULL,0,1,60,NULL,3,NULL,'Cheques emitidos ',NULL,0,1,1,1,1,0,1,'2019-10-19 02:10:24','2024-02-09 06:46:15',NULL),(62,0,NULL,NULL,0,1,62,NULL,8,NULL,'Sueldos y Jornales a pagar',NULL,0,0,0,0,1,0,1,'2019-10-19 02:10:24','2019-10-19 02:10:24',NULL),(140,0,NULL,NULL,0,1,140,NULL,6,NULL,'Intereses y Gastos bancarios',NULL,0,0,0,0,1,0,1,'2019-10-19 02:10:24','2024-02-09 06:46:15',NULL),(162,0,NULL,NULL,0,1,162,NULL,4,NULL,'Retenciones SUSS',NULL,0,0,1,0,0,0,1,'2019-10-19 02:10:24','2024-02-09 06:46:15',NULL),(176,0,NULL,NULL,0,1,176,NULL,3,NULL,'Cheques en Cartera',NULL,1,0,1,1,1,0,1,'2019-10-19 02:10:24','2024-02-09 06:46:15',NULL),(201,0,NULL,NULL,0,1,201,NULL,6,NULL,'Monotributo',NULL,0,0,0,0,1,0,1,'2019-10-19 02:10:24','2024-02-09 06:46:15',NULL),(203,0,NULL,NULL,0,1,203,NULL,6,NULL,'Autonomos',NULL,0,0,0,0,1,0,1,'2019-10-19 02:10:24','2024-02-09 06:46:15',NULL),(219,0,NULL,NULL,0,1,219,NULL,8,NULL,'Pagos AFIP',NULL,0,0,0,0,1,0,1,'2019-10-19 02:10:24','2019-10-19 02:10:24',NULL),(251,0,NULL,NULL,0,1,251,NULL,4,NULL,'Retenciones de IIBB Buenos Aires',NULL,0,0,1,0,0,0,1,'2019-10-19 02:10:24','2024-02-09 06:46:15',NULL),(252,0,NULL,NULL,0,1,252,NULL,4,NULL,'Retenciones de IIBB Capital Federal',NULL,0,0,1,0,0,0,1,'2019-10-19 02:10:24','2024-02-09 06:46:15',NULL),(253,0,NULL,NULL,0,1,253,NULL,4,NULL,'Retenciones de IIBB Catamarca',NULL,0,0,1,0,0,0,1,'2019-10-19 02:10:24','2024-02-09 06:46:15',NULL),(254,0,NULL,NULL,0,1,254,NULL,4,NULL,'Retenciones de IIBB Chaco',NULL,0,0,1,0,0,0,1,'2019-10-19 02:10:24','2024-02-09 06:46:15',NULL),(255,0,NULL,NULL,0,1,255,NULL,4,NULL,'Retenciones de IIBB Chubut',NULL,0,0,1,0,0,0,1,'2019-10-19 02:10:24','2024-02-09 06:46:15',NULL),(256,0,NULL,NULL,0,1,256,NULL,4,NULL,'Retenciones de IIBB Córdoba',NULL,0,0,1,0,0,0,1,'2019-10-19 02:10:24','2024-02-09 06:46:15',NULL),(257,0,NULL,NULL,0,1,257,NULL,4,NULL,'Retenciones de IIBB Corrientes',NULL,0,0,1,0,0,0,1,'2019-10-19 02:10:24','2024-02-09 06:46:15',NULL),(258,0,NULL,NULL,0,1,258,NULL,4,NULL,'Retenciones de IIBB Entre Ríos',NULL,0,0,1,0,0,0,1,'2019-10-19 02:10:24','2024-02-09 06:46:15',NULL),(259,0,NULL,NULL,0,1,259,NULL,4,NULL,'Retenciones de IIBB Formosa',NULL,0,0,1,0,0,0,1,'2019-10-19 02:10:24','2024-02-09 06:46:15',NULL),(260,0,NULL,NULL,0,1,260,NULL,4,NULL,'Retenciones de IIBB Jujuy',NULL,0,0,1,0,0,0,1,'2019-10-19 02:10:24','2024-02-09 06:46:15',NULL),(261,0,NULL,NULL,0,1,261,NULL,4,NULL,'Retenciones de IIBB La Pampa',NULL,0,0,1,0,0,0,1,'2019-10-19 02:10:24','2024-02-09 06:46:15',NULL),(262,0,NULL,NULL,0,1,262,NULL,4,NULL,'Retenciones de IIBB La Rioja',NULL,0,0,1,0,0,0,1,'2019-10-19 02:10:24','2024-02-09 06:46:15',NULL),(263,0,NULL,NULL,0,1,263,NULL,4,NULL,'Retenciones de IIBB Mendoza',NULL,0,0,1,0,0,0,1,'2019-10-19 02:10:24','2024-02-09 06:46:15',NULL),(264,0,NULL,NULL,0,1,264,NULL,4,NULL,'Retenciones de IIBB Misiones',NULL,0,0,1,0,0,0,1,'2019-10-19 02:10:24','2024-02-09 06:46:15',NULL),(265,0,NULL,NULL,0,1,265,NULL,4,NULL,'Retenciones de IIBB Neuquén',NULL,0,0,1,0,0,0,1,'2019-10-19 02:10:24','2024-02-09 06:46:15',NULL),(266,0,NULL,NULL,0,1,266,NULL,4,NULL,'Retenciones de IIBB Pascua Lama',NULL,0,0,1,0,0,0,1,'2019-10-19 02:10:24','2024-02-09 06:46:15',NULL);
INSERT INTO `cta_cte_tesoreria_cuentas` VALUES (267,0,NULL,NULL,0,1,267,NULL,4,NULL,'Retenciones de IIBB Río Negro',NULL,0,0,1,0,0,0,1,'2019-10-19 02:10:24','2024-02-09 06:46:15',NULL),(268,0,NULL,NULL,0,1,268,NULL,4,NULL,'Retenciones de IIBB Salta',NULL,0,0,1,0,0,0,1,'2019-10-19 02:10:24','2024-02-09 06:46:15',NULL),(269,0,NULL,NULL,0,1,269,NULL,4,NULL,'Retenciones de IIBB San Juan',NULL,0,0,1,0,0,0,1,'2019-10-19 02:10:24','2024-02-09 06:46:15',NULL),(270,0,NULL,NULL,0,1,270,NULL,4,NULL,'Retenciones de IIBB San Luis',NULL,0,0,1,0,0,0,1,'2019-10-19 02:10:24','2024-02-09 06:46:15',NULL),(271,0,NULL,NULL,0,1,271,NULL,4,NULL,'Retenciones de IIBB Santa Cruz',NULL,0,0,1,0,0,0,1,'2019-10-19 02:10:24','2024-02-09 06:46:15',NULL),(272,0,NULL,NULL,0,1,272,NULL,4,NULL,'Retenciones de IIBB Santa Fe',NULL,0,0,1,0,0,0,1,'2019-10-19 02:10:24','2024-02-09 06:46:15',NULL),(273,0,NULL,NULL,0,1,273,NULL,4,NULL,'Retenciones de IIBB Santiago del Estero',NULL,0,0,1,0,0,0,1,'2019-10-19 02:10:24','2024-02-09 06:46:15',NULL),(274,0,NULL,NULL,0,1,274,NULL,4,NULL,'Retenciones de IIBB Tierra del Fuego',NULL,0,0,1,0,0,0,1,'2019-10-19 02:10:24','2024-02-09 06:46:15',NULL),(275,0,NULL,NULL,0,1,275,NULL,4,NULL,'Retenciones de IIBB Tucuman',NULL,0,0,1,0,0,0,1,'2019-10-19 02:10:24','2024-02-09 06:46:15',NULL),(351,0,NULL,NULL,0,1,351,NULL,8,NULL,'BANCO SIRCREB',NULL,0,0,0,0,1,0,1,'2019-10-19 02:10:24','2019-10-19 02:10:24',NULL),(359,0,NULL,NULL,0,1,359,NULL,8,NULL,'Caja en Pesos',NULL,0,0,1,1,1,0,1,'2019-10-19 02:10:24','2024-02-09 06:46:13','2024-02-09 06:46:13'),(360,0,NULL,NULL,0,1,360,NULL,8,NULL,'Retenciones Bancarias de Ganancias a Favor',NULL,0,0,0,0,1,0,1,'2019-10-19 02:10:24','2019-10-19 02:10:24',NULL),(364,0,NULL,NULL,0,1,364,NULL,8,NULL,'Anticipo de Clientes',NULL,0,0,0,0,1,0,1,'2019-10-19 02:10:24','2019-10-19 02:10:24',NULL),(384,0,NULL,NULL,0,1,384,NULL,8,NULL,'Caja en Dolares',NULL,0,0,1,1,1,0,1,'2019-10-19 02:10:24','2024-02-09 06:46:13','2024-02-09 06:46:13'),(409,0,NULL,NULL,0,1,409,NULL,6,NULL,'IVA Crédito Fiscal No computable',NULL,0,0,0,0,1,0,1,'2019-10-19 02:10:24','2024-02-09 06:46:15',NULL),(418,0,NULL,NULL,0,1,418,NULL,8,NULL,'Deudas Bancarias',NULL,0,0,0,1,1,0,1,'2019-10-19 02:10:24','2019-10-19 02:10:24',NULL),(433,0,NULL,NULL,0,1,433,NULL,8,NULL,'Préstamo',NULL,0,0,0,1,1,0,1,'2019-10-19 02:10:24','2019-10-19 02:10:24',NULL),(441,0,NULL,NULL,0,1,441,NULL,8,NULL,'Leasing',NULL,0,0,0,1,1,0,1,'2019-10-19 02:10:24','2019-10-19 02:10:24',NULL),(448,0,NULL,NULL,0,1,448,NULL,8,NULL,'Planes de Pagos AFIP',NULL,0,0,0,1,1,0,1,'2019-10-19 02:10:24','2019-10-19 02:10:24',NULL),(450,0,NULL,NULL,0,1,450,NULL,3,NULL,'Cheques Rechazados',NULL,0,0,0,0,1,0,1,'2019-10-19 02:10:24','2024-02-09 06:46:15',NULL),(467,0,NULL,NULL,0,1,467,NULL,6,NULL,'Interés',NULL,0,0,0,0,1,0,1,'2019-10-19 02:10:24','2024-02-09 06:46:15',NULL),(468,0,NULL,NULL,0,1,14,NULL,8,NULL,'Deudores por ventas comunes',NULL,0,0,0,0,0,1,1,'2020-02-06 17:23:07','2024-02-09 06:46:15',NULL),(469,0,NULL,NULL,0,1,15,NULL,8,NULL,'Deudores por ventas morosos',NULL,0,0,0,0,0,1,1,'2020-02-06 17:23:07','2024-02-09 06:46:15',NULL),(470,0,NULL,NULL,0,1,16,NULL,8,NULL,'Deudores en gestión judicial',NULL,0,0,0,0,0,1,1,'2020-02-06 17:23:07','2024-02-09 06:46:15',NULL),(471,0,NULL,NULL,0,1,17,NULL,8,NULL,'Previsión deudores incobrables',NULL,0,0,0,0,0,1,1,'2020-02-06 17:23:07','2024-02-09 06:46:15',NULL),(472,0,NULL,NULL,0,1,22,NULL,8,NULL,'Anticipo Impto.Ganancia Mínima Presunta',NULL,0,0,0,0,0,1,1,'2020-02-06 17:23:07','2024-02-09 06:46:15',NULL),(473,0,NULL,NULL,0,1,24,NULL,4,NULL,'Impuesto a las Ganancias (Saldo a favor)',NULL,0,0,0,0,0,1,0,'2020-02-06 17:23:07','2024-02-09 06:46:23',NULL),(474,0,NULL,NULL,0,1,27,NULL,8,NULL,'Anticipos de proveedores',NULL,0,0,0,0,0,1,1,'2020-02-06 17:23:07','2024-02-09 06:46:15',NULL),(475,0,NULL,NULL,0,1,28,NULL,8,NULL,'Depósito en garantía alquileres',NULL,0,0,0,0,0,1,1,'2020-02-06 17:23:07','2024-02-09 06:46:15',NULL);
INSERT INTO `cta_cte_tesoreria_cuentas` VALUES (476,0,NULL,NULL,0,1,29,NULL,8,NULL,'Derechos adquiridos a devengar',NULL,0,0,0,0,0,1,1,'2020-02-06 17:23:07','2024-02-09 06:46:15',NULL),(477,0,NULL,NULL,0,1,30,NULL,8,NULL,'Intereses a devengar',NULL,0,0,0,0,0,1,1,'2020-02-06 17:23:07','2024-02-09 06:46:15',NULL),(478,0,NULL,NULL,0,1,31,NULL,8,NULL,'Cuentas a rendir - Directores',NULL,0,0,0,0,0,1,1,'2020-02-06 17:23:07','2024-02-09 06:46:15',NULL),(479,0,NULL,NULL,0,1,32,NULL,8,NULL,'Alquileres no devengados',NULL,0,0,0,0,0,1,1,'2020-02-06 17:23:07','2024-02-09 06:46:15',NULL),(480,0,NULL,NULL,0,1,38,NULL,8,NULL,'Equipos de computación valores históricos',NULL,0,0,0,0,0,1,1,'2020-02-06 17:23:07','2024-02-09 06:46:15',NULL),(481,0,NULL,NULL,0,1,39,NULL,8,NULL,'Equipos de computación ajuste',NULL,0,0,0,0,0,1,1,'2020-02-06 17:23:07','2024-02-09 06:46:15',NULL),(482,0,NULL,NULL,0,1,40,NULL,8,NULL,'Amortización Acumulada Equipos de comput.',NULL,0,0,0,0,0,1,1,'2020-02-06 17:23:07','2024-02-09 06:46:15',NULL),(483,0,NULL,NULL,0,1,42,NULL,8,NULL,'Instalaciones valores históricos',NULL,0,0,0,0,0,1,1,'2020-02-06 17:23:07','2024-02-09 06:46:15',NULL),(484,0,NULL,NULL,0,1,43,NULL,8,NULL,'Instalaciones ajuste',NULL,0,0,0,0,0,1,1,'2020-02-06 17:23:07','2024-02-09 06:46:15',NULL),(485,0,NULL,NULL,0,1,44,NULL,8,NULL,'Amortización Acumulada Instalaciones',NULL,0,0,0,0,0,1,1,'2020-02-06 17:23:07','2024-02-09 06:46:15',NULL),(486,0,NULL,NULL,0,1,46,NULL,8,NULL,'Muebles y utiles valores históricos',NULL,0,0,0,0,0,1,1,'2020-02-06 17:23:07','2024-02-09 06:46:15',NULL),(487,0,NULL,NULL,0,1,47,NULL,8,NULL,'Muebles y utiles ajuste',NULL,0,0,0,0,0,1,1,'2020-02-06 17:23:07','2024-02-09 06:46:15',NULL),(488,0,NULL,NULL,0,1,48,NULL,8,NULL,'Amortización Acumulada Muebles y Útiles',NULL,0,0,0,0,0,1,1,'2020-02-06 17:23:07','2024-02-09 06:46:15',NULL),(489,0,NULL,NULL,0,1,50,NULL,8,NULL,'Gastos de organización valores historicos',NULL,0,0,0,0,0,1,1,'2020-02-06 17:23:07','2024-02-09 06:46:15',NULL),(490,0,NULL,NULL,0,1,51,NULL,8,NULL,'Gastos de organización ajuste',NULL,0,0,0,0,0,1,1,'2020-02-06 17:23:07','2024-02-09 06:46:15',NULL),(491,0,NULL,NULL,0,1,52,NULL,8,NULL,'Amortización acumulada gs. de organización',NULL,0,0,0,0,0,1,1,'2020-02-06 17:23:07','2024-02-09 06:46:15',NULL),(492,0,NULL,NULL,0,1,58,NULL,8,NULL,'Proveedores en cta. cte. exterior',NULL,0,0,0,0,0,1,1,'2020-02-06 17:23:07','2024-02-09 06:46:15',NULL),(493,0,NULL,NULL,0,1,59,NULL,8,NULL,'Derechos de exhibición a devengar',NULL,0,0,0,0,0,1,1,'2020-02-06 17:23:07','2024-02-09 06:46:15',NULL),(494,0,NULL,NULL,0,1,63,NULL,8,NULL,'Cargas sociales a pagar',NULL,0,0,0,0,0,1,1,'2020-02-06 17:23:07','2024-02-09 06:46:15',NULL),(495,0,NULL,NULL,0,1,64,NULL,8,NULL,'Sindicatos a Pagar',NULL,0,0,0,0,0,1,1,'2020-02-06 17:23:07','2024-02-09 06:46:15',NULL),(496,0,NULL,NULL,0,1,67,NULL,8,NULL,'IVA Debito Fiscal',NULL,0,0,0,0,0,1,1,'2020-02-06 17:23:07','2024-02-09 06:46:15',NULL),(497,0,NULL,NULL,0,1,68,NULL,8,NULL,'IVA Credito Fiscal',NULL,0,0,0,0,0,1,1,'2020-02-06 17:23:07','2024-02-09 06:46:15',NULL),(498,0,NULL,NULL,0,1,69,NULL,8,NULL,'Impuestos Internos',NULL,0,0,0,0,0,1,1,'2020-02-06 17:23:07','2024-02-09 06:46:15',NULL),(499,0,NULL,NULL,0,1,70,NULL,8,NULL,'Impuestos al Combustible',NULL,0,0,0,0,0,1,1,'2020-02-06 17:23:07','2024-02-09 06:46:15',NULL),(500,0,NULL,NULL,0,1,71,NULL,8,NULL,'IVA Retenciones de terceros',NULL,0,0,0,0,0,1,1,'2020-02-06 17:23:07','2024-02-09 06:46:15',NULL),(501,0,NULL,NULL,0,1,72,NULL,5,NULL,'IVA Percepciones realiz.por terceros',NULL,0,0,0,0,0,1,1,'2020-02-06 17:23:07','2024-02-09 06:46:15',NULL),(502,0,NULL,NULL,0,1,73,NULL,8,NULL,'IVA Saldo a favor',NULL,0,0,0,0,0,1,1,'2020-02-06 17:23:07','2024-02-09 06:46:15',NULL),(503,0,NULL,NULL,0,1,74,NULL,8,NULL,'IVA a pagar',NULL,0,0,0,0,0,1,1,'2020-02-06 17:23:07','2024-02-09 06:46:15',NULL),(504,0,NULL,NULL,0,1,75,NULL,5,NULL,'Percepciones Ingresos Brutos',NULL,0,0,0,0,0,1,1,'2020-02-06 17:23:07','2024-02-09 06:46:15',NULL);
INSERT INTO `cta_cte_tesoreria_cuentas` VALUES (505,0,NULL,NULL,0,1,76,NULL,8,NULL,'Otros Pagos AFIP',NULL,0,0,0,0,0,1,1,'2020-02-06 17:23:07','2024-02-09 06:46:15',NULL),(506,0,NULL,NULL,0,1,78,NULL,8,NULL,'Impuesto a los Ingresos Brutos Pasivo',NULL,0,0,0,0,0,1,1,'2020-02-06 17:23:07','2024-02-09 06:46:15',NULL),(507,0,NULL,NULL,0,1,79,NULL,8,NULL,'Impuesto a las Ganancias',NULL,0,0,0,0,0,1,1,'2020-02-06 17:23:07','2024-02-09 06:46:15',NULL),(508,0,NULL,NULL,0,1,80,NULL,8,NULL,'Impuesto a la Ganancia Mínima Presunta',NULL,0,0,0,0,0,1,1,'2020-02-06 17:23:07','2024-02-09 06:46:15',NULL),(509,0,NULL,NULL,0,1,81,NULL,8,NULL,'AFIP - Retenciones Impuesto a las Ganancias',NULL,0,0,0,0,0,1,1,'2020-02-06 17:23:07','2024-02-09 06:46:15',NULL),(510,0,NULL,NULL,0,1,82,NULL,8,NULL,'AFIP - Plan de Facilidades Decreto 338/02',NULL,0,0,0,0,0,1,1,'2020-02-06 17:23:07','2024-02-09 06:46:15',NULL),(511,0,NULL,NULL,0,1,87,NULL,8,NULL,'Acciones en circulación',NULL,0,0,0,0,0,1,1,'2020-02-06 17:23:07','2024-02-09 06:46:15',NULL),(512,0,NULL,NULL,0,1,88,NULL,8,NULL,'Ajuste del Capital',NULL,0,0,0,0,0,1,1,'2020-02-06 17:23:07','2024-02-09 06:46:15',NULL),(513,0,NULL,NULL,0,1,89,NULL,8,NULL,'Aportes Irrevocables Futuras Suscripciones',NULL,0,0,0,0,0,1,1,'2020-02-06 17:23:07','2024-02-09 06:46:15',NULL),(514,0,NULL,NULL,0,1,91,NULL,8,NULL,'Resultado del ejercicio',NULL,0,0,0,0,0,1,1,'2020-02-06 17:23:07','2024-02-09 06:46:16',NULL),(515,0,NULL,NULL,0,1,92,NULL,8,NULL,'Resultado ejercicios anteriores',NULL,0,0,0,0,0,1,1,'2020-02-06 17:23:07','2024-02-09 06:46:16',NULL),(516,0,NULL,NULL,0,1,93,NULL,8,NULL,'A.R.E.A.',NULL,0,0,0,0,0,1,1,'2020-02-06 17:23:07','2024-02-09 06:46:16',NULL),(517,0,NULL,NULL,0,1,96,NULL,7,NULL,'VENTAS',NULL,0,0,0,0,1,1,1,'2020-02-06 17:23:07','2024-02-09 06:46:16',NULL),(518,0,NULL,NULL,0,1,97,NULL,7,NULL,'Honorarios',NULL,0,0,0,0,1,1,1,'2020-02-06 17:23:07','2024-02-09 06:46:16',NULL),(519,0,NULL,NULL,0,1,99,NULL,7,NULL,'Descuentos obtenidos',NULL,0,0,0,0,1,1,1,'2020-02-06 17:23:07','2024-02-09 06:46:16',NULL),(520,0,NULL,NULL,0,1,100,NULL,7,NULL,'Reintegros por exportaciones',NULL,0,0,0,0,1,1,1,'2020-02-06 17:23:07','2024-02-09 06:46:16',NULL),(521,0,NULL,NULL,0,1,102,NULL,7,NULL,'Intereses Cobrados',NULL,0,0,0,0,1,1,1,'2020-02-06 17:23:07','2024-02-09 06:46:16',NULL),(522,0,NULL,NULL,0,1,103,NULL,7,NULL,'Diferencias de cambio',NULL,0,0,0,0,1,1,1,'2020-02-06 17:23:07','2024-02-09 06:46:16',NULL),(523,0,NULL,NULL,0,1,104,NULL,7,NULL,'Descuentos obtenidos',NULL,0,0,0,0,1,1,1,'2020-02-06 17:23:07','2024-02-09 06:46:16',NULL),(524,0,NULL,NULL,0,1,110,NULL,6,NULL,'Sueldos',NULL,0,0,0,0,0,1,1,'2020-02-06 17:23:07','2024-02-09 06:46:16',NULL),(525,0,NULL,NULL,0,1,111,NULL,6,NULL,'Contribuciones',NULL,0,0,0,0,0,1,1,'2020-02-06 17:23:07','2024-02-09 06:46:16',NULL),(526,0,NULL,NULL,0,1,112,NULL,6,NULL,'Sindicato',NULL,0,0,0,0,0,1,1,'2020-02-06 17:23:07','2024-02-09 06:46:16',NULL),(527,0,NULL,NULL,0,1,114,NULL,8,NULL,'ACA',NULL,0,0,0,0,0,1,1,'2020-02-06 17:23:07','2024-02-09 06:46:16',NULL),(528,0,NULL,NULL,0,1,115,NULL,6,NULL,'Aereos',NULL,0,0,0,0,0,1,1,'2020-02-06 17:23:07','2024-02-09 06:46:16',NULL),(529,0,NULL,NULL,0,1,116,NULL,6,NULL,'Alquiler',NULL,0,0,0,0,0,1,1,'2020-02-06 17:23:07','2024-02-09 06:46:16',NULL),(530,0,NULL,NULL,0,1,117,NULL,8,NULL,'AGUA AYSA',NULL,0,0,0,0,0,1,1,'2020-02-06 17:23:07','2024-02-09 06:46:16',NULL),(531,0,NULL,NULL,0,1,118,NULL,8,NULL,'TV Cablevision',NULL,0,0,0,0,0,1,1,'2020-02-06 17:23:07','2024-02-09 06:46:16',NULL),(532,0,NULL,NULL,0,1,119,NULL,1,NULL,'Caja Jubilacion Consejo',NULL,0,0,0,0,0,1,1,'2020-02-06 17:23:07','2024-02-09 06:46:16',NULL),(533,0,NULL,NULL,0,1,120,NULL,6,NULL,'Celulares',NULL,0,0,0,0,0,1,1,'2020-02-06 17:23:07','2024-02-09 06:46:16',NULL),(534,0,NULL,NULL,0,1,121,NULL,3,NULL,'Cheques',NULL,0,0,0,0,0,1,1,'2020-02-06 17:23:07','2024-02-09 06:46:16',NULL),(535,0,NULL,NULL,0,1,123,NULL,8,NULL,'Comida',NULL,0,0,0,0,0,1,1,'2020-02-06 17:23:07','2024-02-09 06:46:16',NULL);
INSERT INTO `cta_cte_tesoreria_cuentas` VALUES (536,0,NULL,NULL,0,1,126,NULL,6,NULL,'Fletes y acarreos',NULL,0,0,0,0,0,1,1,'2020-02-06 17:23:07','2024-02-09 06:46:16',NULL),(537,0,NULL,NULL,0,1,127,NULL,8,NULL,'Luz Edesur',NULL,0,0,0,0,0,1,1,'2020-02-06 17:23:07','2024-02-09 06:46:16',NULL),(538,0,NULL,NULL,0,1,128,NULL,6,NULL,'Movilidad y Viáticos',NULL,0,0,0,0,0,1,1,'2020-02-06 17:23:07','2024-02-09 06:46:16',NULL),(539,0,NULL,NULL,0,1,129,NULL,8,NULL,'Mantenimiento',NULL,0,0,0,0,0,1,1,'2020-02-06 17:23:07','2024-02-09 06:46:16',NULL),(540,0,NULL,NULL,0,1,130,NULL,8,NULL,'IVA No Computable',NULL,0,0,0,0,0,1,1,'2020-02-06 17:23:07','2024-02-09 06:46:16',NULL),(541,0,NULL,NULL,0,1,131,NULL,8,NULL,'Entretenimiento',NULL,0,0,0,0,0,1,1,'2020-02-06 17:23:07','2024-02-09 06:46:16',NULL),(542,0,NULL,NULL,0,1,132,NULL,6,NULL,'Amortización Bienes de Uso',NULL,0,0,0,0,0,1,1,'2020-02-06 17:23:07','2024-02-09 06:46:16',NULL),(543,0,NULL,NULL,0,1,135,NULL,6,NULL,'Gastos varios',NULL,0,0,0,0,0,1,1,'2020-02-06 17:23:07','2024-02-09 06:46:16',NULL),(544,0,NULL,NULL,0,1,136,NULL,6,NULL,'Ajuste por redondeo',NULL,0,0,0,0,0,1,1,'2020-02-06 17:23:07','2024-02-09 06:46:16',NULL),(545,0,NULL,NULL,0,1,137,NULL,6,NULL,'Deudores Incobrables',NULL,0,0,0,0,0,1,1,'2020-02-06 17:23:07','2024-02-09 06:46:16',NULL),(546,0,NULL,NULL,0,1,141,NULL,6,NULL,'Intereses Proveedores',NULL,0,0,0,0,0,1,1,'2020-02-06 17:23:07','2024-02-09 06:46:16',NULL),(547,0,NULL,NULL,0,1,143,NULL,6,NULL,'Diferencias de cambio',NULL,0,0,0,0,0,1,1,'2020-02-06 17:23:07','2024-02-09 06:46:16',NULL),(548,0,NULL,NULL,0,1,144,NULL,8,NULL,'Diferencia de Cambio Bces. en M.Extranjera',NULL,0,0,0,0,0,1,1,'2020-02-06 17:23:07','2024-02-09 06:46:16',NULL),(549,0,NULL,NULL,0,1,145,NULL,6,NULL,'Diferencia tipo cambio Vendedor/Comprador',NULL,0,0,0,0,0,1,1,'2020-02-06 17:23:07','2024-02-09 06:46:16',NULL),(550,0,NULL,NULL,0,1,146,NULL,8,NULL,'Diferencia por conversion en Bce. en Mon. Extranj.',NULL,0,0,0,0,0,1,1,'2020-02-06 17:23:07','2024-02-09 06:46:16',NULL),(551,0,NULL,NULL,0,1,147,NULL,8,NULL,'Diferencia de cambio CMV',NULL,0,0,0,0,0,1,1,'2020-02-06 17:23:07','2024-02-09 06:46:16',NULL),(552,0,NULL,NULL,0,1,148,NULL,8,NULL,'Diferencia de cambio PT',NULL,0,0,0,0,0,1,1,'2020-02-06 17:23:07','2024-02-09 06:46:16',NULL),(553,0,NULL,NULL,0,1,149,NULL,8,NULL,'Resultado por Exposición a la Inflación',NULL,0,0,0,0,0,1,1,'2020-02-06 17:23:07','2024-02-09 06:46:16',NULL),(554,0,NULL,NULL,0,1,150,NULL,8,NULL,'Diferencia de cambio PE',NULL,0,0,0,0,0,1,1,'2020-02-06 17:23:07','2024-02-09 06:46:16',NULL),(555,0,NULL,NULL,0,1,151,NULL,8,NULL,'Diferencia de cambio Ds.Vtas.',NULL,0,0,0,0,0,1,1,'2020-02-06 17:23:07','2024-02-09 06:46:16',NULL),(556,0,NULL,NULL,0,1,152,NULL,6,NULL,'Diferencia de cambio ME',NULL,0,0,0,0,0,1,1,'2020-02-06 17:23:07','2024-02-09 06:46:16',NULL),(557,0,NULL,NULL,0,1,153,NULL,6,NULL,'Descuentos otorgados',NULL,0,0,0,0,0,1,1,'2020-02-06 17:23:07','2024-02-09 06:46:16',NULL),(558,0,NULL,NULL,0,1,155,NULL,6,NULL,'Impuesto a las Ganancias',NULL,0,0,0,0,0,1,1,'2020-02-06 17:23:07','2024-02-09 06:46:16',NULL),(559,0,NULL,NULL,0,1,156,NULL,6,NULL,'Impuesto a los Ingresos Brutos',NULL,0,0,0,0,0,1,1,'2020-02-06 17:23:07','2024-02-09 06:46:16',NULL),(560,0,NULL,NULL,0,1,157,NULL,6,NULL,'Impuesto al Debito y Credito Bancario',NULL,0,0,0,0,0,1,1,'2020-02-06 17:23:07','2024-02-09 06:46:16',NULL),(561,0,NULL,NULL,0,1,159,NULL,6,NULL,'Pérdida por venta bienes de uso',NULL,0,0,0,0,0,1,1,'2020-02-06 17:23:07','2024-02-09 06:46:16',NULL),(562,0,NULL,NULL,0,1,160,NULL,6,NULL,'Inversiones',NULL,0,0,0,0,0,1,1,'2020-02-06 17:23:07','2024-02-09 06:46:16',NULL),(563,0,NULL,NULL,0,1,161,NULL,6,NULL,'Amortizaciones extraordinarias',NULL,0,0,0,0,0,1,1,'2020-02-06 17:23:07','2024-02-09 06:46:16',NULL),(564,0,NULL,NULL,0,1,178,NULL,8,NULL,'Google',NULL,0,0,0,0,0,1,1,'2020-02-06 17:23:07','2024-02-09 06:46:16',NULL),(565,0,NULL,NULL,0,1,188,NULL,6,NULL,'Publicidad',NULL,0,0,0,0,0,1,1,'2020-02-06 17:23:07','2024-02-09 06:46:16',NULL);
INSERT INTO `cta_cte_tesoreria_cuentas` VALUES (566,0,NULL,NULL,0,1,191,NULL,6,NULL,'Cargas Sociales',NULL,0,0,0,0,0,1,1,'2020-02-06 17:23:07','2024-02-09 06:46:16',NULL),(567,0,NULL,NULL,0,1,192,NULL,6,NULL,'Honorarios',NULL,0,0,0,0,0,1,1,'2020-02-06 17:23:07','2024-02-09 06:46:16',NULL),(568,0,NULL,NULL,0,1,193,NULL,6,NULL,'Telefono Fijo',NULL,0,0,0,0,0,1,1,'2020-02-06 17:23:07','2024-02-09 06:46:16',NULL),(569,0,NULL,NULL,0,1,198,NULL,6,NULL,'Seguros',NULL,0,0,0,0,0,1,1,'2020-02-06 17:23:07','2024-02-09 06:46:16',NULL),(570,0,NULL,NULL,0,1,199,NULL,6,NULL,'Internet',NULL,0,0,0,0,0,1,1,'2020-02-06 17:23:07','2024-02-09 06:46:16',NULL),(571,0,NULL,NULL,0,1,204,NULL,6,NULL,'Multas Impositivas',NULL,0,0,0,0,0,1,1,'2020-02-06 17:23:07','2024-02-09 06:46:16',NULL),(572,0,NULL,NULL,0,1,208,NULL,6,NULL,'Impuesto a los Ingresos Brutos - BS AS',NULL,0,0,0,0,0,1,1,'2020-02-06 17:23:07','2024-02-09 06:46:16',NULL),(573,0,NULL,NULL,0,1,209,NULL,6,NULL,'SIRCREB',NULL,0,0,0,0,0,1,1,'2020-02-06 17:23:07','2024-02-09 06:46:16',NULL),(574,0,NULL,NULL,0,1,212,NULL,6,NULL,'Tarjeta Visa',NULL,0,0,0,0,0,1,1,'2020-02-06 17:23:07','2024-02-09 06:46:16',NULL),(575,0,NULL,NULL,0,1,213,NULL,6,NULL,'Tarjeta American Express',NULL,0,0,0,0,0,1,1,'2020-02-06 17:23:07','2024-02-09 06:46:16',NULL),(576,0,NULL,NULL,0,1,214,NULL,6,NULL,'Tarjeta Mastercard',NULL,0,0,0,0,0,1,1,'2020-02-06 17:23:07','2024-02-09 06:46:16',NULL),(577,0,NULL,NULL,0,1,215,NULL,8,NULL,'Tarjeta Shopping',NULL,0,0,0,0,0,1,1,'2020-02-06 17:23:07','2024-02-09 06:46:16',NULL),(578,0,NULL,NULL,0,1,216,NULL,6,NULL,'Tarjeta Cencosud',NULL,0,0,0,0,0,1,1,'2020-02-06 17:23:07','2024-02-09 06:46:16',NULL),(579,0,NULL,NULL,0,1,217,NULL,6,NULL,'Compras',NULL,0,0,0,0,0,1,1,'2020-02-06 17:23:07','2024-02-09 06:46:16',NULL),(580,0,NULL,NULL,0,1,218,NULL,7,NULL,'Ventas No Gravadas',NULL,0,0,0,0,1,1,1,'2020-02-06 17:23:07','2024-02-09 06:46:16',NULL),(581,0,NULL,NULL,0,1,220,NULL,5,NULL,'Perc IVA -RG3337',NULL,0,0,0,0,0,1,0,'2020-02-06 17:23:07','2024-02-09 06:46:23',NULL),(582,0,NULL,NULL,0,1,221,NULL,6,NULL,'Imps. Internos',NULL,0,0,0,0,0,1,1,'2020-02-06 17:23:07','2024-02-09 06:46:16',NULL),(583,0,NULL,NULL,0,1,222,NULL,6,NULL,'Imp. Gasoil',NULL,0,0,0,0,0,1,1,'2020-02-06 17:23:07','2024-02-09 06:46:16',NULL),(584,0,NULL,NULL,0,1,223,NULL,6,NULL,'Imp. Hídricos',NULL,0,0,0,0,0,1,1,'2020-02-06 17:23:07','2024-02-09 06:46:16',NULL),(585,0,NULL,NULL,0,1,224,NULL,6,NULL,'ITC',NULL,0,0,0,0,0,1,1,'2020-02-06 17:23:07','2024-02-09 06:46:16',NULL),(586,0,NULL,NULL,0,1,225,NULL,5,NULL,'Perc IIBB  Buenos Aires',NULL,0,0,0,0,0,1,1,'2020-02-06 17:23:07','2024-02-09 06:46:16',NULL),(587,0,NULL,NULL,0,1,226,NULL,5,NULL,'Perc IIBB  Capital Federal',NULL,0,0,0,0,0,1,1,'2020-02-06 17:23:07','2024-02-09 06:46:16',NULL),(588,0,NULL,NULL,0,1,227,NULL,5,NULL,'Perc IIBB  Catamarca',NULL,0,0,0,0,0,1,1,'2020-02-06 17:23:07','2024-02-09 06:46:16',NULL),(589,0,NULL,NULL,0,1,228,NULL,5,NULL,'Perc IIBB  Chaco',NULL,0,0,0,0,0,1,1,'2020-02-06 17:23:07','2024-02-09 06:46:16',NULL),(590,0,NULL,NULL,0,1,229,NULL,5,NULL,'Perc IIBB  Chubut',NULL,0,0,0,0,0,1,1,'2020-02-06 17:23:07','2024-02-09 06:46:16',NULL),(591,0,NULL,NULL,0,1,230,NULL,5,NULL,'Perc IIBB  Córdoba',NULL,0,0,0,0,0,1,1,'2020-02-06 17:23:07','2024-02-09 06:46:16',NULL),(592,0,NULL,NULL,0,1,231,NULL,5,NULL,'Perc IIBB  Corrientes',NULL,0,0,0,0,0,1,1,'2020-02-06 17:23:07','2024-02-09 06:46:16',NULL),(593,0,NULL,NULL,0,1,232,NULL,5,NULL,'Perc IIBB  Entre Ríos',NULL,0,0,0,0,0,1,1,'2020-02-06 17:23:07','2024-02-09 06:46:16',NULL),(594,0,NULL,NULL,0,1,233,NULL,5,NULL,'Perc IIBB  Formosa',NULL,0,0,0,0,0,1,1,'2020-02-06 17:23:07','2024-02-09 06:46:16',NULL),(595,0,NULL,NULL,0,1,234,NULL,5,NULL,'Perc IIBB  Jujuy',NULL,0,0,0,0,0,1,1,'2020-02-06 17:23:07','2024-02-09 06:46:16',NULL),(596,0,NULL,NULL,0,1,235,NULL,5,NULL,'Perc IIBB  La Pampa',NULL,0,0,0,0,0,1,1,'2020-02-06 17:23:07','2024-02-09 06:46:16',NULL),(597,0,NULL,NULL,0,1,236,NULL,5,NULL,'Perc IIBB  La Rioja',NULL,0,0,0,0,0,1,1,'2020-02-06 17:23:07','2024-02-09 06:46:16',NULL);
INSERT INTO `cta_cte_tesoreria_cuentas` VALUES (598,0,NULL,NULL,0,1,237,NULL,5,NULL,'Perc IIBB  Mendoza',NULL,0,0,0,0,0,1,1,'2020-02-06 17:23:07','2024-02-09 06:46:16',NULL),(599,0,NULL,NULL,0,1,238,NULL,5,NULL,'Perc IIBB  Misiones',NULL,0,0,0,0,0,1,1,'2020-02-06 17:23:07','2024-02-09 06:46:16',NULL),(600,0,NULL,NULL,0,1,239,NULL,5,NULL,'Perc IIBB  Neuquén',NULL,0,0,0,0,0,1,1,'2020-02-06 17:23:07','2024-02-09 06:46:16',NULL),(601,0,NULL,NULL,0,1,240,NULL,5,NULL,'Perc IIBB  Pascua Lama',NULL,0,0,0,0,0,1,1,'2020-02-06 17:23:07','2024-02-09 06:46:16',NULL),(602,0,NULL,NULL,0,1,241,NULL,5,NULL,'Perc IIBB  Río Negro',NULL,0,0,0,0,0,1,1,'2020-02-06 17:23:07','2024-02-09 06:46:16',NULL),(603,0,NULL,NULL,0,1,242,NULL,5,NULL,'Perc IIBB  Salta',NULL,0,0,0,0,0,1,1,'2020-02-06 17:23:07','2024-02-09 06:46:16',NULL),(604,0,NULL,NULL,0,1,243,NULL,5,NULL,'Perc IIBB  San Juan',NULL,0,0,0,0,0,1,1,'2020-02-06 17:23:07','2024-02-09 06:46:16',NULL),(605,0,NULL,NULL,0,1,244,NULL,5,NULL,'Perc IIBB  San Luis',NULL,0,0,0,0,0,1,1,'2020-02-06 17:23:07','2024-02-09 06:46:16',NULL),(606,0,NULL,NULL,0,1,245,NULL,5,NULL,'Perc IIBB  Santa Cruz',NULL,0,0,0,0,0,1,1,'2020-02-06 17:23:07','2024-02-09 06:46:16',NULL),(607,0,NULL,NULL,0,1,246,NULL,5,NULL,'Perc IIBB  Santa Fe',NULL,0,0,0,0,0,1,1,'2020-02-06 17:23:07','2024-02-09 06:46:16',NULL),(608,0,NULL,NULL,0,1,247,NULL,5,NULL,'Perc IIBB  Santiago del Estero',NULL,0,0,0,0,0,1,1,'2020-02-06 17:23:07','2024-02-09 06:46:16',NULL),(609,0,NULL,NULL,0,1,248,NULL,5,NULL,'Perc IIBB  Tierra del Fuego',NULL,0,0,0,0,0,1,1,'2020-02-06 17:23:07','2024-02-09 06:46:16',NULL),(610,0,NULL,NULL,0,1,249,NULL,5,NULL,'Perc IIBB  Tucuman',NULL,0,0,0,0,0,1,1,'2020-02-06 17:23:07','2024-02-09 06:46:16',NULL),(611,0,NULL,NULL,0,1,250,NULL,6,NULL,'Compras No Gravadas',NULL,0,0,0,0,0,1,1,'2020-02-06 17:23:07','2024-02-09 06:46:16',NULL),(612,0,NULL,NULL,0,1,276,NULL,6,NULL,'SIRCREB Buenos Aires',NULL,0,0,0,0,0,1,1,'2020-02-06 17:23:07','2024-02-09 06:46:16',NULL),(613,0,NULL,NULL,0,1,277,NULL,6,NULL,'SIRCREB Capital Federal',NULL,0,0,0,0,0,1,1,'2020-02-06 17:23:07','2024-02-09 06:46:16',NULL),(614,0,NULL,NULL,0,1,278,NULL,6,NULL,'SIRCREB Catamarca',NULL,0,0,0,0,0,1,1,'2020-02-06 17:23:07','2024-02-09 06:46:16',NULL),(615,0,NULL,NULL,0,1,279,NULL,6,NULL,'SIRCREB Chaco',NULL,0,0,0,0,0,1,1,'2020-02-06 17:23:07','2024-02-09 06:46:16',NULL),(616,0,NULL,NULL,0,1,280,NULL,6,NULL,'SIRCREB Chubut',NULL,0,0,0,0,0,1,1,'2020-02-06 17:23:07','2024-02-09 06:46:16',NULL),(617,0,NULL,NULL,0,1,281,NULL,6,NULL,'SIRCREB Córdoba',NULL,0,0,0,0,0,1,1,'2020-02-06 17:23:07','2024-02-09 06:46:16',NULL),(618,0,NULL,NULL,0,1,282,NULL,6,NULL,'SIRCREB Corrientes',NULL,0,0,0,0,0,1,1,'2020-02-06 17:23:07','2024-02-09 06:46:16',NULL),(619,0,NULL,NULL,0,1,283,NULL,6,NULL,'SIRCREB Entre Ríos',NULL,0,0,0,0,0,1,1,'2020-02-06 17:23:07','2024-02-09 06:46:16',NULL),(620,0,NULL,NULL,0,1,284,NULL,6,NULL,'SIRCREB Formosa',NULL,0,0,0,0,0,1,1,'2020-02-06 17:23:07','2024-02-09 06:46:16',NULL),(621,0,NULL,NULL,0,1,285,NULL,6,NULL,'SIRCREB Jujuy',NULL,0,0,0,0,0,1,1,'2020-02-06 17:23:07','2024-02-09 06:46:16',NULL),(622,0,NULL,NULL,0,1,286,NULL,6,NULL,'SIRCREB La Pampa',NULL,0,0,0,0,0,1,1,'2020-02-06 17:23:07','2024-02-09 06:46:16',NULL),(623,0,NULL,NULL,0,1,287,NULL,6,NULL,'SIRCREB La Rioja',NULL,0,0,0,0,0,1,1,'2020-02-06 17:23:07','2024-02-09 06:46:16',NULL),(624,0,NULL,NULL,0,1,288,NULL,6,NULL,'SIRCREB Mendoza',NULL,0,0,0,0,0,1,1,'2020-02-06 17:23:07','2024-02-09 06:46:16',NULL),(625,0,NULL,NULL,0,1,289,NULL,6,NULL,'SIRCREB Misiones',NULL,0,0,0,0,0,1,1,'2020-02-06 17:23:07','2024-02-09 06:46:16',NULL),(626,0,NULL,NULL,0,1,290,NULL,6,NULL,'SIRCREB Neuquén',NULL,0,0,0,0,0,1,1,'2020-02-06 17:23:07','2024-02-09 06:46:16',NULL),(627,0,NULL,NULL,0,1,291,NULL,6,NULL,'SIRCREB Pascua Lama',NULL,0,0,0,0,0,1,1,'2020-02-06 17:23:07','2024-02-09 06:46:16',NULL),(628,0,NULL,NULL,0,1,292,NULL,6,NULL,'SIRCREB Río Negro',NULL,0,0,0,0,0,1,1,'2020-02-06 17:23:07','2024-02-09 06:46:16',NULL);
INSERT INTO `cta_cte_tesoreria_cuentas` VALUES (629,0,NULL,NULL,0,1,293,NULL,6,NULL,'SIRCREB Salta',NULL,0,0,0,0,0,1,1,'2020-02-06 17:23:07','2024-02-09 06:46:16',NULL),(630,0,NULL,NULL,0,1,294,NULL,6,NULL,'SIRCREB San Juan',NULL,0,0,0,0,0,1,1,'2020-02-06 17:23:07','2024-02-09 06:46:16',NULL),(631,0,NULL,NULL,0,1,295,NULL,6,NULL,'SIRCREB San Luis',NULL,0,0,0,0,0,1,1,'2020-02-06 17:23:07','2024-02-09 06:46:16',NULL),(632,0,NULL,NULL,0,1,296,NULL,6,NULL,'SIRCREB Santa Cruz',NULL,0,0,0,0,0,1,1,'2020-02-06 17:23:07','2024-02-09 06:46:16',NULL),(633,0,NULL,NULL,0,1,297,NULL,6,NULL,'SIRCREB Santa Fe',NULL,0,0,0,0,0,1,1,'2020-02-06 17:23:07','2024-02-09 06:46:16',NULL),(634,0,NULL,NULL,0,1,298,NULL,6,NULL,'SIRCREB Santiago del Estero',NULL,0,0,0,0,0,1,1,'2020-02-06 17:23:07','2024-02-09 06:46:16',NULL),(635,0,NULL,NULL,0,1,299,NULL,6,NULL,'SIRCREB Tierra del Fuego',NULL,0,0,0,0,0,1,1,'2020-02-06 17:23:07','2024-02-09 06:46:16',NULL),(636,0,NULL,NULL,0,1,300,NULL,6,NULL,'SIRCREB Tucuman',NULL,0,0,0,0,0,1,1,'2020-02-06 17:23:07','2024-02-09 06:46:16',NULL),(637,0,NULL,NULL,0,1,301,NULL,8,NULL,'IIBB a Favor Buenos Aires',NULL,0,0,0,0,0,1,1,'2020-02-06 17:23:07','2024-02-09 06:46:17',NULL),(638,0,NULL,NULL,0,1,302,NULL,8,NULL,'IIBB a Favor Capital Federal',NULL,0,0,0,0,0,1,1,'2020-02-06 17:23:07','2024-02-09 06:46:17',NULL),(639,0,NULL,NULL,0,1,303,NULL,8,NULL,'IIBB a Favor Catamarca',NULL,0,0,0,0,0,1,1,'2020-02-06 17:23:07','2024-02-09 06:46:17',NULL),(640,0,NULL,NULL,0,1,304,NULL,8,NULL,'IIBB a Favor Chaco',NULL,0,0,0,0,0,1,1,'2020-02-06 17:23:07','2024-02-09 06:46:17',NULL),(641,0,NULL,NULL,0,1,305,NULL,8,NULL,'IIBB a Favor Chubut',NULL,0,0,0,0,0,1,1,'2020-02-06 17:23:07','2024-02-09 06:46:17',NULL),(642,0,NULL,NULL,0,1,306,NULL,8,NULL,'IIBB a Favor Córdoba',NULL,0,0,0,0,0,1,1,'2020-02-06 17:23:07','2024-02-09 06:46:17',NULL),(643,0,NULL,NULL,0,1,307,NULL,8,NULL,'IIBB a Favor Corrientes',NULL,0,0,0,0,0,1,1,'2020-02-06 17:23:07','2024-02-09 06:46:17',NULL),(644,0,NULL,NULL,0,1,308,NULL,8,NULL,'IIBB a Favor Entre Ríos',NULL,0,0,0,0,0,1,1,'2020-02-06 17:23:07','2024-02-09 06:46:17',NULL),(645,0,NULL,NULL,0,1,309,NULL,8,NULL,'IIBB a Favor Formosa',NULL,0,0,0,0,0,1,1,'2020-02-06 17:23:07','2024-02-09 06:46:17',NULL),(646,0,NULL,NULL,0,1,310,NULL,8,NULL,'IIBB a Favor Jujuy',NULL,0,0,0,0,0,1,1,'2020-02-06 17:23:07','2024-02-09 06:46:17',NULL),(647,0,NULL,NULL,0,1,311,NULL,8,NULL,'IIBB a Favor La Pampa',NULL,0,0,0,0,0,1,1,'2020-02-06 17:23:07','2024-02-09 06:46:17',NULL),(648,0,NULL,NULL,0,1,312,NULL,8,NULL,'IIBB a Favor La Rioja',NULL,0,0,0,0,0,1,1,'2020-02-06 17:23:07','2024-02-09 06:46:17',NULL),(649,0,NULL,NULL,0,1,313,NULL,8,NULL,'IIBB a Favor Mendoza',NULL,0,0,0,0,0,1,1,'2020-02-06 17:23:07','2024-02-09 06:46:17',NULL),(650,0,NULL,NULL,0,1,314,NULL,8,NULL,'IIBB a Favor Misiones',NULL,0,0,0,0,0,1,1,'2020-02-06 17:23:08','2024-02-09 06:46:17',NULL),(651,0,NULL,NULL,0,1,315,NULL,8,NULL,'IIBB a Favor Neuquén',NULL,0,0,0,0,0,1,1,'2020-02-06 17:23:08','2024-02-09 06:46:17',NULL),(652,0,NULL,NULL,0,1,316,NULL,8,NULL,'IIBB a Favor Pascua Lama',NULL,0,0,0,0,0,1,1,'2020-02-06 17:23:08','2024-02-09 06:46:17',NULL),(653,0,NULL,NULL,0,1,317,NULL,8,NULL,'IIBB a Favor Río Negro',NULL,0,0,0,0,0,1,1,'2020-02-06 17:23:08','2024-02-09 06:46:17',NULL),(654,0,NULL,NULL,0,1,318,NULL,8,NULL,'IIBB a Favor Salta',NULL,0,0,0,0,0,1,1,'2020-02-06 17:23:08','2024-02-09 06:46:17',NULL),(655,0,NULL,NULL,0,1,319,NULL,8,NULL,'IIBB a Favor San Juan',NULL,0,0,0,0,0,1,1,'2020-02-06 17:23:08','2024-02-09 06:46:17',NULL),(656,0,NULL,NULL,0,1,320,NULL,8,NULL,'IIBB a Favor San Luis',NULL,0,0,0,0,0,1,1,'2020-02-06 17:23:08','2024-02-09 06:46:17',NULL),(657,0,NULL,NULL,0,1,321,NULL,8,NULL,'IIBB a Favor Santa Cruz',NULL,0,0,0,0,0,1,1,'2020-02-06 17:23:08','2024-02-09 06:46:17',NULL),(658,0,NULL,NULL,0,1,322,NULL,8,NULL,'IIBB a Favor Santa Fe',NULL,0,0,0,0,0,1,1,'2020-02-06 17:23:08','2024-02-09 06:46:17',NULL);
INSERT INTO `cta_cte_tesoreria_cuentas` VALUES (659,0,NULL,NULL,0,1,323,NULL,8,NULL,'IIBB a Favor Santiago del Estero',NULL,0,0,0,0,0,1,1,'2020-02-06 17:23:08','2024-02-09 06:46:17',NULL),(660,0,NULL,NULL,0,1,324,NULL,8,NULL,'IIBB a Favor Tierra del Fuego',NULL,0,0,0,0,0,1,1,'2020-02-06 17:23:08','2024-02-09 06:46:17',NULL),(661,0,NULL,NULL,0,1,325,NULL,8,NULL,'IIBB a Favor Tucuman',NULL,0,0,0,0,0,1,1,'2020-02-06 17:23:08','2024-02-09 06:46:17',NULL),(662,0,NULL,NULL,0,1,326,NULL,8,NULL,'IIBB a Pagar Buenos Aires',NULL,0,0,0,0,0,1,1,'2020-02-06 17:23:08','2024-02-09 06:46:17',NULL),(663,0,NULL,NULL,0,1,327,NULL,8,NULL,'IIBB a Pagar Capital Federal',NULL,0,0,0,0,0,1,1,'2020-02-06 17:23:08','2024-02-09 06:46:17',NULL),(664,0,NULL,NULL,0,1,328,NULL,8,NULL,'IIBB a Pagar Catamarca',NULL,0,0,0,0,0,1,1,'2020-02-06 17:23:08','2024-02-09 06:46:17',NULL),(665,0,NULL,NULL,0,1,329,NULL,8,NULL,'IIBB a Pagar Chaco',NULL,0,0,0,0,0,1,1,'2020-02-06 17:23:08','2024-02-09 06:46:17',NULL),(666,0,NULL,NULL,0,1,330,NULL,8,NULL,'IIBB a Pagar Chubut',NULL,0,0,0,0,0,1,1,'2020-02-06 17:23:08','2024-02-09 06:46:17',NULL),(667,0,NULL,NULL,0,1,331,NULL,8,NULL,'IIBB a Pagar Córdoba',NULL,0,0,0,0,0,1,1,'2020-02-06 17:23:08','2024-02-09 06:46:17',NULL),(668,0,NULL,NULL,0,1,332,NULL,8,NULL,'IIBB a Pagar Corrientes',NULL,0,0,0,0,0,1,1,'2020-02-06 17:23:08','2024-02-09 06:46:17',NULL),(669,0,NULL,NULL,0,1,333,NULL,8,NULL,'IIBB a Pagar Entre Ríos',NULL,0,0,0,0,0,1,1,'2020-02-06 17:23:08','2024-02-09 06:46:17',NULL),(670,0,NULL,NULL,0,1,334,NULL,8,NULL,'IIBB a Pagar Formosa',NULL,0,0,0,0,0,1,1,'2020-02-06 17:23:08','2024-02-09 06:46:17',NULL),(671,0,NULL,NULL,0,1,335,NULL,8,NULL,'IIBB a Pagar Jujuy',NULL,0,0,0,0,0,1,1,'2020-02-06 17:23:08','2024-02-09 06:46:17',NULL),(672,0,NULL,NULL,0,1,336,NULL,8,NULL,'IIBB a Pagar La Pampa',NULL,0,0,0,0,0,1,1,'2020-02-06 17:23:08','2024-02-09 06:46:17',NULL),(673,0,NULL,NULL,0,1,337,NULL,8,NULL,'IIBB a Pagar La Rioja',NULL,0,0,0,0,0,1,1,'2020-02-06 17:23:08','2024-02-09 06:46:17',NULL),(674,0,NULL,NULL,0,1,338,NULL,8,NULL,'IIBB a Pagar Mendoza',NULL,0,0,0,0,0,1,1,'2020-02-06 17:23:08','2024-02-09 06:46:17',NULL),(675,0,NULL,NULL,0,1,339,NULL,8,NULL,'IIBB a Pagar Misiones',NULL,0,0,0,0,0,1,1,'2020-02-06 17:23:08','2024-02-09 06:46:17',NULL),(676,0,NULL,NULL,0,1,340,NULL,8,NULL,'IIBB a Pagar Neuquén',NULL,0,0,0,0,0,1,1,'2020-02-06 17:23:08','2024-02-09 06:46:17',NULL),(677,0,NULL,NULL,0,1,341,NULL,8,NULL,'IIBB a Pagar Pascua Lama',NULL,0,0,0,0,0,1,1,'2020-02-06 17:23:08','2024-02-09 06:46:17',NULL),(678,0,NULL,NULL,0,1,342,NULL,8,NULL,'IIBB a Pagar Río Negro',NULL,0,0,0,0,0,1,1,'2020-02-06 17:23:08','2024-02-09 06:46:17',NULL),(679,0,NULL,NULL,0,1,343,NULL,8,NULL,'IIBB a Pagar Salta',NULL,0,0,0,0,0,1,1,'2020-02-06 17:23:08','2024-02-09 06:46:17',NULL),(680,0,NULL,NULL,0,1,344,NULL,8,NULL,'IIBB a Pagar San Juan',NULL,0,0,0,0,0,1,1,'2020-02-06 17:23:08','2024-02-09 06:46:17',NULL),(681,0,NULL,NULL,0,1,345,NULL,8,NULL,'IIBB a Pagar San Luis',NULL,0,0,0,0,0,1,1,'2020-02-06 17:23:08','2024-02-09 06:46:17',NULL),(682,0,NULL,NULL,0,1,346,NULL,8,NULL,'IIBB a Pagar Santa Cruz',NULL,0,0,0,0,0,1,1,'2020-02-06 17:23:08','2024-02-09 06:46:17',NULL),(683,0,NULL,NULL,0,1,347,NULL,8,NULL,'IIBB a Pagar Santa Fe',NULL,0,0,0,0,0,1,1,'2020-02-06 17:23:08','2024-02-09 06:46:17',NULL),(684,0,NULL,NULL,0,1,348,NULL,8,NULL,'IIBB a Pagar Santiago del Estero',NULL,0,0,0,0,0,1,1,'2020-02-06 17:23:08','2024-02-09 06:46:17',NULL),(685,0,NULL,NULL,0,1,349,NULL,8,NULL,'IIBB a Pagar Tierra del Fuego',NULL,0,0,0,0,0,1,1,'2020-02-06 17:23:08','2024-02-09 06:46:17',NULL),(686,0,NULL,NULL,0,1,350,NULL,8,NULL,'IIBB a Pagar Tucuman',NULL,0,0,0,0,0,1,1,'2020-02-06 17:23:08','2024-02-09 06:46:17',NULL),(687,0,NULL,NULL,0,1,352,NULL,8,NULL,'Compensacion',NULL,0,0,0,0,0,1,1,'2020-02-06 17:23:08','2024-02-09 06:46:17',NULL),(688,0,NULL,NULL,0,1,353,NULL,8,NULL,'IVA Saldo Tecnico',NULL,0,0,0,0,0,1,1,'2020-02-06 17:23:08','2024-02-09 06:46:17',NULL);
INSERT INTO `cta_cte_tesoreria_cuentas` VALUES (689,0,NULL,NULL,0,1,354,NULL,8,NULL,'IVA Saldo Libre Disponibilidad',NULL,0,0,0,0,0,1,1,'2020-02-06 17:23:08','2024-02-09 06:46:17',NULL),(690,0,NULL,NULL,0,1,361,NULL,8,NULL,'Equipos de Computación',NULL,0,0,0,0,0,1,1,'2020-02-06 17:23:08','2024-02-09 06:46:17',NULL),(691,0,NULL,NULL,0,1,362,NULL,8,NULL,'Computadoras',NULL,0,0,0,0,0,1,1,'2020-02-06 17:23:08','2024-02-09 06:46:17',NULL),(692,0,NULL,NULL,0,1,363,NULL,8,NULL,'Muebles y Utiles',NULL,0,0,0,0,0,1,1,'2020-02-06 17:23:08','2024-02-09 06:46:17',NULL),(693,0,NULL,NULL,0,1,365,NULL,8,NULL,'Provision Honorarios',NULL,0,0,0,0,0,1,1,'2020-02-06 17:23:08','2024-02-09 06:46:17',NULL),(694,0,NULL,NULL,0,1,366,NULL,8,NULL,'Cta. Cte Directores',NULL,0,0,0,0,0,1,1,'2020-02-06 17:23:08','2024-02-09 06:46:17',NULL),(695,0,NULL,NULL,0,1,367,NULL,8,NULL,'Provisión Honorarios Directores',NULL,0,0,0,0,0,1,1,'2020-02-06 17:23:08','2024-02-09 06:46:17',NULL),(696,0,NULL,NULL,0,1,368,NULL,8,NULL,'Cuenta Particular Socio 1',NULL,0,0,0,0,0,1,1,'2020-02-06 17:23:08','2024-02-09 06:46:17',NULL),(697,0,NULL,NULL,0,1,369,NULL,8,NULL,'Capital',NULL,0,0,0,0,0,1,1,'2020-02-06 17:23:08','2024-02-09 06:46:17',NULL),(698,0,NULL,NULL,0,1,380,NULL,8,NULL,'Instalaciones',NULL,0,0,0,0,0,1,1,'2020-02-06 17:23:08','2024-02-09 06:46:17',NULL),(699,0,NULL,NULL,0,1,381,NULL,8,NULL,'Reserva Legal',NULL,0,0,0,0,0,1,1,'2020-02-06 17:23:08','2024-02-09 06:46:17',NULL),(700,0,NULL,NULL,0,1,382,NULL,8,NULL,'Reserva Legal',NULL,0,0,0,0,0,1,1,'2020-02-06 17:23:08','2024-02-09 06:46:17',NULL),(701,0,NULL,NULL,0,1,383,NULL,8,NULL,'Resultado no asignado',NULL,0,0,0,0,0,1,1,'2020-02-06 17:23:08','2024-02-09 06:46:17',NULL),(702,0,NULL,NULL,0,1,386,NULL,8,NULL,'PLAZO FIJO',NULL,0,0,0,0,0,1,1,'2020-02-06 17:23:08','2024-02-09 06:46:17',NULL),(703,0,NULL,NULL,0,1,388,NULL,8,NULL,'ACCIONES',NULL,0,0,0,0,0,1,1,'2020-02-06 17:23:08','2024-02-09 06:46:17',NULL),(704,0,NULL,NULL,0,1,389,NULL,8,NULL,'Inmuebles',NULL,0,0,0,0,0,1,1,'2020-02-06 17:23:08','2024-02-09 06:46:17',NULL),(705,0,NULL,NULL,0,1,390,NULL,8,NULL,'Vehiculos',NULL,0,0,0,0,0,1,1,'2020-02-06 17:23:08','2024-02-09 06:46:17',NULL),(706,0,NULL,NULL,0,1,391,NULL,8,NULL,'Maquinarias',NULL,0,0,0,0,0,1,1,'2020-02-06 17:23:08','2024-02-09 06:46:17',NULL),(707,0,NULL,NULL,0,1,392,NULL,8,NULL,'MERCADERIAS',NULL,0,0,0,0,0,1,1,'2020-02-06 17:23:08','2024-02-09 06:46:17',NULL),(708,0,NULL,NULL,0,1,393,NULL,8,NULL,'OTROS',NULL,0,0,0,0,0,1,1,'2020-02-06 17:23:08','2024-02-09 06:46:17',NULL),(709,0,NULL,NULL,0,1,395,NULL,8,NULL,'Cuenta Particular Socio 2',NULL,0,0,0,0,0,1,1,'2020-02-06 17:23:08','2024-02-09 06:46:17',NULL),(710,0,NULL,NULL,0,1,396,NULL,6,NULL,'Comisiones Y gastos Bancarios',NULL,0,0,0,0,0,1,1,'2020-02-06 17:23:08','2024-02-09 06:46:17',NULL),(711,0,NULL,NULL,0,1,411,NULL,8,NULL,'Provisión Impuesto a las Ganancias',NULL,0,0,0,0,0,1,1,'2020-02-06 17:23:08','2024-02-09 06:46:17',NULL),(712,0,NULL,NULL,0,1,412,NULL,6,NULL,'Amortización Muebles y Útiles',NULL,0,0,0,0,0,1,1,'2020-02-06 17:23:08','2024-02-09 06:46:17',NULL),(713,0,NULL,NULL,0,1,413,NULL,6,NULL,'Amortización Equipos',NULL,0,0,0,0,0,1,1,'2020-02-06 17:23:08','2024-02-09 06:46:17',NULL),(714,0,NULL,NULL,0,1,414,NULL,8,NULL,'Amortizacion Acumulada Equipos',NULL,0,0,0,0,0,1,1,'2020-02-06 17:23:08','2024-02-09 06:46:17',NULL),(715,0,NULL,NULL,0,1,415,NULL,8,NULL,'Amortización Acumulada Maquinarias',NULL,0,0,0,0,0,1,1,'2020-02-06 17:23:08','2024-02-09 06:46:17',NULL),(716,0,NULL,NULL,0,1,416,NULL,8,NULL,'Materias Primas',NULL,0,0,0,0,0,1,1,'2020-02-06 17:23:08','2024-02-09 06:46:17',NULL),(717,0,NULL,NULL,0,1,419,NULL,8,NULL,'Rodados',NULL,0,0,0,0,0,1,1,'2020-02-06 17:23:08','2024-02-09 06:46:17',NULL),(718,0,NULL,NULL,0,1,420,NULL,8,NULL,'Amortización Acumulada Rodados',NULL,0,0,0,0,0,1,1,'2020-02-06 17:23:08','2024-02-09 06:46:17',NULL),(719,0,NULL,NULL,0,1,421,NULL,8,NULL,'Amortización Rodados',NULL,0,0,0,0,0,1,1,'2020-02-06 17:23:08','2024-02-09 06:46:17',NULL);
INSERT INTO `cta_cte_tesoreria_cuentas` VALUES (720,0,NULL,NULL,0,1,422,NULL,8,NULL,'Amortización Maquinarias',NULL,0,0,0,0,0,1,1,'2020-02-06 17:23:08','2024-02-09 06:46:17',NULL),(721,0,NULL,NULL,0,1,423,NULL,8,NULL,'Accesorios',NULL,0,0,0,0,0,1,1,'2020-02-06 17:23:08','2024-02-09 06:46:17',NULL),(722,0,NULL,NULL,0,1,424,NULL,8,NULL,'Amortización Acumulada Accesorios',NULL,0,0,0,0,0,1,1,'2020-02-06 17:23:08','2024-02-09 06:46:17',NULL),(723,0,NULL,NULL,0,1,426,NULL,8,NULL,'Reserva Facultativa',NULL,0,0,0,0,0,1,1,'2020-02-06 17:23:08','2024-02-09 06:46:17',NULL),(724,0,NULL,NULL,0,1,427,NULL,8,NULL,'Créditos por Impuestos Diferidos',NULL,0,0,0,0,0,1,1,'2020-02-06 17:23:08','2024-02-09 06:46:17',NULL),(725,0,NULL,NULL,0,1,428,NULL,8,NULL,'Fondo de Comercio',NULL,0,0,0,0,0,1,1,'2020-02-06 17:23:08','2024-02-09 06:46:17',NULL),(726,0,NULL,NULL,0,1,429,NULL,8,NULL,'Amortizacion Acumulada Fondo de Comercio',NULL,0,0,0,0,0,1,1,'2020-02-06 17:23:08','2024-02-09 06:46:17',NULL),(727,0,NULL,NULL,0,1,430,NULL,8,NULL,'Intereses a devengar AGIP',NULL,0,0,0,0,0,1,1,'2020-02-06 17:23:08','2024-02-09 06:46:17',NULL),(728,0,NULL,NULL,0,1,431,NULL,8,NULL,'PFP IIBB',NULL,0,0,0,0,0,1,1,'2020-02-06 17:23:08','2024-02-09 06:46:17',NULL),(729,0,NULL,NULL,0,1,434,NULL,8,NULL,'Productos',NULL,0,0,0,0,0,1,1,'2020-02-06 17:23:08','2024-02-09 06:46:17',NULL),(730,0,NULL,NULL,0,1,435,NULL,8,NULL,'Intereses a devengar PFP',NULL,0,0,0,0,0,1,1,'2020-02-06 17:23:08','2024-02-09 06:46:17',NULL),(731,0,NULL,NULL,0,1,437,NULL,8,NULL,'Imp. Ley 25413 Cred 0.6%',NULL,0,0,0,0,0,1,1,'2020-02-06 17:23:08','2024-02-09 06:46:17',NULL),(732,0,NULL,NULL,0,1,438,NULL,8,NULL,'Honorarios Directorio a Pagar',NULL,0,0,0,0,0,1,1,'2020-02-06 17:23:08','2024-02-09 06:46:17',NULL),(733,0,NULL,NULL,0,1,439,NULL,8,NULL,'Reserva para Futuras Inversiones',NULL,0,0,0,0,0,1,1,'2020-02-06 17:23:08','2024-02-09 06:46:17',NULL),(734,0,NULL,NULL,0,1,440,NULL,8,NULL,'TEAC - Trabajos Ejecutados a Certificar',NULL,0,0,0,0,0,1,1,'2020-02-06 17:23:08','2024-02-09 06:46:17',NULL),(735,0,NULL,NULL,0,1,444,NULL,8,NULL,'Banco Santander Rio Cta Cte',NULL,0,0,0,0,0,1,1,'2020-02-06 17:23:08','2024-02-09 06:46:18',NULL),(736,0,NULL,NULL,0,1,449,NULL,8,NULL,'Leasing',NULL,0,0,0,0,0,1,1,'2020-02-06 17:23:08','2024-02-09 06:46:18',NULL),(737,0,NULL,NULL,0,1,453,NULL,8,NULL,'Inversión Central Caribe',NULL,0,0,0,0,0,1,1,'2020-02-06 17:23:08','2024-02-09 06:46:18',NULL),(738,0,NULL,NULL,0,1,454,NULL,8,NULL,'Otras Inversiones',NULL,0,0,0,0,0,1,1,'2020-02-06 17:23:08','2024-02-09 06:46:18',NULL),(739,0,NULL,NULL,0,1,455,NULL,8,NULL,'Otros Créditos',NULL,0,0,0,0,0,1,1,'2020-02-06 17:23:08','2024-02-09 06:46:18',NULL),(740,0,NULL,NULL,0,1,456,NULL,8,NULL,'Provisión Honorarios Socio Gerente',NULL,0,0,0,0,0,1,1,'2020-02-06 17:23:08','2024-02-09 06:46:18',NULL),(741,0,NULL,NULL,0,1,459,NULL,8,NULL,'Moratoria SUSS a pagar',NULL,0,0,0,0,0,1,1,'2020-02-06 17:23:08','2024-02-09 06:46:18',NULL),(742,0,NULL,NULL,0,1,460,NULL,8,NULL,'Impuestos Municipales a Pagar',NULL,0,0,0,0,0,1,1,'2020-02-06 17:23:08','2024-02-09 06:46:18',NULL),(743,0,NULL,NULL,0,1,461,NULL,6,NULL,'Amortización Instalaciones',NULL,0,0,0,0,0,1,1,'2020-02-06 17:23:08','2024-02-09 06:46:18',NULL),(744,0,NULL,NULL,0,1,462,NULL,8,NULL,'Amortización Equipos de comput.',NULL,0,0,0,0,0,1,1,'2020-02-06 17:23:08','2024-02-09 06:46:18',NULL),(745,0,NULL,NULL,0,1,463,NULL,8,NULL,'Cuenta Particular Socio 3',NULL,0,0,0,0,0,1,1,'2020-02-06 17:23:08','2024-02-09 06:46:18',NULL),(746,0,NULL,NULL,0,1,464,NULL,8,NULL,'Cuenta Particular Socio 4',NULL,0,0,0,0,0,1,1,'2020-02-06 17:23:08','2024-02-09 06:46:18',NULL),(747,0,NULL,NULL,0,1,465,NULL,8,NULL,'Otras Reservas',NULL,0,0,0,0,0,1,1,'2020-02-06 17:23:08','2024-02-09 06:46:18',NULL),(748,0,NULL,NULL,0,1,466,NULL,8,NULL,'IGMP (Saldo a Favor)',NULL,0,0,0,0,0,1,1,'2020-02-06 17:23:08','2024-02-09 06:46:18',NULL),(749,0,NULL,NULL,0,1,468,NULL,8,NULL,'Productos en Proceso',NULL,0,0,0,0,0,1,1,'2020-02-06 17:23:08','2024-02-09 06:46:18',NULL);
INSERT INTO `cta_cte_tesoreria_cuentas` VALUES (750,0,NULL,NULL,0,1,469,NULL,8,NULL,'Depósitos en Garantía Socio Gerente',NULL,0,0,0,0,0,1,1,'2020-02-06 17:23:08','2024-02-09 06:46:18',NULL),(751,0,NULL,NULL,0,1,470,NULL,8,NULL,'Fondos Embargados',NULL,0,0,0,0,0,1,1,'2020-02-06 17:23:08','2024-02-09 06:46:18',NULL),(752,0,NULL,NULL,0,1,471,NULL,8,NULL,'Cuota Solid.',NULL,0,0,0,0,0,1,1,'2020-02-06 17:23:08','2024-02-09 06:46:18',NULL),(753,0,NULL,NULL,0,1,472,NULL,8,NULL,'Anticipo Honorarios Directores',NULL,0,0,0,0,0,1,1,'2020-02-06 17:23:08','2024-02-09 06:46:18',NULL),(754,0,NULL,NULL,0,1,473,NULL,8,NULL,'SICORE a Pagar',NULL,0,0,0,0,0,1,1,'2020-02-06 17:23:08','2024-02-09 06:46:18',NULL),(755,0,NULL,NULL,0,1,476,NULL,6,NULL,'RECPAM',NULL,0,0,0,0,0,1,1,'2020-02-06 17:23:08','2024-02-09 06:46:18',NULL),(756,0,NULL,NULL,0,1,478,NULL,6,NULL,'CO2 - Imp. Al Carbono',NULL,0,0,0,0,0,1,1,'2020-02-06 17:23:08','2024-02-09 06:46:18',NULL),(757,0,NULL,NULL,0,1,359,40718,1,NULL,'Caja',NULL,0,0,1,1,1,0,1,'2023-02-28 14:21:22','2024-02-09 06:46:18',NULL),(758,0,NULL,NULL,0,1,176,40718,3,NULL,'Cheques',NULL,1,1,1,1,1,0,1,'2023-03-01 11:23:19','2024-02-09 06:46:18',NULL),(759,0,NULL,11237,0,1,5,40840,1,NULL,'Caja Gral LADAHNOS',NULL,0,0,1,1,1,0,1,'2025-03-24 19:42:42','2025-03-24 19:42:42',NULL),(760,0,NULL,11237,0,1,25,40817,4,3,'RETENCIONES IVA','27331877188',0,0,1,1,1,0,1,'2025-04-01 09:00:24','2025-04-01 09:00:24',NULL),(761,0,NULL,11237,0,1,23,40817,4,1,'RETENCIONES DE GANANCIAS','27331877188',0,0,1,1,1,0,1,'2025-04-01 09:00:55','2025-04-01 09:00:55',NULL),(762,0,NULL,11237,0,1,359,40817,1,NULL,'Caja en pesos',NULL,0,0,1,1,1,0,1,'2025-04-01 09:02:19','2025-04-01 09:02:19',NULL),(763,0,NULL,11237,0,1,23,40840,4,1,'Retencion de Ganancias','30717196127',0,0,1,1,1,0,1,'2025-04-03 10:35:08','2025-04-03 10:35:08',NULL),(764,0,NULL,11237,0,1,7,40841,1,NULL,'Caja Gral',NULL,0,0,1,1,1,0,1,'2025-04-15 10:03:44','2025-04-15 10:03:44',NULL),(765,0,NULL,11237,0,1,5,40841,1,NULL,'Caja Oficina',NULL,0,0,1,1,1,0,1,'2025-04-15 10:36:37','2025-04-15 10:58:48',NULL),(766,0,NULL,11237,0,1,163,40841,2,NULL,'Banco Macro',NULL,0,0,1,1,1,0,1,'2025-04-15 10:57:13','2025-04-15 10:57:13',NULL),(767,0,NULL,11237,0,1,7,40841,1,NULL,'Efectivo',NULL,0,0,1,1,1,0,1,'2025-04-16 10:47:31','2025-04-16 10:47:31',NULL),(768,0,NULL,11237,0,1,163,40841,1,NULL,'Transferencia Bancaria',NULL,0,0,1,1,1,0,1,'2025-04-16 11:00:17','2025-04-16 11:00:17',NULL),(769,0,NULL,11237,0,1,166,40840,2,NULL,'Banco de la Nación Arg',NULL,0,0,1,1,1,0,1,'2025-04-16 18:00:07','2025-04-16 18:00:07',NULL),(770,0,NULL,11237,0,1,166,40840,3,NULL,'Cheque en Cartera',NULL,1,0,1,1,1,0,1,'2025-04-16 18:00:39','2025-04-16 18:00:39',NULL),(771,0,NULL,11237,0,1,163,40841,3,NULL,'Cheque en cartera Bco Macro',NULL,1,0,1,1,1,0,1,'2025-04-23 10:38:41','2025-04-23 10:38:41',NULL),(772,0,NULL,11237,0,1,166,40840,1,NULL,'Transferencia Bancaria',NULL,0,0,1,1,1,0,1,'2025-04-29 10:59:58','2025-04-29 10:59:58',NULL);

--
-- Table structure for table `cta_cte_tesoreria_detail`
--

CREATE TABLE `cta_cte_tesoreria_detail` (
  `id` int(10) unsigned NOT NULL AUTO_INCREMENT,
  `user_id` int(10) unsigned DEFAULT NULL,
  `cta_cte_tesoreria_id` int(10) unsigned NOT NULL,
  `cta_cte_tesoreria_cuenta_id` int(10) unsigned NOT NULL,
  `person_id` int(10) unsigned DEFAULT NULL,
  `period_id` int(10) unsigned DEFAULT NULL,
  `saldo_id` int(10) unsigned NOT NULL,
  `monto` decimal(16,2) NOT NULL,
  `is_conciliado` tinyint(1) NOT NULL DEFAULT '0',
  `fecha` date DEFAULT NULL,
  `created_at` timestamp NULL DEFAULT NULL,
  `updated_at` timestamp NULL DEFAULT NULL,
  `deleted_at` timestamp NULL DEFAULT NULL,
  PRIMARY KEY (`id`),
  KEY `cta_cte_tesoreria_detail_cta_cte_tesoreria_id_foreign` (`cta_cte_tesoreria_id`),
  KEY `cta_cte_tesoreria_detail_cta_cte_tesoreria_cuenta_id_foreign` (`cta_cte_tesoreria_cuenta_id`),
  KEY `cta_cte_tesoreria_detail_person_id_foreign` (`person_id`),
  KEY `cta_cte_tesoreria_detail_period_id_foreign` (`period_id`),
  KEY `cta_cte_tesoreria_detail_saldo_id_foreign` (`saldo_id`),
  CONSTRAINT `cta_cte_tesoreria_detail_cta_cte_tesoreria_cuenta_id_foreign` FOREIGN KEY (`cta_cte_tesoreria_cuenta_id`) REFERENCES `cta_cte_tesoreria_cuentas` (`id`),
  CONSTRAINT `cta_cte_tesoreria_detail_cta_cte_tesoreria_id_foreign` FOREIGN KEY (`cta_cte_tesoreria_id`) REFERENCES `cta_cte_tesoreria` (`id`),
  CONSTRAINT `cta_cte_tesoreria_detail_period_id_foreign` FOREIGN KEY (`period_id`) REFERENCES `periods` (`id`),
  CONSTRAINT `cta_cte_tesoreria_detail_person_id_foreign` FOREIGN KEY (`person_id`) REFERENCES `persons` (`id`),
  CONSTRAINT `cta_cte_tesoreria_detail_saldo_id_foreign` FOREIGN KEY (`saldo_id`) REFERENCES `conta_tipo_saldos` (`id`)
) ENGINE=InnoDB AUTO_INCREMENT=226 DEFAULT CHARSET=utf8mb4 COLLATE=utf8mb4_unicode_ci;

--
-- Dumping data for table `cta_cte_tesoreria_detail`
--

INSERT INTO `cta_cte_tesoreria_detail` VALUES (1,8522,1,757,40718,1520,1,155000.00,0,'2023-02-28','2023-02-28 14:21:22','2023-02-28 14:21:22',NULL),(2,8522,2,13,40718,1521,2,10000.00,0,'2023-03-01','2023-03-01 11:25:20','2023-03-01 11:25:20',NULL),(3,8522,2,758,40718,1521,1,10000.00,0,'2023-03-01','2023-03-01 11:25:20','2023-03-01 11:25:20',NULL),(4,11237,4,759,40840,7630,1,0.00,0,'2025-04-15','2025-03-24 19:42:42','2025-04-15 10:03:13',NULL),(5,11237,5,760,40817,6067,1,0.00,0,'2025-04-01','2025-04-01 09:00:24','2025-04-01 09:00:24',NULL),(6,11237,6,761,40817,6067,1,0.00,0,'2025-04-01','2025-04-01 09:00:55','2025-04-01 09:00:55',NULL),(7,11237,7,762,40817,6067,1,0.00,0,'2025-04-01','2025-04-01 09:02:19','2025-04-01 09:02:19',NULL),(8,11237,8,57,40817,6067,1,1000000.00,0,'2025-04-03','2025-04-03 09:50:07','2025-04-03 09:51:04','2025-04-03 09:51:04'),(9,11237,8,762,40817,6067,2,1000000.00,0,'2025-04-03','2025-04-03 09:50:07','2025-04-03 09:51:04','2025-04-03 09:51:04'),(10,11237,9,57,40817,6067,1,1000000.00,0,'2025-04-03','2025-04-03 10:24:24','2025-04-03 10:24:24',NULL),(11,11237,9,761,40817,6067,2,18656.60,0,'2025-04-03','2025-04-03 10:24:24','2025-04-03 10:24:24',NULL),(12,11237,9,762,40817,6067,2,981343.40,0,'2025-04-03','2025-04-03 10:24:24','2025-04-03 10:24:24',NULL),(13,11237,10,763,40840,7631,1,0.00,0,'2025-04-03','2025-04-03 10:35:08','2025-04-03 10:35:08',NULL),(14,11237,11,57,40840,7630,1,26056380.20,0,'2025-03-01','2025-04-05 17:20:09','2025-04-11 11:16:09','2025-04-11 11:16:09'),(15,11237,11,759,40840,7630,2,26056380.20,0,'2025-03-01','2025-04-05 17:20:09','2025-04-11 11:16:09','2025-04-11 11:16:09'),(16,11237,12,764,40841,9262,1,0.00,0,'2025-04-15','2025-04-15 10:03:44','2025-04-15 10:18:18',NULL),(17,11237,13,57,40841,9262,1,25000.00,0,'2025-04-15','2025-04-15 10:23:57','2025-04-15 10:23:57',NULL),(18,11237,13,764,40841,9262,2,25000.00,0,'2025-04-15','2025-04-15 10:23:57','2025-04-15 10:23:57',NULL),(19,11237,14,765,40841,9262,1,0.00,0,'2025-04-15','2025-04-15 10:36:37','2025-04-15 10:58:48',NULL),(20,11237,15,766,40841,9262,1,0.00,0,'2025-04-15','2025-04-15 10:57:13','2025-04-15 11:47:09',NULL),(21,11237,16,767,40841,9262,1,0.00,0,'2025-04-16','2025-04-16 10:47:31','2025-04-16 10:47:31',NULL),(22,11237,17,768,40841,9262,1,0.00,0,'2025-04-16','2025-04-16 11:00:17','2025-04-16 11:00:17',NULL),(23,11237,18,57,40841,9262,1,406428.51,0,'2025-04-16','2025-04-16 11:49:15','2025-04-16 11:49:15',NULL),(24,11237,18,766,40841,9262,2,406428.51,0,'2025-04-16','2025-04-16 11:49:15','2025-04-16 11:49:15',NULL),(25,11237,19,57,40841,9262,1,14497198.37,0,'2025-04-16','2025-04-16 12:08:51','2025-04-16 12:08:51',NULL),(26,11237,19,764,40841,9262,2,14497198.37,0,'2025-04-16','2025-04-16 12:08:51','2025-04-16 12:08:51',NULL),(27,11237,20,57,40841,9262,1,86201.22,0,'2025-04-16','2025-04-16 15:38:18','2025-04-16 15:39:35','2025-04-16 15:39:35'),(28,11237,20,767,40841,9262,2,86201.22,0,'2025-04-16','2025-04-16 15:38:18','2025-04-16 15:39:35','2025-04-16 15:39:35'),(29,11237,21,57,40841,9262,1,86201.22,0,'2025-04-16','2025-04-16 15:40:09','2025-04-16 15:40:09',NULL),(30,11237,21,768,40841,9262,2,86201.22,0,'2025-04-16','2025-04-16 15:40:09','2025-04-16 15:40:09',NULL),(31,11237,22,769,40840,7631,1,0.00,0,'2025-04-16','2025-04-16 18:00:07','2025-04-16 18:01:10',NULL),(32,11237,23,770,40840,7631,1,0.00,0,'2025-04-16','2025-04-16 18:00:39','2025-04-16 18:00:39',NULL),(33,11237,24,771,40841,9262,1,0.00,0,'2025-04-23','2025-04-23 10:38:41','2025-04-23 10:38:41',NULL),(34,11237,25,13,40841,9262,2,23985183.52,0,'2025-04-21','2025-04-24 10:03:48','2025-04-24 10:03:48',NULL),(35,11237,25,771,40841,9262,1,4711183.52,0,'2025-04-21','2025-04-24 10:03:48','2025-04-24 10:03:48',NULL),(36,11237,25,771,40841,9262,1,3000000.00,0,'2025-04-21','2025-04-24 10:03:48','2025-04-24 10:03:48',NULL),(37,11237,25,771,40841,9262,1,3000000.00,0,'2025-04-21','2025-04-24 10:03:48','2025-04-24 10:03:48',NULL),(38,11237,25,771,40841,9262,1,2174000.00,0,'2025-04-21','2025-04-24 10:03:48','2025-04-24 10:03:48',NULL);
INSERT INTO `cta_cte_tesoreria_detail` VALUES (39,11237,25,771,40841,9262,1,3000000.00,0,'2025-04-21','2025-04-24 10:03:48','2025-04-24 10:03:48',NULL),(40,11237,25,771,40841,9262,1,2100000.00,0,'2025-04-21','2025-04-24 10:03:48','2025-04-24 10:03:48',NULL),(41,11237,25,771,40841,9262,1,3000000.00,0,'2025-04-21','2025-04-24 10:03:48','2025-04-24 10:03:48',NULL),(42,11237,25,771,40841,9262,1,3000000.00,0,'2025-04-21','2025-04-24 10:03:48','2025-04-24 10:03:48',NULL),(43,11237,26,57,40841,9262,1,6130438.83,0,'2025-04-24','2025-04-24 10:13:48','2025-04-24 10:13:48',NULL),(44,11237,26,771,40841,9262,2,3000000.00,0,'2025-04-24','2025-04-24 10:13:48','2025-04-24 10:13:48',NULL),(45,11237,26,771,40841,9262,2,3000000.00,0,'2025-04-24','2025-04-24 10:13:48','2025-04-24 10:13:48',NULL),(46,11237,26,768,40841,9262,2,130438.83,0,'2025-04-24','2025-04-24 10:13:48','2025-04-24 10:13:48',NULL),(47,11237,27,57,40841,9262,1,4711183.52,0,'2025-04-24','2025-04-24 10:22:26','2025-04-24 10:22:26',NULL),(48,11237,27,771,40841,9262,2,4711183.52,0,'2025-04-24','2025-04-24 10:22:26','2025-04-24 10:22:26',NULL),(49,11237,28,57,40841,9262,1,2100000.00,0,'2025-04-24','2025-04-24 11:29:06','2025-04-24 11:29:06',NULL),(50,11237,28,771,40841,9262,2,2100000.00,0,'2025-04-24','2025-04-24 11:29:06','2025-04-24 11:29:06',NULL),(51,11237,29,57,40841,9262,1,1472327.99,0,'2025-04-24','2025-04-24 11:35:36','2025-04-24 11:35:36',NULL),(52,11237,29,766,40841,9262,2,1472327.99,0,'2025-04-24','2025-04-24 11:35:36','2025-04-24 11:35:36',NULL),(53,11237,30,57,40841,9262,1,1331638.88,0,'2025-04-24','2025-04-24 11:38:25','2025-04-24 11:38:25',NULL),(54,11237,30,766,40841,9262,2,597905.51,0,'2025-04-24','2025-04-24 11:38:25','2025-04-24 11:38:25',NULL),(55,11237,30,766,40841,9262,2,366866.51,0,'2025-04-24','2025-04-24 11:38:25','2025-04-24 11:38:25',NULL),(56,11237,30,766,40841,9262,2,366866.51,0,'2025-04-24','2025-04-24 11:38:25','2025-04-24 11:38:25',NULL),(57,11237,30,767,40841,9262,2,0.35,0,'2025-04-24','2025-04-24 11:38:25','2025-04-24 11:38:25',NULL),(58,11237,31,57,40841,9262,1,536339.16,0,'2025-04-24','2025-04-24 11:40:48','2025-04-24 11:40:48',NULL),(59,11237,31,766,40841,9262,2,536339.16,0,'2025-04-24','2025-04-24 11:40:48','2025-04-24 11:40:48',NULL),(60,11237,32,57,40841,9262,1,536339.16,0,'2025-04-24','2025-04-24 11:41:34','2025-04-24 11:58:56','2025-04-24 11:58:56'),(61,11237,32,766,40841,9262,2,536339.16,0,'2025-04-24','2025-04-24 11:41:34','2025-04-24 11:58:56','2025-04-24 11:58:56'),(62,11237,33,57,40841,9262,1,1867406.31,0,'2025-04-24','2025-04-24 11:42:49','2025-04-24 11:42:49',NULL),(63,11237,33,766,40841,9262,2,1867406.31,0,'2025-04-24','2025-04-24 11:42:49','2025-04-24 11:42:49',NULL),(64,11237,34,57,40841,9262,1,536339.16,0,'2025-04-24','2025-04-24 11:59:42','2025-04-24 11:59:42',NULL),(65,11237,34,766,40841,9262,2,536339.16,0,'2025-04-24','2025-04-24 11:59:42','2025-04-24 11:59:42',NULL),(66,11237,35,13,40840,7631,2,26490269.34,0,'2025-04-24','2025-04-24 17:39:54','2025-04-24 17:39:54',NULL),(67,11237,35,770,40840,7631,1,3589615.76,0,'2025-04-24','2025-04-24 17:39:54','2025-04-24 17:39:54',NULL),(68,11237,35,770,40840,7631,1,3362368.91,0,'2025-04-24','2025-04-24 17:39:54','2025-04-24 17:39:54',NULL),(69,11237,35,770,40840,7631,1,3589615.76,0,'2025-04-24','2025-04-24 17:39:54','2025-04-24 17:39:54',NULL),(70,11237,35,770,40840,7631,1,3362368.91,0,'2025-04-24','2025-04-24 17:39:54','2025-04-24 17:39:54',NULL),(71,11237,35,770,40840,7631,1,2000000.00,0,'2025-04-24','2025-04-24 17:39:54','2025-04-24 17:39:54',NULL),(72,11237,35,770,40840,7631,1,2000000.00,0,'2025-04-24','2025-04-24 17:39:54','2025-04-24 17:39:54',NULL),(73,11237,35,770,40840,7631,1,2500000.00,0,'2025-04-24','2025-04-24 17:39:54','2025-04-24 17:39:54',NULL),(74,11237,35,770,40840,7631,1,2286900.00,0,'2025-04-24','2025-04-24 17:39:54','2025-04-24 17:39:54',NULL),(75,11237,35,770,40840,7631,1,1899700.00,0,'2025-04-24','2025-04-24 17:39:54','2025-04-24 17:39:54',NULL);
INSERT INTO `cta_cte_tesoreria_detail` VALUES (76,11237,35,770,40840,7631,1,1899700.00,0,'2025-04-24','2025-04-24 17:39:54','2025-04-24 17:39:54',NULL),(77,11237,36,57,40840,7631,1,10524137.82,0,'2025-04-24','2025-04-24 17:45:59','2025-04-24 17:45:59',NULL),(78,11237,36,770,40840,7631,2,3362368.91,0,'2025-04-24','2025-04-24 17:45:59','2025-04-24 17:45:59',NULL),(79,11237,36,770,40840,7631,2,3362368.91,0,'2025-04-24','2025-04-24 17:45:59','2025-04-24 17:45:59',NULL),(80,11237,36,770,40840,7631,2,1899700.00,0,'2025-04-24','2025-04-24 17:45:59','2025-04-24 17:45:59',NULL),(81,11237,36,770,40840,7631,2,1899700.00,0,'2025-04-24','2025-04-24 17:45:59','2025-04-24 17:45:59',NULL),(82,11237,37,57,40840,7631,1,9679231.52,0,'2025-04-24','2025-04-24 17:47:42','2025-04-24 17:47:42',NULL),(83,11237,37,770,40840,7631,2,3589615.76,0,'2025-04-24','2025-04-24 17:47:42','2025-04-24 17:47:42',NULL),(84,11237,37,770,40840,7631,2,3589615.76,0,'2025-04-24','2025-04-24 17:47:42','2025-04-24 17:47:42',NULL),(85,11237,37,770,40840,7631,2,2500000.00,0,'2025-04-24','2025-04-24 17:47:42','2025-04-24 17:47:42',NULL),(86,11237,38,766,40841,9262,1,3000000.00,0,'2025-04-23','2025-04-25 08:50:24','2025-04-25 08:50:24',NULL),(87,11237,38,771,40841,9262,2,3000000.00,0,'2025-04-23','2025-04-25 08:50:24','2025-04-25 08:50:24',NULL),(88,11237,39,57,40841,9262,1,2697519.00,0,'2025-04-25','2025-04-25 11:42:43','2025-04-25 11:42:43',NULL),(89,11237,39,766,40841,9262,2,1348759.50,0,'2025-04-25','2025-04-25 11:42:43','2025-04-25 11:42:43',NULL),(90,11237,39,766,40841,9262,2,1348759.50,0,'2025-04-25','2025-04-25 11:42:43','2025-04-25 11:42:43',NULL),(91,11237,40,57,40841,9262,1,750853.40,0,'2025-04-25','2025-04-25 11:45:12','2025-04-25 11:45:12',NULL),(92,11237,40,766,40841,9262,2,750853.40,0,'2025-04-25','2025-04-25 11:45:12','2025-04-25 11:45:12',NULL),(93,11237,41,772,40840,7631,1,0.00,0,'2025-04-29','2025-04-29 10:59:58','2025-04-29 10:59:58',NULL),(94,11237,42,57,40840,7631,1,86000.00,0,'2025-04-29','2025-04-29 11:03:00','2025-04-29 11:03:00',NULL),(95,11237,42,772,40840,7631,2,86000.00,0,'2025-04-29','2025-04-29 11:03:00','2025-04-29 11:03:00',NULL),(96,11237,43,57,40840,7631,1,252430.00,0,'2025-04-29','2025-04-29 11:03:43','2025-04-29 11:03:43',NULL),(97,11237,43,772,40840,7631,2,252430.00,0,'2025-04-29','2025-04-29 11:03:43','2025-04-29 11:03:43',NULL),(98,11237,44,57,40840,7631,1,215820.00,0,'2025-04-29','2025-04-29 11:05:39','2025-04-29 11:05:39',NULL),(99,11237,44,772,40840,7631,2,215820.00,0,'2025-04-29','2025-04-29 11:05:39','2025-04-29 11:05:39',NULL),(100,11237,45,13,40840,7632,2,1674059.00,0,'2025-05-02','2025-05-02 09:03:02','2025-05-02 09:03:02',NULL),(101,11237,45,770,40840,7632,1,1674059.00,0,'2025-05-02','2025-05-02 09:03:02','2025-05-02 09:03:02',NULL),(102,11237,46,57,40840,7632,1,1674059.00,0,'2025-05-02','2025-05-02 09:05:19','2025-05-02 09:05:19',NULL),(103,11237,46,770,40840,7632,2,1674059.00,0,'2025-05-02','2025-05-02 09:05:19','2025-05-02 09:05:19',NULL),(104,11237,47,13,40840,7632,2,23249543.00,0,'2025-05-12','2025-06-02 11:37:22','2025-06-02 11:37:22',NULL),(105,11237,47,770,40840,7632,1,2500000.00,0,'2025-05-12','2025-06-02 11:37:22','2025-06-02 11:37:22',NULL),(106,11237,47,770,40840,7632,1,2583181.00,0,'2025-05-12','2025-06-02 11:37:22','2025-06-02 11:37:22',NULL),(107,11237,47,770,40840,7632,1,2583181.00,0,'2025-05-12','2025-06-02 11:37:22','2025-06-02 11:37:22',NULL),(108,11237,47,770,40840,7632,1,2583181.00,0,'2025-05-12','2025-06-02 11:37:22','2025-06-02 11:37:22',NULL),(109,11237,47,770,40840,7632,1,3000000.00,0,'2025-05-12','2025-06-02 11:37:22','2025-06-02 11:37:22',NULL),(110,11237,47,770,40840,7632,1,3000000.00,0,'2025-05-12','2025-06-02 11:37:22','2025-06-02 11:37:22',NULL),(111,11237,47,770,40840,7632,1,2500000.00,0,'2025-05-12','2025-06-02 11:37:22','2025-06-02 11:37:22',NULL),(112,11237,47,770,40840,7632,1,2000000.00,0,'2025-05-12','2025-06-02 11:37:22','2025-06-02 11:37:22',NULL);
INSERT INTO `cta_cte_tesoreria_detail` VALUES (113,11237,47,770,40840,7632,1,2500000.00,0,'2025-05-12','2025-06-02 11:37:22','2025-06-02 11:37:22',NULL),(114,11237,48,57,40840,7632,1,5166362.00,0,'2025-05-30','2025-06-02 11:46:24','2025-06-06 09:40:52','2025-06-06 09:40:52'),(115,11237,48,770,40840,7632,2,2583181.00,0,'2025-05-30','2025-06-02 11:46:24','2025-06-06 09:40:52','2025-06-06 09:40:52'),(116,11237,48,770,40840,7632,2,2583181.00,0,'2025-05-30','2025-06-02 11:46:24','2025-06-06 09:40:52','2025-06-06 09:40:52'),(117,11237,49,57,40840,7632,1,9200000.00,0,'2025-05-30','2025-06-02 11:55:01','2025-06-02 11:55:01',NULL),(118,11237,49,770,40840,7632,2,2500000.00,0,'2025-05-30','2025-06-02 11:55:01','2025-06-02 11:55:01',NULL),(119,11237,49,770,40840,7632,2,3000000.00,0,'2025-05-30','2025-06-02 11:55:01','2025-06-02 11:55:01',NULL),(120,11237,49,770,40840,7632,2,3000000.00,0,'2025-05-30','2025-06-02 11:55:01','2025-06-02 11:55:01',NULL),(121,11237,49,769,40840,7632,2,700000.00,0,'2025-05-30','2025-06-02 11:55:01','2025-06-02 11:55:01',NULL),(122,11237,50,769,40840,7632,1,2286900.00,0,'2025-05-07','2025-06-02 12:07:43','2025-06-02 12:07:43',NULL),(123,11237,50,770,40840,7632,2,2286900.00,0,'2025-05-07','2025-06-02 12:07:43','2025-06-02 12:07:43',NULL),(124,11237,51,769,40840,7632,1,2000000.00,0,'2025-05-05','2025-06-02 12:09:43','2025-06-02 12:09:43',NULL),(125,11237,51,770,40840,7632,2,2000000.00,0,'2025-05-05','2025-06-02 12:09:43','2025-06-02 12:09:43',NULL),(126,11237,52,57,40841,9264,1,235603.36,0,'2025-06-03','2025-06-03 18:53:59','2025-06-03 18:55:31','2025-06-03 18:55:31'),(127,11237,52,768,40841,9264,2,235603.36,0,'2025-06-03','2025-06-03 18:53:59','2025-06-03 18:55:31','2025-06-03 18:55:31'),(128,11237,53,57,40841,9264,1,235603.36,0,'2025-06-03','2025-06-03 18:56:54','2025-06-03 18:56:54',NULL),(129,11237,53,768,40841,9264,2,235603.36,0,'2025-06-03','2025-06-03 18:56:54','2025-06-03 18:56:54',NULL),(130,11237,54,13,40841,9263,2,16000000.00,0,'2025-05-07','2025-06-04 11:54:41','2025-06-04 11:54:41',NULL),(131,11237,54,771,40841,9263,1,2000000.00,0,'2025-05-07','2025-06-04 11:54:41','2025-06-04 11:54:41',NULL),(132,11237,54,771,40841,9263,1,2000000.00,0,'2025-05-07','2025-06-04 11:54:41','2025-06-04 11:54:41',NULL),(133,11237,54,771,40841,9263,1,2000000.00,0,'2025-05-07','2025-06-04 11:54:41','2025-06-04 11:54:41',NULL),(134,11237,54,771,40841,9263,1,2000000.00,0,'2025-05-07','2025-06-04 11:54:41','2025-06-04 11:54:41',NULL),(135,11237,54,771,40841,9263,1,2000000.00,0,'2025-05-07','2025-06-04 11:54:41','2025-06-04 11:54:41',NULL),(136,11237,54,771,40841,9263,1,2000000.00,0,'2025-05-07','2025-06-04 11:54:41','2025-06-04 11:54:41',NULL),(137,11237,54,771,40841,9263,1,2000000.00,0,'2025-05-07','2025-06-04 11:54:41','2025-06-04 11:54:41',NULL),(138,11237,54,771,40841,9263,1,2000000.00,0,'2025-05-07','2025-06-04 11:54:41','2025-06-04 11:54:41',NULL),(139,11237,55,57,40841,9264,1,14000000.00,0,'2025-06-04','2025-06-04 11:57:01','2025-06-04 11:57:01',NULL),(140,11237,55,771,40841,9264,2,2000000.00,0,'2025-06-04','2025-06-04 11:57:01','2025-06-04 11:57:01',NULL),(141,11237,55,771,40841,9264,2,2000000.00,0,'2025-06-04','2025-06-04 11:57:01','2025-06-04 11:57:01',NULL),(142,11237,55,771,40841,9264,2,2000000.00,0,'2025-06-04','2025-06-04 11:57:01','2025-06-04 11:57:01',NULL),(143,11237,55,771,40841,9264,2,2000000.00,0,'2025-06-04','2025-06-04 11:57:01','2025-06-04 11:57:01',NULL),(144,11237,55,771,40841,9264,2,2000000.00,0,'2025-06-04','2025-06-04 11:57:01','2025-06-04 11:57:01',NULL),(145,11237,55,771,40841,9264,2,2000000.00,0,'2025-06-04','2025-06-04 11:57:01','2025-06-04 11:57:01',NULL),(146,11237,55,771,40841,9264,2,2000000.00,0,'2025-06-04','2025-06-04 11:57:01','2025-06-04 11:57:01',NULL),(147,11237,56,13,40841,9264,2,7997286.39,0,'2025-06-04','2025-06-04 12:13:23','2025-06-04 12:13:23',NULL),(148,11237,56,771,40841,9264,1,2000000.00,0,'2025-06-04','2025-06-04 12:13:23','2025-06-04 12:13:23',NULL);
INSERT INTO `cta_cte_tesoreria_detail` VALUES (149,11237,56,771,40841,9264,1,2000000.00,0,'2025-06-04','2025-06-04 12:13:23','2025-06-04 12:13:23',NULL),(150,11237,56,771,40841,9264,1,3997286.39,0,'2025-06-04','2025-06-04 12:13:23','2025-06-04 12:13:23',NULL),(151,11237,57,13,40841,9262,2,9707671.28,0,'2025-04-21','2025-06-04 12:17:41','2025-06-04 12:17:41',NULL),(152,11237,57,764,40841,9262,1,9707671.28,0,'2025-04-21','2025-06-04 12:17:41','2025-06-04 12:17:41',NULL),(153,11237,58,57,40841,9263,1,9707671.28,0,'2025-05-21','2025-06-04 12:19:18','2025-06-05 11:16:28','2025-06-05 11:16:28'),(154,11237,58,764,40841,9263,2,9707671.28,0,'2025-05-21','2025-06-04 12:19:18','2025-06-05 11:16:28','2025-06-05 11:16:28'),(155,11237,59,13,40841,10794,2,39872271.57,0,'2024-09-30','2025-06-04 12:25:53','2025-06-04 12:25:53',NULL),(156,11237,59,768,40841,10794,1,39872271.57,0,'2024-09-30','2025-06-04 12:25:53','2025-06-04 12:25:53',NULL),(157,11237,60,13,40841,9259,2,36201807.36,0,'2025-01-31','2025-06-04 12:26:32','2025-06-04 12:26:32',NULL),(158,11237,60,768,40841,9259,1,36201807.36,0,'2025-01-31','2025-06-04 12:26:32','2025-06-04 12:26:32',NULL),(159,11237,61,13,40841,9259,2,31971558.83,0,'2025-01-31','2025-06-04 12:26:52','2025-06-04 12:26:52',NULL),(160,11237,61,768,40841,9259,1,31971558.83,0,'2025-01-31','2025-06-04 12:26:52','2025-06-04 12:26:52',NULL),(161,11237,62,13,40841,9259,2,11413240.13,0,'2025-01-31','2025-06-04 12:27:14','2025-06-04 12:27:14',NULL),(162,11237,62,768,40841,9259,1,11413240.13,0,'2025-01-31','2025-06-04 12:27:14','2025-06-04 12:27:14',NULL),(163,11237,63,13,40841,9263,2,33722845.52,0,'2025-05-31','2025-06-04 12:38:33','2025-06-04 12:38:33',NULL),(164,11237,63,771,40841,9263,1,3000000.00,0,'2025-05-31','2025-06-04 12:38:33','2025-06-04 12:38:33',NULL),(165,11237,63,771,40841,9263,1,3000000.00,0,'2025-05-31','2025-06-04 12:38:33','2025-06-04 12:38:33',NULL),(166,11237,63,771,40841,9263,1,2000000.00,0,'2025-05-31','2025-06-04 12:38:33','2025-06-04 12:38:33',NULL),(167,11237,63,771,40841,9263,1,2000000.00,0,'2025-05-31','2025-06-04 12:38:33','2025-06-04 12:38:33',NULL),(168,11237,63,771,40841,9263,1,3000000.00,0,'2025-05-31','2025-06-04 12:38:33','2025-06-04 12:38:33',NULL),(169,11237,63,771,40841,9263,1,2200000.00,0,'2025-05-31','2025-06-04 12:38:33','2025-06-04 12:38:33',NULL),(170,11237,63,771,40841,9263,1,2000000.00,0,'2025-05-31','2025-06-04 12:38:33','2025-06-04 12:38:33',NULL),(171,11237,63,771,40841,9263,1,4711183.52,0,'2025-05-31','2025-06-04 12:38:33','2025-06-04 12:38:33',NULL),(172,11237,63,771,40841,9263,1,3000000.00,0,'2025-05-31','2025-06-04 12:38:33','2025-06-04 12:38:33',NULL),(173,11237,63,771,40841,9263,1,2905831.00,0,'2025-05-31','2025-06-04 12:38:33','2025-06-04 12:38:33',NULL),(174,11237,63,771,40841,9263,1,2905831.00,0,'2025-05-31','2025-06-04 12:38:33','2025-06-04 12:38:33',NULL),(175,11237,63,771,40841,9263,1,3000000.00,0,'2025-05-31','2025-06-04 12:38:33','2025-06-04 12:38:33',NULL),(176,11237,64,57,40841,9264,1,9707670.62,0,'2025-06-05','2025-06-05 11:19:47','2025-06-05 11:19:47',NULL),(177,11237,64,764,40841,9264,2,9707670.62,0,'2025-06-05','2025-06-05 11:19:47','2025-06-05 11:19:47',NULL),(178,11237,65,57,40840,7632,1,5000000.00,0,'2025-05-29','2025-06-06 09:37:39','2025-06-06 09:37:39',NULL),(179,11237,65,770,40840,7632,2,2500000.00,0,'2025-05-29','2025-06-06 09:37:39','2025-06-06 09:37:39',NULL),(180,11237,65,770,40840,7632,2,2500000.00,0,'2025-05-29','2025-06-06 09:37:39','2025-06-06 09:37:39',NULL),(181,11237,66,57,40840,7632,1,2583181.00,0,'2025-05-29','2025-06-06 09:42:31','2025-06-06 09:42:31',NULL),(182,11237,66,770,40840,7632,2,2583181.00,0,'2025-05-29','2025-06-06 09:42:31','2025-06-06 09:42:31',NULL),(183,11237,67,13,40841,9264,2,1067430.00,0,'2025-06-13','2025-06-13 17:37:59','2025-06-13 17:37:59',NULL),(184,11237,67,771,40841,9264,1,1067430.00,0,'2025-06-13','2025-06-13 17:37:59','2025-06-13 17:37:59',NULL),(185,11237,68,57,40841,9264,1,1067430.00,0,'2025-06-13','2025-06-13 17:38:24','2025-06-13 17:38:24',NULL);
INSERT INTO `cta_cte_tesoreria_detail` VALUES (186,11237,68,771,40841,9264,2,1067430.00,0,'2025-06-13','2025-06-13 17:38:24','2025-06-13 17:38:24',NULL),(187,11237,69,57,40840,7633,1,4583181.00,0,'2025-06-17','2025-06-17 10:25:06','2025-06-17 10:25:06',NULL),(188,11237,69,770,40840,7633,2,2583181.00,0,'2025-06-17','2025-06-17 10:25:06','2025-06-17 10:25:06',NULL),(189,11237,69,770,40840,7633,2,2000000.00,0,'2025-06-17','2025-06-17 10:25:06','2025-06-17 10:25:06',NULL),(190,11237,70,57,40841,9264,1,5369694.42,0,'2025-06-23','2025-06-23 11:28:59','2025-06-23 11:28:59',NULL),(191,11237,70,766,40841,9264,2,289244.76,0,'2025-06-23','2025-06-23 11:28:59','2025-06-23 11:28:59',NULL),(192,11237,70,766,40841,9264,2,2540224.83,0,'2025-06-23','2025-06-23 11:28:59','2025-06-23 11:28:59',NULL),(193,11237,70,766,40841,9264,2,2540224.83,0,'2025-06-23','2025-06-23 11:28:59','2025-06-23 11:28:59',NULL),(194,11237,71,57,40840,7635,1,248662.13,0,'2025-08-01','2025-08-01 18:49:00','2025-08-01 18:49:00',NULL),(195,11237,71,772,40840,7635,2,248662.13,0,'2025-08-01','2025-08-01 18:49:00','2025-08-01 18:49:00',NULL),(196,11237,72,57,40840,7635,1,9000000.00,0,'2025-08-29','2025-08-29 10:44:14','2025-08-29 10:45:42','2025-08-29 10:45:42'),(197,11237,72,769,40840,7635,2,3000000.00,0,'2025-08-29','2025-08-29 10:44:14','2025-08-29 10:45:42','2025-08-29 10:45:42'),(198,11237,72,769,40840,7635,2,3000000.00,0,'2025-08-29','2025-08-29 10:44:14','2025-08-29 10:45:42','2025-08-29 10:45:42'),(199,11237,72,769,40840,7635,2,3000000.00,0,'2025-08-29','2025-08-29 10:44:14','2025-08-29 10:45:42','2025-08-29 10:45:42'),(200,11237,73,57,40840,7635,1,9000000.00,0,'2025-08-29','2025-08-29 10:47:35','2025-08-29 10:47:35',NULL),(201,11237,73,769,40840,7635,2,3000000.00,0,'2025-08-29','2025-08-29 10:47:35','2025-08-29 10:47:35',NULL),(202,11237,73,769,40840,7635,2,3000000.00,0,'2025-08-29','2025-08-29 10:47:35','2025-08-29 10:47:35',NULL),(203,11237,73,769,40840,7635,2,3000000.00,0,'2025-08-29','2025-08-29 10:47:35','2025-08-29 10:47:35',NULL),(204,11237,74,57,40841,9266,1,3000000.00,0,'2025-08-29','2025-08-29 12:57:49','2025-08-29 12:57:49',NULL),(205,11237,74,768,40841,9266,2,3000000.00,0,'2025-08-29','2025-08-29 12:57:49','2025-08-29 12:57:49',NULL),(206,11237,75,57,40841,9266,1,13162812.76,0,'2025-08-29','2025-08-29 15:25:15','2025-08-29 15:25:15',NULL),(207,11237,75,766,40841,9266,2,4387603.79,0,'2025-08-29','2025-08-29 15:25:15','2025-08-29 15:25:15',NULL),(208,11237,75,766,40841,9266,2,4387603.79,0,'2025-08-29','2025-08-29 15:25:15','2025-08-29 15:25:15',NULL),(209,11237,75,766,40841,9266,2,4387603.79,0,'2025-08-29','2025-08-29 15:25:15','2025-08-29 15:25:15',NULL),(210,11237,75,767,40841,9266,2,1.39,0,'2025-08-29','2025-08-29 15:25:15','2025-08-29 15:25:15',NULL),(211,11237,76,57,40841,9267,1,235903.39,0,'2025-09-18','2025-09-18 18:22:15','2025-09-18 18:22:15',NULL),(212,11237,76,768,40841,9267,2,235903.39,0,'2025-09-18','2025-09-18 18:22:15','2025-09-18 18:22:15',NULL),(213,11237,77,13,40841,9267,2,2000000.00,0,'2025-09-12','2025-10-02 10:12:30','2025-10-02 10:12:30',NULL),(214,11237,77,771,40841,9267,1,2000000.00,0,'2025-09-12','2025-10-02 10:12:30','2025-10-02 10:12:30',NULL),(215,11237,78,13,40841,9267,2,8863451.45,0,'2025-09-08','2025-10-02 10:20:18','2025-10-02 10:20:18',NULL),(216,11237,78,771,40841,9267,1,3000000.00,0,'2025-09-08','2025-10-02 10:20:18','2025-10-02 10:20:18',NULL),(217,11237,78,771,40841,9267,1,2863451.45,0,'2025-09-08','2025-10-02 10:20:18','2025-10-02 10:20:18',NULL),(218,11237,78,771,40841,9267,1,3000000.00,0,'2025-09-08','2025-10-02 10:20:18','2025-10-02 10:20:18',NULL),(219,11237,79,57,40841,9267,1,18182601.72,0,'2025-09-08','2025-10-02 10:26:41','2025-10-02 10:26:41',NULL),(220,11237,79,771,40841,9267,2,2000000.00,0,'2025-09-08','2025-10-02 10:26:41','2025-10-02 10:26:41',NULL),(221,11237,79,771,40841,9267,2,3000000.00,0,'2025-09-08','2025-10-02 10:26:41','2025-10-02 10:26:41',NULL),(222,11237,79,771,40841,9267,2,2863451.45,0,'2025-09-08','2025-10-02 10:26:41','2025-10-02 10:26:41',NULL);
INSERT INTO `cta_cte_tesoreria_detail` VALUES (223,11237,79,771,40841,9267,2,3000000.00,0,'2025-09-08','2025-10-02 10:26:41','2025-10-02 10:26:41',NULL),(224,11237,79,766,40841,9267,2,3212767.00,0,'2025-09-08','2025-10-02 10:26:41','2025-10-02 10:26:41',NULL),(225,11237,79,766,40841,9267,2,4106383.27,0,'2025-09-08','2025-10-02 10:26:41','2025-10-02 10:26:41',NULL);

--
-- Table structure for table `ctacte_bancos`
--

CREATE TABLE `ctacte_bancos` (
  `id` int(10) unsigned NOT NULL AUTO_INCREMENT,
  `user_id` int(10) unsigned DEFAULT NULL,
  `nombre` varchar(255) COLLATE utf8mb4_unicode_ci DEFAULT NULL,
  `codigoBCRA` int(11) DEFAULT NULL,
  `cuit` varchar(191) COLLATE utf8mb4_unicode_ci DEFAULT NULL,
  `created_at` timestamp NULL DEFAULT NULL,
  `updated_at` timestamp NULL DEFAULT NULL,
  `deleted_at` timestamp NULL DEFAULT NULL,
  PRIMARY KEY (`id`)
) ENGINE=InnoDB AUTO_INCREMENT=82 DEFAULT CHARSET=utf8mb4 COLLATE=utf8mb4_unicode_ci;

--
-- Dumping data for table `ctacte_bancos`
--

INSERT INTO `ctacte_bancos` VALUES (1,NULL,'BANCO DE GALICIA Y BUENOS AIRES S.A.',7,'30-50000173-5',NULL,NULL,NULL),(2,NULL,'BANCO DE LA NACION ARGENTINA',11,'30-50001091-2',NULL,NULL,NULL),(3,NULL,'BANCO DE LA PROVINCIA DE BUENOS AIRES',14,'33-99924210-9',NULL,NULL,NULL),(4,NULL,'INDUSTRIAL AND COMMERCIAL BANK OF CHINA',15,'30-70944784-6',NULL,NULL,NULL),(5,NULL,'CITIBANK N.A.',16,'30-50000562-5',NULL,NULL,NULL),(6,NULL,'BBVA BANCO FRANCES S.A.',17,'30-50000319-3',NULL,NULL,NULL),(7,NULL,'THE BANK OF TOKYO-MITSUBISHI UFJ, LTD.',18,'30-50001183-8',NULL,NULL,NULL),(8,NULL,'BANCO DE LA PROVINCIA DE CORDOBA S.A.',20,'30-99922856-5',NULL,NULL,NULL),(9,NULL,'BANCO SUPERVIELLE S.A.',27,'33-50000517-9',NULL,NULL,NULL),(10,NULL,'BANCO DE LA CIUDAD DE BUENOS AIRES',29,'30-99903208-3',NULL,NULL,NULL),(11,NULL,'BANCO PATAGONIA S.A.',34,'30-50000661-3',NULL,NULL,NULL),(12,NULL,'BANCO HIPOTECARIO S.A.',44,'30-50001107-2',NULL,NULL,NULL),(13,NULL,'BANCO DE SAN JUAN S.A.',45,'30-50000944-2',NULL,NULL,NULL),(14,NULL,'BANCO DEL TUCUMAN S.A.',60,'30-51794820-5',NULL,NULL,NULL),(15,NULL,'BANCO MUNICIPAL DE ROSARIO',65,'33-99918181-9',NULL,NULL,NULL),(16,NULL,'BANCO SANTANDER RIO S.A.',72,'30-50000845-4',NULL,NULL,NULL),(17,NULL,'BANCO DEL CHUBUT S.A.',83,'30-50001299-0',NULL,NULL,NULL),(18,NULL,'BANCO DE SANTA CRUZ S.A.',86,'30-50009880-1',NULL,NULL,NULL),(19,NULL,'BANCO DE LA PAMPA SOCIEDAD DE ECONOMÍA M',93,'30-50001251-6',NULL,NULL,NULL),(20,NULL,'BANCO DE CORRIENTES S.A.',94,'30-50001060-2',NULL,NULL,NULL),(21,NULL,'BANCO PROVINCIA DEL NEUQUÉN SOCIEDAD ANÓ',97,'30-50001404-7',NULL,NULL,NULL),(22,NULL,'BANCO INTERFINANZAS S.A.',147,'30-52271441-7',NULL,NULL,NULL),(23,NULL,'HSBC BANK ARGENTINA S.A.',150,'33-53718600-9',NULL,NULL,NULL),(24,NULL,'JPMORGAN CHASE BANK, NATIONAL ASSOCIATIO',165,'30-58313794-3',NULL,NULL,NULL),(25,NULL,'BANCO CREDICOOP COOPERATIVO LIMITADO',191,'30-57142135-2',NULL,NULL,NULL),(26,NULL,'BANCO DE VALORES S.A.',198,'30-57612427-5',NULL,NULL,NULL),(27,NULL,'BANCO ROELA S.A.',247,'30-53561044-0',NULL,NULL,NULL),(28,NULL,'BANCO MARIVA S.A.',254,'30-51642044-4',NULL,NULL,NULL),(29,NULL,'BANCO ITAU ARGENTINA S.A.',259,'30-58018941-1',NULL,NULL,NULL),(30,NULL,'BANK OF AMERICA, NATIONAL ASSOCIATION',262,'30-50005055-8',NULL,NULL,NULL),(31,NULL,'BNP PARIBAS',266,'30-58472756-6',NULL,NULL,NULL),(32,NULL,'BANCO PROVINCIA DE TIERRA DEL FUEGO',268,'30-57565578-1',NULL,NULL,NULL),(33,NULL,'BANCO DE LA REPUBLICA ORIENTAL DEL URUGU',269,'30-58833784-3',NULL,NULL,NULL),(34,NULL,'BANCO SAENZ S.A.',277,'30-53467243-4',NULL,NULL,NULL),(35,NULL,'BANCO MERIDIAN S.A.',281,'30-53448749-1',NULL,NULL,NULL),(36,NULL,'BANCO MACRO S.A.',285,'30-50001008-4',NULL,NULL,NULL),(37,NULL,'BANCO COMAFI SOCIEDAD ANONIMA',299,'30-60473101-8',NULL,NULL,NULL),(38,NULL,'BANCO DE INVERSION Y COMERCIO EXTERIOR S',300,'30-65112908-3',NULL,NULL,NULL),(39,NULL,'BANCO PIANO S.A.',301,'30-56915176-3',NULL,NULL,NULL),(40,NULL,'BANCO JULIO SOCIEDAD ANONIMA',305,'30-65744121-6',NULL,NULL,NULL),(41,NULL,'BANCO RIOJA SOCIEDAD ANONIMA UNIPERSONAL',309,'30-67185933-9',NULL,NULL,NULL),(42,NULL,'BANCO DEL SOL S.A.',310,'30-67793756-0',NULL,NULL,NULL),(43,NULL,'NUEVO BANCO DEL CHACO S. A.',311,'30-67015779-9',NULL,NULL,NULL),(44,NULL,'BANCO VOII S.A.',312,'30-54674163-6',NULL,NULL,NULL),(45,NULL,'BANCO DE FORMOSA S.A.',315,'30-67137590-0',NULL,NULL,NULL),(46,NULL,'BANCO CMF S.A.',319,'30-57661429-9',NULL,NULL,NULL),(47,NULL,'BANCO DE SANTIAGO DEL ESTERO S.A.',321,'33-68666464-9',NULL,NULL,NULL),(48,NULL,'BANCO INDUSTRIAL S.A.',322,'30-68502995-9',NULL,NULL,NULL),(49,NULL,'NUEVO BANCO DE SANTA FE SOCIEDAD ANONIMA',330,'30-69243266-1',NULL,NULL,NULL),(50,NULL,'BANCO CETELEM ARGENTINA S.A.',331,'30-69730636-2',NULL,NULL,NULL),(51,NULL,'BANCO DE SERVICIOS FINANCIEROS S.A.',332,'30-69726589-5',NULL,NULL,NULL),(52,NULL,'BANCO BRADESCO ARGENTINA S.A.U.',336,'30-70125555-7',NULL,NULL,NULL),(53,NULL,'BANCO DE SERVICIOS Y TRANSACCIONES S.A.',338,'30-70496099-5',NULL,NULL,NULL);
INSERT INTO `ctacte_bancos` VALUES (54,NULL,'RCI BANQUE S.A.',339,'30-70710834-3',NULL,NULL,NULL),(55,NULL,'BACS BANCO DE CREDITO Y SECURITIZACION S',340,'30-70722741-5',NULL,NULL,NULL),(56,NULL,'BANCO MASVENTAS S.A.',341,'30-54061826-3',NULL,NULL,NULL),(57,NULL,'BANCO WANAP S.A.',384,'30-71565463-2',NULL,NULL,NULL),(58,NULL,'NUEVO BANCO DE ENTRE RÍOS S.A.',386,'33-70799551-9',NULL,NULL,NULL),(59,NULL,'BANCO COLUMBIA S.A.',389,'30-51763749-8',NULL,NULL,NULL),(60,NULL,'BANCO BICA S.A.',426,'30-71233123-9',NULL,NULL,NULL),(61,NULL,'BANCO COINAG S.A.',431,'30-71419596-0',NULL,NULL,NULL),(62,NULL,'BANCO DE COMERCIO S.A.',432,'30-54203363-7',NULL,NULL,NULL),(63,NULL,'FORD CREDIT COMPAÑIA FINANCIERA S.A.',44059,'30-51654454-2',NULL,NULL,NULL),(64,NULL,'COMPAÑIA FINANCIERA ARGENTINA S.A.',44077,'30-53800640-4',NULL,NULL,NULL),(65,NULL,'VOLKWAGEN FINANCIAL SERVICES CIA.FIN.S.A',44088,'30-68241957-8',NULL,NULL,NULL),(66,NULL,'CORDIAL COMPAÑÍA FINANCIERA S.A.',44090,'30-70181085-2',NULL,NULL,NULL),(67,NULL,'FCA COMPAÑIA FINANCIERA S.A.',44092,'30-69230488-4',NULL,NULL,NULL),(68,NULL,'GPAT COMPAÑIA FINANCIERA S.A.',44093,'30-67856482-2',NULL,NULL,NULL),(69,NULL,'MERCEDES-BENZ COMPAÑÍA FINANCIERA ARGENT',44094,'30-70700229-4',NULL,NULL,NULL),(70,NULL,'ROMBO COMPAÑÍA FINANCIERA S.A.',44095,'33-70712490-9',NULL,NULL,NULL),(71,NULL,'JOHN DEERE CREDIT COMPAÑÍA FINANCIERA S.',44096,'30-70702485-9',NULL,NULL,NULL),(72,NULL,'PSA FINANCE ARGENTINA COMPAÑÍA FINANCIER',44098,'30-70784736-7',NULL,NULL,NULL),(73,NULL,'TOYOTA COMPAÑÍA FINANCIERA DE ARGENTINA',44099,'30-70900042-6',NULL,NULL,NULL),(74,NULL,'FINANDINO COMPAÑIA FINANCIERA S.A.',44100,'30-71259240-7',NULL,NULL,NULL),(75,NULL,'MONTEMAR COMPAÑIA FINANCIERA S.A.',45056,'30-58138551-6',NULL,NULL,NULL),(76,NULL,'MULTIFINANZAS COMPAÑIA FINANCIERA S.A.',45072,'30-62828435-7',NULL,NULL,NULL),(77,NULL,'CAJA DE CREDITO \"CUENCA\" COOPERATIVA LIM',65203,'30-71622694-4',NULL,NULL,NULL),(78,NULL,'MERCADO PAGO',NULL,NULL,NULL,NULL,NULL),(79,NULL,'UALA',NULL,NULL,NULL,NULL,NULL),(80,NULL,'ICBC',NULL,NULL,NULL,NULL,NULL),(81,NULL,'BMA SAU',NULL,NULL,NULL,NULL,NULL);

--
-- Table structure for table `ctacte_bancos_datos`
--

CREATE TABLE `ctacte_bancos_datos` (
  `id` int(10) unsigned NOT NULL AUTO_INCREMENT,
  `cuenta_conta_id` int(10) unsigned DEFAULT NULL,
  `nombre` varchar(255) COLLATE utf8mb4_unicode_ci DEFAULT NULL,
  `cuit` varchar(255) COLLATE utf8mb4_unicode_ci DEFAULT NULL,
  `titular` varchar(255) COLLATE utf8mb4_unicode_ci DEFAULT NULL,
  `cuenta` varchar(255) COLLATE utf8mb4_unicode_ci DEFAULT NULL,
  `num_cuenta` varchar(255) COLLATE utf8mb4_unicode_ci DEFAULT NULL,
  `cbu` varchar(255) COLLATE utf8mb4_unicode_ci DEFAULT NULL,
  `alias` varchar(255) COLLATE utf8mb4_unicode_ci DEFAULT NULL,
  `status` int(11) NOT NULL DEFAULT '1',
  `created_at` timestamp NULL DEFAULT NULL,
  `updated_at` timestamp NULL DEFAULT NULL,
  PRIMARY KEY (`id`),
  KEY `ctacte_bancos_datos_cuenta_conta_id_foreign` (`cuenta_conta_id`),
  CONSTRAINT `ctacte_bancos_datos_cuenta_conta_id_foreign` FOREIGN KEY (`cuenta_conta_id`) REFERENCES `conta_plan_cuenta` (`id`)
) ENGINE=InnoDB DEFAULT CHARSET=utf8mb4 COLLATE=utf8mb4_unicode_ci;

--
-- Dumping data for table `ctacte_bancos_datos`
--


--
-- Table structure for table `ctacte_cheques`
--

CREATE TABLE `ctacte_cheques` (
  `id` int(10) unsigned NOT NULL AUTO_INCREMENT,
  `user_id` int(10) unsigned DEFAULT NULL,
  `asiento_id` varchar(191) COLLATE utf8mb4_unicode_ci DEFAULT NULL,
  `cuenta_conta_id` int(10) unsigned DEFAULT NULL,
  `cta_cte_tesoreria_cuenta_id` int(10) unsigned DEFAULT NULL,
  `cta_cte_tesoreria_id` int(10) unsigned DEFAULT NULL,
  `cta_cte_tesoreria_detail_id` int(10) unsigned DEFAULT NULL,
  `cta_cte_cliente_id` int(10) unsigned DEFAULT NULL,
  `cta_cte_cliente_id2` int(10) unsigned DEFAULT NULL,
  `cta_cte_cliente_detail_id` int(10) unsigned DEFAULT NULL,
  `nf_cta_cte_id2` int(10) unsigned DEFAULT NULL,
  `nf_cta_cte_id` int(10) unsigned DEFAULT NULL,
  `monto` decimal(16,2) DEFAULT NULL,
  `cheque3ros` tinyint(1) NOT NULL DEFAULT '0',
  `cheque_emitidos` tinyint(1) NOT NULL DEFAULT '0',
  `fecha` date DEFAULT NULL,
  `fecha_cobro` date DEFAULT NULL,
  `banco_id` int(10) unsigned NOT NULL,
  `person_id` int(10) unsigned DEFAULT NULL,
  `cuit` text COLLATE utf8mb4_unicode_ci,
  `titular` varchar(255) COLLATE utf8mb4_unicode_ci DEFAULT NULL,
  `abierto_cruzado` int(11) NOT NULL DEFAULT '1',
  `is_no_a_la_orden` tinyint(1) NOT NULL DEFAULT '0',
  `numero` int(10) unsigned DEFAULT NULL,
  `foto` varchar(255) COLLATE utf8mb4_unicode_ci DEFAULT NULL,
  `comentario` varchar(255) COLLATE utf8mb4_unicode_ci DEFAULT NULL,
  `status` int(11) NOT NULL DEFAULT '1',
  `created_at` timestamp NULL DEFAULT NULL,
  `updated_at` timestamp NULL DEFAULT NULL,
  `deleted_at` timestamp NULL DEFAULT NULL,
  PRIMARY KEY (`id`),
  KEY `ctacte_cheques_asiento_id_foreign` (`asiento_id`),
  KEY `ctacte_cheques_cuenta_conta_id_foreign` (`cuenta_conta_id`),
  KEY `ctacte_cheques_banco_id_foreign` (`banco_id`),
  KEY `ctacte_cheques_person_id_foreign` (`person_id`),
  KEY `ctacte_cheques_cta_cte_cliente_id2_foreign` (`cta_cte_cliente_id2`),
  KEY `ctacte_cheques_cta_cte_cliente_id_foreign` (`cta_cte_cliente_id`),
  KEY `cta_cte_tesorer_id` (`cta_cte_tesoreria_id`),
  KEY `ctacte_cheques_nf_cta_cte_id_foreign` (`nf_cta_cte_id`),
  KEY `ctacte_cheques_nf_cta_cte_id2_foreign` (`nf_cta_cte_id2`),
  KEY `ctacte_cheques_cta_cte_tesoreria_cuenta_id_foreign` (`cta_cte_tesoreria_cuenta_id`),
  KEY `ctacte_cheques_cta_cte_cliente_detail_id_foreign` (`cta_cte_cliente_detail_id`),
  KEY `ctacte_cheques_cta_cte_tesoreria_detail_id_foreign` (`cta_cte_tesoreria_detail_id`),
  CONSTRAINT `cta_cte_tesorer_id` FOREIGN KEY (`cta_cte_tesoreria_id`) REFERENCES `cta_cte_tesoreria` (`id`),
  CONSTRAINT `ctacte_cheques_banco_id_foreign` FOREIGN KEY (`banco_id`) REFERENCES `ctacte_bancos` (`id`),
  CONSTRAINT `ctacte_cheques_cta_cte_cliente_detail_id_foreign` FOREIGN KEY (`cta_cte_cliente_detail_id`) REFERENCES `cta_cte_cliente_details` (`id`),
  CONSTRAINT `ctacte_cheques_cta_cte_cliente_id2_foreign` FOREIGN KEY (`cta_cte_cliente_id2`) REFERENCES `cta_cte_cliente` (`id`),
  CONSTRAINT `ctacte_cheques_cta_cte_cliente_id_foreign` FOREIGN KEY (`cta_cte_cliente_id`) REFERENCES `cta_cte_cliente` (`id`),
  CONSTRAINT `ctacte_cheques_cta_cte_tesoreria_cuenta_id_foreign` FOREIGN KEY (`cta_cte_tesoreria_cuenta_id`) REFERENCES `cta_cte_tesoreria_cuentas` (`id`),
  CONSTRAINT `ctacte_cheques_cta_cte_tesoreria_detail_id_foreign` FOREIGN KEY (`cta_cte_tesoreria_detail_id`) REFERENCES `cta_cte_tesoreria_detail` (`id`),
  CONSTRAINT `ctacte_cheques_cuenta_conta_id_foreign` FOREIGN KEY (`cuenta_conta_id`) REFERENCES `conta_plan_cuenta` (`id`),
  CONSTRAINT `ctacte_cheques_nf_cta_cte_id2_foreign` FOREIGN KEY (`nf_cta_cte_id2`) REFERENCES `nf_cta_cte` (`id`),
  CONSTRAINT `ctacte_cheques_nf_cta_cte_id_foreign` FOREIGN KEY (`nf_cta_cte_id`) REFERENCES `nf_cta_cte` (`id`),
  CONSTRAINT `ctacte_cheques_person_id_foreign` FOREIGN KEY (`person_id`) REFERENCES `persons` (`id`)
) ENGINE=InnoDB AUTO_INCREMENT=58 DEFAULT CHARSET=utf8mb4 COLLATE=utf8mb4_unicode_ci;

--
-- Dumping data for table `ctacte_cheques`
--

INSERT INTO `ctacte_cheques` VALUES (1,8522,NULL,NULL,NULL,NULL,NULL,1252,NULL,NULL,NULL,NULL,10000.00,1,1,'2023-03-01','2023-03-01',1,40718,NULL,'Prueba #',1,0,11111,NULL,'',1,'2023-03-01 11:25:20','2023-03-01 11:25:20',NULL),(2,11237,NULL,NULL,NULL,NULL,NULL,3139,3141,34,NULL,NULL,4711183.52,1,0,'2025-04-21','2025-05-19',36,40841,'30-52937727-0','COOPERATIVA AGRICOLA GANADERA DE ARROYO CABRAL LIMITADA',1,0,1092,NULL,'',0,'2025-04-24 10:03:48','2025-04-24 10:22:26',NULL),(3,11237,NULL,NULL,NULL,NULL,NULL,3139,3140,30,NULL,NULL,3000000.00,1,0,'2025-04-21','2025-05-08',36,40841,'30-52937727-0','COOPERATIVA AGRICOLA GANADERA DE ARROYO CABRAL LIMITADA',1,0,1091,NULL,'',0,'2025-04-24 10:03:48','2025-04-24 10:13:48',NULL),(4,11237,NULL,NULL,NULL,NULL,NULL,3139,3140,31,NULL,NULL,3000000.00,1,0,'2025-04-21','2025-05-05',36,40841,'30-52937727-0','COOPERATIVA AGRICOLA GANADERA DE ARROYO CABRAL LIMITADA',1,0,1090,NULL,'',0,'2025-04-24 10:03:48','2025-04-24 10:13:48',NULL),(5,11237,NULL,NULL,NULL,NULL,NULL,3139,NULL,24,NULL,NULL,2174000.00,1,0,'2025-04-21','2025-04-23',36,40841,'30-52937727-0','COOPERATIVA AGRICOLA GANADERA DE ARROYO CABRAL LIMITADACOOPERATIVA AGRICOLA GANADERA DE ARROYO CABRAL LIMITADA',1,0,1097,NULL,'',1,'2025-04-24 10:03:48','2025-04-24 10:03:48',NULL),(6,11237,NULL,NULL,NULL,NULL,NULL,3139,NULL,25,NULL,NULL,3000000.00,1,0,'2025-04-21','2025-04-23',36,40841,'30-52937727-0','COOPERATIVA AGRICOLA GANADERA DE ARROYO CABRAL LIMITADA',1,0,1082,NULL,'',1,'2025-04-24 10:03:48','2025-04-24 10:03:48',NULL),(7,11237,NULL,NULL,NULL,NULL,NULL,3139,3142,36,NULL,NULL,2100000.00,1,0,'2025-04-21','2025-04-22',36,40841,'30-52937727-0','COOPERATIVA AGRICOLA GANADERA DE ARROYO CABRAL LIMITADA',1,0,1079,NULL,'',0,'2025-04-24 10:03:48','2025-04-24 11:29:06',NULL),(8,11237,NULL,NULL,NULL,38,87,3139,NULL,27,NULL,NULL,3000000.00,1,0,'2025-04-21','2025-04-22',36,40841,'30-52937727-0','COOPERATIVA AGRICOLA GANADERA DE ARROYO CABRAL LIMITADA',1,0,1080,NULL,'',0,'2025-04-24 10:03:48','2025-04-25 08:50:24',NULL),(9,11237,NULL,NULL,NULL,NULL,NULL,3139,NULL,28,NULL,NULL,3000000.00,1,0,'2025-04-21','2025-04-22',36,40841,'30-52937727-0','COOPERATIVA AGRICOLA GANADERA DE ARROYO CABRAL LIMITADA',1,0,1081,NULL,'',1,'2025-04-24 10:03:48','2025-04-24 10:03:48',NULL),(10,11237,NULL,NULL,NULL,NULL,NULL,3149,3151,69,NULL,NULL,3589615.76,1,0,'2025-04-21','2025-04-23',2,40840,'30-52937727-0','COOPERATIVA AGRICOLA GANADERA DE ARROYO CABRAL LIMITADA',1,0,1078,NULL,'',0,'2025-04-24 17:39:54','2025-04-24 17:47:42',NULL),(11,11237,NULL,NULL,NULL,NULL,NULL,3149,3150,64,NULL,NULL,3362368.91,1,0,'2025-04-21','2025-04-22',2,40840,'30-52937727-0','COOPERATIVA AGRICOLA GANADERA DE ARROYO CABRAL LIMITADA',1,0,1076,NULL,'',0,'2025-04-24 17:39:54','2025-04-24 17:45:59',NULL),(12,11237,NULL,NULL,NULL,NULL,NULL,3149,3151,70,NULL,NULL,3589615.76,1,0,'2025-04-21','2025-04-22',2,40840,'30-52937727-0','COOPERATIVA AGRICOLA GANADERA DE ARROYO CABRAL LIMITADA',1,0,1075,NULL,'',0,'2025-04-24 17:39:54','2025-04-24 17:47:42',NULL),(13,11237,NULL,NULL,NULL,NULL,NULL,3149,3150,65,NULL,NULL,3362368.91,1,0,'2025-04-21','2025-04-22',2,40840,'30-52937727-0','COOPERATIVA AGRICOLA GANADERA DE ARROYO CABRAL LIMITADA',1,0,1074,NULL,'',0,'2025-04-24 17:39:54','2025-04-24 17:45:59',NULL),(14,11237,NULL,NULL,NULL,51,125,3149,NULL,57,NULL,NULL,2000000.00,1,0,'2025-04-21','2025-04-22',2,40840,'30-52937727-0','COOPERATIVA AGRICOLA GANADERA DE ARROYO CABRAL LIMITADA',1,0,1084,NULL,'',0,'2025-04-24 17:39:54','2025-06-02 12:09:43',NULL),(15,11237,NULL,NULL,NULL,NULL,NULL,3149,NULL,58,NULL,NULL,2000000.00,1,0,'2025-04-21','2025-05-08',2,40840,'30-52937727-0','COOPERATIVA AGRICOLA GANADERA DE ARROYO CABRAL LIMITADA',1,0,1088,NULL,'',1,'2025-04-24 17:39:54','2025-04-24 17:39:54',NULL),(16,11237,NULL,NULL,NULL,NULL,NULL,3149,3151,71,NULL,NULL,2500000.00,1,0,'2025-04-21','2025-05-05',2,40840,'30-52937727-0','COOPERATIVA AGRICOLA GANADERA DE ARROYO CABRAL LIMITADA',1,0,1086,NULL,'',0,'2025-04-24 17:39:54','2025-04-24 17:47:42',NULL);
INSERT INTO `ctacte_cheques` VALUES (17,11237,NULL,NULL,NULL,50,123,3149,NULL,60,NULL,NULL,2286900.00,1,0,'2025-04-21','2025-05-02',2,40840,'30-52937727-0','COOPERATIVA AGRICOLA GANADERA DE ARROYO CABRAL LIMITADA',1,0,1085,NULL,'',0,'2025-04-24 17:39:54','2025-06-02 12:07:43',NULL),(18,11237,NULL,NULL,NULL,NULL,NULL,3149,3150,66,NULL,NULL,1899700.00,1,0,'2025-04-16','2025-04-16',2,40840,'30-52937727-0','COOPERATIVA AGRICOLA GANADERA DE ARROYO CABRAL LIMITADA',1,0,958,NULL,'',0,'2025-04-24 17:39:54','2025-04-24 17:45:59',NULL),(19,11237,NULL,NULL,NULL,NULL,NULL,3149,3150,67,NULL,NULL,1899700.00,1,0,'2025-04-09','2025-04-09',2,40840,'30-52937727-0','COOPERATIVA AGRICOLA GANADERA DE ARROYO CABRAL LIMITADA',1,0,957,NULL,'',0,'2025-04-24 17:39:54','2025-04-24 17:45:59',NULL),(20,11237,NULL,NULL,NULL,NULL,NULL,3165,3166,86,NULL,NULL,1674059.00,1,0,'2025-05-02','2025-05-02',2,40840,'30-52715144-5','COTAGRO COOP AGROP LTDA',1,0,67292046,NULL,'Saldo a favor en la cuenta de Ariel en cotagro, se devuelve el saldo mediante un echeq y se endosa a LADAHNOS para luego ser endosado a cotagro',0,'2025-05-02 09:03:02','2025-05-02 09:05:19',NULL),(21,11237,NULL,NULL,NULL,NULL,NULL,3311,3313,101,NULL,NULL,2500000.00,1,0,'2025-05-16','2025-06-16',2,40840,'30-52937727-0','COOP. AGRICOLA GANADERA DE ARROYO CABRAL',2,0,1164,NULL,'',0,'2025-06-02 11:37:22','2025-06-02 11:55:01',NULL),(22,11237,NULL,NULL,NULL,NULL,NULL,3311,3346,161,NULL,NULL,2583181.00,1,0,'2025-05-16','2025-05-16',2,40840,'30-52937727-0','COOP. AGRICOLA GANADERA DE ARROYO CABRAL',2,0,1166,NULL,'',0,'2025-06-02 11:37:22','2025-06-06 09:42:31',NULL),(23,11237,NULL,NULL,NULL,NULL,NULL,3311,NULL,90,NULL,NULL,2583181.00,1,0,'2025-05-16','2025-05-16',2,40840,'30-52937727-0','COOP. AGRICOLA GANADERA DE ARROYO CABRAL',2,0,1167,NULL,'',1,'2025-06-02 11:37:22','2025-06-02 11:37:22',NULL),(24,11237,NULL,NULL,NULL,NULL,NULL,3311,3349,167,NULL,NULL,2583181.00,1,0,'2025-05-17','2025-05-17',2,40840,'30-52937727-0','COOP. AGRICOLA GANADERA DE ARROYO CABRAL',2,0,1168,NULL,'',0,'2025-06-02 11:37:22','2025-06-17 10:25:06',NULL),(25,11237,NULL,NULL,NULL,NULL,NULL,3311,3313,102,NULL,NULL,3000000.00,1,0,'2025-05-18','2025-05-18',2,40840,'30-52937727-0','COOP. AGRICOLA GANADERA DE ARROYO CABRAL',2,0,1169,NULL,'',0,'2025-06-02 11:37:22','2025-06-02 11:55:01',NULL),(26,11237,NULL,NULL,NULL,NULL,NULL,3311,3313,103,NULL,NULL,3000000.00,1,0,'2025-05-18','2025-05-18',2,40840,'30-52937727-0','COOP. AGRICOLA GANADERA DE ARROYO CABRAL',2,0,1170,NULL,'',0,'2025-06-02 11:37:22','2025-06-02 11:55:01',NULL),(27,11237,NULL,NULL,NULL,NULL,NULL,3311,3345,158,NULL,NULL,2500000.00,1,0,'2025-06-02','2025-06-02',2,40840,'30-52772727-0','COOP. AGRICOLA GANADERA DE ARROYO CABRAL',2,0,1183,NULL,'',0,'2025-06-02 11:37:22','2025-06-06 09:37:39',NULL),(28,11237,NULL,NULL,NULL,NULL,NULL,3311,3349,168,NULL,NULL,2000000.00,1,0,'2025-06-02','2025-06-02',2,40840,'30-52937727-0','COOP. AGRICOLA GANADERA DE ARROYO CABRAL',2,0,1184,NULL,'',0,'2025-06-02 11:37:22','2025-06-17 10:25:06',NULL),(29,11237,NULL,NULL,NULL,NULL,NULL,3311,3345,159,NULL,NULL,2500000.00,1,0,'2025-06-02','2025-06-02',2,40840,'30-52937727-0','COOP. AGRICOLA GANADERA DE ARROYO CABRAL',2,0,1182,NULL,'',0,'2025-06-02 11:37:22','2025-06-06 09:37:39',NULL),(30,11237,NULL,NULL,NULL,NULL,NULL,3317,3318,119,NULL,NULL,2000000.00,1,0,'2025-05-07','2025-05-07',36,40841,'30-70856331-1','MOREL VULLIEZ SA',1,0,30008161,NULL,'',0,'2025-06-04 11:54:41','2025-06-04 11:57:01',NULL),(31,11237,NULL,NULL,NULL,NULL,NULL,3317,NULL,111,NULL,NULL,2000000.00,1,0,'2025-05-07','2025-05-07',36,40841,'30-70856331-1','MOREL VULLIEZ SA',1,0,30008162,NULL,'',1,'2025-06-04 11:54:41','2025-06-04 11:54:41',NULL),(32,11237,NULL,NULL,NULL,NULL,NULL,3317,3318,120,NULL,NULL,2000000.00,1,0,'2025-05-07','2025-05-07',36,40841,'30-70856331-1','MOREL VULLIEZ SA',1,0,30008163,NULL,'',0,'2025-06-04 11:54:41','2025-06-04 11:57:01',NULL);
INSERT INTO `ctacte_cheques` VALUES (33,11237,NULL,NULL,NULL,NULL,NULL,3317,3318,121,NULL,NULL,2000000.00,1,0,'2025-05-05','2025-05-05',36,40841,'30-70856331-1','MOREL VULLIEZ SA',1,0,30008164,NULL,'',0,'2025-06-04 11:54:41','2025-06-04 11:57:01',NULL),(34,11237,NULL,NULL,NULL,NULL,NULL,3317,3318,122,NULL,NULL,2000000.00,1,0,'2025-05-05','2025-05-07',36,40841,'30-70856331-1','MOREL VULLIEZ SA',1,0,30008165,NULL,'',0,'2025-06-04 11:54:41','2025-06-04 11:57:01',NULL),(35,11237,NULL,NULL,NULL,NULL,NULL,3317,3318,123,NULL,NULL,2000000.00,1,0,'2025-05-07','2025-05-07',36,40841,'30-70856331-1','MOREL VULLIEZ SA',1,0,30008166,NULL,'',0,'2025-06-04 11:54:41','2025-06-04 11:57:01',NULL),(36,11237,NULL,NULL,NULL,NULL,NULL,3317,3318,124,NULL,NULL,2000000.00,1,0,'2025-05-07','2025-05-07',36,40841,'30-70856331-1','MOREL VULLIEZ SA',1,0,30008167,NULL,'',0,'2025-06-04 11:54:41','2025-06-04 11:57:01',NULL),(37,11237,NULL,NULL,NULL,NULL,NULL,3317,3318,125,NULL,NULL,2000000.00,1,0,'2025-05-07','2025-05-07',36,40841,'30-70856331-1','MOREL VULLIEZ SA',1,0,30008168,NULL,'',0,'2025-06-04 11:54:41','2025-06-04 11:57:01',NULL),(38,11237,NULL,NULL,NULL,NULL,NULL,3323,NULL,127,NULL,NULL,2000000.00,1,0,'2025-05-07','2025-05-07',36,40841,'30-70856331-1','MOREL VULLIEZ SA',2,0,30008160,NULL,'',1,'2025-06-04 12:13:23','2025-06-04 12:13:23',NULL),(39,11237,NULL,NULL,NULL,NULL,NULL,3323,NULL,128,NULL,NULL,2000000.00,1,0,'2025-05-07','2025-05-07',36,40841,'30-70856331-1','MOREL VULLIEZ SA',2,0,30008169,NULL,'',1,'2025-06-04 12:13:23','2025-06-04 12:13:23',NULL),(40,11237,NULL,NULL,NULL,NULL,NULL,3323,NULL,129,NULL,NULL,3997286.39,1,0,'2025-05-07','2025-05-07',36,40841,'30-70856331-1','MOREL VULLIEZ SA',2,0,30008170,NULL,'',1,'2025-06-04 12:13:23','2025-06-04 12:13:23',NULL),(41,11237,NULL,NULL,NULL,NULL,NULL,3338,NULL,143,NULL,NULL,3000000.00,1,0,'2025-06-07','2025-06-07',36,40841,'30-52937727-0','COOP. AGRICOLA GANADERA ARROYO CABRAL LTDA',2,0,1181,NULL,'',1,'2025-06-04 12:38:33','2025-06-04 12:38:33',NULL),(42,11237,NULL,NULL,NULL,NULL,NULL,3338,NULL,144,NULL,NULL,3000000.00,1,0,'2025-06-07','2025-06-07',36,40841,'30-52937727-0','COOP. AGRICOLA GANADERA ARROYO CABRAL LTDA',2,0,1180,NULL,'',1,'2025-06-04 12:38:33','2025-06-04 12:38:33',NULL),(43,11237,NULL,NULL,NULL,NULL,NULL,3338,NULL,145,NULL,NULL,2000000.00,1,0,'2025-06-05','2025-06-05',36,40841,'30-52937727-0','COOP. AGRICOLA GANADERA ARROYO CABRAL LTDA',2,0,1177,NULL,'',1,'2025-06-04 12:38:33','2025-06-04 12:38:33',NULL),(44,11237,NULL,NULL,NULL,NULL,NULL,3338,NULL,146,NULL,NULL,2000000.00,1,0,'2025-06-05','2025-06-05',36,40841,'30-52937727-0','COOP. AGRICOLA GANADERA ARROYO CABRAL LTDA',2,0,1179,NULL,'',1,'2025-06-04 12:38:33','2025-06-04 12:38:33',NULL),(45,11237,NULL,NULL,NULL,NULL,NULL,3338,NULL,147,NULL,NULL,3000000.00,1,0,'2025-05-27','2025-05-27',36,40841,'30-52937727-0','COOP. AGRICOLA GANADERA ARROYO CABRAL LTDA',2,0,1176,NULL,'',1,'2025-06-04 12:38:33','2025-06-04 12:38:33',NULL),(46,11237,NULL,NULL,NULL,NULL,NULL,3338,NULL,148,NULL,NULL,2200000.00,1,0,'2025-05-27','2025-05-27',36,40841,'30-52937727-0','COOP. AGRICOLA GANADERA ARROYO CABRAL LTDA',2,0,1175,NULL,'',1,'2025-06-04 12:38:33','2025-06-04 12:38:33',NULL),(47,11237,NULL,NULL,NULL,NULL,NULL,3338,NULL,149,NULL,NULL,2000000.00,1,0,'2025-05-19','2025-05-19',36,40841,'30-52937727-0','COOP. AGRICOLA GANADERA ARROYO CABRAL LTDA',2,0,1174,NULL,'',1,'2025-06-04 12:38:33','2025-06-04 12:38:33',NULL),(48,11237,NULL,NULL,NULL,NULL,NULL,3338,NULL,150,NULL,NULL,4711183.52,1,0,'2025-05-19','2025-05-19',36,40841,'30-52937727-0','COOP. AGRICOLA GANADERA ARROYO CABRAL LTDA',2,0,1092,NULL,'',1,'2025-06-04 12:38:33','2025-06-04 12:38:33',NULL),(49,11237,NULL,NULL,NULL,NULL,NULL,3338,NULL,151,NULL,NULL,3000000.00,1,0,'2025-05-18','2025-05-18',36,40841,'30-52937727-0','COOP. AGRICOLA GANADERA ARROYO CABRAL LTDA',2,0,1173,NULL,'',1,'2025-06-04 12:38:33','2025-06-04 12:38:33',NULL);
INSERT INTO `ctacte_cheques` VALUES (50,11237,NULL,NULL,NULL,NULL,NULL,3338,NULL,152,NULL,NULL,2905831.00,1,0,'2025-05-16','2025-05-16',36,40841,'30-52937727-0','COOP. AGRICOLA GANADERA ARROYO CABRAL LTDA',2,0,1172,NULL,'',1,'2025-06-04 12:38:33','2025-06-04 12:38:33',NULL),(51,11237,NULL,NULL,NULL,NULL,NULL,3338,NULL,153,NULL,NULL,2905831.00,1,0,'2025-05-16','2025-05-16',36,40841,'30-52937727-0','COOP. AGRICOLA GANADERA ARROYO CABRAL LTDA',2,0,1171,NULL,'',1,'2025-06-04 12:38:33','2025-06-04 12:38:33',NULL),(52,11237,NULL,NULL,NULL,NULL,NULL,3338,NULL,154,NULL,NULL,3000000.00,1,0,'2025-05-08','2025-05-08',36,40841,'30-52937727-0','COOP. AGRICOLA GANADERA ARROYO CABRAL LTDA',2,0,1091,NULL,'',1,'2025-06-04 12:38:33','2025-06-04 12:38:33',NULL),(53,11237,NULL,NULL,NULL,NULL,NULL,3347,3348,165,NULL,NULL,1067430.00,1,0,'2025-06-13','2025-06-13',36,40841,'30-52937727-0','COOP. AGRICOLA GANADERA ARROYO CABRAL',1,0,1289,NULL,'',0,'2025-06-13 17:37:59','2025-06-13 17:38:24',NULL),(54,11237,NULL,NULL,NULL,NULL,NULL,3493,3495,199,NULL,NULL,2000000.00,1,0,'2025-09-11','2025-09-12',36,40841,'30-52937727-0','Coop. Agricola Ganadera de Arroyo Cabral Ltda',1,0,1577,NULL,'',0,'2025-10-02 10:12:30','2025-10-02 10:26:41',NULL),(55,11237,NULL,NULL,NULL,NULL,NULL,3494,3495,200,NULL,NULL,3000000.00,1,0,'2025-09-08','2025-09-22',36,40841,'30-70931625-3','Daniel Omar Calvo ',1,0,589719,NULL,'',0,'2025-10-02 10:20:18','2025-10-02 10:26:41',NULL),(56,11237,NULL,NULL,NULL,NULL,NULL,3494,3495,201,NULL,NULL,2863451.45,1,0,'2025-09-08','2025-09-22',36,40841,'30-70931625-3','DANIEL OMAR CALVO',1,0,589722,NULL,'',0,'2025-10-02 10:20:18','2025-10-02 10:26:41',NULL),(57,11237,NULL,NULL,NULL,NULL,NULL,3494,3495,202,NULL,NULL,3000000.00,1,0,'2025-09-08','2025-09-08',36,40841,'30-70931625-3','DANIEL OMAR CALVO',1,0,589721,NULL,'',0,'2025-10-02 10:20:18','2025-10-02 10:26:41',NULL);

--
-- Table structure for table `ctactegastos_centrocosto`
--

CREATE TABLE `ctactegastos_centrocosto` (
  `id` int(10) unsigned NOT NULL AUTO_INCREMENT,
  `user_id` int(10) unsigned DEFAULT NULL,
  `nombre` varchar(255) COLLATE utf8mb4_unicode_ci NOT NULL,
  `created_at` timestamp NULL DEFAULT NULL,
  `updated_at` timestamp NULL DEFAULT NULL,
  `deleted_at` timestamp NULL DEFAULT NULL,
  PRIMARY KEY (`id`)
) ENGINE=InnoDB AUTO_INCREMENT=9 DEFAULT CHARSET=utf8mb4 COLLATE=utf8mb4_unicode_ci;

--
-- Dumping data for table `ctactegastos_centrocosto`
--

INSERT INTO `ctactegastos_centrocosto` VALUES (1,NULL,'OFICINA',NULL,NULL,NULL),(2,NULL,'FIJO',NULL,NULL,NULL),(3,NULL,'VARIABLE',NULL,NULL,NULL),(4,NULL,'GISELA',NULL,NULL,NULL),(5,NULL,'LIA',NULL,NULL,NULL),(6,NULL,'PADRES',NULL,NULL,NULL),(7,NULL,'CASA',NULL,NULL,NULL),(8,NULL,'VANESA',NULL,NULL,NULL);

--
-- Table structure for table `ctactegastos_cuenta_tipo`
--

CREATE TABLE `ctactegastos_cuenta_tipo` (
  `idCuentaTipo` int(10) unsigned NOT NULL AUTO_INCREMENT,
  `user_id` int(10) unsigned DEFAULT NULL,
  `cta_cte_tesoreria_cuenta_id` int(10) unsigned DEFAULT NULL,
  `idTipo` int(10) unsigned NOT NULL,
  `created_at` timestamp NULL DEFAULT NULL,
  `updated_at` timestamp NULL DEFAULT NULL,
  `deleted_at` timestamp NULL DEFAULT NULL,
  PRIMARY KEY (`idCuentaTipo`),
  KEY `ctactegastos_cuenta_tipo_idtipo_foreign` (`idTipo`),
  KEY `ctactegastos_cuenta_tipo_cta_cte_tesoreria_cuenta_id_foreign` (`cta_cte_tesoreria_cuenta_id`),
  CONSTRAINT `ctactegastos_cuenta_tipo_cta_cte_tesoreria_cuenta_id_foreign` FOREIGN KEY (`cta_cte_tesoreria_cuenta_id`) REFERENCES `cta_cte_tesoreria_cuentas` (`id`),
  CONSTRAINT `ctactegastos_cuenta_tipo_idtipo_foreign` FOREIGN KEY (`idTipo`) REFERENCES `ctactegastos_tiposdegastos` (`id`)
) ENGINE=InnoDB AUTO_INCREMENT=18 DEFAULT CHARSET=utf8mb4 COLLATE=utf8mb4_unicode_ci;

--
-- Dumping data for table `ctactegastos_cuenta_tipo`
--

INSERT INTO `ctactegastos_cuenta_tipo` VALUES (1,NULL,NULL,3,NULL,NULL,NULL),(2,NULL,NULL,6,NULL,NULL,NULL),(3,NULL,NULL,3,NULL,NULL,NULL),(4,NULL,NULL,4,NULL,NULL,NULL),(5,NULL,NULL,5,NULL,NULL,NULL),(6,NULL,NULL,3,NULL,NULL,NULL),(7,NULL,NULL,4,NULL,NULL,NULL),(8,NULL,NULL,3,NULL,NULL,NULL),(9,NULL,NULL,4,NULL,NULL,NULL),(10,NULL,NULL,7,NULL,NULL,NULL),(11,NULL,NULL,8,NULL,NULL,NULL),(12,NULL,NULL,3,NULL,NULL,NULL),(13,NULL,NULL,3,NULL,NULL,NULL),(14,NULL,NULL,4,NULL,NULL,NULL),(15,NULL,NULL,1,NULL,NULL,NULL),(16,NULL,NULL,2,NULL,NULL,NULL),(17,NULL,NULL,5,NULL,NULL,NULL);

--
-- Table structure for table `ctactegastos_mensuales`
--

CREATE TABLE `ctactegastos_mensuales` (
  `id` int(10) unsigned NOT NULL AUTO_INCREMENT,
  `user_id` int(10) unsigned DEFAULT NULL,
  `CuentaTipo_id` int(10) unsigned NOT NULL,
  `cta_cte_tesoreria_cuenta_id` int(10) unsigned NOT NULL DEFAULT '13',
  `TipoDeGasto_id` int(10) unsigned NOT NULL,
  `CentroCosto_id` int(10) unsigned NOT NULL,
  `gasto_cta_cte_tesoreria_cuenta_id` int(10) unsigned NOT NULL DEFAULT '13',
  `monto` decimal(16,2) DEFAULT NULL,
  `comentario` varchar(255) COLLATE utf8mb4_unicode_ci DEFAULT NULL,
  `status` int(11) NOT NULL DEFAULT '1',
  `created_at` timestamp NULL DEFAULT NULL,
  `updated_at` timestamp NULL DEFAULT NULL,
  `deleted_at` timestamp NULL DEFAULT NULL,
  PRIMARY KEY (`id`),
  KEY `ctactegastos_mensuales_cuentatipo_id_foreign` (`CuentaTipo_id`),
  KEY `ctactegastos_mensuales_tipodegasto_id_foreign` (`TipoDeGasto_id`),
  KEY `ctactegastos_mensuales_centrocosto_id_foreign` (`CentroCosto_id`),
  KEY `ctactegastos_mensuales_cta_cte_tesoreria_cuenta_id_foreign` (`cta_cte_tesoreria_cuenta_id`),
  KEY `ctactegastos_mensuales_gasto_cta_cte_tesoreria_cuenta_id_foreign` (`gasto_cta_cte_tesoreria_cuenta_id`),
  CONSTRAINT `ctactegastos_mensuales_centrocosto_id_foreign` FOREIGN KEY (`CentroCosto_id`) REFERENCES `ctactegastos_centrocosto` (`id`),
  CONSTRAINT `ctactegastos_mensuales_cta_cte_tesoreria_cuenta_id_foreign` FOREIGN KEY (`cta_cte_tesoreria_cuenta_id`) REFERENCES `cta_cte_tesoreria_cuentas` (`id`),
  CONSTRAINT `ctactegastos_mensuales_cuentatipo_id_foreign` FOREIGN KEY (`CuentaTipo_id`) REFERENCES `ctactegastos_cuenta_tipo` (`idCuentaTipo`),
  CONSTRAINT `ctactegastos_mensuales_gasto_cta_cte_tesoreria_cuenta_id_foreign` FOREIGN KEY (`gasto_cta_cte_tesoreria_cuenta_id`) REFERENCES `cta_cte_tesoreria_cuentas` (`id`),
  CONSTRAINT `ctactegastos_mensuales_tipodegasto_id_foreign` FOREIGN KEY (`TipoDeGasto_id`) REFERENCES `ctactegastos_tiposdegastos` (`id`)
) ENGINE=InnoDB DEFAULT CHARSET=utf8mb4 COLLATE=utf8mb4_unicode_ci;

--
-- Dumping data for table `ctactegastos_mensuales`
--


--
-- Table structure for table `ctactegastos_tiposdegastos`
--

CREATE TABLE `ctactegastos_tiposdegastos` (
  `id` int(10) unsigned NOT NULL AUTO_INCREMENT,
  `user_id` int(10) unsigned DEFAULT NULL,
  `nombre` varchar(255) COLLATE utf8mb4_unicode_ci DEFAULT NULL,
  `created_at` timestamp NULL DEFAULT NULL,
  `updated_at` timestamp NULL DEFAULT NULL,
  `deleted_at` timestamp NULL DEFAULT NULL,
  PRIMARY KEY (`id`)
) ENGINE=InnoDB AUTO_INCREMENT=11 DEFAULT CHARSET=utf8mb4 COLLATE=utf8mb4_unicode_ci;

--
-- Dumping data for table `ctactegastos_tiposdegastos`
--

INSERT INTO `ctactegastos_tiposdegastos` VALUES (1,NULL,'Oficina',NULL,NULL,NULL),(2,NULL,'Personales',NULL,NULL,NULL),(3,NULL,'Tarjeta VISA',NULL,NULL,NULL),(4,NULL,'Tarjeta Mastercard',NULL,NULL,NULL),(5,NULL,'Debito Automatico',NULL,NULL,NULL),(6,NULL,'American Express',NULL,NULL,NULL),(7,NULL,'Tarjeta Shopping',NULL,NULL,NULL),(8,NULL,'Tarjeta Cencosud',NULL,NULL,NULL),(9,NULL,'Tarjeta Coto',NULL,NULL,NULL),(10,NULL,'Tarjeta Nativa',NULL,NULL,NULL);

--
-- Table structure for table `cursos`
--

CREATE TABLE `cursos` (
  `id` int(10) unsigned NOT NULL AUTO_INCREMENT,
  `nombre` varchar(191) COLLATE utf8mb4_unicode_ci NOT NULL,
  `descripcion` longtext COLLATE utf8mb4_unicode_ci NOT NULL,
  `fecha` date DEFAULT NULL,
  `hora` varchar(191) COLLATE utf8mb4_unicode_ci DEFAULT NULL,
  `profesor` varchar(191) COLLATE utf8mb4_unicode_ci DEFAULT NULL,
  `cant_clases` varchar(191) COLLATE utf8mb4_unicode_ci DEFAULT NULL,
  `duracion` varchar(191) COLLATE utf8mb4_unicode_ci DEFAULT NULL,
  `adjuntos` varchar(191) COLLATE utf8mb4_unicode_ci DEFAULT NULL,
  `link_zoom` longtext COLLATE utf8mb4_unicode_ci,
  `cod_zoom` varchar(191) COLLATE utf8mb4_unicode_ci DEFAULT NULL,
  `contraseña_zoom` varchar(191) COLLATE utf8mb4_unicode_ci DEFAULT NULL,
  `link_youtube` varchar(191) COLLATE utf8mb4_unicode_ci DEFAULT NULL,
  `materiales` varchar(191) COLLATE utf8mb4_unicode_ci DEFAULT NULL,
  `habilitado` tinyint(1) NOT NULL DEFAULT '1',
  `created_at` timestamp NULL DEFAULT NULL,
  `updated_at` timestamp NULL DEFAULT NULL,
  `deleted_at` timestamp NULL DEFAULT NULL,
  PRIMARY KEY (`id`)
) ENGINE=InnoDB DEFAULT CHARSET=utf8mb4 COLLATE=utf8mb4_unicode_ci;

--
-- Dumping data for table `cursos`
--


--
-- Table structure for table `cursos_detail`
--

CREATE TABLE `cursos_detail` (
  `id` int(10) unsigned NOT NULL AUTO_INCREMENT,
  `curso_id` int(10) unsigned NOT NULL,
  `field_name1` varchar(191) COLLATE utf8mb4_unicode_ci NOT NULL,
  `email` varchar(191) COLLATE utf8mb4_unicode_ci NOT NULL,
  `celular` int(11) NOT NULL,
  `created_at` timestamp NULL DEFAULT NULL,
  `updated_at` timestamp NULL DEFAULT NULL,
  `deleted_at` timestamp NULL DEFAULT NULL,
  PRIMARY KEY (`id`),
  KEY `cursos_detail_curso_id_foreign` (`curso_id`),
  CONSTRAINT `cursos_detail_curso_id_foreign` FOREIGN KEY (`curso_id`) REFERENCES `cursos` (`id`)
) ENGINE=InnoDB DEFAULT CHARSET=utf8mb4 COLLATE=utf8mb4_unicode_ci;

--
-- Dumping data for table `cursos_detail`
--


--
-- Table structure for table `data_types`
--

CREATE TABLE `data_types` (
  `id` int(10) unsigned NOT NULL AUTO_INCREMENT,
  `description` varchar(180) COLLATE utf8mb4_unicode_ci NOT NULL,
  `class` int(10) unsigned NOT NULL,
  `class_description` varchar(180) COLLATE utf8mb4_unicode_ci NOT NULL,
  `data_type` varchar(100) COLLATE utf8mb4_unicode_ci NOT NULL,
  `path` varchar(255) COLLATE utf8mb4_unicode_ci DEFAULT NULL,
  `created_at` timestamp NULL DEFAULT NULL,
  `updated_at` timestamp NULL DEFAULT NULL,
  PRIMARY KEY (`id`),
  UNIQUE KEY `data_types_description_unique` (`description`)
) ENGINE=InnoDB AUTO_INCREMENT=9 DEFAULT CHARSET=utf8mb4 COLLATE=utf8mb4_unicode_ci;

--
-- Dumping data for table `data_types`
--

INSERT INTO `data_types` VALUES (1,'Comprobantes XLS',1,'Importación','XLS','data/imports/receipts/xls',NULL,NULL),(2,'CITI-Ventas',1,'Importación','TXT','data/imports/receipts/CitiVentas',NULL,NULL),(3,'CITI Compras',2,'Exportación','TXT','data/exports/receipts/citi',NULL,NULL),(4,'CITI Ventas',2,'Exportación','TXT','data/exports/receipts/CitiVentasExport',NULL,NULL),(5,'Convenio Multilateral',2,'Exportación','TXT','data/exports/receipts/convenio',NULL,NULL),(6,'Libro IVA Digital',2,'Exportación','TXT','data/exports/receipts/libro_iva_digital',NULL,'2019-11-20 21:43:44'),(7,'Mis Comprobantes',1,'Importacion','','data/imports/receipts/mis_comprobantes',NULL,NULL),(8,'Consulta AFIP',3,'AFIP','','data/afip/index','2019-12-06 14:49:55','2019-12-06 14:49:55');

--
-- Table structure for table `dc_estados`
--

CREATE TABLE `dc_estados` (
  `id` bigint(20) unsigned NOT NULL AUTO_INCREMENT,
  `user_id` int(10) unsigned DEFAULT NULL,
  `descripcion` text COLLATE utf8mb4_unicode_ci NOT NULL,
  `habilitado` tinyint(1) NOT NULL DEFAULT '1',
  `created_at` timestamp NULL DEFAULT NULL,
  `updated_at` timestamp NULL DEFAULT NULL,
  `deleted_at` timestamp NULL DEFAULT NULL,
  PRIMARY KEY (`id`)
) ENGINE=InnoDB AUTO_INCREMENT=6 DEFAULT CHARSET=utf8mb4 COLLATE=utf8mb4_unicode_ci;

--
-- Dumping data for table `dc_estados`
--

INSERT INTO `dc_estados` VALUES (1,NULL,'BORRADOR',1,NULL,'2024-02-09 06:46:26',NULL),(2,NULL,'TERMINADO',1,NULL,'2024-02-09 06:46:26',NULL),(3,NULL,'ELIMINADO',1,NULL,'2024-02-09 06:46:26',NULL),(4,NULL,'PAGADO',1,NULL,'2024-02-09 06:46:26','2024-02-09 06:46:26'),(5,NULL,'CONCILIADO',1,NULL,'2024-02-09 06:46:26','2024-02-09 06:46:26');

--
-- Table structure for table `dc_estados_decisiones`
--

CREATE TABLE `dc_estados_decisiones` (
  `id` bigint(20) unsigned NOT NULL AUTO_INCREMENT,
  `user_id` int(10) unsigned DEFAULT NULL,
  `dc_orden_tipo_id` bigint(20) unsigned NOT NULL,
  `descripcion` varchar(191) COLLATE utf8mb4_unicode_ci NOT NULL,
  `habilitado` tinyint(1) NOT NULL DEFAULT '1',
  `created_at` timestamp NULL DEFAULT NULL,
  `updated_at` timestamp NULL DEFAULT NULL,
  `deleted_at` timestamp NULL DEFAULT NULL,
  PRIMARY KEY (`id`),
  KEY `dc_estados_decisiones_dc_orden_tipo_id_foreign` (`dc_orden_tipo_id`),
  CONSTRAINT `dc_estados_decisiones_dc_orden_tipo_id_foreign` FOREIGN KEY (`dc_orden_tipo_id`) REFERENCES `dc_ordenes_tipos` (`id`)
) ENGINE=InnoDB AUTO_INCREMENT=5 DEFAULT CHARSET=utf8mb4 COLLATE=utf8mb4_unicode_ci;

--
-- Dumping data for table `dc_estados_decisiones`
--

INSERT INTO `dc_estados_decisiones` VALUES (1,NULL,3,'Pendiente',1,NULL,NULL,NULL),(2,NULL,3,'Aprobado',1,NULL,NULL,NULL),(3,NULL,3,'Rechazado',1,NULL,NULL,NULL),(4,NULL,3,'Cancelado',1,NULL,NULL,NULL);

--
-- Table structure for table `dc_firmas`
--

CREATE TABLE `dc_firmas` (
  `id` bigint(20) unsigned NOT NULL AUTO_INCREMENT,
  `user_id` int(10) unsigned DEFAULT NULL,
  `descripcion` text COLLATE utf8mb4_unicode_ci NOT NULL,
  `show_firmante_dc` tinyint(1) NOT NULL DEFAULT '0',
  `show_create_dc` tinyint(1) NOT NULL DEFAULT '0',
  `faltan_firmas` tinyint(1) NOT NULL DEFAULT '0',
  `habilitado` tinyint(1) NOT NULL DEFAULT '1',
  `created_at` timestamp NULL DEFAULT NULL,
  `updated_at` timestamp NULL DEFAULT NULL,
  `deleted_at` timestamp NULL DEFAULT NULL,
  PRIMARY KEY (`id`)
) ENGINE=InnoDB AUTO_INCREMENT=6 DEFAULT CHARSET=utf8mb4 COLLATE=utf8mb4_unicode_ci;

--
-- Dumping data for table `dc_firmas`
--

INSERT INTO `dc_firmas` VALUES (1,NULL,'NO',1,1,0,1,NULL,'2024-02-09 06:46:26',NULL),(2,NULL,'RECHAZADO',1,1,0,1,NULL,'2024-02-09 06:46:26',NULL),(3,NULL,'ACEPTADO',1,0,0,1,NULL,'2024-02-09 06:46:26',NULL),(4,NULL,'FALTAN FIRMAS',0,0,1,1,'2024-02-09 06:46:26','2024-02-09 06:46:26',NULL),(5,NULL,'EMITIDO',1,0,0,1,'2024-02-09 06:46:32','2024-02-09 06:46:32',NULL);

--
-- Table structure for table `dc_firmas_ordenes`
--

CREATE TABLE `dc_firmas_ordenes` (
  `id` bigint(20) unsigned NOT NULL AUTO_INCREMENT,
  `user_id` int(10) unsigned DEFAULT NULL,
  `person_id` int(10) unsigned NOT NULL,
  `dc_orden_id` bigint(20) unsigned NOT NULL,
  `user_id_que_firma` int(10) unsigned NOT NULL,
  `dc_firma_id` bigint(20) unsigned NOT NULL,
  `created_at` timestamp NULL DEFAULT NULL,
  `updated_at` timestamp NULL DEFAULT NULL,
  `deleted_at` timestamp NULL DEFAULT NULL,
  PRIMARY KEY (`id`),
  KEY `dc_firmas_ordenes_person_id_foreign` (`person_id`),
  KEY `dc_firmas_ordenes_dc_orden_id_foreign` (`dc_orden_id`),
  KEY `dc_firmas_ordenes_dc_firma_id_foreign` (`dc_firma_id`),
  CONSTRAINT `dc_firmas_ordenes_dc_firma_id_foreign` FOREIGN KEY (`dc_firma_id`) REFERENCES `dc_firmas` (`id`),
  CONSTRAINT `dc_firmas_ordenes_dc_orden_id_foreign` FOREIGN KEY (`dc_orden_id`) REFERENCES `dc_ordenes` (`id`),
  CONSTRAINT `dc_firmas_ordenes_person_id_foreign` FOREIGN KEY (`person_id`) REFERENCES `persons` (`id`)
) ENGINE=InnoDB DEFAULT CHARSET=utf8mb4 COLLATE=utf8mb4_unicode_ci;

--
-- Dumping data for table `dc_firmas_ordenes`
--


--
-- Table structure for table `dc_firmas_reglas`
--

CREATE TABLE `dc_firmas_reglas` (
  `id` bigint(20) unsigned NOT NULL AUTO_INCREMENT,
  `user_id` int(10) unsigned DEFAULT NULL,
  `person_id` int(10) unsigned NOT NULL,
  `dc_orden_id` bigint(20) unsigned NOT NULL,
  `importe` decimal(16,2) NOT NULL,
  `grupos_users_ids` longtext COLLATE utf8mb4_unicode_ci,
  `created_at` timestamp NULL DEFAULT NULL,
  `updated_at` timestamp NULL DEFAULT NULL,
  `deleted_at` timestamp NULL DEFAULT NULL,
  PRIMARY KEY (`id`),
  KEY `dc_firmas_reglas_person_id_foreign` (`person_id`),
  KEY `dc_firmas_reglas_dc_orden_id_foreign` (`dc_orden_id`),
  CONSTRAINT `dc_firmas_reglas_dc_orden_id_foreign` FOREIGN KEY (`dc_orden_id`) REFERENCES `dc_ordenes` (`id`),
  CONSTRAINT `dc_firmas_reglas_person_id_foreign` FOREIGN KEY (`person_id`) REFERENCES `persons` (`id`)
) ENGINE=InnoDB DEFAULT CHARSET=utf8mb4 COLLATE=utf8mb4_unicode_ci;

--
-- Dumping data for table `dc_firmas_reglas`
--


--
-- Table structure for table `dc_orden_de_pago`
--

CREATE TABLE `dc_orden_de_pago` (
  `id` bigint(20) unsigned NOT NULL AUTO_INCREMENT,
  `user_id` int(10) unsigned DEFAULT NULL,
  `fecha` datetime NOT NULL DEFAULT '2024-02-09 06:46:32',
  `dc_orden_id` bigint(20) unsigned NOT NULL DEFAULT '10',
  `person_id` int(10) unsigned NOT NULL,
  `person_id_relationed` int(10) unsigned NOT NULL,
  `request` longtext COLLATE utf8mb4_unicode_ci NOT NULL,
  `dc_estado_id` bigint(20) unsigned NOT NULL DEFAULT '1',
  `dc_firma_id` bigint(20) unsigned NOT NULL DEFAULT '1',
  `created_at` timestamp NULL DEFAULT NULL,
  `updated_at` timestamp NULL DEFAULT NULL,
  `deleted_at` timestamp NULL DEFAULT NULL,
  PRIMARY KEY (`id`),
  KEY `dc_orden_de_pago_person_id_foreign` (`person_id`),
  KEY `dc_orden_de_pago_person_id_relationed_foreign` (`person_id_relationed`),
  KEY `dc_orden_de_pago_dc_orden_id_foreign` (`dc_orden_id`),
  KEY `dc_orden_de_pago_dc_firma_id_foreign` (`dc_firma_id`),
  KEY `dc_orden_de_pago_dc_estado_id_foreign` (`dc_estado_id`),
  CONSTRAINT `dc_orden_de_pago_dc_estado_id_foreign` FOREIGN KEY (`dc_estado_id`) REFERENCES `dc_estados` (`id`),
  CONSTRAINT `dc_orden_de_pago_dc_firma_id_foreign` FOREIGN KEY (`dc_firma_id`) REFERENCES `dc_firmas` (`id`),
  CONSTRAINT `dc_orden_de_pago_dc_orden_id_foreign` FOREIGN KEY (`dc_orden_id`) REFERENCES `dc_ordenes` (`id`),
  CONSTRAINT `dc_orden_de_pago_person_id_foreign` FOREIGN KEY (`person_id`) REFERENCES `persons` (`id`),
  CONSTRAINT `dc_orden_de_pago_person_id_relationed_foreign` FOREIGN KEY (`person_id_relationed`) REFERENCES `persons` (`id`)
) ENGINE=InnoDB DEFAULT CHARSET=utf8mb4 COLLATE=utf8mb4_unicode_ci;

--
-- Dumping data for table `dc_orden_de_pago`
--


--
-- Table structure for table `dc_orden_de_pago_cheques`
--

CREATE TABLE `dc_orden_de_pago_cheques` (
  `id` bigint(20) unsigned NOT NULL AUTO_INCREMENT,
  `user_id` int(10) unsigned DEFAULT NULL,
  `dc_orden_de_pago_id` bigint(20) unsigned NOT NULL,
  `ctacte_cheque_id` int(10) unsigned NOT NULL,
  `created_at` timestamp NULL DEFAULT NULL,
  `updated_at` timestamp NULL DEFAULT NULL,
  `deleted_at` timestamp NULL DEFAULT NULL,
  PRIMARY KEY (`id`),
  KEY `dc_orden_de_pago_cheques_dc_orden_de_pago_id_foreign` (`dc_orden_de_pago_id`),
  KEY `dc_orden_de_pago_cheques_ctacte_cheque_id_foreign` (`ctacte_cheque_id`),
  CONSTRAINT `dc_orden_de_pago_cheques_ctacte_cheque_id_foreign` FOREIGN KEY (`ctacte_cheque_id`) REFERENCES `ctacte_cheques` (`id`),
  CONSTRAINT `dc_orden_de_pago_cheques_dc_orden_de_pago_id_foreign` FOREIGN KEY (`dc_orden_de_pago_id`) REFERENCES `dc_orden_de_pago` (`id`)
) ENGINE=InnoDB DEFAULT CHARSET=utf8mb4 COLLATE=utf8mb4_unicode_ci;

--
-- Dumping data for table `dc_orden_de_pago_cheques`
--


--
-- Table structure for table `dc_orden_de_pago_receipts`
--

CREATE TABLE `dc_orden_de_pago_receipts` (
  `id` bigint(20) unsigned NOT NULL AUTO_INCREMENT,
  `user_id` int(10) unsigned DEFAULT NULL,
  `dc_orden_de_pago_id` bigint(20) unsigned NOT NULL,
  `receipt_id` int(10) unsigned DEFAULT NULL,
  `importe` decimal(16,2) NOT NULL,
  `created_at` timestamp NULL DEFAULT NULL,
  `updated_at` timestamp NULL DEFAULT NULL,
  `deleted_at` timestamp NULL DEFAULT NULL,
  PRIMARY KEY (`id`),
  KEY `dc_orden_de_pago_receipts_dc_orden_de_pago_id_foreign` (`dc_orden_de_pago_id`),
  KEY `dc_orden_de_pago_receipts_receipt_id_foreign` (`receipt_id`),
  CONSTRAINT `dc_orden_de_pago_receipts_dc_orden_de_pago_id_foreign` FOREIGN KEY (`dc_orden_de_pago_id`) REFERENCES `dc_orden_de_pago` (`id`),
  CONSTRAINT `dc_orden_de_pago_receipts_receipt_id_foreign` FOREIGN KEY (`receipt_id`) REFERENCES `receipts` (`id`)
) ENGINE=InnoDB DEFAULT CHARSET=utf8mb4 COLLATE=utf8mb4_unicode_ci;

--
-- Dumping data for table `dc_orden_de_pago_receipts`
--


--
-- Table structure for table `dc_orden_files`
--

CREATE TABLE `dc_orden_files` (
  `id` bigint(20) unsigned NOT NULL AUTO_INCREMENT,
  `user_id` int(10) unsigned DEFAULT NULL,
  `dc_orden_id` bigint(20) unsigned NOT NULL,
  `file` text COLLATE utf8mb4_unicode_ci NOT NULL,
  `original_name` text COLLATE utf8mb4_unicode_ci,
  `created_at` timestamp NULL DEFAULT NULL,
  `updated_at` timestamp NULL DEFAULT NULL,
  `deleted_at` timestamp NULL DEFAULT NULL,
  PRIMARY KEY (`id`),
  KEY `dc_orden_files_dc_orden_id_foreign` (`dc_orden_id`),
  CONSTRAINT `dc_orden_files_dc_orden_id_foreign` FOREIGN KEY (`dc_orden_id`) REFERENCES `dc_ordenes` (`id`)
) ENGINE=InnoDB DEFAULT CHARSET=utf8mb4 COLLATE=utf8mb4_unicode_ci;

--
-- Dumping data for table `dc_orden_files`
--


--
-- Table structure for table `dc_ordenes`
--

CREATE TABLE `dc_ordenes` (
  `id` bigint(20) unsigned NOT NULL AUTO_INCREMENT,
  `user_id` int(10) unsigned DEFAULT NULL,
  `dc_orden_tipo_id` bigint(20) unsigned NOT NULL,
  `person_id` int(10) unsigned NOT NULL,
  `person_id_relationed` int(10) unsigned DEFAULT NULL,
  `titulo` text COLLATE utf8mb4_unicode_ci,
  `sucursal` int(11) NOT NULL DEFAULT '1',
  `numero` int(11) NOT NULL,
  `numero_text` varchar(255) COLLATE utf8mb4_unicode_ci DEFAULT NULL,
  `sector` varchar(191) COLLATE utf8mb4_unicode_ci DEFAULT NULL,
  `solicitante` varchar(191) COLLATE utf8mb4_unicode_ci DEFAULT NULL,
  `syj_empleado_id` int(10) unsigned DEFAULT NULL,
  `fecha` date NOT NULL,
  `fecha_entrega` date DEFAULT NULL,
  `fecha_asignacion` datetime DEFAULT NULL,
  `fecha_cumplido` datetime DEFAULT NULL,
  `condicion_venta_id` int(10) unsigned DEFAULT NULL,
  `is_pago_adelantado` tinyint(1) DEFAULT NULL,
  `is_garantia` tinyint(1) NOT NULL DEFAULT '0',
  `forma_de_entrega_id` int(10) unsigned DEFAULT NULL,
  `plazo_de_pago_id` int(10) unsigned DEFAULT NULL,
  `cantidades` decimal(16,2) NOT NULL,
  `moneda_id` int(10) unsigned NOT NULL DEFAULT '1',
  `cotizacion` decimal(16,2) NOT NULL DEFAULT '1.00',
  `neto` decimal(16,2) NOT NULL,
  `iva` decimal(16,2) NOT NULL,
  `total` decimal(16,2) NOT NULL,
  `facturada` decimal(16,2) NOT NULL DEFAULT '0.00',
  `is_pagada` tinyint(1) NOT NULL,
  `garantia` varchar(100) COLLATE utf8mb4_unicode_ci DEFAULT NULL,
  `mant_oferta` varchar(100) COLLATE utf8mb4_unicode_ci DEFAULT NULL,
  `comen_para_cliente` text COLLATE utf8mb4_unicode_ci,
  `comentario` longtext COLLATE utf8mb4_unicode_ci NOT NULL,
  `dc_ov_origen_id` bigint(20) unsigned DEFAULT NULL,
  `dc_ov_status_cobranza_id` bigint(20) unsigned DEFAULT NULL,
  `dc_ov_status_factura_id` bigint(20) unsigned DEFAULT NULL,
  `dc_ov_status_entrega_id` bigint(20) unsigned DEFAULT NULL,
  `dc_ov_status_venta_id` bigint(20) unsigned DEFAULT NULL,
  `dc_estado_id` bigint(20) unsigned NOT NULL,
  `dc_estado_decision_id` bigint(20) unsigned DEFAULT NULL,
  `inv_orden_trabajo_id` bigint(20) unsigned DEFAULT NULL,
  `conta_cc_id` bigint(20) unsigned DEFAULT NULL,
  `origendestinoable_type` text COLLATE utf8mb4_unicode_ci,
  `origendestinoable_id` int(10) unsigned DEFAULT NULL,
  `is_multiples_ot` tinyint(1) unsigned NOT NULL DEFAULT '0',
  `dc_orden_origen_destino_id` bigint(20) unsigned DEFAULT NULL,
  `is_completado` tinyint(1) NOT NULL DEFAULT '0',
  `is_credit` tinyint(1) DEFAULT NULL,
  `dc_firma_id` bigint(20) unsigned NOT NULL DEFAULT '1',
  `created_at` timestamp NULL DEFAULT NULL,
  `updated_at` timestamp NULL DEFAULT NULL,
  `deleted_at` timestamp NULL DEFAULT NULL,
  PRIMARY KEY (`id`),
  KEY `dc_ordenes_dc_orden_tipo_id_foreign` (`dc_orden_tipo_id`),
  KEY `dc_ordenes_person_id_foreign` (`person_id`),
  KEY `dc_ordenes_person_id_relationed_foreign` (`person_id_relationed`),
  KEY `dc_ordenes_dc_estado_id_foreign` (`dc_estado_id`),
  KEY `dc_ordenes_conta_cc_id_foreign` (`conta_cc_id`),
  KEY `dc_ordenes_inv_orden_trabajo_id_foreign` (`inv_orden_trabajo_id`),
  KEY `dc_ordenes_dc_orden_origen_destino_id_foreign` (`dc_orden_origen_destino_id`),
  KEY `dc_ordenes_moneda_id_foreign` (`moneda_id`),
  KEY `dc_ordenes_dc_firma_id_foreign` (`dc_firma_id`),
  KEY `dc_ordenes_syj_empleado_id_foreign` (`syj_empleado_id`),
  KEY `dc_ordenes_dc_estado_decision_id_foreign` (`dc_estado_decision_id`),
  KEY `dc_ordenes_dc_ov_origen_id_foreign` (`dc_ov_origen_id`),
  KEY `dc_ordenes_dc_ov_status_venta_id_foreign` (`dc_ov_status_venta_id`),
  KEY `dc_ordenes_dc_ov_status_entrega_id_foreign` (`dc_ov_status_entrega_id`),
  KEY `dc_ordenes_dc_ov_status_factura_id_foreign` (`dc_ov_status_factura_id`),
  KEY `dc_ordenes_dc_ov_status_cobranza_id_foreign` (`dc_ov_status_cobranza_id`),
  CONSTRAINT `dc_ordenes_conta_cc_id_foreign` FOREIGN KEY (`conta_cc_id`) REFERENCES `conta_centro_costos` (`id`),
  CONSTRAINT `dc_ordenes_dc_estado_decision_id_foreign` FOREIGN KEY (`dc_estado_decision_id`) REFERENCES `dc_estados_decisiones` (`id`),
  CONSTRAINT `dc_ordenes_dc_estado_id_foreign` FOREIGN KEY (`dc_estado_id`) REFERENCES `dc_estados` (`id`),
  CONSTRAINT `dc_ordenes_dc_firma_id_foreign` FOREIGN KEY (`dc_firma_id`) REFERENCES `dc_firmas` (`id`),
  CONSTRAINT `dc_ordenes_dc_orden_origen_destino_id_foreign` FOREIGN KEY (`dc_orden_origen_destino_id`) REFERENCES `dc_ordenes_origen_destino` (`id`),
  CONSTRAINT `dc_ordenes_dc_orden_tipo_id_foreign` FOREIGN KEY (`dc_orden_tipo_id`) REFERENCES `dc_ordenes_tipos` (`id`),
  CONSTRAINT `dc_ordenes_dc_ov_origen_id_foreign` FOREIGN KEY (`dc_ov_origen_id`) REFERENCES `dc_ov_origenes` (`id`),
  CONSTRAINT `dc_ordenes_dc_ov_status_cobranza_id_foreign` FOREIGN KEY (`dc_ov_status_cobranza_id`) REFERENCES `dc_ov_status_cobranza` (`id`),
  CONSTRAINT `dc_ordenes_dc_ov_status_entrega_id_foreign` FOREIGN KEY (`dc_ov_status_entrega_id`) REFERENCES `dc_ov_status_entrega` (`id`),
  CONSTRAINT `dc_ordenes_dc_ov_status_factura_id_foreign` FOREIGN KEY (`dc_ov_status_factura_id`) REFERENCES `dc_ov_status_factura` (`id`),
  CONSTRAINT `dc_ordenes_dc_ov_status_venta_id_foreign` FOREIGN KEY (`dc_ov_status_venta_id`) REFERENCES `dc_ov_status_venta` (`id`),
  CONSTRAINT `dc_ordenes_inv_orden_trabajo_id_foreign` FOREIGN KEY (`inv_orden_trabajo_id`) REFERENCES `inv_orden_trabajos` (`id`),
  CONSTRAINT `dc_ordenes_moneda_id_foreign` FOREIGN KEY (`moneda_id`) REFERENCES `monedas` (`id`),
  CONSTRAINT `dc_ordenes_person_id_foreign` FOREIGN KEY (`person_id`) REFERENCES `persons` (`id`),
  CONSTRAINT `dc_ordenes_person_id_relationed_foreign` FOREIGN KEY (`person_id_relationed`) REFERENCES `persons` (`id`),
  CONSTRAINT `dc_ordenes_syj_empleado_id_foreign` FOREIGN KEY (`syj_empleado_id`) REFERENCES `syj_empleados` (`id`)
) ENGINE=InnoDB DEFAULT CHARSET=utf8mb4 COLLATE=utf8mb4_unicode_ci;

--
-- Dumping data for table `dc_ordenes`
--


--
-- Table structure for table `dc_ordenes_compra_coti`
--

CREATE TABLE `dc_ordenes_compra_coti` (
  `id` int(10) unsigned NOT NULL AUTO_INCREMENT,
  `user_id` int(10) unsigned DEFAULT NULL,
  `dc_orden_id` bigint(20) unsigned NOT NULL,
  `dc_orden_coti_id` bigint(20) unsigned NOT NULL,
  `created_at` timestamp NULL DEFAULT NULL,
  `updated_at` timestamp NULL DEFAULT NULL,
  `deleted_at` timestamp NULL DEFAULT NULL,
  PRIMARY KEY (`id`),
  KEY `dc_ordenes_compra_coti_dc_orden_id_foreign` (`dc_orden_id`),
  KEY `dc_ordenes_compra_coti_dc_orden_coti_id_foreign` (`dc_orden_coti_id`),
  CONSTRAINT `dc_ordenes_compra_coti_dc_orden_coti_id_foreign` FOREIGN KEY (`dc_orden_coti_id`) REFERENCES `dc_ordenes` (`id`),
  CONSTRAINT `dc_ordenes_compra_coti_dc_orden_id_foreign` FOREIGN KEY (`dc_orden_id`) REFERENCES `dc_ordenes` (`id`)
) ENGINE=InnoDB DEFAULT CHARSET=utf8mb4 COLLATE=utf8mb4_unicode_ci;

--
-- Dumping data for table `dc_ordenes_compra_coti`
--


--
-- Table structure for table `dc_ordenes_compra_req`
--

CREATE TABLE `dc_ordenes_compra_req` (
  `id` int(10) unsigned NOT NULL AUTO_INCREMENT,
  `user_id` int(10) unsigned DEFAULT NULL,
  `dc_orden_id` bigint(20) unsigned NOT NULL,
  `dc_orden_detail_id` bigint(20) unsigned NOT NULL,
  `dc_orden_req_id` bigint(20) unsigned NOT NULL,
  `dc_orden_req_detail_id` bigint(20) unsigned NOT NULL,
  `created_at` timestamp NULL DEFAULT NULL,
  `updated_at` timestamp NULL DEFAULT NULL,
  `deleted_at` timestamp NULL DEFAULT NULL,
  PRIMARY KEY (`id`),
  KEY `dc_ordenes_compra_req_dc_orden_id_foreign` (`dc_orden_id`),
  KEY `dc_ordenes_compra_req_dc_orden_detail_id_foreign` (`dc_orden_detail_id`),
  KEY `dc_ordenes_compra_req_dc_orden_req_id_foreign` (`dc_orden_req_id`),
  KEY `dc_ordenes_compra_req_dc_orden_req_detail_id_foreign` (`dc_orden_req_detail_id`),
  CONSTRAINT `dc_ordenes_compra_req_dc_orden_detail_id_foreign` FOREIGN KEY (`dc_orden_detail_id`) REFERENCES `dc_ordenes_details` (`id`),
  CONSTRAINT `dc_ordenes_compra_req_dc_orden_id_foreign` FOREIGN KEY (`dc_orden_id`) REFERENCES `dc_ordenes` (`id`),
  CONSTRAINT `dc_ordenes_compra_req_dc_orden_req_detail_id_foreign` FOREIGN KEY (`dc_orden_req_detail_id`) REFERENCES `dc_ordenes_details` (`id`),
  CONSTRAINT `dc_ordenes_compra_req_dc_orden_req_id_foreign` FOREIGN KEY (`dc_orden_req_id`) REFERENCES `dc_ordenes` (`id`)
) ENGINE=InnoDB DEFAULT CHARSET=utf8mb4 COLLATE=utf8mb4_unicode_ci;

--
-- Dumping data for table `dc_ordenes_compra_req`
--


--
-- Table structure for table `dc_ordenes_cotizacion_req`
--

CREATE TABLE `dc_ordenes_cotizacion_req` (
  `id` int(10) unsigned NOT NULL AUTO_INCREMENT,
  `user_id` int(10) unsigned DEFAULT NULL,
  `dc_orden_id` bigint(20) unsigned NOT NULL,
  `dc_orden_detail_id` bigint(20) unsigned NOT NULL,
  `dc_orden_req_id` bigint(20) unsigned NOT NULL,
  `dc_orden_req_detail_id` bigint(20) unsigned NOT NULL,
  `created_at` timestamp NULL DEFAULT NULL,
  `updated_at` timestamp NULL DEFAULT NULL,
  `deleted_at` timestamp NULL DEFAULT NULL,
  PRIMARY KEY (`id`),
  KEY `dc_ordenes_cotizacion_req_dc_orden_id_foreign` (`dc_orden_id`),
  KEY `dc_ordenes_cotizacion_req_dc_orden_detail_id_foreign` (`dc_orden_detail_id`),
  KEY `dc_ordenes_cotizacion_req_dc_orden_req_id_foreign` (`dc_orden_req_id`),
  KEY `dc_ordenes_cotizacion_req_dc_orden_req_detail_id_foreign` (`dc_orden_req_detail_id`),
  CONSTRAINT `dc_ordenes_cotizacion_req_dc_orden_detail_id_foreign` FOREIGN KEY (`dc_orden_detail_id`) REFERENCES `dc_ordenes_details` (`id`),
  CONSTRAINT `dc_ordenes_cotizacion_req_dc_orden_id_foreign` FOREIGN KEY (`dc_orden_id`) REFERENCES `dc_ordenes` (`id`),
  CONSTRAINT `dc_ordenes_cotizacion_req_dc_orden_req_detail_id_foreign` FOREIGN KEY (`dc_orden_req_detail_id`) REFERENCES `dc_ordenes_details` (`id`),
  CONSTRAINT `dc_ordenes_cotizacion_req_dc_orden_req_id_foreign` FOREIGN KEY (`dc_orden_req_id`) REFERENCES `dc_ordenes` (`id`)
) ENGINE=InnoDB DEFAULT CHARSET=utf8mb4 COLLATE=utf8mb4_unicode_ci;

--
-- Dumping data for table `dc_ordenes_cotizacion_req`
--


--
-- Table structure for table `dc_ordenes_details`
--

CREATE TABLE `dc_ordenes_details` (
  `id` bigint(20) unsigned NOT NULL AUTO_INCREMENT,
  `user_id` int(10) unsigned DEFAULT NULL,
  `dc_orden_id` bigint(20) unsigned NOT NULL,
  `dc_orden_origen_destino_id` bigint(20) unsigned DEFAULT NULL,
  `origendestinoable_id` int(10) unsigned DEFAULT NULL,
  `origendestinoable_type` text COLLATE utf8mb4_unicode_ci,
  `cantidades` decimal(16,2) NOT NULL,
  `inv_deposito_id` bigint(20) unsigned DEFAULT NULL,
  `inv_producto_id` bigint(20) unsigned DEFAULT NULL,
  `inv_producto_id_destino` bigint(20) unsigned DEFAULT NULL,
  `prod_variant_id` bigint(20) unsigned DEFAULT NULL,
  `inv_deposito_id_destino` bigint(20) unsigned DEFAULT NULL,
  `descripcion` varchar(191) COLLATE utf8mb4_unicode_ci DEFAULT NULL,
  `neto` decimal(16,2) NOT NULL,
  `desc_porc` decimal(16,2) DEFAULT NULL,
  `descuento` decimal(16,2) DEFAULT NULL,
  `system_tax_id` int(10) unsigned NOT NULL,
  `iva` decimal(16,2) NOT NULL,
  `subtotal` decimal(16,2) NOT NULL,
  `created_at` timestamp NULL DEFAULT NULL,
  `updated_at` timestamp NULL DEFAULT NULL,
  `deleted_at` timestamp NULL DEFAULT NULL,
  PRIMARY KEY (`id`),
  KEY `dc_ordenes_details_dc_orden_id_foreign` (`dc_orden_id`),
  KEY `dc_ordenes_details_inv_producto_id_foreign` (`inv_producto_id`),
  KEY `dc_ordenes_details_system_tax_id_foreign` (`system_tax_id`),
  KEY `dc_ordenes_details_inv_producto_id_destino_foreign` (`inv_producto_id_destino`),
  KEY `dc_ordenes_details_dc_orden_origen_destino_id_foreign` (`dc_orden_origen_destino_id`),
  KEY `dc_ordenes_details_inv_deposito_id_foreign` (`inv_deposito_id`),
  KEY `dc_ordenes_details_inv_deposito_id_destino_foreign` (`inv_deposito_id_destino`),
  KEY `dc_ordenes_details_prod_variant_id_foreign` (`prod_variant_id`),
  CONSTRAINT `dc_ordenes_details_dc_orden_id_foreign` FOREIGN KEY (`dc_orden_id`) REFERENCES `dc_ordenes` (`id`),
  CONSTRAINT `dc_ordenes_details_dc_orden_origen_destino_id_foreign` FOREIGN KEY (`dc_orden_origen_destino_id`) REFERENCES `dc_ordenes_origen_destino` (`id`),
  CONSTRAINT `dc_ordenes_details_inv_deposito_id_destino_foreign` FOREIGN KEY (`inv_deposito_id_destino`) REFERENCES `inv_depositos` (`id`),
  CONSTRAINT `dc_ordenes_details_inv_deposito_id_foreign` FOREIGN KEY (`inv_deposito_id`) REFERENCES `inv_depositos` (`id`),
  CONSTRAINT `dc_ordenes_details_inv_producto_id_destino_foreign` FOREIGN KEY (`inv_producto_id_destino`) REFERENCES `inv_productos` (`id`),
  CONSTRAINT `dc_ordenes_details_inv_producto_id_foreign` FOREIGN KEY (`inv_producto_id`) REFERENCES `inv_productos` (`id`),
  CONSTRAINT `dc_ordenes_details_prod_variant_id_foreign` FOREIGN KEY (`prod_variant_id`) REFERENCES `prod_variants` (`id`) ON DELETE SET NULL,
  CONSTRAINT `dc_ordenes_details_system_tax_id_foreign` FOREIGN KEY (`system_tax_id`) REFERENCES `system_taxes` (`id`)
) ENGINE=InnoDB DEFAULT CHARSET=utf8mb4 COLLATE=utf8mb4_unicode_ci;

--
-- Dumping data for table `dc_ordenes_details`
--


--
-- Table structure for table `dc_ordenes_facturada`
--

CREATE TABLE `dc_ordenes_facturada` (
  `id` bigint(20) unsigned NOT NULL AUTO_INCREMENT,
  `user_id` int(10) unsigned DEFAULT NULL,
  `person_id` int(10) unsigned NOT NULL,
  `dc_orden_id` bigint(20) unsigned DEFAULT NULL,
  `fact_elec_receipt_id` int(11) DEFAULT NULL,
  `receipt_id` int(10) unsigned DEFAULT NULL,
  `created_at` timestamp NULL DEFAULT NULL,
  `updated_at` timestamp NULL DEFAULT NULL,
  `deleted_at` timestamp NULL DEFAULT NULL,
  PRIMARY KEY (`id`),
  KEY `dc_ordenes_facturada_person_id_foreign` (`person_id`),
  KEY `dc_ordenes_facturada_dc_orden_id_foreign` (`dc_orden_id`),
  KEY `dc_ordenes_facturada_fact_elec_receipt_id_foreign` (`fact_elec_receipt_id`),
  KEY `dc_ordenes_facturada_receipt_id_foreign` (`receipt_id`),
  CONSTRAINT `dc_ordenes_facturada_dc_orden_id_foreign` FOREIGN KEY (`dc_orden_id`) REFERENCES `dc_ordenes` (`id`),
  CONSTRAINT `dc_ordenes_facturada_person_id_foreign` FOREIGN KEY (`person_id`) REFERENCES `persons` (`id`),
  CONSTRAINT `dc_ordenes_facturada_receipt_id_foreign` FOREIGN KEY (`receipt_id`) REFERENCES `receipts` (`id`)
) ENGINE=InnoDB DEFAULT CHARSET=utf8mb4 COLLATE=utf8mb4_unicode_ci;

--
-- Dumping data for table `dc_ordenes_facturada`
--


--
-- Table structure for table `dc_ordenes_ingreso_compra`
--

CREATE TABLE `dc_ordenes_ingreso_compra` (
  `id` int(10) unsigned NOT NULL AUTO_INCREMENT,
  `user_id` int(10) unsigned DEFAULT NULL,
  `dc_orden_id` bigint(20) unsigned NOT NULL,
  `dc_orden_detail_id` bigint(20) unsigned NOT NULL,
  `dc_orden_compra_id` bigint(20) unsigned NOT NULL,
  `dc_orden_compra_detail_id` bigint(20) unsigned NOT NULL,
  `created_at` timestamp NULL DEFAULT NULL,
  `updated_at` timestamp NULL DEFAULT NULL,
  `deleted_at` timestamp NULL DEFAULT NULL,
  PRIMARY KEY (`id`),
  KEY `dc_ordenes_ingreso_compra_dc_orden_id_foreign` (`dc_orden_id`),
  KEY `dc_ordenes_ingreso_compra_dc_orden_detail_id_foreign` (`dc_orden_detail_id`),
  KEY `dc_ordenes_ingreso_compra_dc_orden_compra_id_foreign` (`dc_orden_compra_id`),
  KEY `dc_ordenes_ingreso_compra_dc_orden_compra_detail_id_foreign` (`dc_orden_compra_detail_id`),
  CONSTRAINT `dc_ordenes_ingreso_compra_dc_orden_compra_detail_id_foreign` FOREIGN KEY (`dc_orden_compra_detail_id`) REFERENCES `dc_ordenes_details` (`id`),
  CONSTRAINT `dc_ordenes_ingreso_compra_dc_orden_compra_id_foreign` FOREIGN KEY (`dc_orden_compra_id`) REFERENCES `dc_ordenes` (`id`),
  CONSTRAINT `dc_ordenes_ingreso_compra_dc_orden_detail_id_foreign` FOREIGN KEY (`dc_orden_detail_id`) REFERENCES `dc_ordenes_details` (`id`),
  CONSTRAINT `dc_ordenes_ingreso_compra_dc_orden_id_foreign` FOREIGN KEY (`dc_orden_id`) REFERENCES `dc_ordenes` (`id`)
) ENGINE=InnoDB DEFAULT CHARSET=utf8mb4 COLLATE=utf8mb4_unicode_ci;

--
-- Dumping data for table `dc_ordenes_ingreso_compra`
--


--
-- Table structure for table `dc_ordenes_ingxdev_rem_egr`
--

CREATE TABLE `dc_ordenes_ingxdev_rem_egr` (
  `id` int(10) unsigned NOT NULL AUTO_INCREMENT,
  `user_id` int(10) unsigned DEFAULT NULL,
  `dc_orden_id` bigint(20) unsigned NOT NULL,
  `dc_orden_detail_id` bigint(20) unsigned NOT NULL,
  `dc_orden_rem_egr_id` bigint(20) unsigned NOT NULL,
  `dc_orden_rem_egr_detail_id` bigint(20) unsigned NOT NULL,
  `created_at` timestamp NULL DEFAULT NULL,
  `updated_at` timestamp NULL DEFAULT NULL,
  `deleted_at` timestamp NULL DEFAULT NULL,
  PRIMARY KEY (`id`),
  KEY `dc_ordenes_ingxdev_rem_egr_dc_orden_id_foreign` (`dc_orden_id`),
  KEY `dc_ordenes_ingxdev_rem_egr_dc_orden_detail_id_foreign` (`dc_orden_detail_id`),
  KEY `dc_ordenes_ingxdev_rem_egr_dc_orden_rem_egr_id_foreign` (`dc_orden_rem_egr_id`),
  KEY `dc_ordenes_ingxdev_rem_egr_dc_orden_rem_egr_detail_id_foreign` (`dc_orden_rem_egr_detail_id`),
  CONSTRAINT `dc_ordenes_ingxdev_rem_egr_dc_orden_detail_id_foreign` FOREIGN KEY (`dc_orden_detail_id`) REFERENCES `dc_ordenes_details` (`id`),
  CONSTRAINT `dc_ordenes_ingxdev_rem_egr_dc_orden_id_foreign` FOREIGN KEY (`dc_orden_id`) REFERENCES `dc_ordenes` (`id`),
  CONSTRAINT `dc_ordenes_ingxdev_rem_egr_dc_orden_rem_egr_detail_id_foreign` FOREIGN KEY (`dc_orden_rem_egr_detail_id`) REFERENCES `dc_ordenes_details` (`id`),
  CONSTRAINT `dc_ordenes_ingxdev_rem_egr_dc_orden_rem_egr_id_foreign` FOREIGN KEY (`dc_orden_rem_egr_id`) REFERENCES `dc_ordenes` (`id`)
) ENGINE=InnoDB DEFAULT CHARSET=utf8mb4 COLLATE=utf8mb4_unicode_ci;

--
-- Dumping data for table `dc_ordenes_ingxdev_rem_egr`
--


--
-- Table structure for table `dc_ordenes_logs`
--

CREATE TABLE `dc_ordenes_logs` (
  `id` bigint(20) unsigned NOT NULL AUTO_INCREMENT,
  `user_id` bigint(20) unsigned DEFAULT NULL,
  `loggable_type` varchar(191) COLLATE utf8mb4_unicode_ci NOT NULL,
  `loggable_id` bigint(20) unsigned NOT NULL,
  `related_id` bigint(20) unsigned DEFAULT NULL,
  `related_type` varchar(191) COLLATE utf8mb4_unicode_ci DEFAULT NULL,
  `comentario` text COLLATE utf8mb4_unicode_ci,
  `created_at` timestamp NULL DEFAULT NULL,
  `updated_at` timestamp NULL DEFAULT NULL,
  `deleted_at` timestamp NULL DEFAULT NULL,
  PRIMARY KEY (`id`),
  KEY `dc_ordenes_logs_loggable_type_loggable_id_index` (`loggable_type`,`loggable_id`)
) ENGINE=InnoDB DEFAULT CHARSET=utf8mb4 COLLATE=utf8mb4_unicode_ci;

--
-- Dumping data for table `dc_ordenes_logs`
--


--
-- Table structure for table `dc_ordenes_origen_destino`
--

CREATE TABLE `dc_ordenes_origen_destino` (
  `id` bigint(20) unsigned NOT NULL AUTO_INCREMENT,
  `user_id` int(10) unsigned DEFAULT NULL,
  `descripcion` text COLLATE utf8mb4_unicode_ci NOT NULL,
  `modelo` text COLLATE utf8mb4_unicode_ci NOT NULL,
  `is_deposito` tinyint(1) NOT NULL DEFAULT '0',
  `habilitado` tinyint(1) NOT NULL DEFAULT '1',
  `created_at` timestamp NULL DEFAULT NULL,
  `updated_at` timestamp NULL DEFAULT NULL,
  `deleted_at` timestamp NULL DEFAULT NULL,
  PRIMARY KEY (`id`)
) ENGINE=InnoDB AUTO_INCREMENT=5 DEFAULT CHARSET=utf8mb4 COLLATE=utf8mb4_unicode_ci;

--
-- Dumping data for table `dc_ordenes_origen_destino`
--

INSERT INTO `dc_ordenes_origen_destino` VALUES (1,NULL,'Orden de Trabajo','App\\Models\\Inventario\\InvOrdenTrabajo',0,1,NULL,NULL,NULL),(2,NULL,'Centro de Costos','App\\Models\\Inventario\\InvOrdenTrabajoHorasTipo',0,1,NULL,'2024-02-09 06:46:29',NULL),(3,NULL,'Deposito','App\\Models\\Inventario\\InvDeposito',1,1,NULL,'2025-01-02 08:51:57',NULL),(4,NULL,'Empleado','App\\Models\\SyJEmpleado',0,0,NULL,'2024-02-09 06:46:25',NULL);

--
-- Table structure for table `dc_ordenes_pdf_templates`
--

CREATE TABLE `dc_ordenes_pdf_templates` (
  `id` bigint(20) unsigned NOT NULL AUTO_INCREMENT,
  `user_id` int(10) unsigned DEFAULT NULL,
  `person_id` int(10) unsigned NOT NULL,
  `dc_orden_tipo_id` bigint(20) unsigned NOT NULL,
  `nombre` varchar(191) COLLATE utf8mb4_unicode_ci NOT NULL,
  `vista_blade` text COLLATE utf8mb4_unicode_ci,
  `pdf_base_path` varchar(191) COLLATE utf8mb4_unicode_ci DEFAULT NULL,
  `tipo_plantilla` enum('blade','pdf_base') COLLATE utf8mb4_unicode_ci NOT NULL DEFAULT 'blade',
  `configuracion` json DEFAULT NULL,
  `habilitado` tinyint(1) NOT NULL DEFAULT '1',
  `created_at` timestamp NULL DEFAULT NULL,
  `updated_at` timestamp NULL DEFAULT NULL,
  `deleted_at` timestamp NULL DEFAULT NULL,
  PRIMARY KEY (`id`),
  UNIQUE KEY `unique_person_tipo_template` (`person_id`,`dc_orden_tipo_id`),
  KEY `dc_ordenes_pdf_templates_dc_orden_tipo_id_foreign` (`dc_orden_tipo_id`),
  CONSTRAINT `dc_ordenes_pdf_templates_dc_orden_tipo_id_foreign` FOREIGN KEY (`dc_orden_tipo_id`) REFERENCES `dc_ordenes_tipos` (`id`),
  CONSTRAINT `dc_ordenes_pdf_templates_person_id_foreign` FOREIGN KEY (`person_id`) REFERENCES `persons` (`id`)
) ENGINE=InnoDB DEFAULT CHARSET=utf8mb4 COLLATE=utf8mb4_unicode_ci;

--
-- Dumping data for table `dc_ordenes_pdf_templates`
--


--
-- Table structure for table `dc_ordenes_revocadas`
--

CREATE TABLE `dc_ordenes_revocadas` (
  `id` bigint(20) unsigned NOT NULL AUTO_INCREMENT,
  `user_id` int(10) unsigned DEFAULT NULL,
  `dc_orden_id` bigint(20) unsigned NOT NULL,
  `comentario` longtext COLLATE utf8mb4_unicode_ci,
  `created_at` timestamp NULL DEFAULT NULL,
  `updated_at` timestamp NULL DEFAULT NULL,
  `deleted_at` timestamp NULL DEFAULT NULL,
  PRIMARY KEY (`id`),
  KEY `dc_ordenes_revocadas_dc_orden_id_foreign` (`dc_orden_id`),
  CONSTRAINT `dc_ordenes_revocadas_dc_orden_id_foreign` FOREIGN KEY (`dc_orden_id`) REFERENCES `dc_ordenes` (`id`)
) ENGINE=InnoDB DEFAULT CHARSET=utf8mb4 COLLATE=utf8mb4_unicode_ci;

--
-- Dumping data for table `dc_ordenes_revocadas`
--


--
-- Table structure for table `dc_ordenes_servicio_compra`
--

CREATE TABLE `dc_ordenes_servicio_compra` (
  `id` int(10) unsigned NOT NULL AUTO_INCREMENT,
  `user_id` int(10) unsigned DEFAULT NULL,
  `dc_orden_id` bigint(20) unsigned NOT NULL,
  `dc_orden_detail_id` bigint(20) unsigned NOT NULL,
  `dc_orden_compra_id` bigint(20) unsigned NOT NULL,
  `dc_orden_compra_detail_id` bigint(20) unsigned NOT NULL,
  `created_at` timestamp NULL DEFAULT NULL,
  `updated_at` timestamp NULL DEFAULT NULL,
  `deleted_at` timestamp NULL DEFAULT NULL,
  PRIMARY KEY (`id`),
  KEY `dc_ordenes_servicio_compra_dc_orden_id_foreign` (`dc_orden_id`),
  KEY `dc_ordenes_servicio_compra_dc_orden_detail_id_foreign` (`dc_orden_detail_id`),
  KEY `dc_ordenes_servicio_compra_dc_orden_compra_id_foreign` (`dc_orden_compra_id`),
  KEY `dc_ordenes_servicio_compra_dc_orden_compra_detail_id_foreign` (`dc_orden_compra_detail_id`),
  CONSTRAINT `dc_ordenes_servicio_compra_dc_orden_compra_detail_id_foreign` FOREIGN KEY (`dc_orden_compra_detail_id`) REFERENCES `dc_ordenes_details` (`id`),
  CONSTRAINT `dc_ordenes_servicio_compra_dc_orden_compra_id_foreign` FOREIGN KEY (`dc_orden_compra_id`) REFERENCES `dc_ordenes` (`id`),
  CONSTRAINT `dc_ordenes_servicio_compra_dc_orden_detail_id_foreign` FOREIGN KEY (`dc_orden_detail_id`) REFERENCES `dc_ordenes_details` (`id`),
  CONSTRAINT `dc_ordenes_servicio_compra_dc_orden_id_foreign` FOREIGN KEY (`dc_orden_id`) REFERENCES `dc_ordenes` (`id`)
) ENGINE=InnoDB DEFAULT CHARSET=utf8mb4 COLLATE=utf8mb4_unicode_ci;

--
-- Dumping data for table `dc_ordenes_servicio_compra`
--


--
-- Table structure for table `dc_ordenes_tipos`
--

CREATE TABLE `dc_ordenes_tipos` (
  `id` bigint(20) unsigned NOT NULL AUTO_INCREMENT,
  `user_id` int(10) unsigned DEFAULT NULL,
  `descripcion` text COLLATE utf8mb4_unicode_ci NOT NULL,
  `usabilidad` longtext COLLATE utf8mb4_unicode_ci,
  `habilitado` tinyint(1) NOT NULL DEFAULT '1',
  `created_at` timestamp NULL DEFAULT NULL,
  `updated_at` timestamp NULL DEFAULT NULL,
  `deleted_at` timestamp NULL DEFAULT NULL,
  PRIMARY KEY (`id`)
) ENGINE=InnoDB AUTO_INCREMENT=23 DEFAULT CHARSET=utf8mb4 COLLATE=utf8mb4_unicode_ci;

--
-- Dumping data for table `dc_ordenes_tipos`
--

INSERT INTO `dc_ordenes_tipos` VALUES (1,NULL,'ORDEN DE COMPRAS',NULL,1,NULL,'2023-02-16 08:53:03',NULL),(2,NULL,'ORDEN DE VENTAS',NULL,1,NULL,'2023-02-16 08:53:03',NULL),(3,NULL,'PRESUPUESTO',NULL,1,NULL,NULL,NULL),(4,NULL,'REQUERIMIENTO',NULL,1,NULL,NULL,NULL),(5,NULL,'REMITO DE INGRESO',NULL,1,NULL,'2024-02-09 06:46:23',NULL),(6,NULL,'REMITO DE EGRESO',NULL,1,NULL,NULL,NULL),(7,NULL,'REMITO INTERNO',NULL,1,NULL,NULL,NULL),(8,NULL,'REMITO DE INGRESO','Es lo mismo que un remito de ingreso, \n        pero los productosa ingresar provienen de una Orden de Compra',1,NULL,NULL,NULL),(9,NULL,'REMITO DE SERVICIO','Es un remito de Ingreso de un servicio que se\n        asigna directo a una OT',1,NULL,NULL,NULL),(10,NULL,'ORDEN DE PAGO',NULL,1,'2024-02-09 06:46:32','2024-02-09 06:46:32',NULL),(11,NULL,'ANULACION REQUERIMIENTOS',NULL,1,'2025-01-02 08:51:53','2025-01-02 08:51:53',NULL),(12,NULL,'ANULACION COMPRAS PRODUCTOS',NULL,1,'2025-01-02 08:51:53','2025-01-02 08:51:53',NULL),(13,NULL,'ANULACION COMPRAS SERVICIOS',NULL,1,'2025-01-02 08:51:53','2025-01-02 08:51:53',NULL),(14,NULL,'REMITO DE GASTO',NULL,1,'2025-01-02 08:51:57','2025-01-02 08:51:57',NULL),(15,NULL,'COTIZACIONES',NULL,1,'2025-01-02 08:52:04','2025-01-02 08:52:04',NULL),(16,NULL,'REMITO INGRESO-DEVOLUCION',NULL,1,'2025-01-02 08:52:11','2025-01-02 08:52:11',NULL),(17,NULL,'REMITO EGRESO-DEVOLUCION',NULL,1,'2025-01-02 08:52:13','2025-01-02 08:52:13',NULL),(18,NULL,'REMITO','Es un remito de servicio, que no tiene ni ingreso ni egreso',1,'2025-01-02 08:52:14','2025-01-02 08:52:14',NULL),(19,NULL,'Remito de Cliente','Se usa en las Ordenes de Venta para demostrar que se entrego mercaderia al cliente',1,NULL,NULL,NULL),(20,NULL,'Orden de Compra de Cliente','Es la OC que envia el cliente para que se le haga el pedido',1,NULL,NULL,NULL),(21,NULL,'Solicitud de Facturacion','Es un documento que se usa para que se pueda facturar',1,NULL,NULL,NULL),(22,NULL,'Ordenes de Compra','Es una OC para Empresas',1,NULL,NULL,NULL);

--
-- Table structure for table `dc_ov_cta_cte_cliente`
--

CREATE TABLE `dc_ov_cta_cte_cliente` (
  `id` bigint(20) unsigned NOT NULL AUTO_INCREMENT,
  `user_id` int(10) unsigned DEFAULT NULL,
  `dc_orden_id` bigint(20) unsigned NOT NULL,
  `cta_cte_cliente_id` int(10) unsigned DEFAULT NULL,
  `created_at` timestamp NULL DEFAULT NULL,
  `updated_at` timestamp NULL DEFAULT NULL,
  `deleted_at` timestamp NULL DEFAULT NULL,
  PRIMARY KEY (`id`),
  KEY `dc_ov_cta_cte_cliente_dc_orden_id_foreign` (`dc_orden_id`),
  KEY `dc_ov_cta_cte_cliente_cta_cte_cliente_id_foreign` (`cta_cte_cliente_id`),
  CONSTRAINT `dc_ov_cta_cte_cliente_cta_cte_cliente_id_foreign` FOREIGN KEY (`cta_cte_cliente_id`) REFERENCES `cta_cte_cliente` (`id`),
  CONSTRAINT `dc_ov_cta_cte_cliente_dc_orden_id_foreign` FOREIGN KEY (`dc_orden_id`) REFERENCES `dc_ordenes` (`id`)
) ENGINE=InnoDB DEFAULT CHARSET=utf8mb4 COLLATE=utf8mb4_unicode_ci;

--
-- Dumping data for table `dc_ov_cta_cte_cliente`
--


--
-- Table structure for table `dc_ov_fact_electronicas`
--

CREATE TABLE `dc_ov_fact_electronicas` (
  `id` bigint(20) unsigned NOT NULL AUTO_INCREMENT,
  `user_id` int(10) unsigned DEFAULT NULL,
  `dc_orden_id` bigint(20) unsigned NOT NULL,
  `fact_elec_receipt_id` int(10) unsigned DEFAULT NULL,
  `created_at` timestamp NULL DEFAULT NULL,
  `updated_at` timestamp NULL DEFAULT NULL,
  `deleted_at` timestamp NULL DEFAULT NULL,
  PRIMARY KEY (`id`),
  KEY `dc_ov_fact_electronicas_dc_orden_id_foreign` (`dc_orden_id`),
  KEY `dc_ov_fact_electronicas_fact_elec_receipt_id_foreign` (`fact_elec_receipt_id`),
  CONSTRAINT `dc_ov_fact_electronicas_dc_orden_id_foreign` FOREIGN KEY (`dc_orden_id`) REFERENCES `dc_ordenes` (`id`),
  CONSTRAINT `dc_ov_fact_electronicas_fact_elec_receipt_id_foreign` FOREIGN KEY (`fact_elec_receipt_id`) REFERENCES `fact_elec_receipts` (`id`)
) ENGINE=InnoDB DEFAULT CHARSET=utf8mb4 COLLATE=utf8mb4_unicode_ci;

--
-- Dumping data for table `dc_ov_fact_electronicas`
--


--
-- Table structure for table `dc_ov_oc_presupuestos`
--

CREATE TABLE `dc_ov_oc_presupuestos` (
  `id` int(10) unsigned NOT NULL AUTO_INCREMENT,
  `user_id` int(10) unsigned DEFAULT NULL,
  `dc_orden_id` bigint(20) unsigned NOT NULL,
  `dc_orden_presupuesto_id` bigint(20) unsigned NOT NULL,
  `created_at` timestamp NULL DEFAULT NULL,
  `updated_at` timestamp NULL DEFAULT NULL,
  `deleted_at` timestamp NULL DEFAULT NULL,
  PRIMARY KEY (`id`),
  KEY `dc_ov_oc_presupuestos_dc_orden_id_foreign` (`dc_orden_id`),
  KEY `dc_ov_oc_presupuestos_dc_orden_presupuesto_id_foreign` (`dc_orden_presupuesto_id`),
  CONSTRAINT `dc_ov_oc_presupuestos_dc_orden_id_foreign` FOREIGN KEY (`dc_orden_id`) REFERENCES `dc_ordenes` (`id`),
  CONSTRAINT `dc_ov_oc_presupuestos_dc_orden_presupuesto_id_foreign` FOREIGN KEY (`dc_orden_presupuesto_id`) REFERENCES `dc_ordenes` (`id`)
) ENGINE=InnoDB DEFAULT CHARSET=utf8mb4 COLLATE=utf8mb4_unicode_ci;

--
-- Dumping data for table `dc_ov_oc_presupuestos`
--


--
-- Table structure for table `dc_ov_ocs`
--

CREATE TABLE `dc_ov_ocs` (
  `id` bigint(20) unsigned NOT NULL AUTO_INCREMENT,
  `user_id` int(10) unsigned DEFAULT NULL,
  `dc_orden_id` bigint(20) unsigned NOT NULL,
  `dc_orden_compra_id` bigint(20) unsigned NOT NULL,
  `created_at` timestamp NULL DEFAULT NULL,
  `updated_at` timestamp NULL DEFAULT NULL,
  `deleted_at` timestamp NULL DEFAULT NULL,
  PRIMARY KEY (`id`),
  KEY `dc_ov_ocs_dc_orden_id_foreign` (`dc_orden_id`),
  KEY `dc_ov_ocs_dc_orden_compra_id_foreign` (`dc_orden_compra_id`),
  CONSTRAINT `dc_ov_ocs_dc_orden_compra_id_foreign` FOREIGN KEY (`dc_orden_compra_id`) REFERENCES `dc_ordenes` (`id`),
  CONSTRAINT `dc_ov_ocs_dc_orden_id_foreign` FOREIGN KEY (`dc_orden_id`) REFERENCES `dc_ordenes` (`id`)
) ENGINE=InnoDB DEFAULT CHARSET=utf8mb4 COLLATE=utf8mb4_unicode_ci;

--
-- Dumping data for table `dc_ov_ocs`
--


--
-- Table structure for table `dc_ov_origenes`
--

CREATE TABLE `dc_ov_origenes` (
  `id` bigint(20) unsigned NOT NULL AUTO_INCREMENT,
  `user_id` int(10) unsigned DEFAULT NULL,
  `descripcion` varchar(191) COLLATE utf8mb4_unicode_ci NOT NULL,
  `habilitado` tinyint(1) NOT NULL DEFAULT '1',
  `created_at` timestamp NULL DEFAULT NULL,
  `updated_at` timestamp NULL DEFAULT NULL,
  `deleted_at` timestamp NULL DEFAULT NULL,
  PRIMARY KEY (`id`)
) ENGINE=InnoDB AUTO_INCREMENT=4 DEFAULT CHARSET=utf8mb4 COLLATE=utf8mb4_unicode_ci;

--
-- Dumping data for table `dc_ov_origenes`
--

INSERT INTO `dc_ov_origenes` VALUES (1,NULL,'Taller',1,NULL,NULL,NULL),(2,NULL,'Comercial',1,NULL,NULL,NULL),(3,NULL,'Repuestos',1,NULL,NULL,NULL);

--
-- Table structure for table `dc_ov_origenes_users`
--

CREATE TABLE `dc_ov_origenes_users` (
  `id` int(10) unsigned NOT NULL AUTO_INCREMENT,
  `dc_ov_origen_id` bigint(20) unsigned NOT NULL,
  `user_id` int(10) unsigned NOT NULL,
  `created_at` timestamp NULL DEFAULT NULL,
  `updated_at` timestamp NULL DEFAULT NULL,
  `deleted_at` timestamp NULL DEFAULT NULL,
  PRIMARY KEY (`id`),
  KEY `dc_ov_origenes_users_dc_ov_origen_id_foreign` (`dc_ov_origen_id`),
  CONSTRAINT `dc_ov_origenes_users_dc_ov_origen_id_foreign` FOREIGN KEY (`dc_ov_origen_id`) REFERENCES `dc_ov_origenes` (`id`) ON DELETE CASCADE
) ENGINE=InnoDB DEFAULT CHARSET=utf8mb4 COLLATE=utf8mb4_unicode_ci;

--
-- Dumping data for table `dc_ov_origenes_users`
--


--
-- Table structure for table `dc_ov_ots`
--

CREATE TABLE `dc_ov_ots` (
  `id` bigint(20) unsigned NOT NULL AUTO_INCREMENT,
  `user_id` int(10) unsigned DEFAULT NULL,
  `dc_orden_id` bigint(20) unsigned NOT NULL,
  `ot_id` bigint(20) unsigned NOT NULL,
  `created_at` timestamp NULL DEFAULT NULL,
  `updated_at` timestamp NULL DEFAULT NULL,
  `deleted_at` timestamp NULL DEFAULT NULL,
  PRIMARY KEY (`id`),
  KEY `dc_ov_ots_dc_orden_id_foreign` (`dc_orden_id`),
  KEY `dc_ov_ots_ot_id_foreign` (`ot_id`),
  CONSTRAINT `dc_ov_ots_dc_orden_id_foreign` FOREIGN KEY (`dc_orden_id`) REFERENCES `dc_ordenes` (`id`),
  CONSTRAINT `dc_ov_ots_ot_id_foreign` FOREIGN KEY (`ot_id`) REFERENCES `inv_orden_trabajos` (`id`)
) ENGINE=InnoDB DEFAULT CHARSET=utf8mb4 COLLATE=utf8mb4_unicode_ci;

--
-- Dumping data for table `dc_ov_ots`
--


--
-- Table structure for table `dc_ov_pres_clientes`
--

CREATE TABLE `dc_ov_pres_clientes` (
  `id` bigint(20) unsigned NOT NULL AUTO_INCREMENT,
  `user_id` int(10) unsigned DEFAULT NULL,
  `dc_orden_id` bigint(20) unsigned NOT NULL,
  `dc_orden_pres_id` bigint(20) unsigned NOT NULL,
  `created_at` timestamp NULL DEFAULT NULL,
  `updated_at` timestamp NULL DEFAULT NULL,
  `deleted_at` timestamp NULL DEFAULT NULL,
  PRIMARY KEY (`id`),
  KEY `dc_ov_pres_clientes_dc_orden_id_foreign` (`dc_orden_id`),
  KEY `dc_ov_pres_clientes_dc_orden_pres_id_foreign` (`dc_orden_pres_id`),
  CONSTRAINT `dc_ov_pres_clientes_dc_orden_id_foreign` FOREIGN KEY (`dc_orden_id`) REFERENCES `dc_ordenes` (`id`),
  CONSTRAINT `dc_ov_pres_clientes_dc_orden_pres_id_foreign` FOREIGN KEY (`dc_orden_pres_id`) REFERENCES `dc_ordenes` (`id`)
) ENGINE=InnoDB DEFAULT CHARSET=utf8mb4 COLLATE=utf8mb4_unicode_ci;

--
-- Dumping data for table `dc_ov_pres_clientes`
--


--
-- Table structure for table `dc_ov_rem_clientes`
--

CREATE TABLE `dc_ov_rem_clientes` (
  `id` bigint(20) unsigned NOT NULL AUTO_INCREMENT,
  `user_id` int(10) unsigned DEFAULT NULL,
  `dc_orden_id` bigint(20) unsigned NOT NULL,
  `dc_orden_rem_id` bigint(20) unsigned NOT NULL,
  `created_at` timestamp NULL DEFAULT NULL,
  `updated_at` timestamp NULL DEFAULT NULL,
  `deleted_at` timestamp NULL DEFAULT NULL,
  PRIMARY KEY (`id`),
  KEY `dc_ov_rem_clientes_dc_orden_id_foreign` (`dc_orden_id`),
  KEY `dc_ov_rem_clientes_dc_orden_rem_id_foreign` (`dc_orden_rem_id`),
  CONSTRAINT `dc_ov_rem_clientes_dc_orden_id_foreign` FOREIGN KEY (`dc_orden_id`) REFERENCES `dc_ordenes` (`id`),
  CONSTRAINT `dc_ov_rem_clientes_dc_orden_rem_id_foreign` FOREIGN KEY (`dc_orden_rem_id`) REFERENCES `dc_ordenes` (`id`)
) ENGINE=InnoDB DEFAULT CHARSET=utf8mb4 COLLATE=utf8mb4_unicode_ci;

--
-- Dumping data for table `dc_ov_rem_clientes`
--


--
-- Table structure for table `dc_ov_remc_occ`
--

CREATE TABLE `dc_ov_remc_occ` (
  `id` bigint(20) unsigned NOT NULL AUTO_INCREMENT,
  `dc_orden_id` bigint(20) unsigned DEFAULT NULL,
  `dc_orden_detail_id` bigint(20) unsigned DEFAULT NULL,
  `dc_occ_id` bigint(20) unsigned DEFAULT NULL,
  `dc_occ_detail_id` bigint(20) unsigned DEFAULT NULL,
  `user_id` bigint(20) unsigned DEFAULT NULL,
  `created_at` timestamp NULL DEFAULT NULL,
  `updated_at` timestamp NULL DEFAULT NULL,
  `deleted_at` timestamp NULL DEFAULT NULL,
  PRIMARY KEY (`id`),
  KEY `dc_ov_remc_occ_dc_orden_id_foreign` (`dc_orden_id`),
  KEY `dc_ov_remc_occ_dc_orden_detail_id_foreign` (`dc_orden_detail_id`),
  KEY `dc_ov_remc_occ_dc_occ_id_foreign` (`dc_occ_id`),
  KEY `dc_ov_remc_occ_dc_occ_detail_id_foreign` (`dc_occ_detail_id`),
  CONSTRAINT `dc_ov_remc_occ_dc_occ_detail_id_foreign` FOREIGN KEY (`dc_occ_detail_id`) REFERENCES `dc_ordenes_details` (`id`),
  CONSTRAINT `dc_ov_remc_occ_dc_occ_id_foreign` FOREIGN KEY (`dc_occ_id`) REFERENCES `dc_ordenes` (`id`),
  CONSTRAINT `dc_ov_remc_occ_dc_orden_detail_id_foreign` FOREIGN KEY (`dc_orden_detail_id`) REFERENCES `dc_ordenes_details` (`id`),
  CONSTRAINT `dc_ov_remc_occ_dc_orden_id_foreign` FOREIGN KEY (`dc_orden_id`) REFERENCES `dc_ordenes` (`id`)
) ENGINE=InnoDB DEFAULT CHARSET=utf8mb4 COLLATE=utf8mb4_unicode_ci;

--
-- Dumping data for table `dc_ov_remc_occ`
--


--
-- Table structure for table `dc_ov_sol_facturacion`
--

CREATE TABLE `dc_ov_sol_facturacion` (
  `id` bigint(20) unsigned NOT NULL AUTO_INCREMENT,
  `user_id` int(10) unsigned DEFAULT NULL,
  `dc_orden_id` bigint(20) unsigned NOT NULL,
  `dc_sol_facturacion_id` bigint(20) unsigned NOT NULL,
  `created_at` timestamp NULL DEFAULT NULL,
  `updated_at` timestamp NULL DEFAULT NULL,
  `deleted_at` timestamp NULL DEFAULT NULL,
  PRIMARY KEY (`id`),
  KEY `dc_ov_sol_facturacion_dc_orden_id_foreign` (`dc_orden_id`),
  KEY `dc_ov_sol_facturacion_dc_sol_facturacion_id_foreign` (`dc_sol_facturacion_id`),
  CONSTRAINT `dc_ov_sol_facturacion_dc_orden_id_foreign` FOREIGN KEY (`dc_orden_id`) REFERENCES `dc_ordenes` (`id`),
  CONSTRAINT `dc_ov_sol_facturacion_dc_sol_facturacion_id_foreign` FOREIGN KEY (`dc_sol_facturacion_id`) REFERENCES `dc_ordenes` (`id`)
) ENGINE=InnoDB DEFAULT CHARSET=utf8mb4 COLLATE=utf8mb4_unicode_ci;

--
-- Dumping data for table `dc_ov_sol_facturacion`
--


--
-- Table structure for table `dc_ov_status_cobranza`
--

CREATE TABLE `dc_ov_status_cobranza` (
  `id` bigint(20) unsigned NOT NULL AUTO_INCREMENT,
  `user_id` int(10) unsigned DEFAULT NULL,
  `descripcion` varchar(191) COLLATE utf8mb4_unicode_ci NOT NULL,
  `habilitado` tinyint(1) NOT NULL DEFAULT '1',
  `created_at` timestamp NULL DEFAULT NULL,
  `updated_at` timestamp NULL DEFAULT NULL,
  `deleted_at` timestamp NULL DEFAULT NULL,
  PRIMARY KEY (`id`)
) ENGINE=InnoDB AUTO_INCREMENT=4 DEFAULT CHARSET=utf8mb4 COLLATE=utf8mb4_unicode_ci;

--
-- Dumping data for table `dc_ov_status_cobranza`
--

INSERT INTO `dc_ov_status_cobranza` VALUES (1,NULL,'Pendiente',1,NULL,NULL,NULL),(2,NULL,'Parcial',1,NULL,NULL,NULL),(3,NULL,'Completa',1,NULL,NULL,NULL);

--
-- Table structure for table `dc_ov_status_entrega`
--

CREATE TABLE `dc_ov_status_entrega` (
  `id` bigint(20) unsigned NOT NULL AUTO_INCREMENT,
  `user_id` int(10) unsigned DEFAULT NULL,
  `descripcion` varchar(191) COLLATE utf8mb4_unicode_ci NOT NULL,
  `habilitado` tinyint(1) NOT NULL DEFAULT '1',
  `created_at` timestamp NULL DEFAULT NULL,
  `updated_at` timestamp NULL DEFAULT NULL,
  `deleted_at` timestamp NULL DEFAULT NULL,
  PRIMARY KEY (`id`)
) ENGINE=InnoDB AUTO_INCREMENT=4 DEFAULT CHARSET=utf8mb4 COLLATE=utf8mb4_unicode_ci;

--
-- Dumping data for table `dc_ov_status_entrega`
--

INSERT INTO `dc_ov_status_entrega` VALUES (1,NULL,'Pendiente',1,NULL,NULL,NULL),(2,NULL,'Parcial',1,NULL,NULL,NULL),(3,NULL,'Completa',1,NULL,NULL,NULL);

--
-- Table structure for table `dc_ov_status_factura`
--

CREATE TABLE `dc_ov_status_factura` (
  `id` bigint(20) unsigned NOT NULL AUTO_INCREMENT,
  `user_id` int(10) unsigned DEFAULT NULL,
  `descripcion` varchar(191) COLLATE utf8mb4_unicode_ci NOT NULL,
  `habilitado` tinyint(1) NOT NULL DEFAULT '1',
  `created_at` timestamp NULL DEFAULT NULL,
  `updated_at` timestamp NULL DEFAULT NULL,
  `deleted_at` timestamp NULL DEFAULT NULL,
  PRIMARY KEY (`id`)
) ENGINE=InnoDB AUTO_INCREMENT=5 DEFAULT CHARSET=utf8mb4 COLLATE=utf8mb4_unicode_ci;

--
-- Dumping data for table `dc_ov_status_factura`
--

INSERT INTO `dc_ov_status_factura` VALUES (1,NULL,'Pendiente',1,NULL,NULL,NULL),(2,NULL,'Facturable',1,NULL,NULL,NULL),(3,NULL,'Facturado Parcialmente',1,NULL,NULL,NULL),(4,NULL,'Facturado Totalmente',1,NULL,NULL,NULL);

--
-- Table structure for table `dc_ov_status_venta`
--

CREATE TABLE `dc_ov_status_venta` (
  `id` bigint(20) unsigned NOT NULL AUTO_INCREMENT,
  `user_id` int(10) unsigned DEFAULT NULL,
  `descripcion` varchar(191) COLLATE utf8mb4_unicode_ci NOT NULL,
  `habilitado` tinyint(1) NOT NULL DEFAULT '1',
  `created_at` timestamp NULL DEFAULT NULL,
  `updated_at` timestamp NULL DEFAULT NULL,
  `deleted_at` timestamp NULL DEFAULT NULL,
  PRIMARY KEY (`id`)
) ENGINE=InnoDB AUTO_INCREMENT=5 DEFAULT CHARSET=utf8mb4 COLLATE=utf8mb4_unicode_ci;

--
-- Dumping data for table `dc_ov_status_venta`
--

INSERT INTO `dc_ov_status_venta` VALUES (1,NULL,'Pendiente',1,NULL,NULL,NULL),(2,NULL,'Presupuesto',1,NULL,NULL,NULL),(3,NULL,'Venta',1,NULL,NULL,NULL),(4,NULL,'Rechazada',1,NULL,NULL,NULL);

--
-- Table structure for table `dc_sol_fac_occ`
--

CREATE TABLE `dc_sol_fac_occ` (
  `id` bigint(20) unsigned NOT NULL AUTO_INCREMENT,
  `user_id` int(10) unsigned DEFAULT NULL,
  `dc_orden_id` bigint(20) unsigned NOT NULL COMMENT 'Solicitud Facturación (tipo 21)',
  `dc_orden_detail_id` bigint(20) unsigned NOT NULL COMMENT 'Detalle de SF',
  `dc_occ_id` bigint(20) unsigned NOT NULL COMMENT 'OC Cliente (tipo 20)',
  `dc_occ_detail_id` bigint(20) unsigned NOT NULL COMMENT 'Detalle de OCC',
  `created_at` timestamp NULL DEFAULT NULL,
  `updated_at` timestamp NULL DEFAULT NULL,
  `deleted_at` timestamp NULL DEFAULT NULL,
  PRIMARY KEY (`id`),
  KEY `idx_sf` (`dc_orden_id`),
  KEY `idx_occ` (`dc_occ_id`),
  KEY `dc_sol_fac_occ_dc_orden_detail_id_foreign` (`dc_orden_detail_id`),
  KEY `dc_sol_fac_occ_dc_occ_detail_id_foreign` (`dc_occ_detail_id`),
  CONSTRAINT `dc_sol_fac_occ_dc_occ_detail_id_foreign` FOREIGN KEY (`dc_occ_detail_id`) REFERENCES `dc_ordenes_details` (`id`),
  CONSTRAINT `dc_sol_fac_occ_dc_occ_id_foreign` FOREIGN KEY (`dc_occ_id`) REFERENCES `dc_ordenes` (`id`),
  CONSTRAINT `dc_sol_fac_occ_dc_orden_detail_id_foreign` FOREIGN KEY (`dc_orden_detail_id`) REFERENCES `dc_ordenes_details` (`id`),
  CONSTRAINT `dc_sol_fac_occ_dc_orden_id_foreign` FOREIGN KEY (`dc_orden_id`) REFERENCES `dc_ordenes` (`id`)
) ENGINE=InnoDB DEFAULT CHARSET=utf8mb4 COLLATE=utf8mb4_unicode_ci;

--
-- Dumping data for table `dc_sol_fac_occ`
--


--
-- Table structure for table `despachos`
--

CREATE TABLE `despachos` (
  `id` bigint(20) unsigned NOT NULL AUTO_INCREMENT,
  `user_id` int(10) unsigned DEFAULT NULL,
  `person_id` int(10) unsigned NOT NULL,
  `person_id_relationed` int(10) unsigned NOT NULL,
  `moneda_id` int(10) unsigned NOT NULL,
  `fecha` datetime NOT NULL DEFAULT '2025-04-28 16:10:15',
  `is_ponderacion_autom` tinyint(1) NOT NULL DEFAULT '1',
  `is_garantia` tinyint(1) NOT NULL DEFAULT '0',
  `numero` int(10) unsigned DEFAULT NULL,
  `comentario` longtext COLLATE utf8mb4_unicode_ci,
  `total` decimal(16,2) NOT NULL DEFAULT '0.00',
  `total_parte_1` decimal(16,2) NOT NULL DEFAULT '0.00',
  `total_parte_2` decimal(16,2) NOT NULL DEFAULT '0.00',
  `total_parte_3` decimal(16,2) NOT NULL DEFAULT '0.00',
  `cotizacion` decimal(16,2) NOT NULL DEFAULT '0.00',
  `created_at` timestamp NULL DEFAULT NULL,
  `updated_at` timestamp NULL DEFAULT NULL,
  `deleted_at` timestamp NULL DEFAULT NULL,
  PRIMARY KEY (`id`),
  KEY `despachos_person_id_foreign` (`person_id`),
  KEY `despachos_person_id_relationed_foreign` (`person_id_relationed`),
  KEY `despachos_moneda_id_foreign` (`moneda_id`),
  CONSTRAINT `despachos_moneda_id_foreign` FOREIGN KEY (`moneda_id`) REFERENCES `monedas` (`id`),
  CONSTRAINT `despachos_person_id_foreign` FOREIGN KEY (`person_id`) REFERENCES `persons` (`id`),
  CONSTRAINT `despachos_person_id_relationed_foreign` FOREIGN KEY (`person_id_relationed`) REFERENCES `persons` (`id`)
) ENGINE=InnoDB DEFAULT CHARSET=utf8mb4 COLLATE=utf8mb4_unicode_ci;

--
-- Dumping data for table `despachos`
--


--
-- Table structure for table `despachos_cierres`
--

CREATE TABLE `despachos_cierres` (
  `id` bigint(20) unsigned NOT NULL AUTO_INCREMENT,
  `user_id` int(10) unsigned DEFAULT NULL,
  `despacho_id` bigint(20) unsigned NOT NULL,
  `receipt_id` int(10) unsigned DEFAULT NULL,
  `dc_orden_id` bigint(20) unsigned NOT NULL,
  `dc_orden_detail_id` bigint(20) unsigned NOT NULL,
  `inv_producto_id` bigint(20) unsigned DEFAULT NULL,
  `costo_antes` decimal(16,2) NOT NULL DEFAULT '0.00',
  `cantidades` decimal(16,2) DEFAULT '0.00',
  `precio_x_cantidad` decimal(16,2) DEFAULT '0.00',
  `ratio` decimal(16,4) NOT NULL DEFAULT '0.0000',
  `incremento` decimal(16,2) NOT NULL DEFAULT '0.00',
  `incremento_x_cantidad` decimal(16,2) DEFAULT '0.00',
  `costo_despues` decimal(16,2) NOT NULL DEFAULT '0.00',
  `created_at` timestamp NULL DEFAULT NULL,
  `updated_at` timestamp NULL DEFAULT NULL,
  `deleted_at` timestamp NULL DEFAULT NULL,
  PRIMARY KEY (`id`),
  KEY `despachos_cierres_despacho_id_foreign` (`despacho_id`),
  KEY `despachos_cierres_receipt_id_foreign` (`receipt_id`),
  KEY `despachos_cierres_dc_orden_id_foreign` (`dc_orden_id`),
  KEY `despachos_cierres_dc_orden_detail_id_foreign` (`dc_orden_detail_id`),
  KEY `despachos_cierres_inv_producto_id_foreign` (`inv_producto_id`),
  CONSTRAINT `despachos_cierres_dc_orden_detail_id_foreign` FOREIGN KEY (`dc_orden_detail_id`) REFERENCES `dc_ordenes_details` (`id`),
  CONSTRAINT `despachos_cierres_dc_orden_id_foreign` FOREIGN KEY (`dc_orden_id`) REFERENCES `dc_ordenes` (`id`),
  CONSTRAINT `despachos_cierres_despacho_id_foreign` FOREIGN KEY (`despacho_id`) REFERENCES `despachos` (`id`),
  CONSTRAINT `despachos_cierres_inv_producto_id_foreign` FOREIGN KEY (`inv_producto_id`) REFERENCES `inv_productos` (`id`),
  CONSTRAINT `despachos_cierres_receipt_id_foreign` FOREIGN KEY (`receipt_id`) REFERENCES `receipts` (`id`)
) ENGINE=InnoDB DEFAULT CHARSET=utf8mb4 COLLATE=utf8mb4_unicode_ci;

--
-- Dumping data for table `despachos_cierres`
--


--
-- Table structure for table `despachos_details`
--

CREATE TABLE `despachos_details` (
  `id` bigint(20) unsigned NOT NULL AUTO_INCREMENT,
  `user_id` int(10) unsigned DEFAULT NULL,
  `despacho_id` bigint(20) unsigned NOT NULL,
  `despacho_parte_id` bigint(20) unsigned NOT NULL,
  `receipt_id` int(10) unsigned DEFAULT NULL,
  `porcentaje_ponderacion` decimal(8,2) NOT NULL DEFAULT '0.00',
  `created_at` timestamp NULL DEFAULT NULL,
  `updated_at` timestamp NULL DEFAULT NULL,
  `deleted_at` timestamp NULL DEFAULT NULL,
  PRIMARY KEY (`id`),
  KEY `despachos_details_despacho_id_foreign` (`despacho_id`),
  KEY `despachos_details_despacho_parte_id_foreign` (`despacho_parte_id`),
  KEY `despachos_details_receipt_id_foreign` (`receipt_id`),
  CONSTRAINT `despachos_details_despacho_id_foreign` FOREIGN KEY (`despacho_id`) REFERENCES `despachos` (`id`),
  CONSTRAINT `despachos_details_despacho_parte_id_foreign` FOREIGN KEY (`despacho_parte_id`) REFERENCES `despachos_partes` (`id`),
  CONSTRAINT `despachos_details_receipt_id_foreign` FOREIGN KEY (`receipt_id`) REFERENCES `receipts` (`id`)
) ENGINE=InnoDB DEFAULT CHARSET=utf8mb4 COLLATE=utf8mb4_unicode_ci;

--
-- Dumping data for table `despachos_details`
--


--
-- Table structure for table `despachos_files`
--

CREATE TABLE `despachos_files` (
  `id` bigint(20) unsigned NOT NULL AUTO_INCREMENT,
  `user_id` int(10) unsigned DEFAULT NULL,
  `despacho_id` bigint(20) unsigned NOT NULL,
  `descripcion` varchar(255) COLLATE utf8mb4_unicode_ci DEFAULT NULL,
  `path` varchar(191) COLLATE utf8mb4_unicode_ci DEFAULT NULL,
  `name_original` varchar(191) COLLATE utf8mb4_unicode_ci DEFAULT NULL,
  `created_at` timestamp NULL DEFAULT NULL,
  `updated_at` timestamp NULL DEFAULT NULL,
  `deleted_at` timestamp NULL DEFAULT NULL,
  PRIMARY KEY (`id`),
  KEY `despachos_files_despacho_id_foreign` (`despacho_id`),
  CONSTRAINT `despachos_files_despacho_id_foreign` FOREIGN KEY (`despacho_id`) REFERENCES `despachos` (`id`)
) ENGINE=InnoDB DEFAULT CHARSET=utf8mb4 COLLATE=utf8mb4_unicode_ci;

--
-- Dumping data for table `despachos_files`
--


--
-- Table structure for table `despachos_partes`
--

CREATE TABLE `despachos_partes` (
  `id` bigint(20) unsigned NOT NULL AUTO_INCREMENT,
  `user_id` int(10) unsigned DEFAULT NULL,
  `descripcion` varchar(255) COLLATE utf8mb4_unicode_ci DEFAULT NULL,
  `habilitado` tinyint(1) NOT NULL DEFAULT '1',
  `created_at` timestamp NULL DEFAULT NULL,
  `updated_at` timestamp NULL DEFAULT NULL,
  `deleted_at` timestamp NULL DEFAULT NULL,
  PRIMARY KEY (`id`)
) ENGINE=InnoDB AUTO_INCREMENT=4 DEFAULT CHARSET=utf8mb4 COLLATE=utf8mb4_unicode_ci;

--
-- Dumping data for table `despachos_partes`
--

INSERT INTO `despachos_partes` VALUES (1,NULL,'Facturas del Proveedor',1,NULL,NULL,NULL),(2,NULL,'Despachos de Importacion',1,NULL,NULL,NULL),(3,NULL,'Facturas de Logistica',1,NULL,NULL,NULL);

--
-- Table structure for table `deudas_impositivas`
--

CREATE TABLE `deudas_impositivas` (
  `id` int(10) unsigned NOT NULL AUTO_INCREMENT,
  `user_id` int(10) unsigned DEFAULT NULL,
  `person_id` int(10) unsigned NOT NULL,
  `vto_impuesto_id` int(10) unsigned NOT NULL,
  `periodo_deuda` varchar(191) COLLATE utf8mb4_unicode_ci DEFAULT NULL,
  `concepto` varchar(191) COLLATE utf8mb4_unicode_ci DEFAULT NULL,
  `importe` decimal(16,2) NOT NULL DEFAULT '0.00',
  `created_at` timestamp NULL DEFAULT NULL,
  `updated_at` timestamp NULL DEFAULT NULL,
  `deleted_at` timestamp NULL DEFAULT NULL,
  PRIMARY KEY (`id`),
  KEY `deudas_impositivas_vto_impuesto_id_foreign` (`vto_impuesto_id`),
  KEY `deudas_impositivas_person_id_foreign` (`person_id`),
  CONSTRAINT `deudas_impositivas_person_id_foreign` FOREIGN KEY (`person_id`) REFERENCES `persons` (`id`),
  CONSTRAINT `deudas_impositivas_vto_impuesto_id_foreign` FOREIGN KEY (`vto_impuesto_id`) REFERENCES `vto_impuestos` (`id`)
) ENGINE=InnoDB DEFAULT CHARSET=utf8mb4 COLLATE=utf8mb4_unicode_ci;

--
-- Dumping data for table `deudas_impositivas`
--


--
-- Table structure for table `ejer_anteriores`
--

CREATE TABLE `ejer_anteriores` (
  `id` int(10) unsigned NOT NULL AUTO_INCREMENT,
  `user_id` int(10) unsigned DEFAULT NULL,
  `person_id` int(10) unsigned NOT NULL,
  `anio` int(11) NOT NULL,
  `ventas` decimal(16,2) DEFAULT NULL,
  `compras` decimal(16,2) DEFAULT NULL,
  `sueldos` decimal(16,2) DEFAULT NULL,
  `impuesto` decimal(16,2) DEFAULT NULL,
  `apagar` decimal(16,2) DEFAULT NULL,
  `afavor` decimal(16,2) DEFAULT NULL,
  `comentario` varchar(255) COLLATE utf8mb4_unicode_ci DEFAULT NULL,
  `created_at` timestamp NULL DEFAULT NULL,
  `updated_at` timestamp NULL DEFAULT NULL,
  `deleted_at` timestamp NULL DEFAULT NULL,
  PRIMARY KEY (`id`),
  KEY `ejer_anteriores_person_id_foreign` (`person_id`),
  CONSTRAINT `ejer_anteriores_person_id_foreign` FOREIGN KEY (`person_id`) REFERENCES `persons` (`id`)
) ENGINE=InnoDB DEFAULT CHARSET=utf8mb4 COLLATE=utf8mb4_unicode_ci;

--
-- Dumping data for table `ejer_anteriores`
--


--
-- Table structure for table `estado_civil`
--

CREATE TABLE `estado_civil` (
  `id` int(10) unsigned NOT NULL AUTO_INCREMENT,
  `user_id` int(10) unsigned DEFAULT NULL,
  `descripcion` varchar(191) COLLATE utf8mb4_unicode_ci NOT NULL,
  `habilitado` tinyint(1) NOT NULL DEFAULT '1',
  `created_at` timestamp NULL DEFAULT NULL,
  `updated_at` timestamp NULL DEFAULT NULL,
  `deleted_at` timestamp NULL DEFAULT NULL,
  PRIMARY KEY (`id`),
  UNIQUE KEY `estado_civil_descripcion_unique` (`descripcion`)
) ENGINE=InnoDB AUTO_INCREMENT=8 DEFAULT CHARSET=utf8mb4 COLLATE=utf8mb4_unicode_ci;

--
-- Dumping data for table `estado_civil`
--

INSERT INTO `estado_civil` VALUES (1,NULL,'Separado Legal',1,'2020-05-28 20:55:23','2020-05-28 20:55:23',NULL),(2,NULL,'Separado de Hecho',1,'2020-05-28 20:55:23','2020-05-28 20:55:23',NULL),(3,NULL,'Divorciado',1,'2020-05-28 20:55:23','2020-05-28 20:55:23',NULL),(4,NULL,'Convivencia',1,'2020-05-28 20:55:23','2020-05-28 20:55:23',NULL),(5,NULL,'Soltero',1,'2020-05-28 20:55:23','2020-05-28 20:55:23',NULL),(6,NULL,'Casado',1,'2020-05-28 20:55:23','2020-05-28 20:55:23',NULL),(7,NULL,'Viudo',1,'2020-05-28 20:55:23','2020-05-28 20:55:23',NULL);

--
-- Table structure for table `fa_masiva`
--

CREATE TABLE `fa_masiva` (
  `id` int(10) unsigned NOT NULL AUTO_INCREMENT,
  `person_id` int(11) NOT NULL,
  `user_id` int(11) NOT NULL,
  `created_at` timestamp NULL DEFAULT NULL,
  `updated_at` timestamp NULL DEFAULT NULL,
  `deleted_at` timestamp NULL DEFAULT NULL,
  PRIMARY KEY (`id`)
) ENGINE=InnoDB DEFAULT CHARSET=utf8mb4 COLLATE=utf8mb4_unicode_ci;

--
-- Dumping data for table `fa_masiva`
--


--
-- Table structure for table `fa_masiva_detalle`
--

CREATE TABLE `fa_masiva_detalle` (
  `id` int(10) unsigned NOT NULL AUTO_INCREMENT,
  `user_id` int(10) unsigned DEFAULT NULL,
  `fa_masiva_id` int(11) NOT NULL,
  `cliente_id` int(11) NOT NULL,
  `tipo_comprobante_id` int(10) unsigned NOT NULL DEFAULT '1',
  `zone_id` int(10) unsigned NOT NULL DEFAULT '22',
  `activity_id` int(10) unsigned NOT NULL DEFAULT '1',
  `cond_frente_iva_id` int(10) unsigned NOT NULL DEFAULT '1',
  `system_tax_id` int(10) unsigned NOT NULL DEFAULT '1',
  `concepto_id` int(10) unsigned NOT NULL DEFAULT '1',
  `taxable_iibb` int(10) unsigned NOT NULL DEFAULT '2',
  `renglon1` varchar(180) COLLATE utf8mb4_unicode_ci DEFAULT NULL,
  `importe1` decimal(20,2) DEFAULT NULL,
  `renglon2` varchar(180) COLLATE utf8mb4_unicode_ci DEFAULT NULL,
  `importe2` decimal(20,2) DEFAULT NULL,
  `renglon3` varchar(180) COLLATE utf8mb4_unicode_ci DEFAULT NULL,
  `importe3` decimal(20,2) DEFAULT NULL,
  `punto_venta_id` int(11) DEFAULT NULL,
  `fecha_comprobante` date DEFAULT NULL,
  `fecha_facturado_desde` date DEFAULT NULL,
  `fecha_facturado_hasta` date DEFAULT NULL,
  `fecha_vencimiento_pago` date DEFAULT NULL,
  `created_at` timestamp NULL DEFAULT NULL,
  `updated_at` timestamp NULL DEFAULT NULL,
  `deleted_at` timestamp NULL DEFAULT NULL,
  PRIMARY KEY (`id`),
  KEY `fa_masiva_detalle_concepto_id_foreign` (`concepto_id`),
  KEY `fa_masiva_detalle_system_tax_id_foreign` (`system_tax_id`),
  KEY `fa_masiva_detalle_cond_frente_iva_id_foreign` (`cond_frente_iva_id`),
  KEY `fa_masiva_detalle_zone_id_foreign` (`zone_id`),
  KEY `fa_masiva_detalle_tipo_comprobante_id_foreign` (`tipo_comprobante_id`),
  KEY `fa_masiva_detalle_activity_id_foreign` (`activity_id`),
  CONSTRAINT `fa_masiva_detalle_activity_id_foreign` FOREIGN KEY (`activity_id`) REFERENCES `activities` (`id`),
  CONSTRAINT `fa_masiva_detalle_concepto_id_foreign` FOREIGN KEY (`concepto_id`) REFERENCES `fact_elec_conceptos_afip` (`id`),
  CONSTRAINT `fa_masiva_detalle_cond_frente_iva_id_foreign` FOREIGN KEY (`cond_frente_iva_id`) REFERENCES `fac_elec_cond_frente_iva` (`id`),
  CONSTRAINT `fa_masiva_detalle_system_tax_id_foreign` FOREIGN KEY (`system_tax_id`) REFERENCES `system_taxes` (`id`),
  CONSTRAINT `fa_masiva_detalle_tipo_comprobante_id_foreign` FOREIGN KEY (`tipo_comprobante_id`) REFERENCES `receipt_types` (`id`),
  CONSTRAINT `fa_masiva_detalle_zone_id_foreign` FOREIGN KEY (`zone_id`) REFERENCES `zones` (`id`)
) ENGINE=InnoDB DEFAULT CHARSET=utf8mb4 COLLATE=utf8mb4_unicode_ci;

--
-- Dumping data for table `fa_masiva_detalle`
--


--
-- Table structure for table `fa_masiva_stock`
--

CREATE TABLE `fa_masiva_stock` (
  `id` bigint(20) unsigned NOT NULL AUTO_INCREMENT,
  `user_id` int(10) unsigned DEFAULT NULL,
  `person_id` int(10) unsigned NOT NULL,
  `person_id_relationed` int(10) unsigned NOT NULL,
  `data` longtext COLLATE utf8mb4_unicode_ci,
  `created_at` timestamp NULL DEFAULT NULL,
  `updated_at` timestamp NULL DEFAULT NULL,
  `deleted_at` timestamp NULL DEFAULT NULL,
  PRIMARY KEY (`id`),
  KEY `fa_masiva_stock_person_id_foreign` (`person_id`),
  KEY `fa_masiva_stock_person_id_relationed_foreign` (`person_id_relationed`),
  CONSTRAINT `fa_masiva_stock_person_id_foreign` FOREIGN KEY (`person_id`) REFERENCES `persons` (`id`),
  CONSTRAINT `fa_masiva_stock_person_id_relationed_foreign` FOREIGN KEY (`person_id_relationed`) REFERENCES `persons` (`id`)
) ENGINE=InnoDB DEFAULT CHARSET=utf8mb4 COLLATE=utf8mb4_unicode_ci;

--
-- Dumping data for table `fa_masiva_stock`
--


--
-- Table structure for table `fac_elec_cond_frente_iva`
--

CREATE TABLE `fac_elec_cond_frente_iva` (
  `id` int(10) unsigned NOT NULL AUTO_INCREMENT,
  `name` varchar(191) COLLATE utf8mb4_unicode_ci NOT NULL,
  `created_at` timestamp NULL DEFAULT NULL,
  `updated_at` timestamp NULL DEFAULT NULL,
  `deleted_at` timestamp NULL DEFAULT NULL,
  PRIMARY KEY (`id`),
  UNIQUE KEY `fac_elec_cond_frente_iva_name_unique` (`name`)
) ENGINE=InnoDB AUTO_INCREMENT=11 DEFAULT CHARSET=utf8mb4 COLLATE=utf8mb4_unicode_ci;

--
-- Dumping data for table `fac_elec_cond_frente_iva`
--

INSERT INTO `fac_elec_cond_frente_iva` VALUES (1,'IVA Responsable Inscripto','2019-07-15 18:37:39','2019-07-15 18:37:39',NULL),(2,'IVA Sujeto Exento','2019-07-15 18:37:39','2019-07-15 18:37:39',NULL),(3,'Consumidor Final','2019-07-15 18:37:39','2019-07-15 18:37:39',NULL),(4,'Responsable Monotributo','2019-07-15 18:37:39','2019-07-15 18:37:39',NULL),(5,'Proveedor del Exterior','2019-07-15 18:37:39','2019-07-15 18:37:39',NULL),(6,'Cliente del Exterior','2019-07-15 18:37:39','2019-07-15 18:37:39',NULL),(7,'IVA Liberado - Ley Nº 19.640','2019-07-15 18:37:39','2019-07-15 18:37:39',NULL),(8,'IVA Responsable Inscripto - Agente de Percepción','2019-07-15 18:37:39','2019-07-15 18:37:39',NULL),(9,'Monotributista Social','2019-07-15 18:37:39','2019-07-15 18:37:39',NULL),(10,'IVA No Alcanzado','2019-07-15 18:37:39','2019-07-15 18:37:39',NULL);

--
-- Table structure for table `fac_elec_unidad_medidas`
--

CREATE TABLE `fac_elec_unidad_medidas` (
  `id` int(10) unsigned NOT NULL AUTO_INCREMENT,
  `name` varchar(191) COLLATE utf8mb4_unicode_ci NOT NULL,
  `created_at` timestamp NULL DEFAULT NULL,
  `updated_at` timestamp NULL DEFAULT NULL,
  `deleted_at` timestamp NULL DEFAULT NULL,
  PRIMARY KEY (`id`),
  UNIQUE KEY `fac_elec_unidad_medidas_name_unique` (`name`)
) ENGINE=InnoDB AUTO_INCREMENT=19 DEFAULT CHARSET=utf8mb4 COLLATE=utf8mb4_unicode_ci;

--
-- Dumping data for table `fac_elec_unidad_medidas`
--

INSERT INTO `fac_elec_unidad_medidas` VALUES (1,'Grs','2019-07-15 18:37:39','2019-07-15 18:37:39',NULL),(2,'Kg','2019-07-15 18:37:39','2019-07-15 18:37:39',NULL),(3,'Mts','2019-07-15 18:37:39','2019-07-15 18:37:39',NULL),(4,'Mts2','2019-07-15 18:37:39','2019-07-15 18:37:39',NULL),(5,'Mts3','2019-07-15 18:37:39','2019-07-15 18:37:39',NULL),(6,'Lts','2019-07-15 18:37:39','2019-07-15 18:37:39',NULL),(7,'1000 Kwh','2019-07-15 18:37:39','2019-07-15 18:37:39',NULL),(8,'Unidades','2019-07-15 18:37:39','2019-07-15 18:37:39',NULL),(9,'Pares','2019-07-15 18:37:39','2019-07-15 18:37:39',NULL),(10,'Doc','2019-07-15 18:37:39','2019-07-15 18:37:39',NULL),(11,'Quilates','2019-07-15 18:37:39','2019-07-15 18:37:39',NULL),(12,'Millares','2019-07-15 18:37:39','2019-07-15 18:37:39',NULL),(13,'Milimetros','2019-07-15 18:37:39','2019-07-15 18:37:39',NULL),(14,'Mm 3','2019-07-15 18:37:39','2019-07-15 18:37:39',NULL),(15,'Km','2019-07-15 18:37:39','2019-07-15 18:37:39',NULL),(16,'Hectolitros','2019-07-15 18:37:39','2019-07-15 18:37:39',NULL),(17,'Cm','2019-07-15 18:37:39','2019-07-15 18:37:39',NULL),(18,'Cm 3','2019-07-15 18:37:39','2019-07-15 18:37:39',NULL);

--
-- Table structure for table `fact_elec_conceptos_afip`
--

CREATE TABLE `fact_elec_conceptos_afip` (
  `id` int(10) unsigned NOT NULL AUTO_INCREMENT,
  `afip_comprobante_id` int(10) unsigned NOT NULL,
  `descripcion` varchar(180) COLLATE utf8mb4_unicode_ci NOT NULL,
  `created_at` timestamp NULL DEFAULT NULL,
  `updated_at` timestamp NULL DEFAULT NULL,
  PRIMARY KEY (`id`)
) ENGINE=InnoDB AUTO_INCREMENT=4 DEFAULT CHARSET=utf8mb4 COLLATE=utf8mb4_unicode_ci;

--
-- Dumping data for table `fact_elec_conceptos_afip`
--

INSERT INTO `fact_elec_conceptos_afip` VALUES (1,1,'Producto','2019-03-13 13:29:34','2019-03-13 13:29:34'),(2,2,'Servicios','2019-03-13 13:29:34','2019-03-13 13:29:34'),(3,3,'Productos y Servicios','2019-03-13 13:29:34','2019-03-13 13:29:34');

--
-- Table structure for table `fact_elec_perc_ret`
--

CREATE TABLE `fact_elec_perc_ret` (
  `id` int(10) unsigned NOT NULL AUTO_INCREMENT,
  `user_id` int(10) unsigned DEFAULT NULL,
  `descripcion` varchar(191) COLLATE utf8mb4_unicode_ci NOT NULL,
  `codigo_afip` int(10) unsigned NOT NULL,
  `other_tax_id` int(10) unsigned NOT NULL,
  `habilitado` tinyint(1) NOT NULL DEFAULT '1',
  `created_at` timestamp NULL DEFAULT NULL,
  `updated_at` timestamp NULL DEFAULT NULL,
  `deleted_at` timestamp NULL DEFAULT NULL,
  PRIMARY KEY (`id`),
  KEY `fact_elec_perc_ret_other_tax_id_foreign` (`other_tax_id`),
  CONSTRAINT `fact_elec_perc_ret_other_tax_id_foreign` FOREIGN KEY (`other_tax_id`) REFERENCES `other_taxes` (`id`)
) ENGINE=InnoDB AUTO_INCREMENT=6 DEFAULT CHARSET=utf8mb4 COLLATE=utf8mb4_unicode_ci;

--
-- Dumping data for table `fact_elec_perc_ret`
--

INSERT INTO `fact_elec_perc_ret` VALUES (1,NULL,'Per./Ret de Imp. a las Ganancias',1,1032,1,NULL,NULL,NULL),(2,NULL,'Per./Ret de IVA',1,1000,1,NULL,NULL,NULL),(3,NULL,'Per./Ret de IIBB',2,1006,1,NULL,NULL,NULL),(4,NULL,'Impuestos Internos',4,1001,1,NULL,NULL,NULL),(5,NULL,'Impuestos Municipales',3,1031,1,NULL,NULL,NULL);

--
-- Table structure for table `fact_elec_perc_ret_details`
--

CREATE TABLE `fact_elec_perc_ret_details` (
  `id` bigint(20) unsigned NOT NULL AUTO_INCREMENT,
  `user_id` int(10) unsigned DEFAULT NULL,
  `fact_elec_perc_ret_id` int(10) unsigned NOT NULL,
  `person_id` int(10) unsigned NOT NULL,
  `fact_elec_receipt_id` int(10) unsigned NOT NULL,
  `detalle` varchar(191) COLLATE utf8mb4_unicode_ci DEFAULT NULL,
  `zone_id` int(10) unsigned DEFAULT NULL,
  `base_imponible` decimal(16,2) DEFAULT NULL,
  `alicuota` decimal(16,2) DEFAULT NULL,
  `importe` decimal(16,2) DEFAULT NULL,
  `created_at` timestamp NULL DEFAULT NULL,
  `updated_at` timestamp NULL DEFAULT NULL,
  `deleted_at` timestamp NULL DEFAULT NULL,
  PRIMARY KEY (`id`),
  KEY `fact_elec_perc_ret_details_fact_elec_perc_ret_id_foreign` (`fact_elec_perc_ret_id`),
  KEY `fact_elec_perc_ret_details_person_id_foreign` (`person_id`),
  KEY `fact_elec_perc_ret_details_fact_elec_receipt_id_foreign` (`fact_elec_receipt_id`),
  KEY `fact_elec_perc_ret_details_zone_id_foreign` (`zone_id`),
  CONSTRAINT `fact_elec_perc_ret_details_fact_elec_perc_ret_id_foreign` FOREIGN KEY (`fact_elec_perc_ret_id`) REFERENCES `fact_elec_perc_ret` (`id`),
  CONSTRAINT `fact_elec_perc_ret_details_fact_elec_receipt_id_foreign` FOREIGN KEY (`fact_elec_receipt_id`) REFERENCES `fact_elec_receipts` (`id`),
  CONSTRAINT `fact_elec_perc_ret_details_person_id_foreign` FOREIGN KEY (`person_id`) REFERENCES `persons` (`id`),
  CONSTRAINT `fact_elec_perc_ret_details_zone_id_foreign` FOREIGN KEY (`zone_id`) REFERENCES `zones` (`id`)
) ENGINE=InnoDB DEFAULT CHARSET=utf8mb4 COLLATE=utf8mb4_unicode_ci;

--
-- Dumping data for table `fact_elec_perc_ret_details`
--


--
-- Table structure for table `fact_elec_puntos_venta`
--

CREATE TABLE `fact_elec_puntos_venta` (
  `id` int(10) unsigned NOT NULL AUTO_INCREMENT,
  `user_id` int(10) unsigned DEFAULT NULL,
  `direccion` varchar(180) COLLATE utf8mb4_unicode_ci NOT NULL,
  `created_at` timestamp NULL DEFAULT NULL,
  `updated_at` timestamp NULL DEFAULT NULL,
  `person_id` int(10) unsigned NOT NULL,
  `codigo` varchar(255) COLLATE utf8mb4_unicode_ci DEFAULT '0000',
  `codigo_postal` varchar(20) COLLATE utf8mb4_unicode_ci DEFAULT NULL,
  `zone_id` int(11) DEFAULT NULL,
  `logo` varchar(191) COLLATE utf8mb4_unicode_ci DEFAULT NULL,
  `habilitado` tinyint(1) NOT NULL DEFAULT '1',
  `deleted_at` timestamp NULL DEFAULT NULL,
  PRIMARY KEY (`id`),
  KEY `fact_elec_puntos_venta_person_id_foreign` (`person_id`),
  CONSTRAINT `fact_elec_puntos_venta_person_id_foreign` FOREIGN KEY (`person_id`) REFERENCES `persons` (`id`)
) ENGINE=InnoDB AUTO_INCREMENT=2 DEFAULT CHARSET=utf8mb4 COLLATE=utf8mb4_unicode_ci;

--
-- Dumping data for table `fact_elec_puntos_venta`
--

INSERT INTO `fact_elec_puntos_venta` VALUES (1,8522,'Lisandro de la Torre 277 5°B','2023-02-28 13:56:45','2023-02-28 14:01:39',40718,'1','1408',22,'img//20111111112/logo_punto_venta_0001.png',1,NULL);

--
-- Table structure for table `fact_elec_receipt_details`
--

CREATE TABLE `fact_elec_receipt_details` (
  `id` int(10) unsigned NOT NULL AUTO_INCREMENT,
  `user_id` int(10) unsigned DEFAULT NULL,
  `fact_elec_receipt_id` int(10) unsigned NOT NULL,
  `descripcion` text COLLATE utf8mb4_unicode_ci NOT NULL,
  `cantidad` decimal(20,2) NOT NULL,
  `unidad_medida` text COLLATE utf8mb4_unicode_ci,
  `precio_unitario` decimal(20,2) NOT NULL,
  `neto_gravado` decimal(20,2) NOT NULL,
  `bonificacion_porcentaje` decimal(20,2) DEFAULT NULL,
  `bonificacion_monto` decimal(20,2) DEFAULT NULL,
  `bonificacion_subtotal` decimal(20,2) DEFAULT NULL,
  `system_tax_id` int(10) unsigned NOT NULL DEFAULT '1',
  `iva_monto` decimal(20,2) DEFAULT NULL,
  `iva_subtotal` decimal(20,2) DEFAULT NULL,
  `created_at` timestamp NULL DEFAULT NULL,
  `updated_at` timestamp NULL DEFAULT NULL,
  `codigo` varchar(100) COLLATE utf8mb4_unicode_ci DEFAULT NULL,
  `deleted_at` timestamp NULL DEFAULT NULL,
  PRIMARY KEY (`id`),
  KEY `fact_elec_receipt_details_fact_elec_receipt_id_foreign` (`fact_elec_receipt_id`),
  KEY `fact_elec_receipt_details_system_tax_id_foreign` (`system_tax_id`),
  CONSTRAINT `fact_elec_receipt_details_fact_elec_receipt_id_foreign` FOREIGN KEY (`fact_elec_receipt_id`) REFERENCES `fact_elec_receipts` (`id`),
  CONSTRAINT `fact_elec_receipt_details_system_tax_id_foreign` FOREIGN KEY (`system_tax_id`) REFERENCES `system_taxes` (`id`)
) ENGINE=InnoDB DEFAULT CHARSET=utf8mb4 COLLATE=utf8mb4_unicode_ci;

--
-- Dumping data for table `fact_elec_receipt_details`
--


--
-- Table structure for table `fact_elec_receipts`
--

CREATE TABLE `fact_elec_receipts` (
  `id` int(10) unsigned NOT NULL AUTO_INCREMENT,
  `user_id` int(11) DEFAULT NULL,
  `fecha_comprobante` date NOT NULL,
  `fecha_facturado_desde` date DEFAULT NULL,
  `fecha_facturado_hasta` date DEFAULT NULL,
  `fecha_vencimiento_pago` date DEFAULT NULL,
  `concepto_id` int(10) unsigned NOT NULL,
  `punto_venta_id` int(10) unsigned NOT NULL,
  `tipo_comprobante_id` int(10) unsigned NOT NULL,
  `condiciones_venta` varchar(180) COLLATE utf8mb4_unicode_ci NOT NULL,
  `comprobante_asoc` longtext COLLATE utf8mb4_unicode_ci,
  `created_at` timestamp NULL DEFAULT NULL,
  `updated_at` timestamp NULL DEFAULT NULL,
  `cae` varchar(180) COLLATE utf8mb4_unicode_ci DEFAULT NULL,
  `cae_vencimiento` date DEFAULT NULL,
  `nro_comprobante_afip` varchar(191) COLLATE utf8mb4_unicode_ci DEFAULT NULL,
  `fecha_proceso_afip` varchar(191) COLLATE utf8mb4_unicode_ci DEFAULT NULL,
  `person_id` int(10) unsigned NOT NULL,
  `person_id_receptor` int(10) unsigned NOT NULL,
  `condicion_venta_id` int(11) DEFAULT NULL,
  `cond_frente_iva_id` int(10) unsigned NOT NULL DEFAULT '1',
  `cbu` varchar(191) COLLATE utf8mb4_unicode_ci DEFAULT NULL,
  `opcion_transferencia` longtext COLLATE utf8mb4_unicode_ci,
  `referencia` text COLLATE utf8mb4_unicode_ci,
  `alias_cbu` varchar(191) COLLATE utf8mb4_unicode_ci DEFAULT NULL,
  `total_otros_tributos` decimal(16,2) DEFAULT '0.00',
  `total` decimal(16,2) NOT NULL DEFAULT '0.00',
  `moneda_id` int(10) unsigned NOT NULL DEFAULT '1',
  `cotizacion` decimal(9,2) NOT NULL DEFAULT '1.00',
  `deleted_at` timestamp NULL DEFAULT NULL,
  PRIMARY KEY (`id`),
  KEY `fact_elec_receipts_user_id_foreign` (`user_id`),
  KEY `fact_elec_receipts_punto_venta_id_foreign` (`punto_venta_id`),
  KEY `fact_elec_receipts_tipo_comprobante_id_foreign` (`tipo_comprobante_id`),
  KEY `fact_elec_receipts_person_id_foreign` (`person_id`),
  KEY `fact_elec_receipts_person_id_receptor_foreign` (`person_id_receptor`),
  KEY `fact_elec_receipts_cond_frente_iva_id_foreign` (`cond_frente_iva_id`),
  KEY `fact_elec_receipts_moneda_id_foreign` (`moneda_id`),
  CONSTRAINT `fact_elec_receipts_cond_frente_iva_id_foreign` FOREIGN KEY (`cond_frente_iva_id`) REFERENCES `condicion_frente_al_iva` (`id`),
  CONSTRAINT `fact_elec_receipts_moneda_id_foreign` FOREIGN KEY (`moneda_id`) REFERENCES `monedas` (`id`),
  CONSTRAINT `fact_elec_receipts_person_id_foreign` FOREIGN KEY (`person_id`) REFERENCES `persons` (`id`),
  CONSTRAINT `fact_elec_receipts_person_id_receptor_foreign` FOREIGN KEY (`person_id_receptor`) REFERENCES `persons` (`id`),
  CONSTRAINT `fact_elec_receipts_punto_venta_id_foreign` FOREIGN KEY (`punto_venta_id`) REFERENCES `fact_elec_puntos_venta` (`id`),
  CONSTRAINT `fact_elec_receipts_tipo_comprobante_id_foreign` FOREIGN KEY (`tipo_comprobante_id`) REFERENCES `receipt_types` (`id`)
) ENGINE=InnoDB DEFAULT CHARSET=utf8mb4 COLLATE=utf8mb4_unicode_ci;

--
-- Dumping data for table `fact_elec_receipts`
--


--
-- Table structure for table `fact_elec_tipos_docs_afip`
--

CREATE TABLE `fact_elec_tipos_docs_afip` (
  `id` int(10) unsigned NOT NULL AUTO_INCREMENT,
  `afip_tipo_doc_id` int(10) unsigned NOT NULL,
  `descripcion` varchar(180) COLLATE utf8mb4_unicode_ci NOT NULL,
  `created_at` timestamp NULL DEFAULT NULL,
  `updated_at` timestamp NULL DEFAULT NULL,
  PRIMARY KEY (`id`)
) ENGINE=InnoDB AUTO_INCREMENT=100 DEFAULT CHARSET=utf8mb4 COLLATE=utf8mb4_unicode_ci;

--
-- Dumping data for table `fact_elec_tipos_docs_afip`
--

INSERT INTO `fact_elec_tipos_docs_afip` VALUES (1,1,'CI Buenos Aires','2019-03-13 13:29:34','2019-03-13 13:29:34'),(2,2,'CI Catamarca','2019-03-13 13:29:34','2019-03-13 13:29:34'),(3,3,'CI Córdoba','2019-03-13 13:29:34','2019-03-13 13:29:34'),(4,4,'CI Corrientes','2019-03-13 13:29:34','2019-03-13 13:29:34'),(5,5,'CI Entre Ríos','2019-03-13 13:29:34','2019-03-13 13:29:34'),(6,6,'CI Jujuy','2019-03-13 13:29:34','2019-03-13 13:29:34'),(7,7,'CI Mendoza','2019-03-13 13:29:34','2019-03-13 13:29:34'),(8,8,'CI La Rioja','2019-03-13 13:29:34','2019-03-13 13:29:34'),(9,9,'CI Salta','2019-03-13 13:29:34','2019-03-13 13:29:34'),(10,10,'CI San Juan','2019-03-13 13:29:34','2019-03-13 13:29:34'),(11,11,'CI San Luis','2019-03-13 13:29:34','2019-03-13 13:29:34'),(12,12,'CI Santa Fe','2019-03-13 13:29:34','2019-03-13 13:29:34'),(13,13,'CI Santiago del Estero','2019-03-13 13:29:34','2019-03-13 13:29:34'),(14,14,'CI Tucumán','2019-03-13 13:29:34','2019-03-13 13:29:34'),(16,16,'CI Chaco','2019-03-13 13:29:34','2019-03-13 13:29:34'),(17,17,'CI Chubut','2019-03-13 13:29:34','2019-03-13 13:29:34'),(18,18,'CI Formosa','2019-03-13 13:29:34','2019-03-13 13:29:34'),(19,19,'CI Misiones','2019-03-13 13:29:34','2019-03-13 13:29:34'),(20,20,'CI Neuquén','2019-03-13 13:29:34','2019-03-13 13:29:34'),(21,21,'CI La Pampa','2019-03-13 13:29:34','2019-03-13 13:29:34'),(22,22,'CI Río Negro','2019-03-13 13:29:34','2019-03-13 13:29:34'),(23,23,'CI Santa Cruz','2019-03-13 13:29:34','2019-03-13 13:29:34'),(24,24,'CI Tierra del Fuego','2019-03-13 13:29:34','2019-03-13 13:29:34'),(80,80,'CUIT','2019-03-13 13:29:34','2019-03-13 13:29:34'),(86,86,'CUIL','2019-03-13 13:29:34','2019-03-13 13:29:34'),(87,87,'CDI','2019-03-13 13:29:34','2019-03-13 13:29:34'),(89,89,'LE','2019-03-13 13:29:34','2019-03-13 13:29:34'),(90,90,'LC','2019-03-13 13:29:34','2019-03-13 13:29:34'),(91,91,'CI Extranjera','2019-03-13 13:29:34','2019-03-13 13:29:34'),(92,92,'en trámite','2019-03-13 13:29:34','2019-03-13 13:29:34'),(93,93,'Acta Nacimiento','2019-03-13 13:29:34','2019-03-13 13:29:34'),(94,94,'Pasaporte','2019-03-13 13:29:34','2019-03-13 13:29:34'),(95,95,'CI Bs. As. RNP','2019-03-13 13:29:34','2019-03-13 13:29:34'),(96,96,'DNI','2019-03-13 13:29:34','2019-03-13 13:29:34'),(97,0,'CI Policía Federal','2019-03-13 13:29:34','2019-03-13 13:29:34'),(99,99,'Doc. (Otro)','2019-03-13 13:29:34','2019-03-13 13:29:34');

--
-- Table structure for table `failed_jobs`
--

CREATE TABLE `failed_jobs` (
  `id` bigint(20) unsigned NOT NULL AUTO_INCREMENT,
  `user_id` int(10) unsigned DEFAULT NULL,
  `connection` text COLLATE utf8mb4_unicode_ci NOT NULL,
  `queue` text COLLATE utf8mb4_unicode_ci NOT NULL,
  `payload` longtext COLLATE utf8mb4_unicode_ci NOT NULL,
  `exception` longtext COLLATE utf8mb4_unicode_ci NOT NULL,
  `failed_at` timestamp NOT NULL DEFAULT CURRENT_TIMESTAMP,
  `deleted_at` timestamp NULL DEFAULT NULL,
  PRIMARY KEY (`id`)
) ENGINE=InnoDB AUTO_INCREMENT=15 DEFAULT CHARSET=utf8mb4 COLLATE=utf8mb4_unicode_ci;

--
-- Dumping data for table `failed_jobs`
--

INSERT INTO `failed_jobs` VALUES (1,NULL,'database','finance','{\"uuid\":\"43588497-6fb9-45a2-96fc-5d81110cd57c\",\"displayName\":\"App\\\\Jobs\\\\QueueGenerica\",\"job\":\"Illuminate\\\\Queue\\\\CallQueuedHandler@call\",\"maxTries\":null,\"maxExceptions\":null,\"failOnTimeout\":false,\"backoff\":null,\"timeout\":null,\"retryUntil\":null,\"data\":{\"commandName\":\"App\\\\Jobs\\\\QueueGenerica\",\"command\":\"O:22:\\\"App\\\\Jobs\\\\QueueGenerica\\\":2:{s:28:\\\"\\u0000App\\\\Jobs\\\\QueueGenerica\\u0000data\\\";O:29:\\\"Illuminate\\\\Support\\\\Collection\\\":5:{s:8:\\\"\\u0000*\\u0000items\\\";a:0:{}s:28:\\\"\\u0000*\\u0000escapeWhenCastingToString\\\";b:0;s:11:\\\"controlador\\\";s:50:\\\"\\\\App\\\\Http\\\\Controllers\\\\Sueldo\\\\SyJCalcularController\\\";s:6:\\\"metodo\\\";s:26:\\\"execute_liquidacion_masiva\\\";s:9:\\\"variables\\\";O:29:\\\"Illuminate\\\\Support\\\\Collection\\\":4:{s:8:\\\"\\u0000*\\u0000items\\\";a:0:{}s:28:\\\"\\u0000*\\u0000escapeWhenCastingToString\\\";b:0;s:9:\\\"registros\\\";a:123:{i:0;s:4:\\\"9131\\\";i:1;s:4:\\\"9132\\\";i:2;s:4:\\\"9133\\\";i:3;s:4:\\\"9134\\\";i:4;s:4:\\\"9135\\\";i:5;s:4:\\\"9136\\\";i:6;s:4:\\\"9137\\\";i:7;s:4:\\\"9138\\\";i:8;s:4:\\\"9139\\\";i:9;s:4:\\\"9140\\\";i:10;s:4:\\\"9141\\\";i:11;s:4:\\\"9142\\\";i:12;s:4:\\\"9143\\\";i:13;s:4:\\\"9144\\\";i:14;s:4:\\\"9145\\\";i:15;s:4:\\\"9146\\\";i:16;s:4:\\\"9147\\\";i:17;s:4:\\\"9148\\\";i:18;s:4:\\\"9149\\\";i:19;s:4:\\\"9150\\\";i:20;s:4:\\\"9151\\\";i:21;s:4:\\\"9152\\\";i:22;s:4:\\\"9153\\\";i:23;s:4:\\\"9154\\\";i:24;s:4:\\\"9155\\\";i:25;s:4:\\\"9156\\\";i:26;s:4:\\\"9157\\\";i:27;s:4:\\\"9158\\\";i:28;s:4:\\\"9159\\\";i:29;s:4:\\\"9160\\\";i:30;s:4:\\\"9161\\\";i:31;s:4:\\\"9162\\\";i:32;s:4:\\\"9163\\\";i:33;s:4:\\\"9164\\\";i:34;s:4:\\\"9165\\\";i:35;s:4:\\\"9166\\\";i:36;s:4:\\\"9167\\\";i:37;s:4:\\\"9168\\\";i:38;s:4:\\\"9169\\\";i:39;s:4:\\\"9170\\\";i:40;s:4:\\\"9171\\\";i:41;s:4:\\\"9172\\\";i:42;s:4:\\\"9173\\\";i:43;s:4:\\\"9174\\\";i:44;s:4:\\\"9175\\\";i:45;s:4:\\\"9176\\\";i:46;s:4:\\\"9177\\\";i:47;s:4:\\\"9178\\\";i:48;s:4:\\\"9179\\\";i:49;s:4:\\\"9180\\\";i:50;s:4:\\\"9181\\\";i:51;s:4:\\\"9182\\\";i:52;s:4:\\\"9183\\\";i:53;s:4:\\\"9184\\\";i:54;s:4:\\\"9185\\\";i:55;s:4:\\\"9186\\\";i:56;s:4:\\\"9187\\\";i:57;s:4:\\\"9188\\\";i:58;s:4:\\\"9189\\\";i:59;s:4:\\\"9190\\\";i:60;s:4:\\\"9191\\\";i:61;s:4:\\\"9192\\\";i:62;s:4:\\\"9193\\\";i:63;s:4:\\\"9194\\\";i:64;s:4:\\\"9195\\\";i:65;s:4:\\\"9196\\\";i:66;s:4:\\\"9197\\\";i:67;s:4:\\\"9198\\\";i:68;s:4:\\\"9199\\\";i:69;s:4:\\\"9200\\\";i:70;s:4:\\\"9201\\\";i:71;s:4:\\\"9202\\\";i:72;s:4:\\\"9203\\\";i:73;s:4:\\\"9204\\\";i:74;s:4:\\\"9205\\\";i:75;s:4:\\\"9206\\\";i:76;s:4:\\\"9207\\\";i:77;s:4:\\\"9208\\\";i:78;s:4:\\\"9209\\\";i:79;s:4:\\\"9210\\\";i:80;s:4:\\\"9211\\\";i:81;s:4:\\\"9212\\\";i:82;s:4:\\\"9213\\\";i:83;s:4:\\\"9214\\\";i:84;s:4:\\\"9215\\\";i:85;s:4:\\\"9216\\\";i:86;s:4:\\\"9217\\\";i:87;s:4:\\\"9218\\\";i:88;s:4:\\\"9219\\\";i:89;s:4:\\\"9220\\\";i:90;s:4:\\\"9221\\\";i:91;s:4:\\\"9222\\\";i:92;s:4:\\\"9223\\\";i:93;s:4:\\\"9224\\\";i:94;s:4:\\\"9225\\\";i:95;s:4:\\\"9226\\\";i:96;s:4:\\\"9227\\\";i:97;s:4:\\\"9228\\\";i:98;s:4:\\\"9229\\\";i:99;s:4:\\\"9230\\\";i:100;s:4:\\\"9231\\\";i:101;s:4:\\\"9232\\\";i:102;s:4:\\\"9233\\\";i:103;s:4:\\\"9234\\\";i:104;s:4:\\\"9235\\\";i:105;s:4:\\\"9236\\\";i:106;s:4:\\\"9237\\\";i:107;s:4:\\\"9238\\\";i:108;s:4:\\\"9239\\\";i:109;s:4:\\\"9240\\\";i:110;s:4:\\\"9241\\\";i:111;s:4:\\\"9242\\\";i:112;s:4:\\\"9243\\\";i:113;s:4:\\\"9244\\\";i:114;s:4:\\\"9245\\\";i:115;s:4:\\\"9246\\\";i:116;s:4:\\\"9247\\\";i:117;s:4:\\\"9248\\\";i:118;s:4:\\\"9249\\\";i:119;s:4:\\\"9250\\\";i:120;s:4:\\\"9251\\\";i:121;s:4:\\\"9252\\\";i:122;s:4:\\\"9253\\\";}s:5:\\\"queue\\\";b:1;}}s:5:\\\"queue\\\";s:7:\\\"finance\\\";}\"}}','Illuminate\\Queue\\MaxAttemptsExceededException: App\\Jobs\\QueueGenerica has been attempted too many times. in /home/forge/taxes.com.ar/vendor/laravel/framework/src/Illuminate/Queue/MaxAttemptsExceededException.php:24\nStack trace:\n#0 /home/forge/taxes.com.ar/vendor/laravel/framework/src/Illuminate/Queue/Worker.php(785): Illuminate\\Queue\\MaxAttemptsExceededException::forJob()\n#1 /home/forge/taxes.com.ar/vendor/laravel/framework/src/Illuminate/Queue/Worker.php(519): Illuminate\\Queue\\Worker->maxAttemptsExceededException()\n#2 /home/forge/taxes.com.ar/vendor/laravel/framework/src/Illuminate/Queue/Worker.php(428): Illuminate\\Queue\\Worker->markJobAsFailedIfAlreadyExceedsMaxAttempts()\n#3 /home/forge/taxes.com.ar/vendor/laravel/framework/src/Illuminate/Queue/Worker.php(389): Illuminate\\Queue\\Worker->process()\n#4 /home/forge/taxes.com.ar/vendor/laravel/framework/src/Illuminate/Queue/Worker.php(176): Illuminate\\Queue\\Worker->runJob()\n#5 /home/forge/taxes.com.ar/vendor/laravel/framework/src/Illuminate/Queue/Console/WorkCommand.php(137): Illuminate\\Queue\\Worker->daemon()\n#6 /home/forge/taxes.com.ar/vendor/laravel/framework/src/Illuminate/Queue/Console/WorkCommand.php(120): Illuminate\\Queue\\Console\\WorkCommand->runWorker()\n#7 /home/forge/taxes.com.ar/vendor/laravel/framework/src/Illuminate/Container/BoundMethod.php(36): Illuminate\\Queue\\Console\\WorkCommand->handle()\n#8 /home/forge/taxes.com.ar/vendor/laravel/framework/src/Illuminate/Container/Util.php(41): Illuminate\\Container\\BoundMethod::Illuminate\\Container\\{closure}()\n#9 /home/forge/taxes.com.ar/vendor/laravel/framework/src/Illuminate/Container/BoundMethod.php(93): Illuminate\\Container\\Util::unwrapIfClosure()\n#10 /home/forge/taxes.com.ar/vendor/laravel/framework/src/Illuminate/Container/BoundMethod.php(35): Illuminate\\Container\\BoundMethod::callBoundMethod()\n#11 /home/forge/taxes.com.ar/vendor/laravel/framework/src/Illuminate/Container/Container.php(662): Illuminate\\Container\\BoundMethod::call()\n#12 /home/forge/taxes.com.ar/vendor/laravel/framework/src/Illuminate/Console/Command.php(211): Illuminate\\Container\\Container->call()\n#13 /home/forge/taxes.com.ar/vendor/symfony/console/Command/Command.php(326): Illuminate\\Console\\Command->execute()\n#14 /home/forge/taxes.com.ar/vendor/laravel/framework/src/Illuminate/Console/Command.php(180): Symfony\\Component\\Console\\Command\\Command->run()\n#15 /home/forge/taxes.com.ar/vendor/symfony/console/Application.php(1096): Illuminate\\Console\\Command->run()\n#16 /home/forge/taxes.com.ar/vendor/symfony/console/Application.php(324): Symfony\\Component\\Console\\Application->doRunCommand()\n#17 /home/forge/taxes.com.ar/vendor/symfony/console/Application.php(175): Symfony\\Component\\Console\\Application->doRun()\n#18 /home/forge/taxes.com.ar/vendor/laravel/framework/src/Illuminate/Foundation/Console/Kernel.php(201): Symfony\\Component\\Console\\Application->run()\n#19 /home/forge/taxes.com.ar/artisan(33): Illuminate\\Foundation\\Console\\Kernel->handle()\n#20 {main}','2025-03-20 09:49:04',NULL);
INSERT INTO `failed_jobs` VALUES (2,NULL,'database','finance','{\"uuid\":\"6278b80e-8035-4f48-bf9b-9c2cc27e65e2\",\"displayName\":\"App\\\\Jobs\\\\QueueGenerica\",\"job\":\"Illuminate\\\\Queue\\\\CallQueuedHandler@call\",\"maxTries\":null,\"maxExceptions\":null,\"failOnTimeout\":false,\"backoff\":null,\"timeout\":null,\"retryUntil\":null,\"data\":{\"commandName\":\"App\\\\Jobs\\\\QueueGenerica\",\"command\":\"O:22:\\\"App\\\\Jobs\\\\QueueGenerica\\\":2:{s:28:\\\"\\u0000App\\\\Jobs\\\\QueueGenerica\\u0000data\\\";O:29:\\\"Illuminate\\\\Support\\\\Collection\\\":5:{s:8:\\\"\\u0000*\\u0000items\\\";a:0:{}s:28:\\\"\\u0000*\\u0000escapeWhenCastingToString\\\";b:0;s:11:\\\"controlador\\\";s:50:\\\"\\\\App\\\\Http\\\\Controllers\\\\Sueldo\\\\SyJCalcularController\\\";s:6:\\\"metodo\\\";s:26:\\\"execute_liquidacion_masiva\\\";s:9:\\\"variables\\\";O:29:\\\"Illuminate\\\\Support\\\\Collection\\\":4:{s:8:\\\"\\u0000*\\u0000items\\\";a:0:{}s:28:\\\"\\u0000*\\u0000escapeWhenCastingToString\\\";b:0;s:9:\\\"registros\\\";a:50:{i:0;s:5:\\\"45862\\\";i:1;s:5:\\\"45863\\\";i:2;s:5:\\\"45864\\\";i:3;s:5:\\\"45865\\\";i:4;s:5:\\\"45866\\\";i:5;s:5:\\\"45867\\\";i:6;s:5:\\\"45868\\\";i:7;s:5:\\\"45869\\\";i:8;s:5:\\\"45870\\\";i:9;s:5:\\\"45871\\\";i:10;s:5:\\\"45872\\\";i:11;s:5:\\\"45873\\\";i:12;s:5:\\\"45874\\\";i:13;s:5:\\\"45875\\\";i:14;s:5:\\\"45876\\\";i:15;s:5:\\\"45877\\\";i:16;s:5:\\\"45878\\\";i:17;s:5:\\\"45879\\\";i:18;s:5:\\\"45880\\\";i:19;s:5:\\\"45881\\\";i:20;s:5:\\\"45882\\\";i:21;s:5:\\\"45883\\\";i:22;s:5:\\\"45884\\\";i:23;s:5:\\\"45885\\\";i:24;s:5:\\\"45886\\\";i:25;s:5:\\\"45887\\\";i:26;s:5:\\\"45888\\\";i:27;s:5:\\\"45889\\\";i:28;s:5:\\\"45890\\\";i:29;s:5:\\\"45891\\\";i:30;s:5:\\\"45892\\\";i:31;s:5:\\\"45893\\\";i:32;s:5:\\\"45894\\\";i:33;s:5:\\\"45895\\\";i:34;s:5:\\\"45896\\\";i:35;s:5:\\\"45897\\\";i:36;s:5:\\\"45898\\\";i:37;s:5:\\\"45899\\\";i:38;s:5:\\\"45900\\\";i:39;s:5:\\\"45901\\\";i:40;s:5:\\\"45902\\\";i:41;s:5:\\\"45903\\\";i:42;s:5:\\\"45904\\\";i:43;s:5:\\\"45905\\\";i:44;s:5:\\\"45906\\\";i:45;s:5:\\\"45907\\\";i:46;s:5:\\\"45908\\\";i:47;s:5:\\\"45909\\\";i:48;s:5:\\\"45910\\\";i:49;s:5:\\\"45911\\\";}s:5:\\\"queue\\\";b:1;}}s:5:\\\"queue\\\";s:7:\\\"finance\\\";}\"}}','Illuminate\\Queue\\MaxAttemptsExceededException: App\\Jobs\\QueueGenerica has been attempted too many times. in /home/forge/taxes.com.ar/vendor/laravel/framework/src/Illuminate/Queue/MaxAttemptsExceededException.php:24\nStack trace:\n#0 /home/forge/taxes.com.ar/vendor/laravel/framework/src/Illuminate/Queue/Worker.php(785): Illuminate\\Queue\\MaxAttemptsExceededException::forJob()\n#1 /home/forge/taxes.com.ar/vendor/laravel/framework/src/Illuminate/Queue/Worker.php(519): Illuminate\\Queue\\Worker->maxAttemptsExceededException()\n#2 /home/forge/taxes.com.ar/vendor/laravel/framework/src/Illuminate/Queue/Worker.php(428): Illuminate\\Queue\\Worker->markJobAsFailedIfAlreadyExceedsMaxAttempts()\n#3 /home/forge/taxes.com.ar/vendor/laravel/framework/src/Illuminate/Queue/Worker.php(389): Illuminate\\Queue\\Worker->process()\n#4 /home/forge/taxes.com.ar/vendor/laravel/framework/src/Illuminate/Queue/Worker.php(176): Illuminate\\Queue\\Worker->runJob()\n#5 /home/forge/taxes.com.ar/vendor/laravel/framework/src/Illuminate/Queue/Console/WorkCommand.php(137): Illuminate\\Queue\\Worker->daemon()\n#6 /home/forge/taxes.com.ar/vendor/laravel/framework/src/Illuminate/Queue/Console/WorkCommand.php(120): Illuminate\\Queue\\Console\\WorkCommand->runWorker()\n#7 /home/forge/taxes.com.ar/vendor/laravel/framework/src/Illuminate/Container/BoundMethod.php(36): Illuminate\\Queue\\Console\\WorkCommand->handle()\n#8 /home/forge/taxes.com.ar/vendor/laravel/framework/src/Illuminate/Container/Util.php(41): Illuminate\\Container\\BoundMethod::Illuminate\\Container\\{closure}()\n#9 /home/forge/taxes.com.ar/vendor/laravel/framework/src/Illuminate/Container/BoundMethod.php(93): Illuminate\\Container\\Util::unwrapIfClosure()\n#10 /home/forge/taxes.com.ar/vendor/laravel/framework/src/Illuminate/Container/BoundMethod.php(35): Illuminate\\Container\\BoundMethod::callBoundMethod()\n#11 /home/forge/taxes.com.ar/vendor/laravel/framework/src/Illuminate/Container/Container.php(662): Illuminate\\Container\\BoundMethod::call()\n#12 /home/forge/taxes.com.ar/vendor/laravel/framework/src/Illuminate/Console/Command.php(211): Illuminate\\Container\\Container->call()\n#13 /home/forge/taxes.com.ar/vendor/symfony/console/Command/Command.php(326): Illuminate\\Console\\Command->execute()\n#14 /home/forge/taxes.com.ar/vendor/laravel/framework/src/Illuminate/Console/Command.php(180): Symfony\\Component\\Console\\Command\\Command->run()\n#15 /home/forge/taxes.com.ar/vendor/symfony/console/Application.php(1096): Illuminate\\Console\\Command->run()\n#16 /home/forge/taxes.com.ar/vendor/symfony/console/Application.php(324): Symfony\\Component\\Console\\Application->doRunCommand()\n#17 /home/forge/taxes.com.ar/vendor/symfony/console/Application.php(175): Symfony\\Component\\Console\\Application->doRun()\n#18 /home/forge/taxes.com.ar/vendor/laravel/framework/src/Illuminate/Foundation/Console/Kernel.php(201): Symfony\\Component\\Console\\Application->run()\n#19 /home/forge/taxes.com.ar/artisan(33): Illuminate\\Foundation\\Console\\Kernel->handle()\n#20 {main}','2025-03-20 10:07:48',NULL);
INSERT INTO `failed_jobs` VALUES (4,NULL,'database','finance','{\"uuid\":\"5b09748a-83de-436b-9355-e7e81fcbf51c\",\"displayName\":\"App\\\\Jobs\\\\QueueGenerica\",\"job\":\"Illuminate\\\\Queue\\\\CallQueuedHandler@call\",\"maxTries\":null,\"maxExceptions\":null,\"failOnTimeout\":false,\"backoff\":null,\"timeout\":null,\"retryUntil\":null,\"data\":{\"commandName\":\"App\\\\Jobs\\\\QueueGenerica\",\"command\":\"O:22:\\\"App\\\\Jobs\\\\QueueGenerica\\\":2:{s:28:\\\"\\u0000App\\\\Jobs\\\\QueueGenerica\\u0000data\\\";O:29:\\\"Illuminate\\\\Support\\\\Collection\\\":5:{s:8:\\\"\\u0000*\\u0000items\\\";a:0:{}s:28:\\\"\\u0000*\\u0000escapeWhenCastingToString\\\";b:0;s:11:\\\"controlador\\\";s:46:\\\"\\\\App\\\\Http\\\\Controllers\\\\Data\\\\PortalIVAController\\\";s:6:\\\"metodo\\\";s:27:\\\"execute_importar_portal_iva\\\";s:9:\\\"variables\\\";O:29:\\\"Illuminate\\\\Support\\\\Collection\\\":14:{s:8:\\\"\\u0000*\\u0000items\\\";a:0:{}s:28:\\\"\\u0000*\\u0000escapeWhenCastingToString\\\";b:0;s:3:\\\"row\\\";O:29:\\\"Illuminate\\\\Support\\\\Collection\\\":2:{s:8:\\\"\\u0000*\\u0000items\\\";a:490:{i:1;O:29:\\\"Illuminate\\\\Support\\\\Collection\\\":2:{s:8:\\\"\\u0000*\\u0000items\\\";a:33:{i:0;i:45702;i:1;i:6;i:2;i:5;i:3;i:19071;i:4;i:19071;i:5;i:96;i:6;i:1111111;i:7;N;i:8;N;i:9;i:57171;i:10;s:3:\\\"PES\\\";i:11;i:1;i:12;i:0;i:13;i:0;i:14;i:0;i:15;i:0;i:16;i:0;i:17;i:0;i:18;i:0;i:19;i:0;i:20;N;i:21;N;i:22;N;i:23;N;i:24;N;i:25;N;i:26;N;i:27;d:47248.76;i:28;d:9922.24;i:29;N;i:30;N;i:31;d:47248.76;i:32;d:9922.2;}s:28:\\\"\\u0000*\\u0000escapeWhenCastingToString\\\";b:0;}i:2;O:29:\\\"Illuminate\\\\Support\\\\Collection\\\":2:{s:8:\\\"\\u0000*\\u0000items\\\";a:33:{i:0;i:45702;i:1;i:6;i:2;i:5;i:3;i:19072;i:4;i:19072;i:5;i:96;i:6;i:1111111;i:7;N;i:8;N;i:9;d:3333.5;i:10;s:3:\\\"PES\\\";i:11;i:1;i:12;i:0;i:13;i:0;i:14;i:0;i:15;i:0;i:16;i:0;i:17;i:0;i:18;i:0;i:19;i:0;i:20;N;i:21;N;i:22;N;i:23;N;i:24;N;i:25;N;i:26;N;i:27;d:2754.96;i:28;d:578.54;i:29;N;i:30;N;i:31;d:2754.96;i:32;d:578.5;}s:28:\\\"\\u0000*\\u0000escapeWhenCastingToString\\\";b:0;}i:3;O:29:\\\"Illuminate\\\\Support\\\\Collection\\\":2:{s:8:\\\"\\u0000*\\u0000items\\\";a:33:{i:0;i:45702;i:1;i:6;i:2;i:5;i:3;i:19073;i:4;i:19073;i:5;i:96;i:6;i:1111111;i:7;N;i:8;N;i:9;d:28027.5;i:10;s:3:\\\"PES\\\";i:11;i:1;i:12;i:0;i:13;i:0;i:14;i:0;i:15;i:0;i:16;i:0;i:17;i:0;i:18;i:0;i:19;i:0;i:20;N;i:21;N;i:22;N;i:23;N;i:24;N;i:25;d:12823.53;i:26;d:1346.47;i:27;d:11452.48;i:28;d:2405.02;i:29;N;i:30;N;i:31;d:24276.01;i:32;d:3751.5;}s:28:\\\"\\u0000*\\u0000escapeWhenCastingToString\\\";b:0;}i:4;O:29:\\\"Illuminate\\\\Support\\\\Collection\\\":2:{s:8:\\\"\\u0000*\\u0000items\\\";a:33:{i:0;i:45702;i:1;i:6;i:2;i:5;i:3;i:19074;i:4;i:19074;i:5;i:96;i:6;i:1111111;i:7;N;i:8;N;i:9;d:17656.5;i:10;s:3:\\\"PES\\\";i:11;i:1;i:12;i:0;i:13;i:0;i:14;i:0;i:15;i:0;i:16;i:0;i:17;i:0;i:18;i:0;i:19;i:0;i:20;N;i:21;N;i:22;N;i:23;N;i:24;N;i:25;d:15978.73;i:26;d:1677.77;i:27;N;i:28;N;i:29;N;i:30;N;i:31;d:15978.73;i:32;d:1677.8;}s:28:\\\"\\u0000*\\u0000escapeWhenCastingToString\\\";b:0;}i:5;O:29:\\\"Illuminate\\\\Support\\\\Collection\\\":2:{s:8:\\\"\\u0000*\\u0000items\\\";a:33:{i:0;i:45702;i:1;i:6;i:2;i:5;i:3;i:19075;i:4;i:19075;i:5;i:96;i:6;i:1111111;i:7;N;i:8;N;i:9;i:19544;i:10;s:3:\\\"PES\\\";i:11;i:1;i:12;i:0;i:13;i:0;i:14;i:0;i:15;i:0;i:16;i:0;i:17;i:0;i:18;i:0;i:19;i:0;i:20;N;i:21;N;i:22;N;i:23;N;i:24;N;i:25;N;i:26;N;i:27;d:16152.07;i:28;d:3391.93;i:29;N;i:30;N;i:31;d:16152.07;i:32;d:3391.9;}s:28:\\\"\\u0000*\\u0000escapeWhenCastingToString\\\";b:0;}i:6;O:29:\\\"Illuminate\\\\Support\\\\Collection\\\":2:{s:8:\\\"\\u0000*\\u0000items\\\";a:33:{i:0;i:45702;i:1;i:6;i:2;i:5;i:3;i:19076;i:4;i:19076;i:5;i:96;i:6;i:1111111;i:7;N;i:8;N;i:9;d:17197.7;i:10;s:3:\\\"PES\\\";i:11;i:1;i:12;i:0;i:13;i:0;i:14;i:0;i:15;i:0;i:16;i:0;i:17;i:0;i:18;i:0;i:19;i:0;i:20;N;i:21;N;i:22;N;i:23;N;i:24;N;i:25;d:8581.9;i:26;d:901.1;i:27;d:6375.79;i:28;d:1338.91;i:29;N;i:30;N;i:31;d:14957.69;i:32;i:2240;}s:28:\\\"\\u0000*\\u0000escapeWhenCastingToString\\\";b:0;}i:7;O:29:\\\"Illuminate\\\\Support\\\\Collection\\\":2:{s:8:\\\"\\u0000*\\u0000items\\\";a:33:{i:0;i:45702;i:1;i:6;i:2;i:5;i:3;i:19077;i:4;i:19077;i:5;i:96;i:6;i:1111111;i:7;N;i:8;N;i:9;d:18909.5;i:10;s:3:\\\"PES\\\";i:11;i:1;i:12;i:0;i:13;i:0;i:14;i:0;i:15;i:0;i:16;i:0;i:17;i:0;i:18;i:0;i:19;i:0;i:20;N;i:21;N;i:22;N;i:23;N;i:24;N;i:25;N;i:26;N;i:27;d:15627.69;i:28;d:3281.81;i:29;N;i:30;N;i:31;d:15627.69;i:32;d:3281.8;}s:28:\\\"\\u0000*\\u0000escapeWhenCastingToString\\\";b:0;}i:8;O:29:\\\"Illuminate\\\\Support\\\\Collection\\\":2:{s:8:\\\"\\u0000*\\u0000items\\\";a:33:{i:0;i:45702;i:1;i:6;i:2;i:5;i:3;i:19078;i:4;i:19078;i:5;i:96;i:6;i:1111111;i:7;N;i:8;N;i:9;d:29009.95;i:10;s:3:\\\"PES\\\";i:11;i:1;i:12;i:0;i:13;i:0;i:14;i:0;i:15;i:0;i:16;i:0;i:17;i:0;i:18;i:0;i:19;i:0;i:20;N;i:21;N;i:22;N;i:23;N;i:24;N;i:25;d:21728.46;i:26;d:2281.49;i:27;d:4132.23;i:28;d:867.77;i:29;N;i:30;N;i:31;d:25860.69;i:32;d:3149.3;}s:28:\\\"\\u0000*\\u0000escapeWhenCastingToString\\\";b:0;}i:9;O:29:\\\"Illuminate\\\\Support\\\\Collection\\\":2:{s:8:\\\"\\u0000*\\u0000items\\\";a:33:{i:0;i:45702;i:1;i:6;i:2;i:5;i:3;i:19079;i:4;i:19079;i:5;i:96;i:6;i:1111111;i:7;N;i:8;N;i:9;i:40287;i:10;s:3:\\\"PES\\\";i:11;i:1;i:12;i:0;i:13;i:0;i:14;i:0;i:15;i:0;i:16;i:0;i:17;i:0;i:18;i:0;i:19;i:0;i:20;N;i:21;N;i:22;N;i:23;N;i:24;N;i:25;d:17189.86;i:26;d:1804.94;i:27;d:17596.86;i:28;d:3695.34;i:29;N;i:30;N;i:31;d:34786.72;i:32;d:5500.3;}s:28:\\\"\\u0000*\\u0000escapeWhenCastingToString\\\";b:0;}i:10;O:29:\\\"Illuminate\\\\Support\\\\Collection\\\":2:{s:8:\\\"\\u0000*\\u0000items\\\";a:33:{i:0;i:45702;i:1;i:6;i:2;i:5;i:3;i:19080;i:4;i:19080;i:5;i:96;i:6;i:1111111;i:7;N;i:8;N;i:9;d:40151.3;i:10;s:3:\\\"PES\\\";i:11;i:1;i:12;i:0;i:13;i:0;i:14;i:0;i:15;i:0;i:16;i:0;i:17;i:0;i:18;i:0;i:19;i:0;i:20;N;i:21;N;i:22;N;i:23;N;i:24;N;i:25;d:20414.84;i:26;d:2143.56;i:27;d:14539.59;i:28;d:3053.31;i:29;N;i:30;N;i:31;d:34954.43;i:32;d:5196.9;}s:28:\\\"\\u0000*\\u0000escapeWhenCastingToString\\\";b:0;}i:11;O:29:\\\"Illuminate\\\\Support\\\\Collection\\\":2:{s:8:\\\"\\u0000*\\u0000items\\\";a:33:{i:0;i:45702;i:1;i:6;i:2;i:5;i:3;i:19081;i:4;i:19081;i:5;i:96;i:6;i:1111111;i:7;N;i:8;N;i:9;i:12744;i:10;s:3:\\\"PES\\\";i:11;i:1;i:12;i:0;i:13;i:0;i:14;i:0;i:15;i:0;i:16;i:0;i:17;i:0;i:18;i:0;i:19;i:0;i:20;N;i:21;N;i:22;N;i:23;N;i:24;N;i:25;N;i:26;N;i:27;d:10532.23;i:28;d:2211.77;i:29;N;i:30;N;i:31;d:10532.23;i:32;d:2211.8;}s:28:\\\"\\u0000*\\u0000escapeWhenCastingToString\\\";b:0;}i:12;O:29:\\\"Illuminate\\\\Support\\\\Collection\\\":2:{s:8:\\\"\\u0000*\\u0000items\\\";a:33:{i:0;i:45702;i:1;i:6;i:2;i:5;i:3;i:19082;i:4;i:19082;i:5;i:96;i:6;i:1111111;i:7;N;i:8;N;i:9;d:22411.95;i:10;s:3:\\\"PES\\\";i:11;i:1;i:12;i:0;i:13;i:0;i:14;i:0;i:15;i:0;i:16;i:0;i:17;i:0;i:18;i:0;i:19;i:0;i:20;N;i:21;N;i:22;N;i:23;N;i:24;N;i:25;d:20282.31;i:26;d:2129.64;i:27;N;i:28;N;i:29;N;i:30;N;i:31;d:20282.31;i:32;d:2129.6;}s:28:\\\"\\u0000*\\u0000escapeWhenCastingToString\\\";b:0;}i:13;O:29:\\\"Illuminate\\\\Support\\\\Collection\\\":2:{s:8:\\\"\\u0000*\\u0000items\\\";a:33:{i:0;i:45702;i:1;i:6;i:2;i:5;i:3;i:19083;i:4;i:19083;i:5;i:96;i:6;i:1111111;i:7;N;i:8;N;i:9;d:18496.85;i:10;s:3:\\\"PES\\\";i:11;i:1;i:12;i:0;i:13;i:0;i:14;i:0;i:15;i:0;i:16;i:0;i:17;i:0;i:18;i:0;i:19;i:0;i:20;N;i:21;N;i:22;N;i:23;N;i:24;N;i:25;d:16739.23;i:26;d:1757.62;i:27;N;i:28;N;i:29;N;i:30;N;i:31;d:16739.23;i:32;d:1757.6;}s:28:\\\"\\u0000*\\u0000escapeWhenCastingToString\\\";b:0;}i:14;O:29:\\\"Illuminate\\\\Support\\\\Collection\\\":2:{s:8:\\\"\\u0000*\\u0000items\\\";a:33:{i:0;i:45702;i:1;i:6;i:2;i:5;i:3;i:19084;i:4;i:19084;i:5;i:96;i:6;i:1111111;i:7;N;i:8;N;i:9;i:4750;i:10;s:3:\\\"PES\\\";i:11;i:1;i:12;i:0;i:13;i:0;i:14;i:0;i:15;i:0;i:16;i:0;i:17;i:0;i:18;i:0;i:19;i:0;i:20;N;i:21;N;i:22;N;i:23;N;i:24;N;i:25;N;i:26;N;i:27;d:3925.62;i:28;d:824.38;i:29;N;i:30;N;i:31;d:3925.62;i:32;d:824.4;}s:28:\\\"\\u0000*\\u0000escapeWhenCastingToString\\\";b:0;}i:15;O:29:\\\"Illuminate\\\\Support\\\\Collection\\\":2:{s:8:\\\"\\u0000*\\u0000items\\\";a:33:{i:0;i:45702;i:1;i:6;i:2;i:5;i:3;i:19085;i:4;i:19085;i:5;i:96;i:6;i:1111111;i:7;N;i:8;N;i:9;d:13009.5;i:10;s:3:\\\"PES\\\";i:11;i:1;i:12;i:0;i:13;i:0;i:14;i:0;i:15;i:0;i:16;i:0;i:17;i:0;i:18;i:0;i:19;i:0;i:20;N;i:21;N;i:22;N;i:23;N;i:24;N;i:25;d:11773.3;i:26;d:1236.2;i:27;N;i:28;N;i:29;N;i:30;N;i:31;d:11773.3;i:32;d:1236.2;}s:28:\\\"\\u0000*\\u0000escapeWhenCastingToString\\\";b:0;}i:16;O:29:\\\"Illuminate\\\\Support\\\\Collection\\\":2:{s:8:\\\"\\u0000*\\u0000items\\\";a:33:{i:0;i:45702;i:1;i:6;i:2;i:5;i:3;i:19086;i:4;i:19086;i:5;i:96;i:6;i:1111111;i:7;N;i:8;N;i:9;i:6431;i:10;s:3:\\\"PES\\\";i:11;i:1;i:12;i:0;i:13;i:0;i:14;i:0;i:15;i:0;i:16;i:0;i:17;i:0;i:18;i:0;i:19;i:0;i:20;N;i:21;N;i:22;N;i:23;N;i:24;N;i:25;d:5819.91;i:26;d:611.09;i:27;N;i:28;N;i:29;N;i:30;N;i:31;d:5819.91;i:32;d:611.1;}s:28:\\\"\\u0000*\\u0000escapeWhenCastingToString\\\";b:0;}i:17;O:29:\\\"Illuminate\\\\Support\\\\Collection\\\":2:{s:8:\\\"\\u0000*\\u0000items\\\";a:33:{i:0;i:45703;i:1;i:6;i:2;i:5;i:3;i:19087;i:4;i:19087;i:5;i:96;i:6;i:1111111;i:7;N;i:8;N;i:9;d:33752.5;i:10;s:3:\\\"PES\\\";i:11;i:1;i:12;i:0;i:13;i:0;i:14;i:0;i:15;i:0;i:16;i:0;i:17;i:0;i:18;i:0;i:19;i:0;i:20;N;i:21;N;i:22;N;i:23;N;i:24;N;i:25;i:14981;i:26;i:1573;i:27;d:14213.64;i:28;d:2984.86;i:29;N;i:30;N;i:31;d:29194.64;i:32;d:4557.9;}s:28:\\\"\\u0000*\\u0000escapeWhenCastingToString\\\";b:0;}i:18;O:29:\\\"Illuminate\\\\Support\\\\Collection\\\":2:{s:8:\\\"\\u0000*\\u0000items\\\";a:33:{i:0;i:45703;i:1;i:6;i:2;i:5;i:3;i:19088;i:4;i:19088;i:5;i:96;i:6;i:1111111;i:7;N;i:8;N;i:9;i:38445;i:10;s:3:\\\"PES\\\";i:11;i:1;i:12;i:0;i:13;i:0;i:14;i:0;i:15;i:0;i:16;i:0;i:17;i:0;i:18;i:0;i:19;i:0;i:20;N;i:21;N;i:22;N;i:23;N;i:24;N;i:25;N;i:26;N;i:27;d:31772.73;i:28;d:6672.27;i:29;N;i:30;N;i:31;d:31772.73;i:32;d:6672.3;}s:28:\\\"\\u0000*\\u0000escapeWhenCastingToString\\\";b:0;}i:19;O:29:\\\"Illuminate\\\\Support\\\\Collection\\\":2:{s:8:\\\"\\u0000*\\u0000items\\\";a:33:{i:0;i:45703;i:1;i:6;i:2;i:5;i:3;i:19089;i:4;i:19089;i:5;i:96;i:6;i:1111111;i:7;N;i:8;N;i:9;d:13189.9;i:10;s:3:\\\"PES\\\";i:11;i:1;i:12;i:0;i:13;i:0;i:14;i:0;i:15;i:0;i:16;i:0;i:17;i:0;i:18;i:0;i:19;i:0;i:20;N;i:21;N;i:22;N;i:23;N;i:24;N;i:25;d:6517.1;i:26;d:684.3;i:27;d:4949.17;i:28;d:1039.33;i:29;N;i:30;N;i:31;d:11466.27;i:32;d:1723.6;}s:28:\\\"\\u0000*\\u0000escapeWhenCastingToString\\\";b:0;}i:20;O:29:\\\"Illuminate\\\\Support\\\\Collection\\\":2:{s:8:\\\"\\u0000*\\u0000items\\\";a:33:{i:0;i:45703;i:1;i:6;i:2;i:5;i:3;i:19090;i:4;i:19090;i:5;i:96;i:6;i:1111111;i:7;N;i:8;N;i:9;d:44495.5;i:10;s:3:\\\"PES\\\";i:11;i:1;i:12;i:0;i:13;i:0;i:14;i:0;i:15;i:0;i:16;i:0;i:17;i:0;i:18;i:0;i:19;i:0;i:20;N;i:21;N;i:22;N;i:23;N;i:24;N;i:25;d:40267.42;i:26;d:4228.08;i:27;N;i:28;N;i:29;N;i:30;N;i:31;d:40267.42;i:32;d:4228.1;}s:28:\\\"\\u0000*\\u0000escapeWhenCastingToString\\\";b:0;}i:21;O:29:\\\"Illuminate\\\\Support\\\\Collection\\\":2:{s:8:\\\"\\u0000*\\u0000items\\\";a:33:{i:0;i:45703;i:1;i:6;i:2;i:5;i:3;i:19091;i:4;i:19091;i:5;i:96;i:6;i:1111111;i:7;N;i:8;N;i:9;d:10363.5;i:10;s:3:\\\"PES\\\";i:11;i:1;i:12;i:0;i:13;i:0;i:14;i:0;i:15;i:0;i:16;i:0;i:17;i:0;i:18;i:0;i:19;i:0;i:20;N;i:21;N;i:22;N;i:23;N;i:24;N;i:25;N;i:26;N;i:27;d:8564.88;i:28;d:1798.62;i:29;N;i:30;N;i:31;d:8564.88;i:32;d:1798.6;}s:28:\\\"\\u0000*\\u0000escapeWhenCastingToString\\\";b:0;}i:22;O:29:\\\"Illuminate\\\\Support\\\\Collection\\\":2:{s:8:\\\"\\u0000*\\u0000items\\\";a:33:{i:0;i:45703;i:1;i:6;i:2;i:5;i:3;i:19092;i:4;i:19092;i:5;i:96;i:6;i:1111111;i:7;N;i:8;N;i:9;d:26664.65;i:10;s:3:\\\"PES\\\";i:11;i:1;i:12;i:0;i:13;i:0;i:14;i:0;i:15;i:0;i:16;i:0;i:17;i:0;i:18;i:0;i:19;i:0;i:20;N;i:21;N;i:22;N;i:23;N;i:24;N;i:25;d:15486.88;i:26;d:1626.12;i:27;d:7893.93;i:28;d:1657.72;i:29;N;i:30;N;i:31;d:23380.81;i:32;d:3283.8;}s:28:\\\"\\u0000*\\u0000escapeWhenCastingToString\\\";b:0;}i:23;O:29:\\\"Illuminate\\\\Support\\\\Collection\\\":2:{s:8:\\\"\\u0000*\\u0000items\\\";a:33:{i:0;i:45703;i:1;i:6;i:2;i:5;i:3;i:19093;i:4;i:19093;i:5;i:96;i:6;i:1111111;i:7;N;i:8;N;i:9;d:19716.04;i:10;s:3:\\\"PES\\\";i:11;i:1;i:12;i:0;i:13;i:0;i:14;i:0;i:15;i:0;i:16;i:0;i:17;i:0;i:18;i:0;i:19;i:0;i:20;N;i:21;N;i:22;N;i:23;N;i:24;N;i:25;d:12823.53;i:26;d:1346.47;i:27;d:4583.51;i:28;d:962.54;i:29;N;i:30;N;i:31;d:17407.04;i:32;i:2309;}s:28:\\\"\\u0000*\\u0000escapeWhenCastingToString\\\";b:0;}i:24;O:29:\\\"Illuminate\\\\Support\\\\Collection\\\":2:{s:8:\\\"\\u0000*\\u0000items\\\";a:33:{i:0;i:45703;i:1;i:6;i:2;i:5;i:3;i:19094;i:4;i:19094;i:5;i:96;i:6;i:1111111;i:7;N;i:8;N;i:9;d:12544.3;i:10;s:3:\\\"PES\\\";i:11;i:1;i:12;i:0;i:13;i:0;i:14;i:0;i:15;i:0;i:16;i:0;i:17;i:0;i:18;i:0;i:19;i:0;i:20;N;i:21;N;i:22;N;i:23;N;i:24;N;i:25;d:11352.31;i:26;d:1191.99;i:27;N;i:28;N;i:29;N;i:30;N;i:31;d:11352.31;i:32;i:1192;}s:28:\\\"\\u0000*\\u0000escapeWhenCastingToString\\\";b:0;}i:25;O:29:\\\"Illuminate\\\\Support\\\\Collection\\\":2:{s:8:\\\"\\u0000*\\u0000items\\\";a:33:{i:0;i:45703;i:1;i:6;i:2;i:5;i:3;i:19095;i:4;i:19095;i:5;i:96;i:6;i:1111111;i:7;N;i:8;N;i:9;d:22868.8;i:10;s:3:\\\"PES\\\";i:11;i:1;i:12;i:0;i:13;i:0;i:14;i:0;i:15;i:0;i:16;i:0;i:17;i:0;i:18;i:0;i:19;i:0;i:20;N;i:21;N;i:22;N;i:23;N;i:24;N;i:25;i:7520;i:26;d:789.6;i:27;d:12032.4;i:28;d:2526.8;i:29;N;i:30;N;i:31;d:19552.4;i:32;d:3316.4;}s:28:\\\"\\u0000*\\u0000escapeWhenCastingToString\\\";b:0;}i:26;O:29:\\\"Illuminate\\\\Support\\\\Collection\\\":2:{s:8:\\\"\\u0000*\\u0000items\\\";a:33:{i:0;i:45703;i:1;i:6;i:2;i:5;i:3;i:19096;i:4;i:19096;i:5;i:96;i:6;i:1111111;i:7;N;i:8;N;i:9;d:8632.65;i:10;s:3:\\\"PES\\\";i:11;i:1;i:12;i:0;i:13;i:0;i:14;i:0;i:15;i:0;i:16;i:0;i:17;i:0;i:18;i:0;i:19;i:0;i:20;N;i:21;N;i:22;N;i:23;N;i:24;N;i:25;N;i:26;N;i:27;d:7134.42;i:28;d:1498.23;i:29;N;i:30;N;i:31;d:7134.42;i:32;d:1498.2;}s:28:\\\"\\u0000*\\u0000escapeWhenCastingToString\\\";b:0;}i:27;O:29:\\\"Illuminate\\\\Support\\\\Collection\\\":2:{s:8:\\\"\\u0000*\\u0000items\\\";a:33:{i:0;i:45703;i:1;i:6;i:2;i:5;i:3;i:19097;i:4;i:19097;i:5;i:96;i:6;i:1111111;i:7;N;i:8;N;i:9;d:5277.45;i:10;s:3:\\\"PES\\\";i:11;i:1;i:12;i:0;i:13;i:0;i:14;i:0;i:15;i:0;i:16;i:0;i:17;i:0;i:18;i:0;i:19;i:0;i:20;N;i:21;N;i:22;N;i:23;N;i:24;N;i:25;N;i:26;N;i:27;d:4361.53;i:28;d:915.92;i:29;N;i:30;N;i:31;d:4361.53;i:32;d:915.9;}s:28:\\\"\\u0000*\\u0000escapeWhenCastingToString\\\";b:0;}i:28;O:29:\\\"Illuminate\\\\Support\\\\Collection\\\":2:{s:8:\\\"\\u0000*\\u0000items\\\";a:33:{i:0;i:45703;i:1;i:6;i:2;i:5;i:3;i:19098;i:4;i:19098;i:5;i:96;i:6;i:1111111;i:7;N;i:8;N;i:9;d:38815.1;i:10;s:3:\\\"PES\\\";i:11;i:1;i:12;i:0;i:13;i:0;i:14;i:0;i:15;i:0;i:16;i:0;i:17;i:0;i:18;i:0;i:19;i:0;i:20;N;i:21;N;i:22;N;i:23;N;i:24;N;i:25;d:9755.66;i:26;d:1024.34;i:27;d:23169.5;i:28;d:4865.6;i:29;N;i:30;N;i:31;d:32925.16;i:32;d:5889.9;}s:28:\\\"\\u0000*\\u0000escapeWhenCastingToString\\\";b:0;}i:29;O:29:\\\"Illuminate\\\\Support\\\\Collection\\\":2:{s:8:\\\"\\u0000*\\u0000items\\\";a:33:{i:0;i:45703;i:1;i:6;i:2;i:5;i:3;i:19099;i:4;i:19099;i:5;i:96;i:6;i:1111111;i:7;N;i:8;N;i:9;d:19680.1;i:10;s:3:\\\"PES\\\";i:11;i:1;i:12;i:0;i:13;i:0;i:14;i:0;i:15;i:0;i:16;i:0;i:17;i:0;i:18;i:0;i:19;i:0;i:20;N;i:21;N;i:22;N;i:23;N;i:24;N;i:25;N;i:26;N;i:27;d:16264.55;i:28;d:3415.55;i:29;N;i:30;N;i:31;d:16264.55;i:32;d:3415.6;}s:28:\\\"\\u0000*\\u0000escapeWhenCastingToString\\\";b:0;}i:30;O:29:\\\"Illuminate\\\\Support\\\\Collection\\\":2:{s:8:\\\"\\u0000*\\u0000items\\\";a:33:{i:0;i:45703;i:1;i:6;i:2;i:5;i:3;i:19100;i:4;i:19100;i:5;i:96;i:6;i:1111111;i:7;N;i:8;N;i:9;d:15167.5;i:10;s:3:\\\"PES\\\";i:11;i:1;i:12;i:0;i:13;i:0;i:14;i:0;i:15;i:0;i:16;i:0;i:17;i:0;i:18;i:0;i:19;i:0;i:20;N;i:21;N;i:22;N;i:23;N;i:24;N;i:25;d:12957.01;i:26;d:1360.49;i:27;d:702.48;i:28;d:147.52;i:29;N;i:30;N;i:31;d:13659.49;i:32;i:1508;}s:28:\\\"\\u0000*\\u0000escapeWhenCastingToString\\\";b:0;}i:31;O:29:\\\"Illuminate\\\\Support\\\\Collection\\\":2:{s:8:\\\"\\u0000*\\u0000items\\\";a:33:{i:0;i:45703;i:1;i:6;i:2;i:5;i:3;i:19101;i:4;i:19101;i:5;i:96;i:6;i:1111111;i:7;N;i:8;N;i:9;d:12480.5;i:10;s:3:\\\"PES\\\";i:11;i:1;i:12;i:0;i:13;i:0;i:14;i:0;i:15;i:0;i:16;i:0;i:17;i:0;i:18;i:0;i:19;i:0;i:20;N;i:21;N;i:22;N;i:23;N;i:24;N;i:25;d:11294.57;i:26;d:1185.93;i:27;N;i:28;N;i:29;N;i:30;N;i:31;d:11294.57;i:32;d:1185.9;}s:28:\\\"\\u0000*\\u0000escapeWhenCastingToString\\\";b:0;}i:32;O:29:\\\"Illuminate\\\\Support\\\\Collection\\\":2:{s:8:\\\"\\u0000*\\u0000items\\\";a:33:{i:0;i:45703;i:1;i:6;i:2;i:5;i:3;i:19102;i:4;i:19102;i:5;i:96;i:6;i:1111111;i:7;N;i:8;N;i:9;d:10546.8;i:10;s:3:\\\"PES\\\";i:11;i:1;i:12;i:0;i:13;i:0;i:14;i:0;i:15;i:0;i:16;i:0;i:17;i:0;i:18;i:0;i:19;i:0;i:20;N;i:21;N;i:22;N;i:23;N;i:24;N;i:25;d:9544.62;i:26;d:1002.18;i:27;N;i:28;N;i:29;N;i:30;N;i:31;d:9544.62;i:32;d:1002.2;}s:28:\\\"\\u0000*\\u0000escapeWhenCastingToString\\\";b:0;}i:33;O:29:\\\"Illuminate\\\\Support\\\\Collection\\\":2:{s:8:\\\"\\u0000*\\u0000items\\\";a:33:{i:0;i:45703;i:1;i:6;i:2;i:5;i:3;i:19103;i:4;i:19103;i:5;i:96;i:6;i:1111111;i:7;N;i:8;N;i:9;d:21447.35;i:10;s:3:\\\"PES\\\";i:11;i:1;i:12;i:0;i:13;i:0;i:14;i:0;i:15;i:0;i:16;i:0;i:17;i:0;i:18;i:0;i:19;i:0;i:20;N;i:21;N;i:22;N;i:23;N;i:24;N;i:25;d:19409.37;i:26;d:2037.98;i:27;N;i:28;N;i:29;N;i:30;N;i:31;d:19409.37;i:32;i:2038;}s:28:\\\"\\u0000*\\u0000escapeWhenCastingToString\\\";b:0;}i:34;O:29:\\\"Illuminate\\\\Support\\\\Collection\\\":2:{s:8:\\\"\\u0000*\\u0000items\\\";a:33:{i:0;i:45703;i:1;i:6;i:2;i:5;i:3;i:19104;i:4;i:19104;i:5;i:96;i:6;i:1111111;i:7;N;i:8;N;i:9;d:7870.15;i:10;s:3:\\\"PES\\\";i:11;i:1;i:12;i:0;i:13;i:0;i:14;i:0;i:15;i:0;i:16;i:0;i:17;i:0;i:18;i:0;i:19;i:0;i:20;N;i:21;N;i:22;N;i:23;N;i:24;N;i:25;d:7122.31;i:26;d:747.84;i:27;N;i:28;N;i:29;N;i:30;N;i:31;d:7122.31;i:32;d:747.8;}s:28:\\\"\\u0000*\\u0000escapeWhenCastingToString\\\";b:0;}i:35;O:29:\\\"Illuminate\\\\Support\\\\Collection\\\":2:{s:8:\\\"\\u0000*\\u0000items\\\";a:33:{i:0;i:45703;i:1;i:6;i:2;i:5;i:3;i:19105;i:4;i:19105;i:5;i:96;i:6;i:1111111;i:7;N;i:8;N;i:9;i:27768;i:10;s:3:\\\"PES\\\";i:11;i:1;i:12;i:0;i:13;i:0;i:14;i:0;i:15;i:0;i:16;i:0;i:17;i:0;i:18;i:0;i:19;i:0;i:20;N;i:21;N;i:22;N;i:23;N;i:24;N;i:25;d:20498.19;i:26;d:2152.31;i:27;d:4229.34;i:28;d:888.16;i:29;N;i:30;N;i:31;d:24727.53;i:32;d:3040.5;}s:28:\\\"\\u0000*\\u0000escapeWhenCastingToString\\\";b:0;}i:36;O:29:\\\"Illuminate\\\\Support\\\\Collection\\\":2:{s:8:\\\"\\u0000*\\u0000items\\\";a:33:{i:0;i:45703;i:1;i:6;i:2;i:5;i:3;i:19106;i:4;i:19106;i:5;i:96;i:6;i:1111111;i:7;N;i:8;N;i:9;i:15824;i:10;s:3:\\\"PES\\\";i:11;i:1;i:12;i:0;i:13;i:0;i:14;i:0;i:15;i:0;i:16;i:0;i:17;i:0;i:18;i:0;i:19;i:0;i:20;N;i:21;N;i:22;N;i:23;N;i:24;N;i:25;d:6338.01;i:26;d:665.49;i:27;d:7289.67;i:28;d:1530.83;i:29;N;i:30;N;i:31;d:13627.68;i:32;d:2196.3;}s:28:\\\"\\u0000*\\u0000escapeWhenCastingToString\\\";b:0;}i:37;O:29:\\\"Illuminate\\\\Support\\\\Collection\\\":2:{s:8:\\\"\\u0000*\\u0000items\\\";a:33:{i:0;i:45703;i:1;i:6;i:2;i:5;i:3;i:19107;i:4;i:19107;i:5;i:96;i:6;i:1111111;i:7;N;i:8;N;i:9;d:15900.5;i:10;s:3:\\\"PES\\\";i:11;i:1;i:12;i:0;i:13;i:0;i:14;i:0;i:15;i:0;i:16;i:0;i:17;i:0;i:18;i:0;i:19;i:0;i:20;N;i:21;N;i:22;N;i:23;N;i:24;N;i:25;N;i:26;N;i:27;d:13140.91;i:28;d:2759.59;i:29;N;i:30;N;i:31;d:13140.91;i:32;d:2759.6;}s:28:\\\"\\u0000*\\u0000escapeWhenCastingToString\\\";b:0;}i:38;O:29:\\\"Illuminate\\\\Support\\\\Collection\\\":2:{s:8:\\\"\\u0000*\\u0000items\\\";a:33:{i:0;i:45703;i:1;i:6;i:2;i:5;i:3;i:19108;i:4;i:19108;i:5;i:96;i:6;i:1111111;i:7;N;i:8;N;i:9;i:29539;i:10;s:3:\\\"PES\\\";i:11;i:1;i:12;i:0;i:13;i:0;i:14;i:0;i:15;i:0;i:16;i:0;i:17;i:0;i:18;i:0;i:19;i:0;i:20;N;i:21;N;i:22;N;i:23;N;i:24;N;i:25;d:26732.13;i:26;d:2806.87;i:27;N;i:28;N;i:29;N;i:30;N;i:31;d:26732.13;i:32;d:2806.9;}s:28:\\\"\\u0000*\\u0000escapeWhenCastingToString\\\";b:0;}i:39;O:29:\\\"Illuminate\\\\Support\\\\Collection\\\":2:{s:8:\\\"\\u0000*\\u0000items\\\";a:33:{i:0;i:45703;i:1;i:6;i:2;i:5;i:3;i:19109;i:4;i:19109;i:5;i:96;i:6;i:1111111;i:7;N;i:8;N;i:9;d:55638.55;i:10;s:3:\\\"PES\\\";i:11;i:1;i:12;i:0;i:13;i:0;i:14;i:0;i:15;i:0;i:16;i:0;i:17;i:0;i:18;i:0;i:19;i:0;i:20;N;i:21;N;i:22;N;i:23;N;i:24;N;i:25;d:25347.06;i:26;d:2661.44;i:27;d:22834.75;i:28;d:4795.3;i:29;N;i:30;N;i:31;d:48181.81;i:32;d:7456.7;}s:28:\\\"\\u0000*\\u0000escapeWhenCastingToString\\\";b:0;}i:40;O:29:\\\"Illuminate\\\\Support\\\\Collection\\\":2:{s:8:\\\"\\u0000*\\u0000items\\\";a:33:{i:0;i:45703;i:1;i:6;i:2;i:5;i:3;i:19110;i:4;i:19110;i:5;i:96;i:6;i:1111111;i:7;N;i:8;N;i:9;d:12916.5;i:10;s:3:\\\"PES\\\";i:11;i:1;i:12;i:0;i:13;i:0;i:14;i:0;i:15;i:0;i:16;i:0;i:17;i:0;i:18;i:0;i:19;i:0;i:20;N;i:21;N;i:22;N;i:23;N;i:24;N;i:25;d:11689.14;i:26;d:1227.36;i:27;N;i:28;N;i:29;N;i:30;N;i:31;d:11689.14;i:32;d:1227.4;}s:28:\\\"\\u0000*\\u0000escapeWhenCastingToString\\\";b:0;}i:41;O:29:\\\"Illuminate\\\\Support\\\\Collection\\\":2:{s:8:\\\"\\u0000*\\u0000items\\\";a:33:{i:0;i:45703;i:1;i:6;i:2;i:5;i:3;i:19111;i:4;i:19111;i:5;i:96;i:6;i:1111111;i:7;N;i:8;N;i:9;d:13395.6;i:10;s:3:\\\"PES\\\";i:11;i:1;i:12;i:0;i:13;i:0;i:14;i:0;i:15;i:0;i:16;i:0;i:17;i:0;i:18;i:0;i:19;i:0;i:20;N;i:21;N;i:22;N;i:23;N;i:24;N;i:25;d:12122.71;i:26;d:1272.89;i:27;N;i:28;N;i:29;N;i:30;N;i:31;d:12122.71;i:32;d:1272.9;}s:28:\\\"\\u0000*\\u0000escapeWhenCastingToString\\\";b:0;}i:42;O:29:\\\"Illuminate\\\\Support\\\\Collection\\\":2:{s:8:\\\"\\u0000*\\u0000items\\\";a:33:{i:0;i:45703;i:1;i:6;i:2;i:5;i:3;i:19112;i:4;i:19112;i:5;i:96;i:6;i:1111111;i:7;N;i:8;N;i:9;d:31063.9;i:10;s:3:\\\"PES\\\";i:11;i:1;i:12;i:0;i:13;i:0;i:14;i:0;i:15;i:0;i:16;i:0;i:17;i:0;i:18;i:0;i:19;i:0;i:20;N;i:21;N;i:22;N;i:23;N;i:24;N;i:25;d:5495.38;i:26;d:577.02;i:27;d:20654.13;i:28;d:4337.37;i:29;N;i:30;N;i:31;d:26149.51;i:32;d:4914.4;}s:28:\\\"\\u0000*\\u0000escapeWhenCastingToString\\\";b:0;}i:43;O:29:\\\"Illuminate\\\\Support\\\\Collection\\\":2:{s:8:\\\"\\u0000*\\u0000items\\\";a:33:{i:0;i:45703;i:1;i:6;i:2;i:5;i:3;i:19113;i:4;i:19113;i:5;i:96;i:6;i:1111111;i:7;N;i:8;N;i:9;d:34750.25;i:10;s:3:\\\"PES\\\";i:11;i:1;i:12;i:0;i:13;i:0;i:14;i:0;i:15;i:0;i:16;i:0;i:17;i:0;i:18;i:0;i:19;i:0;i:20;N;i:21;N;i:22;N;i:23;N;i:24;N;i:25;d:18446.15;i:26;d:1936.85;i:27;d:11873.76;i:28;d:2493.49;i:29;N;i:30;N;i:31;d:30319.91;i:32;d:4430.3;}s:28:\\\"\\u0000*\\u0000escapeWhenCastingToString\\\";b:0;}i:44;O:29:\\\"Illuminate\\\\Support\\\\Collection\\\":2:{s:8:\\\"\\u0000*\\u0000items\\\";a:33:{i:0;i:45703;i:1;i:6;i:2;i:5;i:3;i:19114;i:4;i:19114;i:5;i:96;i:6;i:1111111;i:7;N;i:8;N;i:9;d:21808.8;i:10;s:3:\\\"PES\\\";i:11;i:1;i:12;i:0;i:13;i:0;i:14;i:0;i:15;i:0;i:16;i:0;i:17;i:0;i:18;i:0;i:19;i:0;i:20;N;i:21;N;i:22;N;i:23;N;i:24;N;i:25;d:17538.46;i:26;d:1841.54;i:27;d:2007.27;i:28;d:421.53;i:29;N;i:30;N;i:31;d:19545.73;i:32;d:2263.1;}s:28:\\\"\\u0000*\\u0000escapeWhenCastingToString\\\";b:0;}i:45;O:29:\\\"Illuminate\\\\Support\\\\Collection\\\":2:{s:8:\\\"\\u0000*\\u0000items\\\";a:33:{i:0;i:45703;i:1;i:6;i:2;i:5;i:3;i:19115;i:4;i:19115;i:5;i:96;i:6;i:1111111;i:7;N;i:8;N;i:9;d:19392.8;i:10;s:3:\\\"PES\\\";i:11;i:1;i:12;i:0;i:13;i:0;i:14;i:0;i:15;i:0;i:16;i:0;i:17;i:0;i:18;i:0;i:19;i:0;i:20;N;i:21;N;i:22;N;i:23;N;i:24;N;i:25;d:13661.99;i:26;d:1434.51;i:27;d:3550.66;i:28;d:745.64;i:29;N;i:30;N;i:31;d:17212.65;i:32;d:2180.2;}s:28:\\\"\\u0000*\\u0000escapeWhenCastingToString\\\";b:0;}i:46;O:29:\\\"Illuminate\\\\Support\\\\Collection\\\":2:{s:8:\\\"\\u0000*\\u0000items\\\";a:33:{i:0;i:45703;i:1;i:6;i:2;i:5;i:3;i:19116;i:4;i:19116;i:5;i:96;i:6;i:1111111;i:7;N;i:8;N;i:9;d:10334.75;i:10;s:3:\\\"PES\\\";i:11;i:1;i:12;i:0;i:13;i:0;i:14;i:0;i:15;i:0;i:16;i:0;i:17;i:0;i:18;i:0;i:19;i:0;i:20;N;i:21;N;i:22;N;i:23;N;i:24;N;i:25;d:9352.71;i:26;d:982.04;i:27;N;i:28;N;i:29;N;i:30;N;i:31;d:9352.71;i:32;i:982;}s:28:\\\"\\u0000*\\u0000escapeWhenCastingToString\\\";b:0;}i:47;O:29:\\\"Illuminate\\\\Support\\\\Collection\\\":2:{s:8:\\\"\\u0000*\\u0000items\\\";a:33:{i:0;i:45703;i:1;i:6;i:2;i:5;i:3;i:19117;i:4;i:19117;i:5;i:96;i:6;i:1111111;i:7;N;i:8;N;i:9;i:36494;i:10;s:3:\\\"PES\\\";i:11;i:1;i:12;i:0;i:13;i:0;i:14;i:0;i:15;i:0;i:16;i:0;i:17;i:0;i:18;i:0;i:19;i:0;i:20;N;i:21;N;i:22;N;i:23;N;i:24;N;i:25;d:23558.82;i:26;d:2473.68;i:27;d:8645.87;i:28;d:1815.63;i:29;N;i:30;N;i:31;d:32204.69;i:32;d:4289.3;}s:28:\\\"\\u0000*\\u0000escapeWhenCastingToString\\\";b:0;}i:48;O:29:\\\"Illuminate\\\\Support\\\\Collection\\\":2:{s:8:\\\"\\u0000*\\u0000items\\\";a:33:{i:0;i:45703;i:1;i:6;i:2;i:5;i:3;i:19118;i:4;i:19118;i:5;i:96;i:6;i:1111111;i:7;N;i:8;N;i:9;d:16076.55;i:10;s:3:\\\"PES\\\";i:11;i:1;i:12;i:0;i:13;i:0;i:14;i:0;i:15;i:0;i:16;i:0;i:17;i:0;i:18;i:0;i:19;i:0;i:20;N;i:21;N;i:22;N;i:23;N;i:24;N;i:25;d:14548.91;i:26;d:1527.64;i:27;N;i:28;N;i:29;N;i:30;N;i:31;d:14548.91;i:32;d:1527.6;}s:28:\\\"\\u0000*\\u0000escapeWhenCastingToString\\\";b:0;}i:49;O:29:\\\"Illuminate\\\\Support\\\\Collection\\\":2:{s:8:\\\"\\u0000*\\u0000items\\\";a:33:{i:0;i:45703;i:1;i:6;i:2;i:5;i:3;i:19119;i:4;i:19119;i:5;i:96;i:6;i:1111111;i:7;N;i:8;N;i:9;d:19395.5;i:10;s:3:\\\"PES\\\";i:11;i:1;i:12;i:0;i:13;i:0;i:14;i:0;i:15;i:0;i:16;i:0;i:17;i:0;i:18;i:0;i:19;i:0;i:20;N;i:21;N;i:22;N;i:23;N;i:24;N;i:25;d:16059.28;i:26;d:1686.22;i:27;d:1363.64;i:28;d:286.36;i:29;N;i:30;N;i:31;d:17422.92;i:32;d:1972.6;}s:28:\\\"\\u0000*\\u0000escapeWhenCastingToString\\\";b:0;}i:50;O:29:\\\"Illuminate\\\\Support\\\\Collection\\\":2:{s:8:\\\"\\u0000*\\u0000items\\\";a:33:{i:0;i:45703;i:1;i:6;i:2;i:5;i:3;i:19120;i:4;i:19120;i:5;i:96;i:6;i:1111111;i:7;N;i:8;N;i:9;d:55640.15;i:10;s:3:\\\"PES\\\";i:11;i:1;i:12;i:0;i:13;i:0;i:14;i:0;i:15;i:0;i:16;i:0;i:17;i:0;i:18;i:0;i:19;i:0;i:20;N;i:21;N;i:22;N;i:23;N;i:24;N;i:25;d:34376.92;i:26;d:3609.58;i:27;d:14589.79;i:28;d:3063.86;i:29;N;i:30;N;i:31;d:48966.71;i:32;d:6673.4;}s:28:\\\"\\u0000*\\u0000escapeWhenCastingToString\\\";b:0;}i:51;O:29:\\\"Illuminate\\\\Support\\\\Collection\\\":2:{s:8:\\\"\\u0000*\\u0000items\\\";a:33:{i:0;i:45703;i:1;i:6;i:2;i:5;i:3;i:19121;i:4;i:19121;i:5;i:96;i:6;i:1111111;i:7;N;i:8;N;i:9;d:28007.45;i:10;s:3:\\\"PES\\\";i:11;i:1;i:12;i:0;i:13;i:0;i:14;i:0;i:15;i:0;i:16;i:0;i:17;i:0;i:18;i:0;i:19;i:0;i:20;N;i:21;N;i:22;N;i:23;N;i:24;N;i:25;d:18988.69;i:26;d:1993.81;i:27;d:5805.74;i:28;d:1219.21;i:29;N;i:30;N;i:31;d:24794.43;i:32;i:3213;}s:28:\\\"\\u0000*\\u0000escapeWhenCastingToString\\\";b:0;}i:52;O:29:\\\"Illuminate\\\\Support\\\\Collection\\\":2:{s:8:\\\"\\u0000*\\u0000items\\\";a:33:{i:0;i:45703;i:1;i:6;i:2;i:5;i:3;i:19122;i:4;i:19122;i:5;i:96;i:6;i:1111111;i:7;N;i:8;N;i:9;i:12956;i:10;s:3:\\\"PES\\\";i:11;i:1;i:12;i:0;i:13;i:0;i:14;i:0;i:15;i:0;i:16;i:0;i:17;i:0;i:18;i:0;i:19;i:0;i:20;N;i:21;N;i:22;N;i:23;N;i:24;N;i:25;d:11724.89;i:26;d:1231.11;i:27;N;i:28;N;i:29;N;i:30;N;i:31;d:11724.89;i:32;d:1231.1;}s:28:\\\"\\u0000*\\u0000escapeWhenCastingToString\\\";b:0;}i:53;O:29:\\\"Illuminate\\\\Support\\\\Collection\\\":2:{s:8:\\\"\\u0000*\\u0000items\\\";a:33:{i:0;i:45703;i:1;i:6;i:2;i:5;i:3;i:19123;i:4;i:19123;i:5;i:96;i:6;i:1111111;i:7;N;i:8;N;i:9;d:13936.95;i:10;s:3:\\\"PES\\\";i:11;i:1;i:12;i:0;i:13;i:0;i:14;i:0;i:15;i:0;i:16;i:0;i:17;i:0;i:18;i:0;i:19;i:0;i:20;N;i:21;N;i:22;N;i:23;N;i:24;N;i:25;N;i:26;N;i:27;d:11518.14;i:28;d:2418.81;i:29;N;i:30;N;i:31;d:11518.14;i:32;d:2418.8;}s:28:\\\"\\u0000*\\u0000escapeWhenCastingToString\\\";b:0;}i:54;O:29:\\\"Illuminate\\\\Support\\\\Collection\\\":2:{s:8:\\\"\\u0000*\\u0000items\\\";a:33:{i:0;i:45703;i:1;i:6;i:2;i:5;i:3;i:19124;i:4;i:19124;i:5;i:96;i:6;i:1111111;i:7;N;i:8;N;i:9;d:17143.45;i:10;s:3:\\\"PES\\\";i:11;i:1;i:12;i:0;i:13;i:0;i:14;i:0;i:15;i:0;i:16;i:0;i:17;i:0;i:18;i:0;i:19;i:0;i:20;N;i:21;N;i:22;N;i:23;N;i:24;N;i:25;d:15514.43;i:26;d:1629.02;i:27;N;i:28;N;i:29;N;i:30;N;i:31;d:15514.43;i:32;i:1629;}s:28:\\\"\\u0000*\\u0000escapeWhenCastingToString\\\";b:0;}i:55;O:29:\\\"Illuminate\\\\Support\\\\Collection\\\":2:{s:8:\\\"\\u0000*\\u0000items\\\";a:33:{i:0;i:45703;i:1;i:6;i:2;i:5;i:3;i:19125;i:4;i:19125;i:5;i:96;i:6;i:1111111;i:7;N;i:8;N;i:9;d:49409.6;i:10;s:3:\\\"PES\\\";i:11;i:1;i:12;i:0;i:13;i:0;i:14;i:0;i:15;i:0;i:16;i:0;i:17;i:0;i:18;i:0;i:19;i:0;i:20;N;i:21;N;i:22;N;i:23;N;i:24;N;i:25;d:22523.85;i:26;i:2365;i:27;d:20265.08;i:28;d:4255.67;i:29;N;i:30;N;i:31;d:42788.93;i:32;d:6620.7;}s:28:\\\"\\u0000*\\u0000escapeWhenCastingToString\\\";b:0;}i:56;O:29:\\\"Illuminate\\\\Support\\\\Collection\\\":2:{s:8:\\\"\\u0000*\\u0000items\\\";a:33:{i:0;i:45703;i:1;i:6;i:2;i:5;i:3;i:19126;i:4;i:19126;i:5;i:96;i:6;i:1111111;i:7;N;i:8;N;i:9;d:21175.95;i:10;s:3:\\\"PES\\\";i:11;i:1;i:12;i:0;i:13;i:0;i:14;i:0;i:15;i:0;i:16;i:0;i:17;i:0;i:18;i:0;i:19;i:0;i:20;N;i:21;N;i:22;N;i:23;N;i:24;N;i:25;d:14497.69;i:26;d:1522.26;i:27;d:4261.16;i:28;d:894.84;i:29;N;i:30;N;i:31;d:18758.85;i:32;d:2417.1;}s:28:\\\"\\u0000*\\u0000escapeWhenCastingToString\\\";b:0;}i:57;O:29:\\\"Illuminate\\\\Support\\\\Collection\\\":2:{s:8:\\\"\\u0000*\\u0000items\\\";a:33:{i:0;i:45703;i:1;i:6;i:2;i:5;i:3;i:19127;i:4;i:19127;i:5;i:96;i:6;i:1111111;i:7;N;i:8;N;i:9;d:45461.29;i:10;s:3:\\\"PES\\\";i:11;i:1;i:12;i:0;i:13;i:0;i:14;i:0;i:15;i:0;i:16;i:0;i:17;i:0;i:18;i:0;i:19;i:0;i:20;N;i:21;N;i:22;N;i:23;N;i:24;N;i:25;d:16352.94;i:26;d:1717.06;i:27;d:22637.43;i:28;d:4753.86;i:29;N;i:30;N;i:31;d:38990.37;i:32;d:6470.9;}s:28:\\\"\\u0000*\\u0000escapeWhenCastingToString\\\";b:0;}i:58;O:29:\\\"Illuminate\\\\Support\\\\Collection\\\":2:{s:8:\\\"\\u0000*\\u0000items\\\";a:33:{i:0;i:45703;i:1;i:6;i:2;i:5;i:3;i:19128;i:4;i:19128;i:5;i:96;i:6;i:1111111;i:7;N;i:8;N;i:9;d:28350.5;i:10;s:3:\\\"PES\\\";i:11;i:1;i:12;i:0;i:13;i:0;i:14;i:0;i:15;i:0;i:16;i:0;i:17;i:0;i:18;i:0;i:19;i:0;i:20;N;i:21;N;i:22;N;i:23;N;i:24;N;i:25;d:17903.62;i:26;d:1879.88;i:27;d:7080.16;i:28;d:1486.83;i:29;N;i:30;N;i:31;d:24983.78;i:32;d:3366.7;}s:28:\\\"\\u0000*\\u0000escapeWhenCastingToString\\\";b:0;}i:59;O:29:\\\"Illuminate\\\\Support\\\\Collection\\\":2:{s:8:\\\"\\u0000*\\u0000items\\\";a:33:{i:0;i:45703;i:1;i:6;i:2;i:5;i:3;i:19129;i:4;i:19129;i:5;i:96;i:6;i:1111111;i:7;N;i:8;N;i:9;d:22980.5;i:10;s:3:\\\"PES\\\";i:11;i:1;i:12;i:0;i:13;i:0;i:14;i:0;i:15;i:0;i:16;i:0;i:17;i:0;i:18;i:0;i:19;i:0;i:20;N;i:21;N;i:22;N;i:23;N;i:24;N;i:25;N;i:26;N;i:27;d:18992.15;i:28;d:3988.35;i:29;N;i:30;N;i:31;d:18992.15;i:32;d:3988.4;}s:28:\\\"\\u0000*\\u0000escapeWhenCastingToString\\\";b:0;}i:60;O:29:\\\"Illuminate\\\\Support\\\\Collection\\\":2:{s:8:\\\"\\u0000*\\u0000items\\\";a:33:{i:0;i:45703;i:1;i:6;i:2;i:5;i:3;i:19130;i:4;i:19130;i:5;i:96;i:6;i:1111111;i:7;N;i:8;N;i:9;d:6047.5;i:10;s:3:\\\"PES\\\";i:11;i:1;i:12;i:0;i:13;i:0;i:14;i:0;i:15;i:0;i:16;i:0;i:17;i:0;i:18;i:0;i:19;i:0;i:20;N;i:21;N;i:22;N;i:23;N;i:24;N;i:25;N;i:26;N;i:27;d:4997.93;i:28;d:1049.57;i:29;N;i:30;N;i:31;d:4997.93;i:32;d:1049.6;}s:28:\\\"\\u0000*\\u0000escapeWhenCastingToString\\\";b:0;}i:61;O:29:\\\"Illuminate\\\\Support\\\\Collection\\\":2:{s:8:\\\"\\u0000*\\u0000items\\\";a:33:{i:0;i:45703;i:1;i:6;i:2;i:5;i:3;i:19131;i:4;i:19131;i:5;i:96;i:6;i:1111111;i:7;N;i:8;N;i:9;d:33692.15;i:10;s:3:\\\"PES\\\";i:11;i:1;i:12;i:0;i:13;i:0;i:14;i:0;i:15;i:0;i:16;i:0;i:17;i:0;i:18;i:0;i:19;i:0;i:20;N;i:21;N;i:22;N;i:23;N;i:24;N;i:25;d:27368.46;i:26;d:2873.69;i:27;d:2851.24;i:28;d:598.76;i:29;N;i:30;N;i:31;d:30219.7;i:32;d:3472.5;}s:28:\\\"\\u0000*\\u0000escapeWhenCastingToString\\\";b:0;}i:62;O:29:\\\"Illuminate\\\\Support\\\\Collection\\\":2:{s:8:\\\"\\u0000*\\u0000items\\\";a:33:{i:0;i:45703;i:1;i:6;i:2;i:5;i:3;i:19132;i:4;i:19132;i:5;i:96;i:6;i:1111111;i:7;N;i:8;N;i:9;i:4830;i:10;s:3:\\\"PES\\\";i:11;i:1;i:12;i:0;i:13;i:0;i:14;i:0;i:15;i:0;i:16;i:0;i:17;i:0;i:18;i:0;i:19;i:0;i:20;N;i:21;N;i:22;N;i:23;N;i:24;N;i:25;d:4371.04;i:26;d:458.96;i:27;N;i:28;N;i:29;N;i:30;N;i:31;d:4371.04;i:32;i:459;}s:28:\\\"\\u0000*\\u0000escapeWhenCastingToString\\\";b:0;}i:63;O:29:\\\"Illuminate\\\\Support\\\\Collection\\\":2:{s:8:\\\"\\u0000*\\u0000items\\\";a:33:{i:0;i:45703;i:1;i:6;i:2;i:5;i:3;i:19133;i:4;i:19133;i:5;i:96;i:6;i:1111111;i:7;N;i:8;N;i:9;d:8908.85;i:10;s:3:\\\"PES\\\";i:11;i:1;i:12;i:0;i:13;i:0;i:14;i:0;i:15;i:0;i:16;i:0;i:17;i:0;i:18;i:0;i:19;i:0;i:20;N;i:21;N;i:22;N;i:23;N;i:24;N;i:25;d:8062.31;i:26;d:846.54;i:27;N;i:28;N;i:29;N;i:30;N;i:31;d:8062.31;i:32;d:846.5;}s:28:\\\"\\u0000*\\u0000escapeWhenCastingToString\\\";b:0;}i:64;O:29:\\\"Illuminate\\\\Support\\\\Collection\\\":2:{s:8:\\\"\\u0000*\\u0000items\\\";a:33:{i:0;i:45703;i:1;i:6;i:2;i:5;i:3;i:19134;i:4;i:19134;i:5;i:96;i:6;i:1111111;i:7;N;i:8;N;i:9;d:7381.5;i:10;s:3:\\\"PES\\\";i:11;i:1;i:12;i:0;i:13;i:0;i:14;i:0;i:15;i:0;i:16;i:0;i:17;i:0;i:18;i:0;i:19;i:0;i:20;N;i:21;N;i:22;N;i:23;N;i:24;N;i:25;N;i:26;N;i:27;d:6100.41;i:28;d:1281.09;i:29;N;i:30;N;i:31;d:6100.41;i:32;d:1281.1;}s:28:\\\"\\u0000*\\u0000escapeWhenCastingToString\\\";b:0;}i:65;O:29:\\\"Illuminate\\\\Support\\\\Collection\\\":2:{s:8:\\\"\\u0000*\\u0000items\\\";a:33:{i:0;i:45703;i:1;i:6;i:2;i:5;i:3;i:19135;i:4;i:19135;i:5;i:96;i:6;i:1111111;i:7;N;i:8;N;i:9;d:13499.3;i:10;s:3:\\\"PES\\\";i:11;i:1;i:12;i:0;i:13;i:0;i:14;i:0;i:15;i:0;i:16;i:0;i:17;i:0;i:18;i:0;i:19;i:0;i:20;N;i:21;N;i:22;N;i:23;N;i:24;N;i:25;N;i:26;N;i:27;d:11156.45;i:28;d:2342.85;i:29;N;i:30;N;i:31;d:11156.45;i:32;d:2342.9;}s:28:\\\"\\u0000*\\u0000escapeWhenCastingToString\\\";b:0;}i:66;O:29:\\\"Illuminate\\\\Support\\\\Collection\\\":2:{s:8:\\\"\\u0000*\\u0000items\\\";a:33:{i:0;i:45703;i:1;i:6;i:2;i:5;i:3;i:19136;i:4;i:19136;i:5;i:96;i:6;i:1111111;i:7;N;i:8;N;i:9;d:16801.5;i:10;s:3:\\\"PES\\\";i:11;i:1;i:12;i:0;i:13;i:0;i:14;i:0;i:15;i:0;i:16;i:0;i:17;i:0;i:18;i:0;i:19;i:0;i:20;N;i:21;N;i:22;N;i:23;N;i:24;N;i:25;d:15204.98;i:26;d:1596.52;i:27;N;i:28;N;i:29;N;i:30;N;i:31;d:15204.98;i:32;d:1596.5;}s:28:\\\"\\u0000*\\u0000escapeWhenCastingToString\\\";b:0;}i:67;O:29:\\\"Illuminate\\\\Support\\\\Collection\\\":2:{s:8:\\\"\\u0000*\\u0000items\\\";a:33:{i:0;i:45703;i:1;i:6;i:2;i:5;i:3;i:19137;i:4;i:19137;i:5;i:96;i:6;i:1111111;i:7;N;i:8;N;i:9;d:20197.25;i:10;s:3:\\\"PES\\\";i:11;i:1;i:12;i:0;i:13;i:0;i:14;i:0;i:15;i:0;i:16;i:0;i:17;i:0;i:18;i:0;i:19;i:0;i:20;N;i:21;N;i:22;N;i:23;N;i:24;N;i:25;i:11750;i:26;d:1233.75;i:27;d:5961.57;i:28;d:1251.93;i:29;N;i:30;N;i:31;d:17711.57;i:32;d:2485.7;}s:28:\\\"\\u0000*\\u0000escapeWhenCastingToString\\\";b:0;}i:68;O:29:\\\"Illuminate\\\\Support\\\\Collection\\\":2:{s:8:\\\"\\u0000*\\u0000items\\\";a:33:{i:0;i:45703;i:1;i:6;i:2;i:5;i:3;i:19138;i:4;i:19138;i:5;i:96;i:6;i:1111111;i:7;N;i:8;N;i:9;d:17360.5;i:10;s:3:\\\"PES\\\";i:11;i:1;i:12;i:0;i:13;i:0;i:14;i:0;i:15;i:0;i:16;i:0;i:17;i:0;i:18;i:0;i:19;i:0;i:20;N;i:21;N;i:22;N;i:23;N;i:24;N;i:25;d:6088.24;i:26;d:639.26;i:27;d:8787.6;i:28;d:1845.4;i:29;N;i:30;N;i:31;d:14875.84;i:32;d:2484.7;}s:28:\\\"\\u0000*\\u0000escapeWhenCastingToString\\\";b:0;}i:69;O:29:\\\"Illuminate\\\\Support\\\\Collection\\\":2:{s:8:\\\"\\u0000*\\u0000items\\\";a:33:{i:0;i:45703;i:1;i:6;i:2;i:5;i:3;i:19139;i:4;i:19139;i:5;i:96;i:6;i:1111111;i:7;N;i:8;N;i:9;d:15850.5;i:10;s:3:\\\"PES\\\";i:11;i:1;i:12;i:0;i:13;i:0;i:14;i:0;i:15;i:0;i:16;i:0;i:17;i:0;i:18;i:0;i:19;i:0;i:20;N;i:21;N;i:22;N;i:23;N;i:24;N;i:25;N;i:26;N;i:27;d:13099.59;i:28;d:2750.91;i:29;N;i:30;N;i:31;d:13099.59;i:32;d:2750.9;}s:28:\\\"\\u0000*\\u0000escapeWhenCastingToString\\\";b:0;}i:70;O:29:\\\"Illuminate\\\\Support\\\\Collection\\\":2:{s:8:\\\"\\u0000*\\u0000items\\\";a:33:{i:0;i:45703;i:1;i:6;i:2;i:5;i:3;i:19140;i:4;i:19140;i:5;i:96;i:6;i:1111111;i:7;N;i:8;N;i:9;d:83455.19;i:10;s:3:\\\"PES\\\";i:11;i:1;i:12;i:0;i:13;i:0;i:14;i:0;i:15;i:0;i:16;i:0;i:17;i:0;i:18;i:0;i:19;i:0;i:20;N;i:21;N;i:22;N;i:23;N;i:24;N;i:25;d:74563.85;i:26;d:7829.2;i:27;d:877.8;i:28;d:184.34;i:29;N;i:30;N;i:31;d:75441.65;i:32;d:8013.5;}s:28:\\\"\\u0000*\\u0000escapeWhenCastingToString\\\";b:0;}i:71;O:29:\\\"Illuminate\\\\Support\\\\Collection\\\":2:{s:8:\\\"\\u0000*\\u0000items\\\";a:33:{i:0;i:45703;i:1;i:6;i:2;i:5;i:3;i:19141;i:4;i:19141;i:5;i:96;i:6;i:1111111;i:7;N;i:8;N;i:9;d:42632.5;i:10;s:3:\\\"PES\\\";i:11;i:1;i:12;i:0;i:13;i:0;i:14;i:0;i:15;i:0;i:16;i:0;i:17;i:0;i:18;i:0;i:19;i:0;i:20;N;i:21;N;i:22;N;i:23;N;i:24;N;i:25;d:25553.39;i:26;d:2683.11;i:27;d:11897.52;i:28;d:2498.48;i:29;N;i:30;N;i:31;d:37450.91;i:32;d:5181.6;}s:28:\\\"\\u0000*\\u0000escapeWhenCastingToString\\\";b:0;}i:72;O:29:\\\"Illuminate\\\\Support\\\\Collection\\\":2:{s:8:\\\"\\u0000*\\u0000items\\\";a:33:{i:0;i:45703;i:1;i:6;i:2;i:5;i:3;i:19142;i:4;i:19142;i:5;i:96;i:6;i:1111111;i:7;N;i:8;N;i:9;d:16343.85;i:10;s:3:\\\"PES\\\";i:11;i:1;i:12;i:0;i:13;i:0;i:14;i:0;i:15;i:0;i:16;i:0;i:17;i:0;i:18;i:0;i:19;i:0;i:20;N;i:21;N;i:22;N;i:23;N;i:24;N;i:25;d:6650.23;i:26;d:698.27;i:27;d:7434.17;i:28;d:1561.18;i:29;N;i:30;N;i:31;d:14084.4;i:32;d:2259.5;}s:28:\\\"\\u0000*\\u0000escapeWhenCastingToString\\\";b:0;}i:73;O:29:\\\"Illuminate\\\\Support\\\\Collection\\\":2:{s:8:\\\"\\u0000*\\u0000items\\\";a:33:{i:0;i:45703;i:1;i:6;i:2;i:5;i:3;i:19143;i:4;i:19143;i:5;i:96;i:6;i:1111111;i:7;N;i:8;N;i:9;i:13882;i:10;s:3:\\\"PES\\\";i:11;i:1;i:12;i:0;i:13;i:0;i:14;i:0;i:15;i:0;i:16;i:0;i:17;i:0;i:18;i:0;i:19;i:0;i:20;N;i:21;N;i:22;N;i:23;N;i:24;N;i:25;d:6707.69;i:26;d:704.31;i:27;d:5347.11;i:28;d:1122.89;i:29;N;i:30;N;i:31;d:12054.8;i:32;d:1827.2;}s:28:\\\"\\u0000*\\u0000escapeWhenCastingToString\\\";b:0;}i:74;O:29:\\\"Illuminate\\\\Support\\\\Collection\\\":2:{s:8:\\\"\\u0000*\\u0000items\\\";a:33:{i:0;i:45703;i:1;i:6;i:2;i:5;i:3;i:19144;i:4;i:19144;i:5;i:96;i:6;i:1111111;i:7;N;i:8;N;i:9;i:13706;i:10;s:3:\\\"PES\\\";i:11;i:1;i:12;i:0;i:13;i:0;i:14;i:0;i:15;i:0;i:16;i:0;i:17;i:0;i:18;i:0;i:19;i:0;i:20;N;i:21;N;i:22;N;i:23;N;i:24;N;i:25;N;i:26;N;i:27;d:11327.27;i:28;d:2378.73;i:29;N;i:30;N;i:31;d:11327.27;i:32;d:2378.7;}s:28:\\\"\\u0000*\\u0000escapeWhenCastingToString\\\";b:0;}i:75;O:29:\\\"Illuminate\\\\Support\\\\Collection\\\":2:{s:8:\\\"\\u0000*\\u0000items\\\";a:33:{i:0;i:45703;i:1;i:6;i:2;i:5;i:3;i:19145;i:4;i:19145;i:5;i:96;i:6;i:1111111;i:7;N;i:8;N;i:9;d:26418.94;i:10;s:3:\\\"PES\\\";i:11;i:1;i:12;i:0;i:13;i:0;i:14;i:0;i:15;i:0;i:16;i:0;i:17;i:0;i:18;i:0;i:19;i:0;i:20;N;i:21;N;i:22;N;i:23;N;i:24;N;i:25;d:23908.54;i:26;d:2510.4;i:27;N;i:28;N;i:29;N;i:30;N;i:31;d:23908.54;i:32;d:2510.4;}s:28:\\\"\\u0000*\\u0000escapeWhenCastingToString\\\";b:0;}i:76;O:29:\\\"Illuminate\\\\Support\\\\Collection\\\":2:{s:8:\\\"\\u0000*\\u0000items\\\";a:33:{i:0;i:45703;i:1;i:6;i:2;i:5;i:3;i:19146;i:4;i:19146;i:5;i:96;i:6;i:1111111;i:7;N;i:8;N;i:9;d:34961.25;i:10;s:3:\\\"PES\\\";i:11;i:1;i:12;i:0;i:13;i:0;i:14;i:0;i:15;i:0;i:16;i:0;i:17;i:0;i:18;i:0;i:19;i:0;i:20;N;i:21;N;i:22;N;i:23;N;i:24;N;i:25;d:31639.14;i:26;d:3322.11;i:27;N;i:28;N;i:29;N;i:30;N;i:31;d:31639.14;i:32;d:3322.1;}s:28:\\\"\\u0000*\\u0000escapeWhenCastingToString\\\";b:0;}i:77;O:29:\\\"Illuminate\\\\Support\\\\Collection\\\":2:{s:8:\\\"\\u0000*\\u0000items\\\";a:33:{i:0;i:45703;i:1;i:6;i:2;i:5;i:3;i:19147;i:4;i:19147;i:5;i:96;i:6;i:1111111;i:7;N;i:8;N;i:9;d:19786.25;i:10;s:3:\\\"PES\\\";i:11;i:1;i:12;i:0;i:13;i:0;i:14;i:0;i:15;i:0;i:16;i:0;i:17;i:0;i:18;i:0;i:19;i:0;i:20;N;i:21;N;i:22;N;i:23;N;i:24;N;i:25;d:13919.23;i:26;d:1461.52;i:27;d:3640.91;i:28;d:764.59;i:29;N;i:30;N;i:31;d:17560.14;i:32;d:2226.1;}s:28:\\\"\\u0000*\\u0000escapeWhenCastingToString\\\";b:0;}i:78;O:29:\\\"Illuminate\\\\Support\\\\Collection\\\":2:{s:8:\\\"\\u0000*\\u0000items\\\";a:33:{i:0;i:45703;i:1;i:6;i:2;i:5;i:3;i:19148;i:4;i:19148;i:5;i:96;i:6;i:1111111;i:7;N;i:8;N;i:9;d:12863.9;i:10;s:3:\\\"PES\\\";i:11;i:1;i:12;i:0;i:13;i:0;i:14;i:0;i:15;i:0;i:16;i:0;i:17;i:0;i:18;i:0;i:19;i:0;i:20;N;i:21;N;i:22;N;i:23;N;i:24;N;i:25;d:11641.54;i:26;d:1222.36;i:27;N;i:28;N;i:29;N;i:30;N;i:31;d:11641.54;i:32;d:1222.4;}s:28:\\\"\\u0000*\\u0000escapeWhenCastingToString\\\";b:0;}i:79;O:29:\\\"Illuminate\\\\Support\\\\Collection\\\":2:{s:8:\\\"\\u0000*\\u0000items\\\";a:33:{i:0;i:45703;i:1;i:6;i:2;i:5;i:3;i:19149;i:4;i:19149;i:5;i:96;i:6;i:1111111;i:7;N;i:8;N;i:9;d:13623.9;i:10;s:3:\\\"PES\\\";i:11;i:1;i:12;i:0;i:13;i:0;i:14;i:0;i:15;i:0;i:16;i:0;i:17;i:0;i:18;i:0;i:19;i:0;i:20;N;i:21;N;i:22;N;i:23;N;i:24;N;i:25;N;i:26;N;i:27;d:11259.42;i:28;d:2364.48;i:29;N;i:30;N;i:31;d:11259.42;i:32;d:2364.5;}s:28:\\\"\\u0000*\\u0000escapeWhenCastingToString\\\";b:0;}i:80;O:29:\\\"Illuminate\\\\Support\\\\Collection\\\":2:{s:8:\\\"\\u0000*\\u0000items\\\";a:33:{i:0;i:45703;i:1;i:6;i:2;i:5;i:3;i:19150;i:4;i:19150;i:5;i:96;i:6;i:1111111;i:7;N;i:8;N;i:9;d:81055.82;i:10;s:3:\\\"PES\\\";i:11;i:1;i:12;i:0;i:13;i:0;i:14;i:0;i:15;i:0;i:16;i:0;i:17;i:0;i:18;i:0;i:19;i:0;i:20;N;i:21;N;i:22;N;i:23;N;i:24;N;i:25;d:19950.77;i:26;d:2094.83;i:27;d:48768.78;i:28;d:10241.44;i:29;N;i:30;N;i:31;d:68719.55;i:32;d:12336.3;}s:28:\\\"\\u0000*\\u0000escapeWhenCastingToString\\\";b:0;}i:81;O:29:\\\"Illuminate\\\\Support\\\\Collection\\\":2:{s:8:\\\"\\u0000*\\u0000items\\\";a:33:{i:0;i:45703;i:1;i:6;i:2;i:5;i:3;i:19151;i:4;i:19151;i:5;i:96;i:6;i:1111111;i:7;N;i:8;N;i:9;d:24426.02;i:10;s:3:\\\"PES\\\";i:11;i:1;i:12;i:0;i:13;i:0;i:14;i:0;i:15;i:0;i:16;i:0;i:17;i:0;i:18;i:0;i:19;i:0;i:20;N;i:21;N;i:22;N;i:23;N;i:24;N;i:25;d:10556.92;i:26;d:1108.48;i:27;d:10545.97;i:28;d:2214.65;i:29;N;i:30;N;i:31;d:21102.89;i:32;d:3323.1;}s:28:\\\"\\u0000*\\u0000escapeWhenCastingToString\\\";b:0;}i:82;O:29:\\\"Illuminate\\\\Support\\\\Collection\\\":2:{s:8:\\\"\\u0000*\\u0000items\\\";a:33:{i:0;i:45703;i:1;i:6;i:2;i:5;i:3;i:19152;i:4;i:19152;i:5;i:96;i:6;i:1111111;i:7;N;i:8;N;i:9;d:45938.85;i:10;s:3:\\\"PES\\\";i:11;i:1;i:12;i:0;i:13;i:0;i:14;i:0;i:15;i:0;i:16;i:0;i:17;i:0;i:18;i:0;i:19;i:0;i:20;N;i:21;N;i:22;N;i:23;N;i:24;N;i:25;d:26573.08;i:26;d:2790.17;i:27;d:13698.84;i:28;d:2876.76;i:29;N;i:30;N;i:31;d:40271.92;i:32;d:5666.9;}s:28:\\\"\\u0000*\\u0000escapeWhenCastingToString\\\";b:0;}i:83;O:29:\\\"Illuminate\\\\Support\\\\Collection\\\":2:{s:8:\\\"\\u0000*\\u0000items\\\";a:33:{i:0;i:45703;i:1;i:6;i:2;i:5;i:3;i:19153;i:4;i:19153;i:5;i:96;i:6;i:1111111;i:7;N;i:8;N;i:9;i:45220;i:10;s:3:\\\"PES\\\";i:11;i:1;i:12;i:0;i:13;i:0;i:14;i:0;i:15;i:0;i:16;i:0;i:17;i:0;i:18;i:0;i:19;i:0;i:20;N;i:21;N;i:22;N;i:23;N;i:24;N;i:25;d:39788.24;i:26;d:4177.76;i:27;d:1036.36;i:28;d:217.64;i:29;N;i:30;N;i:31;d:40824.6;i:32;d:4395.4;}s:28:\\\"\\u0000*\\u0000escapeWhenCastingToString\\\";b:0;}i:84;O:29:\\\"Illuminate\\\\Support\\\\Collection\\\":2:{s:8:\\\"\\u0000*\\u0000items\\\";a:33:{i:0;i:45703;i:1;i:6;i:2;i:5;i:3;i:19154;i:4;i:19154;i:5;i:96;i:6;i:1111111;i:7;N;i:8;N;i:9;d:75011.95;i:10;s:3:\\\"PES\\\";i:11;i:1;i:12;i:0;i:13;i:0;i:14;i:0;i:15;i:0;i:16;i:0;i:17;i:0;i:18;i:0;i:19;i:0;i:20;N;i:21;N;i:22;N;i:23;N;i:24;N;i:25;d:38645.52;i:26;d:4057.78;i:27;d:26701.36;i:28;d:5607.29;i:29;N;i:30;N;i:31;d:65346.88;i:32;d:9665.1;}s:28:\\\"\\u0000*\\u0000escapeWhenCastingToString\\\";b:0;}i:85;O:29:\\\"Illuminate\\\\Support\\\\Collection\\\":2:{s:8:\\\"\\u0000*\\u0000items\\\";a:33:{i:0;i:45703;i:1;i:6;i:2;i:5;i:3;i:19155;i:4;i:19155;i:5;i:96;i:6;i:1111111;i:7;N;i:8;N;i:9;d:24609.2;i:10;s:3:\\\"PES\\\";i:11;i:1;i:12;i:0;i:13;i:0;i:14;i:0;i:15;i:0;i:16;i:0;i:17;i:0;i:18;i:0;i:19;i:0;i:20;N;i:21;N;i:22;N;i:23;N;i:24;N;i:25;d:22270.77;i:26;d:2338.43;i:27;N;i:28;N;i:29;N;i:30;N;i:31;d:22270.77;i:32;d:2338.4;}s:28:\\\"\\u0000*\\u0000escapeWhenCastingToString\\\";b:0;}i:86;O:29:\\\"Illuminate\\\\Support\\\\Collection\\\":2:{s:8:\\\"\\u0000*\\u0000items\\\";a:33:{i:0;i:45703;i:1;i:6;i:2;i:5;i:3;i:19156;i:4;i:19156;i:5;i:96;i:6;i:1111111;i:7;N;i:8;N;i:9;d:19780.25;i:10;s:3:\\\"PES\\\";i:11;i:1;i:12;i:0;i:13;i:0;i:14;i:0;i:15;i:0;i:16;i:0;i:17;i:0;i:18;i:0;i:19;i:0;i:20;N;i:21;N;i:22;N;i:23;N;i:24;N;i:25;d:11424.62;i:26;d:1199.58;i:27;d:5914.09;i:28;d:1241.96;i:29;N;i:30;N;i:31;d:17338.71;i:32;d:2441.5;}s:28:\\\"\\u0000*\\u0000escapeWhenCastingToString\\\";b:0;}i:87;O:29:\\\"Illuminate\\\\Support\\\\Collection\\\":2:{s:8:\\\"\\u0000*\\u0000items\\\";a:33:{i:0;i:45703;i:1;i:6;i:2;i:5;i:3;i:19157;i:4;i:19157;i:5;i:96;i:6;i:1111111;i:7;N;i:8;N;i:9;i:53113;i:10;s:3:\\\"PES\\\";i:11;i:1;i:12;i:0;i:13;i:0;i:14;i:0;i:15;i:0;i:16;i:0;i:17;i:0;i:18;i:0;i:19;i:0;i:20;N;i:21;N;i:22;N;i:23;N;i:24;N;i:25;d:48066.06;i:26;d:5046.94;i:27;N;i:28;N;i:29;N;i:30;N;i:31;d:48066.06;i:32;d:5046.9;}s:28:\\\"\\u0000*\\u0000escapeWhenCastingToString\\\";b:0;}i:88;O:29:\\\"Illuminate\\\\Support\\\\Collection\\\":2:{s:8:\\\"\\u0000*\\u0000items\\\";a:33:{i:0;i:45703;i:1;i:6;i:2;i:5;i:3;i:19158;i:4;i:19158;i:5;i:96;i:6;i:1111111;i:7;N;i:8;N;i:9;d:34999.45;i:10;s:3:\\\"PES\\\";i:11;i:1;i:12;i:0;i:13;i:0;i:14;i:0;i:15;i:0;i:16;i:0;i:17;i:0;i:18;i:0;i:19;i:0;i:20;N;i:21;N;i:22;N;i:23;N;i:24;N;i:25;d:28099.64;i:26;d:2950.46;i:27;d:3263.93;i:28;d:685.42;i:29;N;i:30;N;i:31;d:31363.57;i:32;d:3635.9;}s:28:\\\"\\u0000*\\u0000escapeWhenCastingToString\\\";b:0;}i:89;O:29:\\\"Illuminate\\\\Support\\\\Collection\\\":2:{s:8:\\\"\\u0000*\\u0000items\\\";a:33:{i:0;i:45703;i:1;i:6;i:2;i:5;i:3;i:19159;i:4;i:19159;i:5;i:96;i:6;i:1111111;i:7;N;i:8;N;i:9;d:16626.15;i:10;s:3:\\\"PES\\\";i:11;i:1;i:12;i:0;i:13;i:0;i:14;i:0;i:15;i:0;i:16;i:0;i:17;i:0;i:18;i:0;i:19;i:0;i:20;N;i:21;N;i:22;N;i:23;N;i:24;N;i:25;d:11388.46;i:26;d:1195.79;i:27;d:3340.41;i:28;d:701.49;i:29;N;i:30;N;i:31;d:14728.87;i:32;d:1897.3;}s:28:\\\"\\u0000*\\u0000escapeWhenCastingToString\\\";b:0;}i:90;O:29:\\\"Illuminate\\\\Support\\\\Collection\\\":2:{s:8:\\\"\\u0000*\\u0000items\\\";a:33:{i:0;i:45703;i:1;i:6;i:2;i:5;i:3;i:19160;i:4;i:19160;i:5;i:96;i:6;i:1111111;i:7;N;i:8;N;i:9;d:32765.7;i:10;s:3:\\\"PES\\\";i:11;i:1;i:12;i:0;i:13;i:0;i:14;i:0;i:15;i:0;i:16;i:0;i:17;i:0;i:18;i:0;i:19;i:0;i:20;N;i:21;N;i:22;N;i:23;N;i:24;N;i:25;d:12979.23;i:26;d:1362.82;i:27;d:15226.16;i:28;d:3197.49;i:29;N;i:30;N;i:31;d:28205.39;i:32;d:4560.3;}s:28:\\\"\\u0000*\\u0000escapeWhenCastingToString\\\";b:0;}i:91;O:29:\\\"Illuminate\\\\Support\\\\Collection\\\":2:{s:8:\\\"\\u0000*\\u0000items\\\";a:33:{i:0;i:45703;i:1;i:6;i:2;i:5;i:3;i:19161;i:4;i:19161;i:5;i:96;i:6;i:1111111;i:7;N;i:8;N;i:9;d:35901.5;i:10;s:3:\\\"PES\\\";i:11;i:1;i:12;i:0;i:13;i:0;i:14;i:0;i:15;i:0;i:16;i:0;i:17;i:0;i:18;i:0;i:19;i:0;i:20;N;i:21;N;i:22;N;i:23;N;i:24;N;i:25;d:15938.01;i:26;d:1673.49;i:27;d:15115.7;i:28;d:3174.3;i:29;N;i:30;N;i:31;d:31053.71;i:32;d:4847.8;}s:28:\\\"\\u0000*\\u0000escapeWhenCastingToString\\\";b:0;}i:92;O:29:\\\"Illuminate\\\\Support\\\\Collection\\\":2:{s:8:\\\"\\u0000*\\u0000items\\\";a:33:{i:0;i:45703;i:1;i:6;i:2;i:5;i:3;i:19162;i:4;i:19162;i:5;i:96;i:6;i:1111111;i:7;N;i:8;N;i:9;d:18990.55;i:10;s:3:\\\"PES\\\";i:11;i:1;i:12;i:0;i:13;i:0;i:14;i:0;i:15;i:0;i:16;i:0;i:17;i:0;i:18;i:0;i:19;i:0;i:20;N;i:21;N;i:22;N;i:23;N;i:24;N;i:25;d:14063.85;i:26;d:1476.7;i:27;d:2851.24;i:28;d:598.76;i:29;N;i:30;N;i:31;d:16915.09;i:32;d:2075.5;}s:28:\\\"\\u0000*\\u0000escapeWhenCastingToString\\\";b:0;}i:93;O:29:\\\"Illuminate\\\\Support\\\\Collection\\\":2:{s:8:\\\"\\u0000*\\u0000items\\\";a:33:{i:0;i:45703;i:1;i:6;i:2;i:5;i:3;i:19163;i:4;i:19163;i:5;i:96;i:6;i:1111111;i:7;N;i:8;N;i:9;d:46461.85;i:10;s:3:\\\"PES\\\";i:11;i:1;i:12;i:0;i:13;i:0;i:14;i:0;i:15;i:0;i:16;i:0;i:17;i:0;i:18;i:0;i:19;i:0;i:20;N;i:21;N;i:22;N;i:23;N;i:24;N;i:25;d:42046.92;i:26;d:4414.93;i:27;N;i:28;N;i:29;N;i:30;N;i:31;d:42046.92;i:32;d:4414.9;}s:28:\\\"\\u0000*\\u0000escapeWhenCastingToString\\\";b:0;}i:94;O:29:\\\"Illuminate\\\\Support\\\\Collection\\\":2:{s:8:\\\"\\u0000*\\u0000items\\\";a:33:{i:0;i:45703;i:1;i:6;i:2;i:5;i:3;i:19164;i:4;i:19164;i:5;i:96;i:6;i:1111111;i:7;N;i:8;N;i:9;i:58495;i:10;s:3:\\\"PES\\\";i:11;i:1;i:12;i:0;i:13;i:0;i:14;i:0;i:15;i:0;i:16;i:0;i:17;i:0;i:18;i:0;i:19;i:0;i:20;N;i:21;N;i:22;N;i:23;N;i:24;N;i:25;d:37653.85;i:26;d:3953.65;i:27;d:13956.61;i:28;d:2930.89;i:29;N;i:30;N;i:31;d:51610.46;i:32;d:6884.5;}s:28:\\\"\\u0000*\\u0000escapeWhenCastingToString\\\";b:0;}i:95;O:29:\\\"Illuminate\\\\Support\\\\Collection\\\":2:{s:8:\\\"\\u0000*\\u0000items\\\";a:33:{i:0;i:45703;i:1;i:6;i:2;i:5;i:3;i:19165;i:4;i:19165;i:5;i:96;i:6;i:1111111;i:7;N;i:8;N;i:9;d:8638.4;i:10;s:3:\\\"PES\\\";i:11;i:1;i:12;i:0;i:13;i:0;i:14;i:0;i:15;i:0;i:16;i:0;i:17;i:0;i:18;i:0;i:19;i:0;i:20;N;i:21;N;i:22;N;i:23;N;i:24;N;i:25;N;i:26;N;i:27;d:7139.17;i:28;d:1499.23;i:29;N;i:30;N;i:31;d:7139.17;i:32;d:1499.2;}s:28:\\\"\\u0000*\\u0000escapeWhenCastingToString\\\";b:0;}i:96;O:29:\\\"Illuminate\\\\Support\\\\Collection\\\":2:{s:8:\\\"\\u0000*\\u0000items\\\";a:33:{i:0;i:45703;i:1;i:6;i:2;i:5;i:3;i:19166;i:4;i:19166;i:5;i:96;i:6;i:1111111;i:7;N;i:8;N;i:9;i:11625;i:10;s:3:\\\"PES\\\";i:11;i:1;i:12;i:0;i:13;i:0;i:14;i:0;i:15;i:0;i:16;i:0;i:17;i:0;i:18;i:0;i:19;i:0;i:20;N;i:21;N;i:22;N;i:23;N;i:24;N;i:25;d:8243.08;i:26;d:865.52;i:27;d:2079.67;i:28;d:436.73;i:29;N;i:30;N;i:31;d:10322.75;i:32;d:1302.3;}s:28:\\\"\\u0000*\\u0000escapeWhenCastingToString\\\";b:0;}i:97;O:29:\\\"Illuminate\\\\Support\\\\Collection\\\":2:{s:8:\\\"\\u0000*\\u0000items\\\";a:33:{i:0;i:45703;i:1;i:6;i:2;i:5;i:3;i:19167;i:4;i:19167;i:5;i:96;i:6;i:1111111;i:7;N;i:8;N;i:9;d:9836.5;i:10;s:3:\\\"PES\\\";i:11;i:1;i:12;i:0;i:13;i:0;i:14;i:0;i:15;i:0;i:16;i:0;i:17;i:0;i:18;i:0;i:19;i:0;i:20;N;i:21;N;i:22;N;i:23;N;i:24;N;i:25;d:8901.81;i:26;d:934.69;i:27;N;i:28;N;i:29;N;i:30;N;i:31;d:8901.81;i:32;d:934.7;}s:28:\\\"\\u0000*\\u0000escapeWhenCastingToString\\\";b:0;}i:98;O:29:\\\"Illuminate\\\\Support\\\\Collection\\\":2:{s:8:\\\"\\u0000*\\u0000items\\\";a:33:{i:0;i:45703;i:1;i:6;i:2;i:5;i:3;i:19168;i:4;i:19168;i:5;i:96;i:6;i:1111111;i:7;N;i:8;N;i:9;d:14201.45;i:10;s:3:\\\"PES\\\";i:11;i:1;i:12;i:0;i:13;i:0;i:14;i:0;i:15;i:0;i:16;i:0;i:17;i:0;i:18;i:0;i:19;i:0;i:20;N;i:21;N;i:22;N;i:23;N;i:24;N;i:25;N;i:26;N;i:27;d:11736.74;i:28;d:2464.71;i:29;N;i:30;N;i:31;d:11736.74;i:32;d:2464.7;}s:28:\\\"\\u0000*\\u0000escapeWhenCastingToString\\\";b:0;}i:99;O:29:\\\"Illuminate\\\\Support\\\\Collection\\\":2:{s:8:\\\"\\u0000*\\u0000items\\\";a:33:{i:0;i:45703;i:1;i:6;i:2;i:5;i:3;i:19169;i:4;i:19169;i:5;i:96;i:6;i:1111111;i:7;N;i:8;N;i:9;d:20866.8;i:10;s:3:\\\"PES\\\";i:11;i:1;i:12;i:0;i:13;i:0;i:14;i:0;i:15;i:0;i:16;i:0;i:17;i:0;i:18;i:0;i:19;i:0;i:20;N;i:21;N;i:22;N;i:23;N;i:24;N;i:25;d:10990.77;i:26;d:1154.03;i:27;d:7208.26;i:28;d:1513.74;i:29;N;i:30;N;i:31;d:18199.03;i:32;d:2667.8;}s:28:\\\"\\u0000*\\u0000escapeWhenCastingToString\\\";b:0;}i:100;O:29:\\\"Illuminate\\\\Support\\\\Collection\\\":2:{s:8:\\\"\\u0000*\\u0000items\\\";a:33:{i:0;i:45703;i:1;i:6;i:2;i:5;i:3;i:19170;i:4;i:19170;i:5;i:96;i:6;i:1111111;i:7;N;i:8;N;i:9;d:24390.2;i:10;s:3:\\\"PES\\\";i:11;i:1;i:12;i:0;i:13;i:0;i:14;i:0;i:15;i:0;i:16;i:0;i:17;i:0;i:18;i:0;i:19;i:0;i:20;N;i:21;N;i:22;N;i:23;N;i:24;N;i:25;d:16486.15;i:26;d:1731.05;i:27;d:5101.65;i:28;d:1071.35;i:29;N;i:30;N;i:31;d:21587.8;i:32;d:2802.4;}s:28:\\\"\\u0000*\\u0000escapeWhenCastingToString\\\";b:0;}i:101;O:29:\\\"Illuminate\\\\Support\\\\Collection\\\":2:{s:8:\\\"\\u0000*\\u0000items\\\";a:33:{i:0;i:45703;i:1;i:6;i:2;i:5;i:3;i:19171;i:4;i:19171;i:5;i:96;i:6;i:1111111;i:7;N;i:8;N;i:9;d:12155.5;i:10;s:3:\\\"PES\\\";i:11;i:1;i:12;i:0;i:13;i:0;i:14;i:0;i:15;i:0;i:16;i:0;i:17;i:0;i:18;i:0;i:19;i:0;i:20;N;i:21;N;i:22;N;i:23;N;i:24;N;i:25;i:4700;i:26;d:493.5;i:27;d:5753.72;i:28;d:1208.28;i:29;N;i:30;N;i:31;d:10453.72;i:32;d:1701.8;}s:28:\\\"\\u0000*\\u0000escapeWhenCastingToString\\\";b:0;}i:102;O:29:\\\"Illuminate\\\\Support\\\\Collection\\\":2:{s:8:\\\"\\u0000*\\u0000items\\\";a:33:{i:0;i:45703;i:1;i:6;i:2;i:5;i:3;i:19172;i:4;i:19172;i:5;i:96;i:6;i:1111111;i:7;N;i:8;N;i:9;d:6519.5;i:10;s:3:\\\"PES\\\";i:11;i:1;i:12;i:0;i:13;i:0;i:14;i:0;i:15;i:0;i:16;i:0;i:17;i:0;i:18;i:0;i:19;i:0;i:20;N;i:21;N;i:22;N;i:23;N;i:24;N;i:25;N;i:26;N;i:27;d:5388.02;i:28;d:1131.48;i:29;N;i:30;N;i:31;d:5388.02;i:32;d:1131.5;}s:28:\\\"\\u0000*\\u0000escapeWhenCastingToString\\\";b:0;}i:103;O:29:\\\"Illuminate\\\\Support\\\\Collection\\\":2:{s:8:\\\"\\u0000*\\u0000items\\\";a:33:{i:0;i:45703;i:1;i:6;i:2;i:5;i:3;i:19173;i:4;i:19173;i:5;i:96;i:6;i:1111111;i:7;N;i:8;N;i:9;i:3500;i:10;s:3:\\\"PES\\\";i:11;i:1;i:12;i:0;i:13;i:0;i:14;i:0;i:15;i:0;i:16;i:0;i:17;i:0;i:18;i:0;i:19;i:0;i:20;N;i:21;N;i:22;N;i:23;N;i:24;N;i:25;N;i:26;N;i:27;d:2892.56;i:28;d:607.44;i:29;N;i:30;N;i:31;d:2892.56;i:32;d:607.4;}s:28:\\\"\\u0000*\\u0000escapeWhenCastingToString\\\";b:0;}i:104;O:29:\\\"Illuminate\\\\Support\\\\Collection\\\":2:{s:8:\\\"\\u0000*\\u0000items\\\";a:33:{i:0;i:45703;i:1;i:6;i:2;i:5;i:3;i:19174;i:4;i:19174;i:5;i:96;i:6;i:1111111;i:7;N;i:8;N;i:9;d:12926.75;i:10;s:3:\\\"PES\\\";i:11;i:1;i:12;i:0;i:13;i:0;i:14;i:0;i:15;i:0;i:16;i:0;i:17;i:0;i:18;i:0;i:19;i:0;i:20;N;i:21;N;i:22;N;i:23;N;i:24;N;i:25;d:2083.03;i:26;d:218.72;i:27;d:8780.99;i:28;d:1844.01;i:29;N;i:30;N;i:31;d:10864.02;i:32;d:2062.7;}s:28:\\\"\\u0000*\\u0000escapeWhenCastingToString\\\";b:0;}i:105;O:29:\\\"Illuminate\\\\Support\\\\Collection\\\":2:{s:8:\\\"\\u0000*\\u0000items\\\";a:33:{i:0;i:45703;i:1;i:6;i:2;i:5;i:3;i:19175;i:4;i:19175;i:5;i:96;i:6;i:1111111;i:7;N;i:8;N;i:9;i:7689;i:10;s:3:\\\"PES\\\";i:11;i:1;i:12;i:0;i:13;i:0;i:14;i:0;i:15;i:0;i:16;i:0;i:17;i:0;i:18;i:0;i:19;i:0;i:20;N;i:21;N;i:22;N;i:23;N;i:24;N;i:25;N;i:26;N;i:27;d:6354.55;i:28;d:1334.45;i:29;N;i:30;N;i:31;d:6354.55;i:32;d:1334.5;}s:28:\\\"\\u0000*\\u0000escapeWhenCastingToString\\\";b:0;}i:106;O:29:\\\"Illuminate\\\\Support\\\\Collection\\\":2:{s:8:\\\"\\u0000*\\u0000items\\\";a:33:{i:0;i:45703;i:1;i:6;i:2;i:5;i:3;i:19176;i:4;i:19176;i:5;i:96;i:6;i:1111111;i:7;N;i:8;N;i:9;i:14240;i:10;s:3:\\\"PES\\\";i:11;i:1;i:12;i:0;i:13;i:0;i:14;i:0;i:15;i:0;i:16;i:0;i:17;i:0;i:18;i:0;i:19;i:0;i:20;N;i:21;N;i:22;N;i:23;N;i:24;N;i:25;N;i:26;N;i:27;d:11768.59;i:28;d:2471.4;i:29;N;i:30;N;i:31;d:11768.59;i:32;d:2471.4;}s:28:\\\"\\u0000*\\u0000escapeWhenCastingToString\\\";b:0;}i:107;O:29:\\\"Illuminate\\\\Support\\\\Collection\\\":2:{s:8:\\\"\\u0000*\\u0000items\\\";a:33:{i:0;i:45703;i:1;i:6;i:2;i:5;i:3;i:19177;i:4;i:19177;i:5;i:96;i:6;i:1111111;i:7;N;i:8;N;i:9;d:29008.4;i:10;s:3:\\\"PES\\\";i:11;i:1;i:12;i:0;i:13;i:0;i:14;i:0;i:15;i:0;i:16;i:0;i:17;i:0;i:18;i:0;i:19;i:0;i:20;N;i:21;N;i:22;N;i:23;N;i:24;N;i:25;d:14895.38;i:26;d:1564.02;i:27;d:10371.07;i:28;d:2177.93;i:29;N;i:30;N;i:31;d:25266.45;i:32;i:3742;}s:28:\\\"\\u0000*\\u0000escapeWhenCastingToString\\\";b:0;}i:108;O:29:\\\"Illuminate\\\\Support\\\\Collection\\\":2:{s:8:\\\"\\u0000*\\u0000items\\\";a:33:{i:0;i:45703;i:1;i:6;i:2;i:5;i:3;i:19178;i:4;i:19178;i:5;i:96;i:6;i:1111111;i:7;N;i:8;N;i:9;d:14975.9;i:10;s:3:\\\"PES\\\";i:11;i:1;i:12;i:0;i:13;i:0;i:14;i:0;i:15;i:0;i:16;i:0;i:17;i:0;i:18;i:0;i:19;i:0;i:20;N;i:21;N;i:22;N;i:23;N;i:24;N;i:25;i:11750;i:26;d:1233.75;i:27;d:1646.4;i:28;d:345.75;i:29;N;i:30;N;i:31;d:13396.4;i:32;d:1579.5;}s:28:\\\"\\u0000*\\u0000escapeWhenCastingToString\\\";b:0;}i:109;O:29:\\\"Illuminate\\\\Support\\\\Collection\\\":2:{s:8:\\\"\\u0000*\\u0000items\\\";a:33:{i:0;i:45703;i:1;i:6;i:2;i:5;i:3;i:19179;i:4;i:19179;i:5;i:96;i:6;i:1111111;i:7;N;i:8;N;i:9;d:12943.8;i:10;s:3:\\\"PES\\\";i:11;i:1;i:12;i:0;i:13;i:0;i:14;i:0;i:15;i:0;i:16;i:0;i:17;i:0;i:18;i:0;i:19;i:0;i:20;N;i:21;N;i:22;N;i:23;N;i:24;N;i:25;d:11713.85;i:26;d:1229.95;i:27;N;i:28;N;i:29;N;i:30;N;i:31;d:11713.85;i:32;i:1230;}s:28:\\\"\\u0000*\\u0000escapeWhenCastingToString\\\";b:0;}i:110;O:29:\\\"Illuminate\\\\Support\\\\Collection\\\":2:{s:8:\\\"\\u0000*\\u0000items\\\";a:33:{i:0;i:45703;i:1;i:6;i:2;i:5;i:3;i:19180;i:4;i:19180;i:5;i:96;i:6;i:1111111;i:7;N;i:8;N;i:9;d:17339.1;i:10;s:3:\\\"PES\\\";i:11;i:1;i:12;i:0;i:13;i:0;i:14;i:0;i:15;i:0;i:16;i:0;i:17;i:0;i:18;i:0;i:19;i:0;i:20;N;i:21;N;i:22;N;i:23;N;i:24;N;i:25;d:8243.08;i:26;d:865.52;i:27;d:6802.07;i:28;d:1428.43;i:29;N;i:30;N;i:31;d:15045.15;i:32;i:2294;}s:28:\\\"\\u0000*\\u0000escapeWhenCastingToString\\\";b:0;}i:111;O:29:\\\"Illuminate\\\\Support\\\\Collection\\\":2:{s:8:\\\"\\u0000*\\u0000items\\\";a:33:{i:0;i:45703;i:1;i:6;i:2;i:5;i:3;i:19181;i:4;i:19181;i:5;i:96;i:6;i:1111111;i:7;N;i:8;N;i:9;d:6639.65;i:10;s:3:\\\"PES\\\";i:11;i:1;i:12;i:0;i:13;i:0;i:14;i:0;i:15;i:0;i:16;i:0;i:17;i:0;i:18;i:0;i:19;i:0;i:20;N;i:21;N;i:22;N;i:23;N;i:24;N;i:25;N;i:26;N;i:27;d:5487.31;i:28;d:1152.34;i:29;N;i:30;N;i:31;d:5487.31;i:32;d:1152.3;}s:28:\\\"\\u0000*\\u0000escapeWhenCastingToString\\\";b:0;}i:112;O:29:\\\"Illuminate\\\\Support\\\\Collection\\\":2:{s:8:\\\"\\u0000*\\u0000items\\\";a:33:{i:0;i:45703;i:1;i:6;i:2;i:5;i:3;i:19182;i:4;i:19182;i:5;i:96;i:6;i:1111111;i:7;N;i:8;N;i:9;d:40326.5;i:10;s:3:\\\"PES\\\";i:11;i:1;i:12;i:0;i:13;i:0;i:14;i:0;i:15;i:0;i:16;i:0;i:17;i:0;i:18;i:0;i:19;i:0;i:20;N;i:21;N;i:22;N;i:23;N;i:24;N;i:25;d:9103.62;i:26;d:955.88;i:27;d:25014.05;i:28;d:5252.95;i:29;N;i:30;N;i:31;d:34117.67;i:32;d:6208.8;}s:28:\\\"\\u0000*\\u0000escapeWhenCastingToString\\\";b:0;}i:113;O:29:\\\"Illuminate\\\\Support\\\\Collection\\\":2:{s:8:\\\"\\u0000*\\u0000items\\\";a:33:{i:0;i:45703;i:1;i:6;i:2;i:5;i:3;i:19183;i:4;i:19183;i:5;i:96;i:6;i:1111111;i:7;N;i:8;N;i:9;d:35961.5;i:10;s:3:\\\"PES\\\";i:11;i:1;i:12;i:0;i:13;i:0;i:14;i:0;i:15;i:0;i:16;i:0;i:17;i:0;i:18;i:0;i:19;i:0;i:20;N;i:21;N;i:22;N;i:23;N;i:24;N;i:25;d:32544.34;i:26;d:3417.16;i:27;N;i:28;N;i:29;N;i:30;N;i:31;d:32544.34;i:32;d:3417.2;}s:28:\\\"\\u0000*\\u0000escapeWhenCastingToString\\\";b:0;}i:114;O:29:\\\"Illuminate\\\\Support\\\\Collection\\\":2:{s:8:\\\"\\u0000*\\u0000items\\\";a:33:{i:0;i:45703;i:1;i:6;i:2;i:5;i:3;i:19184;i:4;i:19184;i:5;i:96;i:6;i:1111111;i:7;N;i:8;N;i:9;d:19857.9;i:10;s:3:\\\"PES\\\";i:11;i:1;i:12;i:0;i:13;i:0;i:14;i:0;i:15;i:0;i:16;i:0;i:17;i:0;i:18;i:0;i:19;i:0;i:20;N;i:21;N;i:22;N;i:23;N;i:24;N;i:25;d:12364.62;i:26;d:1298.28;i:27;d:5119.83;i:28;d:1075.17;i:29;N;i:30;N;i:31;d:17484.45;i:32;d:2373.5;}s:28:\\\"\\u0000*\\u0000escapeWhenCastingToString\\\";b:0;}i:115;O:29:\\\"Illuminate\\\\Support\\\\Collection\\\":2:{s:8:\\\"\\u0000*\\u0000items\\\";a:33:{i:0;i:45703;i:1;i:6;i:2;i:5;i:3;i:19185;i:4;i:19185;i:5;i:96;i:6;i:1111111;i:7;N;i:8;N;i:9;d:57842.25;i:10;s:3:\\\"PES\\\";i:11;i:1;i:12;i:0;i:13;i:0;i:14;i:0;i:15;i:0;i:16;i:0;i:17;i:0;i:18;i:0;i:19;i:0;i:20;N;i:21;N;i:22;N;i:23;N;i:24;N;i:25;N;i:26;N;i:27;d:47803.51;i:28;d:10038.74;i:29;N;i:30;N;i:31;d:47803.51;i:32;d:10038.7;}s:28:\\\"\\u0000*\\u0000escapeWhenCastingToString\\\";b:0;}i:116;O:29:\\\"Illuminate\\\\Support\\\\Collection\\\":2:{s:8:\\\"\\u0000*\\u0000items\\\";a:33:{i:0;i:45703;i:1;i:6;i:2;i:5;i:3;i:19186;i:4;i:19186;i:5;i:96;i:6;i:1111111;i:7;N;i:8;N;i:9;d:18614.5;i:10;s:3:\\\"PES\\\";i:11;i:1;i:12;i:0;i:13;i:0;i:14;i:0;i:15;i:0;i:16;i:0;i:17;i:0;i:18;i:0;i:19;i:0;i:20;N;i:21;N;i:22;N;i:23;N;i:24;N;i:25;N;i:26;N;i:27;d:15383.88;i:28;d:3230.62;i:29;N;i:30;N;i:31;d:15383.88;i:32;d:3230.6;}s:28:\\\"\\u0000*\\u0000escapeWhenCastingToString\\\";b:0;}i:117;O:29:\\\"Illuminate\\\\Support\\\\Collection\\\":2:{s:8:\\\"\\u0000*\\u0000items\\\";a:33:{i:0;i:45703;i:1;i:6;i:2;i:5;i:3;i:19187;i:4;i:19187;i:5;i:96;i:6;i:1111111;i:7;N;i:8;N;i:9;d:21415.25;i:10;s:3:\\\"PES\\\";i:11;i:1;i:12;i:0;i:13;i:0;i:14;i:0;i:15;i:0;i:16;i:0;i:17;i:0;i:18;i:0;i:19;i:0;i:20;N;i:21;N;i:22;N;i:23;N;i:24;N;i:25;d:14250.86;i:26;d:1496.34;i:27;d:4684.34;i:28;d:983.71;i:29;N;i:30;N;i:31;d:18935.2;i:32;d:2480.1;}s:28:\\\"\\u0000*\\u0000escapeWhenCastingToString\\\";b:0;}i:118;O:29:\\\"Illuminate\\\\Support\\\\Collection\\\":2:{s:8:\\\"\\u0000*\\u0000items\\\";a:33:{i:0;i:45703;i:1;i:6;i:2;i:5;i:3;i:19188;i:4;i:19188;i:5;i:96;i:6;i:1111111;i:7;N;i:8;N;i:9;d:27597.75;i:10;s:3:\\\"PES\\\";i:11;i:1;i:12;i:0;i:13;i:0;i:14;i:0;i:15;i:0;i:16;i:0;i:17;i:0;i:18;i:0;i:19;i:0;i:20;N;i:21;N;i:22;N;i:23;N;i:24;N;i:25;d:9255.38;i:26;d:971.82;i:27;d:14355.83;i:28;d:3014.72;i:29;N;i:30;N;i:31;d:23611.21;i:32;d:3986.5;}s:28:\\\"\\u0000*\\u0000escapeWhenCastingToString\\\";b:0;}i:119;O:29:\\\"Illuminate\\\\Support\\\\Collection\\\":2:{s:8:\\\"\\u0000*\\u0000items\\\";a:33:{i:0;i:45703;i:1;i:6;i:2;i:5;i:3;i:19189;i:4;i:19189;i:5;i:96;i:6;i:1111111;i:7;N;i:8;N;i:9;d:5557.05;i:10;s:3:\\\"PES\\\";i:11;i:1;i:12;i:0;i:13;i:0;i:14;i:0;i:15;i:0;i:16;i:0;i:17;i:0;i:18;i:0;i:19;i:0;i:20;N;i:21;N;i:22;N;i:23;N;i:24;N;i:25;N;i:26;N;i:27;d:4592.6;i:28;d:964.45;i:29;N;i:30;N;i:31;d:4592.6;i:32;d:964.5;}s:28:\\\"\\u0000*\\u0000escapeWhenCastingToString\\\";b:0;}i:120;O:29:\\\"Illuminate\\\\Support\\\\Collection\\\":2:{s:8:\\\"\\u0000*\\u0000items\\\";a:33:{i:0;i:45703;i:1;i:6;i:2;i:5;i:3;i:19190;i:4;i:19190;i:5;i:96;i:6;i:1111111;i:7;N;i:8;N;i:9;d:16408.25;i:10;s:3:\\\"PES\\\";i:11;i:1;i:12;i:0;i:13;i:0;i:14;i:0;i:15;i:0;i:16;i:0;i:17;i:0;i:18;i:0;i:19;i:0;i:20;N;i:21;N;i:22;N;i:23;N;i:24;N;i:25;d:8713.08;i:26;d:914.87;i:27;d:5603.55;i:28;d:1176.75;i:29;N;i:30;N;i:31;d:14316.63;i:32;d:2091.6;}s:28:\\\"\\u0000*\\u0000escapeWhenCastingToString\\\";b:0;}i:121;O:29:\\\"Illuminate\\\\Support\\\\Collection\\\":2:{s:8:\\\"\\u0000*\\u0000items\\\";a:33:{i:0;i:45703;i:1;i:6;i:2;i:5;i:3;i:19191;i:4;i:19191;i:5;i:96;i:6;i:1111111;i:7;N;i:8;N;i:9;d:8492.85;i:10;s:3:\\\"PES\\\";i:11;i:1;i:12;i:0;i:13;i:0;i:14;i:0;i:15;i:0;i:16;i:0;i:17;i:0;i:18;i:0;i:19;i:0;i:20;N;i:21;N;i:22;N;i:23;N;i:24;N;i:25;N;i:26;N;i:27;d:7018.88;i:28;d:1473.97;i:29;N;i:30;N;i:31;d:7018.88;i:32;i:1474;}s:28:\\\"\\u0000*\\u0000escapeWhenCastingToString\\\";b:0;}i:122;O:29:\\\"Illuminate\\\\Support\\\\Collection\\\":2:{s:8:\\\"\\u0000*\\u0000items\\\";a:33:{i:0;i:45703;i:1;i:6;i:2;i:5;i:3;i:19192;i:4;i:19192;i:5;i:96;i:6;i:1111111;i:7;N;i:8;N;i:9;d:31132.45;i:10;s:3:\\\"PES\\\";i:11;i:1;i:12;i:0;i:13;i:0;i:14;i:0;i:15;i:0;i:16;i:0;i:17;i:0;i:18;i:0;i:19;i:0;i:20;N;i:21;N;i:22;N;i:23;N;i:24;N;i:25;d:23977.33;i:26;d:2517.62;i:27;d:3832.64;i:28;d:804.86;i:29;N;i:30;N;i:31;d:27809.97;i:32;d:3322.5;}s:28:\\\"\\u0000*\\u0000escapeWhenCastingToString\\\";b:0;}i:123;O:29:\\\"Illuminate\\\\Support\\\\Collection\\\":2:{s:8:\\\"\\u0000*\\u0000items\\\";a:33:{i:0;i:45703;i:1;i:6;i:2;i:5;i:3;i:19193;i:4;i:19193;i:5;i:96;i:6;i:1111111;i:7;N;i:8;N;i:9;i:16779;i:10;s:3:\\\"PES\\\";i:11;i:1;i:12;i:0;i:13;i:0;i:14;i:0;i:15;i:0;i:16;i:0;i:17;i:0;i:18;i:0;i:19;i:0;i:20;N;i:21;N;i:22;N;i:23;N;i:24;N;i:25;d:15184.62;i:26;d:1594.38;i:27;N;i:28;N;i:29;N;i:30;N;i:31;d:15184.62;i:32;d:1594.4;}s:28:\\\"\\u0000*\\u0000escapeWhenCastingToString\\\";b:0;}i:124;O:29:\\\"Illuminate\\\\Support\\\\Collection\\\":2:{s:8:\\\"\\u0000*\\u0000items\\\";a:33:{i:0;i:45703;i:1;i:6;i:2;i:5;i:3;i:19194;i:4;i:19194;i:5;i:96;i:6;i:1111111;i:7;N;i:8;N;i:9;d:2004.75;i:10;s:3:\\\"PES\\\";i:11;i:1;i:12;i:0;i:13;i:0;i:14;i:0;i:15;i:0;i:16;i:0;i:17;i:0;i:18;i:0;i:19;i:0;i:20;N;i:21;N;i:22;N;i:23;N;i:24;N;i:25;d:1814.25;i:26;d:190.5;i:27;N;i:28;N;i:29;N;i:30;N;i:31;d:1814.25;i:32;d:190.5;}s:28:\\\"\\u0000*\\u0000escapeWhenCastingToString\\\";b:0;}i:125;O:29:\\\"Illuminate\\\\Support\\\\Collection\\\":2:{s:8:\\\"\\u0000*\\u0000items\\\";a:33:{i:0;i:45703;i:1;i:6;i:2;i:5;i:3;i:19195;i:4;i:19195;i:5;i:96;i:6;i:1111111;i:7;N;i:8;N;i:9;d:18257.15;i:10;s:3:\\\"PES\\\";i:11;i:1;i:12;i:0;i:13;i:0;i:14;i:0;i:15;i:0;i:16;i:0;i:17;i:0;i:18;i:0;i:19;i:0;i:20;N;i:21;N;i:22;N;i:23;N;i:24;N;i:25;d:16522.31;i:26;d:1734.84;i:27;N;i:28;N;i:29;N;i:30;N;i:31;d:16522.31;i:32;d:1734.8;}s:28:\\\"\\u0000*\\u0000escapeWhenCastingToString\\\";b:0;}i:126;O:29:\\\"Illuminate\\\\Support\\\\Collection\\\":2:{s:8:\\\"\\u0000*\\u0000items\\\";a:33:{i:0;i:45703;i:1;i:6;i:2;i:5;i:3;i:19196;i:4;i:19196;i:5;i:96;i:6;i:1111111;i:7;N;i:8;N;i:9;d:39540.5;i:10;s:3:\\\"PES\\\";i:11;i:1;i:12;i:0;i:13;i:0;i:14;i:0;i:15;i:0;i:16;i:0;i:17;i:0;i:18;i:0;i:19;i:0;i:20;N;i:21;N;i:22;N;i:23;N;i:24;N;i:25;d:35783.26;i:26;d:3757.24;i:27;N;i:28;N;i:29;N;i:30;N;i:31;d:35783.26;i:32;d:3757.2;}s:28:\\\"\\u0000*\\u0000escapeWhenCastingToString\\\";b:0;}i:127;O:29:\\\"Illuminate\\\\Support\\\\Collection\\\":2:{s:8:\\\"\\u0000*\\u0000items\\\";a:33:{i:0;i:45703;i:1;i:6;i:2;i:5;i:3;i:19197;i:4;i:19197;i:5;i:96;i:6;i:1111111;i:7;N;i:8;N;i:9;i:14835;i:10;s:3:\\\"PES\\\";i:11;i:1;i:12;i:0;i:13;i:0;i:14;i:0;i:15;i:0;i:16;i:0;i:17;i:0;i:18;i:0;i:19;i:0;i:20;N;i:21;N;i:22;N;i:23;N;i:24;N;i:25;d:13425.34;i:26;d:1409.66;i:27;N;i:28;N;i:29;N;i:30;N;i:31;d:13425.34;i:32;d:1409.7;}s:28:\\\"\\u0000*\\u0000escapeWhenCastingToString\\\";b:0;}i:128;O:29:\\\"Illuminate\\\\Support\\\\Collection\\\":2:{s:8:\\\"\\u0000*\\u0000items\\\";a:33:{i:0;i:45703;i:1;i:6;i:2;i:5;i:3;i:19198;i:4;i:19198;i:5;i:96;i:6;i:1111111;i:7;N;i:8;N;i:9;d:31549.35;i:10;s:3:\\\"PES\\\";i:11;i:1;i:12;i:0;i:13;i:0;i:14;i:0;i:15;i:0;i:16;i:0;i:17;i:0;i:18;i:0;i:19;i:0;i:20;N;i:21;N;i:22;N;i:23;N;i:24;N;i:25;d:28551.45;i:26;d:2997.9;i:27;N;i:28;N;i:29;N;i:30;N;i:31;d:28551.45;i:32;d:2997.9;}s:28:\\\"\\u0000*\\u0000escapeWhenCastingToString\\\";b:0;}i:129;O:29:\\\"Illuminate\\\\Support\\\\Collection\\\":2:{s:8:\\\"\\u0000*\\u0000items\\\";a:33:{i:0;i:45703;i:1;i:6;i:2;i:5;i:3;i:19199;i:4;i:19199;i:5;i:96;i:6;i:1111111;i:7;N;i:8;N;i:9;d:57772.85;i:10;s:3:\\\"PES\\\";i:11;i:1;i:12;i:0;i:13;i:0;i:14;i:0;i:15;i:0;i:16;i:0;i:17;i:0;i:18;i:0;i:19;i:0;i:20;N;i:21;N;i:22;N;i:23;N;i:24;N;i:25;d:31151.13;i:26;d:3270.87;i:27;d:19298.22;i:28;d:4052.63;i:29;N;i:30;N;i:31;d:50449.35;i:32;d:7323.5;}s:28:\\\"\\u0000*\\u0000escapeWhenCastingToString\\\";b:0;}i:130;O:29:\\\"Illuminate\\\\Support\\\\Collection\\\":2:{s:8:\\\"\\u0000*\\u0000items\\\";a:33:{i:0;i:45703;i:1;i:6;i:2;i:5;i:3;i:19200;i:4;i:19200;i:5;i:96;i:6;i:1111111;i:7;N;i:8;N;i:9;i:4975;i:10;s:3:\\\"PES\\\";i:11;i:1;i:12;i:0;i:13;i:0;i:14;i:0;i:15;i:0;i:16;i:0;i:17;i:0;i:18;i:0;i:19;i:0;i:20;N;i:21;N;i:22;N;i:23;N;i:24;N;i:25;N;i:26;N;i:27;d:4111.57;i:28;d:863.43;i:29;N;i:30;N;i:31;d:4111.57;i:32;d:863.4;}s:28:\\\"\\u0000*\\u0000escapeWhenCastingToString\\\";b:0;}i:131;O:29:\\\"Illuminate\\\\Support\\\\Collection\\\":2:{s:8:\\\"\\u0000*\\u0000items\\\";a:33:{i:0;i:45703;i:1;i:6;i:2;i:5;i:3;i:19201;i:4;i:19201;i:5;i:96;i:6;i:1111111;i:7;N;i:8;N;i:9;d:23558.25;i:10;s:3:\\\"PES\\\";i:11;i:1;i:12;i:0;i:13;i:0;i:14;i:0;i:15;i:0;i:16;i:0;i:17;i:0;i:18;i:0;i:19;i:0;i:20;N;i:21;N;i:22;N;i:23;N;i:24;N;i:25;d:21319.68;i:26;d:2238.57;i:27;N;i:28;N;i:29;N;i:30;N;i:31;d:21319.68;i:32;d:2238.6;}s:28:\\\"\\u0000*\\u0000escapeWhenCastingToString\\\";b:0;}i:132;O:29:\\\"Illuminate\\\\Support\\\\Collection\\\":2:{s:8:\\\"\\u0000*\\u0000items\\\";a:33:{i:0;i:45703;i:1;i:6;i:2;i:5;i:3;i:19202;i:4;i:19202;i:5;i:96;i:6;i:1111111;i:7;N;i:8;N;i:9;d:23671.45;i:10;s:3:\\\"PES\\\";i:11;i:1;i:12;i:0;i:13;i:0;i:14;i:0;i:15;i:0;i:16;i:0;i:17;i:0;i:18;i:0;i:19;i:0;i:20;N;i:21;N;i:22;N;i:23;N;i:24;N;i:25;d:7917.69;i:26;d:831.36;i:27;d:12332.56;i:28;d:2589.84;i:29;N;i:30;N;i:31;d:20250.25;i:32;d:3421.2;}s:28:\\\"\\u0000*\\u0000escapeWhenCastingToString\\\";b:0;}i:133;O:29:\\\"Illuminate\\\\Support\\\\Collection\\\":2:{s:8:\\\"\\u0000*\\u0000items\\\";a:33:{i:0;i:45703;i:1;i:6;i:2;i:5;i:3;i:19203;i:4;i:19203;i:5;i:96;i:6;i:1111111;i:7;N;i:8;N;i:9;d:29631.1;i:10;s:3:\\\"PES\\\";i:11;i:1;i:12;i:0;i:13;i:0;i:14;i:0;i:15;i:0;i:16;i:0;i:17;i:0;i:18;i:0;i:19;i:0;i:20;N;i:21;N;i:22;N;i:23;N;i:24;N;i:25;d:15835.38;i:26;d:1662.72;i:27;d:10027.27;i:28;d:2105.73;i:29;N;i:30;N;i:31;d:25862.65;i:32;d:3768.5;}s:28:\\\"\\u0000*\\u0000escapeWhenCastingToString\\\";b:0;}i:134;O:29:\\\"Illuminate\\\\Support\\\\Collection\\\":2:{s:8:\\\"\\u0000*\\u0000items\\\";a:33:{i:0;i:45703;i:1;i:6;i:2;i:5;i:3;i:19204;i:4;i:19204;i:5;i:96;i:6;i:1111111;i:7;N;i:8;N;i:9;d:20521.1;i:10;s:3:\\\"PES\\\";i:11;i:1;i:12;i:0;i:13;i:0;i:14;i:0;i:15;i:0;i:16;i:0;i:17;i:0;i:18;i:0;i:19;i:0;i:20;N;i:21;N;i:22;N;i:23;N;i:24;N;i:25;d:10593.08;i:26;d:1112.27;i:27;d:7285.74;i:28;d:1530.01;i:29;N;i:30;N;i:31;d:17878.82;i:32;d:2642.3;}s:28:\\\"\\u0000*\\u0000escapeWhenCastingToString\\\";b:0;}i:135;O:29:\\\"Illuminate\\\\Support\\\\Collection\\\":2:{s:8:\\\"\\u0000*\\u0000items\\\";a:33:{i:0;i:45704;i:1;i:6;i:2;i:5;i:3;i:19205;i:4;i:19205;i:5;i:96;i:6;i:1111111;i:7;N;i:8;N;i:9;d:39567.1;i:10;s:3:\\\"PES\\\";i:11;i:1;i:12;i:0;i:13;i:0;i:14;i:0;i:15;i:0;i:16;i:0;i:17;i:0;i:18;i:0;i:19;i:0;i:20;N;i:21;N;i:22;N;i:23;N;i:24;N;i:25;d:35807.33;i:26;d:3759.77;i:27;N;i:28;N;i:29;N;i:30;N;i:31;d:35807.33;i:32;d:3759.8;}s:28:\\\"\\u0000*\\u0000escapeWhenCastingToString\\\";b:0;}i:136;O:29:\\\"Illuminate\\\\Support\\\\Collection\\\":2:{s:8:\\\"\\u0000*\\u0000items\\\";a:33:{i:0;i:45704;i:1;i:6;i:2;i:5;i:3;i:19206;i:4;i:19206;i:5;i:96;i:6;i:1111111;i:7;N;i:8;N;i:9;d:26070.25;i:10;s:3:\\\"PES\\\";i:11;i:1;i:12;i:0;i:13;i:0;i:14;i:0;i:15;i:0;i:16;i:0;i:17;i:0;i:18;i:0;i:19;i:0;i:20;N;i:21;N;i:22;N;i:23;N;i:24;N;i:25;d:9363.85;i:26;d:983.2;i:27;d:12994.38;i:28;d:2728.82;i:29;N;i:30;N;i:31;d:22358.23;i:32;i:3712;}s:28:\\\"\\u0000*\\u0000escapeWhenCastingToString\\\";b:0;}i:137;O:29:\\\"Illuminate\\\\Support\\\\Collection\\\":2:{s:8:\\\"\\u0000*\\u0000items\\\";a:33:{i:0;i:45704;i:1;i:6;i:2;i:5;i:3;i:19207;i:4;i:19207;i:5;i:96;i:6;i:1111111;i:7;N;i:8;N;i:9;d:18097.35;i:10;s:3:\\\"PES\\\";i:11;i:1;i:12;i:0;i:13;i:0;i:14;i:0;i:15;i:0;i:16;i:0;i:17;i:0;i:18;i:0;i:19;i:0;i:20;N;i:21;N;i:22;N;i:23;N;i:24;N;i:25;d:16377.69;i:26;d:1719.66;i:27;N;i:28;N;i:29;N;i:30;N;i:31;d:16377.69;i:32;d:1719.7;}s:28:\\\"\\u0000*\\u0000escapeWhenCastingToString\\\";b:0;}i:138;O:29:\\\"Illuminate\\\\Support\\\\Collection\\\":2:{s:8:\\\"\\u0000*\\u0000items\\\";a:33:{i:0;i:45704;i:1;i:6;i:2;i:5;i:3;i:19208;i:4;i:19208;i:5;i:96;i:6;i:1111111;i:7;N;i:8;N;i:9;d:15435.5;i:10;s:3:\\\"PES\\\";i:11;i:1;i:12;i:0;i:13;i:0;i:14;i:0;i:15;i:0;i:16;i:0;i:17;i:0;i:18;i:0;i:19;i:0;i:20;N;i:21;N;i:22;N;i:23;N;i:24;N;i:25;d:4678.28;i:26;d:491.22;i:27;d:8484.3;i:28;d:1781.7;i:29;N;i:30;N;i:31;d:13162.58;i:32;d:2272.9;}s:28:\\\"\\u0000*\\u0000escapeWhenCastingToString\\\";b:0;}i:139;O:29:\\\"Illuminate\\\\Support\\\\Collection\\\":2:{s:8:\\\"\\u0000*\\u0000items\\\";a:33:{i:0;i:45704;i:1;i:6;i:2;i:5;i:3;i:19209;i:4;i:19209;i:5;i:96;i:6;i:1111111;i:7;N;i:8;N;i:9;d:12704.1;i:10;s:3:\\\"PES\\\";i:11;i:1;i:12;i:0;i:13;i:0;i:14;i:0;i:15;i:0;i:16;i:0;i:17;i:0;i:18;i:0;i:19;i:0;i:20;N;i:21;N;i:22;N;i:23;N;i:24;N;i:25;d:11496.92;i:26;d:1207.18;i:27;N;i:28;N;i:29;N;i:30;N;i:31;d:11496.92;i:32;d:1207.2;}s:28:\\\"\\u0000*\\u0000escapeWhenCastingToString\\\";b:0;}i:140;O:29:\\\"Illuminate\\\\Support\\\\Collection\\\":2:{s:8:\\\"\\u0000*\\u0000items\\\";a:33:{i:0;i:45704;i:1;i:6;i:2;i:5;i:3;i:19210;i:4;i:19210;i:5;i:96;i:6;i:1111111;i:7;N;i:8;N;i:9;d:46433.05;i:10;s:3:\\\"PES\\\";i:11;i:1;i:12;i:0;i:13;i:0;i:14;i:0;i:15;i:0;i:16;i:0;i:17;i:0;i:18;i:0;i:19;i:0;i:20;N;i:21;N;i:22;N;i:23;N;i:24;N;i:25;d:33164.75;i:26;d:3482.3;i:27;d:8087.6;i:28;d:1698.4;i:29;N;i:30;N;i:31;d:41252.35;i:32;d:5180.7;}s:28:\\\"\\u0000*\\u0000escapeWhenCastingToString\\\";b:0;}i:141;O:29:\\\"Illuminate\\\\Support\\\\Collection\\\":2:{s:8:\\\"\\u0000*\\u0000items\\\";a:33:{i:0;i:45704;i:1;i:6;i:2;i:5;i:3;i:19211;i:4;i:19211;i:5;i:96;i:6;i:1111111;i:7;N;i:8;N;i:9;d:35878.65;i:10;s:3:\\\"PES\\\";i:11;i:1;i:12;i:0;i:13;i:0;i:14;i:0;i:15;i:0;i:16;i:0;i:17;i:0;i:18;i:0;i:19;i:0;i:20;N;i:21;N;i:22;N;i:23;N;i:24;N;i:25;d:11822.31;i:26;d:1241.34;i:27;d:18855.37;i:28;d:3959.63;i:29;N;i:30;N;i:31;d:30677.68;i:32;i:5201;}s:28:\\\"\\u0000*\\u0000escapeWhenCastingToString\\\";b:0;}i:142;O:29:\\\"Illuminate\\\\Support\\\\Collection\\\":2:{s:8:\\\"\\u0000*\\u0000items\\\";a:33:{i:0;i:45704;i:1;i:6;i:2;i:5;i:3;i:19212;i:4;i:19212;i:5;i:96;i:6;i:1111111;i:7;N;i:8;N;i:9;d:7935.5;i:10;s:3:\\\"PES\\\";i:11;i:1;i:12;i:0;i:13;i:0;i:14;i:0;i:15;i:0;i:16;i:0;i:17;i:0;i:18;i:0;i:19;i:0;i:20;N;i:21;N;i:22;N;i:23;N;i:24;N;i:25;N;i:26;N;i:27;d:6558.26;i:28;d:1377.24;i:29;N;i:30;N;i:31;d:6558.26;i:32;d:1377.2;}s:28:\\\"\\u0000*\\u0000escapeWhenCastingToString\\\";b:0;}i:143;O:29:\\\"Illuminate\\\\Support\\\\Collection\\\":2:{s:8:\\\"\\u0000*\\u0000items\\\";a:33:{i:0;i:45704;i:1;i:6;i:2;i:5;i:3;i:19213;i:4;i:19213;i:5;i:96;i:6;i:1111111;i:7;N;i:8;N;i:9;d:13388.55;i:10;s:3:\\\"PES\\\";i:11;i:1;i:12;i:0;i:13;i:0;i:14;i:0;i:15;i:0;i:16;i:0;i:17;i:0;i:18;i:0;i:19;i:0;i:20;N;i:21;N;i:22;N;i:23;N;i:24;N;i:25;d:10086.92;i:26;d:1059.13;i:27;d:1853.31;i:28;d:389.19;i:29;N;i:30;N;i:31;d:11940.23;i:32;d:1448.3;}s:28:\\\"\\u0000*\\u0000escapeWhenCastingToString\\\";b:0;}i:144;O:29:\\\"Illuminate\\\\Support\\\\Collection\\\":2:{s:8:\\\"\\u0000*\\u0000items\\\";a:33:{i:0;i:45704;i:1;i:6;i:2;i:5;i:3;i:19214;i:4;i:19214;i:5;i:96;i:6;i:1111111;i:7;N;i:8;N;i:9;d:15443.55;i:10;s:3:\\\"PES\\\";i:11;i:1;i:12;i:0;i:13;i:0;i:14;i:0;i:15;i:0;i:16;i:0;i:17;i:0;i:18;i:0;i:19;i:0;i:20;N;i:21;N;i:22;N;i:23;N;i:24;N;i:25;N;i:26;N;i:27;d:12763.26;i:28;d:2680.29;i:29;N;i:30;N;i:31;d:12763.26;i:32;d:2680.3;}s:28:\\\"\\u0000*\\u0000escapeWhenCastingToString\\\";b:0;}i:145;O:29:\\\"Illuminate\\\\Support\\\\Collection\\\":2:{s:8:\\\"\\u0000*\\u0000items\\\";a:33:{i:0;i:45704;i:1;i:6;i:2;i:5;i:3;i:19215;i:4;i:19215;i:5;i:96;i:6;i:1111111;i:7;N;i:8;N;i:9;d:28095.3;i:10;s:3:\\\"PES\\\";i:11;i:1;i:12;i:0;i:13;i:0;i:14;i:0;i:15;i:0;i:16;i:0;i:17;i:0;i:18;i:0;i:19;i:0;i:20;N;i:21;N;i:22;N;i:23;N;i:24;N;i:25;d:7375.38;i:26;d:774.42;i:27;d:16483.88;i:28;d:3461.62;i:29;N;i:30;N;i:31;d:23859.26;i:32;i:4236;}s:28:\\\"\\u0000*\\u0000escapeWhenCastingToString\\\";b:0;}i:146;O:29:\\\"Illuminate\\\\Support\\\\Collection\\\":2:{s:8:\\\"\\u0000*\\u0000items\\\";a:33:{i:0;i:45704;i:1;i:6;i:2;i:5;i:3;i:19216;i:4;i:19216;i:5;i:96;i:6;i:1111111;i:7;N;i:8;N;i:9;i:18423;i:10;s:3:\\\"PES\\\";i:11;i:1;i:12;i:0;i:13;i:0;i:14;i:0;i:15;i:0;i:16;i:0;i:17;i:0;i:18;i:0;i:19;i:0;i:20;N;i:21;N;i:22;N;i:23;N;i:24;N;i:25;d:16672.4;i:26;d:1750.6;i:27;N;i:28;N;i:29;N;i:30;N;i:31;d:16672.4;i:32;d:1750.6;}s:28:\\\"\\u0000*\\u0000escapeWhenCastingToString\\\";b:0;}i:147;O:29:\\\"Illuminate\\\\Support\\\\Collection\\\":2:{s:8:\\\"\\u0000*\\u0000items\\\";a:33:{i:0;i:45704;i:1;i:6;i:2;i:5;i:3;i:19217;i:4;i:19217;i:5;i:96;i:6;i:1111111;i:7;N;i:8;N;i:9;d:20673.65;i:10;s:3:\\\"PES\\\";i:11;i:1;i:12;i:0;i:13;i:0;i:14;i:0;i:15;i:0;i:16;i:0;i:17;i:0;i:18;i:0;i:19;i:0;i:20;N;i:21;N;i:22;N;i:23;N;i:24;N;i:25;d:8857.69;i:26;d:930.06;i:27;d:8996.61;i:28;d:1889.29;i:29;N;i:30;N;i:31;d:17854.3;i:32;d:2819.4;}s:28:\\\"\\u0000*\\u0000escapeWhenCastingToString\\\";b:0;}i:148;O:29:\\\"Illuminate\\\\Support\\\\Collection\\\":2:{s:8:\\\"\\u0000*\\u0000items\\\";a:33:{i:0;i:45704;i:1;i:6;i:2;i:5;i:3;i:19218;i:4;i:19218;i:5;i:96;i:6;i:1111111;i:7;N;i:8;N;i:9;d:13771.75;i:10;s:3:\\\"PES\\\";i:11;i:1;i:12;i:0;i:13;i:0;i:14;i:0;i:15;i:0;i:16;i:0;i:17;i:0;i:18;i:0;i:19;i:0;i:20;N;i:21;N;i:22;N;i:23;N;i:24;N;i:25;d:7339.23;i:26;d:770.62;i:27;d:4679.26;i:28;d:982.64;i:29;N;i:30;N;i:31;d:12018.49;i:32;d:1753.3;}s:28:\\\"\\u0000*\\u0000escapeWhenCastingToString\\\";b:0;}i:149;O:29:\\\"Illuminate\\\\Support\\\\Collection\\\":2:{s:8:\\\"\\u0000*\\u0000items\\\";a:33:{i:0;i:45704;i:1;i:6;i:2;i:5;i:3;i:19219;i:4;i:19219;i:5;i:96;i:6;i:1111111;i:7;N;i:8;N;i:9;d:31262.1;i:10;s:3:\\\"PES\\\";i:11;i:1;i:12;i:0;i:13;i:0;i:14;i:0;i:15;i:0;i:16;i:0;i:17;i:0;i:18;i:0;i:19;i:0;i:20;N;i:21;N;i:22;N;i:23;N;i:24;N;i:25;d:23789.23;i:26;d:2497.87;i:27;d:4111.57;i:28;d:863.43;i:29;N;i:30;N;i:31;d:27900.8;i:32;d:3361.3;}s:28:\\\"\\u0000*\\u0000escapeWhenCastingToString\\\";b:0;}i:150;O:29:\\\"Illuminate\\\\Support\\\\Collection\\\":2:{s:8:\\\"\\u0000*\\u0000items\\\";a:33:{i:0;i:45704;i:1;i:6;i:2;i:5;i:3;i:19220;i:4;i:19220;i:5;i:96;i:6;i:1111111;i:7;N;i:8;N;i:9;d:4924.5;i:10;s:3:\\\"PES\\\";i:11;i:1;i:12;i:0;i:13;i:0;i:14;i:0;i:15;i:0;i:16;i:0;i:17;i:0;i:18;i:0;i:19;i:0;i:20;N;i:21;N;i:22;N;i:23;N;i:24;N;i:25;d:4456.56;i:26;d:467.94;i:27;N;i:28;N;i:29;N;i:30;N;i:31;d:4456.56;i:32;d:467.9;}s:28:\\\"\\u0000*\\u0000escapeWhenCastingToString\\\";b:0;}i:151;O:29:\\\"Illuminate\\\\Support\\\\Collection\\\":2:{s:8:\\\"\\u0000*\\u0000items\\\";a:33:{i:0;i:45704;i:1;i:6;i:2;i:5;i:3;i:19221;i:4;i:19221;i:5;i:96;i:6;i:1111111;i:7;N;i:8;N;i:9;d:22901.25;i:10;s:3:\\\"PES\\\";i:11;i:1;i:12;i:0;i:13;i:0;i:14;i:0;i:15;i:0;i:16;i:0;i:17;i:0;i:18;i:0;i:19;i:0;i:20;N;i:21;N;i:22;N;i:23;N;i:24;N;i:25;i:7520;i:26;d:789.6;i:27;d:12059.21;i:28;d:2532.44;i:29;N;i:30;N;i:31;d:19579.21;i:32;i:3322;}s:28:\\\"\\u0000*\\u0000escapeWhenCastingToString\\\";b:0;}i:152;O:29:\\\"Illuminate\\\\Support\\\\Collection\\\":2:{s:8:\\\"\\u0000*\\u0000items\\\";a:33:{i:0;i:45704;i:1;i:6;i:2;i:5;i:3;i:19222;i:4;i:19222;i:5;i:96;i:6;i:1111111;i:7;N;i:8;N;i:9;d:17908.5;i:10;s:3:\\\"PES\\\";i:11;i:1;i:12;i:0;i:13;i:0;i:14;i:0;i:15;i:0;i:16;i:0;i:17;i:0;i:18;i:0;i:19;i:0;i:20;N;i:21;N;i:22;N;i:23;N;i:24;N;i:25;d:10850.68;i:26;d:1139.32;i:27;d:4891.32;i:28;d:1027.18;i:29;N;i:30;N;i:31;i:15742;i:32;d:2166.5;}s:28:\\\"\\u0000*\\u0000escapeWhenCastingToString\\\";b:0;}i:153;O:29:\\\"Illuminate\\\\Support\\\\Collection\\\":2:{s:8:\\\"\\u0000*\\u0000items\\\";a:33:{i:0;i:45704;i:1;i:6;i:2;i:5;i:3;i:19223;i:4;i:19223;i:5;i:96;i:6;i:1111111;i:7;N;i:8;N;i:9;i:52038;i:10;s:3:\\\"PES\\\";i:11;i:1;i:12;i:0;i:13;i:0;i:14;i:0;i:15;i:0;i:16;i:0;i:17;i:0;i:18;i:0;i:19;i:0;i:20;N;i:21;N;i:22;N;i:23;N;i:24;N;i:25;d:47093.21;i:26;d:4944.79;i:27;N;i:28;N;i:29;N;i:30;N;i:31;d:47093.21;i:32;d:4944.8;}s:28:\\\"\\u0000*\\u0000escapeWhenCastingToString\\\";b:0;}i:154;O:29:\\\"Illuminate\\\\Support\\\\Collection\\\":2:{s:8:\\\"\\u0000*\\u0000items\\\";a:33:{i:0;i:45704;i:1;i:6;i:2;i:5;i:3;i:19224;i:4;i:19224;i:5;i:96;i:6;i:1111111;i:7;N;i:8;N;i:9;i:10962;i:10;s:3:\\\"PES\\\";i:11;i:1;i:12;i:0;i:13;i:0;i:14;i:0;i:15;i:0;i:16;i:0;i:17;i:0;i:18;i:0;i:19;i:0;i:20;N;i:21;N;i:22;N;i:23;N;i:24;N;i:25;N;i:26;N;i:27;d:9059.5;i:28;d:1902.5;i:29;N;i:30;N;i:31;d:9059.5;i:32;d:1902.5;}s:28:\\\"\\u0000*\\u0000escapeWhenCastingToString\\\";b:0;}i:155;O:29:\\\"Illuminate\\\\Support\\\\Collection\\\":2:{s:8:\\\"\\u0000*\\u0000items\\\";a:33:{i:0;i:45704;i:1;i:6;i:2;i:5;i:3;i:19225;i:4;i:19225;i:5;i:96;i:6;i:1111111;i:7;N;i:8;N;i:9;i:20154;i:10;s:3:\\\"PES\\\";i:11;i:1;i:12;i:0;i:13;i:0;i:14;i:0;i:15;i:0;i:16;i:0;i:17;i:0;i:18;i:0;i:19;i:0;i:20;N;i:21;N;i:22;N;i:23;N;i:24;N;i:25;d:13366.06;i:26;d:1403.44;i:27;i:4450;i:28;d:934.5;i:29;N;i:30;N;i:31;d:17816.06;i:32;d:2337.9;}s:28:\\\"\\u0000*\\u0000escapeWhenCastingToString\\\";b:0;}i:156;O:29:\\\"Illuminate\\\\Support\\\\Collection\\\":2:{s:8:\\\"\\u0000*\\u0000items\\\";a:33:{i:0;i:45704;i:1;i:6;i:2;i:5;i:3;i:19226;i:4;i:19226;i:5;i:96;i:6;i:1111111;i:7;N;i:8;N;i:9;d:88588.99;i:10;s:3:\\\"PES\\\";i:11;i:1;i:12;i:0;i:13;i:0;i:14;i:0;i:15;i:0;i:16;i:0;i:17;i:0;i:18;i:0;i:19;i:0;i:20;N;i:21;N;i:22;N;i:23;N;i:24;N;i:25;N;i:26;N;i:27;d:73214.04;i:28;d:15374.95;i:29;N;i:30;N;i:31;d:73214.04;i:32;i:15375;}s:28:\\\"\\u0000*\\u0000escapeWhenCastingToString\\\";b:0;}i:157;O:29:\\\"Illuminate\\\\Support\\\\Collection\\\":2:{s:8:\\\"\\u0000*\\u0000items\\\";a:33:{i:0;i:45704;i:1;i:6;i:2;i:5;i:3;i:19227;i:4;i:19227;i:5;i:96;i:6;i:1111111;i:7;N;i:8;N;i:9;d:36031.94;i:10;s:3:\\\"PES\\\";i:11;i:1;i:12;i:0;i:13;i:0;i:14;i:0;i:15;i:0;i:16;i:0;i:17;i:0;i:18;i:0;i:19;i:0;i:20;N;i:21;N;i:22;N;i:23;N;i:24;N;i:25;d:21496.43;i:26;d:2257.12;i:27;d:10147.43;i:28;d:2130.96;i:29;N;i:30;N;i:31;d:31643.86;i:32;d:4388.1;}s:28:\\\"\\u0000*\\u0000escapeWhenCastingToString\\\";b:0;}i:158;O:29:\\\"Illuminate\\\\Support\\\\Collection\\\":2:{s:8:\\\"\\u0000*\\u0000items\\\";a:33:{i:0;i:45704;i:1;i:6;i:2;i:5;i:3;i:19228;i:4;i:19228;i:5;i:96;i:6;i:1111111;i:7;N;i:8;N;i:9;d:24686.45;i:10;s:3:\\\"PES\\\";i:11;i:1;i:12;i:0;i:13;i:0;i:14;i:0;i:15;i:0;i:16;i:0;i:17;i:0;i:18;i:0;i:19;i:0;i:20;N;i:21;N;i:22;N;i:23;N;i:24;N;i:25;d:10159.23;i:26;d:1066.72;i:27;d:11124.38;i:28;d:2336.12;i:29;N;i:30;N;i:31;d:21283.61;i:32;d:3402.8;}s:28:\\\"\\u0000*\\u0000escapeWhenCastingToString\\\";b:0;}i:159;O:29:\\\"Illuminate\\\\Support\\\\Collection\\\":2:{s:8:\\\"\\u0000*\\u0000items\\\";a:33:{i:0;i:45704;i:1;i:6;i:2;i:5;i:3;i:19229;i:4;i:19229;i:5;i:96;i:6;i:1111111;i:7;N;i:8;N;i:9;d:32973.55;i:10;s:3:\\\"PES\\\";i:11;i:1;i:12;i:0;i:13;i:0;i:14;i:0;i:15;i:0;i:16;i:0;i:17;i:0;i:18;i:0;i:19;i:0;i:20;N;i:21;N;i:22;N;i:23;N;i:24;N;i:25;d:21728.46;i:26;d:2281.49;i:27;d:7407.93;i:28;d:1555.67;i:29;N;i:30;N;i:31;d:29136.39;i:32;d:3837.2;}s:28:\\\"\\u0000*\\u0000escapeWhenCastingToString\\\";b:0;}i:160;O:29:\\\"Illuminate\\\\Support\\\\Collection\\\":2:{s:8:\\\"\\u0000*\\u0000items\\\";a:33:{i:0;i:45704;i:1;i:6;i:2;i:5;i:3;i:19230;i:4;i:19230;i:5;i:96;i:6;i:1111111;i:7;N;i:8;N;i:9;d:7125.5;i:10;s:3:\\\"PES\\\";i:11;i:1;i:12;i:0;i:13;i:0;i:14;i:0;i:15;i:0;i:16;i:0;i:17;i:0;i:18;i:0;i:19;i:0;i:20;N;i:21;N;i:22;N;i:23;N;i:24;N;i:25;N;i:26;N;i:27;d:5888.84;i:28;d:1236.66;i:29;N;i:30;N;i:31;d:5888.84;i:32;d:1236.7;}s:28:\\\"\\u0000*\\u0000escapeWhenCastingToString\\\";b:0;}i:161;O:29:\\\"Illuminate\\\\Support\\\\Collection\\\":2:{s:8:\\\"\\u0000*\\u0000items\\\";a:33:{i:0;i:45704;i:1;i:6;i:2;i:5;i:3;i:19231;i:4;i:19231;i:5;i:96;i:6;i:1111111;i:7;N;i:8;N;i:9;d:22596.1;i:10;s:3:\\\"PES\\\";i:11;i:1;i:12;i:0;i:13;i:0;i:14;i:0;i:15;i:0;i:16;i:0;i:17;i:0;i:18;i:0;i:19;i:0;i:20;N;i:21;N;i:22;N;i:23;N;i:24;N;i:25;d:17281.54;i:26;d:1814.56;i:27;d:2892.56;i:28;d:607.44;i:29;N;i:30;N;i:31;d:20174.1;i:32;i:2422;}s:28:\\\"\\u0000*\\u0000escapeWhenCastingToString\\\";b:0;}i:162;O:29:\\\"Illuminate\\\\Support\\\\Collection\\\":2:{s:8:\\\"\\u0000*\\u0000items\\\";a:33:{i:0;i:45704;i:1;i:6;i:2;i:5;i:3;i:19232;i:4;i:19232;i:5;i:96;i:6;i:1111111;i:7;N;i:8;N;i:9;d:74516.75;i:10;s:3:\\\"PES\\\";i:11;i:1;i:12;i:0;i:13;i:0;i:14;i:0;i:15;i:0;i:16;i:0;i:17;i:0;i:18;i:0;i:19;i:0;i:20;N;i:21;N;i:22;N;i:23;N;i:24;N;i:25;d:60213.35;i:26;d:6322.4;i:27;d:6595.87;i:28;d:1385.13;i:29;N;i:30;N;i:31;d:66809.22;i:32;d:7707.5;}s:28:\\\"\\u0000*\\u0000escapeWhenCastingToString\\\";b:0;}i:163;O:29:\\\"Illuminate\\\\Support\\\\Collection\\\":2:{s:8:\\\"\\u0000*\\u0000items\\\";a:33:{i:0;i:45704;i:1;i:6;i:2;i:5;i:3;i:19233;i:4;i:19233;i:5;i:96;i:6;i:1111111;i:7;N;i:8;N;i:9;i:58131;i:10;s:3:\\\"PES\\\";i:11;i:1;i:12;i:0;i:13;i:0;i:14;i:0;i:15;i:0;i:16;i:0;i:17;i:0;i:18;i:0;i:19;i:0;i:20;N;i:21;N;i:22;N;i:23;N;i:24;N;i:25;d:45384.62;i:26;d:4765.38;i:27;d:6595.87;i:28;d:1385.13;i:29;N;i:30;N;i:31;d:51980.49;i:32;d:6150.5;}s:28:\\\"\\u0000*\\u0000escapeWhenCastingToString\\\";b:0;}i:164;O:29:\\\"Illuminate\\\\Support\\\\Collection\\\":2:{s:8:\\\"\\u0000*\\u0000items\\\";a:33:{i:0;i:45704;i:1;i:6;i:2;i:5;i:3;i:19234;i:4;i:19234;i:5;i:96;i:6;i:1111111;i:7;N;i:8;N;i:9;d:19575.25;i:10;s:3:\\\"PES\\\";i:11;i:1;i:12;i:0;i:13;i:0;i:14;i:0;i:15;i:0;i:16;i:0;i:17;i:0;i:18;i:0;i:19;i:0;i:20;N;i:21;N;i:22;N;i:23;N;i:24;N;i:25;d:14280.77;i:26;d:1499.48;i:27;d:3136.36;i:28;d:658.64;i:29;N;i:30;N;i:31;d:17417.13;i:32;d:2158.1;}s:28:\\\"\\u0000*\\u0000escapeWhenCastingToString\\\";b:0;}i:165;O:29:\\\"Illuminate\\\\Support\\\\Collection\\\":2:{s:8:\\\"\\u0000*\\u0000items\\\";a:33:{i:0;i:45704;i:1;i:6;i:2;i:5;i:3;i:19235;i:4;i:19235;i:5;i:96;i:6;i:1111111;i:7;N;i:8;N;i:9;d:14394.5;i:10;s:3:\\\"PES\\\";i:11;i:1;i:12;i:0;i:13;i:0;i:14;i:0;i:15;i:0;i:16;i:0;i:17;i:0;i:18;i:0;i:19;i:0;i:20;N;i:21;N;i:22;N;i:23;N;i:24;N;i:25;d:6577.38;i:26;d:690.62;i:27;d:5889.67;i:28;d:1236.83;i:29;N;i:30;N;i:31;d:12467.05;i:32;d:1927.5;}s:28:\\\"\\u0000*\\u0000escapeWhenCastingToString\\\";b:0;}i:166;O:29:\\\"Illuminate\\\\Support\\\\Collection\\\":2:{s:8:\\\"\\u0000*\\u0000items\\\";a:33:{i:0;i:45704;i:1;i:6;i:2;i:5;i:3;i:19236;i:4;i:19236;i:5;i:96;i:6;i:1111111;i:7;N;i:8;N;i:9;i:14490;i:10;s:3:\\\"PES\\\";i:11;i:1;i:12;i:0;i:13;i:0;i:14;i:0;i:15;i:0;i:16;i:0;i:17;i:0;i:18;i:0;i:19;i:0;i:20;N;i:21;N;i:22;N;i:23;N;i:24;N;i:25;d:13113.12;i:26;d:1376.88;i:27;N;i:28;N;i:29;N;i:30;N;i:31;d:13113.12;i:32;d:1376.9;}s:28:\\\"\\u0000*\\u0000escapeWhenCastingToString\\\";b:0;}i:167;O:29:\\\"Illuminate\\\\Support\\\\Collection\\\":2:{s:8:\\\"\\u0000*\\u0000items\\\";a:33:{i:0;i:45704;i:1;i:6;i:2;i:5;i:3;i:19237;i:4;i:19237;i:5;i:96;i:6;i:1111111;i:7;N;i:8;N;i:9;d:41147.8;i:10;s:3:\\\"PES\\\";i:11;i:1;i:12;i:0;i:13;i:0;i:14;i:0;i:15;i:0;i:16;i:0;i:17;i:0;i:18;i:0;i:19;i:0;i:20;N;i:21;N;i:22;N;i:23;N;i:24;N;i:25;d:17136.92;i:26;d:1799.38;i:27;d:18356.61;i:28;d:3854.89;i:29;N;i:30;N;i:31;d:35493.53;i:32;d:5654.3;}s:28:\\\"\\u0000*\\u0000escapeWhenCastingToString\\\";b:0;}i:168;O:29:\\\"Illuminate\\\\Support\\\\Collection\\\":2:{s:8:\\\"\\u0000*\\u0000items\\\";a:33:{i:0;i:45704;i:1;i:6;i:2;i:5;i:3;i:19238;i:4;i:19238;i:5;i:96;i:6;i:1111111;i:7;N;i:8;N;i:9;d:22367.3;i:10;s:3:\\\"PES\\\";i:11;i:1;i:12;i:0;i:13;i:0;i:14;i:0;i:15;i:0;i:16;i:0;i:17;i:0;i:18;i:0;i:19;i:0;i:20;N;i:21;N;i:22;N;i:23;N;i:24;N;i:25;d:15654.62;i:26;d:1643.73;i:27;d:4189.21;i:28;d:879.74;i:29;N;i:30;N;i:31;d:19843.83;i:32;d:2523.5;}s:28:\\\"\\u0000*\\u0000escapeWhenCastingToString\\\";b:0;}i:169;O:29:\\\"Illuminate\\\\Support\\\\Collection\\\":2:{s:8:\\\"\\u0000*\\u0000items\\\";a:33:{i:0;i:45704;i:1;i:6;i:2;i:5;i:3;i:19239;i:4;i:19239;i:5;i:96;i:6;i:1111111;i:7;N;i:8;N;i:9;d:33426.85;i:10;s:3:\\\"PES\\\";i:11;i:1;i:12;i:0;i:13;i:0;i:14;i:0;i:15;i:0;i:16;i:0;i:17;i:0;i:18;i:0;i:19;i:0;i:20;N;i:21;N;i:22;N;i:23;N;i:24;N;i:25;d:23608.46;i:26;d:2478.89;i:27;d:6065.7;i:28;d:1273.8;i:29;N;i:30;N;i:31;d:29674.16;i:32;d:3752.7;}s:28:\\\"\\u0000*\\u0000escapeWhenCastingToString\\\";b:0;}i:170;O:29:\\\"Illuminate\\\\Support\\\\Collection\\\":2:{s:8:\\\"\\u0000*\\u0000items\\\";a:33:{i:0;i:45704;i:1;i:6;i:2;i:5;i:3;i:19240;i:4;i:19240;i:5;i:96;i:6;i:1111111;i:7;N;i:8;N;i:9;d:5664.6;i:10;s:3:\\\"PES\\\";i:11;i:1;i:12;i:0;i:13;i:0;i:14;i:0;i:15;i:0;i:16;i:0;i:17;i:0;i:18;i:0;i:19;i:0;i:20;N;i:21;N;i:22;N;i:23;N;i:24;N;i:25;N;i:26;N;i:27;d:4681.49;i:28;d:983.11;i:29;N;i:30;N;i:31;d:4681.49;i:32;d:983.1;}s:28:\\\"\\u0000*\\u0000escapeWhenCastingToString\\\";b:0;}i:171;O:29:\\\"Illuminate\\\\Support\\\\Collection\\\":2:{s:8:\\\"\\u0000*\\u0000items\\\";a:33:{i:0;i:45704;i:1;i:6;i:2;i:5;i:3;i:19241;i:4;i:19241;i:5;i:96;i:6;i:1111111;i:7;N;i:8;N;i:9;d:12228.5;i:10;s:3:\\\"PES\\\";i:11;i:1;i:12;i:0;i:13;i:0;i:14;i:0;i:15;i:0;i:16;i:0;i:17;i:0;i:18;i:0;i:19;i:0;i:20;N;i:21;N;i:22;N;i:23;N;i:24;N;i:25;N;i:26;N;i:27;d:10106.2;i:28;d:2122.3;i:29;N;i:30;N;i:31;d:10106.2;i:32;d:2122.3;}s:28:\\\"\\u0000*\\u0000escapeWhenCastingToString\\\";b:0;}i:172;O:29:\\\"Illuminate\\\\Support\\\\Collection\\\":2:{s:8:\\\"\\u0000*\\u0000items\\\";a:33:{i:0;i:45704;i:1;i:6;i:2;i:5;i:3;i:19242;i:4;i:19242;i:5;i:96;i:6;i:1111111;i:7;N;i:8;N;i:9;i:19571;i:10;s:3:\\\"PES\\\";i:11;i:1;i:12;i:0;i:13;i:0;i:14;i:0;i:15;i:0;i:16;i:0;i:17;i:0;i:18;i:0;i:19;i:0;i:20;N;i:21;N;i:22;N;i:23;N;i:24;N;i:25;d:6931.22;i:26;d:727.78;i:27;d:9844.63;i:28;d:2067.37;i:29;N;i:30;N;i:31;d:16775.85;i:32;d:2795.2;}s:28:\\\"\\u0000*\\u0000escapeWhenCastingToString\\\";b:0;}i:173;O:29:\\\"Illuminate\\\\Support\\\\Collection\\\":2:{s:8:\\\"\\u0000*\\u0000items\\\";a:33:{i:0;i:45704;i:1;i:6;i:2;i:5;i:3;i:19243;i:4;i:19243;i:5;i:96;i:6;i:1111111;i:7;N;i:8;N;i:9;d:16638.5;i:10;s:3:\\\"PES\\\";i:11;i:1;i:12;i:0;i:13;i:0;i:14;i:0;i:15;i:0;i:16;i:0;i:17;i:0;i:18;i:0;i:19;i:0;i:20;N;i:21;N;i:22;N;i:23;N;i:24;N;i:25;d:11641.54;i:26;d:1222.36;i:27;d:3119.5;i:28;d:655.1;i:29;N;i:30;N;i:31;d:14761.04;i:32;d:1877.5;}s:28:\\\"\\u0000*\\u0000escapeWhenCastingToString\\\";b:0;}i:174;O:29:\\\"Illuminate\\\\Support\\\\Collection\\\":2:{s:8:\\\"\\u0000*\\u0000items\\\";a:33:{i:0;i:45704;i:1;i:6;i:2;i:5;i:3;i:19244;i:4;i:19244;i:5;i:96;i:6;i:1111111;i:7;N;i:8;N;i:9;d:20976.8;i:10;s:3:\\\"PES\\\";i:11;i:1;i:12;i:0;i:13;i:0;i:14;i:0;i:15;i:0;i:16;i:0;i:17;i:0;i:18;i:0;i:19;i:0;i:20;N;i:21;N;i:22;N;i:23;N;i:24;N;i:25;d:12088.42;i:26;d:1269.28;i:27;d:6296.78;i:28;d:1322.32;i:29;N;i:30;N;i:31;d:18385.2;i:32;d:2591.6;}s:28:\\\"\\u0000*\\u0000escapeWhenCastingToString\\\";b:0;}i:175;O:29:\\\"Illuminate\\\\Support\\\\Collection\\\":2:{s:8:\\\"\\u0000*\\u0000items\\\";a:33:{i:0;i:45704;i:1;i:6;i:2;i:5;i:3;i:19245;i:4;i:19245;i:5;i:96;i:6;i:1111111;i:7;N;i:8;N;i:9;i:17079;i:10;s:3:\\\"PES\\\";i:11;i:1;i:12;i:0;i:13;i:0;i:14;i:0;i:15;i:0;i:16;i:0;i:17;i:0;i:18;i:0;i:19;i:0;i:20;N;i:21;N;i:22;N;i:23;N;i:24;N;i:25;N;i:26;N;i:27;d:14114.88;i:28;d:2964.12;i:29;N;i:30;N;i:31;d:14114.88;i:32;d:2964.1;}s:28:\\\"\\u0000*\\u0000escapeWhenCastingToString\\\";b:0;}i:176;O:29:\\\"Illuminate\\\\Support\\\\Collection\\\":2:{s:8:\\\"\\u0000*\\u0000items\\\";a:33:{i:0;i:45704;i:1;i:6;i:2;i:5;i:3;i:19246;i:4;i:19246;i:5;i:96;i:6;i:1111111;i:7;N;i:8;N;i:9;d:35376.95;i:10;s:3:\\\"PES\\\";i:11;i:1;i:12;i:0;i:13;i:0;i:14;i:0;i:15;i:0;i:16;i:0;i:17;i:0;i:18;i:0;i:19;i:0;i:20;N;i:21;N;i:22;N;i:23;N;i:24;N;i:25;d:27513.08;i:26;d:2888.87;i:27;d:4111.57;i:28;d:863.43;i:29;N;i:30;N;i:31;d:31624.65;i:32;d:3752.3;}s:28:\\\"\\u0000*\\u0000escapeWhenCastingToString\\\";b:0;}i:177;O:29:\\\"Illuminate\\\\Support\\\\Collection\\\":2:{s:8:\\\"\\u0000*\\u0000items\\\";a:33:{i:0;i:45704;i:1;i:6;i:2;i:5;i:3;i:19247;i:4;i:19247;i:5;i:96;i:6;i:1111111;i:7;N;i:8;N;i:9;d:15352.5;i:10;s:3:\\\"PES\\\";i:11;i:1;i:12;i:0;i:13;i:0;i:14;i:0;i:15;i:0;i:16;i:0;i:17;i:0;i:18;i:0;i:19;i:0;i:20;N;i:21;N;i:22;N;i:23;N;i:24;N;i:25;d:13893.67;i:26;d:1458.83;i:27;N;i:28;N;i:29;N;i:30;N;i:31;d:13893.67;i:32;d:1458.8;}s:28:\\\"\\u0000*\\u0000escapeWhenCastingToString\\\";b:0;}i:178;O:29:\\\"Illuminate\\\\Support\\\\Collection\\\":2:{s:8:\\\"\\u0000*\\u0000items\\\";a:33:{i:0;i:45704;i:1;i:6;i:2;i:5;i:3;i:19248;i:4;i:19248;i:5;i:96;i:6;i:1111111;i:7;N;i:8;N;i:9;d:12470.5;i:10;s:3:\\\"PES\\\";i:11;i:1;i:12;i:0;i:13;i:0;i:14;i:0;i:15;i:0;i:16;i:0;i:17;i:0;i:18;i:0;i:19;i:0;i:20;N;i:21;N;i:22;N;i:23;N;i:24;N;i:25;d:11285.52;i:26;d:1184.98;i:27;N;i:28;N;i:29;N;i:30;N;i:31;d:11285.52;i:32;i:1185;}s:28:\\\"\\u0000*\\u0000escapeWhenCastingToString\\\";b:0;}i:179;O:29:\\\"Illuminate\\\\Support\\\\Collection\\\":2:{s:8:\\\"\\u0000*\\u0000items\\\";a:33:{i:0;i:45704;i:1;i:6;i:2;i:5;i:3;i:19249;i:4;i:19249;i:5;i:96;i:6;i:1111111;i:7;N;i:8;N;i:9;d:17323.55;i:10;s:3:\\\"PES\\\";i:11;i:1;i:12;i:0;i:13;i:0;i:14;i:0;i:15;i:0;i:16;i:0;i:17;i:0;i:18;i:0;i:19;i:0;i:20;N;i:21;N;i:22;N;i:23;N;i:24;N;i:25;d:12979.23;i:26;d:1362.82;i:27;d:2464.05;i:28;d:517.45;i:29;N;i:30;N;i:31;d:15443.28;i:32;d:1880.3;}s:28:\\\"\\u0000*\\u0000escapeWhenCastingToString\\\";b:0;}i:180;O:29:\\\"Illuminate\\\\Support\\\\Collection\\\":2:{s:8:\\\"\\u0000*\\u0000items\\\";a:33:{i:0;i:45704;i:1;i:6;i:2;i:5;i:3;i:19250;i:4;i:19250;i:5;i:96;i:6;i:1111111;i:7;N;i:8;N;i:9;i:9947;i:10;s:3:\\\"PES\\\";i:11;i:1;i:12;i:0;i:13;i:0;i:14;i:0;i:15;i:0;i:16;i:0;i:17;i:0;i:18;i:0;i:19;i:0;i:20;N;i:21;N;i:22;N;i:23;N;i:24;N;i:25;d:9001.81;i:26;d:945.19;i:27;N;i:28;N;i:29;N;i:30;N;i:31;d:9001.81;i:32;d:945.2;}s:28:\\\"\\u0000*\\u0000escapeWhenCastingToString\\\";b:0;}i:181;O:29:\\\"Illuminate\\\\Support\\\\Collection\\\":2:{s:8:\\\"\\u0000*\\u0000items\\\";a:33:{i:0;i:45704;i:1;i:6;i:2;i:5;i:3;i:19251;i:4;i:19251;i:5;i:96;i:6;i:1111111;i:7;N;i:8;N;i:9;i:30666;i:10;s:3:\\\"PES\\\";i:11;i:1;i:12;i:0;i:13;i:0;i:14;i:0;i:15;i:0;i:16;i:0;i:17;i:0;i:18;i:0;i:19;i:0;i:20;N;i:21;N;i:22;N;i:23;N;i:24;N;i:25;d:24584.62;i:26;d:2581.38;i:27;d:2892.56;i:28;d:607.44;i:29;N;i:30;N;i:31;d:27477.18;i:32;d:3188.8;}s:28:\\\"\\u0000*\\u0000escapeWhenCastingToString\\\";b:0;}i:182;O:29:\\\"Illuminate\\\\Support\\\\Collection\\\":2:{s:8:\\\"\\u0000*\\u0000items\\\";a:33:{i:0;i:45704;i:1;i:6;i:2;i:5;i:3;i:19252;i:4;i:19252;i:5;i:96;i:6;i:1111111;i:7;N;i:8;N;i:9;d:5071.5;i:10;s:3:\\\"PES\\\";i:11;i:1;i:12;i:0;i:13;i:0;i:14;i:0;i:15;i:0;i:16;i:0;i:17;i:0;i:18;i:0;i:19;i:0;i:20;N;i:21;N;i:22;N;i:23;N;i:24;N;i:25;d:4589.59;i:26;d:481.91;i:27;N;i:28;N;i:29;N;i:30;N;i:31;d:4589.59;i:32;d:481.9;}s:28:\\\"\\u0000*\\u0000escapeWhenCastingToString\\\";b:0;}i:183;O:29:\\\"Illuminate\\\\Support\\\\Collection\\\":2:{s:8:\\\"\\u0000*\\u0000items\\\";a:33:{i:0;i:45704;i:1;i:6;i:2;i:5;i:3;i:19253;i:4;i:19253;i:5;i:96;i:6;i:1111111;i:7;N;i:8;N;i:9;d:20134.8;i:10;s:3:\\\"PES\\\";i:11;i:1;i:12;i:0;i:13;i:0;i:14;i:0;i:15;i:0;i:16;i:0;i:17;i:0;i:18;i:0;i:19;i:0;i:20;N;i:21;N;i:22;N;i:23;N;i:24;N;i:25;d:18221.54;i:26;d:1913.26;i:27;N;i:28;N;i:29;N;i:30;N;i:31;d:18221.54;i:32;d:1913.3;}s:28:\\\"\\u0000*\\u0000escapeWhenCastingToString\\\";b:0;}i:184;O:29:\\\"Illuminate\\\\Support\\\\Collection\\\":2:{s:8:\\\"\\u0000*\\u0000items\\\";a:33:{i:0;i:45704;i:1;i:6;i:2;i:5;i:3;i:19254;i:4;i:19254;i:5;i:96;i:6;i:1111111;i:7;N;i:8;N;i:9;d:9348.3;i:10;s:3:\\\"PES\\\";i:11;i:1;i:12;i:0;i:13;i:0;i:14;i:0;i:15;i:0;i:16;i:0;i:17;i:0;i:18;i:0;i:19;i:0;i:20;N;i:21;N;i:22;N;i:23;N;i:24;N;i:25;i:8460;i:26;d:888.3;i:27;N;i:28;N;i:29;N;i:30;N;i:31;i:8460;i:32;d:888.3;}s:28:\\\"\\u0000*\\u0000escapeWhenCastingToString\\\";b:0;}i:185;O:29:\\\"Illuminate\\\\Support\\\\Collection\\\":2:{s:8:\\\"\\u0000*\\u0000items\\\";a:33:{i:0;i:45705;i:1;i:6;i:2;i:5;i:3;i:19255;i:4;i:19255;i:5;i:96;i:6;i:1111111;i:7;N;i:8;N;i:9;i:13938;i:10;s:3:\\\"PES\\\";i:11;i:1;i:12;i:0;i:13;i:0;i:14;i:0;i:15;i:0;i:16;i:0;i:17;i:0;i:18;i:0;i:19;i:0;i:20;N;i:21;N;i:22;N;i:23;N;i:24;N;i:25;d:12613.57;i:26;d:1324.43;i:27;N;i:28;N;i:29;N;i:30;N;i:31;d:12613.57;i:32;d:1324.4;}s:28:\\\"\\u0000*\\u0000escapeWhenCastingToString\\\";b:0;}i:186;O:29:\\\"Illuminate\\\\Support\\\\Collection\\\":2:{s:8:\\\"\\u0000*\\u0000items\\\";a:33:{i:0;i:45705;i:1;i:6;i:2;i:5;i:3;i:19256;i:4;i:19256;i:5;i:96;i:6;i:1111111;i:7;N;i:8;N;i:9;i:27300;i:10;s:3:\\\"PES\\\";i:11;i:1;i:12;i:0;i:13;i:0;i:14;i:0;i:15;i:0;i:16;i:0;i:17;i:0;i:18;i:0;i:19;i:0;i:20;N;i:21;N;i:22;N;i:23;N;i:24;N;i:25;d:16423.98;i:26;d:1724.52;i:27;d:7563.22;i:28;d:1588.28;i:29;N;i:30;N;i:31;d:23987.2;i:32;d:3312.8;}s:28:\\\"\\u0000*\\u0000escapeWhenCastingToString\\\";b:0;}i:187;O:29:\\\"Illuminate\\\\Support\\\\Collection\\\":2:{s:8:\\\"\\u0000*\\u0000items\\\";a:33:{i:0;i:45705;i:1;i:6;i:2;i:5;i:3;i:19257;i:4;i:19257;i:5;i:96;i:6;i:1111111;i:7;N;i:8;N;i:9;d:16232.5;i:10;s:3:\\\"PES\\\";i:11;i:1;i:12;i:0;i:13;i:0;i:14;i:0;i:15;i:0;i:16;i:0;i:17;i:0;i:18;i:0;i:19;i:0;i:20;N;i:21;N;i:22;N;i:23;N;i:24;N;i:25;d:10436.65;i:26;d:1095.85;i:27;d:3884.3;i:28;d:815.7;i:29;N;i:30;N;i:31;d:14320.95;i:32;d:1911.6;}s:28:\\\"\\u0000*\\u0000escapeWhenCastingToString\\\";b:0;}i:188;O:29:\\\"Illuminate\\\\Support\\\\Collection\\\":2:{s:8:\\\"\\u0000*\\u0000items\\\";a:33:{i:0;i:45705;i:1;i:6;i:2;i:5;i:3;i:19258;i:4;i:19258;i:5;i:96;i:6;i:1111111;i:7;N;i:8;N;i:9;d:44381.65;i:10;s:3:\\\"PES\\\";i:11;i:1;i:12;i:0;i:13;i:0;i:14;i:0;i:15;i:0;i:16;i:0;i:17;i:0;i:18;i:0;i:19;i:0;i:20;N;i:21;N;i:22;N;i:23;N;i:24;N;i:25;d:36147.51;i:26;d:3795.49;i:27;d:3668.31;i:28;d:770.34;i:29;N;i:30;N;i:31;d:39815.82;i:32;d:4565.8;}s:28:\\\"\\u0000*\\u0000escapeWhenCastingToString\\\";b:0;}i:189;O:29:\\\"Illuminate\\\\Support\\\\Collection\\\":2:{s:8:\\\"\\u0000*\\u0000items\\\";a:33:{i:0;i:45705;i:1;i:6;i:2;i:5;i:3;i:19259;i:4;i:19259;i:5;i:96;i:6;i:1111111;i:7;N;i:8;N;i:9;i:4975;i:10;s:3:\\\"PES\\\";i:11;i:1;i:12;i:0;i:13;i:0;i:14;i:0;i:15;i:0;i:16;i:0;i:17;i:0;i:18;i:0;i:19;i:0;i:20;N;i:21;N;i:22;N;i:23;N;i:24;N;i:25;N;i:26;N;i:27;d:4111.57;i:28;d:863.43;i:29;N;i:30;N;i:31;d:4111.57;i:32;d:863.4;}s:28:\\\"\\u0000*\\u0000escapeWhenCastingToString\\\";b:0;}i:190;O:29:\\\"Illuminate\\\\Support\\\\Collection\\\":2:{s:8:\\\"\\u0000*\\u0000items\\\";a:33:{i:0;i:45705;i:1;i:6;i:2;i:5;i:3;i:19260;i:4;i:19260;i:5;i:96;i:6;i:1111111;i:7;N;i:8;N;i:9;d:28612.5;i:10;s:3:\\\"PES\\\";i:11;i:1;i:12;i:0;i:13;i:0;i:14;i:0;i:15;i:0;i:16;i:0;i:17;i:0;i:18;i:0;i:19;i:0;i:20;N;i:21;N;i:22;N;i:23;N;i:24;N;i:25;d:25893.67;i:26;d:2718.83;i:27;N;i:28;N;i:29;N;i:30;N;i:31;d:25893.67;i:32;d:2718.8;}s:28:\\\"\\u0000*\\u0000escapeWhenCastingToString\\\";b:0;}i:191;O:29:\\\"Illuminate\\\\Support\\\\Collection\\\":2:{s:8:\\\"\\u0000*\\u0000items\\\";a:33:{i:0;i:45705;i:1;i:6;i:2;i:5;i:3;i:19261;i:4;i:19261;i:5;i:96;i:6;i:1111111;i:7;N;i:8;N;i:9;i:8216;i:10;s:3:\\\"PES\\\";i:11;i:1;i:12;i:0;i:13;i:0;i:14;i:0;i:15;i:0;i:16;i:0;i:17;i:0;i:18;i:0;i:19;i:0;i:20;N;i:21;N;i:22;N;i:23;N;i:24;N;i:25;d:7435.29;i:26;d:780.71;i:27;N;i:28;N;i:29;N;i:30;N;i:31;d:7435.29;i:32;d:780.7;}s:28:\\\"\\u0000*\\u0000escapeWhenCastingToString\\\";b:0;}i:192;O:29:\\\"Illuminate\\\\Support\\\\Collection\\\":2:{s:8:\\\"\\u0000*\\u0000items\\\";a:33:{i:0;i:45705;i:1;i:6;i:2;i:5;i:3;i:19262;i:4;i:19262;i:5;i:96;i:6;i:1111111;i:7;N;i:8;N;i:9;d:31910.2;i:10;s:3:\\\"PES\\\";i:11;i:1;i:12;i:0;i:13;i:0;i:14;i:0;i:15;i:0;i:16;i:0;i:17;i:0;i:18;i:0;i:19;i:0;i:20;N;i:21;N;i:22;N;i:23;N;i:24;N;i:25;d:18233.48;i:26;d:1914.52;i:27;d:9720.83;i:28;d:2041.37;i:29;N;i:30;N;i:31;d:27954.31;i:32;d:3955.9;}s:28:\\\"\\u0000*\\u0000escapeWhenCastingToString\\\";b:0;}i:193;O:29:\\\"Illuminate\\\\Support\\\\Collection\\\":2:{s:8:\\\"\\u0000*\\u0000items\\\";a:33:{i:0;i:45705;i:1;i:6;i:2;i:5;i:3;i:19263;i:4;i:19263;i:5;i:96;i:6;i:1111111;i:7;N;i:8;N;i:9;i:10626;i:10;s:3:\\\"PES\\\";i:11;i:1;i:12;i:0;i:13;i:0;i:14;i:0;i:15;i:0;i:16;i:0;i:17;i:0;i:18;i:0;i:19;i:0;i:20;N;i:21;N;i:22;N;i:23;N;i:24;N;i:25;d:9616.29;i:26;d:1009.71;i:27;N;i:28;N;i:29;N;i:30;N;i:31;d:9616.29;i:32;d:1009.7;}s:28:\\\"\\u0000*\\u0000escapeWhenCastingToString\\\";b:0;}i:194;O:29:\\\"Illuminate\\\\Support\\\\Collection\\\":2:{s:8:\\\"\\u0000*\\u0000items\\\";a:33:{i:0;i:45705;i:1;i:6;i:2;i:5;i:3;i:19264;i:4;i:19264;i:5;i:96;i:6;i:1111111;i:7;N;i:8;N;i:9;d:26383.35;i:10;s:3:\\\"PES\\\";i:11;i:1;i:12;i:0;i:13;i:0;i:14;i:0;i:15;i:0;i:16;i:0;i:17;i:0;i:18;i:0;i:19;i:0;i:20;N;i:21;N;i:22;N;i:23;N;i:24;N;i:25;d:15029.73;i:26;d:1578.12;i:27;d:8078.93;i:28;d:1696.57;i:29;N;i:30;N;i:31;d:23108.66;i:32;d:3274.7;}s:28:\\\"\\u0000*\\u0000escapeWhenCastingToString\\\";b:0;}i:195;O:29:\\\"Illuminate\\\\Support\\\\Collection\\\":2:{s:8:\\\"\\u0000*\\u0000items\\\";a:33:{i:0;i:45705;i:1;i:6;i:2;i:5;i:3;i:19265;i:4;i:19265;i:5;i:96;i:6;i:1111111;i:7;N;i:8;N;i:9;i:9950;i:10;s:3:\\\"PES\\\";i:11;i:1;i:12;i:0;i:13;i:0;i:14;i:0;i:15;i:0;i:16;i:0;i:17;i:0;i:18;i:0;i:19;i:0;i:20;N;i:21;N;i:22;N;i:23;N;i:24;N;i:25;N;i:26;N;i:27;d:8223.14;i:28;d:1726.86;i:29;N;i:30;N;i:31;d:8223.14;i:32;d:1726.9;}s:28:\\\"\\u0000*\\u0000escapeWhenCastingToString\\\";b:0;}i:196;O:29:\\\"Illuminate\\\\Support\\\\Collection\\\":2:{s:8:\\\"\\u0000*\\u0000items\\\";a:33:{i:0;i:45705;i:1;i:6;i:2;i:5;i:3;i:19266;i:4;i:19266;i:5;i:96;i:6;i:1111111;i:7;N;i:8;N;i:9;i:4975;i:10;s:3:\\\"PES\\\";i:11;i:1;i:12;i:0;i:13;i:0;i:14;i:0;i:15;i:0;i:16;i:0;i:17;i:0;i:18;i:0;i:19;i:0;i:20;N;i:21;N;i:22;N;i:23;N;i:24;N;i:25;N;i:26;N;i:27;d:4111.57;i:28;d:863.43;i:29;N;i:30;N;i:31;d:4111.57;i:32;d:863.4;}s:28:\\\"\\u0000*\\u0000escapeWhenCastingToString\\\";b:0;}i:197;O:29:\\\"Illuminate\\\\Support\\\\Collection\\\":2:{s:8:\\\"\\u0000*\\u0000items\\\";a:33:{i:0;i:45705;i:1;i:6;i:2;i:5;i:3;i:19267;i:4;i:19267;i:5;i:96;i:6;i:1111111;i:7;N;i:8;N;i:9;d:20016.5;i:10;s:3:\\\"PES\\\";i:11;i:1;i:12;i:0;i:13;i:0;i:14;i:0;i:15;i:0;i:16;i:0;i:17;i:0;i:18;i:0;i:19;i:0;i:20;N;i:21;N;i:22;N;i:23;N;i:24;N;i:25;N;i:26;N;i:27;d:16542.56;i:28;d:3473.94;i:29;N;i:30;N;i:31;d:16542.56;i:32;d:3473.9;}s:28:\\\"\\u0000*\\u0000escapeWhenCastingToString\\\";b:0;}i:198;O:29:\\\"Illuminate\\\\Support\\\\Collection\\\":2:{s:8:\\\"\\u0000*\\u0000items\\\";a:33:{i:0;i:45705;i:1;i:6;i:2;i:5;i:3;i:19268;i:4;i:19268;i:5;i:96;i:6;i:1111111;i:7;N;i:8;N;i:9;d:25138.95;i:10;s:3:\\\"PES\\\";i:11;i:1;i:12;i:0;i:13;i:0;i:14;i:0;i:15;i:0;i:16;i:0;i:17;i:0;i:18;i:0;i:19;i:0;i:20;N;i:21;N;i:22;N;i:23;N;i:24;N;i:25;d:18290.5;i:26;d:1920.5;i:27;d:4072.69;i:28;d:855.26;i:29;N;i:30;N;i:31;d:22363.19;i:32;d:2775.8;}s:28:\\\"\\u0000*\\u0000escapeWhenCastingToString\\\";b:0;}i:199;O:29:\\\"Illuminate\\\\Support\\\\Collection\\\":2:{s:8:\\\"\\u0000*\\u0000items\\\";a:33:{i:0;i:45705;i:1;i:6;i:2;i:5;i:3;i:19269;i:4;i:19269;i:5;i:96;i:6;i:1111111;i:7;N;i:8;N;i:9;i:10699;i:10;s:3:\\\"PES\\\";i:11;i:1;i:12;i:0;i:13;i:0;i:14;i:0;i:15;i:0;i:16;i:0;i:17;i:0;i:18;i:0;i:19;i:0;i:20;N;i:21;N;i:22;N;i:23;N;i:24;N;i:25;N;i:26;N;i:27;d:8842.15;i:28;d:1856.85;i:29;N;i:30;N;i:31;d:8842.15;i:32;d:1856.9;}s:28:\\\"\\u0000*\\u0000escapeWhenCastingToString\\\";b:0;}i:200;O:29:\\\"Illuminate\\\\Support\\\\Collection\\\":2:{s:8:\\\"\\u0000*\\u0000items\\\";a:33:{i:0;i:45705;i:1;i:6;i:2;i:5;i:3;i:19270;i:4;i:19270;i:5;i:96;i:6;i:1111111;i:7;N;i:8;N;i:9;d:20114.5;i:10;s:3:\\\"PES\\\";i:11;i:1;i:12;i:0;i:13;i:0;i:14;i:0;i:15;i:0;i:16;i:0;i:17;i:0;i:18;i:0;i:19;i:0;i:20;N;i:21;N;i:22;N;i:23;N;i:24;N;i:25;N;i:26;N;i:27;d:16623.55;i:28;d:3490.95;i:29;N;i:30;N;i:31;d:16623.55;i:32;i:3491;}s:28:\\\"\\u0000*\\u0000escapeWhenCastingToString\\\";b:0;}i:201;O:29:\\\"Illuminate\\\\Support\\\\Collection\\\":2:{s:8:\\\"\\u0000*\\u0000items\\\";a:33:{i:0;i:45705;i:1;i:6;i:2;i:5;i:3;i:19271;i:4;i:19271;i:5;i:96;i:6;i:1111111;i:7;N;i:8;N;i:9;d:21014.75;i:10;s:3:\\\"PES\\\";i:11;i:1;i:12;i:0;i:13;i:0;i:14;i:0;i:15;i:0;i:16;i:0;i:17;i:0;i:18;i:0;i:19;i:0;i:20;N;i:21;N;i:22;N;i:23;N;i:24;N;i:25;d:19017.87;i:26;d:1996.88;i:27;N;i:28;N;i:29;N;i:30;N;i:31;d:19017.87;i:32;d:1996.9;}s:28:\\\"\\u0000*\\u0000escapeWhenCastingToString\\\";b:0;}i:202;O:29:\\\"Illuminate\\\\Support\\\\Collection\\\":2:{s:8:\\\"\\u0000*\\u0000items\\\";a:33:{i:0;i:45705;i:1;i:6;i:2;i:5;i:3;i:19272;i:4;i:19272;i:5;i:96;i:6;i:1111111;i:7;N;i:8;N;i:9;d:10510.5;i:10;s:3:\\\"PES\\\";i:11;i:1;i:12;i:0;i:13;i:0;i:14;i:0;i:15;i:0;i:16;i:0;i:17;i:0;i:18;i:0;i:19;i:0;i:20;N;i:21;N;i:22;N;i:23;N;i:24;N;i:25;N;i:26;N;i:27;d:8686.36;i:28;d:1824.14;i:29;N;i:30;N;i:31;d:8686.36;i:32;d:1824.1;}s:28:\\\"\\u0000*\\u0000escapeWhenCastingToString\\\";b:0;}i:203;O:29:\\\"Illuminate\\\\Support\\\\Collection\\\":2:{s:8:\\\"\\u0000*\\u0000items\\\";a:33:{i:0;i:45705;i:1;i:6;i:2;i:5;i:3;i:19273;i:4;i:19273;i:5;i:96;i:6;i:1111111;i:7;N;i:8;N;i:9;i:26739;i:10;s:3:\\\"PES\\\";i:11;i:1;i:12;i:0;i:13;i:0;i:14;i:0;i:15;i:0;i:16;i:0;i:17;i:0;i:18;i:0;i:19;i:0;i:20;N;i:21;N;i:22;N;i:23;N;i:24;N;i:25;N;i:26;N;i:27;d:22098.35;i:28;d:4640.65;i:29;N;i:30;N;i:31;d:22098.35;i:32;d:4640.7;}s:28:\\\"\\u0000*\\u0000escapeWhenCastingToString\\\";b:0;}i:204;O:29:\\\"Illuminate\\\\Support\\\\Collection\\\":2:{s:8:\\\"\\u0000*\\u0000items\\\";a:33:{i:0;i:45705;i:1;i:6;i:2;i:5;i:3;i:19274;i:4;i:19274;i:5;i:96;i:6;i:1111111;i:7;N;i:8;N;i:9;i:4130;i:10;s:3:\\\"PES\\\";i:11;i:1;i:12;i:0;i:13;i:0;i:14;i:0;i:15;i:0;i:16;i:0;i:17;i:0;i:18;i:0;i:19;i:0;i:20;N;i:21;N;i:22;N;i:23;N;i:24;N;i:25;N;i:26;N;i:27;d:3413.22;i:28;d:716.78;i:29;N;i:30;N;i:31;d:3413.22;i:32;d:716.8;}s:28:\\\"\\u0000*\\u0000escapeWhenCastingToString\\\";b:0;}i:205;O:29:\\\"Illuminate\\\\Support\\\\Collection\\\":2:{s:8:\\\"\\u0000*\\u0000items\\\";a:33:{i:0;i:45705;i:1;i:6;i:2;i:5;i:3;i:19275;i:4;i:19275;i:5;i:96;i:6;i:1111111;i:7;N;i:8;N;i:9;i:16109;i:10;s:3:\\\"PES\\\";i:11;i:1;i:12;i:0;i:13;i:0;i:14;i:0;i:15;i:0;i:16;i:0;i:17;i:0;i:18;i:0;i:19;i:0;i:20;N;i:21;N;i:22;N;i:23;N;i:24;N;i:25;d:14578.28;i:26;d:1530.72;i:27;N;i:28;N;i:29;N;i:30;N;i:31;d:14578.28;i:32;d:1530.7;}s:28:\\\"\\u0000*\\u0000escapeWhenCastingToString\\\";b:0;}i:206;O:29:\\\"Illuminate\\\\Support\\\\Collection\\\":2:{s:8:\\\"\\u0000*\\u0000items\\\";a:33:{i:0;i:45705;i:1;i:6;i:2;i:5;i:3;i:19276;i:4;i:19276;i:5;i:96;i:6;i:1111111;i:7;N;i:8;N;i:9;i:15478;i:10;s:3:\\\"PES\\\";i:11;i:1;i:12;i:0;i:13;i:0;i:14;i:0;i:15;i:0;i:16;i:0;i:17;i:0;i:18;i:0;i:19;i:0;i:20;N;i:21;N;i:22;N;i:23;N;i:24;N;i:25;d:14007.24;i:26;d:1470.76;i:27;N;i:28;N;i:29;N;i:30;N;i:31;d:14007.24;i:32;d:1470.8;}s:28:\\\"\\u0000*\\u0000escapeWhenCastingToString\\\";b:0;}i:207;O:29:\\\"Illuminate\\\\Support\\\\Collection\\\":2:{s:8:\\\"\\u0000*\\u0000items\\\";a:33:{i:0;i:45705;i:1;i:6;i:2;i:5;i:3;i:19277;i:4;i:19277;i:5;i:96;i:6;i:1111111;i:7;N;i:8;N;i:9;d:53182.5;i:10;s:3:\\\"PES\\\";i:11;i:1;i:12;i:0;i:13;i:0;i:14;i:0;i:15;i:0;i:16;i:0;i:17;i:0;i:18;i:0;i:19;i:0;i:20;N;i:21;N;i:22;N;i:23;N;i:24;N;i:25;d:31315.38;i:26;d:3288.12;i:27;d:15354.55;i:28;d:3224.45;i:29;N;i:30;N;i:31;d:46669.93;i:32;d:6512.6;}s:28:\\\"\\u0000*\\u0000escapeWhenCastingToString\\\";b:0;}i:208;O:29:\\\"Illuminate\\\\Support\\\\Collection\\\":2:{s:8:\\\"\\u0000*\\u0000items\\\";a:33:{i:0;i:45705;i:1;i:6;i:2;i:5;i:3;i:19278;i:4;i:19278;i:5;i:96;i:6;i:1111111;i:7;N;i:8;N;i:9;i:22594;i:10;s:3:\\\"PES\\\";i:11;i:1;i:12;i:0;i:13;i:0;i:14;i:0;i:15;i:0;i:16;i:0;i:17;i:0;i:18;i:0;i:19;i:0;i:20;N;i:21;N;i:22;N;i:23;N;i:24;N;i:25;d:16374.66;i:26;d:1719.34;i:27;d:3719.01;i:28;d:780.99;i:29;N;i:30;N;i:31;d:20093.67;i:32;d:2500.3;}s:28:\\\"\\u0000*\\u0000escapeWhenCastingToString\\\";b:0;}i:209;O:29:\\\"Illuminate\\\\Support\\\\Collection\\\":2:{s:8:\\\"\\u0000*\\u0000items\\\";a:33:{i:0;i:45705;i:1;i:6;i:2;i:5;i:3;i:19279;i:4;i:19279;i:5;i:96;i:6;i:1111111;i:7;N;i:8;N;i:9;d:5533.35;i:10;s:3:\\\"PES\\\";i:11;i:1;i:12;i:0;i:13;i:0;i:14;i:0;i:15;i:0;i:16;i:0;i:17;i:0;i:18;i:0;i:19;i:0;i:20;N;i:21;N;i:22;N;i:23;N;i:24;N;i:25;d:5007.56;i:26;d:525.79;i:27;N;i:28;N;i:29;N;i:30;N;i:31;d:5007.56;i:32;d:525.8;}s:28:\\\"\\u0000*\\u0000escapeWhenCastingToString\\\";b:0;}i:210;O:29:\\\"Illuminate\\\\Support\\\\Collection\\\":2:{s:8:\\\"\\u0000*\\u0000items\\\";a:33:{i:0;i:45705;i:1;i:6;i:2;i:5;i:3;i:19280;i:4;i:19280;i:5;i:96;i:6;i:1111111;i:7;N;i:8;N;i:9;d:20715.5;i:10;s:3:\\\"PES\\\";i:11;i:1;i:12;i:0;i:13;i:0;i:14;i:0;i:15;i:0;i:16;i:0;i:17;i:0;i:18;i:0;i:19;i:0;i:20;N;i:21;N;i:22;N;i:23;N;i:24;N;i:25;d:9723.08;i:26;d:1020.92;i:27;d:8240.91;i:28;d:1730.59;i:29;N;i:30;N;i:31;d:17963.99;i:32;d:2751.5;}s:28:\\\"\\u0000*\\u0000escapeWhenCastingToString\\\";b:0;}i:211;O:29:\\\"Illuminate\\\\Support\\\\Collection\\\":2:{s:8:\\\"\\u0000*\\u0000items\\\";a:33:{i:0;i:45705;i:1;i:6;i:2;i:5;i:3;i:19281;i:4;i:19281;i:5;i:96;i:6;i:1111111;i:7;N;i:8;N;i:9;i:41113;i:10;s:3:\\\"PES\\\";i:11;i:1;i:12;i:0;i:13;i:0;i:14;i:0;i:15;i:0;i:16;i:0;i:17;i:0;i:18;i:0;i:19;i:0;i:20;N;i:21;N;i:22;N;i:23;N;i:24;N;i:25;d:24808.14;i:26;d:2604.86;i:27;d:11322.31;i:28;d:2377.69;i:29;N;i:30;N;i:31;d:36130.45;i:32;d:4982.6;}s:28:\\\"\\u0000*\\u0000escapeWhenCastingToString\\\";b:0;}i:212;O:29:\\\"Illuminate\\\\Support\\\\Collection\\\":2:{s:8:\\\"\\u0000*\\u0000items\\\";a:33:{i:0;i:45705;i:1;i:6;i:2;i:5;i:3;i:19282;i:4;i:19282;i:5;i:96;i:6;i:1111111;i:7;N;i:8;N;i:9;d:9028.7;i:10;s:3:\\\"PES\\\";i:11;i:1;i:12;i:0;i:13;i:0;i:14;i:0;i:15;i:0;i:16;i:0;i:17;i:0;i:18;i:0;i:19;i:0;i:20;N;i:21;N;i:22;N;i:23;N;i:24;N;i:25;d:8170.77;i:26;d:857.93;i:27;N;i:28;N;i:29;N;i:30;N;i:31;d:8170.77;i:32;d:857.9;}s:28:\\\"\\u0000*\\u0000escapeWhenCastingToString\\\";b:0;}i:213;O:29:\\\"Illuminate\\\\Support\\\\Collection\\\":2:{s:8:\\\"\\u0000*\\u0000items\\\";a:33:{i:0;i:45705;i:1;i:6;i:2;i:5;i:3;i:19283;i:4;i:19283;i:5;i:96;i:6;i:1111111;i:7;N;i:8;N;i:9;d:9952.24;i:10;s:3:\\\"PES\\\";i:11;i:1;i:12;i:0;i:13;i:0;i:14;i:0;i:15;i:0;i:16;i:0;i:17;i:0;i:18;i:0;i:19;i:0;i:20;N;i:21;N;i:22;N;i:23;N;i:24;N;i:25;d:8316.61;i:26;d:873.24;i:27;d:630.07;i:28;d:132.31;i:29;N;i:30;N;i:31;d:8946.68;i:32;d:1005.6;}s:28:\\\"\\u0000*\\u0000escapeWhenCastingToString\\\";b:0;}i:214;O:29:\\\"Illuminate\\\\Support\\\\Collection\\\":2:{s:8:\\\"\\u0000*\\u0000items\\\";a:33:{i:0;i:45705;i:1;i:6;i:2;i:5;i:3;i:19284;i:4;i:19284;i:5;i:96;i:6;i:1111111;i:7;N;i:8;N;i:9;d:36380.95;i:10;s:3:\\\"PES\\\";i:11;i:1;i:12;i:0;i:13;i:0;i:14;i:0;i:15;i:0;i:16;i:0;i:17;i:0;i:18;i:0;i:19;i:0;i:20;N;i:21;N;i:22;N;i:23;N;i:24;N;i:25;d:30116.7;i:26;d:3162.25;i:27;d:2563.64;i:28;d:538.36;i:29;N;i:30;N;i:31;d:32680.34;i:32;d:3700.6;}s:28:\\\"\\u0000*\\u0000escapeWhenCastingToString\\\";b:0;}i:215;O:29:\\\"Illuminate\\\\Support\\\\Collection\\\":2:{s:8:\\\"\\u0000*\\u0000items\\\";a:33:{i:0;i:45705;i:1;i:6;i:2;i:5;i:3;i:19285;i:4;i:19285;i:5;i:96;i:6;i:1111111;i:7;N;i:8;N;i:9;i:14986;i:10;s:3:\\\"PES\\\";i:11;i:1;i:12;i:0;i:13;i:0;i:14;i:0;i:15;i:0;i:16;i:0;i:17;i:0;i:18;i:0;i:19;i:0;i:20;N;i:21;N;i:22;N;i:23;N;i:24;N;i:25;d:13561.99;i:26;d:1424.01;i:27;N;i:28;N;i:29;N;i:30;N;i:31;d:13561.99;i:32;i:1424;}s:28:\\\"\\u0000*\\u0000escapeWhenCastingToString\\\";b:0;}i:216;O:29:\\\"Illuminate\\\\Support\\\\Collection\\\":2:{s:8:\\\"\\u0000*\\u0000items\\\";a:33:{i:0;i:45705;i:1;i:6;i:2;i:5;i:3;i:19286;i:4;i:19286;i:5;i:96;i:6;i:1111111;i:7;N;i:8;N;i:9;i:10982;i:10;s:3:\\\"PES\\\";i:11;i:1;i:12;i:0;i:13;i:0;i:14;i:0;i:15;i:0;i:16;i:0;i:17;i:0;i:18;i:0;i:19;i:0;i:20;N;i:21;N;i:22;N;i:23;N;i:24;N;i:25;d:7721.27;i:26;d:810.73;i:27;d:2024.79;i:28;d:425.21;i:29;N;i:30;N;i:31;d:9746.06;i:32;d:1235.9;}s:28:\\\"\\u0000*\\u0000escapeWhenCastingToString\\\";b:0;}i:217;O:29:\\\"Illuminate\\\\Support\\\\Collection\\\":2:{s:8:\\\"\\u0000*\\u0000items\\\";a:33:{i:0;i:45705;i:1;i:6;i:2;i:5;i:3;i:19287;i:4;i:19287;i:5;i:96;i:6;i:1111111;i:7;N;i:8;N;i:9;d:16958.85;i:10;s:3:\\\"PES\\\";i:11;i:1;i:12;i:0;i:13;i:0;i:14;i:0;i:15;i:0;i:16;i:0;i:17;i:0;i:18;i:0;i:19;i:0;i:20;N;i:21;N;i:22;N;i:23;N;i:24;N;i:25;d:15347.38;i:26;d:1611.47;i:27;N;i:28;N;i:29;N;i:30;N;i:31;d:15347.38;i:32;d:1611.5;}s:28:\\\"\\u0000*\\u0000escapeWhenCastingToString\\\";b:0;}i:218;O:29:\\\"Illuminate\\\\Support\\\\Collection\\\":2:{s:8:\\\"\\u0000*\\u0000items\\\";a:33:{i:0;i:45705;i:1;i:6;i:2;i:5;i:3;i:19288;i:4;i:19288;i:5;i:96;i:6;i:1111111;i:7;N;i:8;N;i:9;d:6037.5;i:10;s:3:\\\"PES\\\";i:11;i:1;i:12;i:0;i:13;i:0;i:14;i:0;i:15;i:0;i:16;i:0;i:17;i:0;i:18;i:0;i:19;i:0;i:20;N;i:21;N;i:22;N;i:23;N;i:24;N;i:25;d:5463.8;i:26;d:573.7;i:27;N;i:28;N;i:29;N;i:30;N;i:31;d:5463.8;i:32;d:573.7;}s:28:\\\"\\u0000*\\u0000escapeWhenCastingToString\\\";b:0;}i:219;O:29:\\\"Illuminate\\\\Support\\\\Collection\\\":2:{s:8:\\\"\\u0000*\\u0000items\\\";a:33:{i:0;i:45705;i:1;i:6;i:2;i:5;i:3;i:19289;i:4;i:19289;i:5;i:96;i:6;i:1111111;i:7;N;i:8;N;i:9;d:23922.5;i:10;s:3:\\\"PES\\\";i:11;i:1;i:12;i:0;i:13;i:0;i:14;i:0;i:15;i:0;i:16;i:0;i:17;i:0;i:18;i:0;i:19;i:0;i:20;N;i:21;N;i:22;N;i:23;N;i:24;N;i:25;d:11837.1;i:26;d:1242.9;i:27;d:8960.74;i:28;d:1881.76;i:29;N;i:30;N;i:31;d:20797.84;i:32;d:3124.7;}s:28:\\\"\\u0000*\\u0000escapeWhenCastingToString\\\";b:0;}i:220;O:29:\\\"Illuminate\\\\Support\\\\Collection\\\":2:{s:8:\\\"\\u0000*\\u0000items\\\";a:33:{i:0;i:45705;i:1;i:6;i:2;i:5;i:3;i:19290;i:4;i:19290;i:5;i:96;i:6;i:1111111;i:7;N;i:8;N;i:9;d:18446.5;i:10;s:3:\\\"PES\\\";i:11;i:1;i:12;i:0;i:13;i:0;i:14;i:0;i:15;i:0;i:16;i:0;i:17;i:0;i:18;i:0;i:19;i:0;i:20;N;i:21;N;i:22;N;i:23;N;i:24;N;i:25;d:16693.67;i:26;d:1752.83;i:27;N;i:28;N;i:29;N;i:30;N;i:31;d:16693.67;i:32;d:1752.8;}s:28:\\\"\\u0000*\\u0000escapeWhenCastingToString\\\";b:0;}i:221;O:29:\\\"Illuminate\\\\Support\\\\Collection\\\":2:{s:8:\\\"\\u0000*\\u0000items\\\";a:33:{i:0;i:45706;i:1;i:6;i:2;i:5;i:3;i:19291;i:4;i:19291;i:5;i:96;i:6;i:1111111;i:7;N;i:8;N;i:9;d:31960.98;i:10;s:3:\\\"PES\\\";i:11;i:1;i:12;i:0;i:13;i:0;i:14;i:0;i:15;i:0;i:16;i:0;i:17;i:0;i:18;i:0;i:19;i:0;i:20;N;i:21;N;i:22;N;i:23;N;i:24;N;i:25;d:28923.96;i:26;d:3037.02;i:27;N;i:28;N;i:29;N;i:30;N;i:31;d:28923.96;i:32;i:3037;}s:28:\\\"\\u0000*\\u0000escapeWhenCastingToString\\\";b:0;}i:222;O:29:\\\"Illuminate\\\\Support\\\\Collection\\\":2:{s:8:\\\"\\u0000*\\u0000items\\\";a:33:{i:0;i:45706;i:1;i:6;i:2;i:5;i:3;i:19292;i:4;i:19292;i:5;i:96;i:6;i:1111111;i:7;N;i:8;N;i:9;d:47687.5;i:10;s:3:\\\"PES\\\";i:11;i:1;i:12;i:0;i:13;i:0;i:14;i:0;i:15;i:0;i:16;i:0;i:17;i:0;i:18;i:0;i:19;i:0;i:20;N;i:21;N;i:22;N;i:23;N;i:24;N;i:25;d:43156.11;i:26;d:4531.39;i:27;N;i:28;N;i:29;N;i:30;N;i:31;d:43156.11;i:32;d:4531.4;}s:28:\\\"\\u0000*\\u0000escapeWhenCastingToString\\\";b:0;}i:223;O:29:\\\"Illuminate\\\\Support\\\\Collection\\\":2:{s:8:\\\"\\u0000*\\u0000items\\\";a:33:{i:0;i:45706;i:1;i:6;i:2;i:5;i:3;i:19293;i:4;i:19293;i:5;i:96;i:6;i:1111111;i:7;N;i:8;N;i:9;d:23029.15;i:10;s:3:\\\"PES\\\";i:11;i:1;i:12;i:0;i:13;i:0;i:14;i:0;i:15;i:0;i:16;i:0;i:17;i:0;i:18;i:0;i:19;i:0;i:20;N;i:21;N;i:22;N;i:23;N;i:24;N;i:25;d:17968.46;i:26;d:1886.69;i:27;d:2623.14;i:28;d:550.86;i:29;N;i:30;N;i:31;d:20591.6;i:32;d:2437.6;}s:28:\\\"\\u0000*\\u0000escapeWhenCastingToString\\\";b:0;}i:224;O:29:\\\"Illuminate\\\\Support\\\\Collection\\\":2:{s:8:\\\"\\u0000*\\u0000items\\\";a:33:{i:0;i:45706;i:1;i:6;i:2;i:5;i:3;i:19294;i:4;i:19294;i:5;i:96;i:6;i:1111111;i:7;N;i:8;N;i:9;d:16801.5;i:10;s:3:\\\"PES\\\";i:11;i:1;i:12;i:0;i:13;i:0;i:14;i:0;i:15;i:0;i:16;i:0;i:17;i:0;i:18;i:0;i:19;i:0;i:20;N;i:21;N;i:22;N;i:23;N;i:24;N;i:25;d:15204.98;i:26;d:1596.52;i:27;N;i:28;N;i:29;N;i:30;N;i:31;d:15204.98;i:32;d:1596.5;}s:28:\\\"\\u0000*\\u0000escapeWhenCastingToString\\\";b:0;}i:225;O:29:\\\"Illuminate\\\\Support\\\\Collection\\\":2:{s:8:\\\"\\u0000*\\u0000items\\\";a:33:{i:0;i:45706;i:1;i:6;i:2;i:5;i:3;i:19295;i:4;i:19295;i:5;i:96;i:6;i:1111111;i:7;N;i:8;N;i:9;d:18740.5;i:10;s:3:\\\"PES\\\";i:11;i:1;i:12;i:0;i:13;i:0;i:14;i:0;i:15;i:0;i:16;i:0;i:17;i:0;i:18;i:0;i:19;i:0;i:20;N;i:21;N;i:22;N;i:23;N;i:24;N;i:25;d:12457.47;i:26;d:1308.03;i:27;d:4111.57;i:28;d:863.43;i:29;N;i:30;N;i:31;d:16569.04;i:32;d:2171.5;}s:28:\\\"\\u0000*\\u0000escapeWhenCastingToString\\\";b:0;}i:226;O:29:\\\"Illuminate\\\\Support\\\\Collection\\\":2:{s:8:\\\"\\u0000*\\u0000items\\\";a:33:{i:0;i:45706;i:1;i:6;i:2;i:5;i:3;i:19296;i:4;i:19296;i:5;i:96;i:6;i:1111111;i:7;N;i:8;N;i:9;i:15325;i:10;s:3:\\\"PES\\\";i:11;i:1;i:12;i:0;i:13;i:0;i:14;i:0;i:15;i:0;i:16;i:0;i:17;i:0;i:18;i:0;i:19;i:0;i:20;N;i:21;N;i:22;N;i:23;N;i:24;N;i:25;d:9366.52;i:26;d:983.48;i:27;d:4111.57;i:28;d:863.43;i:29;N;i:30;N;i:31;d:13478.09;i:32;d:1846.9;}s:28:\\\"\\u0000*\\u0000escapeWhenCastingToString\\\";b:0;}i:227;O:29:\\\"Illuminate\\\\Support\\\\Collection\\\":2:{s:8:\\\"\\u0000*\\u0000items\\\";a:33:{i:0;i:45706;i:1;i:6;i:2;i:5;i:3;i:19297;i:4;i:19297;i:5;i:96;i:6;i:1111111;i:7;N;i:8;N;i:9;d:10069.5;i:10;s:3:\\\"PES\\\";i:11;i:1;i:12;i:0;i:13;i:0;i:14;i:0;i:15;i:0;i:16;i:0;i:17;i:0;i:18;i:0;i:19;i:0;i:20;N;i:21;N;i:22;N;i:23;N;i:24;N;i:25;N;i:26;N;i:27;d:8321.9;i:28;d:1747.6;i:29;N;i:30;N;i:31;d:8321.9;i:32;d:1747.6;}s:28:\\\"\\u0000*\\u0000escapeWhenCastingToString\\\";b:0;}i:228;O:29:\\\"Illuminate\\\\Support\\\\Collection\\\":2:{s:8:\\\"\\u0000*\\u0000items\\\";a:33:{i:0;i:45706;i:1;i:6;i:2;i:5;i:3;i:19298;i:4;i:19298;i:5;i:96;i:6;i:1111111;i:7;N;i:8;N;i:9;d:52893.8;i:10;s:3:\\\"PES\\\";i:11;i:1;i:12;i:0;i:13;i:0;i:14;i:0;i:15;i:0;i:16;i:0;i:17;i:0;i:18;i:0;i:19;i:0;i:20;N;i:21;N;i:22;N;i:23;N;i:24;N;i:25;d:47867.69;i:26;d:5026.11;i:27;N;i:28;N;i:29;N;i:30;N;i:31;d:47867.69;i:32;d:5026.1;}s:28:\\\"\\u0000*\\u0000escapeWhenCastingToString\\\";b:0;}i:229;O:29:\\\"Illuminate\\\\Support\\\\Collection\\\":2:{s:8:\\\"\\u0000*\\u0000items\\\";a:33:{i:0;i:45706;i:1;i:6;i:2;i:5;i:3;i:19299;i:4;i:19299;i:5;i:96;i:6;i:1111111;i:7;N;i:8;N;i:9;d:11573.5;i:10;s:3:\\\"PES\\\";i:11;i:1;i:12;i:0;i:13;i:0;i:14;i:0;i:15;i:0;i:16;i:0;i:17;i:0;i:18;i:0;i:19;i:0;i:20;N;i:21;N;i:22;N;i:23;N;i:24;N;i:25;d:10473.76;i:26;d:1099.74;i:27;N;i:28;N;i:29;N;i:30;N;i:31;d:10473.76;i:32;d:1099.7;}s:28:\\\"\\u0000*\\u0000escapeWhenCastingToString\\\";b:0;}i:230;O:29:\\\"Illuminate\\\\Support\\\\Collection\\\":2:{s:8:\\\"\\u0000*\\u0000items\\\";a:33:{i:0;i:45706;i:1;i:6;i:2;i:5;i:3;i:19300;i:4;i:19300;i:5;i:96;i:6;i:1111111;i:7;N;i:8;N;i:9;d:70983.45;i:10;s:3:\\\"PES\\\";i:11;i:1;i:12;i:0;i:13;i:0;i:14;i:0;i:15;i:0;i:16;i:0;i:17;i:0;i:18;i:0;i:19;i:0;i:20;N;i:21;N;i:22;N;i:23;N;i:24;N;i:25;N;i:26;N;i:27;d:58664.01;i:28;d:12319.44;i:29;N;i:30;N;i:31;d:58664.01;i:32;d:12319.4;}s:28:\\\"\\u0000*\\u0000escapeWhenCastingToString\\\";b:0;}i:231;O:29:\\\"Illuminate\\\\Support\\\\Collection\\\":2:{s:8:\\\"\\u0000*\\u0000items\\\";a:33:{i:0;i:45706;i:1;i:6;i:2;i:5;i:3;i:19301;i:4;i:19301;i:5;i:96;i:6;i:1111111;i:7;N;i:8;N;i:9;d:6244.5;i:10;s:3:\\\"PES\\\";i:11;i:1;i:12;i:0;i:13;i:0;i:14;i:0;i:15;i:0;i:16;i:0;i:17;i:0;i:18;i:0;i:19;i:0;i:20;N;i:21;N;i:22;N;i:23;N;i:24;N;i:25;d:5651.13;i:26;d:593.37;i:27;N;i:28;N;i:29;N;i:30;N;i:31;d:5651.13;i:32;d:593.4;}s:28:\\\"\\u0000*\\u0000escapeWhenCastingToString\\\";b:0;}i:232;O:29:\\\"Illuminate\\\\Support\\\\Collection\\\":2:{s:8:\\\"\\u0000*\\u0000items\\\";a:33:{i:0;i:45706;i:1;i:6;i:2;i:5;i:3;i:19302;i:4;i:19302;i:5;i:96;i:6;i:1111111;i:7;N;i:8;N;i:9;d:10609.05;i:10;s:3:\\\"PES\\\";i:11;i:1;i:12;i:0;i:13;i:0;i:14;i:0;i:15;i:0;i:16;i:0;i:17;i:0;i:18;i:0;i:19;i:0;i:20;N;i:21;N;i:22;N;i:23;N;i:24;N;i:25;N;i:26;N;i:27;d:8767.81;i:28;d:1841.24;i:29;N;i:30;N;i:31;d:8767.81;i:32;d:1841.2;}s:28:\\\"\\u0000*\\u0000escapeWhenCastingToString\\\";b:0;}i:233;O:29:\\\"Illuminate\\\\Support\\\\Collection\\\":2:{s:8:\\\"\\u0000*\\u0000items\\\";a:33:{i:0;i:45706;i:1;i:6;i:2;i:5;i:3;i:19303;i:4;i:19303;i:5;i:96;i:6;i:1111111;i:7;N;i:8;N;i:9;d:9073.5;i:10;s:3:\\\"PES\\\";i:11;i:1;i:12;i:0;i:13;i:0;i:14;i:0;i:15;i:0;i:16;i:0;i:17;i:0;i:18;i:0;i:19;i:0;i:20;N;i:21;N;i:22;N;i:23;N;i:24;N;i:25;d:8211.31;i:26;d:862.19;i:27;N;i:28;N;i:29;N;i:30;N;i:31;d:8211.31;i:32;d:862.2;}s:28:\\\"\\u0000*\\u0000escapeWhenCastingToString\\\";b:0;}i:234;O:29:\\\"Illuminate\\\\Support\\\\Collection\\\":2:{s:8:\\\"\\u0000*\\u0000items\\\";a:33:{i:0;i:45706;i:1;i:6;i:2;i:5;i:3;i:19304;i:4;i:19304;i:5;i:96;i:6;i:1111111;i:7;N;i:8;N;i:9;d:18556.5;i:10;s:3:\\\"PES\\\";i:11;i:1;i:12;i:0;i:13;i:0;i:14;i:0;i:15;i:0;i:16;i:0;i:17;i:0;i:18;i:0;i:19;i:0;i:20;N;i:21;N;i:22;N;i:23;N;i:24;N;i:25;N;i:26;N;i:27;d:15335.95;i:28;d:3220.55;i:29;N;i:30;N;i:31;d:15335.95;i:32;d:3220.6;}s:28:\\\"\\u0000*\\u0000escapeWhenCastingToString\\\";b:0;}i:235;O:29:\\\"Illuminate\\\\Support\\\\Collection\\\":2:{s:8:\\\"\\u0000*\\u0000items\\\";a:33:{i:0;i:45706;i:1;i:6;i:2;i:5;i:3;i:19305;i:4;i:19305;i:5;i:96;i:6;i:1111111;i:7;N;i:8;N;i:9;i:6582;i:10;s:3:\\\"PES\\\";i:11;i:1;i:12;i:0;i:13;i:0;i:14;i:0;i:15;i:0;i:16;i:0;i:17;i:0;i:18;i:0;i:19;i:0;i:20;N;i:21;N;i:22;N;i:23;N;i:24;N;i:25;d:2793.67;i:26;d:293.33;i:27;d:2888.43;i:28;d:606.57;i:29;N;i:30;N;i:31;d:5682.1;i:32;d:899.9;}s:28:\\\"\\u0000*\\u0000escapeWhenCastingToString\\\";b:0;}i:236;O:29:\\\"Illuminate\\\\Support\\\\Collection\\\":2:{s:8:\\\"\\u0000*\\u0000items\\\";a:33:{i:0;i:45706;i:1;i:6;i:2;i:5;i:3;i:19306;i:4;i:19306;i:5;i:96;i:6;i:1111111;i:7;N;i:8;N;i:9;d:18619.6;i:10;s:3:\\\"PES\\\";i:11;i:1;i:12;i:0;i:13;i:0;i:14;i:0;i:15;i:0;i:16;i:0;i:17;i:0;i:18;i:0;i:19;i:0;i:20;N;i:21;N;i:22;N;i:23;N;i:24;N;i:25;d:2660.9;i:26;d:279.4;i:27;d:12958.1;i:28;d:2721.2;i:29;N;i:30;N;i:31;i:15619;i:32;d:3000.6;}s:28:\\\"\\u0000*\\u0000escapeWhenCastingToString\\\";b:0;}i:237;O:29:\\\"Illuminate\\\\Support\\\\Collection\\\":2:{s:8:\\\"\\u0000*\\u0000items\\\";a:33:{i:0;i:45706;i:1;i:6;i:2;i:5;i:3;i:19307;i:4;i:19307;i:5;i:96;i:6;i:1111111;i:7;N;i:8;N;i:9;d:11656.4;i:10;s:3:\\\"PES\\\";i:11;i:1;i:12;i:0;i:13;i:0;i:14;i:0;i:15;i:0;i:16;i:0;i:17;i:0;i:18;i:0;i:19;i:0;i:20;N;i:21;N;i:22;N;i:23;N;i:24;N;i:25;d:7086.15;i:26;d:744.05;i:27;d:3162.15;i:28;d:664.05;i:29;N;i:30;N;i:31;d:10248.3;i:32;d:1408.1;}s:28:\\\"\\u0000*\\u0000escapeWhenCastingToString\\\";b:0;}i:238;O:29:\\\"Illuminate\\\\Support\\\\Collection\\\":2:{s:8:\\\"\\u0000*\\u0000items\\\";a:33:{i:0;i:45706;i:1;i:6;i:2;i:5;i:3;i:19308;i:4;i:19308;i:5;i:96;i:6;i:1111111;i:7;N;i:8;N;i:9;d:9810.74;i:10;s:3:\\\"PES\\\";i:11;i:1;i:12;i:0;i:13;i:0;i:14;i:0;i:15;i:0;i:16;i:0;i:17;i:0;i:18;i:0;i:19;i:0;i:20;N;i:21;N;i:22;N;i:23;N;i:24;N;i:25;N;i:26;N;i:27;d:8108.05;i:28;d:1702.69;i:29;N;i:30;N;i:31;d:8108.05;i:32;d:1702.7;}s:28:\\\"\\u0000*\\u0000escapeWhenCastingToString\\\";b:0;}i:239;O:29:\\\"Illuminate\\\\Support\\\\Collection\\\":2:{s:8:\\\"\\u0000*\\u0000items\\\";a:33:{i:0;i:45706;i:1;i:6;i:2;i:5;i:3;i:19309;i:4;i:19309;i:5;i:96;i:6;i:1111111;i:7;N;i:8;N;i:9;i:6831;i:10;s:3:\\\"PES\\\";i:11;i:1;i:12;i:0;i:13;i:0;i:14;i:0;i:15;i:0;i:16;i:0;i:17;i:0;i:18;i:0;i:19;i:0;i:20;N;i:21;N;i:22;N;i:23;N;i:24;N;i:25;d:6181.9;i:26;d:649.1;i:27;N;i:28;N;i:29;N;i:30;N;i:31;d:6181.9;i:32;d:649.1;}s:28:\\\"\\u0000*\\u0000escapeWhenCastingToString\\\";b:0;}i:240;O:29:\\\"Illuminate\\\\Support\\\\Collection\\\":2:{s:8:\\\"\\u0000*\\u0000items\\\";a:33:{i:0;i:45706;i:1;i:6;i:2;i:5;i:3;i:19310;i:4;i:19310;i:5;i:96;i:6;i:1111111;i:7;N;i:8;N;i:9;i:15753;i:10;s:3:\\\"PES\\\";i:11;i:1;i:12;i:0;i:13;i:0;i:14;i:0;i:15;i:0;i:16;i:0;i:17;i:0;i:18;i:0;i:19;i:0;i:20;N;i:21;N;i:22;N;i:23;N;i:24;N;i:25;d:14256.11;i:26;d:1496.89;i:27;N;i:28;N;i:29;N;i:30;N;i:31;d:14256.11;i:32;d:1496.9;}s:28:\\\"\\u0000*\\u0000escapeWhenCastingToString\\\";b:0;}i:241;O:29:\\\"Illuminate\\\\Support\\\\Collection\\\":2:{s:8:\\\"\\u0000*\\u0000items\\\";a:33:{i:0;i:45706;i:1;i:6;i:2;i:5;i:3;i:19311;i:4;i:19311;i:5;i:96;i:6;i:1111111;i:7;N;i:8;N;i:9;i:6118;i:10;s:3:\\\"PES\\\";i:11;i:1;i:12;i:0;i:13;i:0;i:14;i:0;i:15;i:0;i:16;i:0;i:17;i:0;i:18;i:0;i:19;i:0;i:20;N;i:21;N;i:22;N;i:23;N;i:24;N;i:25;N;i:26;N;i:27;d:5056.2;i:28;d:1061.8;i:29;N;i:30;N;i:31;d:5056.2;i:32;d:1061.8;}s:28:\\\"\\u0000*\\u0000escapeWhenCastingToString\\\";b:0;}i:242;O:29:\\\"Illuminate\\\\Support\\\\Collection\\\":2:{s:8:\\\"\\u0000*\\u0000items\\\";a:33:{i:0;i:45706;i:1;i:6;i:2;i:5;i:3;i:19312;i:4;i:19312;i:5;i:96;i:6;i:1111111;i:7;N;i:8;N;i:9;i:3600;i:10;s:3:\\\"PES\\\";i:11;i:1;i:12;i:0;i:13;i:0;i:14;i:0;i:15;i:0;i:16;i:0;i:17;i:0;i:18;i:0;i:19;i:0;i:20;N;i:21;N;i:22;N;i:23;N;i:24;N;i:25;N;i:26;N;i:27;d:2975.21;i:28;d:624.79;i:29;N;i:30;N;i:31;d:2975.21;i:32;d:624.8;}s:28:\\\"\\u0000*\\u0000escapeWhenCastingToString\\\";b:0;}i:243;O:29:\\\"Illuminate\\\\Support\\\\Collection\\\":2:{s:8:\\\"\\u0000*\\u0000items\\\";a:33:{i:0;i:45706;i:1;i:6;i:2;i:5;i:3;i:19313;i:4;i:19313;i:5;i:96;i:6;i:1111111;i:7;N;i:8;N;i:9;i:53490;i:10;s:3:\\\"PES\\\";i:11;i:1;i:12;i:0;i:13;i:0;i:14;i:0;i:15;i:0;i:16;i:0;i:17;i:0;i:18;i:0;i:19;i:0;i:20;N;i:21;N;i:22;N;i:23;N;i:24;N;i:25;N;i:26;N;i:27;d:44206.61;i:28;d:9283.39;i:29;N;i:30;N;i:31;d:44206.61;i:32;d:9283.4;}s:28:\\\"\\u0000*\\u0000escapeWhenCastingToString\\\";b:0;}i:244;O:29:\\\"Illuminate\\\\Support\\\\Collection\\\":2:{s:8:\\\"\\u0000*\\u0000items\\\";a:33:{i:0;i:45706;i:1;i:6;i:2;i:5;i:3;i:19314;i:4;i:19314;i:5;i:96;i:6;i:1111111;i:7;N;i:8;N;i:9;i:16037;i:10;s:3:\\\"PES\\\";i:11;i:1;i:12;i:0;i:13;i:0;i:14;i:0;i:15;i:0;i:16;i:0;i:17;i:0;i:18;i:0;i:19;i:0;i:20;N;i:21;N;i:22;N;i:23;N;i:24;N;i:25;d:14513.12;i:26;d:1523.88;i:27;N;i:28;N;i:29;N;i:30;N;i:31;d:14513.12;i:32;d:1523.9;}s:28:\\\"\\u0000*\\u0000escapeWhenCastingToString\\\";b:0;}i:245;O:29:\\\"Illuminate\\\\Support\\\\Collection\\\":2:{s:8:\\\"\\u0000*\\u0000items\\\";a:33:{i:0;i:45706;i:1;i:6;i:2;i:5;i:3;i:19315;i:4;i:19315;i:5;i:96;i:6;i:1111111;i:7;N;i:8;N;i:9;d:14934.3;i:10;s:3:\\\"PES\\\";i:11;i:1;i:12;i:0;i:13;i:0;i:14;i:0;i:15;i:0;i:16;i:0;i:17;i:0;i:18;i:0;i:19;i:0;i:20;N;i:21;N;i:22;N;i:23;N;i:24;N;i:25;d:600.27;i:26;d:63.03;i:27;d:11794.21;i:28;d:2476.79;i:29;N;i:30;N;i:31;d:12394.48;i:32;d:2539.8;}s:28:\\\"\\u0000*\\u0000escapeWhenCastingToString\\\";b:0;}i:246;O:29:\\\"Illuminate\\\\Support\\\\Collection\\\":2:{s:8:\\\"\\u0000*\\u0000items\\\";a:33:{i:0;i:45706;i:1;i:6;i:2;i:5;i:3;i:19316;i:4;i:19316;i:5;i:96;i:6;i:1111111;i:7;N;i:8;N;i:9;d:10020.5;i:10;s:3:\\\"PES\\\";i:11;i:1;i:12;i:0;i:13;i:0;i:14;i:0;i:15;i:0;i:16;i:0;i:17;i:0;i:18;i:0;i:19;i:0;i:20;N;i:21;N;i:22;N;i:23;N;i:24;N;i:25;N;i:26;N;i:27;d:8281.4;i:28;d:1739.1;i:29;N;i:30;N;i:31;d:8281.4;i:32;d:1739.1;}s:28:\\\"\\u0000*\\u0000escapeWhenCastingToString\\\";b:0;}i:247;O:29:\\\"Illuminate\\\\Support\\\\Collection\\\":2:{s:8:\\\"\\u0000*\\u0000items\\\";a:33:{i:0;i:45706;i:1;i:6;i:2;i:5;i:3;i:19317;i:4;i:19317;i:5;i:96;i:6;i:1111111;i:7;N;i:8;N;i:9;i:15190;i:10;s:3:\\\"PES\\\";i:11;i:1;i:12;i:0;i:13;i:0;i:14;i:0;i:15;i:0;i:16;i:0;i:17;i:0;i:18;i:0;i:19;i:0;i:20;N;i:21;N;i:22;N;i:23;N;i:24;N;i:25;N;i:26;N;i:27;d:12553.72;i:28;d:2636.28;i:29;N;i:30;N;i:31;d:12553.72;i:32;d:2636.3;}s:28:\\\"\\u0000*\\u0000escapeWhenCastingToString\\\";b:0;}i:248;O:29:\\\"Illuminate\\\\Support\\\\Collection\\\":2:{s:8:\\\"\\u0000*\\u0000items\\\";a:33:{i:0;i:45706;i:1;i:6;i:2;i:5;i:3;i:19318;i:4;i:19318;i:5;i:96;i:6;i:1111111;i:7;N;i:8;N;i:9;d:10020.5;i:10;s:3:\\\"PES\\\";i:11;i:1;i:12;i:0;i:13;i:0;i:14;i:0;i:15;i:0;i:16;i:0;i:17;i:0;i:18;i:0;i:19;i:0;i:20;N;i:21;N;i:22;N;i:23;N;i:24;N;i:25;N;i:26;N;i:27;d:8281.4;i:28;d:1739.1;i:29;N;i:30;N;i:31;d:8281.4;i:32;d:1739.1;}s:28:\\\"\\u0000*\\u0000escapeWhenCastingToString\\\";b:0;}i:249;O:29:\\\"Illuminate\\\\Support\\\\Collection\\\":2:{s:8:\\\"\\u0000*\\u0000items\\\";a:33:{i:0;i:45706;i:1;i:6;i:2;i:5;i:3;i:19319;i:4;i:19319;i:5;i:96;i:6;i:1111111;i:7;N;i:8;N;i:9;i:49484;i:10;s:3:\\\"PES\\\";i:11;i:1;i:12;i:0;i:13;i:0;i:14;i:0;i:15;i:0;i:16;i:0;i:17;i:0;i:18;i:0;i:19;i:0;i:20;N;i:21;N;i:22;N;i:23;N;i:24;N;i:25;d:44781.9;i:26;d:4702.1;i:27;N;i:28;N;i:29;N;i:30;N;i:31;d:44781.9;i:32;d:4702.1;}s:28:\\\"\\u0000*\\u0000escapeWhenCastingToString\\\";b:0;}i:250;O:29:\\\"Illuminate\\\\Support\\\\Collection\\\":2:{s:8:\\\"\\u0000*\\u0000items\\\";a:33:{i:0;i:45706;i:1;i:6;i:2;i:5;i:3;i:19320;i:4;i:19320;i:5;i:96;i:6;i:1111111;i:7;N;i:8;N;i:9;d:63323.5;i:10;s:3:\\\"PES\\\";i:11;i:1;i:12;i:0;i:13;i:0;i:14;i:0;i:15;i:0;i:16;i:0;i:17;i:0;i:18;i:0;i:19;i:0;i:20;N;i:21;N;i:22;N;i:23;N;i:24;N;i:25;d:57306.33;i:26;d:6017.17;i:27;N;i:28;N;i:29;N;i:30;N;i:31;d:57306.33;i:32;d:6017.2;}s:28:\\\"\\u0000*\\u0000escapeWhenCastingToString\\\";b:0;}i:251;O:29:\\\"Illuminate\\\\Support\\\\Collection\\\":2:{s:8:\\\"\\u0000*\\u0000items\\\";a:33:{i:0;i:45706;i:1;i:6;i:2;i:5;i:3;i:19321;i:4;i:19321;i:5;i:96;i:6;i:1111111;i:7;N;i:8;N;i:9;d:33297.05;i:10;s:3:\\\"PES\\\";i:11;i:1;i:12;i:0;i:13;i:0;i:14;i:0;i:15;i:0;i:16;i:0;i:17;i:0;i:18;i:0;i:19;i:0;i:20;N;i:21;N;i:22;N;i:23;N;i:24;N;i:25;d:23680.77;i:26;d:2486.48;i:27;d:5892.4;i:28;d:1237.4;i:29;N;i:30;N;i:31;d:29573.17;i:32;d:3723.9;}s:28:\\\"\\u0000*\\u0000escapeWhenCastingToString\\\";b:0;}i:252;O:29:\\\"Illuminate\\\\Support\\\\Collection\\\":2:{s:8:\\\"\\u0000*\\u0000items\\\";a:33:{i:0;i:45706;i:1;i:6;i:2;i:5;i:3;i:19322;i:4;i:19322;i:5;i:96;i:6;i:1111111;i:7;N;i:8;N;i:9;i:31284;i:10;s:3:\\\"PES\\\";i:11;i:1;i:12;i:0;i:13;i:0;i:14;i:0;i:15;i:0;i:16;i:0;i:17;i:0;i:18;i:0;i:19;i:0;i:20;N;i:21;N;i:22;N;i:23;N;i:24;N;i:25;d:28311.31;i:26;d:2972.69;i:27;N;i:28;N;i:29;N;i:30;N;i:31;d:28311.31;i:32;d:2972.7;}s:28:\\\"\\u0000*\\u0000escapeWhenCastingToString\\\";b:0;}i:253;O:29:\\\"Illuminate\\\\Support\\\\Collection\\\":2:{s:8:\\\"\\u0000*\\u0000items\\\";a:33:{i:0;i:45706;i:1;i:6;i:2;i:5;i:3;i:19323;i:4;i:19323;i:5;i:96;i:6;i:1111111;i:7;N;i:8;N;i:9;d:60590.5;i:10;s:3:\\\"PES\\\";i:11;i:1;i:12;i:0;i:13;i:0;i:14;i:0;i:15;i:0;i:16;i:0;i:17;i:0;i:18;i:0;i:19;i:0;i:20;N;i:21;N;i:22;N;i:23;N;i:24;N;i:25;d:24240.72;i:26;d:2545.28;i:27;d:27937.6;i:28;d:5866.9;i:29;N;i:30;N;i:31;d:52178.32;i:32;d:8412.2;}s:28:\\\"\\u0000*\\u0000escapeWhenCastingToString\\\";b:0;}i:254;O:29:\\\"Illuminate\\\\Support\\\\Collection\\\":2:{s:8:\\\"\\u0000*\\u0000items\\\";a:33:{i:0;i:45706;i:1;i:6;i:2;i:5;i:3;i:19324;i:4;i:19324;i:5;i:96;i:6;i:1111111;i:7;N;i:8;N;i:9;i:15141;i:10;s:3:\\\"PES\\\";i:11;i:1;i:12;i:0;i:13;i:0;i:14;i:0;i:15;i:0;i:16;i:0;i:17;i:0;i:18;i:0;i:19;i:0;i:20;N;i:21;N;i:22;N;i:23;N;i:24;N;i:25;d:4567.42;i:26;d:479.58;i:27;d:8342.15;i:28;d:1751.85;i:29;N;i:30;N;i:31;d:12909.57;i:32;d:2231.4;}s:28:\\\"\\u0000*\\u0000escapeWhenCastingToString\\\";b:0;}i:255;O:29:\\\"Illuminate\\\\Support\\\\Collection\\\":2:{s:8:\\\"\\u0000*\\u0000items\\\";a:33:{i:0;i:45706;i:1;i:6;i:2;i:5;i:3;i:19325;i:4;i:19325;i:5;i:96;i:6;i:1111111;i:7;N;i:8;N;i:9;d:18977.85;i:10;s:3:\\\"PES\\\";i:11;i:1;i:12;i:0;i:13;i:0;i:14;i:0;i:15;i:0;i:16;i:0;i:17;i:0;i:18;i:0;i:19;i:0;i:20;N;i:21;N;i:22;N;i:23;N;i:24;N;i:25;N;i:26;N;i:27;d:15684.17;i:28;d:3293.68;i:29;N;i:30;N;i:31;d:15684.17;i:32;d:3293.7;}s:28:\\\"\\u0000*\\u0000escapeWhenCastingToString\\\";b:0;}i:256;O:29:\\\"Illuminate\\\\Support\\\\Collection\\\":2:{s:8:\\\"\\u0000*\\u0000items\\\";a:33:{i:0;i:45706;i:1;i:6;i:2;i:5;i:3;i:19326;i:4;i:19326;i:5;i:96;i:6;i:1111111;i:7;N;i:8;N;i:9;d:37666.05;i:10;s:3:\\\"PES\\\";i:11;i:1;i:12;i:0;i:13;i:0;i:14;i:0;i:15;i:0;i:16;i:0;i:17;i:0;i:18;i:0;i:19;i:0;i:20;N;i:21;N;i:22;N;i:23;N;i:24;N;i:25;d:24119.28;i:26;d:2532.52;i:27;d:9102.69;i:28;d:1911.56;i:29;N;i:30;N;i:31;d:33221.97;i:32;d:4444.1;}s:28:\\\"\\u0000*\\u0000escapeWhenCastingToString\\\";b:0;}i:257;O:29:\\\"Illuminate\\\\Support\\\\Collection\\\":2:{s:8:\\\"\\u0000*\\u0000items\\\";a:33:{i:0;i:45706;i:1;i:6;i:2;i:5;i:3;i:19327;i:4;i:19327;i:5;i:96;i:6;i:1111111;i:7;N;i:8;N;i:9;d:33326.55;i:10;s:3:\\\"PES\\\";i:11;i:1;i:12;i:0;i:13;i:0;i:14;i:0;i:15;i:0;i:16;i:0;i:17;i:0;i:18;i:0;i:19;i:0;i:20;N;i:21;N;i:22;N;i:23;N;i:24;N;i:25;i:14100;i:26;d:1480.5;i:27;d:14666.16;i:28;d:3079.89;i:29;N;i:30;N;i:31;d:28766.16;i:32;d:4560.4;}s:28:\\\"\\u0000*\\u0000escapeWhenCastingToString\\\";b:0;}i:258;O:29:\\\"Illuminate\\\\Support\\\\Collection\\\":2:{s:8:\\\"\\u0000*\\u0000items\\\";a:33:{i:0;i:45706;i:1;i:6;i:2;i:5;i:3;i:19328;i:4;i:19328;i:5;i:96;i:6;i:1111111;i:7;N;i:8;N;i:9;i:4975;i:10;s:3:\\\"PES\\\";i:11;i:1;i:12;i:0;i:13;i:0;i:14;i:0;i:15;i:0;i:16;i:0;i:17;i:0;i:18;i:0;i:19;i:0;i:20;N;i:21;N;i:22;N;i:23;N;i:24;N;i:25;N;i:26;N;i:27;d:4111.57;i:28;d:863.43;i:29;N;i:30;N;i:31;d:4111.57;i:32;d:863.4;}s:28:\\\"\\u0000*\\u0000escapeWhenCastingToString\\\";b:0;}i:259;O:29:\\\"Illuminate\\\\Support\\\\Collection\\\":2:{s:8:\\\"\\u0000*\\u0000items\\\";a:33:{i:0;i:45706;i:1;i:6;i:2;i:5;i:3;i:19329;i:4;i:19329;i:5;i:96;i:6;i:1111111;i:7;N;i:8;N;i:9;d:23466.6;i:10;s:3:\\\"PES\\\";i:11;i:1;i:12;i:0;i:13;i:0;i:14;i:0;i:15;i:0;i:16;i:0;i:17;i:0;i:18;i:0;i:19;i:0;i:20;N;i:21;N;i:22;N;i:23;N;i:24;N;i:25;d:12564.71;i:26;d:1319.29;i:27;d:7919.5;i:28;d:1663.1;i:29;N;i:30;N;i:31;d:20484.21;i:32;d:2982.4;}s:28:\\\"\\u0000*\\u0000escapeWhenCastingToString\\\";b:0;}i:260;O:29:\\\"Illuminate\\\\Support\\\\Collection\\\":2:{s:8:\\\"\\u0000*\\u0000items\\\";a:33:{i:0;i:45706;i:1;i:6;i:2;i:5;i:3;i:19330;i:4;i:19330;i:5;i:96;i:6;i:1111111;i:7;N;i:8;N;i:9;d:28563.25;i:10;s:3:\\\"PES\\\";i:11;i:1;i:12;i:0;i:13;i:0;i:14;i:0;i:15;i:0;i:16;i:0;i:17;i:0;i:18;i:0;i:19;i:0;i:20;N;i:21;N;i:22;N;i:23;N;i:24;N;i:25;d:6688.46;i:26;d:702.29;i:27;d:17497.93;i:28;d:3674.57;i:29;N;i:30;N;i:31;d:24186.39;i:32;d:4376.9;}s:28:\\\"\\u0000*\\u0000escapeWhenCastingToString\\\";b:0;}i:261;O:29:\\\"Illuminate\\\\Support\\\\Collection\\\":2:{s:8:\\\"\\u0000*\\u0000items\\\";a:33:{i:0;i:45706;i:1;i:6;i:2;i:5;i:3;i:19331;i:4;i:19331;i:5;i:96;i:6;i:1111111;i:7;N;i:8;N;i:9;i:16568;i:10;s:3:\\\"PES\\\";i:11;i:1;i:12;i:0;i:13;i:0;i:14;i:0;i:15;i:0;i:16;i:0;i:17;i:0;i:18;i:0;i:19;i:0;i:20;N;i:21;N;i:22;N;i:23;N;i:24;N;i:25;d:14993.67;i:26;d:1574.33;i:27;N;i:28;N;i:29;N;i:30;N;i:31;d:14993.67;i:32;d:1574.3;}s:28:\\\"\\u0000*\\u0000escapeWhenCastingToString\\\";b:0;}i:262;O:29:\\\"Illuminate\\\\Support\\\\Collection\\\":2:{s:8:\\\"\\u0000*\\u0000items\\\";a:33:{i:0;i:45706;i:1;i:6;i:2;i:5;i:3;i:19332;i:4;i:19332;i:5;i:96;i:6;i:1111111;i:7;N;i:8;N;i:9;i:24716;i:10;s:3:\\\"PES\\\";i:11;i:1;i:12;i:0;i:13;i:0;i:14;i:0;i:15;i:0;i:16;i:0;i:17;i:0;i:18;i:0;i:19;i:0;i:20;N;i:21;N;i:22;N;i:23;N;i:24;N;i:25;d:4652.04;i:26;d:488.46;i:27;d:16178.1;i:28;d:3397.4;i:29;N;i:30;N;i:31;d:20830.14;i:32;d:3885.9;}s:28:\\\"\\u0000*\\u0000escapeWhenCastingToString\\\";b:0;}i:263;O:29:\\\"Illuminate\\\\Support\\\\Collection\\\":2:{s:8:\\\"\\u0000*\\u0000items\\\";a:33:{i:0;i:45706;i:1;i:6;i:2;i:5;i:3;i:19333;i:4;i:19333;i:5;i:96;i:6;i:1111111;i:7;N;i:8;N;i:9;i:2450;i:10;s:3:\\\"PES\\\";i:11;i:1;i:12;i:0;i:13;i:0;i:14;i:0;i:15;i:0;i:16;i:0;i:17;i:0;i:18;i:0;i:19;i:0;i:20;N;i:21;N;i:22;N;i:23;N;i:24;N;i:25;N;i:26;N;i:27;d:2024.79;i:28;d:425.21;i:29;N;i:30;N;i:31;d:2024.79;i:32;d:425.2;}s:28:\\\"\\u0000*\\u0000escapeWhenCastingToString\\\";b:0;}i:264;O:29:\\\"Illuminate\\\\Support\\\\Collection\\\":2:{s:8:\\\"\\u0000*\\u0000items\\\";a:33:{i:0;i:45706;i:1;i:6;i:2;i:5;i:3;i:19334;i:4;i:19334;i:5;i:96;i:6;i:1111111;i:7;N;i:8;N;i:9;d:17138.65;i:10;s:3:\\\"PES\\\";i:11;i:1;i:12;i:0;i:13;i:0;i:14;i:0;i:15;i:0;i:16;i:0;i:17;i:0;i:18;i:0;i:19;i:0;i:20;N;i:21;N;i:22;N;i:23;N;i:24;N;i:25;d:7122.31;i:26;d:747.84;i:27;d:7659.92;i:28;d:1608.58;i:29;N;i:30;N;i:31;d:14782.23;i:32;d:2356.4;}s:28:\\\"\\u0000*\\u0000escapeWhenCastingToString\\\";b:0;}i:265;O:29:\\\"Illuminate\\\\Support\\\\Collection\\\":2:{s:8:\\\"\\u0000*\\u0000items\\\";a:33:{i:0;i:45706;i:1;i:6;i:2;i:5;i:3;i:19335;i:4;i:19335;i:5;i:96;i:6;i:1111111;i:7;N;i:8;N;i:9;i:4300;i:10;s:3:\\\"PES\\\";i:11;i:1;i:12;i:0;i:13;i:0;i:14;i:0;i:15;i:0;i:16;i:0;i:17;i:0;i:18;i:0;i:19;i:0;i:20;N;i:21;N;i:22;N;i:23;N;i:24;N;i:25;N;i:26;N;i:27;d:3553.72;i:28;d:746.28;i:29;N;i:30;N;i:31;d:3553.72;i:32;d:746.3;}s:28:\\\"\\u0000*\\u0000escapeWhenCastingToString\\\";b:0;}i:266;O:29:\\\"Illuminate\\\\Support\\\\Collection\\\":2:{s:8:\\\"\\u0000*\\u0000items\\\";a:33:{i:0;i:45706;i:1;i:6;i:2;i:5;i:3;i:19336;i:4;i:19336;i:5;i:96;i:6;i:1111111;i:7;N;i:8;N;i:9;d:7990.5;i:10;s:3:\\\"PES\\\";i:11;i:1;i:12;i:0;i:13;i:0;i:14;i:0;i:15;i:0;i:16;i:0;i:17;i:0;i:18;i:0;i:19;i:0;i:20;N;i:21;N;i:22;N;i:23;N;i:24;N;i:25;d:7231.22;i:26;d:759.28;i:27;N;i:28;N;i:29;N;i:30;N;i:31;d:7231.22;i:32;d:759.3;}s:28:\\\"\\u0000*\\u0000escapeWhenCastingToString\\\";b:0;}i:267;O:29:\\\"Illuminate\\\\Support\\\\Collection\\\":2:{s:8:\\\"\\u0000*\\u0000items\\\";a:33:{i:0;i:45706;i:1;i:6;i:2;i:5;i:3;i:19337;i:4;i:19337;i:5;i:96;i:6;i:1111111;i:7;N;i:8;N;i:9;d:1491.6;i:10;s:3:\\\"PES\\\";i:11;i:1;i:12;i:0;i:13;i:0;i:14;i:0;i:15;i:0;i:16;i:0;i:17;i:0;i:18;i:0;i:19;i:0;i:20;N;i:21;N;i:22;N;i:23;N;i:24;N;i:25;N;i:26;N;i:27;d:1232.73;i:28;d:258.87;i:29;N;i:30;N;i:31;d:1232.73;i:32;d:258.9;}s:28:\\\"\\u0000*\\u0000escapeWhenCastingToString\\\";b:0;}i:268;O:29:\\\"Illuminate\\\\Support\\\\Collection\\\":2:{s:8:\\\"\\u0000*\\u0000items\\\";a:33:{i:0;i:45706;i:1;i:6;i:2;i:5;i:3;i:19338;i:4;i:19338;i:5;i:96;i:6;i:1111111;i:7;N;i:8;N;i:9;d:17755.75;i:10;s:3:\\\"PES\\\";i:11;i:1;i:12;i:0;i:13;i:0;i:14;i:0;i:15;i:0;i:16;i:0;i:17;i:0;i:18;i:0;i:19;i:0;i:20;N;i:21;N;i:22;N;i:23;N;i:24;N;i:25;N;i:26;N;i:27;d:14674.17;i:28;d:3081.58;i:29;N;i:30;N;i:31;d:14674.17;i:32;d:3081.6;}s:28:\\\"\\u0000*\\u0000escapeWhenCastingToString\\\";b:0;}i:269;O:29:\\\"Illuminate\\\\Support\\\\Collection\\\":2:{s:8:\\\"\\u0000*\\u0000items\\\";a:33:{i:0;i:45706;i:1;i:6;i:2;i:5;i:3;i:19339;i:4;i:19339;i:5;i:96;i:6;i:1111111;i:7;N;i:8;N;i:9;d:36949.55;i:10;s:3:\\\"PES\\\";i:11;i:1;i:12;i:0;i:13;i:0;i:14;i:0;i:15;i:0;i:16;i:0;i:17;i:0;i:18;i:0;i:19;i:0;i:20;N;i:21;N;i:22;N;i:23;N;i:24;N;i:25;d:29042.08;i:26;d:3049.42;i:27;d:4014.92;i:28;d:843.13;i:29;N;i:30;N;i:31;i:33057;i:32;d:3892.6;}s:28:\\\"\\u0000*\\u0000escapeWhenCastingToString\\\";b:0;}i:270;O:29:\\\"Illuminate\\\\Support\\\\Collection\\\":2:{s:8:\\\"\\u0000*\\u0000items\\\";a:33:{i:0;i:45706;i:1;i:6;i:2;i:5;i:3;i:19340;i:4;i:19340;i:5;i:96;i:6;i:1111111;i:7;N;i:8;N;i:9;d:14080.53;i:10;s:3:\\\"PES\\\";i:11;i:1;i:12;i:0;i:13;i:0;i:14;i:0;i:15;i:0;i:16;i:0;i:17;i:0;i:18;i:0;i:19;i:0;i:20;N;i:21;N;i:22;N;i:23;N;i:24;N;i:25;N;i:26;N;i:27;d:11636.81;i:28;d:2443.73;i:29;N;i:30;N;i:31;d:11636.81;i:32;d:2443.7;}s:28:\\\"\\u0000*\\u0000escapeWhenCastingToString\\\";b:0;}i:271;O:29:\\\"Illuminate\\\\Support\\\\Collection\\\":2:{s:8:\\\"\\u0000*\\u0000items\\\";a:33:{i:0;i:45707;i:1;i:6;i:2;i:5;i:3;i:19341;i:4;i:19341;i:5;i:96;i:6;i:1111111;i:7;N;i:8;N;i:9;d:23002.75;i:10;s:3:\\\"PES\\\";i:11;i:1;i:12;i:0;i:13;i:0;i:14;i:0;i:15;i:0;i:16;i:0;i:17;i:0;i:18;i:0;i:19;i:0;i:20;N;i:21;N;i:22;N;i:23;N;i:24;N;i:25;d:18128.51;i:26;d:1903.49;i:27;d:2455.17;i:28;d:515.58;i:29;N;i:30;N;i:31;d:20583.68;i:32;d:2419.1;}s:28:\\\"\\u0000*\\u0000escapeWhenCastingToString\\\";b:0;}i:272;O:29:\\\"Illuminate\\\\Support\\\\Collection\\\":2:{s:8:\\\"\\u0000*\\u0000items\\\";a:33:{i:0;i:45707;i:1;i:6;i:2;i:5;i:3;i:19342;i:4;i:19342;i:5;i:96;i:6;i:1111111;i:7;N;i:8;N;i:9;d:19518.5;i:10;s:3:\\\"PES\\\";i:11;i:1;i:12;i:0;i:13;i:0;i:14;i:0;i:15;i:0;i:16;i:0;i:17;i:0;i:18;i:0;i:19;i:0;i:20;N;i:21;N;i:22;N;i:23;N;i:24;N;i:25;N;i:26;N;i:27;d:16130.99;i:28;d:3387.51;i:29;N;i:30;N;i:31;d:16130.99;i:32;d:3387.5;}s:28:\\\"\\u0000*\\u0000escapeWhenCastingToString\\\";b:0;}i:273;O:29:\\\"Illuminate\\\\Support\\\\Collection\\\":2:{s:8:\\\"\\u0000*\\u0000items\\\";a:33:{i:0;i:45707;i:1;i:6;i:2;i:5;i:3;i:19343;i:4;i:19343;i:5;i:96;i:6;i:1111111;i:7;N;i:8;N;i:9;d:5212.48;i:10;s:3:\\\"PES\\\";i:11;i:1;i:12;i:0;i:13;i:0;i:14;i:0;i:15;i:0;i:16;i:0;i:17;i:0;i:18;i:0;i:19;i:0;i:20;N;i:21;N;i:22;N;i:23;N;i:24;N;i:25;d:2372.85;i:26;d:249.15;i:27;d:2140.89;i:28;d:449.59;i:29;N;i:30;N;i:31;d:4513.74;i:32;d:698.7;}s:28:\\\"\\u0000*\\u0000escapeWhenCastingToString\\\";b:0;}i:274;O:29:\\\"Illuminate\\\\Support\\\\Collection\\\":2:{s:8:\\\"\\u0000*\\u0000items\\\";a:33:{i:0;i:45707;i:1;i:6;i:2;i:5;i:3;i:19344;i:4;i:19344;i:5;i:96;i:6;i:1111111;i:7;N;i:8;N;i:9;d:21652.9;i:10;s:3:\\\"PES\\\";i:11;i:1;i:12;i:0;i:13;i:0;i:14;i:0;i:15;i:0;i:16;i:0;i:17;i:0;i:18;i:0;i:19;i:0;i:20;N;i:21;N;i:22;N;i:23;N;i:24;N;i:25;d:19595.38;i:26;d:2057.52;i:27;N;i:28;N;i:29;N;i:30;N;i:31;d:19595.38;i:32;d:2057.5;}s:28:\\\"\\u0000*\\u0000escapeWhenCastingToString\\\";b:0;}i:275;O:29:\\\"Illuminate\\\\Support\\\\Collection\\\":2:{s:8:\\\"\\u0000*\\u0000items\\\";a:33:{i:0;i:45707;i:1;i:6;i:2;i:5;i:3;i:19345;i:4;i:19345;i:5;i:96;i:6;i:1111111;i:7;N;i:8;N;i:9;d:23123.25;i:10;s:3:\\\"PES\\\";i:11;i:1;i:12;i:0;i:13;i:0;i:14;i:0;i:15;i:0;i:16;i:0;i:17;i:0;i:18;i:0;i:19;i:0;i:20;N;i:21;N;i:22;N;i:23;N;i:24;N;i:25;d:20926.02;i:26;d:2197.23;i:27;N;i:28;N;i:29;N;i:30;N;i:31;d:20926.02;i:32;d:2197.2;}s:28:\\\"\\u0000*\\u0000escapeWhenCastingToString\\\";b:0;}i:276;O:29:\\\"Illuminate\\\\Support\\\\Collection\\\":2:{s:8:\\\"\\u0000*\\u0000items\\\";a:33:{i:0;i:45707;i:1;i:6;i:2;i:5;i:3;i:19346;i:4;i:19346;i:5;i:96;i:6;i:1111111;i:7;N;i:8;N;i:9;d:15893.4;i:10;s:3:\\\"PES\\\";i:11;i:1;i:12;i:0;i:13;i:0;i:14;i:0;i:15;i:0;i:16;i:0;i:17;i:0;i:18;i:0;i:19;i:0;i:20;N;i:21;N;i:22;N;i:23;N;i:24;N;i:25;d:12738.46;i:26;d:1337.54;i:27;d:1501.98;i:28;d:315.42;i:29;N;i:30;N;i:31;d:14240.44;i:32;i:1653;}s:28:\\\"\\u0000*\\u0000escapeWhenCastingToString\\\";b:0;}i:277;O:29:\\\"Illuminate\\\\Support\\\\Collection\\\":2:{s:8:\\\"\\u0000*\\u0000items\\\";a:33:{i:0;i:45707;i:1;i:6;i:2;i:5;i:3;i:19347;i:4;i:19347;i:5;i:96;i:6;i:1111111;i:7;N;i:8;N;i:9;i:9898;i:10;s:3:\\\"PES\\\";i:11;i:1;i:12;i:0;i:13;i:0;i:14;i:0;i:15;i:0;i:16;i:0;i:17;i:0;i:18;i:0;i:19;i:0;i:20;N;i:21;N;i:22;N;i:23;N;i:24;N;i:25;N;i:26;N;i:27;d:8180.17;i:28;d:1717.83;i:29;N;i:30;N;i:31;d:8180.17;i:32;d:1717.8;}s:28:\\\"\\u0000*\\u0000escapeWhenCastingToString\\\";b:0;}i:278;O:29:\\\"Illuminate\\\\Support\\\\Collection\\\":2:{s:8:\\\"\\u0000*\\u0000items\\\";a:33:{i:0;i:45707;i:1;i:6;i:2;i:5;i:3;i:19348;i:4;i:19348;i:5;i:96;i:6;i:1111111;i:7;N;i:8;N;i:9;i:8058;i:10;s:3:\\\"PES\\\";i:11;i:1;i:12;i:0;i:13;i:0;i:14;i:0;i:15;i:0;i:16;i:0;i:17;i:0;i:18;i:0;i:19;i:0;i:20;N;i:21;N;i:22;N;i:23;N;i:24;N;i:25;d:7292.31;i:26;d:765.69;i:27;N;i:28;N;i:29;N;i:30;N;i:31;d:7292.31;i:32;d:765.7;}s:28:\\\"\\u0000*\\u0000escapeWhenCastingToString\\\";b:0;}i:279;O:29:\\\"Illuminate\\\\Support\\\\Collection\\\":2:{s:8:\\\"\\u0000*\\u0000items\\\";a:33:{i:0;i:45707;i:1;i:6;i:2;i:5;i:3;i:19349;i:4;i:19349;i:5;i:96;i:6;i:1111111;i:7;N;i:8;N;i:9;d:53981.35;i:10;s:3:\\\"PES\\\";i:11;i:1;i:12;i:0;i:13;i:0;i:14;i:0;i:15;i:0;i:16;i:0;i:17;i:0;i:18;i:0;i:19;i:0;i:20;N;i:21;N;i:22;N;i:23;N;i:24;N;i:25;d:44929.91;i:26;d:4717.64;i:27;d:3581.65;i:28;d:752.15;i:29;N;i:30;N;i:31;d:48511.56;i:32;d:5469.8;}s:28:\\\"\\u0000*\\u0000escapeWhenCastingToString\\\";b:0;}i:280;O:29:\\\"Illuminate\\\\Support\\\\Collection\\\":2:{s:8:\\\"\\u0000*\\u0000items\\\";a:33:{i:0;i:45707;i:1;i:6;i:2;i:5;i:3;i:19350;i:4;i:19350;i:5;i:96;i:6;i:1111111;i:7;N;i:8;N;i:9;d:18647.35;i:10;s:3:\\\"PES\\\";i:11;i:1;i:12;i:0;i:13;i:0;i:14;i:0;i:15;i:0;i:16;i:0;i:17;i:0;i:18;i:0;i:19;i:0;i:20;N;i:21;N;i:22;N;i:23;N;i:24;N;i:25;d:16875.43;i:26;d:1771.92;i:27;N;i:28;N;i:29;N;i:30;N;i:31;d:16875.43;i:32;d:1771.9;}s:28:\\\"\\u0000*\\u0000escapeWhenCastingToString\\\";b:0;}i:281;O:29:\\\"Illuminate\\\\Support\\\\Collection\\\":2:{s:8:\\\"\\u0000*\\u0000items\\\";a:33:{i:0;i:45707;i:1;i:6;i:2;i:5;i:3;i:19351;i:4;i:19351;i:5;i:96;i:6;i:1111111;i:7;N;i:8;N;i:9;i:18100;i:10;s:3:\\\"PES\\\";i:11;i:1;i:12;i:0;i:13;i:0;i:14;i:0;i:15;i:0;i:16;i:0;i:17;i:0;i:18;i:0;i:19;i:0;i:20;N;i:21;N;i:22;N;i:23;N;i:24;N;i:25;d:4766.97;i:26;d:500.53;i:27;d:10605.37;i:28;d:2227.13;i:29;N;i:30;N;i:31;d:15372.34;i:32;d:2727.7;}s:28:\\\"\\u0000*\\u0000escapeWhenCastingToString\\\";b:0;}i:282;O:29:\\\"Illuminate\\\\Support\\\\Collection\\\":2:{s:8:\\\"\\u0000*\\u0000items\\\";a:33:{i:0;i:45707;i:1;i:6;i:2;i:5;i:3;i:19352;i:4;i:19352;i:5;i:96;i:6;i:1111111;i:7;N;i:8;N;i:9;d:57794.5;i:10;s:3:\\\"PES\\\";i:11;i:1;i:12;i:0;i:13;i:0;i:14;i:0;i:15;i:0;i:16;i:0;i:17;i:0;i:18;i:0;i:19;i:0;i:20;N;i:21;N;i:22;N;i:23;N;i:24;N;i:25;d:23893.67;i:26;d:2508.83;i:27;d:25943.8;i:28;d:5448.2;i:29;N;i:30;N;i:31;d:49837.47;i:32;i:7957;}s:28:\\\"\\u0000*\\u0000escapeWhenCastingToString\\\";b:0;}i:283;O:29:\\\"Illuminate\\\\Support\\\\Collection\\\":2:{s:8:\\\"\\u0000*\\u0000items\\\";a:33:{i:0;i:45707;i:1;i:6;i:2;i:5;i:3;i:19353;i:4;i:19353;i:5;i:96;i:6;i:1111111;i:7;N;i:8;N;i:9;d:11774.8;i:10;s:3:\\\"PES\\\";i:11;i:1;i:12;i:0;i:13;i:0;i:14;i:0;i:15;i:0;i:16;i:0;i:17;i:0;i:18;i:0;i:19;i:0;i:20;N;i:21;N;i:22;N;i:23;N;i:24;N;i:25;d:8315.38;i:26;d:873.12;i:27;d:2137.44;i:28;d:448.86;i:29;N;i:30;N;i:31;d:10452.82;i:32;i:1322;}s:28:\\\"\\u0000*\\u0000escapeWhenCastingToString\\\";b:0;}i:284;O:29:\\\"Illuminate\\\\Support\\\\Collection\\\":2:{s:8:\\\"\\u0000*\\u0000items\\\";a:33:{i:0;i:45707;i:1;i:6;i:2;i:5;i:3;i:19354;i:4;i:19354;i:5;i:96;i:6;i:1111111;i:7;N;i:8;N;i:9;i:40964;i:10;s:3:\\\"PES\\\";i:11;i:1;i:12;i:0;i:13;i:0;i:14;i:0;i:15;i:0;i:16;i:0;i:17;i:0;i:18;i:0;i:19;i:0;i:20;N;i:21;N;i:22;N;i:23;N;i:24;N;i:25;d:37071.49;i:26;d:3892.51;i:27;N;i:28;N;i:29;N;i:30;N;i:31;d:37071.49;i:32;d:3892.5;}s:28:\\\"\\u0000*\\u0000escapeWhenCastingToString\\\";b:0;}i:285;O:29:\\\"Illuminate\\\\Support\\\\Collection\\\":2:{s:8:\\\"\\u0000*\\u0000items\\\";a:33:{i:0;i:45707;i:1;i:6;i:2;i:5;i:3;i:19355;i:4;i:19355;i:5;i:96;i:6;i:1111111;i:7;N;i:8;N;i:9;i:14027;i:10;s:3:\\\"PES\\\";i:11;i:1;i:12;i:0;i:13;i:0;i:14;i:0;i:15;i:0;i:16;i:0;i:17;i:0;i:18;i:0;i:19;i:0;i:20;N;i:21;N;i:22;N;i:23;N;i:24;N;i:25;d:12694.12;i:26;d:1332.88;i:27;N;i:28;N;i:29;N;i:30;N;i:31;d:12694.12;i:32;d:1332.9;}s:28:\\\"\\u0000*\\u0000escapeWhenCastingToString\\\";b:0;}i:286;O:29:\\\"Illuminate\\\\Support\\\\Collection\\\":2:{s:8:\\\"\\u0000*\\u0000items\\\";a:33:{i:0;i:45707;i:1;i:6;i:2;i:5;i:3;i:19356;i:4;i:19356;i:5;i:96;i:6;i:1111111;i:7;N;i:8;N;i:9;d:16734.6;i:10;s:3:\\\"PES\\\";i:11;i:1;i:12;i:0;i:13;i:0;i:14;i:0;i:15;i:0;i:16;i:0;i:17;i:0;i:18;i:0;i:19;i:0;i:20;N;i:21;N;i:22;N;i:23;N;i:24;N;i:25;N;i:26;N;i:27;d:13830.25;i:28;d:2904.35;i:29;N;i:30;N;i:31;d:13830.25;i:32;d:2904.4;}s:28:\\\"\\u0000*\\u0000escapeWhenCastingToString\\\";b:0;}i:287;O:29:\\\"Illuminate\\\\Support\\\\Collection\\\":2:{s:8:\\\"\\u0000*\\u0000items\\\";a:33:{i:0;i:45707;i:1;i:6;i:2;i:5;i:3;i:19357;i:4;i:19357;i:5;i:96;i:6;i:1111111;i:7;N;i:8;N;i:9;i:12903;i:10;s:3:\\\"PES\\\";i:11;i:1;i:12;i:0;i:13;i:0;i:14;i:0;i:15;i:0;i:16;i:0;i:17;i:0;i:18;i:0;i:19;i:0;i:20;N;i:21;N;i:22;N;i:23;N;i:24;N;i:25;d:11676.92;i:26;d:1226.08;i:27;N;i:28;N;i:29;N;i:30;N;i:31;d:11676.92;i:32;d:1226.1;}s:28:\\\"\\u0000*\\u0000escapeWhenCastingToString\\\";b:0;}i:288;O:29:\\\"Illuminate\\\\Support\\\\Collection\\\":2:{s:8:\\\"\\u0000*\\u0000items\\\";a:33:{i:0;i:45707;i:1;i:6;i:2;i:5;i:3;i:19358;i:4;i:19358;i:5;i:96;i:6;i:1111111;i:7;N;i:8;N;i:9;d:9530.5;i:10;s:3:\\\"PES\\\";i:11;i:1;i:12;i:0;i:13;i:0;i:14;i:0;i:15;i:0;i:16;i:0;i:17;i:0;i:18;i:0;i:19;i:0;i:20;N;i:21;N;i:22;N;i:23;N;i:24;N;i:25;N;i:26;N;i:27;d:7876.45;i:28;d:1654.05;i:29;N;i:30;N;i:31;d:7876.45;i:32;d:1654.1;}s:28:\\\"\\u0000*\\u0000escapeWhenCastingToString\\\";b:0;}i:289;O:29:\\\"Illuminate\\\\Support\\\\Collection\\\":2:{s:8:\\\"\\u0000*\\u0000items\\\";a:33:{i:0;i:45707;i:1;i:6;i:2;i:5;i:3;i:19359;i:4;i:19359;i:5;i:96;i:6;i:1111111;i:7;N;i:8;N;i:9;i:28014;i:10;s:3:\\\"PES\\\";i:11;i:1;i:12;i:0;i:13;i:0;i:14;i:0;i:15;i:0;i:16;i:0;i:17;i:0;i:18;i:0;i:19;i:0;i:20;N;i:21;N;i:22;N;i:23;N;i:24;N;i:25;d:25352.04;i:26;d:2661.96;i:27;N;i:28;N;i:29;N;i:30;N;i:31;d:25352.04;i:32;i:2662;}s:28:\\\"\\u0000*\\u0000escapeWhenCastingToString\\\";b:0;}i:290;O:29:\\\"Illuminate\\\\Support\\\\Collection\\\":2:{s:8:\\\"\\u0000*\\u0000items\\\";a:33:{i:0;i:45707;i:1;i:6;i:2;i:5;i:3;i:19360;i:4;i:19360;i:5;i:96;i:6;i:1111111;i:7;N;i:8;N;i:9;d:6901.1;i:10;s:3:\\\"PES\\\";i:11;i:1;i:12;i:0;i:13;i:0;i:14;i:0;i:15;i:0;i:16;i:0;i:17;i:0;i:18;i:0;i:19;i:0;i:20;N;i:21;N;i:22;N;i:23;N;i:24;N;i:25;d:4916.92;i:26;d:516.28;i:27;d:1213.14;i:28;d:254.76;i:29;N;i:30;N;i:31;d:6130.06;i:32;i:771;}s:28:\\\"\\u0000*\\u0000escapeWhenCastingToString\\\";b:0;}i:291;O:29:\\\"Illuminate\\\\Support\\\\Collection\\\":2:{s:8:\\\"\\u0000*\\u0000items\\\";a:33:{i:0;i:45707;i:1;i:6;i:2;i:5;i:3;i:19361;i:4;i:19361;i:5;i:96;i:6;i:1111111;i:7;N;i:8;N;i:9;d:9837.5;i:10;s:3:\\\"PES\\\";i:11;i:1;i:12;i:0;i:13;i:0;i:14;i:0;i:15;i:0;i:16;i:0;i:17;i:0;i:18;i:0;i:19;i:0;i:20;N;i:21;N;i:22;N;i:23;N;i:24;N;i:25;N;i:26;N;i:27;d:8130.17;i:28;d:1707.33;i:29;N;i:30;N;i:31;d:8130.17;i:32;d:1707.3;}s:28:\\\"\\u0000*\\u0000escapeWhenCastingToString\\\";b:0;}i:292;O:29:\\\"Illuminate\\\\Support\\\\Collection\\\":2:{s:8:\\\"\\u0000*\\u0000items\\\";a:33:{i:0;i:45707;i:1;i:6;i:2;i:5;i:3;i:19362;i:4;i:19362;i:5;i:96;i:6;i:1111111;i:7;N;i:8;N;i:9;d:10696.5;i:10;s:3:\\\"PES\\\";i:11;i:1;i:12;i:0;i:13;i:0;i:14;i:0;i:15;i:0;i:16;i:0;i:17;i:0;i:18;i:0;i:19;i:0;i:20;N;i:21;N;i:22;N;i:23;N;i:24;N;i:25;d:8336.2;i:26;d:875.3;i:27;d:1227.27;i:28;d:257.73;i:29;N;i:30;N;i:31;d:9563.47;i:32;i:1133;}s:28:\\\"\\u0000*\\u0000escapeWhenCastingToString\\\";b:0;}i:293;O:29:\\\"Illuminate\\\\Support\\\\Collection\\\":2:{s:8:\\\"\\u0000*\\u0000items\\\";a:33:{i:0;i:45707;i:1;i:6;i:2;i:5;i:3;i:19363;i:4;i:19363;i:5;i:96;i:6;i:1111111;i:7;N;i:8;N;i:9;i:8925;i:10;s:3:\\\"PES\\\";i:11;i:1;i:12;i:0;i:13;i:0;i:14;i:0;i:15;i:0;i:16;i:0;i:17;i:0;i:18;i:0;i:19;i:0;i:20;N;i:21;N;i:22;N;i:23;N;i:24;N;i:25;N;i:26;N;i:27;d:7376.03;i:28;d:1548.97;i:29;N;i:30;N;i:31;d:7376.03;i:32;i:1549;}s:28:\\\"\\u0000*\\u0000escapeWhenCastingToString\\\";b:0;}i:294;O:29:\\\"Illuminate\\\\Support\\\\Collection\\\":2:{s:8:\\\"\\u0000*\\u0000items\\\";a:33:{i:0;i:45707;i:1;i:6;i:2;i:5;i:3;i:19364;i:4;i:19364;i:5;i:96;i:6;i:1111111;i:7;N;i:8;N;i:9;d:5634.5;i:10;s:3:\\\"PES\\\";i:11;i:1;i:12;i:0;i:13;i:0;i:14;i:0;i:15;i:0;i:16;i:0;i:17;i:0;i:18;i:0;i:19;i:0;i:20;N;i:21;N;i:22;N;i:23;N;i:24;N;i:25;N;i:26;N;i:27;d:4656.61;i:28;d:977.89;i:29;N;i:30;N;i:31;d:4656.61;i:32;d:977.9;}s:28:\\\"\\u0000*\\u0000escapeWhenCastingToString\\\";b:0;}i:295;O:29:\\\"Illuminate\\\\Support\\\\Collection\\\":2:{s:8:\\\"\\u0000*\\u0000items\\\";a:33:{i:0;i:45707;i:1;i:6;i:2;i:5;i:3;i:19365;i:4;i:19365;i:5;i:96;i:6;i:1111111;i:7;N;i:8;N;i:9;i:10150;i:10;s:3:\\\"PES\\\";i:11;i:1;i:12;i:0;i:13;i:0;i:14;i:0;i:15;i:0;i:16;i:0;i:17;i:0;i:18;i:0;i:19;i:0;i:20;N;i:21;N;i:22;N;i:23;N;i:24;N;i:25;N;i:26;N;i:27;d:8388.43;i:28;d:1761.57;i:29;N;i:30;N;i:31;d:8388.43;i:32;d:1761.6;}s:28:\\\"\\u0000*\\u0000escapeWhenCastingToString\\\";b:0;}i:296;O:29:\\\"Illuminate\\\\Support\\\\Collection\\\":2:{s:8:\\\"\\u0000*\\u0000items\\\";a:33:{i:0;i:45707;i:1;i:6;i:2;i:5;i:3;i:19366;i:4;i:19366;i:5;i:96;i:6;i:1111111;i:7;N;i:8;N;i:9;i:13662;i:10;s:3:\\\"PES\\\";i:11;i:1;i:12;i:0;i:13;i:0;i:14;i:0;i:15;i:0;i:16;i:0;i:17;i:0;i:18;i:0;i:19;i:0;i:20;N;i:21;N;i:22;N;i:23;N;i:24;N;i:25;d:12363.8;i:26;d:1298.2;i:27;N;i:28;N;i:29;N;i:30;N;i:31;d:12363.8;i:32;d:1298.2;}s:28:\\\"\\u0000*\\u0000escapeWhenCastingToString\\\";b:0;}i:297;O:29:\\\"Illuminate\\\\Support\\\\Collection\\\":2:{s:8:\\\"\\u0000*\\u0000items\\\";a:33:{i:0;i:45707;i:1;i:6;i:2;i:5;i:3;i:19367;i:4;i:19367;i:5;i:96;i:6;i:1111111;i:7;N;i:8;N;i:9;i:18894;i:10;s:3:\\\"PES\\\";i:11;i:1;i:12;i:0;i:13;i:0;i:14;i:0;i:15;i:0;i:16;i:0;i:17;i:0;i:18;i:0;i:19;i:0;i:20;N;i:21;N;i:22;N;i:23;N;i:24;N;i:25;d:13376.92;i:26;d:1404.58;i:27;d:3398.76;i:28;d:713.74;i:29;N;i:30;N;i:31;d:16775.68;i:32;d:2118.3;}s:28:\\\"\\u0000*\\u0000escapeWhenCastingToString\\\";b:0;}i:298;O:29:\\\"Illuminate\\\\Support\\\\Collection\\\":2:{s:8:\\\"\\u0000*\\u0000items\\\";a:33:{i:0;i:45707;i:1;i:6;i:2;i:5;i:3;i:19368;i:4;i:19368;i:5;i:96;i:6;i:1111111;i:7;N;i:8;N;i:9;d:17397.5;i:10;s:3:\\\"PES\\\";i:11;i:1;i:12;i:0;i:13;i:0;i:14;i:0;i:15;i:0;i:16;i:0;i:17;i:0;i:18;i:0;i:19;i:0;i:20;N;i:21;N;i:22;N;i:23;N;i:24;N;i:25;d:12075.38;i:26;d:1267.92;i:27;d:3350.58;i:28;d:703.62;i:29;N;i:30;N;i:31;d:15425.96;i:32;d:1971.5;}s:28:\\\"\\u0000*\\u0000escapeWhenCastingToString\\\";b:0;}i:299;O:29:\\\"Illuminate\\\\Support\\\\Collection\\\":2:{s:8:\\\"\\u0000*\\u0000items\\\";a:33:{i:0;i:45707;i:1;i:6;i:2;i:5;i:3;i:19369;i:4;i:19369;i:5;i:96;i:6;i:1111111;i:7;N;i:8;N;i:9;d:24568.4;i:10;s:3:\\\"PES\\\";i:11;i:1;i:12;i:0;i:13;i:0;i:14;i:0;i:15;i:0;i:16;i:0;i:17;i:0;i:18;i:0;i:19;i:0;i:20;N;i:21;N;i:22;N;i:23;N;i:24;N;i:25;d:10833.03;i:26;d:1137.47;i:27;d:10411.49;i:28;d:2186.41;i:29;N;i:30;N;i:31;d:21244.52;i:32;d:3323.9;}s:28:\\\"\\u0000*\\u0000escapeWhenCastingToString\\\";b:0;}i:300;O:29:\\\"Illuminate\\\\Support\\\\Collection\\\":2:{s:8:\\\"\\u0000*\\u0000items\\\";a:33:{i:0;i:45707;i:1;i:6;i:2;i:5;i:3;i:19370;i:4;i:19370;i:5;i:96;i:6;i:1111111;i:7;N;i:8;N;i:9;i:9790;i:10;s:3:\\\"PES\\\";i:11;i:1;i:12;i:0;i:13;i:0;i:14;i:0;i:15;i:0;i:16;i:0;i:17;i:0;i:18;i:0;i:19;i:0;i:20;N;i:21;N;i:22;N;i:23;N;i:24;N;i:25;N;i:26;N;i:27;d:8090.91;i:28;d:1699.09;i:29;N;i:30;N;i:31;d:8090.91;i:32;d:1699.1;}s:28:\\\"\\u0000*\\u0000escapeWhenCastingToString\\\";b:0;}i:301;O:29:\\\"Illuminate\\\\Support\\\\Collection\\\":2:{s:8:\\\"\\u0000*\\u0000items\\\";a:33:{i:0;i:45707;i:1;i:6;i:2;i:5;i:3;i:19371;i:4;i:19371;i:5;i:96;i:6;i:1111111;i:7;N;i:8;N;i:9;i:5959;i:10;s:3:\\\"PES\\\";i:11;i:1;i:12;i:0;i:13;i:0;i:14;i:0;i:15;i:0;i:16;i:0;i:17;i:0;i:18;i:0;i:19;i:0;i:20;N;i:21;N;i:22;N;i:23;N;i:24;N;i:25;N;i:26;N;i:27;d:4924.79;i:28;d:1034.21;i:29;N;i:30;N;i:31;d:4924.79;i:32;d:1034.2;}s:28:\\\"\\u0000*\\u0000escapeWhenCastingToString\\\";b:0;}i:302;O:29:\\\"Illuminate\\\\Support\\\\Collection\\\":2:{s:8:\\\"\\u0000*\\u0000items\\\";a:33:{i:0;i:45707;i:1;i:6;i:2;i:5;i:3;i:19372;i:4;i:19372;i:5;i:96;i:6;i:1111111;i:7;N;i:8;N;i:9;d:57124.85;i:10;s:3:\\\"PES\\\";i:11;i:1;i:12;i:0;i:13;i:0;i:14;i:0;i:15;i:0;i:16;i:0;i:17;i:0;i:18;i:0;i:19;i:0;i:20;N;i:21;N;i:22;N;i:23;N;i:24;N;i:25;d:40847.96;i:26;d:4289.04;i:27;d:9907.31;i:28;d:2080.54;i:29;N;i:30;N;i:31;d:50755.27;i:32;d:6369.6;}s:28:\\\"\\u0000*\\u0000escapeWhenCastingToString\\\";b:0;}i:303;O:29:\\\"Illuminate\\\\Support\\\\Collection\\\":2:{s:8:\\\"\\u0000*\\u0000items\\\";a:33:{i:0;i:45707;i:1;i:6;i:2;i:5;i:3;i:19373;i:4;i:19373;i:5;i:96;i:6;i:1111111;i:7;N;i:8;N;i:9;d:34100.85;i:10;s:3:\\\"PES\\\";i:11;i:1;i:12;i:0;i:13;i:0;i:14;i:0;i:15;i:0;i:16;i:0;i:17;i:0;i:18;i:0;i:19;i:0;i:20;N;i:21;N;i:22;N;i:23;N;i:24;N;i:25;d:21142.53;i:26;d:2219.97;i:27;d:8874.67;i:28;d:1863.68;i:29;N;i:30;N;i:31;d:30017.2;i:32;d:4083.7;}s:28:\\\"\\u0000*\\u0000escapeWhenCastingToString\\\";b:0;}i:304;O:29:\\\"Illuminate\\\\Support\\\\Collection\\\":2:{s:8:\\\"\\u0000*\\u0000items\\\";a:33:{i:0;i:45707;i:1;i:6;i:2;i:5;i:3;i:19374;i:4;i:19374;i:5;i:96;i:6;i:1111111;i:7;N;i:8;N;i:9;i:10150;i:10;s:3:\\\"PES\\\";i:11;i:1;i:12;i:0;i:13;i:0;i:14;i:0;i:15;i:0;i:16;i:0;i:17;i:0;i:18;i:0;i:19;i:0;i:20;N;i:21;N;i:22;N;i:23;N;i:24;N;i:25;N;i:26;N;i:27;d:8388.43;i:28;d:1761.57;i:29;N;i:30;N;i:31;d:8388.43;i:32;d:1761.6;}s:28:\\\"\\u0000*\\u0000escapeWhenCastingToString\\\";b:0;}i:305;O:29:\\\"Illuminate\\\\Support\\\\Collection\\\":2:{s:8:\\\"\\u0000*\\u0000items\\\";a:33:{i:0;i:45707;i:1;i:6;i:2;i:5;i:3;i:19375;i:4;i:19375;i:5;i:96;i:6;i:1111111;i:7;N;i:8;N;i:9;d:11390.5;i:10;s:3:\\\"PES\\\";i:11;i:1;i:12;i:0;i:13;i:0;i:14;i:0;i:15;i:0;i:16;i:0;i:17;i:0;i:18;i:0;i:19;i:0;i:20;N;i:21;N;i:22;N;i:23;N;i:24;N;i:25;d:10308.14;i:26;d:1082.36;i:27;N;i:28;N;i:29;N;i:30;N;i:31;d:10308.14;i:32;d:1082.4;}s:28:\\\"\\u0000*\\u0000escapeWhenCastingToString\\\";b:0;}i:306;O:29:\\\"Illuminate\\\\Support\\\\Collection\\\":2:{s:8:\\\"\\u0000*\\u0000items\\\";a:33:{i:0;i:45707;i:1;i:6;i:2;i:5;i:3;i:19376;i:4;i:19376;i:5;i:96;i:6;i:1111111;i:7;N;i:8;N;i:9;d:10384.5;i:10;s:3:\\\"PES\\\";i:11;i:1;i:12;i:0;i:13;i:0;i:14;i:0;i:15;i:0;i:16;i:0;i:17;i:0;i:18;i:0;i:19;i:0;i:20;N;i:21;N;i:22;N;i:23;N;i:24;N;i:25;d:9397.74;i:26;d:986.76;i:27;N;i:28;N;i:29;N;i:30;N;i:31;d:9397.74;i:32;d:986.8;}s:28:\\\"\\u0000*\\u0000escapeWhenCastingToString\\\";b:0;}i:307;O:29:\\\"Illuminate\\\\Support\\\\Collection\\\":2:{s:8:\\\"\\u0000*\\u0000items\\\";a:33:{i:0;i:45707;i:1;i:6;i:2;i:5;i:3;i:19377;i:4;i:19377;i:5;i:96;i:6;i:1111111;i:7;N;i:8;N;i:9;d:35214.55;i:10;s:3:\\\"PES\\\";i:11;i:1;i:12;i:0;i:13;i:0;i:14;i:0;i:15;i:0;i:16;i:0;i:17;i:0;i:18;i:0;i:19;i:0;i:20;N;i:21;N;i:22;N;i:23;N;i:24;N;i:25;d:31868.37;i:26;d:3346.18;i:27;N;i:28;N;i:29;N;i:30;N;i:31;d:31868.37;i:32;d:3346.2;}s:28:\\\"\\u0000*\\u0000escapeWhenCastingToString\\\";b:0;}i:308;O:29:\\\"Illuminate\\\\Support\\\\Collection\\\":2:{s:8:\\\"\\u0000*\\u0000items\\\";a:33:{i:0;i:45707;i:1;i:6;i:2;i:5;i:3;i:19378;i:4;i:19378;i:5;i:96;i:6;i:1111111;i:7;N;i:8;N;i:9;i:39986;i:10;s:3:\\\"PES\\\";i:11;i:1;i:12;i:0;i:13;i:0;i:14;i:0;i:15;i:0;i:16;i:0;i:17;i:0;i:18;i:0;i:19;i:0;i:20;N;i:21;N;i:22;N;i:23;N;i:24;N;i:25;d:26659.73;i:26;d:2799.27;i:27;i:8700;i:28;i:1827;i:29;N;i:30;N;i:31;d:35359.73;i:32;d:4626.3;}s:28:\\\"\\u0000*\\u0000escapeWhenCastingToString\\\";b:0;}i:309;O:29:\\\"Illuminate\\\\Support\\\\Collection\\\":2:{s:8:\\\"\\u0000*\\u0000items\\\";a:33:{i:0;i:45707;i:1;i:6;i:2;i:5;i:3;i:19379;i:4;i:19379;i:5;i:96;i:6;i:1111111;i:7;N;i:8;N;i:9;d:35901.5;i:10;s:3:\\\"PES\\\";i:11;i:1;i:12;i:0;i:13;i:0;i:14;i:0;i:15;i:0;i:16;i:0;i:17;i:0;i:18;i:0;i:19;i:0;i:20;N;i:21;N;i:22;N;i:23;N;i:24;N;i:25;d:10171.49;i:26;d:1068.01;i:27;d:20381.82;i:28;d:4280.18;i:29;N;i:30;N;i:31;d:30553.31;i:32;d:5348.2;}s:28:\\\"\\u0000*\\u0000escapeWhenCastingToString\\\";b:0;}i:310;O:29:\\\"Illuminate\\\\Support\\\\Collection\\\":2:{s:8:\\\"\\u0000*\\u0000items\\\";a:33:{i:0;i:45707;i:1;i:6;i:2;i:5;i:3;i:19380;i:4;i:19380;i:5;i:96;i:6;i:1111111;i:7;N;i:8;N;i:9;i:39800;i:10;s:3:\\\"PES\\\";i:11;i:1;i:12;i:0;i:13;i:0;i:14;i:0;i:15;i:0;i:16;i:0;i:17;i:0;i:18;i:0;i:19;i:0;i:20;N;i:21;N;i:22;N;i:23;N;i:24;N;i:25;N;i:26;N;i:27;d:32892.56;i:28;d:6907.44;i:29;N;i:30;N;i:31;d:32892.56;i:32;d:6907.4;}s:28:\\\"\\u0000*\\u0000escapeWhenCastingToString\\\";b:0;}i:311;O:29:\\\"Illuminate\\\\Support\\\\Collection\\\":2:{s:8:\\\"\\u0000*\\u0000items\\\";a:33:{i:0;i:45707;i:1;i:6;i:2;i:5;i:3;i:19381;i:4;i:19381;i:5;i:96;i:6;i:1111111;i:7;N;i:8;N;i:9;d:9971.5;i:10;s:3:\\\"PES\\\";i:11;i:1;i:12;i:0;i:13;i:0;i:14;i:0;i:15;i:0;i:16;i:0;i:17;i:0;i:18;i:0;i:19;i:0;i:20;N;i:21;N;i:22;N;i:23;N;i:24;N;i:25;N;i:26;N;i:27;d:8240.91;i:28;d:1730.59;i:29;N;i:30;N;i:31;d:8240.91;i:32;d:1730.6;}s:28:\\\"\\u0000*\\u0000escapeWhenCastingToString\\\";b:0;}i:312;O:29:\\\"Illuminate\\\\Support\\\\Collection\\\":2:{s:8:\\\"\\u0000*\\u0000items\\\";a:33:{i:0;i:45707;i:1;i:6;i:2;i:5;i:3;i:19382;i:4;i:19382;i:5;i:96;i:6;i:1111111;i:7;N;i:8;N;i:9;d:8120.5;i:10;s:3:\\\"PES\\\";i:11;i:1;i:12;i:0;i:13;i:0;i:14;i:0;i:15;i:0;i:16;i:0;i:17;i:0;i:18;i:0;i:19;i:0;i:20;N;i:21;N;i:22;N;i:23;N;i:24;N;i:25;d:7348.87;i:26;d:771.63;i:27;N;i:28;N;i:29;N;i:30;N;i:31;d:7348.87;i:32;d:771.6;}s:28:\\\"\\u0000*\\u0000escapeWhenCastingToString\\\";b:0;}i:313;O:29:\\\"Illuminate\\\\Support\\\\Collection\\\":2:{s:8:\\\"\\u0000*\\u0000items\\\";a:33:{i:0;i:45707;i:1;i:6;i:2;i:5;i:3;i:19383;i:4;i:19383;i:5;i:96;i:6;i:1111111;i:7;N;i:8;N;i:9;i:12656;i:10;s:3:\\\"PES\\\";i:11;i:1;i:12;i:0;i:13;i:0;i:14;i:0;i:15;i:0;i:16;i:0;i:17;i:0;i:18;i:0;i:19;i:0;i:20;N;i:21;N;i:22;N;i:23;N;i:24;N;i:25;d:8543.44;i:26;d:897.06;i:27;d:2657.44;i:28;d:558.06;i:29;N;i:30;N;i:31;d:11200.88;i:32;d:1455.1;}s:28:\\\"\\u0000*\\u0000escapeWhenCastingToString\\\";b:0;}i:314;O:29:\\\"Illuminate\\\\Support\\\\Collection\\\":2:{s:8:\\\"\\u0000*\\u0000items\\\";a:33:{i:0;i:45707;i:1;i:6;i:2;i:5;i:3;i:19384;i:4;i:19384;i:5;i:96;i:6;i:1111111;i:7;N;i:8;N;i:9;i:26757;i:10;s:3:\\\"PES\\\";i:11;i:1;i:12;i:0;i:13;i:0;i:14;i:0;i:15;i:0;i:16;i:0;i:17;i:0;i:18;i:0;i:19;i:0;i:20;N;i:21;N;i:22;N;i:23;N;i:24;N;i:25;d:20965.61;i:26;d:2201.39;i:27;d:2966.94;i:28;d:623.06;i:29;N;i:30;N;i:31;d:23932.55;i:32;d:2824.5;}s:28:\\\"\\u0000*\\u0000escapeWhenCastingToString\\\";b:0;}i:315;O:29:\\\"Illuminate\\\\Support\\\\Collection\\\":2:{s:8:\\\"\\u0000*\\u0000items\\\";a:33:{i:0;i:45707;i:1;i:6;i:2;i:5;i:3;i:19385;i:4;i:19385;i:5;i:96;i:6;i:1111111;i:7;N;i:8;N;i:9;d:5792.75;i:10;s:3:\\\"PES\\\";i:11;i:1;i:12;i:0;i:13;i:0;i:14;i:0;i:15;i:0;i:16;i:0;i:17;i:0;i:18;i:0;i:19;i:0;i:20;N;i:21;N;i:22;N;i:23;N;i:24;N;i:25;d:5242.31;i:26;d:550.44;i:27;N;i:28;N;i:29;N;i:30;N;i:31;d:5242.31;i:32;d:550.4;}s:28:\\\"\\u0000*\\u0000escapeWhenCastingToString\\\";b:0;}i:316;O:29:\\\"Illuminate\\\\Support\\\\Collection\\\":2:{s:8:\\\"\\u0000*\\u0000items\\\";a:33:{i:0;i:45707;i:1;i:6;i:2;i:5;i:3;i:19386;i:4;i:19386;i:5;i:96;i:6;i:1111111;i:7;N;i:8;N;i:9;d:49791.2;i:10;s:3:\\\"PES\\\";i:11;i:1;i:12;i:0;i:13;i:0;i:14;i:0;i:15;i:0;i:16;i:0;i:17;i:0;i:18;i:0;i:19;i:0;i:20;N;i:21;N;i:22;N;i:23;N;i:24;N;i:25;d:17940.27;i:26;d:1883.73;i:27;d:24766.28;i:28;d:5200.92;i:29;N;i:30;N;i:31;d:42706.55;i:32;d:7084.7;}s:28:\\\"\\u0000*\\u0000escapeWhenCastingToString\\\";b:0;}i:317;O:29:\\\"Illuminate\\\\Support\\\\Collection\\\":2:{s:8:\\\"\\u0000*\\u0000items\\\";a:33:{i:0;i:45707;i:1;i:6;i:2;i:5;i:3;i:19387;i:4;i:19387;i:5;i:96;i:6;i:1111111;i:7;N;i:8;N;i:9;d:43563.9;i:10;s:3:\\\"PES\\\";i:11;i:1;i:12;i:0;i:13;i:0;i:14;i:0;i:15;i:0;i:16;i:0;i:17;i:0;i:18;i:0;i:19;i:0;i:20;N;i:21;N;i:22;N;i:23;N;i:24;N;i:25;d:25018.46;i:26;d:2626.94;i:27;d:13155.78;i:28;d:2762.71;i:29;N;i:30;N;i:31;d:38174.24;i:32;d:5389.7;}s:28:\\\"\\u0000*\\u0000escapeWhenCastingToString\\\";b:0;}i:318;O:29:\\\"Illuminate\\\\Support\\\\Collection\\\":2:{s:8:\\\"\\u0000*\\u0000items\\\";a:33:{i:0;i:45707;i:1;i:6;i:2;i:5;i:3;i:19388;i:4;i:19388;i:5;i:96;i:6;i:1111111;i:7;N;i:8;N;i:9;i:9434;i:10;s:3:\\\"PES\\\";i:11;i:1;i:12;i:0;i:13;i:0;i:14;i:0;i:15;i:0;i:16;i:0;i:17;i:0;i:18;i:0;i:19;i:0;i:20;N;i:21;N;i:22;N;i:23;N;i:24;N;i:25;N;i:26;N;i:27;d:7796.69;i:28;d:1637.31;i:29;N;i:30;N;i:31;d:7796.69;i:32;d:1637.3;}s:28:\\\"\\u0000*\\u0000escapeWhenCastingToString\\\";b:0;}i:319;O:29:\\\"Illuminate\\\\Support\\\\Collection\\\":2:{s:8:\\\"\\u0000*\\u0000items\\\";a:33:{i:0;i:45707;i:1;i:6;i:2;i:5;i:3;i:19389;i:4;i:19389;i:5;i:96;i:6;i:1111111;i:7;N;i:8;N;i:9;d:18716.5;i:10;s:3:\\\"PES\\\";i:11;i:1;i:12;i:0;i:13;i:0;i:14;i:0;i:15;i:0;i:16;i:0;i:17;i:0;i:18;i:0;i:19;i:0;i:20;N;i:21;N;i:22;N;i:23;N;i:24;N;i:25;d:10802.71;i:26;d:1134.29;i:27;d:5602.89;i:28;d:1176.61;i:29;N;i:30;N;i:31;d:16405.6;i:32;d:2310.9;}s:28:\\\"\\u0000*\\u0000escapeWhenCastingToString\\\";b:0;}i:320;O:29:\\\"Illuminate\\\\Support\\\\Collection\\\":2:{s:8:\\\"\\u0000*\\u0000items\\\";a:33:{i:0;i:45707;i:1;i:6;i:2;i:5;i:3;i:19390;i:4;i:19390;i:5;i:96;i:6;i:1111111;i:7;N;i:8;N;i:9;i:7935;i:10;s:3:\\\"PES\\\";i:11;i:1;i:12;i:0;i:13;i:0;i:14;i:0;i:15;i:0;i:16;i:0;i:17;i:0;i:18;i:0;i:19;i:0;i:20;N;i:21;N;i:22;N;i:23;N;i:24;N;i:25;i:7181;i:26;i:754;i:27;N;i:28;N;i:29;N;i:30;N;i:31;i:7181;i:32;i:754;}s:28:\\\"\\u0000*\\u0000escapeWhenCastingToString\\\";b:0;}i:321;O:29:\\\"Illuminate\\\\Support\\\\Collection\\\":2:{s:8:\\\"\\u0000*\\u0000items\\\";a:33:{i:0;i:45707;i:1;i:6;i:2;i:5;i:3;i:19391;i:4;i:19391;i:5;i:96;i:6;i:1111111;i:7;N;i:8;N;i:9;d:9756.5;i:10;s:3:\\\"PES\\\";i:11;i:1;i:12;i:0;i:13;i:0;i:14;i:0;i:15;i:0;i:16;i:0;i:17;i:0;i:18;i:0;i:19;i:0;i:20;N;i:21;N;i:22;N;i:23;N;i:24;N;i:25;d:8829.41;i:26;d:927.09;i:27;N;i:28;N;i:29;N;i:30;N;i:31;d:8829.41;i:32;d:927.1;}s:28:\\\"\\u0000*\\u0000escapeWhenCastingToString\\\";b:0;}i:322;O:29:\\\"Illuminate\\\\Support\\\\Collection\\\":2:{s:8:\\\"\\u0000*\\u0000items\\\";a:33:{i:0;i:45707;i:1;i:6;i:2;i:5;i:3;i:19392;i:4;i:19392;i:5;i:96;i:6;i:1111111;i:7;N;i:8;N;i:9;d:16205.5;i:10;s:3:\\\"PES\\\";i:11;i:1;i:12;i:0;i:13;i:0;i:14;i:0;i:15;i:0;i:16;i:0;i:17;i:0;i:18;i:0;i:19;i:0;i:20;N;i:21;N;i:22;N;i:23;N;i:24;N;i:25;d:5276.47;i:26;d:554.03;i:27;d:8574.38;i:28;d:1800.62;i:29;N;i:30;N;i:31;d:13850.85;i:32;d:2354.7;}s:28:\\\"\\u0000*\\u0000escapeWhenCastingToString\\\";b:0;}i:323;O:29:\\\"Illuminate\\\\Support\\\\Collection\\\":2:{s:8:\\\"\\u0000*\\u0000items\\\";a:33:{i:0;i:45708;i:1;i:6;i:2;i:5;i:3;i:19393;i:4;i:19393;i:5;i:96;i:6;i:1111111;i:7;N;i:8;N;i:9;i:1400;i:10;s:3:\\\"PES\\\";i:11;i:1;i:12;i:0;i:13;i:0;i:14;i:0;i:15;i:0;i:16;i:0;i:17;i:0;i:18;i:0;i:19;i:0;i:20;N;i:21;N;i:22;N;i:23;N;i:24;N;i:25;N;i:26;N;i:27;d:1157.02;i:28;d:242.98;i:29;N;i:30;N;i:31;d:1157.02;i:32;i:243;}s:28:\\\"\\u0000*\\u0000escapeWhenCastingToString\\\";b:0;}i:324;O:29:\\\"Illuminate\\\\Support\\\\Collection\\\":2:{s:8:\\\"\\u0000*\\u0000items\\\";a:33:{i:0;i:45708;i:1;i:6;i:2;i:5;i:3;i:19394;i:4;i:19394;i:5;i:96;i:6;i:1111111;i:7;N;i:8;N;i:9;i:1400;i:10;s:3:\\\"PES\\\";i:11;i:1;i:12;i:0;i:13;i:0;i:14;i:0;i:15;i:0;i:16;i:0;i:17;i:0;i:18;i:0;i:19;i:0;i:20;N;i:21;N;i:22;N;i:23;N;i:24;N;i:25;N;i:26;N;i:27;d:1157.02;i:28;d:242.98;i:29;N;i:30;N;i:31;d:1157.02;i:32;i:243;}s:28:\\\"\\u0000*\\u0000escapeWhenCastingToString\\\";b:0;}i:325;O:29:\\\"Illuminate\\\\Support\\\\Collection\\\":2:{s:8:\\\"\\u0000*\\u0000items\\\";a:33:{i:0;i:45708;i:1;i:6;i:2;i:5;i:3;i:19395;i:4;i:19395;i:5;i:96;i:6;i:1111111;i:7;N;i:8;N;i:9;d:26579.5;i:10;s:3:\\\"PES\\\";i:11;i:1;i:12;i:0;i:13;i:0;i:14;i:0;i:15;i:0;i:16;i:0;i:17;i:0;i:18;i:0;i:19;i:0;i:20;N;i:21;N;i:22;N;i:23;N;i:24;N;i:25;N;i:26;N;i:27;d:21966.53;i:28;d:4612.97;i:29;N;i:30;N;i:31;d:21966.53;i:32;i:4613;}s:28:\\\"\\u0000*\\u0000escapeWhenCastingToString\\\";b:0;}i:326;O:29:\\\"Illuminate\\\\Support\\\\Collection\\\":2:{s:8:\\\"\\u0000*\\u0000items\\\";a:33:{i:0;i:45708;i:1;i:6;i:2;i:5;i:3;i:19396;i:4;i:19396;i:5;i:96;i:6;i:1111111;i:7;N;i:8;N;i:9;i:17499;i:10;s:3:\\\"PES\\\";i:11;i:1;i:12;i:0;i:13;i:0;i:14;i:0;i:15;i:0;i:16;i:0;i:17;i:0;i:18;i:0;i:19;i:0;i:20;N;i:21;N;i:22;N;i:23;N;i:24;N;i:25;d:15836.2;i:26;d:1662.8;i:27;N;i:28;N;i:29;N;i:30;N;i:31;d:15836.2;i:32;d:1662.8;}s:28:\\\"\\u0000*\\u0000escapeWhenCastingToString\\\";b:0;}i:327;O:29:\\\"Illuminate\\\\Support\\\\Collection\\\":2:{s:8:\\\"\\u0000*\\u0000items\\\";a:33:{i:0;i:45708;i:1;i:6;i:2;i:5;i:3;i:19397;i:4;i:19397;i:5;i:96;i:6;i:1111111;i:7;N;i:8;N;i:9;d:26361.5;i:10;s:3:\\\"PES\\\";i:11;i:1;i:12;i:0;i:13;i:0;i:14;i:0;i:15;i:0;i:16;i:0;i:17;i:0;i:18;i:0;i:19;i:0;i:20;N;i:21;N;i:22;N;i:23;N;i:24;N;i:25;d:4367.87;i:26;d:458.63;i:27;d:17797.52;i:28;d:3737.48;i:29;N;i:30;N;i:31;d:22165.39;i:32;d:4196.1;}s:28:\\\"\\u0000*\\u0000escapeWhenCastingToString\\\";b:0;}i:328;O:29:\\\"Illuminate\\\\Support\\\\Collection\\\":2:{s:8:\\\"\\u0000*\\u0000items\\\";a:33:{i:0;i:45708;i:1;i:6;i:2;i:5;i:3;i:19398;i:4;i:19398;i:5;i:96;i:6;i:1111111;i:7;N;i:8;N;i:9;d:43061.75;i:10;s:3:\\\"PES\\\";i:11;i:1;i:12;i:0;i:13;i:0;i:14;i:0;i:15;i:0;i:16;i:0;i:17;i:0;i:18;i:0;i:19;i:0;i:20;N;i:21;N;i:22;N;i:23;N;i:24;N;i:25;d:23813.57;i:26;d:2500.43;i:27;d:13841.12;i:28;d:2906.63;i:29;N;i:30;N;i:31;d:37654.69;i:32;d:5407.1;}s:28:\\\"\\u0000*\\u0000escapeWhenCastingToString\\\";b:0;}i:329;O:29:\\\"Illuminate\\\\Support\\\\Collection\\\":2:{s:8:\\\"\\u0000*\\u0000items\\\";a:33:{i:0;i:45708;i:1;i:6;i:2;i:5;i:3;i:19399;i:4;i:19399;i:5;i:96;i:6;i:1111111;i:7;N;i:8;N;i:9;d:25601.05;i:10;s:3:\\\"PES\\\";i:11;i:1;i:12;i:0;i:13;i:0;i:14;i:0;i:15;i:0;i:16;i:0;i:17;i:0;i:18;i:0;i:19;i:0;i:20;N;i:21;N;i:22;N;i:23;N;i:24;N;i:25;d:14895.02;i:26;d:1563.98;i:27;d:7555.41;i:28;d:1586.64;i:29;N;i:30;N;i:31;d:22450.43;i:32;d:3150.6;}s:28:\\\"\\u0000*\\u0000escapeWhenCastingToString\\\";b:0;}i:330;O:29:\\\"Illuminate\\\\Support\\\\Collection\\\":2:{s:8:\\\"\\u0000*\\u0000items\\\";a:33:{i:0;i:45708;i:1;i:6;i:2;i:5;i:3;i:19400;i:4;i:19400;i:5;i:96;i:6;i:1111111;i:7;N;i:8;N;i:9;d:20094.85;i:10;s:3:\\\"PES\\\";i:11;i:1;i:12;i:0;i:13;i:0;i:14;i:0;i:15;i:0;i:16;i:0;i:17;i:0;i:18;i:0;i:19;i:0;i:20;N;i:21;N;i:22;N;i:23;N;i:24;N;i:25;d:18185.38;i:26;d:1909.47;i:27;N;i:28;N;i:29;N;i:30;N;i:31;d:18185.38;i:32;d:1909.5;}s:28:\\\"\\u0000*\\u0000escapeWhenCastingToString\\\";b:0;}i:331;O:29:\\\"Illuminate\\\\Support\\\\Collection\\\":2:{s:8:\\\"\\u0000*\\u0000items\\\";a:33:{i:0;i:45708;i:1;i:6;i:2;i:5;i:3;i:19401;i:4;i:19401;i:5;i:96;i:6;i:1111111;i:7;N;i:8;N;i:9;i:2985;i:10;s:3:\\\"PES\\\";i:11;i:1;i:12;i:0;i:13;i:0;i:14;i:0;i:15;i:0;i:16;i:0;i:17;i:0;i:18;i:0;i:19;i:0;i:20;N;i:21;N;i:22;N;i:23;N;i:24;N;i:25;N;i:26;N;i:27;d:2466.94;i:28;d:518.06;i:29;N;i:30;N;i:31;d:2466.94;i:32;d:518.1;}s:28:\\\"\\u0000*\\u0000escapeWhenCastingToString\\\";b:0;}i:332;O:29:\\\"Illuminate\\\\Support\\\\Collection\\\":2:{s:8:\\\"\\u0000*\\u0000items\\\";a:33:{i:0;i:45708;i:1;i:6;i:2;i:5;i:3;i:19402;i:4;i:19402;i:5;i:96;i:6;i:1111111;i:7;N;i:8;N;i:9;i:66214;i:10;s:3:\\\"PES\\\";i:11;i:1;i:12;i:0;i:13;i:0;i:14;i:0;i:15;i:0;i:16;i:0;i:17;i:0;i:18;i:0;i:19;i:0;i:20;N;i:21;N;i:22;N;i:23;N;i:24;N;i:25;d:43008.14;i:26;d:4515.86;i:27;d:15446.28;i:28;d:3243.72;i:29;N;i:30;N;i:31;d:58454.42;i:32;d:7759.6;}s:28:\\\"\\u0000*\\u0000escapeWhenCastingToString\\\";b:0;}i:333;O:29:\\\"Illuminate\\\\Support\\\\Collection\\\":2:{s:8:\\\"\\u0000*\\u0000items\\\";a:33:{i:0;i:45708;i:1;i:6;i:2;i:5;i:3;i:19403;i:4;i:19403;i:5;i:96;i:6;i:1111111;i:7;N;i:8;N;i:9;d:29446.5;i:10;s:3:\\\"PES\\\";i:11;i:1;i:12;i:0;i:13;i:0;i:14;i:0;i:15;i:0;i:16;i:0;i:17;i:0;i:18;i:0;i:19;i:0;i:20;N;i:21;N;i:22;N;i:23;N;i:24;N;i:25;d:13144.34;i:26;d:1380.16;i:27;d:12332.23;i:28;d:2589.77;i:29;N;i:30;N;i:31;d:25476.57;i:32;d:3969.9;}s:28:\\\"\\u0000*\\u0000escapeWhenCastingToString\\\";b:0;}i:334;O:29:\\\"Illuminate\\\\Support\\\\Collection\\\":2:{s:8:\\\"\\u0000*\\u0000items\\\";a:33:{i:0;i:45708;i:1;i:6;i:2;i:5;i:3;i:19404;i:4;i:19404;i:5;i:96;i:6;i:1111111;i:7;N;i:8;N;i:9;i:41511;i:10;s:3:\\\"PES\\\";i:11;i:1;i:12;i:0;i:13;i:0;i:14;i:0;i:15;i:0;i:16;i:0;i:17;i:0;i:18;i:0;i:19;i:0;i:20;N;i:21;N;i:22;N;i:23;N;i:24;N;i:25;d:22932.58;i:26;d:2407.92;i:27;d:13364.05;i:28;d:2806.45;i:29;N;i:30;N;i:31;d:36296.63;i:32;d:5214.4;}s:28:\\\"\\u0000*\\u0000escapeWhenCastingToString\\\";b:0;}i:335;O:29:\\\"Illuminate\\\\Support\\\\Collection\\\":2:{s:8:\\\"\\u0000*\\u0000items\\\";a:33:{i:0;i:45708;i:1;i:6;i:2;i:5;i:3;i:19405;i:4;i:19405;i:5;i:96;i:6;i:1111111;i:7;N;i:8;N;i:9;d:13582.35;i:10;s:3:\\\"PES\\\";i:11;i:1;i:12;i:0;i:13;i:0;i:14;i:0;i:15;i:0;i:16;i:0;i:17;i:0;i:18;i:0;i:19;i:0;i:20;N;i:21;N;i:22;N;i:23;N;i:24;N;i:25;d:9002.31;i:26;d:945.24;i:27;d:3003.97;i:28;d:630.83;i:29;N;i:30;N;i:31;d:12006.28;i:32;d:1576.1;}s:28:\\\"\\u0000*\\u0000escapeWhenCastingToString\\\";b:0;}i:336;O:29:\\\"Illuminate\\\\Support\\\\Collection\\\":2:{s:8:\\\"\\u0000*\\u0000items\\\";a:33:{i:0;i:45708;i:1;i:6;i:2;i:5;i:3;i:19406;i:4;i:19406;i:5;i:96;i:6;i:1111111;i:7;N;i:8;N;i:9;d:29092.55;i:10;s:3:\\\"PES\\\";i:11;i:1;i:12;i:0;i:13;i:0;i:14;i:0;i:15;i:0;i:16;i:0;i:17;i:0;i:18;i:0;i:19;i:0;i:20;N;i:21;N;i:22;N;i:23;N;i:24;N;i:25;d:21825.84;i:26;d:2291.71;i:27;d:4111.57;i:28;d:863.43;i:29;N;i:30;N;i:31;d:25937.41;i:32;d:3155.1;}s:28:\\\"\\u0000*\\u0000escapeWhenCastingToString\\\";b:0;}i:337;O:29:\\\"Illuminate\\\\Support\\\\Collection\\\":2:{s:8:\\\"\\u0000*\\u0000items\\\";a:33:{i:0;i:45708;i:1;i:6;i:2;i:5;i:3;i:19407;i:4;i:19407;i:5;i:96;i:6;i:1111111;i:7;N;i:8;N;i:9;d:27004.2;i:10;s:3:\\\"PES\\\";i:11;i:1;i:12;i:0;i:13;i:0;i:14;i:0;i:15;i:0;i:16;i:0;i:17;i:0;i:18;i:0;i:19;i:0;i:20;N;i:21;N;i:22;N;i:23;N;i:24;N;i:25;d:16672.4;i:26;d:1750.6;i:27;d:7091.9;i:28;d:1489.3;i:29;N;i:30;N;i:31;d:23764.3;i:32;d:3239.9;}s:28:\\\"\\u0000*\\u0000escapeWhenCastingToString\\\";b:0;}i:338;O:29:\\\"Illuminate\\\\Support\\\\Collection\\\":2:{s:8:\\\"\\u0000*\\u0000items\\\";a:33:{i:0;i:45708;i:1;i:6;i:2;i:5;i:3;i:19408;i:4;i:19408;i:5;i:96;i:6;i:1111111;i:7;N;i:8;N;i:9;d:21151.5;i:10;s:3:\\\"PES\\\";i:11;i:1;i:12;i:0;i:13;i:0;i:14;i:0;i:15;i:0;i:16;i:0;i:17;i:0;i:18;i:0;i:19;i:0;i:20;N;i:21;N;i:22;N;i:23;N;i:24;N;i:25;d:10272.85;i:26;d:1078.65;i:27;d:8099.17;i:28;d:1700.83;i:29;N;i:30;N;i:31;d:18372.02;i:32;d:2779.5;}s:28:\\\"\\u0000*\\u0000escapeWhenCastingToString\\\";b:0;}i:339;O:29:\\\"Illuminate\\\\Support\\\\Collection\\\":2:{s:8:\\\"\\u0000*\\u0000items\\\";a:33:{i:0;i:45708;i:1;i:6;i:2;i:5;i:3;i:19409;i:4;i:19409;i:5;i:96;i:6;i:1111111;i:7;N;i:8;N;i:9;d:33090.05;i:10;s:3:\\\"PES\\\";i:11;i:1;i:12;i:0;i:13;i:0;i:14;i:0;i:15;i:0;i:16;i:0;i:17;i:0;i:18;i:0;i:19;i:0;i:20;N;i:21;N;i:22;N;i:23;N;i:24;N;i:25;d:29945.75;i:26;d:3144.3;i:27;N;i:28;N;i:29;N;i:30;N;i:31;d:29945.75;i:32;d:3144.3;}s:28:\\\"\\u0000*\\u0000escapeWhenCastingToString\\\";b:0;}i:340;O:29:\\\"Illuminate\\\\Support\\\\Collection\\\":2:{s:8:\\\"\\u0000*\\u0000items\\\";a:33:{i:0;i:45708;i:1;i:6;i:2;i:5;i:3;i:19410;i:4;i:19410;i:5;i:96;i:6;i:1111111;i:7;N;i:8;N;i:9;d:36078.5;i:10;s:3:\\\"PES\\\";i:11;i:1;i:12;i:0;i:13;i:0;i:14;i:0;i:15;i:0;i:16;i:0;i:17;i:0;i:18;i:0;i:19;i:0;i:20;N;i:21;N;i:22;N;i:23;N;i:24;N;i:25;d:18260.63;i:26;d:1917.37;i:27;d:13140.91;i:28;d:2759.59;i:29;N;i:30;N;i:31;d:31401.54;i:32;i:4677;}s:28:\\\"\\u0000*\\u0000escapeWhenCastingToString\\\";b:0;}i:341;O:29:\\\"Illuminate\\\\Support\\\\Collection\\\":2:{s:8:\\\"\\u0000*\\u0000items\\\";a:33:{i:0;i:45708;i:1;i:6;i:2;i:5;i:3;i:19411;i:4;i:19411;i:5;i:96;i:6;i:1111111;i:7;N;i:8;N;i:9;d:31777.45;i:10;s:3:\\\"PES\\\";i:11;i:1;i:12;i:0;i:13;i:0;i:14;i:0;i:15;i:0;i:16;i:0;i:17;i:0;i:18;i:0;i:19;i:0;i:20;N;i:21;N;i:22;N;i:23;N;i:24;N;i:25;d:19534.34;i:26;d:2051.11;i:27;d:8423.14;i:28;d:1768.86;i:29;N;i:30;N;i:31;d:27957.48;i:32;i:3820;}s:28:\\\"\\u0000*\\u0000escapeWhenCastingToString\\\";b:0;}i:342;O:29:\\\"Illuminate\\\\Support\\\\Collection\\\":2:{s:8:\\\"\\u0000*\\u0000items\\\";a:33:{i:0;i:45708;i:1;i:6;i:2;i:5;i:3;i:19412;i:4;i:19412;i:5;i:96;i:6;i:1111111;i:7;N;i:8;N;i:9;d:39244.1;i:10;s:3:\\\"PES\\\";i:11;i:1;i:12;i:0;i:13;i:0;i:14;i:0;i:15;i:0;i:16;i:0;i:17;i:0;i:18;i:0;i:19;i:0;i:20;N;i:21;N;i:22;N;i:23;N;i:24;N;i:25;d:8461.09;i:26;d:888.41;i:27;d:24706.28;i:28;d:5188.32;i:29;N;i:30;N;i:31;d:33167.37;i:32;d:6076.7;}s:28:\\\"\\u0000*\\u0000escapeWhenCastingToString\\\";b:0;}i:343;O:29:\\\"Illuminate\\\\Support\\\\Collection\\\":2:{s:8:\\\"\\u0000*\\u0000items\\\";a:33:{i:0;i:45708;i:1;i:6;i:2;i:5;i:3;i:19413;i:4;i:19413;i:5;i:96;i:6;i:1111111;i:7;N;i:8;N;i:9;d:65696.5;i:10;s:3:\\\"PES\\\";i:11;i:1;i:12;i:0;i:13;i:0;i:14;i:0;i:15;i:0;i:16;i:0;i:17;i:0;i:18;i:0;i:19;i:0;i:20;N;i:21;N;i:22;N;i:23;N;i:24;N;i:25;d:59453.85;i:26;d:6242.65;i:27;N;i:28;N;i:29;N;i:30;N;i:31;d:59453.85;i:32;d:6242.7;}s:28:\\\"\\u0000*\\u0000escapeWhenCastingToString\\\";b:0;}i:344;O:29:\\\"Illuminate\\\\Support\\\\Collection\\\":2:{s:8:\\\"\\u0000*\\u0000items\\\";a:33:{i:0;i:45708;i:1;i:6;i:2;i:5;i:3;i:19414;i:4;i:19414;i:5;i:96;i:6;i:1111111;i:7;N;i:8;N;i:9;d:15604.5;i:10;s:3:\\\"PES\\\";i:11;i:1;i:12;i:0;i:13;i:0;i:14;i:0;i:15;i:0;i:16;i:0;i:17;i:0;i:18;i:0;i:19;i:0;i:20;N;i:21;N;i:22;N;i:23;N;i:24;N;i:25;d:13261.99;i:26;d:1392.51;i:27;d:785.12;i:28;d:164.88;i:29;N;i:30;N;i:31;d:14047.11;i:32;d:1557.4;}s:28:\\\"\\u0000*\\u0000escapeWhenCastingToString\\\";b:0;}i:345;O:29:\\\"Illuminate\\\\Support\\\\Collection\\\":2:{s:8:\\\"\\u0000*\\u0000items\\\";a:33:{i:0;i:45708;i:1;i:6;i:2;i:5;i:3;i:19415;i:4;i:19415;i:5;i:96;i:6;i:1111111;i:7;N;i:8;N;i:9;d:9388.25;i:10;s:3:\\\"PES\\\";i:11;i:1;i:12;i:0;i:13;i:0;i:14;i:0;i:15;i:0;i:16;i:0;i:17;i:0;i:18;i:0;i:19;i:0;i:20;N;i:21;N;i:22;N;i:23;N;i:24;N;i:25;d:8496.15;i:26;d:892.1;i:27;N;i:28;N;i:29;N;i:30;N;i:31;d:8496.15;i:32;d:892.1;}s:28:\\\"\\u0000*\\u0000escapeWhenCastingToString\\\";b:0;}i:346;O:29:\\\"Illuminate\\\\Support\\\\Collection\\\":2:{s:8:\\\"\\u0000*\\u0000items\\\";a:33:{i:0;i:45708;i:1;i:6;i:2;i:5;i:3;i:19416;i:4;i:19416;i:5;i:96;i:6;i:1111111;i:7;N;i:8;N;i:9;d:17690.5;i:10;s:3:\\\"PES\\\";i:11;i:1;i:12;i:0;i:13;i:0;i:14;i:0;i:15;i:0;i:16;i:0;i:17;i:0;i:18;i:0;i:19;i:0;i:20;N;i:21;N;i:22;N;i:23;N;i:24;N;i:25;d:13933.94;i:26;d:1463.06;i:27;d:1895.45;i:28;d:398.05;i:29;N;i:30;N;i:31;d:15829.39;i:32;d:1861.1;}s:28:\\\"\\u0000*\\u0000escapeWhenCastingToString\\\";b:0;}i:347;O:29:\\\"Illuminate\\\\Support\\\\Collection\\\":2:{s:8:\\\"\\u0000*\\u0000items\\\";a:33:{i:0;i:45708;i:1;i:6;i:2;i:5;i:3;i:19417;i:4;i:19417;i:5;i:96;i:6;i:1111111;i:7;N;i:8;N;i:9;d:10388.5;i:10;s:3:\\\"PES\\\";i:11;i:1;i:12;i:0;i:13;i:0;i:14;i:0;i:15;i:0;i:16;i:0;i:17;i:0;i:18;i:0;i:19;i:0;i:20;N;i:21;N;i:22;N;i:23;N;i:24;N;i:25;d:9401.36;i:26;d:987.14;i:27;N;i:28;N;i:29;N;i:30;N;i:31;d:9401.36;i:32;d:987.1;}s:28:\\\"\\u0000*\\u0000escapeWhenCastingToString\\\";b:0;}i:348;O:29:\\\"Illuminate\\\\Support\\\\Collection\\\":2:{s:8:\\\"\\u0000*\\u0000items\\\";a:33:{i:0;i:45708;i:1;i:6;i:2;i:5;i:3;i:19418;i:4;i:19418;i:5;i:96;i:6;i:1111111;i:7;N;i:8;N;i:9;i:17728;i:10;s:3:\\\"PES\\\";i:11;i:1;i:12;i:0;i:13;i:0;i:14;i:0;i:15;i:0;i:16;i:0;i:17;i:0;i:18;i:0;i:19;i:0;i:20;N;i:21;N;i:22;N;i:23;N;i:24;N;i:25;d:11541.18;i:26;d:1211.82;i:27;d:4111.57;i:28;d:863.43;i:29;N;i:30;N;i:31;d:15652.75;i:32;d:2075.3;}s:28:\\\"\\u0000*\\u0000escapeWhenCastingToString\\\";b:0;}i:349;O:29:\\\"Illuminate\\\\Support\\\\Collection\\\":2:{s:8:\\\"\\u0000*\\u0000items\\\";a:33:{i:0;i:45708;i:1;i:6;i:2;i:5;i:3;i:19419;i:4;i:19419;i:5;i:96;i:6;i:1111111;i:7;N;i:8;N;i:9;i:4975;i:10;s:3:\\\"PES\\\";i:11;i:1;i:12;i:0;i:13;i:0;i:14;i:0;i:15;i:0;i:16;i:0;i:17;i:0;i:18;i:0;i:19;i:0;i:20;N;i:21;N;i:22;N;i:23;N;i:24;N;i:25;N;i:26;N;i:27;d:4111.57;i:28;d:863.43;i:29;N;i:30;N;i:31;d:4111.57;i:32;d:863.4;}s:28:\\\"\\u0000*\\u0000escapeWhenCastingToString\\\";b:0;}i:350;O:29:\\\"Illuminate\\\\Support\\\\Collection\\\":2:{s:8:\\\"\\u0000*\\u0000items\\\";a:33:{i:0;i:45708;i:1;i:6;i:2;i:5;i:3;i:19420;i:4;i:19420;i:5;i:96;i:6;i:1111111;i:7;N;i:8;N;i:9;i:61301;i:10;s:3:\\\"PES\\\";i:11;i:1;i:12;i:0;i:13;i:0;i:14;i:0;i:15;i:0;i:16;i:0;i:17;i:0;i:18;i:0;i:19;i:0;i:20;N;i:21;N;i:22;N;i:23;N;i:24;N;i:25;d:55476.02;i:26;d:5824.98;i:27;N;i:28;N;i:29;N;i:30;N;i:31;d:55476.02;i:32;i:5825;}s:28:\\\"\\u0000*\\u0000escapeWhenCastingToString\\\";b:0;}i:351;O:29:\\\"Illuminate\\\\Support\\\\Collection\\\":2:{s:8:\\\"\\u0000*\\u0000items\\\";a:33:{i:0;i:45708;i:1;i:6;i:2;i:5;i:3;i:19421;i:4;i:19421;i:5;i:96;i:6;i:1111111;i:7;N;i:8;N;i:9;d:7141.5;i:10;s:3:\\\"PES\\\";i:11;i:1;i:12;i:0;i:13;i:0;i:14;i:0;i:15;i:0;i:16;i:0;i:17;i:0;i:18;i:0;i:19;i:0;i:20;N;i:21;N;i:22;N;i:23;N;i:24;N;i:25;d:6462.9;i:26;d:678.6;i:27;N;i:28;N;i:29;N;i:30;N;i:31;d:6462.9;i:32;d:678.6;}s:28:\\\"\\u0000*\\u0000escapeWhenCastingToString\\\";b:0;}i:352;O:29:\\\"Illuminate\\\\Support\\\\Collection\\\":2:{s:8:\\\"\\u0000*\\u0000items\\\";a:33:{i:0;i:45708;i:1;i:6;i:2;i:5;i:3;i:19422;i:4;i:19422;i:5;i:96;i:6;i:1111111;i:7;N;i:8;N;i:9;i:19453;i:10;s:3:\\\"PES\\\";i:11;i:1;i:12;i:0;i:13;i:0;i:14;i:0;i:15;i:0;i:16;i:0;i:17;i:0;i:18;i:0;i:19;i:0;i:20;N;i:21;N;i:22;N;i:23;N;i:24;N;i:25;d:9068.33;i:26;d:952.17;i:27;d:7795.45;i:28;d:1637.05;i:29;N;i:30;N;i:31;d:16863.78;i:32;d:2589.2;}s:28:\\\"\\u0000*\\u0000escapeWhenCastingToString\\\";b:0;}i:353;O:29:\\\"Illuminate\\\\Support\\\\Collection\\\":2:{s:8:\\\"\\u0000*\\u0000items\\\";a:33:{i:0;i:45708;i:1;i:6;i:2;i:5;i:3;i:19423;i:4;i:19423;i:5;i:96;i:6;i:1111111;i:7;N;i:8;N;i:9;i:5037;i:10;s:3:\\\"PES\\\";i:11;i:1;i:12;i:0;i:13;i:0;i:14;i:0;i:15;i:0;i:16;i:0;i:17;i:0;i:18;i:0;i:19;i:0;i:20;N;i:21;N;i:22;N;i:23;N;i:24;N;i:25;d:4558.37;i:26;d:478.63;i:27;N;i:28;N;i:29;N;i:30;N;i:31;d:4558.37;i:32;d:478.6;}s:28:\\\"\\u0000*\\u0000escapeWhenCastingToString\\\";b:0;}i:354;O:29:\\\"Illuminate\\\\Support\\\\Collection\\\":2:{s:8:\\\"\\u0000*\\u0000items\\\";a:33:{i:0;i:45708;i:1;i:6;i:2;i:5;i:3;i:19424;i:4;i:19424;i:5;i:96;i:6;i:1111111;i:7;N;i:8;N;i:9;i:2310;i:10;s:3:\\\"PES\\\";i:11;i:1;i:12;i:0;i:13;i:0;i:14;i:0;i:15;i:0;i:16;i:0;i:17;i:0;i:18;i:0;i:19;i:0;i:20;N;i:21;N;i:22;N;i:23;N;i:24;N;i:25;N;i:26;N;i:27;d:1909.09;i:28;d:400.91;i:29;N;i:30;N;i:31;d:1909.09;i:32;d:400.9;}s:28:\\\"\\u0000*\\u0000escapeWhenCastingToString\\\";b:0;}i:355;O:29:\\\"Illuminate\\\\Support\\\\Collection\\\":2:{s:8:\\\"\\u0000*\\u0000items\\\";a:33:{i:0;i:45708;i:1;i:6;i:2;i:5;i:3;i:19425;i:4;i:19425;i:5;i:96;i:6;i:1111111;i:7;N;i:8;N;i:9;d:10736.5;i:10;s:3:\\\"PES\\\";i:11;i:1;i:12;i:0;i:13;i:0;i:14;i:0;i:15;i:0;i:16;i:0;i:17;i:0;i:18;i:0;i:19;i:0;i:20;N;i:21;N;i:22;N;i:23;N;i:24;N;i:25;d:9716.29;i:26;d:1020.21;i:27;N;i:28;N;i:29;N;i:30;N;i:31;d:9716.29;i:32;d:1020.2;}s:28:\\\"\\u0000*\\u0000escapeWhenCastingToString\\\";b:0;}i:356;O:29:\\\"Illuminate\\\\Support\\\\Collection\\\":2:{s:8:\\\"\\u0000*\\u0000items\\\";a:33:{i:0;i:45708;i:1;i:6;i:2;i:5;i:3;i:19426;i:4;i:19426;i:5;i:96;i:6;i:1111111;i:7;N;i:8;N;i:9;d:20443.2;i:10;s:3:\\\"PES\\\";i:11;i:1;i:12;i:0;i:13;i:0;i:14;i:0;i:15;i:0;i:16;i:0;i:17;i:0;i:18;i:0;i:19;i:0;i:20;N;i:21;N;i:22;N;i:23;N;i:24;N;i:25;d:12364.62;i:26;d:1298.28;i:27;d:5603.55;i:28;d:1176.75;i:29;N;i:30;N;i:31;d:17968.17;i:32;i:2475;}s:28:\\\"\\u0000*\\u0000escapeWhenCastingToString\\\";b:0;}i:357;O:29:\\\"Illuminate\\\\Support\\\\Collection\\\":2:{s:8:\\\"\\u0000*\\u0000items\\\";a:33:{i:0;i:45708;i:1;i:6;i:2;i:5;i:3;i:19427;i:4;i:19427;i:5;i:96;i:6;i:1111111;i:7;N;i:8;N;i:9;d:9922.5;i:10;s:3:\\\"PES\\\";i:11;i:1;i:12;i:0;i:13;i:0;i:14;i:0;i:15;i:0;i:16;i:0;i:17;i:0;i:18;i:0;i:19;i:0;i:20;N;i:21;N;i:22;N;i:23;N;i:24;N;i:25;N;i:26;N;i:27;d:8200.41;i:28;d:1722.09;i:29;N;i:30;N;i:31;d:8200.41;i:32;d:1722.1;}s:28:\\\"\\u0000*\\u0000escapeWhenCastingToString\\\";b:0;}i:358;O:29:\\\"Illuminate\\\\Support\\\\Collection\\\":2:{s:8:\\\"\\u0000*\\u0000items\\\";a:33:{i:0;i:45708;i:1;i:6;i:2;i:5;i:3;i:19428;i:4;i:19428;i:5;i:96;i:6;i:1111111;i:7;N;i:8;N;i:9;d:82678.4;i:10;s:3:\\\"PES\\\";i:11;i:1;i:12;i:0;i:13;i:0;i:14;i:0;i:15;i:0;i:16;i:0;i:17;i:0;i:18;i:0;i:19;i:0;i:20;N;i:21;N;i:22;N;i:23;N;i:24;N;i:25;d:47858.28;i:26;d:5025.12;i:27;d:24623.97;i:28;d:5171.03;i:29;N;i:30;N;i:31;d:72482.25;i:32;d:10196.2;}s:28:\\\"\\u0000*\\u0000escapeWhenCastingToString\\\";b:0;}i:359;O:29:\\\"Illuminate\\\\Support\\\\Collection\\\":2:{s:8:\\\"\\u0000*\\u0000items\\\";a:33:{i:0;i:45708;i:1;i:6;i:2;i:5;i:3;i:19429;i:4;i:19429;i:5;i:96;i:6;i:1111111;i:7;N;i:8;N;i:9;i:2000;i:10;s:3:\\\"PES\\\";i:11;i:1;i:12;i:0;i:13;i:0;i:14;i:0;i:15;i:0;i:16;i:0;i:17;i:0;i:18;i:0;i:19;i:0;i:20;N;i:21;N;i:22;N;i:23;N;i:24;N;i:25;N;i:26;N;i:27;d:1652.89;i:28;d:347.11;i:29;N;i:30;N;i:31;d:1652.89;i:32;d:347.1;}s:28:\\\"\\u0000*\\u0000escapeWhenCastingToString\\\";b:0;}i:360;O:29:\\\"Illuminate\\\\Support\\\\Collection\\\":2:{s:8:\\\"\\u0000*\\u0000items\\\";a:33:{i:0;i:45708;i:1;i:6;i:2;i:5;i:3;i:19430;i:4;i:19430;i:5;i:96;i:6;i:1111111;i:7;N;i:8;N;i:9;d:9873.5;i:10;s:3:\\\"PES\\\";i:11;i:1;i:12;i:0;i:13;i:0;i:14;i:0;i:15;i:0;i:16;i:0;i:17;i:0;i:18;i:0;i:19;i:0;i:20;N;i:21;N;i:22;N;i:23;N;i:24;N;i:25;N;i:26;N;i:27;d:8159.92;i:28;d:1713.58;i:29;N;i:30;N;i:31;d:8159.92;i:32;d:1713.6;}s:28:\\\"\\u0000*\\u0000escapeWhenCastingToString\\\";b:0;}i:361;O:29:\\\"Illuminate\\\\Support\\\\Collection\\\":2:{s:8:\\\"\\u0000*\\u0000items\\\";a:33:{i:0;i:45708;i:1;i:6;i:2;i:5;i:3;i:19431;i:4;i:19431;i:5;i:96;i:6;i:1111111;i:7;N;i:8;N;i:9;d:13694.85;i:10;s:3:\\\"PES\\\";i:11;i:1;i:12;i:0;i:13;i:0;i:14;i:0;i:15;i:0;i:16;i:0;i:17;i:0;i:18;i:0;i:19;i:0;i:20;N;i:21;N;i:22;N;i:23;N;i:24;N;i:25;d:9146.92;i:26;d:960.43;i:27;d:2964.88;i:28;d:622.62;i:29;N;i:30;N;i:31;d:12111.8;i:32;d:1583.1;}s:28:\\\"\\u0000*\\u0000escapeWhenCastingToString\\\";b:0;}i:362;O:29:\\\"Illuminate\\\\Support\\\\Collection\\\":2:{s:8:\\\"\\u0000*\\u0000items\\\";a:33:{i:0;i:45708;i:1;i:6;i:2;i:5;i:3;i:19432;i:4;i:19432;i:5;i:96;i:6;i:1111111;i:7;N;i:8;N;i:9;d:30725.4;i:10;s:3:\\\"PES\\\";i:11;i:1;i:12;i:0;i:13;i:0;i:14;i:0;i:15;i:0;i:16;i:0;i:17;i:0;i:18;i:0;i:19;i:0;i:20;N;i:21;N;i:22;N;i:23;N;i:24;N;i:25;d:27805.79;i:26;d:2919.61;i:27;N;i:28;N;i:29;N;i:30;N;i:31;d:27805.79;i:32;d:2919.6;}s:28:\\\"\\u0000*\\u0000escapeWhenCastingToString\\\";b:0;}i:363;O:29:\\\"Illuminate\\\\Support\\\\Collection\\\":2:{s:8:\\\"\\u0000*\\u0000items\\\";a:33:{i:0;i:45708;i:1;i:6;i:2;i:5;i:3;i:19433;i:4;i:19433;i:5;i:96;i:6;i:1111111;i:7;N;i:8;N;i:9;d:57683.95;i:10;s:3:\\\"PES\\\";i:11;i:1;i:12;i:0;i:13;i:0;i:14;i:0;i:15;i:0;i:16;i:0;i:17;i:0;i:18;i:0;i:19;i:0;i:20;N;i:21;N;i:22;N;i:23;N;i:24;N;i:25;d:45288.19;i:26;d:4755.26;i:27;d:6314.46;i:28;d:1326.04;i:29;N;i:30;N;i:31;d:51602.65;i:32;d:6081.3;}s:28:\\\"\\u0000*\\u0000escapeWhenCastingToString\\\";b:0;}i:364;O:29:\\\"Illuminate\\\\Support\\\\Collection\\\":2:{s:8:\\\"\\u0000*\\u0000items\\\";a:33:{i:0;i:45708;i:1;i:6;i:2;i:5;i:3;i:19434;i:4;i:19434;i:5;i:96;i:6;i:1111111;i:7;N;i:8;N;i:9;i:17706;i:10;s:3:\\\"PES\\\";i:11;i:1;i:12;i:0;i:13;i:0;i:14;i:0;i:15;i:0;i:16;i:0;i:17;i:0;i:18;i:0;i:19;i:0;i:20;N;i:21;N;i:22;N;i:23;N;i:24;N;i:25;d:9741.18;i:26;d:1022.82;i:27;d:5737.19;i:28;d:1204.81;i:29;N;i:30;N;i:31;d:15478.37;i:32;d:2227.6;}s:28:\\\"\\u0000*\\u0000escapeWhenCastingToString\\\";b:0;}i:365;O:29:\\\"Illuminate\\\\Support\\\\Collection\\\":2:{s:8:\\\"\\u0000*\\u0000items\\\";a:33:{i:0;i:45708;i:1;i:6;i:2;i:5;i:3;i:19435;i:4;i:19435;i:5;i:96;i:6;i:1111111;i:7;N;i:8;N;i:9;i:1500;i:10;s:3:\\\"PES\\\";i:11;i:1;i:12;i:0;i:13;i:0;i:14;i:0;i:15;i:0;i:16;i:0;i:17;i:0;i:18;i:0;i:19;i:0;i:20;N;i:21;N;i:22;N;i:23;N;i:24;N;i:25;N;i:26;N;i:27;d:1239.67;i:28;d:260.33;i:29;N;i:30;N;i:31;d:1239.67;i:32;d:260.3;}s:28:\\\"\\u0000*\\u0000escapeWhenCastingToString\\\";b:0;}i:366;O:29:\\\"Illuminate\\\\Support\\\\Collection\\\":2:{s:8:\\\"\\u0000*\\u0000items\\\";a:33:{i:0;i:45708;i:1;i:6;i:2;i:5;i:3;i:19436;i:4;i:19436;i:5;i:96;i:6;i:1111111;i:7;N;i:8;N;i:9;d:64865.5;i:10;s:3:\\\"PES\\\";i:11;i:1;i:12;i:0;i:13;i:0;i:14;i:0;i:15;i:0;i:16;i:0;i:17;i:0;i:18;i:0;i:19;i:0;i:20;N;i:21;N;i:22;N;i:23;N;i:24;N;i:25;d:58701.81;i:26;d:6163.69;i:27;N;i:28;N;i:29;N;i:30;N;i:31;d:58701.81;i:32;d:6163.7;}s:28:\\\"\\u0000*\\u0000escapeWhenCastingToString\\\";b:0;}i:367;O:29:\\\"Illuminate\\\\Support\\\\Collection\\\":2:{s:8:\\\"\\u0000*\\u0000items\\\";a:33:{i:0;i:45708;i:1;i:6;i:2;i:5;i:3;i:19437;i:4;i:19437;i:5;i:96;i:6;i:1111111;i:7;N;i:8;N;i:9;i:59429;i:10;s:3:\\\"PES\\\";i:11;i:1;i:12;i:0;i:13;i:0;i:14;i:0;i:15;i:0;i:16;i:0;i:17;i:0;i:18;i:0;i:19;i:0;i:20;N;i:21;N;i:22;N;i:23;N;i:24;N;i:25;d:36085.97;i:26;d:3789.03;i:27;d:16160.33;i:28;d:3393.67;i:29;N;i:30;N;i:31;d:52246.3;i:32;d:7182.7;}s:28:\\\"\\u0000*\\u0000escapeWhenCastingToString\\\";b:0;}i:368;O:29:\\\"Illuminate\\\\Support\\\\Collection\\\":2:{s:8:\\\"\\u0000*\\u0000items\\\";a:33:{i:0;i:45708;i:1;i:6;i:2;i:5;i:3;i:19438;i:4;i:19438;i:5;i:96;i:6;i:1111111;i:7;N;i:8;N;i:9;d:15797.5;i:10;s:3:\\\"PES\\\";i:11;i:1;i:12;i:0;i:13;i:0;i:14;i:0;i:15;i:0;i:16;i:0;i:17;i:0;i:18;i:0;i:19;i:0;i:20;N;i:21;N;i:22;N;i:23;N;i:24;N;i:25;d:14296.38;i:26;d:1501.12;i:27;N;i:28;N;i:29;N;i:30;N;i:31;d:14296.38;i:32;d:1501.1;}s:28:\\\"\\u0000*\\u0000escapeWhenCastingToString\\\";b:0;}i:369;O:29:\\\"Illuminate\\\\Support\\\\Collection\\\":2:{s:8:\\\"\\u0000*\\u0000items\\\";a:33:{i:0;i:45708;i:1;i:6;i:2;i:5;i:3;i:19439;i:4;i:19439;i:5;i:96;i:6;i:1111111;i:7;N;i:8;N;i:9;d:69584.12;i:10;s:3:\\\"PES\\\";i:11;i:1;i:12;i:0;i:13;i:0;i:14;i:0;i:15;i:0;i:16;i:0;i:17;i:0;i:18;i:0;i:19;i:0;i:20;N;i:21;N;i:22;N;i:23;N;i:24;N;i:25;d:38395.38;i:26;d:4031.52;i:27;d:22443.98;i:28;d:4713.24;i:29;N;i:30;N;i:31;d:60839.36;i:32;d:8744.8;}s:28:\\\"\\u0000*\\u0000escapeWhenCastingToString\\\";b:0;}i:370;O:29:\\\"Illuminate\\\\Support\\\\Collection\\\":2:{s:8:\\\"\\u0000*\\u0000items\\\";a:33:{i:0;i:45708;i:1;i:6;i:2;i:5;i:3;i:19440;i:4;i:19440;i:5;i:96;i:6;i:1111111;i:7;N;i:8;N;i:9;i:10545;i:10;s:3:\\\"PES\\\";i:11;i:1;i:12;i:0;i:13;i:0;i:14;i:0;i:15;i:0;i:16;i:0;i:17;i:0;i:18;i:0;i:19;i:0;i:20;N;i:21;N;i:22;N;i:23;N;i:24;N;i:25;d:8676.92;i:26;d:911.08;i:27;d:790.91;i:28;d:166.09;i:29;N;i:30;N;i:31;d:9467.83;i:32;d:1077.2;}s:28:\\\"\\u0000*\\u0000escapeWhenCastingToString\\\";b:0;}i:371;O:29:\\\"Illuminate\\\\Support\\\\Collection\\\":2:{s:8:\\\"\\u0000*\\u0000items\\\";a:33:{i:0;i:45708;i:1;i:6;i:2;i:5;i:3;i:19441;i:4;i:19441;i:5;i:96;i:6;i:1111111;i:7;N;i:8;N;i:9;i:20317;i:10;s:3:\\\"PES\\\";i:11;i:1;i:12;i:0;i:13;i:0;i:14;i:0;i:15;i:0;i:16;i:0;i:17;i:0;i:18;i:0;i:19;i:0;i:20;N;i:21;N;i:22;N;i:23;N;i:24;N;i:25;d:11097.29;i:26;d:1165.21;i:27;d:6656.61;i:28;d:1397.89;i:29;N;i:30;N;i:31;d:17753.9;i:32;d:2563.1;}s:28:\\\"\\u0000*\\u0000escapeWhenCastingToString\\\";b:0;}i:372;O:29:\\\"Illuminate\\\\Support\\\\Collection\\\":2:{s:8:\\\"\\u0000*\\u0000items\\\";a:33:{i:0;i:45708;i:1;i:6;i:2;i:5;i:3;i:19442;i:4;i:19442;i:5;i:96;i:6;i:1111111;i:7;N;i:8;N;i:9;d:27994.95;i:10;s:3:\\\"PES\\\";i:11;i:1;i:12;i:0;i:13;i:0;i:14;i:0;i:15;i:0;i:16;i:0;i:17;i:0;i:18;i:0;i:19;i:0;i:20;N;i:21;N;i:22;N;i:23;N;i:24;N;i:25;N;i:26;N;i:27;d:23136.32;i:28;d:4858.63;i:29;N;i:30;N;i:31;d:23136.32;i:32;d:4858.6;}s:28:\\\"\\u0000*\\u0000escapeWhenCastingToString\\\";b:0;}i:373;O:29:\\\"Illuminate\\\\Support\\\\Collection\\\":2:{s:8:\\\"\\u0000*\\u0000items\\\";a:33:{i:0;i:45708;i:1;i:6;i:2;i:5;i:3;i:19443;i:4;i:19443;i:5;i:96;i:6;i:1111111;i:7;N;i:8;N;i:9;d:47412.5;i:10;s:3:\\\"PES\\\";i:11;i:1;i:12;i:0;i:13;i:0;i:14;i:0;i:15;i:0;i:16;i:0;i:17;i:0;i:18;i:0;i:19;i:0;i:20;N;i:21;N;i:22;N;i:23;N;i:24;N;i:25;d:25258.37;i:26;d:2652.13;i:27;d:16117.36;i:28;d:3384.64;i:29;N;i:30;N;i:31;d:41375.73;i:32;d:6036.8;}s:28:\\\"\\u0000*\\u0000escapeWhenCastingToString\\\";b:0;}i:374;O:29:\\\"Illuminate\\\\Support\\\\Collection\\\":2:{s:8:\\\"\\u0000*\\u0000items\\\";a:33:{i:0;i:45708;i:1;i:6;i:2;i:5;i:3;i:19444;i:4;i:19444;i:5;i:96;i:6;i:1111111;i:7;N;i:8;N;i:9;i:14495;i:10;s:3:\\\"PES\\\";i:11;i:1;i:12;i:0;i:13;i:0;i:14;i:0;i:15;i:0;i:16;i:0;i:17;i:0;i:18;i:0;i:19;i:0;i:20;N;i:21;N;i:22;N;i:23;N;i:24;N;i:25;d:2247.96;i:26;d:236.04;i:27;d:9926.45;i:28;d:2084.55;i:29;N;i:30;N;i:31;d:12174.41;i:32;d:2320.6;}s:28:\\\"\\u0000*\\u0000escapeWhenCastingToString\\\";b:0;}i:375;O:29:\\\"Illuminate\\\\Support\\\\Collection\\\":2:{s:8:\\\"\\u0000*\\u0000items\\\";a:33:{i:0;i:45708;i:1;i:6;i:2;i:5;i:3;i:19445;i:4;i:19445;i:5;i:96;i:6;i:1111111;i:7;N;i:8;N;i:9;d:28277.5;i:10;s:3:\\\"PES\\\";i:11;i:1;i:12;i:0;i:13;i:0;i:14;i:0;i:15;i:0;i:16;i:0;i:17;i:0;i:18;i:0;i:19;i:0;i:20;N;i:21;N;i:22;N;i:23;N;i:24;N;i:25;d:25590.5;i:26;i:2687;i:27;N;i:28;N;i:29;N;i:30;N;i:31;d:25590.5;i:32;i:2687;}s:28:\\\"\\u0000*\\u0000escapeWhenCastingToString\\\";b:0;}i:376;O:29:\\\"Illuminate\\\\Support\\\\Collection\\\":2:{s:8:\\\"\\u0000*\\u0000items\\\";a:33:{i:0;i:45708;i:1;i:6;i:2;i:5;i:3;i:19446;i:4;i:19446;i:5;i:96;i:6;i:1111111;i:7;N;i:8;N;i:9;i:19563;i:10;s:3:\\\"PES\\\";i:11;i:1;i:12;i:0;i:13;i:0;i:14;i:0;i:15;i:0;i:16;i:0;i:17;i:0;i:18;i:0;i:19;i:0;i:20;N;i:21;N;i:22;N;i:23;N;i:24;N;i:25;d:9101.36;i:26;d:955.64;i:27;d:7856.2;i:28;d:1649.8;i:29;N;i:30;N;i:31;d:16957.56;i:32;d:2605.4;}s:28:\\\"\\u0000*\\u0000escapeWhenCastingToString\\\";b:0;}i:377;O:29:\\\"Illuminate\\\\Support\\\\Collection\\\":2:{s:8:\\\"\\u0000*\\u0000items\\\";a:33:{i:0;i:45709;i:1;i:6;i:2;i:5;i:3;i:19447;i:4;i:19447;i:5;i:96;i:6;i:1111111;i:7;N;i:8;N;i:9;d:29730.9;i:10;s:3:\\\"PES\\\";i:11;i:1;i:12;i:0;i:13;i:0;i:14;i:0;i:15;i:0;i:16;i:0;i:17;i:0;i:18;i:0;i:19;i:0;i:20;N;i:21;N;i:22;N;i:23;N;i:24;N;i:25;d:26905.79;i:26;d:2825.11;i:27;N;i:28;N;i:29;N;i:30;N;i:31;d:26905.79;i:32;d:2825.1;}s:28:\\\"\\u0000*\\u0000escapeWhenCastingToString\\\";b:0;}i:378;O:29:\\\"Illuminate\\\\Support\\\\Collection\\\":2:{s:8:\\\"\\u0000*\\u0000items\\\";a:33:{i:0;i:45709;i:1;i:6;i:2;i:5;i:3;i:19448;i:4;i:19448;i:5;i:96;i:6;i:1111111;i:7;N;i:8;N;i:9;i:4975;i:10;s:3:\\\"PES\\\";i:11;i:1;i:12;i:0;i:13;i:0;i:14;i:0;i:15;i:0;i:16;i:0;i:17;i:0;i:18;i:0;i:19;i:0;i:20;N;i:21;N;i:22;N;i:23;N;i:24;N;i:25;N;i:26;N;i:27;d:4111.57;i:28;d:863.43;i:29;N;i:30;N;i:31;d:4111.57;i:32;d:863.4;}s:28:\\\"\\u0000*\\u0000escapeWhenCastingToString\\\";b:0;}i:379;O:29:\\\"Illuminate\\\\Support\\\\Collection\\\":2:{s:8:\\\"\\u0000*\\u0000items\\\";a:33:{i:0;i:45709;i:1;i:6;i:2;i:5;i:3;i:19449;i:4;i:19449;i:5;i:96;i:6;i:1111111;i:7;N;i:8;N;i:9;d:49117.5;i:10;s:3:\\\"PES\\\";i:11;i:1;i:12;i:0;i:13;i:0;i:14;i:0;i:15;i:0;i:16;i:0;i:17;i:0;i:18;i:0;i:19;i:0;i:20;N;i:21;N;i:22;N;i:23;N;i:24;N;i:25;d:44450.23;i:26;d:4667.27;i:27;N;i:28;N;i:29;N;i:30;N;i:31;d:44450.23;i:32;d:4667.3;}s:28:\\\"\\u0000*\\u0000escapeWhenCastingToString\\\";b:0;}i:380;O:29:\\\"Illuminate\\\\Support\\\\Collection\\\":2:{s:8:\\\"\\u0000*\\u0000items\\\";a:33:{i:0;i:45709;i:1;i:6;i:2;i:5;i:3;i:19450;i:4;i:19450;i:5;i:96;i:6;i:1111111;i:7;N;i:8;N;i:9;d:27993.7;i:10;s:3:\\\"PES\\\";i:11;i:1;i:12;i:0;i:13;i:0;i:14;i:0;i:15;i:0;i:16;i:0;i:17;i:0;i:18;i:0;i:19;i:0;i:20;N;i:21;N;i:22;N;i:23;N;i:24;N;i:25;d:18944.62;i:26;d:1989.18;i:27;d:5834.63;i:28;d:1225.27;i:29;N;i:30;N;i:31;d:24779.25;i:32;d:3214.5;}s:28:\\\"\\u0000*\\u0000escapeWhenCastingToString\\\";b:0;}i:381;O:29:\\\"Illuminate\\\\Support\\\\Collection\\\":2:{s:8:\\\"\\u0000*\\u0000items\\\";a:33:{i:0;i:45709;i:1;i:6;i:2;i:5;i:3;i:19451;i:4;i:19451;i:5;i:96;i:6;i:1111111;i:7;N;i:8;N;i:9;d:27091.95;i:10;s:3:\\\"PES\\\";i:11;i:1;i:12;i:0;i:13;i:0;i:14;i:0;i:15;i:0;i:16;i:0;i:17;i:0;i:18;i:0;i:19;i:0;i:20;N;i:21;N;i:22;N;i:23;N;i:24;N;i:25;d:24517.6;i:26;d:2574.35;i:27;N;i:28;N;i:29;N;i:30;N;i:31;d:24517.6;i:32;d:2574.4;}s:28:\\\"\\u0000*\\u0000escapeWhenCastingToString\\\";b:0;}i:382;O:29:\\\"Illuminate\\\\Support\\\\Collection\\\":2:{s:8:\\\"\\u0000*\\u0000items\\\";a:33:{i:0;i:45709;i:1;i:6;i:2;i:5;i:3;i:19452;i:4;i:19452;i:5;i:96;i:6;i:1111111;i:7;N;i:8;N;i:9;i:36521;i:10;s:3:\\\"PES\\\";i:11;i:1;i:12;i:0;i:13;i:0;i:14;i:0;i:15;i:0;i:16;i:0;i:17;i:0;i:18;i:0;i:19;i:0;i:20;N;i:21;N;i:22;N;i:23;N;i:24;N;i:25;d:22932.58;i:26;d:2407.92;i:27;d:9240.08;i:28;d:1940.42;i:29;N;i:30;N;i:31;d:32172.66;i:32;d:4348.3;}s:28:\\\"\\u0000*\\u0000escapeWhenCastingToString\\\";b:0;}i:383;O:29:\\\"Illuminate\\\\Support\\\\Collection\\\":2:{s:8:\\\"\\u0000*\\u0000items\\\";a:33:{i:0;i:45709;i:1;i:6;i:2;i:5;i:3;i:19453;i:4;i:19453;i:5;i:96;i:6;i:1111111;i:7;N;i:8;N;i:9;d:13455.75;i:10;s:3:\\\"PES\\\";i:11;i:1;i:12;i:0;i:13;i:0;i:14;i:0;i:15;i:0;i:16;i:0;i:17;i:0;i:18;i:0;i:19;i:0;i:20;N;i:21;N;i:22;N;i:23;N;i:24;N;i:25;N;i:26;N;i:27;d:11120.45;i:28;d:2335.3;i:29;N;i:30;N;i:31;d:11120.45;i:32;d:2335.3;}s:28:\\\"\\u0000*\\u0000escapeWhenCastingToString\\\";b:0;}i:384;O:29:\\\"Illuminate\\\\Support\\\\Collection\\\":2:{s:8:\\\"\\u0000*\\u0000items\\\";a:33:{i:0;i:45709;i:1;i:6;i:2;i:5;i:3;i:19454;i:4;i:19454;i:5;i:96;i:6;i:1111111;i:7;N;i:8;N;i:9;d:26078.5;i:10;s:3:\\\"PES\\\";i:11;i:1;i:12;i:0;i:13;i:0;i:14;i:0;i:15;i:0;i:16;i:0;i:17;i:0;i:18;i:0;i:19;i:0;i:20;N;i:21;N;i:22;N;i:23;N;i:24;N;i:25;d:23600.45;i:26;d:2478.05;i:27;N;i:28;N;i:29;N;i:30;N;i:31;d:23600.45;i:32;d:2478.1;}s:28:\\\"\\u0000*\\u0000escapeWhenCastingToString\\\";b:0;}i:385;O:29:\\\"Illuminate\\\\Support\\\\Collection\\\":2:{s:8:\\\"\\u0000*\\u0000items\\\";a:33:{i:0;i:45709;i:1;i:6;i:2;i:5;i:3;i:19455;i:4;i:19455;i:5;i:96;i:6;i:1111111;i:7;N;i:8;N;i:9;d:33415.73;i:10;s:3:\\\"PES\\\";i:11;i:1;i:12;i:0;i:13;i:0;i:14;i:0;i:15;i:0;i:16;i:0;i:17;i:0;i:18;i:0;i:19;i:0;i:20;N;i:21;N;i:22;N;i:23;N;i:24;N;i:25;d:11343.89;i:26;d:1191.11;i:27;d:17256.8;i:28;d:3623.93;i:29;N;i:30;N;i:31;d:28600.69;i:32;i:4815;}s:28:\\\"\\u0000*\\u0000escapeWhenCastingToString\\\";b:0;}i:386;O:29:\\\"Illuminate\\\\Support\\\\Collection\\\":2:{s:8:\\\"\\u0000*\\u0000items\\\";a:33:{i:0;i:45709;i:1;i:6;i:2;i:5;i:3;i:19456;i:4;i:19456;i:5;i:96;i:6;i:1111111;i:7;N;i:8;N;i:9;d:3124.19;i:10;s:3:\\\"PES\\\";i:11;i:1;i:12;i:0;i:13;i:0;i:14;i:0;i:15;i:0;i:16;i:0;i:17;i:0;i:18;i:0;i:19;i:0;i:20;N;i:21;N;i:22;N;i:23;N;i:24;N;i:25;N;i:26;N;i:27;d:2581.97;i:28;d:542.21;i:29;N;i:30;N;i:31;d:2581.97;i:32;d:542.2;}s:28:\\\"\\u0000*\\u0000escapeWhenCastingToString\\\";b:0;}i:387;O:29:\\\"Illuminate\\\\Support\\\\Collection\\\":2:{s:8:\\\"\\u0000*\\u0000items\\\";a:33:{i:0;i:45709;i:1;i:6;i:2;i:5;i:3;i:19457;i:4;i:19457;i:5;i:96;i:6;i:1111111;i:7;N;i:8;N;i:9;d:35875.1;i:10;s:3:\\\"PES\\\";i:11;i:1;i:12;i:0;i:13;i:0;i:14;i:0;i:15;i:0;i:16;i:0;i:17;i:0;i:18;i:0;i:19;i:0;i:20;N;i:21;N;i:22;N;i:23;N;i:24;N;i:25;d:32466.15;i:26;d:3408.95;i:27;N;i:28;N;i:29;N;i:30;N;i:31;d:32466.15;i:32;i:3409;}s:28:\\\"\\u0000*\\u0000escapeWhenCastingToString\\\";b:0;}i:388;O:29:\\\"Illuminate\\\\Support\\\\Collection\\\":2:{s:8:\\\"\\u0000*\\u0000items\\\";a:33:{i:0;i:45709;i:1;i:6;i:2;i:5;i:3;i:19458;i:4;i:19458;i:5;i:96;i:6;i:1111111;i:7;N;i:8;N;i:9;i:20350;i:10;s:3:\\\"PES\\\";i:11;i:1;i:12;i:0;i:13;i:0;i:14;i:0;i:15;i:0;i:16;i:0;i:17;i:0;i:18;i:0;i:19;i:0;i:20;N;i:21;N;i:22;N;i:23;N;i:24;N;i:25;N;i:26;N;i:27;d:16818.18;i:28;d:3531.82;i:29;N;i:30;N;i:31;d:16818.18;i:32;d:3531.8;}s:28:\\\"\\u0000*\\u0000escapeWhenCastingToString\\\";b:0;}i:389;O:29:\\\"Illuminate\\\\Support\\\\Collection\\\":2:{s:8:\\\"\\u0000*\\u0000items\\\";a:33:{i:0;i:45709;i:1;i:6;i:2;i:5;i:3;i:19459;i:4;i:19459;i:5;i:96;i:6;i:1111111;i:7;N;i:8;N;i:9;d:24923.45;i:10;s:3:\\\"PES\\\";i:11;i:1;i:12;i:0;i:13;i:0;i:14;i:0;i:15;i:0;i:16;i:0;i:17;i:0;i:18;i:0;i:19;i:0;i:20;N;i:21;N;i:22;N;i:23;N;i:24;N;i:25;d:22555.16;i:26;d:2368.29;i:27;N;i:28;N;i:29;N;i:30;N;i:31;d:22555.16;i:32;d:2368.3;}s:28:\\\"\\u0000*\\u0000escapeWhenCastingToString\\\";b:0;}i:390;O:29:\\\"Illuminate\\\\Support\\\\Collection\\\":2:{s:8:\\\"\\u0000*\\u0000items\\\";a:33:{i:0;i:45709;i:1;i:6;i:2;i:5;i:3;i:19460;i:4;i:19460;i:5;i:96;i:6;i:1111111;i:7;N;i:8;N;i:9;i:78444;i:10;s:3:\\\"PES\\\";i:11;i:1;i:12;i:0;i:13;i:0;i:14;i:0;i:15;i:0;i:16;i:0;i:17;i:0;i:18;i:0;i:19;i:0;i:20;N;i:21;N;i:22;N;i:23;N;i:24;N;i:25;d:60388.24;i:26;d:6340.76;i:27;d:9681.82;i:28;d:2033.18;i:29;N;i:30;N;i:31;d:70070.06;i:32;d:8373.9;}s:28:\\\"\\u0000*\\u0000escapeWhenCastingToString\\\";b:0;}i:391;O:29:\\\"Illuminate\\\\Support\\\\Collection\\\":2:{s:8:\\\"\\u0000*\\u0000items\\\";a:33:{i:0;i:45709;i:1;i:6;i:2;i:5;i:3;i:19461;i:4;i:19461;i:5;i:96;i:6;i:1111111;i:7;N;i:8;N;i:9;d:26209.45;i:10;s:3:\\\"PES\\\";i:11;i:1;i:12;i:0;i:13;i:0;i:14;i:0;i:15;i:0;i:16;i:0;i:17;i:0;i:18;i:0;i:19;i:0;i:20;N;i:21;N;i:22;N;i:23;N;i:24;N;i:25;d:15943.85;i:26;d:1674.1;i:27;d:7100.41;i:28;d:1491.09;i:29;N;i:30;N;i:31;d:23044.26;i:32;d:3165.2;}s:28:\\\"\\u0000*\\u0000escapeWhenCastingToString\\\";b:0;}i:392;O:29:\\\"Illuminate\\\\Support\\\\Collection\\\":2:{s:8:\\\"\\u0000*\\u0000items\\\";a:33:{i:0;i:45709;i:1;i:6;i:2;i:5;i:3;i:19462;i:4;i:19462;i:5;i:96;i:6;i:1111111;i:7;N;i:8;N;i:9;d:13881.4;i:10;s:3:\\\"PES\\\";i:11;i:1;i:12;i:0;i:13;i:0;i:14;i:0;i:15;i:0;i:16;i:0;i:17;i:0;i:18;i:0;i:19;i:0;i:20;N;i:21;N;i:22;N;i:23;N;i:24;N;i:25;d:1800.81;i:26;d:189.09;i:27;d:9827.69;i:28;d:2063.81;i:29;N;i:30;N;i:31;d:11628.5;i:32;d:2252.9;}s:28:\\\"\\u0000*\\u0000escapeWhenCastingToString\\\";b:0;}i:393;O:29:\\\"Illuminate\\\\Support\\\\Collection\\\":2:{s:8:\\\"\\u0000*\\u0000items\\\";a:33:{i:0;i:45709;i:1;i:6;i:2;i:5;i:3;i:19463;i:4;i:19463;i:5;i:96;i:6;i:1111111;i:7;N;i:8;N;i:9;d:37078.45;i:10;s:3:\\\"PES\\\";i:11;i:1;i:12;i:0;i:13;i:0;i:14;i:0;i:15;i:0;i:16;i:0;i:17;i:0;i:18;i:0;i:19;i:0;i:20;N;i:21;N;i:22;N;i:23;N;i:24;N;i:25;d:18939.37;i:26;d:1988.63;i:27;d:13347.48;i:28;d:2802.97;i:29;N;i:30;N;i:31;d:32286.85;i:32;d:4791.6;}s:28:\\\"\\u0000*\\u0000escapeWhenCastingToString\\\";b:0;}i:394;O:29:\\\"Illuminate\\\\Support\\\\Collection\\\":2:{s:8:\\\"\\u0000*\\u0000items\\\";a:33:{i:0;i:45709;i:1;i:6;i:2;i:5;i:3;i:19464;i:4;i:19464;i:5;i:96;i:6;i:1111111;i:7;N;i:8;N;i:9;d:12511.35;i:10;s:3:\\\"PES\\\";i:11;i:1;i:12;i:0;i:13;i:0;i:14;i:0;i:15;i:0;i:16;i:0;i:17;i:0;i:18;i:0;i:19;i:0;i:20;N;i:21;N;i:22;N;i:23;N;i:24;N;i:25;d:4901.81;i:26;d:514.69;i:27;d:5863.51;i:28;d:1231.34;i:29;N;i:30;N;i:31;d:10765.32;i:32;i:1746;}s:28:\\\"\\u0000*\\u0000escapeWhenCastingToString\\\";b:0;}i:395;O:29:\\\"Illuminate\\\\Support\\\\Collection\\\":2:{s:8:\\\"\\u0000*\\u0000items\\\";a:33:{i:0;i:45709;i:1;i:6;i:2;i:5;i:3;i:19465;i:4;i:19465;i:5;i:96;i:6;i:1111111;i:7;N;i:8;N;i:9;d:54980.45;i:10;s:3:\\\"PES\\\";i:11;i:1;i:12;i:0;i:13;i:0;i:14;i:0;i:15;i:0;i:16;i:0;i:17;i:0;i:18;i:0;i:19;i:0;i:20;N;i:21;N;i:22;N;i:23;N;i:24;N;i:25;d:8536.2;i:26;d:896.3;i:27;d:37642.93;i:28;d:7905.02;i:29;N;i:30;N;i:31;d:46179.13;i:32;d:8801.3;}s:28:\\\"\\u0000*\\u0000escapeWhenCastingToString\\\";b:0;}i:396;O:29:\\\"Illuminate\\\\Support\\\\Collection\\\":2:{s:8:\\\"\\u0000*\\u0000items\\\";a:33:{i:0;i:45709;i:1;i:6;i:2;i:5;i:3;i:19466;i:4;i:19466;i:5;i:96;i:6;i:1111111;i:7;N;i:8;N;i:9;d:22876.05;i:10;s:3:\\\"PES\\\";i:11;i:1;i:12;i:0;i:13;i:0;i:14;i:0;i:15;i:0;i:16;i:0;i:17;i:0;i:18;i:0;i:19;i:0;i:20;N;i:21;N;i:22;N;i:23;N;i:24;N;i:25;d:5529.23;i:26;d:580.57;i:27;d:13856.4;i:28;d:2909.85;i:29;N;i:30;N;i:31;d:19385.63;i:32;d:3490.4;}s:28:\\\"\\u0000*\\u0000escapeWhenCastingToString\\\";b:0;}i:397;O:29:\\\"Illuminate\\\\Support\\\\Collection\\\":2:{s:8:\\\"\\u0000*\\u0000items\\\";a:33:{i:0;i:45709;i:1;i:6;i:2;i:5;i:3;i:19467;i:4;i:19467;i:5;i:96;i:6;i:1111111;i:7;N;i:8;N;i:9;d:11506.37;i:10;s:3:\\\"PES\\\";i:11;i:1;i:12;i:0;i:13;i:0;i:14;i:0;i:15;i:0;i:16;i:0;i:17;i:0;i:18;i:0;i:19;i:0;i:20;N;i:21;N;i:22;N;i:23;N;i:24;N;i:25;N;i:26;N;i:27;d:9509.4;i:28;d:1996.97;i:29;N;i:30;N;i:31;d:9509.4;i:32;i:1997;}s:28:\\\"\\u0000*\\u0000escapeWhenCastingToString\\\";b:0;}i:398;O:29:\\\"Illuminate\\\\Support\\\\Collection\\\":2:{s:8:\\\"\\u0000*\\u0000items\\\";a:33:{i:0;i:45709;i:1;i:6;i:2;i:5;i:3;i:19468;i:4;i:19468;i:5;i:96;i:6;i:1111111;i:7;N;i:8;N;i:9;i:9790;i:10;s:3:\\\"PES\\\";i:11;i:1;i:12;i:0;i:13;i:0;i:14;i:0;i:15;i:0;i:16;i:0;i:17;i:0;i:18;i:0;i:19;i:0;i:20;N;i:21;N;i:22;N;i:23;N;i:24;N;i:25;N;i:26;N;i:27;d:8090.91;i:28;d:1699.09;i:29;N;i:30;N;i:31;d:8090.91;i:32;d:1699.1;}s:28:\\\"\\u0000*\\u0000escapeWhenCastingToString\\\";b:0;}i:399;O:29:\\\"Illuminate\\\\Support\\\\Collection\\\":2:{s:8:\\\"\\u0000*\\u0000items\\\";a:33:{i:0;i:45709;i:1;i:6;i:2;i:5;i:3;i:19469;i:4;i:19469;i:5;i:96;i:6;i:1111111;i:7;N;i:8;N;i:9;d:11717.5;i:10;s:3:\\\"PES\\\";i:11;i:1;i:12;i:0;i:13;i:0;i:14;i:0;i:15;i:0;i:16;i:0;i:17;i:0;i:18;i:0;i:19;i:0;i:20;N;i:21;N;i:22;N;i:23;N;i:24;N;i:25;d:10604.07;i:26;d:1113.43;i:27;N;i:28;N;i:29;N;i:30;N;i:31;d:10604.07;i:32;d:1113.4;}s:28:\\\"\\u0000*\\u0000escapeWhenCastingToString\\\";b:0;}i:400;O:29:\\\"Illuminate\\\\Support\\\\Collection\\\":2:{s:8:\\\"\\u0000*\\u0000items\\\";a:33:{i:0;i:45709;i:1;i:6;i:2;i:5;i:3;i:19470;i:4;i:19470;i:5;i:96;i:6;i:1111111;i:7;N;i:8;N;i:9;d:23564.7;i:10;s:3:\\\"PES\\\";i:11;i:1;i:12;i:0;i:13;i:0;i:14;i:0;i:15;i:0;i:16;i:0;i:17;i:0;i:18;i:0;i:19;i:0;i:20;N;i:21;N;i:22;N;i:23;N;i:24;N;i:25;d:21325.52;i:26;d:2239.18;i:27;N;i:28;N;i:29;N;i:30;N;i:31;d:21325.52;i:32;d:2239.2;}s:28:\\\"\\u0000*\\u0000escapeWhenCastingToString\\\";b:0;}i:401;O:29:\\\"Illuminate\\\\Support\\\\Collection\\\":2:{s:8:\\\"\\u0000*\\u0000items\\\";a:33:{i:0;i:45709;i:1;i:6;i:2;i:5;i:3;i:19471;i:4;i:19471;i:5;i:96;i:6;i:1111111;i:7;N;i:8;N;i:9;d:20437.5;i:10;s:3:\\\"PES\\\";i:11;i:1;i:12;i:0;i:13;i:0;i:14;i:0;i:15;i:0;i:16;i:0;i:17;i:0;i:18;i:0;i:19;i:0;i:20;N;i:21;N;i:22;N;i:23;N;i:24;N;i:25;d:18495.48;i:26;d:1942.02;i:27;N;i:28;N;i:29;N;i:30;N;i:31;d:18495.48;i:32;i:1942;}s:28:\\\"\\u0000*\\u0000escapeWhenCastingToString\\\";b:0;}i:402;O:29:\\\"Illuminate\\\\Support\\\\Collection\\\":2:{s:8:\\\"\\u0000*\\u0000items\\\";a:33:{i:0;i:45709;i:1;i:6;i:2;i:5;i:3;i:19472;i:4;i:19472;i:5;i:96;i:6;i:1111111;i:7;N;i:8;N;i:9;d:5026.1;i:10;s:3:\\\"PES\\\";i:11;i:1;i:12;i:0;i:13;i:0;i:14;i:0;i:15;i:0;i:16;i:0;i:17;i:0;i:18;i:0;i:19;i:0;i:20;N;i:21;N;i:22;N;i:23;N;i:24;N;i:25;N;i:26;N;i:27;d:4153.8;i:28;d:872.3;i:29;N;i:30;N;i:31;d:4153.8;i:32;d:872.3;}s:28:\\\"\\u0000*\\u0000escapeWhenCastingToString\\\";b:0;}i:403;O:29:\\\"Illuminate\\\\Support\\\\Collection\\\":2:{s:8:\\\"\\u0000*\\u0000items\\\";a:33:{i:0;i:45709;i:1;i:6;i:2;i:5;i:3;i:19473;i:4;i:19473;i:5;i:96;i:6;i:1111111;i:7;N;i:8;N;i:9;i:10557;i:10;s:3:\\\"PES\\\";i:11;i:1;i:12;i:0;i:13;i:0;i:14;i:0;i:15;i:0;i:16;i:0;i:17;i:0;i:18;i:0;i:19;i:0;i:20;N;i:21;N;i:22;N;i:23;N;i:24;N;i:25;d:9553.85;i:26;d:1003.15;i:27;N;i:28;N;i:29;N;i:30;N;i:31;d:9553.85;i:32;d:1003.2;}s:28:\\\"\\u0000*\\u0000escapeWhenCastingToString\\\";b:0;}i:404;O:29:\\\"Illuminate\\\\Support\\\\Collection\\\":2:{s:8:\\\"\\u0000*\\u0000items\\\";a:33:{i:0;i:45709;i:1;i:6;i:2;i:5;i:3;i:19474;i:4;i:19474;i:5;i:96;i:6;i:1111111;i:7;N;i:8;N;i:9;d:19199.45;i:10;s:3:\\\"PES\\\";i:11;i:1;i:12;i:0;i:13;i:0;i:14;i:0;i:15;i:0;i:16;i:0;i:17;i:0;i:18;i:0;i:19;i:0;i:20;N;i:21;N;i:22;N;i:23;N;i:24;N;i:25;d:4183.71;i:26;d:439.29;i:27;d:12046.65;i:28;d:2529.8;i:29;N;i:30;N;i:31;d:16230.36;i:32;d:2969.1;}s:28:\\\"\\u0000*\\u0000escapeWhenCastingToString\\\";b:0;}i:405;O:29:\\\"Illuminate\\\\Support\\\\Collection\\\":2:{s:8:\\\"\\u0000*\\u0000items\\\";a:33:{i:0;i:45709;i:1;i:6;i:2;i:5;i:3;i:19475;i:4;i:19475;i:5;i:96;i:6;i:1111111;i:7;N;i:8;N;i:9;i:40179;i:10;s:3:\\\"PES\\\";i:11;i:1;i:12;i:0;i:13;i:0;i:14;i:0;i:15;i:0;i:16;i:0;i:17;i:0;i:18;i:0;i:19;i:0;i:20;N;i:21;N;i:22;N;i:23;N;i:24;N;i:25;d:26883.71;i:26;d:2822.79;i:27;d:8654.96;i:28;d:1817.54;i:29;N;i:30;N;i:31;d:35538.67;i:32;d:4640.3;}s:28:\\\"\\u0000*\\u0000escapeWhenCastingToString\\\";b:0;}i:406;O:29:\\\"Illuminate\\\\Support\\\\Collection\\\":2:{s:8:\\\"\\u0000*\\u0000items\\\";a:33:{i:0;i:45709;i:1;i:6;i:2;i:5;i:3;i:19476;i:4;i:19476;i:5;i:96;i:6;i:1111111;i:7;N;i:8;N;i:9;d:21429.6;i:10;s:3:\\\"PES\\\";i:11;i:1;i:12;i:0;i:13;i:0;i:14;i:0;i:15;i:0;i:16;i:0;i:17;i:0;i:18;i:0;i:19;i:0;i:20;N;i:21;N;i:22;N;i:23;N;i:24;N;i:25;d:19393.3;i:26;d:2036.3;i:27;N;i:28;N;i:29;N;i:30;N;i:31;d:19393.3;i:32;d:2036.3;}s:28:\\\"\\u0000*\\u0000escapeWhenCastingToString\\\";b:0;}i:407;O:29:\\\"Illuminate\\\\Support\\\\Collection\\\":2:{s:8:\\\"\\u0000*\\u0000items\\\";a:33:{i:0;i:45709;i:1;i:6;i:2;i:5;i:3;i:19477;i:4;i:19477;i:5;i:96;i:6;i:1111111;i:7;N;i:8;N;i:9;d:22731.55;i:10;s:3:\\\"PES\\\";i:11;i:1;i:12;i:0;i:13;i:0;i:14;i:0;i:15;i:0;i:16;i:0;i:17;i:0;i:18;i:0;i:19;i:0;i:20;N;i:21;N;i:22;N;i:23;N;i:24;N;i:25;d:20571.54;i:26;d:2160.01;i:27;N;i:28;N;i:29;N;i:30;N;i:31;d:20571.54;i:32;i:2160;}s:28:\\\"\\u0000*\\u0000escapeWhenCastingToString\\\";b:0;}i:408;O:29:\\\"Illuminate\\\\Support\\\\Collection\\\":2:{s:8:\\\"\\u0000*\\u0000items\\\";a:33:{i:0;i:45709;i:1;i:6;i:2;i:5;i:3;i:19478;i:4;i:19478;i:5;i:96;i:6;i:1111111;i:7;N;i:8;N;i:9;i:24743;i:10;s:3:\\\"PES\\\";i:11;i:1;i:12;i:0;i:13;i:0;i:14;i:0;i:15;i:0;i:16;i:0;i:17;i:0;i:18;i:0;i:19;i:0;i:20;N;i:21;N;i:22;N;i:23;N;i:24;N;i:25;d:22391.86;i:26;d:2351.14;i:27;N;i:28;N;i:29;N;i:30;N;i:31;d:22391.86;i:32;d:2351.1;}s:28:\\\"\\u0000*\\u0000escapeWhenCastingToString\\\";b:0;}i:409;O:29:\\\"Illuminate\\\\Support\\\\Collection\\\":2:{s:8:\\\"\\u0000*\\u0000items\\\";a:33:{i:0;i:45709;i:1;i:6;i:2;i:5;i:3;i:19479;i:4;i:19479;i:5;i:96;i:6;i:1111111;i:7;N;i:8;N;i:9;i:7198;i:10;s:3:\\\"PES\\\";i:11;i:1;i:12;i:0;i:13;i:0;i:14;i:0;i:15;i:0;i:16;i:0;i:17;i:0;i:18;i:0;i:19;i:0;i:20;N;i:21;N;i:22;N;i:23;N;i:24;N;i:25;N;i:26;N;i:27;d:5948.76;i:28;d:1249.24;i:29;N;i:30;N;i:31;d:5948.76;i:32;d:1249.2;}s:28:\\\"\\u0000*\\u0000escapeWhenCastingToString\\\";b:0;}i:410;O:29:\\\"Illuminate\\\\Support\\\\Collection\\\":2:{s:8:\\\"\\u0000*\\u0000items\\\";a:33:{i:0;i:45709;i:1;i:6;i:2;i:5;i:3;i:19480;i:4;i:19480;i:5;i:96;i:6;i:1111111;i:7;N;i:8;N;i:9;d:25338.45;i:10;s:3:\\\"PES\\\";i:11;i:1;i:12;i:0;i:13;i:0;i:14;i:0;i:15;i:0;i:16;i:0;i:17;i:0;i:18;i:0;i:19;i:0;i:20;N;i:21;N;i:22;N;i:23;N;i:24;N;i:25;N;i:26;N;i:27;d:20940.87;i:28;d:4397.58;i:29;N;i:30;N;i:31;d:20940.87;i:32;d:4397.6;}s:28:\\\"\\u0000*\\u0000escapeWhenCastingToString\\\";b:0;}i:411;O:29:\\\"Illuminate\\\\Support\\\\Collection\\\":2:{s:8:\\\"\\u0000*\\u0000items\\\";a:33:{i:0;i:45709;i:1;i:6;i:2;i:5;i:3;i:19481;i:4;i:19481;i:5;i:96;i:6;i:1111111;i:7;N;i:8;N;i:9;d:59400.8;i:10;s:3:\\\"PES\\\";i:11;i:1;i:12;i:0;i:13;i:0;i:14;i:0;i:15;i:0;i:16;i:0;i:17;i:0;i:18;i:0;i:19;i:0;i:20;N;i:21;N;i:22;N;i:23;N;i:24;N;i:25;N;i:26;N;i:27;d:49091.57;i:28;d:10309.23;i:29;N;i:30;N;i:31;d:49091.57;i:32;d:10309.2;}s:28:\\\"\\u0000*\\u0000escapeWhenCastingToString\\\";b:0;}i:412;O:29:\\\"Illuminate\\\\Support\\\\Collection\\\":2:{s:8:\\\"\\u0000*\\u0000items\\\";a:33:{i:0;i:45709;i:1;i:6;i:2;i:5;i:3;i:19482;i:4;i:19482;i:5;i:96;i:6;i:1111111;i:7;N;i:8;N;i:9;i:8989;i:10;s:3:\\\"PES\\\";i:11;i:1;i:12;i:0;i:13;i:0;i:14;i:0;i:15;i:0;i:16;i:0;i:17;i:0;i:18;i:0;i:19;i:0;i:20;N;i:21;N;i:22;N;i:23;N;i:24;N;i:25;N;i:26;N;i:27;d:7428.92;i:28;d:1560.07;i:29;N;i:30;N;i:31;d:7428.92;i:32;d:1560.1;}s:28:\\\"\\u0000*\\u0000escapeWhenCastingToString\\\";b:0;}i:413;O:29:\\\"Illuminate\\\\Support\\\\Collection\\\":2:{s:8:\\\"\\u0000*\\u0000items\\\";a:33:{i:0;i:45709;i:1;i:6;i:2;i:5;i:3;i:19483;i:4;i:19483;i:5;i:96;i:6;i:1111111;i:7;N;i:8;N;i:9;d:17905.5;i:10;s:3:\\\"PES\\\";i:11;i:1;i:12;i:0;i:13;i:0;i:14;i:0;i:15;i:0;i:16;i:0;i:17;i:0;i:18;i:0;i:19;i:0;i:20;N;i:21;N;i:22;N;i:23;N;i:24;N;i:25;d:16204.07;i:26;d:1701.43;i:27;N;i:28;N;i:29;N;i:30;N;i:31;d:16204.07;i:32;d:1701.4;}s:28:\\\"\\u0000*\\u0000escapeWhenCastingToString\\\";b:0;}i:414;O:29:\\\"Illuminate\\\\Support\\\\Collection\\\":2:{s:8:\\\"\\u0000*\\u0000items\\\";a:33:{i:0;i:45709;i:1;i:6;i:2;i:5;i:3;i:19484;i:4;i:19484;i:5;i:96;i:6;i:1111111;i:7;N;i:8;N;i:9;d:34440.65;i:10;s:3:\\\"PES\\\";i:11;i:1;i:12;i:0;i:13;i:0;i:14;i:0;i:15;i:0;i:16;i:0;i:17;i:0;i:18;i:0;i:19;i:0;i:20;N;i:21;N;i:22;N;i:23;N;i:24;N;i:25;d:11316.15;i:26;d:1188.2;i:27;d:18129.17;i:28;d:3807.13;i:29;N;i:30;N;i:31;d:29445.32;i:32;d:4995.3;}s:28:\\\"\\u0000*\\u0000escapeWhenCastingToString\\\";b:0;}i:415;O:29:\\\"Illuminate\\\\Support\\\\Collection\\\":2:{s:8:\\\"\\u0000*\\u0000items\\\";a:33:{i:0;i:45709;i:1;i:6;i:2;i:5;i:3;i:19485;i:4;i:19485;i:5;i:96;i:6;i:1111111;i:7;N;i:8;N;i:9;d:21384.5;i:10;s:3:\\\"PES\\\";i:11;i:1;i:12;i:0;i:13;i:0;i:14;i:0;i:15;i:0;i:16;i:0;i:17;i:0;i:18;i:0;i:19;i:0;i:20;N;i:21;N;i:22;N;i:23;N;i:24;N;i:25;d:2710.41;i:26;d:284.59;i:27;d:15197.93;i:28;d:3191.57;i:29;N;i:30;N;i:31;d:17908.34;i:32;d:3476.2;}s:28:\\\"\\u0000*\\u0000escapeWhenCastingToString\\\";b:0;}i:416;O:29:\\\"Illuminate\\\\Support\\\\Collection\\\":2:{s:8:\\\"\\u0000*\\u0000items\\\";a:33:{i:0;i:45709;i:1;i:6;i:2;i:5;i:3;i:19486;i:4;i:19486;i:5;i:96;i:6;i:1111111;i:7;N;i:8;N;i:9;d:6465.75;i:10;s:3:\\\"PES\\\";i:11;i:1;i:12;i:0;i:13;i:0;i:14;i:0;i:15;i:0;i:16;i:0;i:17;i:0;i:18;i:0;i:19;i:0;i:20;N;i:21;N;i:22;N;i:23;N;i:24;N;i:25;N;i:26;N;i:27;d:5343.6;i:28;d:1122.15;i:29;N;i:30;N;i:31;d:5343.6;i:32;d:1122.2;}s:28:\\\"\\u0000*\\u0000escapeWhenCastingToString\\\";b:0;}i:417;O:29:\\\"Illuminate\\\\Support\\\\Collection\\\":2:{s:8:\\\"\\u0000*\\u0000items\\\";a:33:{i:0;i:45709;i:1;i:6;i:2;i:5;i:3;i:19487;i:4;i:19487;i:5;i:96;i:6;i:1111111;i:7;N;i:8;N;i:9;d:23990.45;i:10;s:3:\\\"PES\\\";i:11;i:1;i:12;i:0;i:13;i:0;i:14;i:0;i:15;i:0;i:16;i:0;i:17;i:0;i:18;i:0;i:19;i:0;i:20;N;i:21;N;i:22;N;i:23;N;i:24;N;i:25;d:17751.54;i:26;d:1863.91;i:27;d:3615.7;i:28;d:759.3;i:29;N;i:30;N;i:31;d:21367.24;i:32;d:2623.2;}s:28:\\\"\\u0000*\\u0000escapeWhenCastingToString\\\";b:0;}i:418;O:29:\\\"Illuminate\\\\Support\\\\Collection\\\":2:{s:8:\\\"\\u0000*\\u0000items\\\";a:33:{i:0;i:45709;i:1;i:6;i:2;i:5;i:3;i:19488;i:4;i:19488;i:5;i:96;i:6;i:1111111;i:7;N;i:8;N;i:9;i:6684;i:10;s:3:\\\"PES\\\";i:11;i:1;i:12;i:0;i:13;i:0;i:14;i:0;i:15;i:0;i:16;i:0;i:17;i:0;i:18;i:0;i:19;i:0;i:20;N;i:21;N;i:22;N;i:23;N;i:24;N;i:25;N;i:26;N;i:27;d:5523.96;i:28;d:1160.03;i:29;N;i:30;N;i:31;d:5523.96;i:32;i:1160;}s:28:\\\"\\u0000*\\u0000escapeWhenCastingToString\\\";b:0;}i:419;O:29:\\\"Illuminate\\\\Support\\\\Collection\\\":2:{s:8:\\\"\\u0000*\\u0000items\\\";a:33:{i:0;i:45709;i:1;i:6;i:2;i:5;i:3;i:19489;i:4;i:19489;i:5;i:96;i:6;i:1111111;i:7;N;i:8;N;i:9;d:40368.35;i:10;s:3:\\\"PES\\\";i:11;i:1;i:12;i:0;i:13;i:0;i:14;i:0;i:15;i:0;i:16;i:0;i:17;i:0;i:18;i:0;i:19;i:0;i:20;N;i:21;N;i:22;N;i:23;N;i:24;N;i:25;d:21410.86;i:26;d:2248.14;i:27;d:13809.38;i:28;d:2899.97;i:29;N;i:30;N;i:31;d:35220.24;i:32;d:5148.1;}s:28:\\\"\\u0000*\\u0000escapeWhenCastingToString\\\";b:0;}i:420;O:29:\\\"Illuminate\\\\Support\\\\Collection\\\":2:{s:8:\\\"\\u0000*\\u0000items\\\";a:33:{i:0;i:45709;i:1;i:6;i:2;i:5;i:3;i:19490;i:4;i:19490;i:5;i:96;i:6;i:1111111;i:7;N;i:8;N;i:9;i:25738;i:10;s:3:\\\"PES\\\";i:11;i:1;i:12;i:0;i:13;i:0;i:14;i:0;i:15;i:0;i:16;i:0;i:17;i:0;i:18;i:0;i:19;i:0;i:20;N;i:21;N;i:22;N;i:23;N;i:24;N;i:25;d:23292.31;i:26;d:2445.69;i:27;N;i:28;N;i:29;N;i:30;N;i:31;d:23292.31;i:32;d:2445.7;}s:28:\\\"\\u0000*\\u0000escapeWhenCastingToString\\\";b:0;}i:421;O:29:\\\"Illuminate\\\\Support\\\\Collection\\\":2:{s:8:\\\"\\u0000*\\u0000items\\\";a:33:{i:0;i:45709;i:1;i:6;i:2;i:5;i:3;i:19491;i:4;i:19491;i:5;i:96;i:6;i:1111111;i:7;N;i:8;N;i:9;d:58163.5;i:10;s:3:\\\"PES\\\";i:11;i:1;i:12;i:0;i:13;i:0;i:14;i:0;i:15;i:0;i:16;i:0;i:17;i:0;i:18;i:0;i:19;i:0;i:20;N;i:21;N;i:22;N;i:23;N;i:24;N;i:25;d:21624.43;i:26;d:2270.57;i:27;d:28321.07;i:28;d:5947.43;i:29;N;i:30;N;i:31;d:49945.5;i:32;i:8218;}s:28:\\\"\\u0000*\\u0000escapeWhenCastingToString\\\";b:0;}i:422;O:29:\\\"Illuminate\\\\Support\\\\Collection\\\":2:{s:8:\\\"\\u0000*\\u0000items\\\";a:33:{i:0;i:45709;i:1;i:6;i:2;i:5;i:3;i:19492;i:4;i:19492;i:5;i:96;i:6;i:1111111;i:7;N;i:8;N;i:9;d:56543.15;i:10;s:3:\\\"PES\\\";i:11;i:1;i:12;i:0;i:13;i:0;i:14;i:0;i:15;i:0;i:16;i:0;i:17;i:0;i:18;i:0;i:19;i:0;i:20;N;i:21;N;i:22;N;i:23;N;i:24;N;i:25;d:51170.27;i:26;d:5372.88;i:27;N;i:28;N;i:29;N;i:30;N;i:31;d:51170.27;i:32;d:5372.9;}s:28:\\\"\\u0000*\\u0000escapeWhenCastingToString\\\";b:0;}i:423;O:29:\\\"Illuminate\\\\Support\\\\Collection\\\":2:{s:8:\\\"\\u0000*\\u0000items\\\";a:33:{i:0;i:45709;i:1;i:6;i:2;i:5;i:3;i:19493;i:4;i:19493;i:5;i:96;i:6;i:1111111;i:7;N;i:8;N;i:9;d:23510.15;i:10;s:3:\\\"PES\\\";i:11;i:1;i:12;i:0;i:13;i:0;i:14;i:0;i:15;i:0;i:16;i:0;i:17;i:0;i:18;i:0;i:19;i:0;i:20;N;i:21;N;i:22;N;i:23;N;i:24;N;i:25;d:15799.23;i:26;d:1658.92;i:27;d:5001.65;i:28;d:1050.35;i:29;N;i:30;N;i:31;d:20800.88;i:32;d:2709.3;}s:28:\\\"\\u0000*\\u0000escapeWhenCastingToString\\\";b:0;}i:424;O:29:\\\"Illuminate\\\\Support\\\\Collection\\\":2:{s:8:\\\"\\u0000*\\u0000items\\\";a:33:{i:0;i:45709;i:1;i:6;i:2;i:5;i:3;i:19494;i:4;i:19494;i:5;i:96;i:6;i:1111111;i:7;N;i:8;N;i:9;d:102702.6;i:10;s:3:\\\"PES\\\";i:11;i:1;i:12;i:0;i:13;i:0;i:14;i:0;i:15;i:0;i:16;i:0;i:17;i:0;i:18;i:0;i:19;i:0;i:20;N;i:21;N;i:22;N;i:23;N;i:24;N;i:25;d:52221.36;i:26;d:5483.24;i:27;d:37188.43;i:28;d:7809.57;i:29;N;i:30;N;i:31;d:89409.79;i:32;d:13292.8;}s:28:\\\"\\u0000*\\u0000escapeWhenCastingToString\\\";b:0;}i:425;O:29:\\\"Illuminate\\\\Support\\\\Collection\\\":2:{s:8:\\\"\\u0000*\\u0000items\\\";a:33:{i:0;i:45709;i:1;i:6;i:2;i:5;i:3;i:19495;i:4;i:19495;i:5;i:96;i:6;i:1111111;i:7;N;i:8;N;i:9;d:14381.5;i:10;s:3:\\\"PES\\\";i:11;i:1;i:12;i:0;i:13;i:0;i:14;i:0;i:15;i:0;i:16;i:0;i:17;i:0;i:18;i:0;i:19;i:0;i:20;N;i:21;N;i:22;N;i:23;N;i:24;N;i:25;N;i:26;N;i:27;d:11885.54;i:28;d:2495.96;i:29;N;i:30;N;i:31;d:11885.54;i:32;i:2496;}s:28:\\\"\\u0000*\\u0000escapeWhenCastingToString\\\";b:0;}i:426;O:29:\\\"Illuminate\\\\Support\\\\Collection\\\":2:{s:8:\\\"\\u0000*\\u0000items\\\";a:33:{i:0;i:45709;i:1;i:6;i:2;i:5;i:3;i:19496;i:4;i:19496;i:5;i:96;i:6;i:1111111;i:7;N;i:8;N;i:9;d:21629.75;i:10;s:3:\\\"PES\\\";i:11;i:1;i:12;i:0;i:13;i:0;i:14;i:0;i:15;i:0;i:16;i:0;i:17;i:0;i:18;i:0;i:19;i:0;i:20;N;i:21;N;i:22;N;i:23;N;i:24;N;i:25;d:19574.43;i:26;d:2055.32;i:27;N;i:28;N;i:29;N;i:30;N;i:31;d:19574.43;i:32;d:2055.3;}s:28:\\\"\\u0000*\\u0000escapeWhenCastingToString\\\";b:0;}i:427;O:29:\\\"Illuminate\\\\Support\\\\Collection\\\":2:{s:8:\\\"\\u0000*\\u0000items\\\";a:33:{i:0;i:45709;i:1;i:6;i:2;i:5;i:3;i:19497;i:4;i:19497;i:5;i:96;i:6;i:1111111;i:7;N;i:8;N;i:9;d:28799.65;i:10;s:3:\\\"PES\\\";i:11;i:1;i:12;i:0;i:13;i:0;i:14;i:0;i:15;i:0;i:16;i:0;i:17;i:0;i:18;i:0;i:19;i:0;i:20;N;i:21;N;i:22;N;i:23;N;i:24;N;i:25;N;i:26;N;i:27;d:23801.37;i:28;d:4998.29;i:29;N;i:30;N;i:31;d:23801.37;i:32;d:4998.3;}s:28:\\\"\\u0000*\\u0000escapeWhenCastingToString\\\";b:0;}i:428;O:29:\\\"Illuminate\\\\Support\\\\Collection\\\":2:{s:8:\\\"\\u0000*\\u0000items\\\";a:33:{i:0;i:45709;i:1;i:6;i:2;i:5;i:3;i:19498;i:4;i:19498;i:5;i:96;i:6;i:1111111;i:7;N;i:8;N;i:9;d:9975.9;i:10;s:3:\\\"PES\\\";i:11;i:1;i:12;i:0;i:13;i:0;i:14;i:0;i:15;i:0;i:16;i:0;i:17;i:0;i:18;i:0;i:19;i:0;i:20;N;i:21;N;i:22;N;i:23;N;i:24;N;i:25;N;i:26;N;i:27;d:8244.55;i:28;d:1731.35;i:29;N;i:30;N;i:31;d:8244.55;i:32;d:1731.4;}s:28:\\\"\\u0000*\\u0000escapeWhenCastingToString\\\";b:0;}i:429;O:29:\\\"Illuminate\\\\Support\\\\Collection\\\":2:{s:8:\\\"\\u0000*\\u0000items\\\";a:33:{i:0;i:45709;i:1;i:6;i:2;i:5;i:3;i:19499;i:4;i:19499;i:5;i:96;i:6;i:1111111;i:7;N;i:8;N;i:9;d:34810.5;i:10;s:3:\\\"PES\\\";i:11;i:1;i:12;i:0;i:13;i:0;i:14;i:0;i:15;i:0;i:16;i:0;i:17;i:0;i:18;i:0;i:19;i:0;i:20;N;i:21;N;i:22;N;i:23;N;i:24;N;i:25;d:31502.71;i:26;d:3307.79;i:27;N;i:28;N;i:29;N;i:30;N;i:31;d:31502.71;i:32;d:3307.8;}s:28:\\\"\\u0000*\\u0000escapeWhenCastingToString\\\";b:0;}i:430;O:29:\\\"Illuminate\\\\Support\\\\Collection\\\":2:{s:8:\\\"\\u0000*\\u0000items\\\";a:33:{i:0;i:45709;i:1;i:6;i:2;i:5;i:3;i:19500;i:4;i:19500;i:5;i:96;i:6;i:1111111;i:7;N;i:8;N;i:9;d:39208.05;i:10;s:3:\\\"PES\\\";i:11;i:1;i:12;i:0;i:13;i:0;i:14;i:0;i:15;i:0;i:16;i:0;i:17;i:0;i:18;i:0;i:19;i:0;i:20;N;i:21;N;i:22;N;i:23;N;i:24;N;i:25;d:25704.57;i:26;d:2698.98;i:27;d:8929.34;i:28;d:1875.16;i:29;N;i:30;N;i:31;d:34633.91;i:32;d:4574.1;}s:28:\\\"\\u0000*\\u0000escapeWhenCastingToString\\\";b:0;}i:431;O:29:\\\"Illuminate\\\\Support\\\\Collection\\\":2:{s:8:\\\"\\u0000*\\u0000items\\\";a:33:{i:0;i:45709;i:1;i:6;i:2;i:5;i:3;i:19501;i:4;i:19501;i:5;i:96;i:6;i:1111111;i:7;N;i:8;N;i:9;d:40093.55;i:10;s:3:\\\"PES\\\";i:11;i:1;i:12;i:0;i:13;i:0;i:14;i:0;i:15;i:0;i:16;i:0;i:17;i:0;i:18;i:0;i:19;i:0;i:20;N;i:21;N;i:22;N;i:23;N;i:24;N;i:25;i:20390;i:26;d:2140.95;i:27;d:14514.55;i:28;d:3048.05;i:29;N;i:30;N;i:31;d:34904.55;i:32;i:5189;}s:28:\\\"\\u0000*\\u0000escapeWhenCastingToString\\\";b:0;}i:432;O:29:\\\"Illuminate\\\\Support\\\\Collection\\\":2:{s:8:\\\"\\u0000*\\u0000items\\\";a:33:{i:0;i:45709;i:1;i:6;i:2;i:5;i:3;i:19502;i:4;i:19502;i:5;i:96;i:6;i:1111111;i:7;N;i:8;N;i:9;d:17744.99;i:10;s:3:\\\"PES\\\";i:11;i:1;i:12;i:0;i:13;i:0;i:14;i:0;i:15;i:0;i:16;i:0;i:17;i:0;i:18;i:0;i:19;i:0;i:20;N;i:21;N;i:22;N;i:23;N;i:24;N;i:25;N;i:26;N;i:27;d:14665.28;i:28;d:3079.71;i:29;N;i:30;N;i:31;d:14665.28;i:32;d:3079.7;}s:28:\\\"\\u0000*\\u0000escapeWhenCastingToString\\\";b:0;}i:433;O:29:\\\"Illuminate\\\\Support\\\\Collection\\\":2:{s:8:\\\"\\u0000*\\u0000items\\\";a:33:{i:0;i:45709;i:1;i:6;i:2;i:5;i:3;i:19503;i:4;i:19503;i:5;i:96;i:6;i:1111111;i:7;N;i:8;N;i:9;d:57360.49;i:10;s:3:\\\"PES\\\";i:11;i:1;i:12;i:0;i:13;i:0;i:14;i:0;i:15;i:0;i:16;i:0;i:17;i:0;i:18;i:0;i:19;i:0;i:20;N;i:21;N;i:22;N;i:23;N;i:24;N;i:25;N;i:26;N;i:27;d:47405.37;i:28;d:9955.13;i:29;N;i:30;N;i:31;d:47405.37;i:32;d:9955.1;}s:28:\\\"\\u0000*\\u0000escapeWhenCastingToString\\\";b:0;}i:434;O:29:\\\"Illuminate\\\\Support\\\\Collection\\\":2:{s:8:\\\"\\u0000*\\u0000items\\\";a:33:{i:0;i:45709;i:1;i:6;i:2;i:5;i:3;i:19504;i:4;i:19504;i:5;i:96;i:6;i:1111111;i:7;N;i:8;N;i:9;d:19935.05;i:10;s:3:\\\"PES\\\";i:11;i:1;i:12;i:0;i:13;i:0;i:14;i:0;i:15;i:0;i:16;i:0;i:17;i:0;i:18;i:0;i:19;i:0;i:20;N;i:21;N;i:22;N;i:23;N;i:24;N;i:25;d:18040.77;i:26;d:1894.28;i:27;N;i:28;N;i:29;N;i:30;N;i:31;d:18040.77;i:32;d:1894.3;}s:28:\\\"\\u0000*\\u0000escapeWhenCastingToString\\\";b:0;}i:435;O:29:\\\"Illuminate\\\\Support\\\\Collection\\\":2:{s:8:\\\"\\u0000*\\u0000items\\\";a:33:{i:0;i:45709;i:1;i:6;i:2;i:5;i:3;i:19505;i:4;i:19505;i:5;i:96;i:6;i:1111111;i:7;N;i:8;N;i:9;d:14505.6;i:10;s:3:\\\"PES\\\";i:11;i:1;i:12;i:0;i:13;i:0;i:14;i:0;i:15;i:0;i:16;i:0;i:17;i:0;i:18;i:0;i:19;i:0;i:20;N;i:21;N;i:22;N;i:23;N;i:24;N;i:25;d:7762.99;i:26;d:815.11;i:27;d:4898.76;i:28;d:1028.74;i:29;N;i:30;N;i:31;d:12661.75;i:32;d:1843.9;}s:28:\\\"\\u0000*\\u0000escapeWhenCastingToString\\\";b:0;}i:436;O:29:\\\"Illuminate\\\\Support\\\\Collection\\\":2:{s:8:\\\"\\u0000*\\u0000items\\\";a:33:{i:0;i:45709;i:1;i:6;i:2;i:5;i:3;i:19506;i:4;i:19506;i:5;i:96;i:6;i:1111111;i:7;N;i:8;N;i:9;i:4975;i:10;s:3:\\\"PES\\\";i:11;i:1;i:12;i:0;i:13;i:0;i:14;i:0;i:15;i:0;i:16;i:0;i:17;i:0;i:18;i:0;i:19;i:0;i:20;N;i:21;N;i:22;N;i:23;N;i:24;N;i:25;N;i:26;N;i:27;d:4111.57;i:28;d:863.43;i:29;N;i:30;N;i:31;d:4111.57;i:32;d:863.4;}s:28:\\\"\\u0000*\\u0000escapeWhenCastingToString\\\";b:0;}i:437;O:29:\\\"Illuminate\\\\Support\\\\Collection\\\":2:{s:8:\\\"\\u0000*\\u0000items\\\";a:33:{i:0;i:45709;i:1;i:6;i:2;i:5;i:3;i:19507;i:4;i:19507;i:5;i:96;i:6;i:1111111;i:7;N;i:8;N;i:9;d:32433.45;i:10;s:3:\\\"PES\\\";i:11;i:1;i:12;i:0;i:13;i:0;i:14;i:0;i:15;i:0;i:16;i:0;i:17;i:0;i:18;i:0;i:19;i:0;i:20;N;i:21;N;i:22;N;i:23;N;i:24;N;i:25;d:12834.62;i:26;d:1347.63;i:27;d:15083.64;i:28;d:3167.56;i:29;N;i:30;N;i:31;d:27918.26;i:32;d:4515.2;}s:28:\\\"\\u0000*\\u0000escapeWhenCastingToString\\\";b:0;}i:438;O:29:\\\"Illuminate\\\\Support\\\\Collection\\\":2:{s:8:\\\"\\u0000*\\u0000items\\\";a:33:{i:0;i:45709;i:1;i:6;i:2;i:5;i:3;i:19508;i:4;i:19508;i:5;i:96;i:6;i:1111111;i:7;N;i:8;N;i:9;d:15432.55;i:10;s:3:\\\"PES\\\";i:11;i:1;i:12;i:0;i:13;i:0;i:14;i:0;i:15;i:0;i:16;i:0;i:17;i:0;i:18;i:0;i:19;i:0;i:20;N;i:21;N;i:22;N;i:23;N;i:24;N;i:25;N;i:26;N;i:27;d:12754.17;i:28;d:2678.38;i:29;N;i:30;N;i:31;d:12754.17;i:32;d:2678.4;}s:28:\\\"\\u0000*\\u0000escapeWhenCastingToString\\\";b:0;}i:439;O:29:\\\"Illuminate\\\\Support\\\\Collection\\\":2:{s:8:\\\"\\u0000*\\u0000items\\\";a:33:{i:0;i:45709;i:1;i:6;i:2;i:5;i:3;i:19509;i:4;i:19509;i:5;i:96;i:6;i:1111111;i:7;N;i:8;N;i:9;d:20113.5;i:10;s:3:\\\"PES\\\";i:11;i:1;i:12;i:0;i:13;i:0;i:14;i:0;i:15;i:0;i:16;i:0;i:17;i:0;i:18;i:0;i:19;i:0;i:20;N;i:21;N;i:22;N;i:23;N;i:24;N;i:25;d:18202.26;i:26;d:1911.24;i:27;N;i:28;N;i:29;N;i:30;N;i:31;d:18202.26;i:32;d:1911.2;}s:28:\\\"\\u0000*\\u0000escapeWhenCastingToString\\\";b:0;}i:440;O:29:\\\"Illuminate\\\\Support\\\\Collection\\\":2:{s:8:\\\"\\u0000*\\u0000items\\\";a:33:{i:0;i:45709;i:1;i:6;i:2;i:5;i:3;i:19510;i:4;i:19510;i:5;i:96;i:6;i:1111111;i:7;N;i:8;N;i:9;d:51693.15;i:10;s:3:\\\"PES\\\";i:11;i:1;i:12;i:0;i:13;i:0;i:14;i:0;i:15;i:0;i:16;i:0;i:17;i:0;i:18;i:0;i:19;i:0;i:20;N;i:21;N;i:22;N;i:23;N;i:24;N;i:25;d:41921.95;i:26;d:4401.8;i:27;d:4437.52;i:28;d:931.88;i:29;N;i:30;N;i:31;d:46359.47;i:32;d:5333.7;}s:28:\\\"\\u0000*\\u0000escapeWhenCastingToString\\\";b:0;}i:441;O:29:\\\"Illuminate\\\\Support\\\\Collection\\\":2:{s:8:\\\"\\u0000*\\u0000items\\\";a:33:{i:0;i:45709;i:1;i:6;i:2;i:5;i:3;i:19511;i:4;i:19511;i:5;i:96;i:6;i:1111111;i:7;N;i:8;N;i:9;d:23217.37;i:10;s:3:\\\"PES\\\";i:11;i:1;i:12;i:0;i:13;i:0;i:14;i:0;i:15;i:0;i:16;i:0;i:17;i:0;i:18;i:0;i:19;i:0;i:20;N;i:21;N;i:22;N;i:23;N;i:24;N;i:25;N;i:26;N;i:27;d:19187.91;i:28;d:4029.46;i:29;N;i:30;N;i:31;d:19187.91;i:32;d:4029.5;}s:28:\\\"\\u0000*\\u0000escapeWhenCastingToString\\\";b:0;}i:442;O:29:\\\"Illuminate\\\\Support\\\\Collection\\\":2:{s:8:\\\"\\u0000*\\u0000items\\\";a:33:{i:0;i:45709;i:1;i:6;i:2;i:5;i:3;i:19512;i:4;i:19512;i:5;i:96;i:6;i:1111111;i:7;N;i:8;N;i:9;d:44695.8;i:10;s:3:\\\"PES\\\";i:11;i:1;i:12;i:0;i:13;i:0;i:14;i:0;i:15;i:0;i:16;i:0;i:17;i:0;i:18;i:0;i:19;i:0;i:20;N;i:21;N;i:22;N;i:23;N;i:24;N;i:25;i:24910;i:26;d:2615.55;i:27;d:14190.29;i:28;d:2979.96;i:29;N;i:30;N;i:31;d:39100.29;i:32;d:5595.5;}s:28:\\\"\\u0000*\\u0000escapeWhenCastingToString\\\";b:0;}i:443;O:29:\\\"Illuminate\\\\Support\\\\Collection\\\":2:{s:8:\\\"\\u0000*\\u0000items\\\";a:33:{i:0;i:45709;i:1;i:6;i:2;i:5;i:3;i:19513;i:4;i:19513;i:5;i:96;i:6;i:1111111;i:7;N;i:8;N;i:9;d:30841.04;i:10;s:3:\\\"PES\\\";i:11;i:1;i:12;i:0;i:13;i:0;i:14;i:0;i:15;i:0;i:16;i:0;i:17;i:0;i:18;i:0;i:19;i:0;i:20;N;i:21;N;i:22;N;i:23;N;i:24;N;i:25;d:13123.85;i:26;i:1378;i:27;d:13503.46;i:28;d:2835.73;i:29;N;i:30;N;i:31;d:26627.31;i:32;d:4213.7;}s:28:\\\"\\u0000*\\u0000escapeWhenCastingToString\\\";b:0;}i:444;O:29:\\\"Illuminate\\\\Support\\\\Collection\\\":2:{s:8:\\\"\\u0000*\\u0000items\\\";a:33:{i:0;i:45709;i:1;i:6;i:2;i:5;i:3;i:19514;i:4;i:19514;i:5;i:96;i:6;i:1111111;i:7;N;i:8;N;i:9;d:25295.95;i:10;s:3:\\\"PES\\\";i:11;i:1;i:12;i:0;i:13;i:0;i:14;i:0;i:15;i:0;i:16;i:0;i:17;i:0;i:18;i:0;i:19;i:0;i:20;N;i:21;N;i:22;N;i:23;N;i:24;N;i:25;d:10882.31;i:26;d:1142.64;i:27;d:10967.77;i:28;d:2303.23;i:29;N;i:30;N;i:31;d:21850.08;i:32;d:3445.9;}s:28:\\\"\\u0000*\\u0000escapeWhenCastingToString\\\";b:0;}i:445;O:29:\\\"Illuminate\\\\Support\\\\Collection\\\":2:{s:8:\\\"\\u0000*\\u0000items\\\";a:33:{i:0;i:45709;i:1;i:6;i:2;i:5;i:3;i:19515;i:4;i:19515;i:5;i:96;i:6;i:1111111;i:7;N;i:8;N;i:9;i:4025;i:10;s:3:\\\"PES\\\";i:11;i:1;i:12;i:0;i:13;i:0;i:14;i:0;i:15;i:0;i:16;i:0;i:17;i:0;i:18;i:0;i:19;i:0;i:20;N;i:21;N;i:22;N;i:23;N;i:24;N;i:25;N;i:26;N;i:27;d:3326.45;i:28;d:698.55;i:29;N;i:30;N;i:31;d:3326.45;i:32;d:698.6;}s:28:\\\"\\u0000*\\u0000escapeWhenCastingToString\\\";b:0;}i:446;O:29:\\\"Illuminate\\\\Support\\\\Collection\\\":2:{s:8:\\\"\\u0000*\\u0000items\\\";a:33:{i:0;i:45710;i:1;i:6;i:2;i:5;i:3;i:19516;i:4;i:19516;i:5;i:96;i:6;i:1111111;i:7;N;i:8;N;i:9;d:28229.1;i:10;s:3:\\\"PES\\\";i:11;i:1;i:12;i:0;i:13;i:0;i:14;i:0;i:15;i:0;i:16;i:0;i:17;i:0;i:18;i:0;i:19;i:0;i:20;N;i:21;N;i:22;N;i:23;N;i:24;N;i:25;d:7977.47;i:26;d:837.63;i:27;d:16044.63;i:28;d:3369.37;i:29;N;i:30;N;i:31;d:24022.1;i:32;i:4207;}s:28:\\\"\\u0000*\\u0000escapeWhenCastingToString\\\";b:0;}i:447;O:29:\\\"Illuminate\\\\Support\\\\Collection\\\":2:{s:8:\\\"\\u0000*\\u0000items\\\";a:33:{i:0;i:45710;i:1;i:6;i:2;i:5;i:3;i:19517;i:4;i:19517;i:5;i:96;i:6;i:1111111;i:7;N;i:8;N;i:9;d:10426.95;i:10;s:3:\\\"PES\\\";i:11;i:1;i:12;i:0;i:13;i:0;i:14;i:0;i:15;i:0;i:16;i:0;i:17;i:0;i:18;i:0;i:19;i:0;i:20;N;i:21;N;i:22;N;i:23;N;i:24;N;i:25;d:9436.15;i:26;d:990.8;i:27;N;i:28;N;i:29;N;i:30;N;i:31;d:9436.15;i:32;d:990.8;}s:28:\\\"\\u0000*\\u0000escapeWhenCastingToString\\\";b:0;}i:448;O:29:\\\"Illuminate\\\\Support\\\\Collection\\\":2:{s:8:\\\"\\u0000*\\u0000items\\\";a:33:{i:0;i:45710;i:1;i:6;i:2;i:5;i:3;i:19518;i:4;i:19518;i:5;i:96;i:6;i:1111111;i:7;N;i:8;N;i:9;d:59216.3;i:10;s:3:\\\"PES\\\";i:11;i:1;i:12;i:0;i:13;i:0;i:14;i:0;i:15;i:0;i:16;i:0;i:17;i:0;i:18;i:0;i:19;i:0;i:20;N;i:21;N;i:22;N;i:23;N;i:24;N;i:25;d:53589.41;i:26;d:5626.89;i:27;N;i:28;N;i:29;N;i:30;N;i:31;d:53589.41;i:32;d:5626.9;}s:28:\\\"\\u0000*\\u0000escapeWhenCastingToString\\\";b:0;}i:449;O:29:\\\"Illuminate\\\\Support\\\\Collection\\\":2:{s:8:\\\"\\u0000*\\u0000items\\\";a:33:{i:0;i:45710;i:1;i:6;i:2;i:5;i:3;i:19519;i:4;i:19519;i:5;i:96;i:6;i:1111111;i:7;N;i:8;N;i:9;d:96234.85;i:10;s:3:\\\"PES\\\";i:11;i:1;i:12;i:0;i:13;i:0;i:14;i:0;i:15;i:0;i:16;i:0;i:17;i:0;i:18;i:0;i:19;i:0;i:20;N;i:21;N;i:22;N;i:23;N;i:24;N;i:25;d:73032.99;i:26;d:7668.46;i:27;d:12837.52;i:28;d:2695.88;i:29;N;i:30;N;i:31;d:85870.51;i:32;d:10364.3;}s:28:\\\"\\u0000*\\u0000escapeWhenCastingToString\\\";b:0;}i:450;O:29:\\\"Illuminate\\\\Support\\\\Collection\\\":2:{s:8:\\\"\\u0000*\\u0000items\\\";a:33:{i:0;i:45710;i:1;i:6;i:2;i:5;i:3;i:19520;i:4;i:19520;i:5;i:96;i:6;i:1111111;i:7;N;i:8;N;i:9;d:54234.05;i:10;s:3:\\\"PES\\\";i:11;i:1;i:12;i:0;i:13;i:0;i:14;i:0;i:15;i:0;i:16;i:0;i:17;i:0;i:18;i:0;i:19;i:0;i:20;N;i:21;N;i:22;N;i:23;N;i:24;N;i:25;d:49080.59;i:26;d:5153.46;i:27;N;i:28;N;i:29;N;i:30;N;i:31;d:49080.59;i:32;d:5153.5;}s:28:\\\"\\u0000*\\u0000escapeWhenCastingToString\\\";b:0;}i:451;O:29:\\\"Illuminate\\\\Support\\\\Collection\\\":2:{s:8:\\\"\\u0000*\\u0000items\\\";a:33:{i:0;i:45710;i:1;i:6;i:2;i:5;i:3;i:19521;i:4;i:19521;i:5;i:96;i:6;i:1111111;i:7;N;i:8;N;i:9;d:109221.2;i:10;s:3:\\\"PES\\\";i:11;i:1;i:12;i:0;i:13;i:0;i:14;i:0;i:15;i:0;i:16;i:0;i:17;i:0;i:18;i:0;i:19;i:0;i:20;N;i:21;N;i:22;N;i:23;N;i:24;N;i:25;i:97621;i:26;d:10250.2;i:27;d:1115.7;i:28;d:234.3;i:29;N;i:30;N;i:31;d:98736.7;i:32;d:10484.5;}s:28:\\\"\\u0000*\\u0000escapeWhenCastingToString\\\";b:0;}i:452;O:29:\\\"Illuminate\\\\Support\\\\Collection\\\":2:{s:8:\\\"\\u0000*\\u0000items\\\";a:33:{i:0;i:45710;i:1;i:6;i:2;i:5;i:3;i:19522;i:4;i:19522;i:5;i:96;i:6;i:1111111;i:7;N;i:8;N;i:9;d:23893.9;i:10;s:3:\\\"PES\\\";i:11;i:1;i:12;i:0;i:13;i:0;i:14;i:0;i:15;i:0;i:16;i:0;i:17;i:0;i:18;i:0;i:19;i:0;i:20;N;i:21;N;i:22;N;i:23;N;i:24;N;i:25;d:15582.31;i:26;d:1636.14;i:27;d:5516.9;i:28;d:1158.55;i:29;N;i:30;N;i:31;d:21099.21;i:32;d:2794.7;}s:28:\\\"\\u0000*\\u0000escapeWhenCastingToString\\\";b:0;}i:453;O:29:\\\"Illuminate\\\\Support\\\\Collection\\\":2:{s:8:\\\"\\u0000*\\u0000items\\\";a:33:{i:0;i:45710;i:1;i:6;i:2;i:5;i:3;i:19523;i:4;i:19523;i:5;i:96;i:6;i:1111111;i:7;N;i:8;N;i:9;d:16179.7;i:10;s:3:\\\"PES\\\";i:11;i:1;i:12;i:0;i:13;i:0;i:14;i:0;i:15;i:0;i:16;i:0;i:17;i:0;i:18;i:0;i:19;i:0;i:20;N;i:21;N;i:22;N;i:23;N;i:24;N;i:25;i:10140;i:26;d:1064.7;i:27;d:4111.57;i:28;d:863.43;i:29;N;i:30;N;i:31;d:14251.57;i:32;d:1928.1;}s:28:\\\"\\u0000*\\u0000escapeWhenCastingToString\\\";b:0;}i:454;O:29:\\\"Illuminate\\\\Support\\\\Collection\\\":2:{s:8:\\\"\\u0000*\\u0000items\\\";a:33:{i:0;i:45710;i:1;i:6;i:2;i:5;i:3;i:19524;i:4;i:19524;i:5;i:96;i:6;i:1111111;i:7;N;i:8;N;i:9;d:35155.5;i:10;s:3:\\\"PES\\\";i:11;i:1;i:12;i:0;i:13;i:0;i:14;i:0;i:15;i:0;i:16;i:0;i:17;i:0;i:18;i:0;i:19;i:0;i:20;N;i:21;N;i:22;N;i:23;N;i:24;N;i:25;d:31814.93;i:26;d:3340.57;i:27;N;i:28;N;i:29;N;i:30;N;i:31;d:31814.93;i:32;d:3340.6;}s:28:\\\"\\u0000*\\u0000escapeWhenCastingToString\\\";b:0;}i:455;O:29:\\\"Illuminate\\\\Support\\\\Collection\\\":2:{s:8:\\\"\\u0000*\\u0000items\\\";a:33:{i:0;i:45710;i:1;i:6;i:2;i:5;i:3;i:19525;i:4;i:19525;i:5;i:96;i:6;i:1111111;i:7;N;i:8;N;i:9;d:38575.1;i:10;s:3:\\\"PES\\\";i:11;i:1;i:12;i:0;i:13;i:0;i:14;i:0;i:15;i:0;i:16;i:0;i:17;i:0;i:18;i:0;i:19;i:0;i:20;N;i:21;N;i:22;N;i:23;N;i:24;N;i:25;d:16488.78;i:26;d:1731.32;i:27;d:16822.31;i:28;d:3532.69;i:29;N;i:30;N;i:31;d:33311.09;i:32;i:5264;}s:28:\\\"\\u0000*\\u0000escapeWhenCastingToString\\\";b:0;}i:456;O:29:\\\"Illuminate\\\\Support\\\\Collection\\\":2:{s:8:\\\"\\u0000*\\u0000items\\\";a:33:{i:0;i:45710;i:1;i:6;i:2;i:5;i:3;i:19526;i:4;i:19526;i:5;i:96;i:6;i:1111111;i:7;N;i:8;N;i:9;d:52849.15;i:10;s:3:\\\"PES\\\";i:11;i:1;i:12;i:0;i:13;i:0;i:14;i:0;i:15;i:0;i:16;i:0;i:17;i:0;i:18;i:0;i:19;i:0;i:20;N;i:21;N;i:22;N;i:23;N;i:24;N;i:25;i:23030;i:26;d:2418.15;i:27;d:22645.45;i:28;d:4755.55;i:29;N;i:30;N;i:31;d:45675.45;i:32;d:7173.7;}s:28:\\\"\\u0000*\\u0000escapeWhenCastingToString\\\";b:0;}i:457;O:29:\\\"Illuminate\\\\Support\\\\Collection\\\":2:{s:8:\\\"\\u0000*\\u0000items\\\";a:33:{i:0;i:45710;i:1;i:6;i:2;i:5;i:3;i:19527;i:4;i:19527;i:5;i:96;i:6;i:1111111;i:7;N;i:8;N;i:9;i:23209;i:10;s:3:\\\"PES\\\";i:11;i:1;i:12;i:0;i:13;i:0;i:14;i:0;i:15;i:0;i:16;i:0;i:17;i:0;i:18;i:0;i:19;i:0;i:20;N;i:21;N;i:22;N;i:23;N;i:24;N;i:25;d:9223.08;i:26;d:968.42;i:27;d:10758.26;i:28;d:2259.24;i:29;N;i:30;N;i:31;d:19981.34;i:32;d:3227.7;}s:28:\\\"\\u0000*\\u0000escapeWhenCastingToString\\\";b:0;}i:458;O:29:\\\"Illuminate\\\\Support\\\\Collection\\\":2:{s:8:\\\"\\u0000*\\u0000items\\\";a:33:{i:0;i:45710;i:1;i:6;i:2;i:5;i:3;i:19528;i:4;i:19528;i:5;i:96;i:6;i:1111111;i:7;N;i:8;N;i:9;d:57492.75;i:10;s:3:\\\"PES\\\";i:11;i:1;i:12;i:0;i:13;i:0;i:14;i:0;i:15;i:0;i:16;i:0;i:17;i:0;i:18;i:0;i:19;i:0;i:20;N;i:21;N;i:22;N;i:23;N;i:24;N;i:25;N;i:26;N;i:27;d:47514.67;i:28;d:9978.08;i:29;N;i:30;N;i:31;d:47514.67;i:32;d:9978.1;}s:28:\\\"\\u0000*\\u0000escapeWhenCastingToString\\\";b:0;}i:459;O:29:\\\"Illuminate\\\\Support\\\\Collection\\\":2:{s:8:\\\"\\u0000*\\u0000items\\\";a:33:{i:0;i:45710;i:1;i:6;i:2;i:5;i:3;i:19529;i:4;i:19529;i:5;i:96;i:6;i:1111111;i:7;N;i:8;N;i:9;i:26883;i:10;s:3:\\\"PES\\\";i:11;i:1;i:12;i:0;i:13;i:0;i:14;i:0;i:15;i:0;i:16;i:0;i:17;i:0;i:18;i:0;i:19;i:0;i:20;N;i:21;N;i:22;N;i:23;N;i:24;N;i:25;N;i:26;N;i:27;d:22217.36;i:28;d:4665.64;i:29;N;i:30;N;i:31;d:22217.36;i:32;d:4665.6;}s:28:\\\"\\u0000*\\u0000escapeWhenCastingToString\\\";b:0;}i:460;O:29:\\\"Illuminate\\\\Support\\\\Collection\\\":2:{s:8:\\\"\\u0000*\\u0000items\\\";a:33:{i:0;i:45710;i:1;i:6;i:2;i:5;i:3;i:19530;i:4;i:19530;i:5;i:96;i:6;i:1111111;i:7;N;i:8;N;i:9;d:18894.5;i:10;s:3:\\\"PES\\\";i:11;i:1;i:12;i:0;i:13;i:0;i:14;i:0;i:15;i:0;i:16;i:0;i:17;i:0;i:18;i:0;i:19;i:0;i:20;N;i:21;N;i:22;N;i:23;N;i:24;N;i:25;d:7471.04;i:26;d:784.46;i:27;d:8792.56;i:28;d:1846.44;i:29;N;i:30;N;i:31;d:16263.6;i:32;d:2630.9;}s:28:\\\"\\u0000*\\u0000escapeWhenCastingToString\\\";b:0;}i:461;O:29:\\\"Illuminate\\\\Support\\\\Collection\\\":2:{s:8:\\\"\\u0000*\\u0000items\\\";a:33:{i:0;i:45710;i:1;i:6;i:2;i:5;i:3;i:19531;i:4;i:19531;i:5;i:96;i:6;i:1111111;i:7;N;i:8;N;i:9;i:24296;i:10;s:3:\\\"PES\\\";i:11;i:1;i:12;i:0;i:13;i:0;i:14;i:0;i:15;i:0;i:16;i:0;i:17;i:0;i:18;i:0;i:19;i:0;i:20;N;i:21;N;i:22;N;i:23;N;i:24;N;i:25;d:19773.3;i:26;d:2076.2;i:27;d:2021.9;i:28;d:424.6;i:29;N;i:30;N;i:31;d:21795.2;i:32;d:2500.8;}s:28:\\\"\\u0000*\\u0000escapeWhenCastingToString\\\";b:0;}i:462;O:29:\\\"Illuminate\\\\Support\\\\Collection\\\":2:{s:8:\\\"\\u0000*\\u0000items\\\";a:33:{i:0;i:45710;i:1;i:6;i:2;i:5;i:3;i:19532;i:4;i:19532;i:5;i:96;i:6;i:1111111;i:7;N;i:8;N;i:9;d:11429.51;i:10;s:3:\\\"PES\\\";i:11;i:1;i:12;i:0;i:13;i:0;i:14;i:0;i:15;i:0;i:16;i:0;i:17;i:0;i:18;i:0;i:19;i:0;i:20;N;i:21;N;i:22;N;i:23;N;i:24;N;i:25;d:6760.77;i:26;d:709.88;i:27;d:3271.79;i:28;d:687.08;i:29;N;i:30;N;i:31;d:10032.56;i:32;i:1397;}s:28:\\\"\\u0000*\\u0000escapeWhenCastingToString\\\";b:0;}i:463;O:29:\\\"Illuminate\\\\Support\\\\Collection\\\":2:{s:8:\\\"\\u0000*\\u0000items\\\";a:33:{i:0;i:45710;i:1;i:6;i:2;i:5;i:3;i:19533;i:4;i:19533;i:5;i:96;i:6;i:1111111;i:7;N;i:8;N;i:9;d:10922.5;i:10;s:3:\\\"PES\\\";i:11;i:1;i:12;i:0;i:13;i:0;i:14;i:0;i:15;i:0;i:16;i:0;i:17;i:0;i:18;i:0;i:19;i:0;i:20;N;i:21;N;i:22;N;i:23;N;i:24;N;i:25;N;i:26;N;i:27;d:9026.86;i:28;d:1895.64;i:29;N;i:30;N;i:31;d:9026.86;i:32;d:1895.6;}s:28:\\\"\\u0000*\\u0000escapeWhenCastingToString\\\";b:0;}i:464;O:29:\\\"Illuminate\\\\Support\\\\Collection\\\":2:{s:8:\\\"\\u0000*\\u0000items\\\";a:33:{i:0;i:45710;i:1;i:6;i:2;i:5;i:3;i:19534;i:4;i:19534;i:5;i:96;i:6;i:1111111;i:7;N;i:8;N;i:9;i:47445;i:10;s:3:\\\"PES\\\";i:11;i:1;i:12;i:0;i:13;i:0;i:14;i:0;i:15;i:0;i:16;i:0;i:17;i:0;i:18;i:0;i:19;i:0;i:20;N;i:21;N;i:22;N;i:23;N;i:24;N;i:25;d:22147.65;i:26;d:2325.5;i:27;i:18985;i:28;d:3986.85;i:29;N;i:30;N;i:31;d:41132.65;i:32;d:6312.4;}s:28:\\\"\\u0000*\\u0000escapeWhenCastingToString\\\";b:0;}i:465;O:29:\\\"Illuminate\\\\Support\\\\Collection\\\":2:{s:8:\\\"\\u0000*\\u0000items\\\";a:33:{i:0;i:45710;i:1;i:6;i:2;i:5;i:3;i:19535;i:4;i:19535;i:5;i:96;i:6;i:1111111;i:7;N;i:8;N;i:9;d:38316.25;i:10;s:3:\\\"PES\\\";i:11;i:1;i:12;i:0;i:13;i:0;i:14;i:0;i:15;i:0;i:16;i:0;i:17;i:0;i:18;i:0;i:19;i:0;i:20;N;i:21;N;i:22;N;i:23;N;i:24;N;i:25;d:22737.92;i:26;d:2387.48;i:27;d:10901.53;i:28;d:2289.32;i:29;N;i:30;N;i:31;d:33639.45;i:32;d:4676.8;}s:28:\\\"\\u0000*\\u0000escapeWhenCastingToString\\\";b:0;}i:466;O:29:\\\"Illuminate\\\\Support\\\\Collection\\\":2:{s:8:\\\"\\u0000*\\u0000items\\\";a:33:{i:0;i:45710;i:1;i:6;i:2;i:5;i:3;i:19536;i:4;i:19536;i:5;i:96;i:6;i:1111111;i:7;N;i:8;N;i:9;i:14109;i:10;s:3:\\\"PES\\\";i:11;i:1;i:12;i:0;i:13;i:0;i:14;i:0;i:15;i:0;i:16;i:0;i:17;i:0;i:18;i:0;i:19;i:0;i:20;N;i:21;N;i:22;N;i:23;N;i:24;N;i:25;d:8650.68;i:26;d:908.32;i:27;d:3760.33;i:28;d:789.67;i:29;N;i:30;N;i:31;d:12411.01;i:32;i:1698;}s:28:\\\"\\u0000*\\u0000escapeWhenCastingToString\\\";b:0;}i:467;O:29:\\\"Illuminate\\\\Support\\\\Collection\\\":2:{s:8:\\\"\\u0000*\\u0000items\\\";a:33:{i:0;i:45710;i:1;i:6;i:2;i:5;i:3;i:19537;i:4;i:19537;i:5;i:96;i:6;i:1111111;i:7;N;i:8;N;i:9;d:49379.85;i:10;s:3:\\\"PES\\\";i:11;i:1;i:12;i:0;i:13;i:0;i:14;i:0;i:15;i:0;i:16;i:0;i:17;i:0;i:18;i:0;i:19;i:0;i:20;N;i:21;N;i:22;N;i:23;N;i:24;N;i:25;d:33958.37;i:26;d:3565.63;i:27;d:9798.22;i:28;d:2057.63;i:29;N;i:30;N;i:31;d:43756.59;i:32;d:5623.3;}s:28:\\\"\\u0000*\\u0000escapeWhenCastingToString\\\";b:0;}i:468;O:29:\\\"Illuminate\\\\Support\\\\Collection\\\":2:{s:8:\\\"\\u0000*\\u0000items\\\";a:33:{i:0;i:45710;i:1;i:6;i:2;i:5;i:3;i:19538;i:4;i:19538;i:5;i:96;i:6;i:1111111;i:7;N;i:8;N;i:9;d:20531.5;i:10;s:3:\\\"PES\\\";i:11;i:1;i:12;i:0;i:13;i:0;i:14;i:0;i:15;i:0;i:16;i:0;i:17;i:0;i:18;i:0;i:19;i:0;i:20;N;i:21;N;i:22;N;i:23;N;i:24;N;i:25;d:16669.23;i:26;d:1750.27;i:27;d:1745.45;i:28;d:366.55;i:29;N;i:30;N;i:31;d:18414.68;i:32;d:2116.8;}s:28:\\\"\\u0000*\\u0000escapeWhenCastingToString\\\";b:0;}i:469;O:29:\\\"Illuminate\\\\Support\\\\Collection\\\":2:{s:8:\\\"\\u0000*\\u0000items\\\";a:33:{i:0;i:45710;i:1;i:6;i:2;i:5;i:3;i:19539;i:4;i:19539;i:5;i:96;i:6;i:1111111;i:7;N;i:8;N;i:9;i:28249;i:10;s:3:\\\"PES\\\";i:11;i:1;i:12;i:0;i:13;i:0;i:14;i:0;i:15;i:0;i:16;i:0;i:17;i:0;i:18;i:0;i:19;i:0;i:20;N;i:21;N;i:22;N;i:23;N;i:24;N;i:25;d:25564.71;i:26;d:2684.29;i:27;N;i:28;N;i:29;N;i:30;N;i:31;d:25564.71;i:32;d:2684.3;}s:28:\\\"\\u0000*\\u0000escapeWhenCastingToString\\\";b:0;}i:470;O:29:\\\"Illuminate\\\\Support\\\\Collection\\\":2:{s:8:\\\"\\u0000*\\u0000items\\\";a:33:{i:0;i:45710;i:1;i:6;i:2;i:5;i:3;i:19540;i:4;i:19540;i:5;i:96;i:6;i:1111111;i:7;N;i:8;N;i:9;d:35180.85;i:10;s:3:\\\"PES\\\";i:11;i:1;i:12;i:0;i:13;i:0;i:14;i:0;i:15;i:0;i:16;i:0;i:17;i:0;i:18;i:0;i:19;i:0;i:20;N;i:21;N;i:22;N;i:23;N;i:24;N;i:25;d:16300.32;i:26;d:1711.53;i:27;d:14189.26;i:28;d:2979.74;i:29;N;i:30;N;i:31;d:30489.58;i:32;d:4691.3;}s:28:\\\"\\u0000*\\u0000escapeWhenCastingToString\\\";b:0;}i:471;O:29:\\\"Illuminate\\\\Support\\\\Collection\\\":2:{s:8:\\\"\\u0000*\\u0000items\\\";a:33:{i:0;i:45710;i:1;i:6;i:2;i:5;i:3;i:19541;i:4;i:19541;i:5;i:96;i:6;i:1111111;i:7;N;i:8;N;i:9;d:12710.45;i:10;s:3:\\\"PES\\\";i:11;i:1;i:12;i:0;i:13;i:0;i:14;i:0;i:15;i:0;i:16;i:0;i:17;i:0;i:18;i:0;i:19;i:0;i:20;N;i:21;N;i:22;N;i:23;N;i:24;N;i:25;N;i:26;N;i:27;d:10504.5;i:28;d:2205.95;i:29;N;i:30;N;i:31;d:10504.5;i:32;i:2206;}s:28:\\\"\\u0000*\\u0000escapeWhenCastingToString\\\";b:0;}i:472;O:29:\\\"Illuminate\\\\Support\\\\Collection\\\":2:{s:8:\\\"\\u0000*\\u0000items\\\";a:33:{i:0;i:45710;i:1;i:6;i:2;i:5;i:3;i:19542;i:4;i:19542;i:5;i:96;i:6;i:1111111;i:7;N;i:8;N;i:9;d:4997.85;i:10;s:3:\\\"PES\\\";i:11;i:1;i:12;i:0;i:13;i:0;i:14;i:0;i:15;i:0;i:16;i:0;i:17;i:0;i:18;i:0;i:19;i:0;i:20;N;i:21;N;i:22;N;i:23;N;i:24;N;i:25;N;i:26;N;i:27;d:4130.45;i:28;d:867.4;i:29;N;i:30;N;i:31;d:4130.45;i:32;d:867.4;}s:28:\\\"\\u0000*\\u0000escapeWhenCastingToString\\\";b:0;}i:473;O:29:\\\"Illuminate\\\\Support\\\\Collection\\\":2:{s:8:\\\"\\u0000*\\u0000items\\\";a:33:{i:0;i:45710;i:1;i:6;i:2;i:5;i:3;i:19543;i:4;i:19543;i:5;i:96;i:6;i:1111111;i:7;N;i:8;N;i:9;d:43928.55;i:10;s:3:\\\"PES\\\";i:11;i:1;i:12;i:0;i:13;i:0;i:14;i:0;i:15;i:0;i:16;i:0;i:17;i:0;i:18;i:0;i:19;i:0;i:20;N;i:21;N;i:22;N;i:23;N;i:24;N;i:25;d:22073.76;i:26;d:2317.74;i:27;d:16146.32;i:28;d:3390.73;i:29;N;i:30;N;i:31;d:38220.08;i:32;d:5708.5;}s:28:\\\"\\u0000*\\u0000escapeWhenCastingToString\\\";b:0;}i:474;O:29:\\\"Illuminate\\\\Support\\\\Collection\\\":2:{s:8:\\\"\\u0000*\\u0000items\\\";a:33:{i:0;i:45710;i:1;i:6;i:2;i:5;i:3;i:19544;i:4;i:19544;i:5;i:96;i:6;i:1111111;i:7;N;i:8;N;i:9;d:26614.15;i:10;s:3:\\\"PES\\\";i:11;i:1;i:12;i:0;i:13;i:0;i:14;i:0;i:15;i:0;i:16;i:0;i:17;i:0;i:18;i:0;i:19;i:0;i:20;N;i:21;N;i:22;N;i:23;N;i:24;N;i:25;d:18642.94;i:26;d:1957.51;i:27;i:4970;i:28;d:1043.7;i:29;N;i:30;N;i:31;d:23612.94;i:32;d:3001.2;}s:28:\\\"\\u0000*\\u0000escapeWhenCastingToString\\\";b:0;}i:475;O:29:\\\"Illuminate\\\\Support\\\\Collection\\\":2:{s:8:\\\"\\u0000*\\u0000items\\\";a:33:{i:0;i:45710;i:1;i:6;i:2;i:5;i:3;i:19545;i:4;i:19545;i:5;i:96;i:6;i:1111111;i:7;N;i:8;N;i:9;d:39305.75;i:10;s:3:\\\"PES\\\";i:11;i:1;i:12;i:0;i:13;i:0;i:14;i:0;i:15;i:0;i:16;i:0;i:17;i:0;i:18;i:0;i:19;i:0;i:20;N;i:21;N;i:22;N;i:23;N;i:24;N;i:25;d:26790.72;i:26;d:2813.03;i:27;d:8018.18;i:28;d:1683.82;i:29;N;i:30;N;i:31;d:34808.9;i:32;d:4496.9;}s:28:\\\"\\u0000*\\u0000escapeWhenCastingToString\\\";b:0;}i:476;O:29:\\\"Illuminate\\\\Support\\\\Collection\\\":2:{s:8:\\\"\\u0000*\\u0000items\\\";a:33:{i:0;i:45710;i:1;i:6;i:2;i:5;i:3;i:19546;i:4;i:19546;i:5;i:96;i:6;i:1111111;i:7;N;i:8;N;i:9;d:23039.1;i:10;s:3:\\\"PES\\\";i:11;i:1;i:12;i:0;i:13;i:0;i:14;i:0;i:15;i:0;i:16;i:0;i:17;i:0;i:18;i:0;i:19;i:0;i:20;N;i:21;N;i:22;N;i:23;N;i:24;N;i:25;d:19356.65;i:26;d:2032.45;i:27;d:1363.64;i:28;d:286.36;i:29;N;i:30;N;i:31;d:20720.29;i:32;d:2318.8;}s:28:\\\"\\u0000*\\u0000escapeWhenCastingToString\\\";b:0;}i:477;O:29:\\\"Illuminate\\\\Support\\\\Collection\\\":2:{s:8:\\\"\\u0000*\\u0000items\\\";a:33:{i:0;i:45710;i:1;i:6;i:2;i:5;i:3;i:19547;i:4;i:19547;i:5;i:96;i:6;i:1111111;i:7;N;i:8;N;i:9;d:8959.3;i:10;s:3:\\\"PES\\\";i:11;i:1;i:12;i:0;i:13;i:0;i:14;i:0;i:15;i:0;i:16;i:0;i:17;i:0;i:18;i:0;i:19;i:0;i:20;N;i:21;N;i:22;N;i:23;N;i:24;N;i:25;N;i:26;N;i:27;d:7404.38;i:28;d:1554.92;i:29;N;i:30;N;i:31;d:7404.38;i:32;d:1554.9;}s:28:\\\"\\u0000*\\u0000escapeWhenCastingToString\\\";b:0;}i:478;O:29:\\\"Illuminate\\\\Support\\\\Collection\\\":2:{s:8:\\\"\\u0000*\\u0000items\\\";a:33:{i:0;i:45710;i:1;i:6;i:2;i:5;i:3;i:19548;i:4;i:19548;i:5;i:96;i:6;i:1111111;i:7;N;i:8;N;i:9;i:4725;i:10;s:3:\\\"PES\\\";i:11;i:1;i:12;i:0;i:13;i:0;i:14;i:0;i:15;i:0;i:16;i:0;i:17;i:0;i:18;i:0;i:19;i:0;i:20;N;i:21;N;i:22;N;i:23;N;i:24;N;i:25;N;i:26;N;i:27;d:3904.96;i:28;d:820.04;i:29;N;i:30;N;i:31;d:3904.96;i:32;i:820;}s:28:\\\"\\u0000*\\u0000escapeWhenCastingToString\\\";b:0;}i:479;O:29:\\\"Illuminate\\\\Support\\\\Collection\\\":2:{s:8:\\\"\\u0000*\\u0000items\\\";a:33:{i:0;i:45710;i:1;i:6;i:2;i:5;i:3;i:19549;i:4;i:19549;i:5;i:96;i:6;i:1111111;i:7;N;i:8;N;i:9;d:49498.4;i:10;s:3:\\\"PES\\\";i:11;i:1;i:12;i:0;i:13;i:0;i:14;i:0;i:15;i:0;i:16;i:0;i:17;i:0;i:18;i:0;i:19;i:0;i:20;N;i:21;N;i:22;N;i:23;N;i:24;N;i:25;d:37372.4;i:26;d:3924.1;i:27;d:6778.43;i:28;d:1423.47;i:29;N;i:30;N;i:31;d:44150.83;i:32;d:5347.6;}s:28:\\\"\\u0000*\\u0000escapeWhenCastingToString\\\";b:0;}i:480;O:29:\\\"Illuminate\\\\Support\\\\Collection\\\":2:{s:8:\\\"\\u0000*\\u0000items\\\";a:33:{i:0;i:45710;i:1;i:6;i:2;i:5;i:3;i:19550;i:4;i:19550;i:5;i:96;i:6;i:1111111;i:7;N;i:8;N;i:9;d:30841.35;i:10;s:3:\\\"PES\\\";i:11;i:1;i:12;i:0;i:13;i:0;i:14;i:0;i:15;i:0;i:16;i:0;i:17;i:0;i:18;i:0;i:19;i:0;i:20;N;i:21;N;i:22;N;i:23;N;i:24;N;i:25;d:16956.15;i:26;d:1780.4;i:27;d:10003.97;i:28;d:2100.83;i:29;N;i:30;N;i:31;d:26960.12;i:32;d:3881.2;}s:28:\\\"\\u0000*\\u0000escapeWhenCastingToString\\\";b:0;}i:481;O:29:\\\"Illuminate\\\\Support\\\\Collection\\\":2:{s:8:\\\"\\u0000*\\u0000items\\\";a:33:{i:0;i:45710;i:1;i:6;i:2;i:5;i:3;i:19551;i:4;i:19551;i:5;i:96;i:6;i:1111111;i:7;N;i:8;N;i:9;d:23490.6;i:10;s:3:\\\"PES\\\";i:11;i:1;i:12;i:0;i:13;i:0;i:14;i:0;i:15;i:0;i:16;i:0;i:17;i:0;i:18;i:0;i:19;i:0;i:20;N;i:21;N;i:22;N;i:23;N;i:24;N;i:25;d:21258.46;i:26;d:2232.14;i:27;N;i:28;N;i:29;N;i:30;N;i:31;d:21258.46;i:32;d:2232.1;}s:28:\\\"\\u0000*\\u0000escapeWhenCastingToString\\\";b:0;}i:482;O:29:\\\"Illuminate\\\\Support\\\\Collection\\\":2:{s:8:\\\"\\u0000*\\u0000items\\\";a:33:{i:0;i:45710;i:1;i:6;i:2;i:5;i:3;i:19552;i:4;i:19552;i:5;i:96;i:6;i:1111111;i:7;N;i:8;N;i:9;d:41607.5;i:10;s:3:\\\"PES\\\";i:11;i:1;i:12;i:0;i:13;i:0;i:14;i:0;i:15;i:0;i:16;i:0;i:17;i:0;i:18;i:0;i:19;i:0;i:20;N;i:21;N;i:22;N;i:23;N;i:24;N;i:25;d:37653.85;i:26;d:3953.65;i:27;N;i:28;N;i:29;N;i:30;N;i:31;d:37653.85;i:32;d:3953.7;}s:28:\\\"\\u0000*\\u0000escapeWhenCastingToString\\\";b:0;}i:483;O:29:\\\"Illuminate\\\\Support\\\\Collection\\\":2:{s:8:\\\"\\u0000*\\u0000items\\\";a:33:{i:0;i:45710;i:1;i:6;i:2;i:5;i:3;i:19553;i:4;i:19553;i:5;i:96;i:6;i:1111111;i:7;N;i:8;N;i:9;d:18270.53;i:10;s:3:\\\"PES\\\";i:11;i:1;i:12;i:0;i:13;i:0;i:14;i:0;i:15;i:0;i:16;i:0;i:17;i:0;i:18;i:0;i:19;i:0;i:20;N;i:21;N;i:22;N;i:23;N;i:24;N;i:25;N;i:26;N;i:27;d:15099.61;i:28;d:3170.92;i:29;N;i:30;N;i:31;d:15099.61;i:32;d:3170.9;}s:28:\\\"\\u0000*\\u0000escapeWhenCastingToString\\\";b:0;}i:484;O:29:\\\"Illuminate\\\\Support\\\\Collection\\\":2:{s:8:\\\"\\u0000*\\u0000items\\\";a:33:{i:0;i:45710;i:1;i:6;i:2;i:5;i:3;i:19554;i:4;i:19554;i:5;i:96;i:6;i:1111111;i:7;N;i:8;N;i:9;d:25710.35;i:10;s:3:\\\"PES\\\";i:11;i:1;i:12;i:0;i:13;i:0;i:14;i:0;i:15;i:0;i:16;i:0;i:17;i:0;i:18;i:0;i:19;i:0;i:20;N;i:21;N;i:22;N;i:23;N;i:24;N;i:25;d:5854.48;i:26;d:614.72;i:27;d:15901.78;i:28;d:3339.37;i:29;N;i:30;N;i:31;d:21756.26;i:32;d:3954.1;}s:28:\\\"\\u0000*\\u0000escapeWhenCastingToString\\\";b:0;}i:485;O:29:\\\"Illuminate\\\\Support\\\\Collection\\\":2:{s:8:\\\"\\u0000*\\u0000items\\\";a:33:{i:0;i:45710;i:1;i:6;i:2;i:5;i:3;i:19555;i:4;i:19555;i:5;i:96;i:6;i:1111111;i:7;N;i:8;N;i:9;i:46369;i:10;s:3:\\\"PES\\\";i:11;i:1;i:12;i:0;i:13;i:0;i:14;i:0;i:15;i:0;i:16;i:0;i:17;i:0;i:18;i:0;i:19;i:0;i:20;N;i:21;N;i:22;N;i:23;N;i:24;N;i:25;d:41962.9;i:26;d:4406.1;i:27;N;i:28;N;i:29;N;i:30;N;i:31;d:41962.9;i:32;d:4406.1;}s:28:\\\"\\u0000*\\u0000escapeWhenCastingToString\\\";b:0;}i:486;O:29:\\\"Illuminate\\\\Support\\\\Collection\\\":2:{s:8:\\\"\\u0000*\\u0000items\\\";a:33:{i:0;i:45710;i:1;i:6;i:2;i:5;i:3;i:19556;i:4;i:19556;i:5;i:96;i:6;i:1111111;i:7;N;i:8;N;i:9;d:11294.5;i:10;s:3:\\\"PES\\\";i:11;i:1;i:12;i:0;i:13;i:0;i:14;i:0;i:15;i:0;i:16;i:0;i:17;i:0;i:18;i:0;i:19;i:0;i:20;N;i:21;N;i:22;N;i:23;N;i:24;N;i:25;d:10221.27;i:26;d:1073.23;i:27;N;i:28;N;i:29;N;i:30;N;i:31;d:10221.27;i:32;d:1073.2;}s:28:\\\"\\u0000*\\u0000escapeWhenCastingToString\\\";b:0;}i:487;O:29:\\\"Illuminate\\\\Support\\\\Collection\\\":2:{s:8:\\\"\\u0000*\\u0000items\\\";a:33:{i:0;i:45710;i:1;i:6;i:2;i:5;i:3;i:19557;i:4;i:19557;i:5;i:96;i:6;i:1111111;i:7;N;i:8;N;i:9;i:22593;i:10;s:3:\\\"PES\\\";i:11;i:1;i:12;i:0;i:13;i:0;i:14;i:0;i:15;i:0;i:16;i:0;i:17;i:0;i:18;i:0;i:19;i:0;i:20;N;i:21;N;i:22;N;i:23;N;i:24;N;i:25;d:20446.15;i:26;d:2146.85;i:27;N;i:28;N;i:29;N;i:30;N;i:31;d:20446.15;i:32;d:2146.9;}s:28:\\\"\\u0000*\\u0000escapeWhenCastingToString\\\";b:0;}i:488;O:29:\\\"Illuminate\\\\Support\\\\Collection\\\":2:{s:8:\\\"\\u0000*\\u0000items\\\";a:33:{i:0;i:45710;i:1;i:6;i:2;i:5;i:3;i:19558;i:4;i:19558;i:5;i:96;i:6;i:1111111;i:7;N;i:8;N;i:9;d:40722.4;i:10;s:3:\\\"PES\\\";i:11;i:1;i:12;i:0;i:13;i:0;i:14;i:0;i:15;i:0;i:16;i:0;i:17;i:0;i:18;i:0;i:19;i:0;i:20;N;i:21;N;i:22;N;i:23;N;i:24;N;i:25;d:28272.31;i:26;d:2968.59;i:27;d:7835.95;i:28;d:1645.55;i:29;N;i:30;N;i:31;d:36108.26;i:32;d:4614.1;}s:28:\\\"\\u0000*\\u0000escapeWhenCastingToString\\\";b:0;}i:489;O:29:\\\"Illuminate\\\\Support\\\\Collection\\\":2:{s:8:\\\"\\u0000*\\u0000items\\\";a:33:{i:0;i:45710;i:1;i:6;i:2;i:5;i:3;i:19559;i:4;i:19559;i:5;i:96;i:6;i:1111111;i:7;N;i:8;N;i:9;i:29955;i:10;s:3:\\\"PES\\\";i:11;i:1;i:12;i:0;i:13;i:0;i:14;i:0;i:15;i:0;i:16;i:0;i:17;i:0;i:18;i:0;i:19;i:0;i:20;N;i:21;N;i:22;N;i:23;N;i:24;N;i:25;d:8496.15;i:26;d:892.1;i:27;d:16997.31;i:28;d:3569.44;i:29;N;i:30;N;i:31;d:25493.46;i:32;d:4461.5;}s:28:\\\"\\u0000*\\u0000escapeWhenCastingToString\\\";b:0;}i:490;O:29:\\\"Illuminate\\\\Support\\\\Collection\\\":2:{s:8:\\\"\\u0000*\\u0000items\\\";a:33:{i:0;i:45710;i:1;i:6;i:2;i:5;i:3;i:19560;i:4;i:19560;i:5;i:96;i:6;i:1111111;i:7;N;i:8;N;i:9;d:5209.5;i:10;s:3:\\\"PES\\\";i:11;i:1;i:12;i:0;i:13;i:0;i:14;i:0;i:15;i:0;i:16;i:0;i:17;i:0;i:18;i:0;i:19;i:0;i:20;N;i:21;N;i:22;N;i:23;N;i:24;N;i:25;N;i:26;N;i:27;d:4305.37;i:28;d:904.13;i:29;N;i:30;N;i:31;d:4305.37;i:32;d:904.1;}s:28:\\\"\\u0000*\\u0000escapeWhenCastingToString\\\";b:0;}}s:28:\\\"\\u0000*\\u0000escapeWhenCastingToString\\\";b:0;}s:11:\\\"ReceiptType\\\";O:39:\\\"Illuminate\\\\Database\\\\Eloquent\\\\Collection\\\":2:{s:8:\\\"\\u0000*\\u0000items\\\";a:71:{i:0;O:22:\\\"App\\\\Models\\\\ReceiptType\\\":31:{s:13:\\\"\\u0000*\\u0000connection\\\";s:7:\\\"finance\\\";s:8:\\\"\\u0000*\\u0000table\\\";s:13:\\\"receipt_types\\\";s:13:\\\"\\u0000*\\u0000primaryKey\\\";s:2:\\\"id\\\";s:10:\\\"\\u0000*\\u0000keyType\\\";s:3:\\\"int\\\";s:12:\\\"incrementing\\\";b:1;s:7:\\\"\\u0000*\\u0000with\\\";a:0:{}s:12:\\\"\\u0000*\\u0000withCount\\\";a:0:{}s:19:\\\"preventsLazyLoading\\\";b:0;s:10:\\\"\\u0000*\\u0000perPage\\\";i:15;s:6:\\\"exists\\\";b:1;s:18:\\\"wasRecentlyCreated\\\";b:0;s:28:\\\"\\u0000*\\u0000escapeWhenCastingToString\\\";b:0;s:13:\\\"\\u0000*\\u0000attributes\\\";a:19:{s:2:\\\"id\\\";i:1;s:7:\\\"user_id\\\";N;s:10:\\\"created_at\\\";N;s:10:\\\"updated_at\\\";s:19:\\\"2019-07-29 22:19:32\\\";s:4:\\\"name\\\";s:9:\\\"Factura A\\\";s:4:\\\"code\\\";s:1:\\\"1\\\";s:6:\\\"credit\\\";i:0;s:17:\\\"agroup_iva_module\\\";i:1;s:16:\\\"sell_no_taxabled\\\";i:0;s:15:\\\"buy_no_taxabled\\\";i:0;s:16:\\\"iva_condition_id\\\";i:2;s:11:\\\"is_fce_pyme\\\";i:0;s:19:\\\"afip_comprobante_id\\\";i:1;s:4:\\\"tipo\\\";s:7:\\\"Factura\\\";s:5:\\\"letra\\\";s:1:\\\"A\\\";s:17:\\\"facta_electronica\\\";i:1;s:12:\\\"is_stock_lpg\\\";i:0;s:15:\\\"show_from_total\\\";i:0;s:10:\\\"deleted_at\\\";N;}s:11:\\\"\\u0000*\\u0000original\\\";a:19:{s:2:\\\"id\\\";i:1;s:7:\\\"user_id\\\";N;s:10:\\\"created_at\\\";N;s:10:\\\"updated_at\\\";s:19:\\\"2019-07-29 22:19:32\\\";s:4:\\\"name\\\";s:9:\\\"Factura A\\\";s:4:\\\"code\\\";s:1:\\\"1\\\";s:6:\\\"credit\\\";i:0;s:17:\\\"agroup_iva_module\\\";i:1;s:16:\\\"sell_no_taxabled\\\";i:0;s:15:\\\"buy_no_taxabled\\\";i:0;s:16:\\\"iva_condition_id\\\";i:2;s:11:\\\"is_fce_pyme\\\";i:0;s:19:\\\"afip_comprobante_id\\\";i:1;s:4:\\\"tipo\\\";s:7:\\\"Factura\\\";s:5:\\\"letra\\\";s:1:\\\"A\\\";s:17:\\\"facta_electronica\\\";i:1;s:12:\\\"is_stock_lpg\\\";i:0;s:15:\\\"show_from_total\\\";i:0;s:10:\\\"deleted_at\\\";N;}s:10:\\\"\\u0000*\\u0000changes\\\";a:0:{}s:8:\\\"\\u0000*\\u0000casts\\\";a:1:{s:10:\\\"deleted_at\\\";s:8:\\\"datetime\\\";}s:17:\\\"\\u0000*\\u0000classCastCache\\\";a:0:{}s:21:\\\"\\u0000*\\u0000attributeCastCache\\\";a:0:{}s:13:\\\"\\u0000*\\u0000dateFormat\\\";N;s:10:\\\"\\u0000*\\u0000appends\\\";a:0:{}s:19:\\\"\\u0000*\\u0000dispatchesEvents\\\";a:0:{}s:14:\\\"\\u0000*\\u0000observables\\\";a:0:{}s:12:\\\"\\u0000*\\u0000relations\\\";a:0:{}s:10:\\\"\\u0000*\\u0000touches\\\";a:0:{}s:10:\\\"timestamps\\\";b:1;s:13:\\\"usesUniqueIds\\\";b:0;s:9:\\\"\\u0000*\\u0000hidden\\\";a:0:{}s:10:\\\"\\u0000*\\u0000visible\\\";a:0:{}s:11:\\\"\\u0000*\\u0000fillable\\\";a:0:{}s:10:\\\"\\u0000*\\u0000guarded\\\";a:0:{}s:16:\\\"\\u0000*\\u0000forceDeleting\\\";b:0;}i:1;O:22:\\\"App\\\\Models\\\\ReceiptType\\\":31:{s:13:\\\"\\u0000*\\u0000connection\\\";s:7:\\\"finance\\\";s:8:\\\"\\u0000*\\u0000table\\\";s:13:\\\"receipt_types\\\";s:13:\\\"\\u0000*\\u0000primaryKey\\\";s:2:\\\"id\\\";s:10:\\\"\\u0000*\\u0000keyType\\\";s:3:\\\"int\\\";s:12:\\\"incrementing\\\";b:1;s:7:\\\"\\u0000*\\u0000with\\\";a:0:{}s:12:\\\"\\u0000*\\u0000withCount\\\";a:0:{}s:19:\\\"preventsLazyLoading\\\";b:0;s:10:\\\"\\u0000*\\u0000perPage\\\";i:15;s:6:\\\"exists\\\";b:1;s:18:\\\"wasRecentlyCreated\\\";b:0;s:28:\\\"\\u0000*\\u0000escapeWhenCastingToString\\\";b:0;s:13:\\\"\\u0000*\\u0000attributes\\\";a:19:{s:2:\\\"id\\\";i:2;s:7:\\\"user_id\\\";N;s:10:\\\"created_at\\\";N;s:10:\\\"updated_at\\\";s:19:\\\"2019-07-29 22:19:32\\\";s:4:\\\"name\\\";s:17:\\\"Nota de débito A\\\";s:4:\\\"code\\\";s:1:\\\"2\\\";s:6:\\\"credit\\\";i:0;s:17:\\\"agroup_iva_module\\\";i:1;s:16:\\\"sell_no_taxabled\\\";i:0;s:15:\\\"buy_no_taxabled\\\";i:0;s:16:\\\"iva_condition_id\\\";i:2;s:11:\\\"is_fce_pyme\\\";i:0;s:19:\\\"afip_comprobante_id\\\";i:2;s:4:\\\"tipo\\\";s:15:\\\"Nota de Débito\\\";s:5:\\\"letra\\\";s:1:\\\"A\\\";s:17:\\\"facta_electronica\\\";i:1;s:12:\\\"is_stock_lpg\\\";i:0;s:15:\\\"show_from_total\\\";i:0;s:10:\\\"deleted_at\\\";N;}s:11:\\\"\\u0000*\\u0000original\\\";a:19:{s:2:\\\"id\\\";i:2;s:7:\\\"user_id\\\";N;s:10:\\\"created_at\\\";N;s:10:\\\"updated_at\\\";s:19:\\\"2019-07-29 22:19:32\\\";s:4:\\\"name\\\";s:17:\\\"Nota de débito A\\\";s:4:\\\"code\\\";s:1:\\\"2\\\";s:6:\\\"credit\\\";i:0;s:17:\\\"agroup_iva_module\\\";i:1;s:16:\\\"sell_no_taxabled\\\";i:0;s:15:\\\"buy_no_taxabled\\\";i:0;s:16:\\\"iva_condition_id\\\";i:2;s:11:\\\"is_fce_pyme\\\";i:0;s:19:\\\"afip_comprobante_id\\\";i:2;s:4:\\\"tipo\\\";s:15:\\\"Nota de Débito\\\";s:5:\\\"letra\\\";s:1:\\\"A\\\";s:17:\\\"facta_electronica\\\";i:1;s:12:\\\"is_stock_lpg\\\";i:0;s:15:\\\"show_from_total\\\";i:0;s:10:\\\"deleted_at\\\";N;}s:10:\\\"\\u0000*\\u0000changes\\\";a:0:{}s:8:\\\"\\u0000*\\u0000casts\\\";a:1:{s:10:\\\"deleted_at\\\";s:8:\\\"datetime\\\";}s:17:\\\"\\u0000*\\u0000classCastCache\\\";a:0:{}s:21:\\\"\\u0000*\\u0000attributeCastCache\\\";a:0:{}s:13:\\\"\\u0000*\\u0000dateFormat\\\";N;s:10:\\\"\\u0000*\\u0000appends\\\";a:0:{}s:19:\\\"\\u0000*\\u0000dispatchesEvents\\\";a:0:{}s:14:\\\"\\u0000*\\u0000observables\\\";a:0:{}s:12:\\\"\\u0000*\\u0000relations\\\";a:0:{}s:10:\\\"\\u0000*\\u0000touches\\\";a:0:{}s:10:\\\"timestamps\\\";b:1;s:13:\\\"usesUniqueIds\\\";b:0;s:9:\\\"\\u0000*\\u0000hidden\\\";a:0:{}s:10:\\\"\\u0000*\\u0000visible\\\";a:0:{}s:11:\\\"\\u0000*\\u0000fillable\\\";a:0:{}s:10:\\\"\\u0000*\\u0000guarded\\\";a:0:{}s:16:\\\"\\u0000*\\u0000forceDeleting\\\";b:0;}i:2;O:22:\\\"App\\\\Models\\\\ReceiptType\\\":31:{s:13:\\\"\\u0000*\\u0000connection\\\";s:7:\\\"finance\\\";s:8:\\\"\\u0000*\\u0000table\\\";s:13:\\\"receipt_types\\\";s:13:\\\"\\u0000*\\u0000primaryKey\\\";s:2:\\\"id\\\";s:10:\\\"\\u0000*\\u0000keyType\\\";s:3:\\\"int\\\";s:12:\\\"incrementing\\\";b:1;s:7:\\\"\\u0000*\\u0000with\\\";a:0:{}s:12:\\\"\\u0000*\\u0000withCount\\\";a:0:{}s:19:\\\"preventsLazyLoading\\\";b:0;s:10:\\\"\\u0000*\\u0000perPage\\\";i:15;s:6:\\\"exists\\\";b:1;s:18:\\\"wasRecentlyCreated\\\";b:0;s:28:\\\"\\u0000*\\u0000escapeWhenCastingToString\\\";b:0;s:13:\\\"\\u0000*\\u0000attributes\\\";a:19:{s:2:\\\"id\\\";i:3;s:7:\\\"user_id\\\";N;s:10:\\\"created_at\\\";N;s:10:\\\"updated_at\\\";s:19:\\\"2019-07-29 22:19:32\\\";s:4:\\\"name\\\";s:18:\\\"Nota de crédito A\\\";s:4:\\\"code\\\";s:1:\\\"3\\\";s:6:\\\"credit\\\";i:1;s:17:\\\"agroup_iva_module\\\";N;s:16:\\\"sell_no_taxabled\\\";i:0;s:15:\\\"buy_no_taxabled\\\";i:0;s:16:\\\"iva_condition_id\\\";i:2;s:11:\\\"is_fce_pyme\\\";i:0;s:19:\\\"afip_comprobante_id\\\";i:3;s:4:\\\"tipo\\\";s:16:\\\"Nota de Crédito\\\";s:5:\\\"letra\\\";s:1:\\\"A\\\";s:17:\\\"facta_electronica\\\";i:1;s:12:\\\"is_stock_lpg\\\";i:0;s:15:\\\"show_from_total\\\";i:0;s:10:\\\"deleted_at\\\";N;}s:11:\\\"\\u0000*\\u0000original\\\";a:19:{s:2:\\\"id\\\";i:3;s:7:\\\"user_id\\\";N;s:10:\\\"created_at\\\";N;s:10:\\\"updated_at\\\";s:19:\\\"2019-07-29 22:19:32\\\";s:4:\\\"name\\\";s:18:\\\"Nota de crédito A\\\";s:4:\\\"code\\\";s:1:\\\"3\\\";s:6:\\\"credit\\\";i:1;s:17:\\\"agroup_iva_module\\\";N;s:16:\\\"sell_no_taxabled\\\";i:0;s:15:\\\"buy_no_taxabled\\\";i:0;s:16:\\\"iva_condition_id\\\";i:2;s:11:\\\"is_fce_pyme\\\";i:0;s:19:\\\"afip_comprobante_id\\\";i:3;s:4:\\\"tipo\\\";s:16:\\\"Nota de Crédito\\\";s:5:\\\"letra\\\";s:1:\\\"A\\\";s:17:\\\"facta_electronica\\\";i:1;s:12:\\\"is_stock_lpg\\\";i:0;s:15:\\\"show_from_total\\\";i:0;s:10:\\\"deleted_at\\\";N;}s:10:\\\"\\u0000*\\u0000changes\\\";a:0:{}s:8:\\\"\\u0000*\\u0000casts\\\";a:1:{s:10:\\\"deleted_at\\\";s:8:\\\"datetime\\\";}s:17:\\\"\\u0000*\\u0000classCastCache\\\";a:0:{}s:21:\\\"\\u0000*\\u0000attributeCastCache\\\";a:0:{}s:13:\\\"\\u0000*\\u0000dateFormat\\\";N;s:10:\\\"\\u0000*\\u0000appends\\\";a:0:{}s:19:\\\"\\u0000*\\u0000dispatchesEvents\\\";a:0:{}s:14:\\\"\\u0000*\\u0000observables\\\";a:0:{}s:12:\\\"\\u0000*\\u0000relations\\\";a:0:{}s:10:\\\"\\u0000*\\u0000touches\\\";a:0:{}s:10:\\\"timestamps\\\";b:1;s:13:\\\"usesUniqueIds\\\";b:0;s:9:\\\"\\u0000*\\u0000hidden\\\";a:0:{}s:10:\\\"\\u0000*\\u0000visible\\\";a:0:{}s:11:\\\"\\u0000*\\u0000fillable\\\";a:0:{}s:10:\\\"\\u0000*\\u0000guarded\\\";a:0:{}s:16:\\\"\\u0000*\\u0000forceDeleting\\\";b:0;}i:3;O:22:\\\"App\\\\Models\\\\ReceiptType\\\":31:{s:13:\\\"\\u0000*\\u0000connection\\\";s:7:\\\"finance\\\";s:8:\\\"\\u0000*\\u0000table\\\";s:13:\\\"receipt_types\\\";s:13:\\\"\\u0000*\\u0000primaryKey\\\";s:2:\\\"id\\\";s:10:\\\"\\u0000*\\u0000keyType\\\";s:3:\\\"int\\\";s:12:\\\"incrementing\\\";b:1;s:7:\\\"\\u0000*\\u0000with\\\";a:0:{}s:12:\\\"\\u0000*\\u0000withCount\\\";a:0:{}s:19:\\\"preventsLazyLoading\\\";b:0;s:10:\\\"\\u0000*\\u0000perPage\\\";i:15;s:6:\\\"exists\\\";b:1;s:18:\\\"wasRecentlyCreated\\\";b:0;s:28:\\\"\\u0000*\\u0000escapeWhenCastingToString\\\";b:0;s:13:\\\"\\u0000*\\u0000attributes\\\";a:19:{s:2:\\\"id\\\";i:4;s:7:\\\"user_id\\\";N;s:10:\\\"created_at\\\";N;s:10:\\\"updated_at\\\";s:19:\\\"2020-07-25 13:16:44\\\";s:4:\\\"name\\\";s:9:\\\"Factura B\\\";s:4:\\\"code\\\";s:1:\\\"6\\\";s:6:\\\"credit\\\";i:0;s:17:\\\"agroup_iva_module\\\";i:2;s:16:\\\"sell_no_taxabled\\\";i:0;s:15:\\\"buy_no_taxabled\\\";i:1;s:16:\\\"iva_condition_id\\\";i:2;s:11:\\\"is_fce_pyme\\\";i:0;s:19:\\\"afip_comprobante_id\\\";i:6;s:4:\\\"tipo\\\";s:7:\\\"Factura\\\";s:5:\\\"letra\\\";s:1:\\\"B\\\";s:17:\\\"facta_electronica\\\";i:1;s:12:\\\"is_stock_lpg\\\";i:0;s:15:\\\"show_from_total\\\";i:1;s:10:\\\"deleted_at\\\";N;}s:11:\\\"\\u0000*\\u0000original\\\";a:19:{s:2:\\\"id\\\";i:4;s:7:\\\"user_id\\\";N;s:10:\\\"created_at\\\";N;s:10:\\\"updated_at\\\";s:19:\\\"2020-07-25 13:16:44\\\";s:4:\\\"name\\\";s:9:\\\"Factura B\\\";s:4:\\\"code\\\";s:1:\\\"6\\\";s:6:\\\"credit\\\";i:0;s:17:\\\"agroup_iva_module\\\";i:2;s:16:\\\"sell_no_taxabled\\\";i:0;s:15:\\\"buy_no_taxabled\\\";i:1;s:16:\\\"iva_condition_id\\\";i:2;s:11:\\\"is_fce_pyme\\\";i:0;s:19:\\\"afip_comprobante_id\\\";i:6;s:4:\\\"tipo\\\";s:7:\\\"Factura\\\";s:5:\\\"letra\\\";s:1:\\\"B\\\";s:17:\\\"facta_electronica\\\";i:1;s:12:\\\"is_stock_lpg\\\";i:0;s:15:\\\"show_from_total\\\";i:1;s:10:\\\"deleted_at\\\";N;}s:10:\\\"\\u0000*\\u0000changes\\\";a:0:{}s:8:\\\"\\u0000*\\u0000casts\\\";a:1:{s:10:\\\"deleted_at\\\";s:8:\\\"datetime\\\";}s:17:\\\"\\u0000*\\u0000classCastCache\\\";a:0:{}s:21:\\\"\\u0000*\\u0000attributeCastCache\\\";a:0:{}s:13:\\\"\\u0000*\\u0000dateFormat\\\";N;s:10:\\\"\\u0000*\\u0000appends\\\";a:0:{}s:19:\\\"\\u0000*\\u0000dispatchesEvents\\\";a:0:{}s:14:\\\"\\u0000*\\u0000observables\\\";a:0:{}s:12:\\\"\\u0000*\\u0000relations\\\";a:0:{}s:10:\\\"\\u0000*\\u0000touches\\\";a:0:{}s:10:\\\"timestamps\\\";b:1;s:13:\\\"usesUniqueIds\\\";b:0;s:9:\\\"\\u0000*\\u0000hidden\\\";a:0:{}s:10:\\\"\\u0000*\\u0000visible\\\";a:0:{}s:11:\\\"\\u0000*\\u0000fillable\\\";a:0:{}s:10:\\\"\\u0000*\\u0000guarded\\\";a:0:{}s:16:\\\"\\u0000*\\u0000forceDeleting\\\";b:0;}i:4;O:22:\\\"App\\\\Models\\\\ReceiptType\\\":31:{s:13:\\\"\\u0000*\\u0000connection\\\";s:7:\\\"finance\\\";s:8:\\\"\\u0000*\\u0000table\\\";s:13:\\\"receipt_types\\\";s:13:\\\"\\u0000*\\u0000primaryKey\\\";s:2:\\\"id\\\";s:10:\\\"\\u0000*\\u0000keyType\\\";s:3:\\\"int\\\";s:12:\\\"incrementing\\\";b:1;s:7:\\\"\\u0000*\\u0000with\\\";a:0:{}s:12:\\\"\\u0000*\\u0000withCount\\\";a:0:{}s:19:\\\"preventsLazyLoading\\\";b:0;s:10:\\\"\\u0000*\\u0000perPage\\\";i:15;s:6:\\\"exists\\\";b:1;s:18:\\\"wasRecentlyCreated\\\";b:0;s:28:\\\"\\u0000*\\u0000escapeWhenCastingToString\\\";b:0;s:13:\\\"\\u0000*\\u0000attributes\\\";a:19:{s:2:\\\"id\\\";i:5;s:7:\\\"user_id\\\";N;s:10:\\\"created_at\\\";N;s:10:\\\"updated_at\\\";s:19:\\\"2020-07-25 13:16:44\\\";s:4:\\\"name\\\";s:17:\\\"Nota de débito B\\\";s:4:\\\"code\\\";s:1:\\\"7\\\";s:6:\\\"credit\\\";i:0;s:17:\\\"agroup_iva_module\\\";i:2;s:16:\\\"sell_no_taxabled\\\";i:0;s:15:\\\"buy_no_taxabled\\\";i:1;s:16:\\\"iva_condition_id\\\";i:2;s:11:\\\"is_fce_pyme\\\";i:0;s:19:\\\"afip_comprobante_id\\\";i:7;s:4:\\\"tipo\\\";s:15:\\\"Nota de Débito\\\";s:5:\\\"letra\\\";s:1:\\\"B\\\";s:17:\\\"facta_electronica\\\";i:1;s:12:\\\"is_stock_lpg\\\";i:0;s:15:\\\"show_from_total\\\";i:1;s:10:\\\"deleted_at\\\";N;}s:11:\\\"\\u0000*\\u0000original\\\";a:19:{s:2:\\\"id\\\";i:5;s:7:\\\"user_id\\\";N;s:10:\\\"created_at\\\";N;s:10:\\\"updated_at\\\";s:19:\\\"2020-07-25 13:16:44\\\";s:4:\\\"name\\\";s:17:\\\"Nota de débito B\\\";s:4:\\\"code\\\";s:1:\\\"7\\\";s:6:\\\"credit\\\";i:0;s:17:\\\"agroup_iva_module\\\";i:2;s:16:\\\"sell_no_taxabled\\\";i:0;s:15:\\\"buy_no_taxabled\\\";i:1;s:16:\\\"iva_condition_id\\\";i:2;s:11:\\\"is_fce_pyme\\\";i:0;s:19:\\\"afip_comprobante_id\\\";i:7;s:4:\\\"tipo\\\";s:15:\\\"Nota de Débito\\\";s:5:\\\"letra\\\";s:1:\\\"B\\\";s:17:\\\"facta_electronica\\\";i:1;s:12:\\\"is_stock_lpg\\\";i:0;s:15:\\\"show_from_total\\\";i:1;s:10:\\\"deleted_at\\\";N;}s:10:\\\"\\u0000*\\u0000changes\\\";a:0:{}s:8:\\\"\\u0000*\\u0000casts\\\";a:1:{s:10:\\\"deleted_at\\\";s:8:\\\"datetime\\\";}s:17:\\\"\\u0000*\\u0000classCastCache\\\";a:0:{}s:21:\\\"\\u0000*\\u0000attributeCastCache\\\";a:0:{}s:13:\\\"\\u0000*\\u0000dateFormat\\\";N;s:10:\\\"\\u0000*\\u0000appends\\\";a:0:{}s:19:\\\"\\u0000*\\u0000dispatchesEvents\\\";a:0:{}s:14:\\\"\\u0000*\\u0000observables\\\";a:0:{}s:12:\\\"\\u0000*\\u0000relations\\\";a:0:{}s:10:\\\"\\u0000*\\u0000touches\\\";a:0:{}s:10:\\\"timestamps\\\";b:1;s:13:\\\"usesUniqueIds\\\";b:0;s:9:\\\"\\u0000*\\u0000hidden\\\";a:0:{}s:10:\\\"\\u0000*\\u0000visible\\\";a:0:{}s:11:\\\"\\u0000*\\u0000fillable\\\";a:0:{}s:10:\\\"\\u0000*\\u0000guarded\\\";a:0:{}s:16:\\\"\\u0000*\\u0000forceDeleting\\\";b:0;}i:5;O:22:\\\"App\\\\Models\\\\ReceiptType\\\":31:{s:13:\\\"\\u0000*\\u0000connection\\\";s:7:\\\"finance\\\";s:8:\\\"\\u0000*\\u0000table\\\";s:13:\\\"receipt_types\\\";s:13:\\\"\\u0000*\\u0000primaryKey\\\";s:2:\\\"id\\\";s:10:\\\"\\u0000*\\u0000keyType\\\";s:3:\\\"int\\\";s:12:\\\"incrementing\\\";b:1;s:7:\\\"\\u0000*\\u0000with\\\";a:0:{}s:12:\\\"\\u0000*\\u0000withCount\\\";a:0:{}s:19:\\\"preventsLazyLoading\\\";b:0;s:10:\\\"\\u0000*\\u0000perPage\\\";i:15;s:6:\\\"exists\\\";b:1;s:18:\\\"wasRecentlyCreated\\\";b:0;s:28:\\\"\\u0000*\\u0000escapeWhenCastingToString\\\";b:0;s:13:\\\"\\u0000*\\u0000attributes\\\";a:19:{s:2:\\\"id\\\";i:6;s:7:\\\"user_id\\\";N;s:10:\\\"created_at\\\";N;s:10:\\\"updated_at\\\";s:19:\\\"2020-07-25 13:16:44\\\";s:4:\\\"name\\\";s:18:\\\"Nota de crédito B\\\";s:4:\\\"code\\\";s:1:\\\"8\\\";s:6:\\\"credit\\\";i:1;s:17:\\\"agroup_iva_module\\\";N;s:16:\\\"sell_no_taxabled\\\";i:0;s:15:\\\"buy_no_taxabled\\\";i:1;s:16:\\\"iva_condition_id\\\";i:2;s:11:\\\"is_fce_pyme\\\";i:0;s:19:\\\"afip_comprobante_id\\\";i:8;s:4:\\\"tipo\\\";s:16:\\\"Nota de Crédito\\\";s:5:\\\"letra\\\";s:1:\\\"B\\\";s:17:\\\"facta_electronica\\\";i:1;s:12:\\\"is_stock_lpg\\\";i:0;s:15:\\\"show_from_total\\\";i:1;s:10:\\\"deleted_at\\\";N;}s:11:\\\"\\u0000*\\u0000original\\\";a:19:{s:2:\\\"id\\\";i:6;s:7:\\\"user_id\\\";N;s:10:\\\"created_at\\\";N;s:10:\\\"updated_at\\\";s:19:\\\"2020-07-25 13:16:44\\\";s:4:\\\"name\\\";s:18:\\\"Nota de crédito B\\\";s:4:\\\"code\\\";s:1:\\\"8\\\";s:6:\\\"credit\\\";i:1;s:17:\\\"agroup_iva_module\\\";N;s:16:\\\"sell_no_taxabled\\\";i:0;s:15:\\\"buy_no_taxabled\\\";i:1;s:16:\\\"iva_condition_id\\\";i:2;s:11:\\\"is_fce_pyme\\\";i:0;s:19:\\\"afip_comprobante_id\\\";i:8;s:4:\\\"tipo\\\";s:16:\\\"Nota de Crédito\\\";s:5:\\\"letra\\\";s:1:\\\"B\\\";s:17:\\\"facta_electronica\\\";i:1;s:12:\\\"is_stock_lpg\\\";i:0;s:15:\\\"show_from_total\\\";i:1;s:10:\\\"deleted_at\\\";N;}s:10:\\\"\\u0000*\\u0000changes\\\";a:0:{}s:8:\\\"\\u0000*\\u0000casts\\\";a:1:{s:10:\\\"deleted_at\\\";s:8:\\\"datetime\\\";}s:17:\\\"\\u0000*\\u0000classCastCache\\\";a:0:{}s:21:\\\"\\u0000*\\u0000attributeCastCache\\\";a:0:{}s:13:\\\"\\u0000*\\u0000dateFormat\\\";N;s:10:\\\"\\u0000*\\u0000appends\\\";a:0:{}s:19:\\\"\\u0000*\\u0000dispatchesEvents\\\";a:0:{}s:14:\\\"\\u0000*\\u0000observables\\\";a:0:{}s:12:\\\"\\u0000*\\u0000relations\\\";a:0:{}s:10:\\\"\\u0000*\\u0000touches\\\";a:0:{}s:10:\\\"timestamps\\\";b:1;s:13:\\\"usesUniqueIds\\\";b:0;s:9:\\\"\\u0000*\\u0000hidden\\\";a:0:{}s:10:\\\"\\u0000*\\u0000visible\\\";a:0:{}s:11:\\\"\\u0000*\\u0000fillable\\\";a:0:{}s:10:\\\"\\u0000*\\u0000guarded\\\";a:0:{}s:16:\\\"\\u0000*\\u0000forceDeleting\\\";b:0;}i:6;O:22:\\\"App\\\\Models\\\\ReceiptType\\\":31:{s:13:\\\"\\u0000*\\u0000connection\\\";s:7:\\\"finance\\\";s:8:\\\"\\u0000*\\u0000table\\\";s:13:\\\"receipt_types\\\";s:13:\\\"\\u0000*\\u0000primaryKey\\\";s:2:\\\"id\\\";s:10:\\\"\\u0000*\\u0000keyType\\\";s:3:\\\"int\\\";s:12:\\\"incrementing\\\";b:1;s:7:\\\"\\u0000*\\u0000with\\\";a:0:{}s:12:\\\"\\u0000*\\u0000withCount\\\";a:0:{}s:19:\\\"preventsLazyLoading\\\";b:0;s:10:\\\"\\u0000*\\u0000perPage\\\";i:15;s:6:\\\"exists\\\";b:1;s:18:\\\"wasRecentlyCreated\\\";b:0;s:28:\\\"\\u0000*\\u0000escapeWhenCastingToString\\\";b:0;s:13:\\\"\\u0000*\\u0000attributes\\\";a:19:{s:2:\\\"id\\\";i:7;s:7:\\\"user_id\\\";N;s:10:\\\"created_at\\\";N;s:10:\\\"updated_at\\\";s:19:\\\"2019-07-29 22:19:32\\\";s:4:\\\"name\\\";s:9:\\\"Factura C\\\";s:4:\\\"code\\\";s:2:\\\"11\\\";s:6:\\\"credit\\\";i:0;s:17:\\\"agroup_iva_module\\\";i:0;s:16:\\\"sell_no_taxabled\\\";i:1;s:15:\\\"buy_no_taxabled\\\";i:1;s:16:\\\"iva_condition_id\\\";i:1;s:11:\\\"is_fce_pyme\\\";i:0;s:19:\\\"afip_comprobante_id\\\";i:11;s:4:\\\"tipo\\\";s:7:\\\"Factura\\\";s:5:\\\"letra\\\";s:1:\\\"C\\\";s:17:\\\"facta_electronica\\\";i:1;s:12:\\\"is_stock_lpg\\\";i:0;s:15:\\\"show_from_total\\\";i:0;s:10:\\\"deleted_at\\\";N;}s:11:\\\"\\u0000*\\u0000original\\\";a:19:{s:2:\\\"id\\\";i:7;s:7:\\\"user_id\\\";N;s:10:\\\"created_at\\\";N;s:10:\\\"updated_at\\\";s:19:\\\"2019-07-29 22:19:32\\\";s:4:\\\"name\\\";s:9:\\\"Factura C\\\";s:4:\\\"code\\\";s:2:\\\"11\\\";s:6:\\\"credit\\\";i:0;s:17:\\\"agroup_iva_module\\\";i:0;s:16:\\\"sell_no_taxabled\\\";i:1;s:15:\\\"buy_no_taxabled\\\";i:1;s:16:\\\"iva_condition_id\\\";i:1;s:11:\\\"is_fce_pyme\\\";i:0;s:19:\\\"afip_comprobante_id\\\";i:11;s:4:\\\"tipo\\\";s:7:\\\"Factura\\\";s:5:\\\"letra\\\";s:1:\\\"C\\\";s:17:\\\"facta_electronica\\\";i:1;s:12:\\\"is_stock_lpg\\\";i:0;s:15:\\\"show_from_total\\\";i:0;s:10:\\\"deleted_at\\\";N;}s:10:\\\"\\u0000*\\u0000changes\\\";a:0:{}s:8:\\\"\\u0000*\\u0000casts\\\";a:1:{s:10:\\\"deleted_at\\\";s:8:\\\"datetime\\\";}s:17:\\\"\\u0000*\\u0000classCastCache\\\";a:0:{}s:21:\\\"\\u0000*\\u0000attributeCastCache\\\";a:0:{}s:13:\\\"\\u0000*\\u0000dateFormat\\\";N;s:10:\\\"\\u0000*\\u0000appends\\\";a:0:{}s:19:\\\"\\u0000*\\u0000dispatchesEvents\\\";a:0:{}s:14:\\\"\\u0000*\\u0000observables\\\";a:0:{}s:12:\\\"\\u0000*\\u0000relations\\\";a:0:{}s:10:\\\"\\u0000*\\u0000touches\\\";a:0:{}s:10:\\\"timestamps\\\";b:1;s:13:\\\"usesUniqueIds\\\";b:0;s:9:\\\"\\u0000*\\u0000hidden\\\";a:0:{}s:10:\\\"\\u0000*\\u0000visible\\\";a:0:{}s:11:\\\"\\u0000*\\u0000fillable\\\";a:0:{}s:10:\\\"\\u0000*\\u0000guarded\\\";a:0:{}s:16:\\\"\\u0000*\\u0000forceDeleting\\\";b:0;}i:7;O:22:\\\"App\\\\Models\\\\ReceiptType\\\":31:{s:13:\\\"\\u0000*\\u0000connection\\\";s:7:\\\"finance\\\";s:8:\\\"\\u0000*\\u0000table\\\";s:13:\\\"receipt_types\\\";s:13:\\\"\\u0000*\\u0000primaryKey\\\";s:2:\\\"id\\\";s:10:\\\"\\u0000*\\u0000keyType\\\";s:3:\\\"int\\\";s:12:\\\"incrementing\\\";b:1;s:7:\\\"\\u0000*\\u0000with\\\";a:0:{}s:12:\\\"\\u0000*\\u0000withCount\\\";a:0:{}s:19:\\\"preventsLazyLoading\\\";b:0;s:10:\\\"\\u0000*\\u0000perPage\\\";i:15;s:6:\\\"exists\\\";b:1;s:18:\\\"wasRecentlyCreated\\\";b:0;s:28:\\\"\\u0000*\\u0000escapeWhenCastingToString\\\";b:0;s:13:\\\"\\u0000*\\u0000attributes\\\";a:19:{s:2:\\\"id\\\";i:8;s:7:\\\"user_id\\\";N;s:10:\\\"created_at\\\";N;s:10:\\\"updated_at\\\";s:19:\\\"2019-07-29 22:19:32\\\";s:4:\\\"name\\\";s:17:\\\"Nota de débito C\\\";s:4:\\\"code\\\";s:2:\\\"12\\\";s:6:\\\"credit\\\";i:0;s:17:\\\"agroup_iva_module\\\";i:0;s:16:\\\"sell_no_taxabled\\\";i:1;s:15:\\\"buy_no_taxabled\\\";i:1;s:16:\\\"iva_condition_id\\\";i:1;s:11:\\\"is_fce_pyme\\\";i:0;s:19:\\\"afip_comprobante_id\\\";i:12;s:4:\\\"tipo\\\";s:15:\\\"Nota de Débito\\\";s:5:\\\"letra\\\";s:1:\\\"C\\\";s:17:\\\"facta_electronica\\\";i:1;s:12:\\\"is_stock_lpg\\\";i:0;s:15:\\\"show_from_total\\\";i:0;s:10:\\\"deleted_at\\\";N;}s:11:\\\"\\u0000*\\u0000original\\\";a:19:{s:2:\\\"id\\\";i:8;s:7:\\\"user_id\\\";N;s:10:\\\"created_at\\\";N;s:10:\\\"updated_at\\\";s:19:\\\"2019-07-29 22:19:32\\\";s:4:\\\"name\\\";s:17:\\\"Nota de débito C\\\";s:4:\\\"code\\\";s:2:\\\"12\\\";s:6:\\\"credit\\\";i:0;s:17:\\\"agroup_iva_module\\\";i:0;s:16:\\\"sell_no_taxabled\\\";i:1;s:15:\\\"buy_no_taxabled\\\";i:1;s:16:\\\"iva_condition_id\\\";i:1;s:11:\\\"is_fce_pyme\\\";i:0;s:19:\\\"afip_comprobante_id\\\";i:12;s:4:\\\"tipo\\\";s:15:\\\"Nota de Débito\\\";s:5:\\\"letra\\\";s:1:\\\"C\\\";s:17:\\\"facta_electronica\\\";i:1;s:12:\\\"is_stock_lpg\\\";i:0;s:15:\\\"show_from_total\\\";i:0;s:10:\\\"deleted_at\\\";N;}s:10:\\\"\\u0000*\\u0000changes\\\";a:0:{}s:8:\\\"\\u0000*\\u0000casts\\\";a:1:{s:10:\\\"deleted_at\\\";s:8:\\\"datetime\\\";}s:17:\\\"\\u0000*\\u0000classCastCache\\\";a:0:{}s:21:\\\"\\u0000*\\u0000attributeCastCache\\\";a:0:{}s:13:\\\"\\u0000*\\u0000dateFormat\\\";N;s:10:\\\"\\u0000*\\u0000appends\\\";a:0:{}s:19:\\\"\\u0000*\\u0000dispatchesEvents\\\";a:0:{}s:14:\\\"\\u0000*\\u0000observables\\\";a:0:{}s:12:\\\"\\u0000*\\u0000relations\\\";a:0:{}s:10:\\\"\\u0000*\\u0000touches\\\";a:0:{}s:10:\\\"timestamps\\\";b:1;s:13:\\\"usesUniqueIds\\\";b:0;s:9:\\\"\\u0000*\\u0000hidden\\\";a:0:{}s:10:\\\"\\u0000*\\u0000visible\\\";a:0:{}s:11:\\\"\\u0000*\\u0000fillable\\\";a:0:{}s:10:\\\"\\u0000*\\u0000guarded\\\";a:0:{}s:16:\\\"\\u0000*\\u0000forceDeleting\\\";b:0;}i:8;O:22:\\\"App\\\\Models\\\\ReceiptType\\\":31:{s:13:\\\"\\u0000*\\u0000connection\\\";s:7:\\\"finance\\\";s:8:\\\"\\u0000*\\u0000table\\\";s:13:\\\"receipt_types\\\";s:13:\\\"\\u0000*\\u0000primaryKey\\\";s:2:\\\"id\\\";s:10:\\\"\\u0000*\\u0000keyType\\\";s:3:\\\"int\\\";s:12:\\\"incrementing\\\";b:1;s:7:\\\"\\u0000*\\u0000with\\\";a:0:{}s:12:\\\"\\u0000*\\u0000withCount\\\";a:0:{}s:19:\\\"preventsLazyLoading\\\";b:0;s:10:\\\"\\u0000*\\u0000perPage\\\";i:15;s:6:\\\"exists\\\";b:1;s:18:\\\"wasRecentlyCreated\\\";b:0;s:28:\\\"\\u0000*\\u0000escapeWhenCastingToString\\\";b:0;s:13:\\\"\\u0000*\\u0000attributes\\\";a:19:{s:2:\\\"id\\\";i:9;s:7:\\\"user_id\\\";N;s:10:\\\"created_at\\\";N;s:10:\\\"updated_at\\\";s:19:\\\"2019-07-29 22:19:32\\\";s:4:\\\"name\\\";s:18:\\\"Nota de crédito C\\\";s:4:\\\"code\\\";s:2:\\\"13\\\";s:6:\\\"credit\\\";i:1;s:17:\\\"agroup_iva_module\\\";N;s:16:\\\"sell_no_taxabled\\\";i:1;s:15:\\\"buy_no_taxabled\\\";i:1;s:16:\\\"iva_condition_id\\\";i:1;s:11:\\\"is_fce_pyme\\\";i:0;s:19:\\\"afip_comprobante_id\\\";i:13;s:4:\\\"tipo\\\";s:16:\\\"Nota de Crédito\\\";s:5:\\\"letra\\\";s:1:\\\"C\\\";s:17:\\\"facta_electronica\\\";i:1;s:12:\\\"is_stock_lpg\\\";i:0;s:15:\\\"show_from_total\\\";i:0;s:10:\\\"deleted_at\\\";N;}s:11:\\\"\\u0000*\\u0000original\\\";a:19:{s:2:\\\"id\\\";i:9;s:7:\\\"user_id\\\";N;s:10:\\\"created_at\\\";N;s:10:\\\"updated_at\\\";s:19:\\\"2019-07-29 22:19:32\\\";s:4:\\\"name\\\";s:18:\\\"Nota de crédito C\\\";s:4:\\\"code\\\";s:2:\\\"13\\\";s:6:\\\"credit\\\";i:1;s:17:\\\"agroup_iva_module\\\";N;s:16:\\\"sell_no_taxabled\\\";i:1;s:15:\\\"buy_no_taxabled\\\";i:1;s:16:\\\"iva_condition_id\\\";i:1;s:11:\\\"is_fce_pyme\\\";i:0;s:19:\\\"afip_comprobante_id\\\";i:13;s:4:\\\"tipo\\\";s:16:\\\"Nota de Crédito\\\";s:5:\\\"letra\\\";s:1:\\\"C\\\";s:17:\\\"facta_electronica\\\";i:1;s:12:\\\"is_stock_lpg\\\";i:0;s:15:\\\"show_from_total\\\";i:0;s:10:\\\"deleted_at\\\";N;}s:10:\\\"\\u0000*\\u0000changes\\\";a:0:{}s:8:\\\"\\u0000*\\u0000casts\\\";a:1:{s:10:\\\"deleted_at\\\";s:8:\\\"datetime\\\";}s:17:\\\"\\u0000*\\u0000classCastCache\\\";a:0:{}s:21:\\\"\\u0000*\\u0000attributeCastCache\\\";a:0:{}s:13:\\\"\\u0000*\\u0000dateFormat\\\";N;s:10:\\\"\\u0000*\\u0000appends\\\";a:0:{}s:19:\\\"\\u0000*\\u0000dispatchesEvents\\\";a:0:{}s:14:\\\"\\u0000*\\u0000observables\\\";a:0:{}s:12:\\\"\\u0000*\\u0000relations\\\";a:0:{}s:10:\\\"\\u0000*\\u0000touches\\\";a:0:{}s:10:\\\"timestamps\\\";b:1;s:13:\\\"usesUniqueIds\\\";b:0;s:9:\\\"\\u0000*\\u0000hidden\\\";a:0:{}s:10:\\\"\\u0000*\\u0000visible\\\";a:0:{}s:11:\\\"\\u0000*\\u0000fillable\\\";a:0:{}s:10:\\\"\\u0000*\\u0000guarded\\\";a:0:{}s:16:\\\"\\u0000*\\u0000forceDeleting\\\";b:0;}i:9;O:22:\\\"App\\\\Models\\\\ReceiptType\\\":31:{s:13:\\\"\\u0000*\\u0000connection\\\";s:7:\\\"finance\\\";s:8:\\\"\\u0000*\\u0000table\\\";s:13:\\\"receipt_types\\\";s:13:\\\"\\u0000*\\u0000primaryKey\\\";s:2:\\\"id\\\";s:10:\\\"\\u0000*\\u0000keyType\\\";s:3:\\\"int\\\";s:12:\\\"incrementing\\\";b:1;s:7:\\\"\\u0000*\\u0000with\\\";a:0:{}s:12:\\\"\\u0000*\\u0000withCount\\\";a:0:{}s:19:\\\"preventsLazyLoading\\\";b:0;s:10:\\\"\\u0000*\\u0000perPage\\\";i:15;s:6:\\\"exists\\\";b:1;s:18:\\\"wasRecentlyCreated\\\";b:0;s:28:\\\"\\u0000*\\u0000escapeWhenCastingToString\\\";b:0;s:13:\\\"\\u0000*\\u0000attributes\\\";a:19:{s:2:\\\"id\\\";i:10;s:7:\\\"user_id\\\";N;s:10:\\\"created_at\\\";N;s:10:\\\"updated_at\\\";N;s:4:\\\"name\\\";s:8:\\\"RECIBO A\\\";s:4:\\\"code\\\";s:1:\\\"4\\\";s:6:\\\"credit\\\";i:0;s:17:\\\"agroup_iva_module\\\";i:1;s:16:\\\"sell_no_taxabled\\\";i:0;s:15:\\\"buy_no_taxabled\\\";i:0;s:16:\\\"iva_condition_id\\\";i:2;s:11:\\\"is_fce_pyme\\\";i:0;s:19:\\\"afip_comprobante_id\\\";i:4;s:4:\\\"tipo\\\";s:6:\\\"RECIBO\\\";s:5:\\\"letra\\\";s:1:\\\"A\\\";s:17:\\\"facta_electronica\\\";i:0;s:12:\\\"is_stock_lpg\\\";i:0;s:15:\\\"show_from_total\\\";i:0;s:10:\\\"deleted_at\\\";N;}s:11:\\\"\\u0000*\\u0000original\\\";a:19:{s:2:\\\"id\\\";i:10;s:7:\\\"user_id\\\";N;s:10:\\\"created_at\\\";N;s:10:\\\"updated_at\\\";N;s:4:\\\"name\\\";s:8:\\\"RECIBO A\\\";s:4:\\\"code\\\";s:1:\\\"4\\\";s:6:\\\"credit\\\";i:0;s:17:\\\"agroup_iva_module\\\";i:1;s:16:\\\"sell_no_taxabled\\\";i:0;s:15:\\\"buy_no_taxabled\\\";i:0;s:16:\\\"iva_condition_id\\\";i:2;s:11:\\\"is_fce_pyme\\\";i:0;s:19:\\\"afip_comprobante_id\\\";i:4;s:4:\\\"tipo\\\";s:6:\\\"RECIBO\\\";s:5:\\\"letra\\\";s:1:\\\"A\\\";s:17:\\\"facta_electronica\\\";i:0;s:12:\\\"is_stock_lpg\\\";i:0;s:15:\\\"show_from_total\\\";i:0;s:10:\\\"deleted_at\\\";N;}s:10:\\\"\\u0000*\\u0000changes\\\";a:0:{}s:8:\\\"\\u0000*\\u0000casts\\\";a:1:{s:10:\\\"deleted_at\\\";s:8:\\\"datetime\\\";}s:17:\\\"\\u0000*\\u0000classCastCache\\\";a:0:{}s:21:\\\"\\u0000*\\u0000attributeCastCache\\\";a:0:{}s:13:\\\"\\u0000*\\u0000dateFormat\\\";N;s:10:\\\"\\u0000*\\u0000appends\\\";a:0:{}s:19:\\\"\\u0000*\\u0000dispatchesEvents\\\";a:0:{}s:14:\\\"\\u0000*\\u0000observables\\\";a:0:{}s:12:\\\"\\u0000*\\u0000relations\\\";a:0:{}s:10:\\\"\\u0000*\\u0000touches\\\";a:0:{}s:10:\\\"timestamps\\\";b:1;s:13:\\\"usesUniqueIds\\\";b:0;s:9:\\\"\\u0000*\\u0000hidden\\\";a:0:{}s:10:\\\"\\u0000*\\u0000visible\\\";a:0:{}s:11:\\\"\\u0000*\\u0000fillable\\\";a:0:{}s:10:\\\"\\u0000*\\u0000guarded\\\";a:0:{}s:16:\\\"\\u0000*\\u0000forceDeleting\\\";b:0;}i:10;O:22:\\\"App\\\\Models\\\\ReceiptType\\\":31:{s:13:\\\"\\u0000*\\u0000connection\\\";s:7:\\\"finance\\\";s:8:\\\"\\u0000*\\u0000table\\\";s:13:\\\"receipt_types\\\";s:13:\\\"\\u0000*\\u0000primaryKey\\\";s:2:\\\"id\\\";s:10:\\\"\\u0000*\\u0000keyType\\\";s:3:\\\"int\\\";s:12:\\\"incrementing\\\";b:1;s:7:\\\"\\u0000*\\u0000with\\\";a:0:{}s:12:\\\"\\u0000*\\u0000withCount\\\";a:0:{}s:19:\\\"preventsLazyLoading\\\";b:0;s:10:\\\"\\u0000*\\u0000perPage\\\";i:15;s:6:\\\"exists\\\";b:1