-- Table structure for table `person_activities`
--

CREATE TABLE `person_activities` (
  `id` int(10) unsigned NOT NULL AUTO_INCREMENT,
  `user_id` int(10) unsigned DEFAULT NULL,
  `person_id` int(10) unsigned NOT NULL,
  `activity_id` int(10) unsigned NOT NULL,
  `is_principal` tinyint(1) NOT NULL DEFAULT '0',
  `created_at` timestamp NULL DEFAULT NULL,
  `updated_at` timestamp NULL DEFAULT NULL,
  `deleted_at` timestamp NULL DEFAULT NULL,
  PRIMARY KEY (`id`),
  KEY `person_activities_person_id_foreign` (`person_id`),
  KEY `person_activities_activity_id_foreign` (`activity_id`),
  CONSTRAINT `person_activities_activity_id_foreign` FOREIGN KEY (`activity_id`) REFERENCES `activities` (`id`),
  CONSTRAINT `person_activities_person_id_foreign` FOREIGN KEY (`person_id`) REFERENCES `persons` (`id`)
) ENGINE=InnoDB AUTO_INCREMENT=36 DEFAULT CHARSET=utf8mb4 COLLATE=utf8mb4_unicode_ci;

--
-- Dumping data for table `person_activities`
--

INSERT INTO `person_activities` VALUES (23,11237,40718,1,1,'2025-03-25 20:46:21','2025-03-25 20:46:21',NULL),(24,11237,40718,2,0,'2025-03-25 20:46:21','2025-03-25 20:46:21',NULL),(27,11237,40817,796,1,'2025-03-25 20:49:11','2025-03-25 20:49:11',NULL),(34,11237,40841,59,1,'2025-04-16 11:56:16','2025-04-16 11:56:16',NULL),(35,11237,40840,59,1,'2025-04-24 17:49:02','2025-04-24 17:49:02',NULL);

--
-- Table structure for table `person_cobrador`
--

CREATE TABLE `person_cobrador` (
  `id` bigint(20) unsigned NOT NULL AUTO_INCREMENT,
  `person_id` int(10) unsigned NOT NULL,
  `person_id_relationed` int(10) unsigned DEFAULT NULL,
  `cobrador_id` bigint(20) unsigned NOT NULL,
  `created_at` timestamp NULL DEFAULT NULL,
  `updated_at` timestamp NULL DEFAULT NULL,
  `deleted_at` timestamp NULL DEFAULT NULL,
  PRIMARY KEY (`id`),
  KEY `person_cobrador_person_id_foreign` (`person_id`),
  KEY `person_cobrador_cobrador_id_foreign` (`cobrador_id`),
  KEY `person_cobrador_person_id_relationed_foreign` (`person_id_relationed`),
  CONSTRAINT `person_cobrador_cobrador_id_foreign` FOREIGN KEY (`cobrador_id`) REFERENCES `cobradores` (`id`),
  CONSTRAINT `person_cobrador_person_id_foreign` FOREIGN KEY (`person_id`) REFERENCES `persons` (`id`),
  CONSTRAINT `person_cobrador_person_id_relationed_foreign` FOREIGN KEY (`person_id_relationed`) REFERENCES `persons` (`id`)
) ENGINE=InnoDB DEFAULT CHARSET=utf8mb4 COLLATE=utf8mb4_unicode_ci;

--
-- Dumping data for table `person_cobrador`
--


--
-- Table structure for table `person_cobrador_history`
--

CREATE TABLE `person_cobrador_history` (
  `id` bigint(20) unsigned NOT NULL AUTO_INCREMENT,
  `user_id` int(10) unsigned DEFAULT NULL,
  `person_id` int(10) unsigned NOT NULL,
  `person_id_relationed` int(10) unsigned NOT NULL,
  `cobrador_id` bigint(20) unsigned NOT NULL,
  `created_at` timestamp NULL DEFAULT NULL,
  `updated_at` timestamp NULL DEFAULT NULL,
  `deleted_at` timestamp NULL DEFAULT NULL,
  PRIMARY KEY (`id`),
  KEY `person_cobrador_history_person_id_foreign` (`person_id`),
  KEY `person_cobrador_history_person_id_relationed_foreign` (`person_id_relationed`),
  KEY `person_cobrador_history_cobrador_id_foreign` (`cobrador_id`),
  CONSTRAINT `person_cobrador_history_cobrador_id_foreign` FOREIGN KEY (`cobrador_id`) REFERENCES `cobradores` (`id`),
  CONSTRAINT `person_cobrador_history_person_id_foreign` FOREIGN KEY (`person_id`) REFERENCES `persons` (`id`),
  CONSTRAINT `person_cobrador_history_person_id_relationed_foreign` FOREIGN KEY (`person_id_relationed`) REFERENCES `persons` (`id`)
) ENGINE=InnoDB DEFAULT CHARSET=utf8mb4 COLLATE=utf8mb4_unicode_ci;

--
-- Dumping data for table `person_cobrador_history`
--


--
-- Table structure for table `person_configurations`
--

CREATE TABLE `person_configurations` (
  `id` int(10) unsigned NOT NULL AUTO_INCREMENT,
  `user_id` int(10) unsigned DEFAULT NULL,
  `person_id` int(10) unsigned NOT NULL,
  `period_id` int(10) unsigned DEFAULT NULL,
  `zone_id` int(10) unsigned DEFAULT NULL,
  `settle_calc_by_coef` int(11) NOT NULL DEFAULT '0',
  `created_at` timestamp NULL DEFAULT NULL,
  `updated_at` timestamp NULL DEFAULT NULL,
  `active` int(10) unsigned DEFAULT NULL,
  `enviarMail` int(11) DEFAULT '1',
  `honorario` decimal(16,2) DEFAULT '0.00',
  `cta_cte_tesoreria_cuenta_id` int(10) unsigned DEFAULT NULL,
  `month_close` int(10) unsigned DEFAULT NULL,
  `iva_condition_id` int(10) unsigned DEFAULT NULL,
  `obligation_sell` int(10) unsigned DEFAULT NULL,
  `obligation_buy` int(10) unsigned DEFAULT NULL,
  `obligation_iva` int(10) unsigned DEFAULT NULL,
  `obligation_electronic_receipt` int(10) unsigned DEFAULT NULL,
  `obligation_iibb` int(10) unsigned DEFAULT NULL,
  `obligation_other_taxes` int(10) unsigned DEFAULT NULL,
  `liquidation_start_period` varchar(7) COLLATE utf8mb4_unicode_ci DEFAULT NULL,
  `obligation_salaries` int(10) unsigned DEFAULT NULL,
  `empleada_domestica` tinyint(1) NOT NULL DEFAULT '0',
  `prorratear_iva` tinyint(1) NOT NULL DEFAULT '0',
  `is_itc` tinyint(1) NOT NULL DEFAULT '0',
  `priority_order` int(10) unsigned DEFAULT NULL,
  `person_id_administrador` int(11) DEFAULT NULL,
  `person_id_titular` int(11) DEFAULT NULL,
  `logo_path` varchar(180) COLLATE utf8mb4_unicode_ci DEFAULT NULL,
  `certificado_afip_path` varchar(180) COLLATE utf8mb4_unicode_ci DEFAULT NULL,
  `llave_afip_path` varchar(180) COLLATE utf8mb4_unicode_ci DEFAULT NULL,
  `access_electronic_receipt` int(10) unsigned DEFAULT '0',
  `ruta_logo_fa` varchar(100) COLLATE utf8mb4_unicode_ci DEFAULT NULL,
  `inicio_actividades` date DEFAULT NULL,
  `fecha_de_mono_to_ri` date DEFAULT NULL,
  `iibb` varchar(191) COLLATE utf8mb4_unicode_ci DEFAULT NULL,
  `fe_leyenda` varchar(191) COLLATE utf8mb4_unicode_ci DEFAULT NULL,
  `atencion_iva` tinyint(1) NOT NULL DEFAULT '0',
  `atencion_iva_comentario` varchar(191) COLLATE utf8mb4_unicode_ci DEFAULT NULL,
  `atencion_iibb` tinyint(1) NOT NULL DEFAULT '0',
  `atencion_iibb_comentario` varchar(191) COLLATE utf8mb4_unicode_ci DEFAULT NULL,
  `usar_multimoneda` tinyint(1) NOT NULL DEFAULT '0',
  `is_ag_per_ret` tinyint(1) NOT NULL DEFAULT '0',
  `deleted_at` timestamp NULL DEFAULT NULL,
  `barcode_columns` tinyint(3) unsigned NOT NULL DEFAULT '3' COMMENT 'Cantidad de columnas en la hoja de etiquetas',
  `barcode_rows` tinyint(3) unsigned NOT NULL DEFAULT '10' COMMENT 'Cantidad de filas en la hoja de etiquetas',
  `barcode_width_cm` decimal(4,2) NOT NULL DEFAULT '6.50' COMMENT 'Ancho de cada etiqueta en cm',
  `barcode_height_cm` decimal(4,2) NOT NULL DEFAULT '2.50' COMMENT 'Alto de cada etiqueta en cm',
  `barcode_page_size` varchar(10) COLLATE utf8mb4_unicode_ci NOT NULL DEFAULT 'A4' COMMENT 'Tamaño de página (A4, Letter, etc)',
  PRIMARY KEY (`id`),
  KEY `person_configurations_person_id_foreign` (`person_id`),
  KEY `person_configurations_period_id_foreign` (`period_id`),
  KEY `person_configurations_zone_id_foreign` (`zone_id`),
  KEY `person_configurations_iva_condition_id_foreign` (`iva_condition_id`),
  KEY `person_configurations_cta_cte_tesoreria_cuenta_id_foreign` (`cta_cte_tesoreria_cuenta_id`),
  CONSTRAINT `person_configurations_cta_cte_tesoreria_cuenta_id_foreign` FOREIGN KEY (`cta_cte_tesoreria_cuenta_id`) REFERENCES `cta_cte_tesoreria_cuentas` (`id`),
  CONSTRAINT `person_configurations_iva_condition_id_foreign` FOREIGN KEY (`iva_condition_id`) REFERENCES `iva_conditions` (`id`),
  CONSTRAINT `person_configurations_period_id_foreign` FOREIGN KEY (`period_id`) REFERENCES `periods` (`id`),
  CONSTRAINT `person_configurations_person_id_foreign` FOREIGN KEY (`person_id`) REFERENCES `persons` (`id`),
  CONSTRAINT `person_configurations_zone_id_foreign` FOREIGN KEY (`zone_id`) REFERENCES `zones` (`id`)
) ENGINE=InnoDB AUTO_INCREMENT=9 DEFAULT CHARSET=utf8mb4 COLLATE=utf8mb4_unicode_ci;

--
-- Dumping data for table `person_configurations`
--

INSERT INTO `person_configurations` VALUES (3,11237,40718,NULL,NULL,0,'2023-02-24 14:06:35','2025-03-25 20:46:21',1,1,0.00,NULL,12,2,1,1,1,1,4,NULL,'2021-06',1,0,0,0,1,40718,40718,NULL,NULL,NULL,0,'img//20083839903/logo.png','2021-06-09','0000-00-00','20-11111111-2','Prueba Leyenda #',1,'Liquidación de prueba',1,'Liquidación de prueba',0,0,NULL,3,10,6.50,2.50,'A4'),(6,11237,40817,NULL,NULL,0,'2025-02-13 17:44:11','2025-03-25 20:49:11',2,1,0.00,NULL,12,1,0,0,0,0,1,NULL,'2025-1',0,0,0,0,2,40817,40817,NULL,NULL,NULL,0,NULL,'2025-03-25','0000-00-00',NULL,NULL,0,NULL,0,NULL,0,0,NULL,3,10,6.50,2.50,'A4'),(7,11237,40840,NULL,NULL,0,'2025-03-13 16:13:40','2025-04-24 17:49:02',2,1,0.00,NULL,12,2,1,1,1,1,1,NULL,'2021-06',0,0,0,1,1,40841,40841,NULL,NULL,NULL,0,'img//30717196127/logo.png','2021-06-09','0000-00-00',NULL,NULL,0,NULL,0,NULL,0,0,NULL,3,10,6.50,2.50,'A4'),(8,11237,40841,NULL,NULL,0,'2025-03-19 11:34:04','2025-04-16 11:56:16',2,1,0.00,NULL,12,2,1,1,1,0,1,NULL,'2024-01',0,0,0,0,2,40841,40841,NULL,NULL,NULL,0,NULL,'2003-07-31','0000-00-00',NULL,NULL,1,NULL,1,NULL,0,0,NULL,3,10,6.50,2.50,'A4');

--
-- Table structure for table `person_liquidators`
--

CREATE TABLE `person_liquidators` (
  `id` int(10) unsigned NOT NULL AUTO_INCREMENT,
  `user_id` int(10) unsigned DEFAULT NULL,
  `person_id` int(10) unsigned NOT NULL,
  `liquidator_id` int(10) unsigned NOT NULL,
  `created_at` timestamp NULL DEFAULT NULL,
  `updated_at` timestamp NULL DEFAULT NULL,
  `deleted_at` timestamp NULL DEFAULT NULL,
  PRIMARY KEY (`id`),
  KEY `person_liquidators_person_id_foreign` (`person_id`),
  KEY `person_liquidators_liquidator_id_foreign` (`liquidator_id`),
  CONSTRAINT `person_liquidators_liquidator_id_foreign` FOREIGN KEY (`liquidator_id`) REFERENCES `liquidators` (`id`),
  CONSTRAINT `person_liquidators_person_id_foreign` FOREIGN KEY (`person_id`) REFERENCES `persons` (`id`)
) ENGINE=InnoDB DEFAULT CHARSET=utf8mb4 COLLATE=utf8mb4_unicode_ci;

--
-- Dumping data for table `person_liquidators`
--


--
-- Table structure for table `person_pagos_lugares`
--

CREATE TABLE `person_pagos_lugares` (
  `id` bigint(20) unsigned NOT NULL AUTO_INCREMENT,
  `user_id` int(10) unsigned DEFAULT NULL,
  `person_id` int(10) unsigned NOT NULL,
  `person_id_relationed` int(10) unsigned NOT NULL,
  `descripcion` varchar(255) COLLATE utf8mb4_unicode_ci DEFAULT NULL,
  `contacto` varchar(191) COLLATE utf8mb4_unicode_ci DEFAULT NULL,
  `direccion` varchar(255) COLLATE utf8mb4_unicode_ci DEFAULT NULL,
  `localidad_id` int(10) unsigned DEFAULT NULL,
  `telefono` varchar(255) COLLATE utf8mb4_unicode_ci DEFAULT NULL,
  `mail` varchar(255) COLLATE utf8mb4_unicode_ci DEFAULT NULL,
  `horario_de_llamada` varchar(255) COLLATE utf8mb4_unicode_ci DEFAULT NULL,
  `horario_de_pago` varchar(255) COLLATE utf8mb4_unicode_ci DEFAULT NULL,
  `cobradores_metodo_id` bigint(20) unsigned DEFAULT NULL,
  `comentario` longtext COLLATE utf8mb4_unicode_ci,
  `habilitado` tinyint(1) NOT NULL DEFAULT '1',
  `created_at` timestamp NULL DEFAULT NULL,
  `updated_at` timestamp NULL DEFAULT NULL,
  `deleted_at` timestamp NULL DEFAULT NULL,
  PRIMARY KEY (`id`),
  KEY `person_pagos_lugares_person_id_foreign` (`person_id`),
  KEY `person_pagos_lugares_person_id_relationed_foreign` (`person_id_relationed`),
  KEY `person_pagos_lugares_localidad_id_foreign` (`localidad_id`),
  KEY `person_pagos_lugares_cobradores_metodo_id_foreign` (`cobradores_metodo_id`),
  CONSTRAINT `person_pagos_lugares_cobradores_metodo_id_foreign` FOREIGN KEY (`cobradores_metodo_id`) REFERENCES `cobradores_metodos` (`id`),
  CONSTRAINT `person_pagos_lugares_localidad_id_foreign` FOREIGN KEY (`localidad_id`) REFERENCES `localidad` (`id`),
  CONSTRAINT `person_pagos_lugares_person_id_foreign` FOREIGN KEY (`person_id`) REFERENCES `persons` (`id`),
  CONSTRAINT `person_pagos_lugares_person_id_relationed_foreign` FOREIGN KEY (`person_id_relationed`) REFERENCES `persons` (`id`)
) ENGINE=InnoDB DEFAULT CHARSET=utf8mb4 COLLATE=utf8mb4_unicode_ci;

--
-- Dumping data for table `person_pagos_lugares`
--


--
-- Table structure for table `person_pagos_promesas`
--

CREATE TABLE `person_pagos_promesas` (
  `id` bigint(20) unsigned NOT NULL AUTO_INCREMENT,
  `user_id` int(10) unsigned DEFAULT NULL,
  `person_id` int(10) unsigned NOT NULL,
  `person_id_relationed` int(10) unsigned NOT NULL,
  `person_pago_lugar_id` bigint(20) unsigned DEFAULT NULL,
  `fecha` datetime NOT NULL,
  `comentario` longtext COLLATE utf8mb4_unicode_ci,
  `created_at` timestamp NULL DEFAULT NULL,
  `updated_at` timestamp NULL DEFAULT NULL,
  `deleted_at` timestamp NULL DEFAULT NULL,
  PRIMARY KEY (`id`),
  KEY `person_pagos_promesas_person_id_foreign` (`person_id`),
  KEY `person_pagos_promesas_person_id_relationed_foreign` (`person_id_relationed`),
  CONSTRAINT `person_pagos_promesas_person_id_foreign` FOREIGN KEY (`person_id`) REFERENCES `persons` (`id`),
  CONSTRAINT `person_pagos_promesas_person_id_relationed_foreign` FOREIGN KEY (`person_id_relationed`) REFERENCES `persons` (`id`)
) ENGINE=InnoDB DEFAULT CHARSET=utf8mb4 COLLATE=utf8mb4_unicode_ci;

--
-- Dumping data for table `person_pagos_promesas`
--


--
-- Table structure for table `person_pay_methods`
--

CREATE TABLE `person_pay_methods` (
  `id` int(10) unsigned NOT NULL AUTO_INCREMENT,
  `user_id` int(10) unsigned DEFAULT NULL,
  `person_id` int(10) unsigned NOT NULL,
  `pay_method_id` int(10) unsigned NOT NULL,
  `created_at` timestamp NULL DEFAULT NULL,
  `updated_at` timestamp NULL DEFAULT NULL,
  `deleted_at` timestamp NULL DEFAULT NULL,
  PRIMARY KEY (`id`),
  KEY `person_pay_methods_person_id_foreign` (`person_id`),
  KEY `person_pay_methods_pay_method_id_foreign` (`pay_method_id`),
  CONSTRAINT `person_pay_methods_pay_method_id_foreign` FOREIGN KEY (`pay_method_id`) REFERENCES `pay_methods` (`id`),
  CONSTRAINT `person_pay_methods_person_id_foreign` FOREIGN KEY (`person_id`) REFERENCES `persons` (`id`)
) ENGINE=InnoDB AUTO_INCREMENT=7 DEFAULT CHARSET=utf8mb4 COLLATE=utf8mb4_unicode_ci;

--
-- Dumping data for table `person_pay_methods`
--

INSERT INTO `person_pay_methods` VALUES (6,11237,40718,2,'2025-03-25 20:46:21','2025-03-25 20:46:21',NULL);

--
-- Table structure for table `person_relationeds`
--

CREATE TABLE `person_relationeds` (
  `id` bigint(20) unsigned NOT NULL AUTO_INCREMENT,
  `user_id` int(10) unsigned DEFAULT NULL,
  `person_id` int(10) unsigned NOT NULL,
  `client_id` int(10) unsigned NOT NULL,
  `cliente_relationed_id` int(10) unsigned NOT NULL,
  `created_at` timestamp NULL DEFAULT NULL,
  `updated_at` timestamp NULL DEFAULT NULL,
  `deleted_at` timestamp NULL DEFAULT NULL,
  PRIMARY KEY (`id`),
  KEY `person_relationeds_person_id_foreign` (`person_id`),
  KEY `person_relationeds_client_id_foreign` (`client_id`),
  KEY `person_relationeds_cliente_relationed_id_foreign` (`cliente_relationed_id`),
  CONSTRAINT `person_relationeds_client_id_foreign` FOREIGN KEY (`client_id`) REFERENCES `persons` (`id`),
  CONSTRAINT `person_relationeds_cliente_relationed_id_foreign` FOREIGN KEY (`cliente_relationed_id`) REFERENCES `persons` (`id`),
  CONSTRAINT `person_relationeds_person_id_foreign` FOREIGN KEY (`person_id`) REFERENCES `persons` (`id`)
) ENGINE=InnoDB DEFAULT CHARSET=utf8mb4 COLLATE=utf8mb4_unicode_ci;

--
-- Dumping data for table `person_relationeds`
--


--
-- Table structure for table `person_types`
--

CREATE TABLE `person_types` (
  `id` int(10) unsigned NOT NULL AUTO_INCREMENT,
  `user_id` int(10) unsigned DEFAULT NULL,
  `description` varchar(180) COLLATE utf8mb4_unicode_ci NOT NULL,
  `created_at` timestamp NULL DEFAULT NULL,
  `updated_at` timestamp NULL DEFAULT NULL,
  `deleted_at` timestamp NULL DEFAULT NULL,
  PRIMARY KEY (`id`),
  UNIQUE KEY `person_types_description_unique` (`description`)
) ENGINE=InnoDB AUTO_INCREMENT=3 DEFAULT CHARSET=utf8mb4 COLLATE=utf8mb4_unicode_ci;

--
-- Dumping data for table `person_types`
--

INSERT INTO `person_types` VALUES (1,NULL,'Persona Humana',NULL,NULL,NULL),(2,NULL,'Persona Juridica',NULL,NULL,NULL);

--
-- Table structure for table `person_zone_actividad`
--

CREATE TABLE `person_zone_actividad` (
  `id` int(10) unsigned NOT NULL AUTO_INCREMENT,
  `user_id` int(10) unsigned DEFAULT NULL,
  `person_id` int(10) unsigned NOT NULL,
  `zone_id` int(10) unsigned NOT NULL,
  `actividad_id` int(10) unsigned NOT NULL,
  `calculo_iibb` int(11) NOT NULL,
  `coef` decimal(16,5) NOT NULL DEFAULT '0.00000',
  `alicuota` decimal(16,5) NOT NULL DEFAULT '0.00000',
  `cm_articulo_regimen_id` int(10) unsigned NOT NULL DEFAULT '1',
  `habilitado` tinyint(1) NOT NULL DEFAULT '1',
  `created_at` timestamp NULL DEFAULT NULL,
  `updated_at` timestamp NULL DEFAULT NULL,
  `deleted_at` timestamp NULL DEFAULT NULL,
  PRIMARY KEY (`id`),
  KEY `person_zone_actividad_person_id_foreign` (`person_id`),
  KEY `person_zone_actividad_zone_id_foreign` (`zone_id`),
  KEY `person_zone_actividad_actividad_id_foreign` (`actividad_id`),
  KEY `person_zone_actividad_cm_articulo_regimen_id_foreign` (`cm_articulo_regimen_id`),
  CONSTRAINT `person_zone_actividad_actividad_id_foreign` FOREIGN KEY (`actividad_id`) REFERENCES `activities` (`id`),
  CONSTRAINT `person_zone_actividad_cm_articulo_regimen_id_foreign` FOREIGN KEY (`cm_articulo_regimen_id`) REFERENCES `cm_articulos_regimenes` (`id`),
  CONSTRAINT `person_zone_actividad_person_id_foreign` FOREIGN KEY (`person_id`) REFERENCES `persons` (`id`),
  CONSTRAINT `person_zone_actividad_zone_id_foreign` FOREIGN KEY (`zone_id`) REFERENCES `zones` (`id`)
) ENGINE=InnoDB AUTO_INCREMENT=41 DEFAULT CHARSET=utf8mb4 COLLATE=utf8mb4_unicode_ci;

--
-- Dumping data for table `person_zone_actividad`
--

INSERT INTO `person_zone_actividad` VALUES (28,11237,40718,23,1,1,0.55000,2.50000,1,1,'2025-03-25 20:46:21','2025-03-25 20:46:21',NULL),(29,11237,40718,23,2,1,0.55000,3.00000,1,1,'2025-03-25 20:46:21','2025-03-25 20:46:21',NULL),(30,11237,40718,22,1,1,0.45000,3.00000,1,1,'2025-03-25 20:46:21','2025-03-25 20:46:21',NULL),(31,11237,40718,22,2,1,0.45000,3.50000,1,1,'2025-03-25 20:46:21','2025-03-25 20:46:21',NULL),(32,11237,40817,1,796,1,0.00000,0.00000,1,1,'2025-03-25 20:49:11','2025-03-25 20:49:11',NULL),(39,11237,40841,1,59,1,0.00000,0.00000,1,1,'2025-04-16 11:56:16','2025-04-16 11:56:16',NULL),(40,11237,40840,1,59,1,0.00000,0.00000,1,1,'2025-04-24 17:49:03','2025-04-24 17:49:03',NULL);

--
-- Table structure for table `person_zones`
--

CREATE TABLE `person_zones` (
  `id` int(10) unsigned NOT NULL AUTO_INCREMENT,
  `user_id` int(10) unsigned DEFAULT NULL,
  `sifere_coef` decimal(8,4) NOT NULL DEFAULT '0.0000',
  `iibb_aliquot` decimal(8,4) NOT NULL DEFAULT '0.0000',
  `zone_id` int(10) unsigned NOT NULL,
  `is_principal` tinyint(1) NOT NULL DEFAULT '0',
  `iibb_perception_id` int(10) unsigned DEFAULT NULL,
  `retention_id` int(10) unsigned DEFAULT NULL,
  `activity_id` int(10) unsigned DEFAULT NULL,
  `created_at` timestamp NULL DEFAULT NULL,
  `updated_at` timestamp NULL DEFAULT NULL,
  `person_id` int(10) unsigned NOT NULL,
  `deleted_at` timestamp NULL DEFAULT NULL,
  PRIMARY KEY (`id`),
  KEY `person_zones_zone_id_foreign` (`zone_id`),
  KEY `person_zones_person_id_foreign` (`person_id`),
  CONSTRAINT `person_zones_person_id_foreign` FOREIGN KEY (`person_id`) REFERENCES `persons` (`id`),
  CONSTRAINT `person_zones_zone_id_foreign` FOREIGN KEY (`zone_id`) REFERENCES `zones` (`id`)
) ENGINE=InnoDB AUTO_INCREMENT=35 DEFAULT CHARSET=utf8mb4 COLLATE=utf8mb4_unicode_ci;

--
-- Dumping data for table `person_zones`
--

INSERT INTO `person_zones` VALUES (1,1,0.0000,0.0000,22,0,NULL,NULL,NULL,'2023-02-16 08:53:05','2023-02-16 08:53:05',40719,NULL),(22,11237,0.0000,0.0000,23,1,NULL,NULL,NULL,'2025-03-25 20:46:21','2025-03-25 20:46:21',40718,NULL),(23,11237,0.0000,0.0000,22,0,NULL,NULL,NULL,'2025-03-25 20:46:21','2025-03-25 20:46:21',40718,NULL),(26,11237,0.0000,0.0000,1,1,NULL,NULL,NULL,'2025-03-25 20:49:11','2025-03-25 20:49:11',40817,NULL),(33,11237,0.0000,0.0000,1,1,NULL,NULL,NULL,'2025-04-16 11:56:16','2025-04-16 11:56:16',40841,NULL),(34,11237,0.0000,0.0000,1,1,NULL,NULL,NULL,'2025-04-24 17:49:02','2025-04-24 17:49:02',40840,NULL);

--
-- Table structure for table `persons`
--

CREATE TABLE `persons` (
  `id` int(10) unsigned NOT NULL AUTO_INCREMENT,
  `user_id` int(10) unsigned DEFAULT NULL,
  `field_name1` varchar(255) COLLATE utf8mb4_unicode_ci NOT NULL,
  `fantasy_name` text COLLATE utf8mb4_unicode_ci,
  `codigo` varchar(191) COLLATE utf8mb4_unicode_ci DEFAULT NULL,
  `field_name2` varchar(255) COLLATE utf8mb4_unicode_ci DEFAULT NULL,
  `document_type` varchar(10) COLLATE utf8mb4_unicode_ci NOT NULL,
  `document` varchar(30) COLLATE utf8mb4_unicode_ci NOT NULL,
  `cond_frente_al_iva_id` int(10) unsigned DEFAULT NULL,
  `country_id` int(10) unsigned DEFAULT NULL,
  `state_id` int(10) unsigned DEFAULT NULL,
  `zone_id` int(10) unsigned DEFAULT NULL,
  `plan_cuenta_id` int(10) unsigned DEFAULT NULL,
  `iva_creditos_tipo_id` int(10) unsigned DEFAULT NULL,
  `created_at` timestamp NULL DEFAULT NULL,
  `updated_at` timestamp NULL DEFAULT NULL,
  `activity_id` int(10) unsigned DEFAULT NULL,
  `address` varchar(500) COLLATE utf8mb4_unicode_ci DEFAULT NULL,
  `latitud` decimal(10,7) DEFAULT NULL,
  `longitud` decimal(10,7) DEFAULT NULL,
  `localidad_id` int(10) unsigned DEFAULT NULL,
  `person_type_id` int(10) unsigned DEFAULT NULL,
  `fa_iva_condition_id` int(10) unsigned DEFAULT NULL,
  `fa_codigo_postal` varchar(180) COLLATE utf8mb4_unicode_ci DEFAULT NULL,
  `comentario` longtext COLLATE utf8mb4_unicode_ci,
  `email` varchar(180) COLLATE utf8mb4_unicode_ci DEFAULT NULL,
  `iva_per_regimen_id` bigint(20) unsigned DEFAULT NULL,
  `iva_ret_regimen_id` bigint(20) unsigned DEFAULT NULL,
  `obligation_iibb` bigint(20) unsigned DEFAULT NULL,
  `deleted_at` timestamp NULL DEFAULT NULL,
  PRIMARY KEY (`id`),
  UNIQUE KEY `document_UNIQUE` (`document`),
  KEY `persons_zone_id_foreign` (`zone_id`),
  KEY `persons_person_type_id_foreign` (`person_type_id`),
  KEY `persons_plan_cuenta_id_foreign` (`plan_cuenta_id`),
  KEY `persons_iva_creditos_tipo_id_foreign` (`iva_creditos_tipo_id`),
  KEY `persons_cond_frente_al_iva_id_foreign` (`cond_frente_al_iva_id`),
  KEY `persons_localidad_id_foreign` (`localidad_id`),
  KEY `persons_iva_ret_regimen_id_foreign` (`iva_ret_regimen_id`),
  KEY `persons_iva_per_regimen_id_foreign` (`iva_per_regimen_id`),
  CONSTRAINT `persons_cond_frente_al_iva_id_foreign` FOREIGN KEY (`cond_frente_al_iva_id`) REFERENCES `condicion_frente_al_iva` (`id`),
  CONSTRAINT `persons_iva_creditos_tipo_id_foreign` FOREIGN KEY (`iva_creditos_tipo_id`) REFERENCES `iva_creditos_tipos` (`id`),
  CONSTRAINT `persons_iva_per_regimen_id_foreign` FOREIGN KEY (`iva_per_regimen_id`) REFERENCES `iva_per_regimenes` (`id`),
  CONSTRAINT `persons_iva_ret_regimen_id_foreign` FOREIGN KEY (`iva_ret_regimen_id`) REFERENCES `iva_ret_regimenes` (`id`),
  CONSTRAINT `persons_localidad_id_foreign` FOREIGN KEY (`localidad_id`) REFERENCES `localidad` (`id`),
  CONSTRAINT `persons_person_type_id_foreign` FOREIGN KEY (`person_type_id`) REFERENCES `person_types` (`id`),
  CONSTRAINT `persons_plan_cuenta_id_foreign` FOREIGN KEY (`plan_cuenta_id`) REFERENCES `conta_plan_cuenta` (`id`),
  CONSTRAINT `persons_zone_id_foreign` FOREIGN KEY (`zone_id`) REFERENCES `zones` (`id`)
) ENGINE=InnoDB AUTO_INCREMENT=41084 DEFAULT CHARSET=utf8mb4 COLLATE=utf8mb4_unicode_ci;

--
-- Dumping data for table `persons`
--

INSERT INTO `persons` VALUES (3,NULL,'Larzabal Hernan',NULL,'3',NULL,'cuit','20-28468190-9',NULL,NULL,22,22,NULL,NULL,'2018-05-12 20:55:07','2018-05-14 01:54:15',1,NULL,NULL,NULL,NULL,1,NULL,NULL,NULL,NULL,NULL,NULL,NULL,NULL),(40717,11237,'TAXES SOFTWARE S.A.S.',NULL,'40717',NULL,'cuit','30-71625124-8',1,NULL,22,22,NULL,NULL,NULL,'2025-04-03 09:44:06',NULL,'FALCON RAMON L CNEL 6835 Piso:4&#186;B',NULL,NULL,NULL,2,NULL,NULL,NULL,NULL,NULL,NULL,NULL,NULL),(40718,NULL,'EMPRESA PRUEBA',NULL,'40718',NULL,'cuit','20-08383990-3',1,NULL,22,22,NULL,NULL,NULL,'2025-07-04 15:03:32',NULL,'Lisandro de la Torre 277 4°B CABA',NULL,NULL,NULL,1,NULL,NULL,NULL,NULL,NULL,NULL,NULL,NULL),(40719,1,'AGRO AFA S.R.L.',NULL,'40719',NULL,'cuit','30-71170022-2',NULL,NULL,NULL,NULL,NULL,NULL,'2023-02-16 14:52:43','2023-02-16 14:52:43',NULL,NULL,NULL,NULL,NULL,NULL,NULL,NULL,NULL,NULL,NULL,NULL,NULL,NULL),(40814,8522,'consumidor final',NULL,'40814',NULL,'cuit','99-99999999-9',NULL,NULL,NULL,NULL,NULL,NULL,'2023-02-24 15:05:30','2023-02-24 15:05:30',NULL,NULL,NULL,NULL,NULL,NULL,NULL,NULL,NULL,NULL,NULL,NULL,NULL,NULL),(40817,NULL,'Faucher Maria noel',NULL,NULL,NULL,'cuit','27-33187718-8',6,NULL,NULL,NULL,NULL,NULL,'2025-02-13 20:43:56','2025-07-04 15:03:32',NULL,NULL,NULL,NULL,NULL,1,NULL,NULL,NULL,NULL,NULL,NULL,NULL,NULL),(40818,11237,'VUSUROVICH MATIAS EDGARDO',NULL,NULL,NULL,'cuil','20-28724499-2',NULL,NULL,NULL,NULL,NULL,NULL,'2025-02-28 13:39:41','2025-02-28 13:39:41',NULL,NULL,NULL,NULL,NULL,NULL,NULL,NULL,NULL,NULL,NULL,NULL,NULL,NULL),(40819,11237,'RIBOTTA CESAR LUIS',NULL,NULL,NULL,'cuil','20-23899150-2',NULL,NULL,NULL,NULL,NULL,NULL,'2025-02-28 13:39:41','2025-02-28 13:39:41',NULL,NULL,NULL,NULL,NULL,NULL,NULL,NULL,NULL,NULL,NULL,NULL,NULL,NULL),(40820,11237,'COOPERATIVA AGRICOLA GANADERA DE ARROYO CABRAL LTDA',NULL,NULL,NULL,'cuil','30-52937727-0',NULL,NULL,NULL,NULL,NULL,NULL,'2025-02-28 13:39:41','2025-02-28 13:39:41',NULL,NULL,NULL,NULL,NULL,NULL,NULL,NULL,NULL,NULL,NULL,NULL,NULL,NULL),(40821,11237,'RIBOTTA DANILO HECTOR',NULL,NULL,NULL,'cuil','20-33659617-4',NULL,NULL,NULL,NULL,NULL,NULL,'2025-02-28 13:39:41','2025-02-28 13:39:41',NULL,NULL,NULL,NULL,NULL,NULL,NULL,NULL,NULL,NULL,NULL,NULL,NULL,NULL),(40822,11237,'RAPPA MELCER RAMON',NULL,NULL,NULL,'cuil','20-17271401-4',NULL,NULL,NULL,NULL,NULL,NULL,'2025-02-28 13:39:41','2025-02-28 13:39:41',NULL,NULL,NULL,NULL,NULL,NULL,NULL,NULL,NULL,NULL,NULL,NULL,NULL,NULL),(40823,11237,'AUTO HAUS SOCIEDAD ANONIMA',NULL,NULL,NULL,'cuil','30-68757999-9',NULL,NULL,NULL,NULL,NULL,NULL,'2025-02-28 13:39:41','2025-02-28 13:39:41',NULL,NULL,NULL,NULL,NULL,NULL,NULL,NULL,NULL,NULL,NULL,NULL,NULL,NULL),(40824,11237,'FELICEVICH JUAN CARLOS',NULL,NULL,NULL,'cuil','20-17921574-9',NULL,NULL,NULL,NULL,NULL,NULL,'2025-02-28 13:39:42','2025-02-28 13:39:42',NULL,NULL,NULL,NULL,NULL,NULL,NULL,NULL,NULL,NULL,NULL,NULL,NULL,NULL),(40825,11237,'CHIRINO MARIANO GUSTAVO',NULL,NULL,NULL,'cuil','20-35675917-7',NULL,NULL,NULL,NULL,NULL,NULL,'2025-02-28 13:39:42','2025-02-28 13:39:42',NULL,NULL,NULL,NULL,NULL,NULL,NULL,NULL,NULL,NULL,NULL,NULL,NULL,NULL),(40826,11237,'ROSSONE ALVARO NICOLAS',NULL,NULL,NULL,'cuil','20-33814901-9',NULL,NULL,NULL,NULL,NULL,NULL,'2025-02-28 13:39:42','2025-02-28 13:39:42',NULL,NULL,NULL,NULL,NULL,NULL,NULL,NULL,NULL,NULL,NULL,NULL,NULL,NULL),(40827,11237,'ORTIZ LEANDRO RAUL',NULL,NULL,NULL,'cuil','20-32933243-9',NULL,NULL,NULL,NULL,NULL,NULL,'2025-02-28 13:39:42','2025-02-28 13:39:42',NULL,NULL,NULL,NULL,NULL,NULL,NULL,NULL,NULL,NULL,NULL,NULL,NULL,NULL),(40828,11237,'BIOETANOL RIO CUARTO S A',NULL,NULL,NULL,'cuil','30-70993431-3',NULL,NULL,NULL,NULL,NULL,NULL,'2025-02-28 13:39:42','2025-02-28 13:39:42',NULL,NULL,NULL,NULL,NULL,NULL,NULL,NULL,NULL,NULL,NULL,NULL,NULL,NULL),(40829,11237,'BOLATTI DAMIAN CEFERINO',NULL,NULL,NULL,'cuil','20-30021843-2',NULL,NULL,NULL,NULL,NULL,NULL,'2025-02-28 13:39:42','2025-02-28 13:39:42',NULL,NULL,NULL,NULL,NULL,NULL,NULL,NULL,NULL,NULL,NULL,NULL,NULL,NULL);
INSERT INTO `persons` VALUES (40830,11237,'STEINKOPF FRANCISCO RODOLFO',NULL,NULL,NULL,'cuil','20-31700187-9',NULL,NULL,NULL,NULL,NULL,NULL,'2025-02-28 13:39:42','2025-02-28 13:39:42',NULL,NULL,NULL,NULL,NULL,NULL,NULL,NULL,NULL,NULL,NULL,NULL,NULL,NULL),(40831,11237,'DOBLEVE AGRONEGOCIOS S.A.S.',NULL,NULL,NULL,'cuil','30-71745670-6',NULL,NULL,NULL,NULL,NULL,NULL,'2025-02-28 13:39:42','2025-02-28 13:39:42',NULL,NULL,NULL,NULL,NULL,NULL,NULL,NULL,NULL,NULL,NULL,NULL,NULL,NULL),(40832,11237,'VASCONSUELO MANUEL ANDRES',NULL,NULL,NULL,'cuil','20-06605184-7',NULL,NULL,NULL,NULL,NULL,NULL,'2025-02-28 13:39:42','2025-02-28 13:39:42',NULL,NULL,NULL,NULL,NULL,NULL,NULL,NULL,NULL,NULL,NULL,NULL,NULL,NULL),(40833,11237,'KETTE OSVALDO ANTONIO',NULL,NULL,NULL,'cuil','20-11951430-5',NULL,NULL,NULL,NULL,NULL,NULL,'2025-02-28 13:39:42','2025-02-28 13:39:42',NULL,NULL,NULL,NULL,NULL,NULL,NULL,NULL,NULL,NULL,NULL,NULL,NULL,NULL),(40834,11237,'COTAGRO COOPERATIVA AGROPECUARIA LIMITADA',NULL,NULL,NULL,'cuil','30-52715145-3',1,NULL,1,1,NULL,NULL,'2025-02-28 13:39:43','2025-04-24 17:01:19',NULL,'9 DE JULIO 918',NULL,NULL,NULL,2,NULL,NULL,NULL,NULL,NULL,NULL,NULL,NULL),(40835,11237,'TORRETTA JOSE ANTONIO',NULL,NULL,NULL,'cuil','20-34965965-5',NULL,NULL,NULL,NULL,NULL,NULL,'2025-02-28 13:39:43','2025-02-28 13:39:43',NULL,NULL,NULL,NULL,NULL,NULL,NULL,NULL,NULL,NULL,NULL,NULL,NULL,NULL),(40836,11237,'MARCON FLAVIA ANAHI',NULL,NULL,NULL,'cuil','27-24653609-6',NULL,NULL,NULL,NULL,NULL,NULL,'2025-02-28 13:39:43','2025-02-28 13:39:43',NULL,NULL,NULL,NULL,NULL,NULL,NULL,NULL,NULL,NULL,NULL,NULL,NULL,NULL),(40837,11237,'JORGE PABLO S.A.S.',NULL,NULL,NULL,'cuil','30-71768314-1',NULL,NULL,NULL,NULL,NULL,NULL,'2025-02-28 13:39:43','2025-02-28 13:39:43',NULL,NULL,NULL,NULL,NULL,NULL,NULL,NULL,NULL,NULL,NULL,NULL,NULL,NULL),(40838,11237,'CARRANZA MARIA FAUSTINA',NULL,NULL,NULL,'cuil','27-16633814-5',NULL,NULL,NULL,NULL,NULL,NULL,'2025-02-28 13:39:43','2025-02-28 13:39:43',NULL,NULL,NULL,NULL,NULL,NULL,NULL,NULL,NULL,NULL,NULL,NULL,NULL,NULL),(40839,11237,'PONZIO CARLOS RAUL',NULL,NULL,NULL,'cuil','20-31403844-5',NULL,NULL,NULL,NULL,NULL,NULL,'2025-02-28 13:39:43','2025-02-28 13:39:43',NULL,NULL,NULL,NULL,NULL,NULL,NULL,NULL,NULL,NULL,NULL,NULL,NULL,NULL),(40840,11237,'LADAHNOS SA',NULL,NULL,NULL,'cuit','30-71719612-7',1,NULL,1,1,NULL,NULL,'2025-02-28 13:46:08','2025-04-05 17:22:54',NULL,'Zona Rural 8 Km al Oeste de la localidad de Carnerillo.',NULL,NULL,NULL,2,NULL,NULL,NULL,NULL,NULL,NULL,NULL,NULL),(40841,11237,'DALMASSO ARIEL OSCAR',NULL,NULL,NULL,'cuit','20-25582383-4',1,NULL,1,1,NULL,NULL,'2025-03-19 11:34:03','2025-05-02 08:57:35',NULL,'CHUBUT 264',NULL,NULL,NULL,1,NULL,NULL,NULL,NULL,NULL,NULL,NULL,NULL),(40842,11237,'GIL JAVIER ENRIQUE',NULL,NULL,NULL,'cuil','23-20078757-9',NULL,NULL,NULL,NULL,NULL,NULL,'2025-03-19 11:46:45','2025-03-19 11:46:45',NULL,NULL,NULL,NULL,NULL,NULL,NULL,NULL,NULL,NULL,NULL,NULL,NULL,NULL),(40843,11237,'GUARDIANELLI SERVICIOS AGROPECUARIOS S. A. S.',NULL,NULL,NULL,'cuil','30-66912354-6',NULL,NULL,NULL,NULL,NULL,NULL,'2025-03-19 11:46:46','2025-03-19 11:46:46',NULL,NULL,NULL,NULL,NULL,NULL,NULL,NULL,NULL,NULL,NULL,NULL,NULL,NULL),(40844,11237,'MORETTI JONATHAN JONAS',NULL,NULL,NULL,'cuil','20-32495775-9',NULL,NULL,NULL,NULL,NULL,NULL,'2025-03-19 11:46:46','2025-03-19 11:46:46',NULL,NULL,NULL,NULL,NULL,NULL,NULL,NULL,NULL,NULL,NULL,NULL,NULL,NULL),(40845,11237,'ANGELICI MARIA LUJAN',NULL,NULL,NULL,'cuil','27-37286172-5',NULL,NULL,NULL,NULL,NULL,NULL,'2025-03-19 11:46:46','2025-03-19 11:46:46',NULL,NULL,NULL,NULL,NULL,NULL,NULL,NULL,NULL,NULL,NULL,NULL,NULL,NULL),(40846,11237,'VENTER AXEL ANDRE',NULL,NULL,NULL,'cuil','20-37068329-9',NULL,NULL,NULL,NULL,NULL,NULL,'2025-03-19 11:46:46','2025-03-19 11:46:46',NULL,NULL,NULL,NULL,NULL,NULL,NULL,NULL,NULL,NULL,NULL,NULL,NULL,NULL),(40847,11237,'CASTRO LUCIANO MATIAS',NULL,NULL,NULL,'cuil','20-31003095-4',NULL,NULL,NULL,NULL,NULL,NULL,'2025-03-19 11:46:46','2025-03-19 11:46:46',NULL,NULL,NULL,NULL,NULL,NULL,NULL,NULL,NULL,NULL,NULL,NULL,NULL,NULL);
INSERT INTO `persons` VALUES (40848,11237,'UNIVERSIDAD NACIONAL DE RIO CUARTO',NULL,NULL,NULL,'cuil','30-58676189-3',NULL,NULL,NULL,NULL,NULL,NULL,'2025-03-19 11:46:47','2025-03-19 11:46:47',NULL,NULL,NULL,NULL,NULL,NULL,NULL,NULL,NULL,NULL,NULL,NULL,NULL,NULL),(40849,11237,'GRIBOFF RAUL NICOLAS',NULL,NULL,NULL,'cuil','20-24884177-0',NULL,NULL,NULL,NULL,NULL,NULL,'2025-03-19 11:46:47','2025-03-19 11:46:47',NULL,NULL,NULL,NULL,NULL,NULL,NULL,NULL,NULL,NULL,NULL,NULL,NULL,NULL),(40850,NULL,'AMX ARGENTINA SOCIEDAD ANONIMA',NULL,NULL,NULL,'cuil','30-66328849-7',NULL,NULL,NULL,NULL,NULL,NULL,'2025-03-20 09:27:20','2025-03-20 09:27:20',NULL,NULL,NULL,NULL,NULL,NULL,NULL,NULL,NULL,NULL,NULL,NULL,NULL,NULL),(40851,NULL,'COOP LTDA ELECT OBRAS Y SERVICIOS PUBL CREDITOS Y VIVIENDAS DE CARNERILLO',NULL,NULL,NULL,'cuil','30-54581380-3',NULL,NULL,NULL,NULL,NULL,NULL,'2025-03-20 09:27:21','2025-03-20 09:27:21',NULL,NULL,NULL,NULL,NULL,NULL,NULL,NULL,NULL,NULL,NULL,NULL,NULL,NULL),(40852,NULL,'EL EUSKAL S.R.L.',NULL,NULL,NULL,'cuil','30-71022864-3',NULL,NULL,NULL,NULL,NULL,NULL,'2025-03-20 09:27:21','2025-03-20 09:27:21',NULL,NULL,NULL,NULL,NULL,NULL,NULL,NULL,NULL,NULL,NULL,NULL,NULL,NULL),(40853,NULL,'RAPPA NELDER ERMITE',NULL,NULL,NULL,'cuil','20-17872752-5',NULL,NULL,NULL,NULL,NULL,NULL,'2025-03-20 09:27:21','2025-03-20 09:27:21',NULL,NULL,NULL,NULL,NULL,NULL,NULL,NULL,NULL,NULL,NULL,NULL,NULL,NULL),(40854,NULL,'DON ENRIQUE AGRO S.A.S.',NULL,NULL,NULL,'cuil','30-71659486-2',NULL,NULL,NULL,NULL,NULL,NULL,'2025-03-20 09:27:21','2025-03-20 09:27:21',NULL,NULL,NULL,NULL,NULL,NULL,NULL,NULL,NULL,NULL,NULL,NULL,NULL,NULL),(40855,NULL,'ESTRUCTURALES RANQUEL SOCIEDAD DE RESPONSABILIDAD LIMITADA',NULL,NULL,NULL,'cuil','30-55730538-2',NULL,NULL,NULL,NULL,NULL,NULL,'2025-03-20 09:27:21','2025-03-20 09:27:21',NULL,NULL,NULL,NULL,NULL,NULL,NULL,NULL,NULL,NULL,NULL,NULL,NULL,NULL),(40856,NULL,'AGONAL DIEGO GERMAN',NULL,NULL,NULL,'cuil','20-28359177-9',NULL,NULL,NULL,NULL,NULL,NULL,'2025-03-20 09:27:21','2025-03-20 09:27:21',NULL,NULL,NULL,NULL,NULL,NULL,NULL,NULL,NULL,NULL,NULL,NULL,NULL,NULL),(40857,NULL,'TIRECOR S.A',NULL,NULL,NULL,'cuil','30-71261580-6',NULL,NULL,NULL,NULL,NULL,NULL,'2025-03-20 09:27:21','2025-03-20 09:27:21',NULL,NULL,NULL,NULL,NULL,NULL,NULL,NULL,NULL,NULL,NULL,NULL,NULL,NULL),(40858,NULL,'BARLASINA HNOS S.A.',NULL,NULL,NULL,'cuil','30-71467499-0',NULL,NULL,NULL,NULL,NULL,NULL,'2025-03-20 09:27:21','2025-03-20 09:27:21',NULL,NULL,NULL,NULL,NULL,NULL,NULL,NULL,NULL,NULL,NULL,NULL,NULL,NULL),(40859,NULL,'FRAVEGA S A C I E I',NULL,NULL,NULL,'cuil','30-52687424-9',NULL,NULL,NULL,NULL,NULL,NULL,'2025-03-20 09:27:22','2025-03-20 09:27:22',NULL,NULL,NULL,NULL,NULL,NULL,NULL,NULL,NULL,NULL,NULL,NULL,NULL,NULL),(40860,NULL,'VLC ARGENTINA S.A.',NULL,NULL,NULL,'cuil','30-70874709-9',NULL,NULL,NULL,NULL,NULL,NULL,'2025-03-20 09:27:22','2025-03-20 09:27:22',NULL,NULL,NULL,NULL,NULL,NULL,NULL,NULL,NULL,NULL,NULL,NULL,NULL,NULL),(40861,NULL,'SUPERIMPERIO S A',NULL,NULL,NULL,'cuil','30-58374779-2',NULL,NULL,NULL,NULL,NULL,NULL,'2025-03-20 09:27:22','2025-03-20 09:27:22',NULL,NULL,NULL,NULL,NULL,NULL,NULL,NULL,NULL,NULL,NULL,NULL,NULL,NULL),(40862,NULL,'PISPIEIRO RICARDO Y PISPIEIRO JOAQUIN  SOCIEDAD DE HECHO',NULL,NULL,NULL,'cuil','30-71408825-0',NULL,NULL,NULL,NULL,NULL,NULL,'2025-03-20 09:27:22','2025-03-20 09:27:22',NULL,NULL,NULL,NULL,NULL,NULL,NULL,NULL,NULL,NULL,NULL,NULL,NULL,NULL),(40863,NULL,'FERREYRA ANGEL PABLO',NULL,NULL,NULL,'cuil','20-25155737-4',NULL,NULL,NULL,NULL,NULL,NULL,'2025-03-20 09:27:22','2025-03-20 09:27:22',NULL,NULL,NULL,NULL,NULL,NULL,NULL,NULL,NULL,NULL,NULL,NULL,NULL,NULL),(40864,NULL,'JAMES & SON ARGENTINA S A',NULL,NULL,NULL,'cuil','33-69228252-9',NULL,NULL,NULL,NULL,NULL,NULL,'2025-03-20 09:27:23','2025-03-20 09:27:23',NULL,NULL,NULL,NULL,NULL,NULL,NULL,NULL,NULL,NULL,NULL,NULL,NULL,NULL);
INSERT INTO `persons` VALUES (40865,NULL,'SSIMPLE S.A.S.',NULL,NULL,NULL,'cuil','30-71699625-1',NULL,NULL,NULL,NULL,NULL,NULL,'2025-03-20 09:27:23','2025-03-20 09:27:23',NULL,NULL,NULL,NULL,NULL,NULL,NULL,NULL,NULL,NULL,NULL,NULL,NULL,NULL),(40866,NULL,'KREVS EZEQUIEL ANTONIO',NULL,NULL,NULL,'cuil','20-22184762-9',NULL,NULL,NULL,NULL,NULL,NULL,'2025-03-20 09:27:24','2025-03-20 09:27:24',NULL,NULL,NULL,NULL,NULL,NULL,NULL,NULL,NULL,NULL,NULL,NULL,NULL,NULL),(40867,NULL,'FEIJOO CARLOS ALBERTO',NULL,NULL,NULL,'cuil','20-13459185-5',NULL,NULL,NULL,NULL,NULL,NULL,'2025-03-20 09:27:24','2025-03-20 09:27:24',NULL,NULL,NULL,NULL,NULL,NULL,NULL,NULL,NULL,NULL,NULL,NULL,NULL,NULL),(40868,NULL,'ESTACION MANDIOCA S.A.',NULL,NULL,NULL,'cuil','30-71066508-3',NULL,NULL,NULL,NULL,NULL,NULL,'2025-03-20 09:27:24','2025-03-20 09:27:24',NULL,NULL,NULL,NULL,NULL,NULL,NULL,NULL,NULL,NULL,NULL,NULL,NULL,NULL),(40869,NULL,'RAZETTO SANDOVAL CARLOS ADRIAN',NULL,NULL,NULL,'cuil','20-22742258-1',NULL,NULL,NULL,NULL,NULL,NULL,'2025-03-20 09:27:25','2025-03-20 09:27:25',NULL,NULL,NULL,NULL,NULL,NULL,NULL,NULL,NULL,NULL,NULL,NULL,NULL,NULL),(40870,NULL,'TRANSPORTE RODRIGUEZ & MANA S.A.S.',NULL,NULL,NULL,'cuil','30-71790178-5',NULL,NULL,NULL,NULL,NULL,NULL,'2025-03-20 09:27:25','2025-03-20 09:27:25',NULL,NULL,NULL,NULL,NULL,NULL,NULL,NULL,NULL,NULL,NULL,NULL,NULL,NULL),(40871,NULL,'SANTONI EMMANUEL CHRISTIAN NORBERTO',NULL,NULL,NULL,'cuil','20-33174077-3',NULL,NULL,NULL,NULL,NULL,NULL,'2025-03-20 09:27:25','2025-03-20 09:27:25',NULL,NULL,NULL,NULL,NULL,NULL,NULL,NULL,NULL,NULL,NULL,NULL,NULL,NULL),(40877,11237,'DANIEL OMAR CALVO S R L',NULL,NULL,NULL,'cuil','30-70931625-3',NULL,NULL,NULL,NULL,NULL,NULL,'2025-03-20 11:49:45','2025-03-20 11:49:45',NULL,NULL,NULL,NULL,NULL,NULL,NULL,NULL,NULL,NULL,NULL,NULL,NULL,NULL),(40878,11237,'BANCO MACRO SOCIEDAD ANONIMA',NULL,NULL,NULL,'cuit','30-50001008-4',1,NULL,22,22,NULL,NULL,'2025-03-20 19:13:20','2025-03-20 19:13:20',NULL,'MADERO EDUARDO AV. 1182',NULL,NULL,NULL,2,NULL,NULL,NULL,NULL,NULL,NULL,NULL,NULL),(40879,11237,'INDUSTRIAL AND COMMERCIAL BANK OF CHINA (ARGENTINA) S.A.U.',NULL,NULL,NULL,'cuit','30-70944784-6',1,NULL,22,22,NULL,NULL,'2025-03-20 19:22:20','2025-03-20 19:22:20',NULL,'GRIERSON,CECILIA BOULEVARD 355 Piso:8',NULL,NULL,NULL,2,NULL,NULL,NULL,NULL,NULL,NULL,NULL,NULL),(40880,11237,'BOGINO EDGARDO DANIEL',NULL,NULL,NULL,'cuil','20-14907639-6',NULL,NULL,NULL,NULL,NULL,NULL,'2025-03-24 12:06:16','2025-03-24 12:06:16',NULL,NULL,NULL,NULL,NULL,NULL,NULL,NULL,NULL,NULL,NULL,NULL,NULL,NULL),(40881,11237,'MEDINA SERGIO EDGARDO',NULL,NULL,NULL,'cuil','20-34569455-3',NULL,NULL,NULL,NULL,NULL,NULL,'2025-03-24 12:06:16','2025-03-24 12:06:16',NULL,NULL,NULL,NULL,NULL,NULL,NULL,NULL,NULL,NULL,NULL,NULL,NULL,NULL),(40882,11237,'AGRO GM SOCIEDAD ANONIMA',NULL,NULL,NULL,'cuil','33-70828045-9',NULL,NULL,NULL,NULL,NULL,NULL,'2025-03-24 12:06:17','2025-03-24 12:06:17',NULL,NULL,NULL,NULL,NULL,NULL,NULL,NULL,NULL,NULL,NULL,NULL,NULL,NULL),(40883,11237,'IMPERIO PIEDRAS S.A.S.',NULL,NULL,NULL,'cuil','30-71804946-2',NULL,NULL,NULL,NULL,NULL,NULL,'2025-03-24 12:06:17','2025-03-24 12:06:17',NULL,NULL,NULL,NULL,NULL,NULL,NULL,NULL,NULL,NULL,NULL,NULL,NULL,NULL),(40884,11237,'GIORDANA GERARDO SEFERINO',NULL,NULL,NULL,'cuil','20-17271429-4',NULL,NULL,NULL,NULL,NULL,NULL,'2025-03-24 12:06:17','2025-03-24 12:06:17',NULL,NULL,NULL,NULL,NULL,NULL,NULL,NULL,NULL,NULL,NULL,NULL,NULL,NULL),(40885,11237,'COVASSIN GROUP S.A.S.',NULL,NULL,NULL,'cuil','30-71864944-3',NULL,NULL,NULL,NULL,NULL,NULL,'2025-03-24 12:06:18','2025-03-24 12:06:18',NULL,NULL,NULL,NULL,NULL,NULL,NULL,NULL,NULL,NULL,NULL,NULL,NULL,NULL),(40886,11237,'PALLOTTI DIEGO MARCELO',NULL,NULL,NULL,'cuil','23-29644483-9',NULL,NULL,NULL,NULL,NULL,NULL,'2025-03-24 12:06:18','2025-03-24 12:06:18',NULL,NULL,NULL,NULL,NULL,NULL,NULL,NULL,NULL,NULL,NULL,NULL,NULL,NULL);
INSERT INTO `persons` VALUES (40887,11237,'BANCO DE LA NACION ARGENTINA',NULL,NULL,NULL,'cuit','30-50001091-2',1,NULL,22,22,NULL,NULL,'2025-03-24 14:17:07','2025-03-24 14:17:07',NULL,'MITRE BARTOLOME 326 P4 D428',NULL,NULL,NULL,2,NULL,NULL,NULL,NULL,NULL,NULL,NULL,NULL),(40888,11237,'ACEROS RIO CUARTO S R L',NULL,NULL,NULL,'cuil','30-70819492-8',NULL,NULL,NULL,NULL,NULL,NULL,'2025-03-24 15:19:29','2025-03-24 15:19:29',NULL,NULL,NULL,NULL,NULL,NULL,NULL,NULL,NULL,NULL,NULL,NULL,NULL,NULL),(40889,11237,'COOREMAN ADOLFO OSVALDO',NULL,NULL,NULL,'cuil','20-08439625-8',NULL,NULL,NULL,NULL,NULL,NULL,'2025-03-24 15:19:29','2025-03-24 15:19:29',NULL,NULL,NULL,NULL,NULL,NULL,NULL,NULL,NULL,NULL,NULL,NULL,NULL,NULL),(40890,11237,'LUPI LIHUEL EMAI',NULL,NULL,NULL,'cuil','20-35030345-7',NULL,NULL,NULL,NULL,NULL,NULL,'2025-03-24 15:19:29','2025-03-24 15:19:29',NULL,NULL,NULL,NULL,NULL,NULL,NULL,NULL,NULL,NULL,NULL,NULL,NULL,NULL),(40891,11237,'PAREJO JULIO RICARDO',NULL,NULL,NULL,'cuil','20-24003266-0',NULL,NULL,NULL,NULL,NULL,NULL,'2025-03-24 15:19:29','2025-03-24 15:19:29',NULL,NULL,NULL,NULL,NULL,NULL,NULL,NULL,NULL,NULL,NULL,NULL,NULL,NULL),(40892,11237,'SUCESION DE GRANDO JOSE MARIA',NULL,NULL,NULL,'cuil','20-10585514-2',NULL,NULL,NULL,NULL,NULL,NULL,'2025-03-24 15:19:29','2025-03-24 15:19:29',NULL,NULL,NULL,NULL,NULL,NULL,NULL,NULL,NULL,NULL,NULL,NULL,NULL,NULL),(40893,11237,'SUCESION DE ANINO ALBERTO HUGO',NULL,NULL,NULL,'cuil','20-13456911-6',NULL,NULL,NULL,NULL,NULL,NULL,'2025-03-24 15:19:30','2025-03-24 15:19:30',NULL,NULL,NULL,NULL,NULL,NULL,NULL,NULL,NULL,NULL,NULL,NULL,NULL,NULL),(40894,11237,'PAUTASSO LUIS RUBEN',NULL,NULL,NULL,'cuil','20-26861585-8',NULL,NULL,NULL,NULL,NULL,NULL,'2025-03-24 15:19:30','2025-03-24 15:19:30',NULL,NULL,NULL,NULL,NULL,NULL,NULL,NULL,NULL,NULL,NULL,NULL,NULL,NULL),(40895,11237,'ALTAMIRANO MARCOS NATANAEL',NULL,NULL,NULL,'cuil','20-31196192-7',NULL,NULL,NULL,NULL,NULL,NULL,'2025-03-24 15:19:30','2025-03-24 15:19:30',NULL,NULL,NULL,NULL,NULL,NULL,NULL,NULL,NULL,NULL,NULL,NULL,NULL,NULL),(40896,NULL,'ARIAS JULIETA ANAHI',NULL,NULL,NULL,'cuil','23-34792397-4',NULL,NULL,NULL,NULL,NULL,NULL,'2025-03-25 20:52:35','2025-03-25 20:52:35',NULL,NULL,NULL,NULL,NULL,NULL,NULL,NULL,NULL,NULL,NULL,NULL,NULL,NULL),(40897,NULL,'ORDOÑEZ SERGIO JAVIER',NULL,NULL,NULL,'cuil','20-35212998-5',NULL,NULL,NULL,NULL,NULL,NULL,'2025-03-25 20:52:35','2025-03-25 20:52:35',NULL,NULL,NULL,NULL,NULL,NULL,NULL,NULL,NULL,NULL,NULL,NULL,NULL,NULL),(40898,NULL,'BEMA RIO S.R.L.',NULL,NULL,NULL,'cuil','30-71554608-2',NULL,NULL,NULL,NULL,NULL,NULL,'2025-03-25 20:52:35','2025-03-25 20:52:35',NULL,NULL,NULL,NULL,NULL,NULL,NULL,NULL,NULL,NULL,NULL,NULL,NULL,NULL),(40899,NULL,'UGARTE Y CIA S R L',NULL,NULL,NULL,'cuil','30-52778140-6',NULL,NULL,NULL,NULL,NULL,NULL,'2025-03-25 20:52:36','2025-03-25 20:52:36',NULL,NULL,NULL,NULL,NULL,NULL,NULL,NULL,NULL,NULL,NULL,NULL,NULL,NULL),(40900,NULL,'SELCA DISTRIBUIDORA S.R.L.',NULL,NULL,NULL,'cuil','30-71623011-9',NULL,NULL,NULL,NULL,NULL,NULL,'2025-03-25 20:52:36','2025-03-25 20:52:36',NULL,NULL,NULL,NULL,NULL,NULL,NULL,NULL,NULL,NULL,NULL,NULL,NULL,NULL),(40901,NULL,'LUJAN MIGUEL ANGEL',NULL,NULL,NULL,'cuil','20-24969014-8',NULL,NULL,NULL,NULL,NULL,NULL,'2025-03-25 20:52:36','2025-03-25 20:52:36',NULL,NULL,NULL,NULL,NULL,NULL,NULL,NULL,NULL,NULL,NULL,NULL,NULL,NULL),(40902,NULL,'D-COM SRL',NULL,NULL,NULL,'cuil','30-71623851-9',NULL,NULL,NULL,NULL,NULL,NULL,'2025-03-25 20:52:36','2025-03-25 20:52:36',NULL,NULL,NULL,NULL,NULL,NULL,NULL,NULL,NULL,NULL,NULL,NULL,NULL,NULL),(40903,NULL,'HAUSWAGEN - PILAR S A',NULL,NULL,NULL,'cuil','30-58831221-2',NULL,NULL,NULL,NULL,NULL,NULL,'2025-03-25 20:52:36','2025-03-25 20:52:36',NULL,NULL,NULL,NULL,NULL,NULL,NULL,NULL,NULL,NULL,NULL,NULL,NULL,NULL),(40904,NULL,'VERA FLORENCIA MATILDE',NULL,NULL,NULL,'cuil','27-33967523-1',NULL,NULL,NULL,NULL,NULL,NULL,'2025-03-25 20:52:37','2025-03-25 20:52:37',NULL,NULL,NULL,NULL,NULL,NULL,NULL,NULL,NULL,NULL,NULL,NULL,NULL,NULL);
INSERT INTO `persons` VALUES (40905,NULL,'MARINCIONI ROCIO SOLEDAD',NULL,NULL,NULL,'cuil','27-40678765-1',NULL,NULL,NULL,NULL,NULL,NULL,'2025-03-25 20:52:37','2025-03-25 20:52:37',NULL,NULL,NULL,NULL,NULL,NULL,NULL,NULL,NULL,NULL,NULL,NULL,NULL,NULL),(40906,NULL,'ONYX MEDIA SA',NULL,NULL,NULL,'cuil','30-71535314-4',NULL,NULL,NULL,NULL,NULL,NULL,'2025-03-25 20:52:37','2025-03-25 20:52:37',NULL,NULL,NULL,NULL,NULL,NULL,NULL,NULL,NULL,NULL,NULL,NULL,NULL,NULL),(40907,NULL,'ANTONIO F. LA BRUNA S.R.L.',NULL,NULL,NULL,'cuil','30-70825635-4',NULL,NULL,NULL,NULL,NULL,NULL,'2025-03-25 20:52:37','2025-03-25 20:52:37',NULL,NULL,NULL,NULL,NULL,NULL,NULL,NULL,NULL,NULL,NULL,NULL,NULL,NULL),(40908,11237,'TESTA LELLI LIAUDAT Y COMPA#IA S R L',NULL,NULL,NULL,'cuil','30-68399229-8',NULL,NULL,NULL,NULL,NULL,NULL,'2025-03-25 20:54:22','2025-03-25 20:54:22',NULL,NULL,NULL,NULL,NULL,NULL,NULL,NULL,NULL,NULL,NULL,NULL,NULL,NULL),(40909,NULL,'JUAN DEBERNARDI S R L',NULL,NULL,NULL,'cuil','30-60422370-5',NULL,NULL,NULL,NULL,NULL,NULL,'2025-04-01 18:25:06','2025-04-01 18:25:06',NULL,NULL,NULL,NULL,NULL,NULL,NULL,NULL,NULL,NULL,NULL,NULL,NULL,NULL),(40910,NULL,'SPEED BUSINESS S. A.',NULL,NULL,NULL,'cuil','30-68697835-0',NULL,NULL,NULL,NULL,NULL,NULL,'2025-04-01 18:25:06','2025-04-01 18:25:06',NULL,NULL,NULL,NULL,NULL,NULL,NULL,NULL,NULL,NULL,NULL,NULL,NULL,NULL),(40911,NULL,'PREMET MARCELO JOSE',NULL,NULL,NULL,'cuil','20-20083055-6',NULL,NULL,NULL,NULL,NULL,NULL,'2025-04-01 18:25:07','2025-04-01 18:25:07',NULL,NULL,NULL,NULL,NULL,NULL,NULL,NULL,NULL,NULL,NULL,NULL,NULL,NULL),(40912,NULL,'DELAVAL S.A',NULL,NULL,NULL,'cuil','30-57253099-6',NULL,NULL,NULL,NULL,NULL,NULL,'2025-04-01 18:25:07','2025-04-01 18:25:07',NULL,NULL,NULL,NULL,NULL,NULL,NULL,NULL,NULL,NULL,NULL,NULL,NULL,NULL),(40913,NULL,'LACTODIAGNOSTICO SUR SRL',NULL,NULL,NULL,'cuil','30-70984701-1',NULL,NULL,NULL,NULL,NULL,NULL,'2025-04-01 18:25:08','2025-04-01 18:25:08',NULL,NULL,NULL,NULL,NULL,NULL,NULL,NULL,NULL,NULL,NULL,NULL,NULL,NULL),(40914,NULL,'PIZZUTO DARIO',NULL,NULL,NULL,'cuil','20-34977112-9',NULL,NULL,NULL,NULL,NULL,NULL,'2025-04-01 18:25:09','2025-04-01 18:25:09',NULL,NULL,NULL,NULL,NULL,NULL,NULL,NULL,NULL,NULL,NULL,NULL,NULL,NULL),(40915,11237,'MOLFINO HNOS SOCIEDAD ANONIMA',NULL,NULL,NULL,'cuil','30-50076826-2',1,NULL,23,23,NULL,NULL,'2025-04-01 18:55:28','2025-04-09 20:40:11',NULL,'VALENTIN VIRASORO 2656 Piso:1',NULL,NULL,NULL,2,NULL,NULL,NULL,NULL,NULL,NULL,NULL,NULL),(40916,NULL,'PONTE SERGIO',NULL,NULL,NULL,'cuil','20-41485434-7',NULL,NULL,NULL,NULL,NULL,NULL,'2025-04-05 18:31:13','2025-04-05 18:31:13',NULL,NULL,NULL,NULL,NULL,NULL,NULL,NULL,NULL,NULL,NULL,NULL,NULL,NULL),(40917,NULL,'JN TIENDA ELECTRICA SOCIEDAD ANONIMA',NULL,NULL,NULL,'cuil','30-71557690-9',NULL,NULL,NULL,NULL,NULL,NULL,'2025-04-05 18:31:13','2025-04-05 18:31:13',NULL,NULL,NULL,NULL,NULL,NULL,NULL,NULL,NULL,NULL,NULL,NULL,NULL,NULL),(40918,NULL,'PLEYADE  S.A.',NULL,NULL,NULL,'cuil','30-70874695-5',NULL,NULL,NULL,NULL,NULL,NULL,'2025-04-05 18:31:13','2025-04-05 18:31:13',NULL,NULL,NULL,NULL,NULL,NULL,NULL,NULL,NULL,NULL,NULL,NULL,NULL,NULL),(40919,NULL,'FERNANDEZ HORACIO GABRIEL',NULL,NULL,NULL,'cuil','20-23298599-3',NULL,NULL,NULL,NULL,NULL,NULL,'2025-04-05 18:31:14','2025-04-05 18:31:14',NULL,NULL,NULL,NULL,NULL,NULL,NULL,NULL,NULL,NULL,NULL,NULL,NULL,NULL),(40920,NULL,'ALTECO SRL',NULL,NULL,NULL,'cuil','30-70946214-4',NULL,NULL,NULL,NULL,NULL,NULL,'2025-04-05 18:31:14','2025-04-05 18:31:14',NULL,NULL,NULL,NULL,NULL,NULL,NULL,NULL,NULL,NULL,NULL,NULL,NULL,NULL),(40921,NULL,'OLIVIERI CARLOS ALBERTO',NULL,NULL,NULL,'cuil','20-23758134-3',NULL,NULL,NULL,NULL,NULL,NULL,'2025-04-05 18:31:14','2025-04-05 18:31:14',NULL,NULL,NULL,NULL,NULL,NULL,NULL,NULL,NULL,NULL,NULL,NULL,NULL,NULL),(40922,NULL,'SUPERFOTO S R L',NULL,NULL,NULL,'cuil','30-70839544-3',NULL,NULL,NULL,NULL,NULL,NULL,'2025-04-05 18:31:14','2025-04-05 18:31:14',NULL,NULL,NULL,NULL,NULL,NULL,NULL,NULL,NULL,NULL,NULL,NULL,NULL,NULL);
INSERT INTO `persons` VALUES (40923,NULL,'BOSSO MIGUEL ANGEL',NULL,NULL,NULL,'cuil','20-20245458-6',NULL,NULL,NULL,NULL,NULL,NULL,'2025-04-05 18:31:14','2025-04-05 18:31:14',NULL,NULL,NULL,NULL,NULL,NULL,NULL,NULL,NULL,NULL,NULL,NULL,NULL,NULL),(40924,NULL,'CIALE SOCIEDAD ANONIMA',NULL,NULL,NULL,'cuil','30-62174569-3',NULL,NULL,NULL,NULL,NULL,NULL,'2025-04-05 18:31:15','2025-04-05 18:31:15',NULL,NULL,NULL,NULL,NULL,NULL,NULL,NULL,NULL,NULL,NULL,NULL,NULL,NULL),(40925,NULL,'VALYRIA SRL',NULL,NULL,NULL,'cuil','30-71569986-5',NULL,NULL,NULL,NULL,NULL,NULL,'2025-04-05 18:31:15','2025-04-05 18:31:15',NULL,NULL,NULL,NULL,NULL,NULL,NULL,NULL,NULL,NULL,NULL,NULL,NULL,NULL),(40926,NULL,'BARCENA AGUSTIN ALEJANDRO',NULL,NULL,NULL,'cuil','20-39542908-7',NULL,NULL,NULL,NULL,NULL,NULL,'2025-04-05 18:31:15','2025-04-05 18:31:15',NULL,NULL,NULL,NULL,NULL,NULL,NULL,NULL,NULL,NULL,NULL,NULL,NULL,NULL),(40927,NULL,'KVOLEK GENERO SOCIEDAD SIMPLE',NULL,NULL,NULL,'cuil','30-71786378-6',NULL,NULL,NULL,NULL,NULL,NULL,'2025-04-05 18:31:15','2025-04-05 18:31:15',NULL,NULL,NULL,NULL,NULL,NULL,NULL,NULL,NULL,NULL,NULL,NULL,NULL,NULL),(40928,NULL,'RIBERA FOODS S.A.',NULL,NULL,NULL,'cuil','30-71387220-9',NULL,NULL,NULL,NULL,NULL,NULL,'2025-04-05 18:31:15','2025-04-05 18:31:15',NULL,NULL,NULL,NULL,NULL,NULL,NULL,NULL,NULL,NULL,NULL,NULL,NULL,NULL),(40929,NULL,'VASCONSUELO MARTIN ANDRES',NULL,NULL,NULL,'cuil','20-29778905-9',NULL,NULL,NULL,NULL,NULL,NULL,'2025-04-05 18:31:16','2025-04-05 18:31:16',NULL,NULL,NULL,NULL,NULL,NULL,NULL,NULL,NULL,NULL,NULL,NULL,NULL,NULL),(40930,NULL,'ESTUDIO AUDITORIAS Y COBRANZAS DEL CENTRO SOCIEDAD CIVIL',NULL,NULL,NULL,'cuil','30-70952857-9',NULL,NULL,NULL,NULL,NULL,NULL,'2025-04-05 18:31:18','2025-04-05 18:31:18',NULL,NULL,NULL,NULL,NULL,NULL,NULL,NULL,NULL,NULL,NULL,NULL,NULL,NULL),(40931,NULL,'METALURGICA DEL SUR S R L',NULL,NULL,NULL,'cuil','30-70838267-8',NULL,NULL,NULL,NULL,NULL,NULL,'2025-04-05 18:32:10','2025-04-05 18:32:10',NULL,NULL,NULL,NULL,NULL,NULL,NULL,NULL,NULL,NULL,NULL,NULL,NULL,NULL),(40932,NULL,'GIRAUDO JOSE ANGEL',NULL,NULL,NULL,'cuil','20-11099451-7',NULL,NULL,NULL,NULL,NULL,NULL,'2025-04-05 18:32:10','2025-04-05 18:32:10',NULL,NULL,NULL,NULL,NULL,NULL,NULL,NULL,NULL,NULL,NULL,NULL,NULL,NULL),(40933,NULL,'SWEATERS ARGENTINOS S.R.L.',NULL,NULL,NULL,'cuil','30-71458040-6',NULL,NULL,NULL,NULL,NULL,NULL,'2025-04-05 18:32:11','2025-04-05 18:32:11',NULL,NULL,NULL,NULL,NULL,NULL,NULL,NULL,NULL,NULL,NULL,NULL,NULL,NULL),(40934,NULL,'NYT ARDILA S.R.L.',NULL,NULL,NULL,'cuil','30-71584823-2',NULL,NULL,NULL,NULL,NULL,NULL,'2025-04-05 18:32:11','2025-04-05 18:32:11',NULL,NULL,NULL,NULL,NULL,NULL,NULL,NULL,NULL,NULL,NULL,NULL,NULL,NULL),(40935,NULL,'LOS PATIOS DE SAN TELMO S.A.',NULL,NULL,NULL,'cuil','30-71209616-7',NULL,NULL,NULL,NULL,NULL,NULL,'2025-04-05 18:32:11','2025-04-05 18:32:11',NULL,NULL,NULL,NULL,NULL,NULL,NULL,NULL,NULL,NULL,NULL,NULL,NULL,NULL),(40936,NULL,'ADIDAS ARGENTINA S A',NULL,NULL,NULL,'cuil','30-68514022-1',NULL,NULL,NULL,NULL,NULL,NULL,'2025-04-05 18:32:12','2025-04-05 18:32:12',NULL,NULL,NULL,NULL,NULL,NULL,NULL,NULL,NULL,NULL,NULL,NULL,NULL,NULL),(40937,NULL,'ABAFORD REPUESTOS SRL',NULL,NULL,NULL,'cuil','30-61663417-4',NULL,NULL,NULL,NULL,NULL,NULL,'2025-04-05 18:32:12','2025-04-05 18:32:12',NULL,NULL,NULL,NULL,NULL,NULL,NULL,NULL,NULL,NULL,NULL,NULL,NULL,NULL),(40938,NULL,'ROSSO RICARDO RUBEN',NULL,NULL,NULL,'cuil','20-14991708-0',NULL,NULL,NULL,NULL,NULL,NULL,'2025-04-05 18:32:12','2025-04-05 18:32:12',NULL,NULL,NULL,NULL,NULL,NULL,NULL,NULL,NULL,NULL,NULL,NULL,NULL,NULL),(40939,11237,'ZANOTTI JORGE OSMAR',NULL,NULL,NULL,'cuil','20-13662299-5',NULL,NULL,NULL,NULL,NULL,NULL,'2025-04-05 18:32:46','2025-04-05 18:32:46',NULL,NULL,NULL,NULL,NULL,NULL,NULL,NULL,NULL,NULL,NULL,NULL,NULL,NULL),(40940,11237,'CAÑADA PAOLA BEATRIZ',NULL,NULL,NULL,'cuil','27-25313651-6',NULL,NULL,NULL,NULL,NULL,NULL,'2025-04-05 18:32:47','2025-04-05 18:32:47',NULL,NULL,NULL,NULL,NULL,NULL,NULL,NULL,NULL,NULL,NULL,NULL,NULL,NULL);
INSERT INTO `persons` VALUES (40941,11237,'ABS ARGENTINA S.A.',NULL,NULL,NULL,'cuil','30-70909737-3',NULL,NULL,NULL,NULL,NULL,NULL,'2025-04-05 18:32:47','2025-04-05 18:32:47',NULL,NULL,NULL,NULL,NULL,NULL,NULL,NULL,NULL,NULL,NULL,NULL,NULL,NULL),(40942,11237,'TARICCO NORMA ESTELA',NULL,NULL,NULL,'cuil','27-11377670-1',NULL,NULL,NULL,NULL,NULL,NULL,'2025-04-05 18:32:48','2025-04-05 18:32:48',NULL,NULL,NULL,NULL,NULL,NULL,NULL,NULL,NULL,NULL,NULL,NULL,NULL,NULL),(40943,11237,'MINDEO S A',NULL,NULL,NULL,'cuil','30-70937040-1',NULL,NULL,NULL,NULL,NULL,NULL,'2025-04-05 18:32:48','2025-04-05 18:32:48',NULL,NULL,NULL,NULL,NULL,NULL,NULL,NULL,NULL,NULL,NULL,NULL,NULL,NULL),(40944,11237,'FERDINANDO S.A.S.',NULL,NULL,NULL,'cuil','30-71827717-1',NULL,NULL,NULL,NULL,NULL,NULL,'2025-04-05 18:32:48','2025-04-05 18:32:48',NULL,NULL,NULL,NULL,NULL,NULL,NULL,NULL,NULL,NULL,NULL,NULL,NULL,NULL),(40945,11237,'FRIGORIFICO AB S.A.',NULL,NULL,NULL,'cuil','30-71040750-5',NULL,NULL,NULL,NULL,NULL,NULL,'2025-04-05 18:32:49','2025-04-05 18:32:49',NULL,NULL,NULL,NULL,NULL,NULL,NULL,NULL,NULL,NULL,NULL,NULL,NULL,NULL),(40946,11237,'PEDRAZZOLI, DEL FRADE Y C.I.A. SOCIEDAD ANONIMA',NULL,NULL,NULL,'cuil','30-57871936-5',NULL,NULL,NULL,NULL,NULL,NULL,'2025-04-05 18:32:49','2025-04-05 18:32:49',NULL,NULL,NULL,NULL,NULL,NULL,NULL,NULL,NULL,NULL,NULL,NULL,NULL,NULL),(40947,NULL,'SEGUTEX S.R.L.',NULL,NULL,NULL,'cuil','30-71489760-4',NULL,NULL,NULL,NULL,NULL,NULL,'2025-04-05 18:33:15','2025-04-05 18:33:15',NULL,NULL,NULL,NULL,NULL,NULL,NULL,NULL,NULL,NULL,NULL,NULL,NULL,NULL),(40948,NULL,'PAPELERA GASO S R L',NULL,NULL,NULL,'cuil','30-70980535-1',NULL,NULL,NULL,NULL,NULL,NULL,'2025-04-05 18:33:16','2025-04-05 18:33:16',NULL,NULL,NULL,NULL,NULL,NULL,NULL,NULL,NULL,NULL,NULL,NULL,NULL,NULL),(40949,NULL,'COMAS LAURA NORMA',NULL,NULL,NULL,'cuil','27-13753722-8',NULL,NULL,NULL,NULL,NULL,NULL,'2025-04-05 18:33:17','2025-04-05 18:33:17',NULL,NULL,NULL,NULL,NULL,NULL,NULL,NULL,NULL,NULL,NULL,NULL,NULL,NULL),(40950,NULL,'BRANDLIVE S.A.',NULL,NULL,NULL,'cuil','30-70996436-0',NULL,NULL,NULL,NULL,NULL,NULL,'2025-04-05 18:33:17','2025-04-05 18:33:17',NULL,NULL,NULL,NULL,NULL,NULL,NULL,NULL,NULL,NULL,NULL,NULL,NULL,NULL),(40951,NULL,'DESPEGAR COM AR SA',NULL,NULL,NULL,'cuil','30-70130711-5',NULL,NULL,NULL,NULL,NULL,NULL,'2025-04-05 18:34:49','2025-04-05 18:34:49',NULL,NULL,NULL,NULL,NULL,NULL,NULL,NULL,NULL,NULL,NULL,NULL,NULL,NULL),(40952,NULL,'MIÑO NADINA MARIELA',NULL,NULL,NULL,'cuil','27-22843741-2',NULL,NULL,NULL,NULL,NULL,NULL,'2025-04-05 18:34:49','2025-04-05 18:34:49',NULL,NULL,NULL,NULL,NULL,NULL,NULL,NULL,NULL,NULL,NULL,NULL,NULL,NULL),(40953,NULL,'LISA ANA MARIA',NULL,NULL,NULL,'cuil','27-20700409-5',NULL,NULL,NULL,NULL,NULL,NULL,'2025-04-05 18:34:49','2025-04-05 18:34:49',NULL,NULL,NULL,NULL,NULL,NULL,NULL,NULL,NULL,NULL,NULL,NULL,NULL,NULL),(40954,NULL,'BALANCEAR S.A',NULL,NULL,NULL,'cuil','30-70995746-1',NULL,NULL,NULL,NULL,NULL,NULL,'2025-04-05 18:34:50','2025-04-05 18:34:50',NULL,NULL,NULL,NULL,NULL,NULL,NULL,NULL,NULL,NULL,NULL,NULL,NULL,NULL),(40955,NULL,'ANYR S.A.S.',NULL,NULL,NULL,'cuil','30-71623410-6',NULL,NULL,NULL,NULL,NULL,NULL,'2025-04-05 18:34:50','2025-04-05 18:34:50',NULL,NULL,NULL,NULL,NULL,NULL,NULL,NULL,NULL,NULL,NULL,NULL,NULL,NULL),(40956,NULL,'SEMEX ARGENTINA S.A.',NULL,NULL,NULL,'cuil','30-70799707-5',NULL,NULL,NULL,NULL,NULL,NULL,'2025-04-05 18:34:50','2025-04-05 18:34:50',NULL,NULL,NULL,NULL,NULL,NULL,NULL,NULL,NULL,NULL,NULL,NULL,NULL,NULL),(40957,NULL,'TIO MUSA SOCIEDAD ANONIMA',NULL,NULL,NULL,'cuil','30-66168573-1',NULL,NULL,NULL,NULL,NULL,NULL,'2025-04-05 18:34:50','2025-04-05 18:34:50',NULL,NULL,NULL,NULL,NULL,NULL,NULL,NULL,NULL,NULL,NULL,NULL,NULL,NULL),(40958,NULL,'CETROGAR SA',NULL,NULL,NULL,'cuil','30-59284574-8',NULL,NULL,NULL,NULL,NULL,NULL,'2025-04-05 18:34:51','2025-04-05 18:34:51',NULL,NULL,NULL,NULL,NULL,NULL,NULL,NULL,NULL,NULL,NULL,NULL,NULL,NULL);
INSERT INTO `persons` VALUES (40959,NULL,'BABAY ARGENTINA S.R.L.',NULL,NULL,NULL,'cuil','30-71695063-4',NULL,NULL,NULL,NULL,NULL,NULL,'2025-04-05 18:34:51','2025-04-05 18:34:51',NULL,NULL,NULL,NULL,NULL,NULL,NULL,NULL,NULL,NULL,NULL,NULL,NULL,NULL),(40960,NULL,'SHERPA S. R. L.',NULL,NULL,NULL,'cuil','30-71756157-7',NULL,NULL,NULL,NULL,NULL,NULL,'2025-04-05 18:34:51','2025-04-05 18:34:51',NULL,NULL,NULL,NULL,NULL,NULL,NULL,NULL,NULL,NULL,NULL,NULL,NULL,NULL),(40961,NULL,'ASOCIACION RURAL DE GRAL CABRERA',NULL,NULL,NULL,'cuil','30-70751348-5',NULL,NULL,NULL,NULL,NULL,NULL,'2025-04-05 18:35:04','2025-04-05 18:35:04',NULL,NULL,NULL,NULL,NULL,NULL,NULL,NULL,NULL,NULL,NULL,NULL,NULL,NULL),(40962,NULL,'AIASSA NATALIA',NULL,NULL,NULL,'cuil','27-27070639-3',NULL,NULL,NULL,NULL,NULL,NULL,'2025-04-05 18:35:05','2025-04-05 18:35:05',NULL,NULL,NULL,NULL,NULL,NULL,NULL,NULL,NULL,NULL,NULL,NULL,NULL,NULL),(40963,NULL,'BEELLE STYLE',NULL,NULL,NULL,'cuil','30-71755419-8',NULL,NULL,NULL,NULL,NULL,NULL,'2025-04-05 18:35:06','2025-04-05 18:35:06',NULL,NULL,NULL,NULL,NULL,NULL,NULL,NULL,NULL,NULL,NULL,NULL,NULL,NULL),(40964,NULL,'AICHINO RAUL OVIDIO',NULL,NULL,NULL,'cuil','20-21013299-7',NULL,NULL,NULL,NULL,NULL,NULL,'2025-04-05 18:35:07','2025-04-05 18:35:07',NULL,NULL,NULL,NULL,NULL,NULL,NULL,NULL,NULL,NULL,NULL,NULL,NULL,NULL),(40965,11237,'GRECO HERNAN ALEJANDRO',NULL,NULL,NULL,'cuil','20-30780476-0',NULL,NULL,NULL,NULL,NULL,NULL,'2025-04-05 18:35:23','2025-04-05 18:35:23',NULL,NULL,NULL,NULL,NULL,NULL,NULL,NULL,NULL,NULL,NULL,NULL,NULL,NULL),(40966,11237,'3G BEBIDAS S.A.S.',NULL,NULL,NULL,'cuil','30-71690095-5',NULL,NULL,NULL,NULL,NULL,NULL,'2025-04-05 18:35:23','2025-04-05 18:35:23',NULL,NULL,NULL,NULL,NULL,NULL,NULL,NULL,NULL,NULL,NULL,NULL,NULL,NULL),(40967,11237,'HERRAJES MARCELO M SAS',NULL,NULL,NULL,'cuil','30-71603876-5',NULL,NULL,NULL,NULL,NULL,NULL,'2025-04-05 18:35:24','2025-04-05 18:35:24',NULL,NULL,NULL,NULL,NULL,NULL,NULL,NULL,NULL,NULL,NULL,NULL,NULL,NULL),(40968,11237,'GUERREIRO DANIEL GERMAN',NULL,NULL,NULL,'cuil','20-22013387-8',NULL,NULL,NULL,NULL,NULL,NULL,'2025-04-05 18:35:24','2025-04-05 18:35:24',NULL,NULL,NULL,NULL,NULL,NULL,NULL,NULL,NULL,NULL,NULL,NULL,NULL,NULL),(40969,11237,'CAMILLETTI RODRIGO JOSE',NULL,NULL,NULL,'cuil','20-28821195-8',NULL,NULL,NULL,NULL,NULL,NULL,'2025-04-05 18:35:24','2025-04-05 18:35:24',NULL,NULL,NULL,NULL,NULL,NULL,NULL,NULL,NULL,NULL,NULL,NULL,NULL,NULL),(40970,11237,'TOSOLINI JORGE RAFAEL',NULL,NULL,NULL,'cuil','20-25196511-1',NULL,NULL,NULL,NULL,NULL,NULL,'2025-04-05 18:35:25','2025-04-05 18:35:25',NULL,NULL,NULL,NULL,NULL,NULL,NULL,NULL,NULL,NULL,NULL,NULL,NULL,NULL),(40971,NULL,'SAHADE MARCOS Y PIOTTI RAUL S H',NULL,NULL,NULL,'cuil','30-69426755-2',NULL,NULL,NULL,NULL,NULL,NULL,'2025-04-05 18:35:47','2025-04-05 18:35:47',NULL,NULL,NULL,NULL,NULL,NULL,NULL,NULL,NULL,NULL,NULL,NULL,NULL,NULL),(40972,NULL,'BARLASINA SILVIA NOEMI',NULL,NULL,NULL,'cuil','27-16188962-3',NULL,NULL,NULL,NULL,NULL,NULL,'2025-04-05 18:35:47','2025-04-05 18:35:47',NULL,NULL,NULL,NULL,NULL,NULL,NULL,NULL,NULL,NULL,NULL,NULL,NULL,NULL),(40973,NULL,'AGUILAR LUIS ANDRES',NULL,NULL,NULL,'cuil','20-17246886-2',NULL,NULL,NULL,NULL,NULL,NULL,'2025-04-05 18:36:03','2025-04-05 18:36:03',NULL,NULL,NULL,NULL,NULL,NULL,NULL,NULL,NULL,NULL,NULL,NULL,NULL,NULL),(40974,NULL,'FERNANDEZ GRACIELA SILVIA',NULL,NULL,NULL,'cuil','27-20593233-5',NULL,NULL,NULL,NULL,NULL,NULL,'2025-04-05 18:36:04','2025-04-05 18:36:04',NULL,NULL,NULL,NULL,NULL,NULL,NULL,NULL,NULL,NULL,NULL,NULL,NULL,NULL),(40975,NULL,'FRENOS W S R L',NULL,NULL,NULL,'cuil','30-70950046-1',NULL,NULL,NULL,NULL,NULL,NULL,'2025-04-05 18:36:04','2025-04-05 18:36:04',NULL,NULL,NULL,NULL,NULL,NULL,NULL,NULL,NULL,NULL,NULL,NULL,NULL,NULL),(40976,NULL,'ZURLETTI ARIEL ANTONIO',NULL,NULL,NULL,'cuil','20-16991851-2',NULL,NULL,NULL,NULL,NULL,NULL,'2025-04-05 18:36:04','2025-04-05 18:36:04',NULL,NULL,NULL,NULL,NULL,NULL,NULL,NULL,NULL,NULL,NULL,NULL,NULL,NULL);
INSERT INTO `persons` VALUES (40977,NULL,'ZULIANI MAURICIO RAFAEL',NULL,NULL,NULL,'cuil','20-24747063-9',NULL,NULL,NULL,NULL,NULL,NULL,'2025-04-05 18:36:05','2025-04-05 18:36:05',NULL,NULL,NULL,NULL,NULL,NULL,NULL,NULL,NULL,NULL,NULL,NULL,NULL,NULL),(40978,NULL,'FREITES MORA KEIMY YUSETH',NULL,NULL,NULL,'cuil','27-95830732-8',NULL,NULL,NULL,NULL,NULL,NULL,'2025-04-05 18:36:05','2025-04-05 18:36:05',NULL,NULL,NULL,NULL,NULL,NULL,NULL,NULL,NULL,NULL,NULL,NULL,NULL,NULL),(40979,NULL,'APXER SRL',NULL,NULL,NULL,'cuil','30-70913043-5',NULL,NULL,NULL,NULL,NULL,NULL,'2025-04-05 18:36:06','2025-04-05 18:36:06',NULL,NULL,NULL,NULL,NULL,NULL,NULL,NULL,NULL,NULL,NULL,NULL,NULL,NULL),(40980,NULL,'COOPERATIVA AGRICOLA LA VENCEDORA LIMITADA',NULL,NULL,NULL,'cuil','33-52233245-9',NULL,NULL,NULL,NULL,NULL,NULL,'2025-04-05 18:36:07','2025-04-05 18:36:07',NULL,NULL,NULL,NULL,NULL,NULL,NULL,NULL,NULL,NULL,NULL,NULL,NULL,NULL),(40981,11237,'OLMI ALDO MARCELO',NULL,NULL,NULL,'cuil','20-20076923-7',NULL,NULL,NULL,NULL,NULL,NULL,'2025-04-05 18:36:40','2025-04-05 18:36:40',NULL,NULL,NULL,NULL,NULL,NULL,NULL,NULL,NULL,NULL,NULL,NULL,NULL,NULL),(40982,11237,'FLORES MARIA LAURA',NULL,NULL,NULL,'cuil','27-28535061-7',NULL,NULL,NULL,NULL,NULL,NULL,'2025-04-05 18:36:40','2025-04-05 18:36:40',NULL,NULL,NULL,NULL,NULL,NULL,NULL,NULL,NULL,NULL,NULL,NULL,NULL,NULL),(40983,11237,'ELECTRONICA MEGATONE S.R.L.',NULL,NULL,NULL,'cuil','30-54365973-4',NULL,NULL,NULL,NULL,NULL,NULL,'2025-04-05 18:36:42','2025-04-05 18:36:42',NULL,NULL,NULL,NULL,NULL,NULL,NULL,NULL,NULL,NULL,NULL,NULL,NULL,NULL),(40986,11237,'BARLASINA ROBERTO ANTONIO',NULL,NULL,NULL,'cuil','20-06560751-5',NULL,NULL,NULL,NULL,NULL,NULL,'2025-04-08 11:00:56','2025-04-08 11:00:56',NULL,NULL,NULL,NULL,NULL,NULL,NULL,NULL,NULL,NULL,NULL,NULL,NULL,NULL),(40987,11237,'VETKIOSK S.A.S.',NULL,NULL,NULL,'cuil','33-71754947-9',NULL,NULL,NULL,NULL,NULL,NULL,'2025-04-08 11:01:40','2025-04-08 11:01:40',NULL,NULL,NULL,NULL,NULL,NULL,NULL,NULL,NULL,NULL,NULL,NULL,NULL,NULL),(40988,11237,'GONZALEZ ORLANDO ANDRES',NULL,NULL,NULL,'cuil','20-12547586-9',NULL,NULL,NULL,NULL,NULL,NULL,'2025-04-08 11:01:57','2025-04-08 11:01:57',NULL,NULL,NULL,NULL,NULL,NULL,NULL,NULL,NULL,NULL,NULL,NULL,NULL,NULL),(40989,11237,'RAYMONDO JUAN CARLOS',NULL,NULL,NULL,'cuil','20-31196922-7',NULL,NULL,NULL,NULL,NULL,NULL,'2025-04-08 11:03:17','2025-04-08 11:03:17',NULL,NULL,NULL,NULL,NULL,NULL,NULL,NULL,NULL,NULL,NULL,NULL,NULL,NULL),(40990,11237,'JORGE DAHL S.A.S.',NULL,NULL,NULL,'cuil','30-71663244-6',NULL,NULL,NULL,NULL,NULL,NULL,'2025-04-08 11:03:17','2025-04-08 11:03:17',NULL,NULL,NULL,NULL,NULL,NULL,NULL,NULL,NULL,NULL,NULL,NULL,NULL,NULL),(40991,11237,'RAPPA RAFAEL EDUARDO',NULL,NULL,NULL,'cuil','20-36604144-4',NULL,NULL,NULL,NULL,NULL,NULL,'2025-04-08 11:03:18','2025-04-08 11:03:18',NULL,NULL,NULL,NULL,NULL,NULL,NULL,NULL,NULL,NULL,NULL,NULL,NULL,NULL),(40992,11237,'GUARDIA FONTALBA MARCELO SEBASTIAN',NULL,NULL,NULL,'cuil','23-29713723-9',NULL,NULL,NULL,NULL,NULL,NULL,'2025-04-08 11:04:00','2025-04-08 11:04:00',NULL,NULL,NULL,NULL,NULL,NULL,NULL,NULL,NULL,NULL,NULL,NULL,NULL,NULL),(40993,11237,'CAUDANA GUILLERMO CARLOS',NULL,NULL,NULL,'cuil','20-28712354-0',NULL,NULL,NULL,NULL,NULL,NULL,'2025-04-08 11:04:00','2025-04-08 11:04:00',NULL,NULL,NULL,NULL,NULL,NULL,NULL,NULL,NULL,NULL,NULL,NULL,NULL,NULL),(40994,11237,'GUARDIANELLI GERMAN NELSON',NULL,NULL,NULL,'cuil','20-24598415-5',NULL,NULL,NULL,NULL,NULL,NULL,'2025-04-08 11:04:00','2025-04-08 11:04:00',NULL,NULL,NULL,NULL,NULL,NULL,NULL,NULL,NULL,NULL,NULL,NULL,NULL,NULL),(40995,11237,'GUARDIANELLI FABIAN CARLOS',NULL,NULL,NULL,'cuil','20-23315283-9',NULL,NULL,NULL,NULL,NULL,NULL,'2025-04-08 11:04:00','2025-04-08 11:04:00',NULL,NULL,NULL,NULL,NULL,NULL,NULL,NULL,NULL,NULL,NULL,NULL,NULL,NULL),(40996,11237,'ORLANDO MAURO HUMBERTO',NULL,NULL,NULL,'cuil','20-29402145-1',NULL,NULL,NULL,NULL,NULL,NULL,'2025-04-08 11:04:18','2025-04-08 11:04:18',NULL,NULL,NULL,NULL,NULL,NULL,NULL,NULL,NULL,NULL,NULL,NULL,NULL,NULL);
INSERT INTO `persons` VALUES (40997,11237,'TRAVELS SOCIEDAD DE RESPONSABILIDAD LIMITADA',NULL,NULL,NULL,'cuil','30-68402974-2',NULL,NULL,NULL,NULL,NULL,NULL,'2025-04-08 11:04:33','2025-04-08 11:04:33',NULL,NULL,NULL,NULL,NULL,NULL,NULL,NULL,NULL,NULL,NULL,NULL,NULL,NULL),(40998,11237,'CAVIGLIASSO FEDERICO',NULL,NULL,NULL,'cuil','20-27871651-2',NULL,NULL,NULL,NULL,NULL,NULL,'2025-04-08 11:04:33','2025-04-08 11:04:33',NULL,NULL,NULL,NULL,NULL,NULL,NULL,NULL,NULL,NULL,NULL,NULL,NULL,NULL),(40999,11237,'MOLINA DANIEL ALEJANDRO',NULL,NULL,NULL,'cuil','20-29778904-0',NULL,NULL,NULL,NULL,NULL,NULL,'2025-04-08 11:04:57','2025-04-08 11:04:57',NULL,NULL,NULL,NULL,NULL,NULL,NULL,NULL,NULL,NULL,NULL,NULL,NULL,NULL),(41000,11237,'INSUMOS LA GERMANA S.A.',NULL,NULL,NULL,'cuil','30-71233316-9',NULL,NULL,NULL,NULL,NULL,NULL,'2025-04-08 11:04:57','2025-04-08 11:04:57',NULL,NULL,NULL,NULL,NULL,NULL,NULL,NULL,NULL,NULL,NULL,NULL,NULL,NULL),(41001,11237,'BRESSAN RAFAEL ANTONIO',NULL,NULL,NULL,'cuil','20-16274037-8',NULL,NULL,NULL,NULL,NULL,NULL,'2025-04-08 11:05:20','2025-04-08 11:05:20',NULL,NULL,NULL,NULL,NULL,NULL,NULL,NULL,NULL,NULL,NULL,NULL,NULL,NULL),(41002,11237,'HERRERA MARCELO ADRIAN',NULL,NULL,NULL,'cuil','20-26481377-9',NULL,NULL,NULL,NULL,NULL,NULL,'2025-04-08 11:05:20','2025-04-08 11:05:20',NULL,NULL,NULL,NULL,NULL,NULL,NULL,NULL,NULL,NULL,NULL,NULL,NULL,NULL),(41003,11237,'RAPPA FEDERICO',NULL,NULL,NULL,'cuil','20-42338196-6',NULL,NULL,NULL,NULL,NULL,NULL,'2025-04-08 11:05:20','2025-04-08 11:05:20',NULL,NULL,NULL,NULL,NULL,NULL,NULL,NULL,NULL,NULL,NULL,NULL,NULL,NULL),(41004,11237,'CLAVERO EMMANUEL NICOLAS',NULL,NULL,NULL,'cuil','20-32490085-4',NULL,NULL,NULL,NULL,NULL,NULL,'2025-04-08 11:05:20','2025-04-08 11:05:20',NULL,NULL,NULL,NULL,NULL,NULL,NULL,NULL,NULL,NULL,NULL,NULL,NULL,NULL),(41005,11237,'DIAZ JONATHAN YAMIL',NULL,NULL,NULL,'cuil','20-37436429-5',NULL,NULL,NULL,NULL,NULL,NULL,'2025-04-08 11:06:29','2025-04-08 11:06:29',NULL,NULL,NULL,NULL,NULL,NULL,NULL,NULL,NULL,NULL,NULL,NULL,NULL,NULL),(41006,11237,'MAFRAN SOCIEDAD ANONIMA',NULL,NULL,NULL,'cuil','30-65296004-5',NULL,NULL,NULL,NULL,NULL,NULL,'2025-04-08 11:06:30','2025-04-08 11:06:30',NULL,NULL,NULL,NULL,NULL,NULL,NULL,NULL,NULL,NULL,NULL,NULL,NULL,NULL),(41007,11237,'ARRIAGA MARCELINO',NULL,NULL,NULL,'cuil','20-18784493-3',NULL,NULL,NULL,NULL,NULL,NULL,'2025-04-08 11:06:30','2025-04-08 11:06:30',NULL,NULL,NULL,NULL,NULL,NULL,NULL,NULL,NULL,NULL,NULL,NULL,NULL,NULL),(41008,11237,'ARRA-ZA S.A.S.',NULL,NULL,NULL,'cuil','30-71828150-0',NULL,NULL,NULL,NULL,NULL,NULL,'2025-04-08 11:06:49','2025-04-08 11:06:49',NULL,NULL,NULL,NULL,NULL,NULL,NULL,NULL,NULL,NULL,NULL,NULL,NULL,NULL),(41009,11237,'PAGLIONE SERGIO DANIEL',NULL,NULL,NULL,'cuil','20-37490075-8',NULL,NULL,NULL,NULL,NULL,NULL,'2025-04-08 11:06:49','2025-04-08 11:06:49',NULL,NULL,NULL,NULL,NULL,NULL,NULL,NULL,NULL,NULL,NULL,NULL,NULL,NULL),(41010,11237,'CORMICK MARIA PAULA',NULL,NULL,NULL,'cuil','27-27933722-6',NULL,NULL,NULL,NULL,NULL,NULL,'2025-04-08 11:06:50','2025-04-08 11:06:50',NULL,NULL,NULL,NULL,NULL,NULL,NULL,NULL,NULL,NULL,NULL,NULL,NULL,NULL),(41011,11237,'COOREMAN RUBEN OSCAR Y FARINA MARCELO GUILLERMO',NULL,NULL,NULL,'cuil','30-61580482-3',NULL,NULL,NULL,NULL,NULL,NULL,'2025-04-08 11:06:50','2025-04-08 11:06:50',NULL,NULL,NULL,NULL,NULL,NULL,NULL,NULL,NULL,NULL,NULL,NULL,NULL,NULL),(41012,11237,'BALMACEDA ELEODORO ABEL',NULL,NULL,NULL,'cuil','20-18177584-0',NULL,NULL,NULL,NULL,NULL,NULL,'2025-04-08 11:07:27','2025-04-08 11:07:27',NULL,NULL,NULL,NULL,NULL,NULL,NULL,NULL,NULL,NULL,NULL,NULL,NULL,NULL),(41013,11237,'INSTRUMENTAL PASTEUR S R L',NULL,NULL,NULL,'cuil','30-62662994-2',NULL,NULL,NULL,NULL,NULL,NULL,'2025-04-08 11:07:45','2025-04-08 11:07:45',NULL,NULL,NULL,NULL,NULL,NULL,NULL,NULL,NULL,NULL,NULL,NULL,NULL,NULL),(41014,11237,'GEBHART S.A.',NULL,NULL,NULL,'cuil','30-71641366-3',NULL,NULL,NULL,NULL,NULL,NULL,'2025-04-08 11:07:45','2025-04-08 11:07:45',NULL,NULL,NULL,NULL,NULL,NULL,NULL,NULL,NULL,NULL,NULL,NULL,NULL,NULL);
INSERT INTO `persons` VALUES (41015,11237,'SERVICIOS AL AGRO S.R.L.',NULL,NULL,NULL,'cuil','30-71056137-7',NULL,NULL,NULL,NULL,NULL,NULL,'2025-04-08 11:08:29','2025-04-08 11:08:29',NULL,NULL,NULL,NULL,NULL,NULL,NULL,NULL,NULL,NULL,NULL,NULL,NULL,NULL),(41016,11237,'AGROMEC S A',NULL,NULL,NULL,'cuil','30-50385054-7',NULL,NULL,NULL,NULL,NULL,NULL,'2025-04-08 11:08:29','2025-04-08 11:08:29',NULL,NULL,NULL,NULL,NULL,NULL,NULL,NULL,NULL,NULL,NULL,NULL,NULL,NULL),(41029,11237,'TALLEI EMILIO Y TALLEI JUAN MANUEL',NULL,NULL,NULL,'cuil','30-71545726-8',NULL,NULL,NULL,NULL,NULL,NULL,'2025-04-08 11:15:03','2025-04-08 11:15:03',NULL,NULL,NULL,NULL,NULL,NULL,NULL,NULL,NULL,NULL,NULL,NULL,NULL,NULL),(41030,11237,'QUIROGA ERIC MAXIMILIANO',NULL,NULL,NULL,'cuil','20-37232858-5',NULL,NULL,NULL,NULL,NULL,NULL,'2025-04-08 11:15:03','2025-04-08 11:15:03',NULL,NULL,NULL,NULL,NULL,NULL,NULL,NULL,NULL,NULL,NULL,NULL,NULL,NULL),(41031,11237,'GUARDIANELLI JUAN CARLOS',NULL,NULL,NULL,'cuil','20-07680927-6',NULL,NULL,NULL,NULL,NULL,NULL,'2025-04-08 11:15:03','2025-04-08 11:15:03',NULL,NULL,NULL,NULL,NULL,NULL,NULL,NULL,NULL,NULL,NULL,NULL,NULL,NULL),(41032,11237,'CUSSA LUIS ANTONIO',NULL,NULL,NULL,'cuil','20-21902736-3',NULL,NULL,NULL,NULL,NULL,NULL,'2025-04-08 11:15:04','2025-04-08 11:15:04',NULL,NULL,NULL,NULL,NULL,NULL,NULL,NULL,NULL,NULL,NULL,NULL,NULL,NULL),(41033,11237,'MAZZITELLI MARCELO ALFONSO',NULL,NULL,NULL,'cuil','20-18354726-8',NULL,NULL,NULL,NULL,NULL,NULL,'2025-04-12 16:00:57','2025-04-12 16:00:57',NULL,NULL,NULL,NULL,NULL,NULL,NULL,NULL,NULL,NULL,NULL,NULL,NULL,NULL),(41034,11237,'ENGEL EDUARDO ADRIAN',NULL,NULL,NULL,'cuil','20-16238547-0',NULL,NULL,NULL,NULL,NULL,NULL,'2025-04-12 16:00:57','2025-04-12 16:00:57',NULL,NULL,NULL,NULL,NULL,NULL,NULL,NULL,NULL,NULL,NULL,NULL,NULL,NULL),(41035,NULL,'GARCIA PABLO JAVIER',NULL,NULL,NULL,'cuil','20-36925031-1',NULL,NULL,NULL,NULL,NULL,NULL,'2025-04-14 10:27:18','2025-04-14 10:27:18',NULL,NULL,NULL,NULL,NULL,NULL,NULL,NULL,NULL,NULL,NULL,NULL,NULL,NULL),(41036,NULL,'COSAS NUESTRAS S.A.',NULL,NULL,NULL,'cuil','30-70793738-2',NULL,NULL,NULL,NULL,NULL,NULL,'2025-04-14 10:27:18','2025-04-14 10:27:18',NULL,NULL,NULL,NULL,NULL,NULL,NULL,NULL,NULL,NULL,NULL,NULL,NULL,NULL),(41037,NULL,'LEGGIAN SERVICIOS TURISTICOS S.A.',NULL,NULL,NULL,'cuil','30-71566886-2',NULL,NULL,NULL,NULL,NULL,NULL,'2025-04-14 10:27:18','2025-04-14 10:27:18',NULL,NULL,NULL,NULL,NULL,NULL,NULL,NULL,NULL,NULL,NULL,NULL,NULL,NULL),(41038,NULL,'MTL3',NULL,NULL,NULL,'cuil','33-71835074-9',NULL,NULL,NULL,NULL,NULL,NULL,'2025-04-14 10:27:20','2025-04-14 10:27:20',NULL,NULL,NULL,NULL,NULL,NULL,NULL,NULL,NULL,NULL,NULL,NULL,NULL,NULL),(41039,NULL,'MOYANO GABRIELA',NULL,NULL,NULL,'cuil','27-33798520-9',NULL,NULL,NULL,NULL,NULL,NULL,'2025-04-14 10:27:20','2025-04-14 10:27:20',NULL,NULL,NULL,NULL,NULL,NULL,NULL,NULL,NULL,NULL,NULL,NULL,NULL,NULL),(41040,NULL,'OXIGENO UNION SA',NULL,NULL,NULL,'cuil','30-71097988-6',NULL,NULL,NULL,NULL,NULL,NULL,'2025-04-14 10:27:20','2025-04-14 10:27:20',NULL,NULL,NULL,NULL,NULL,NULL,NULL,NULL,NULL,NULL,NULL,NULL,NULL,NULL),(41041,NULL,'PRODEL S R L',NULL,NULL,NULL,'cuil','30-66908917-8',NULL,NULL,NULL,NULL,NULL,NULL,'2025-04-14 10:27:21','2025-04-14 10:27:21',NULL,NULL,NULL,NULL,NULL,NULL,NULL,NULL,NULL,NULL,NULL,NULL,NULL,NULL),(41042,NULL,'RADIO ELECTRON SA',NULL,NULL,NULL,'cuil','30-56282533-5',NULL,NULL,NULL,NULL,NULL,NULL,'2025-04-14 10:27:21','2025-04-14 10:27:21',NULL,NULL,NULL,NULL,NULL,NULL,NULL,NULL,NULL,NULL,NULL,NULL,NULL,NULL),(41043,NULL,'MOLINA WILSON MARCOS',NULL,NULL,NULL,'cuil','20-28741573-8',NULL,NULL,NULL,NULL,NULL,NULL,'2025-04-14 10:27:22','2025-04-14 10:27:22',NULL,NULL,NULL,NULL,NULL,NULL,NULL,NULL,NULL,NULL,NULL,NULL,NULL,NULL),(41044,NULL,'MOLINA MARCOS GABINO',NULL,NULL,NULL,'cuil','20-11588746-8',NULL,NULL,NULL,NULL,NULL,NULL,'2025-04-14 10:27:22','2025-04-14 10:27:22',NULL,NULL,NULL,NULL,NULL,NULL,NULL,NULL,NULL,NULL,NULL,NULL,NULL,NULL);
INSERT INTO `persons` VALUES (41045,NULL,'ROSSO CARLOS ATILIO',NULL,NULL,NULL,'cuil','20-16289293-3',NULL,NULL,NULL,NULL,NULL,NULL,'2025-04-14 10:27:23','2025-04-14 10:27:23',NULL,NULL,NULL,NULL,NULL,NULL,NULL,NULL,NULL,NULL,NULL,NULL,NULL,NULL),(41046,NULL,'PLASTICOS PERU SRL',NULL,NULL,NULL,'cuil','30-70814363-0',NULL,NULL,NULL,NULL,NULL,NULL,'2025-04-14 10:27:23','2025-04-14 10:27:23',NULL,NULL,NULL,NULL,NULL,NULL,NULL,NULL,NULL,NULL,NULL,NULL,NULL,NULL),(41047,NULL,'CINGOLANI REPUESTOS S. A.',NULL,NULL,NULL,'cuil','30-70779354-2',NULL,NULL,NULL,NULL,NULL,NULL,'2025-04-14 10:27:24','2025-04-14 10:27:24',NULL,NULL,NULL,NULL,NULL,NULL,NULL,NULL,NULL,NULL,NULL,NULL,NULL,NULL),(41048,NULL,'CZERCLIMA S.A.',NULL,NULL,NULL,'cuil','30-71836892-4',NULL,NULL,NULL,NULL,NULL,NULL,'2025-04-14 10:27:24','2025-04-14 10:27:24',NULL,NULL,NULL,NULL,NULL,NULL,NULL,NULL,NULL,NULL,NULL,NULL,NULL,NULL),(41049,11237,'LA SEGUNDA COOPERATIVA LTDA DE SEGUROS GENERALES',NULL,NULL,NULL,'cuit','30-50001770-4',1,NULL,18,18,NULL,NULL,'2025-04-14 11:13:41','2025-04-14 11:13:41',NULL,'JUAN MANUEL DE ROSAS 957',NULL,NULL,NULL,2,NULL,NULL,NULL,NULL,NULL,NULL,NULL,NULL),(41050,11237,'BAJOUTH MATIAS MARTIN',NULL,NULL,NULL,'cuil','20-27312757-8',NULL,NULL,NULL,NULL,NULL,NULL,'2025-04-16 11:46:58','2025-04-16 11:46:58',NULL,NULL,NULL,NULL,NULL,NULL,NULL,NULL,NULL,NULL,NULL,NULL,NULL,NULL),(41051,11237,'RUFFO & KEN',NULL,NULL,NULL,'cuil','30-71652245-4',NULL,NULL,NULL,NULL,NULL,NULL,'2025-04-16 11:46:59','2025-04-16 11:46:59',NULL,NULL,NULL,NULL,NULL,NULL,NULL,NULL,NULL,NULL,NULL,NULL,NULL,NULL),(41052,11237,'ARIAS ROBERTO WALTER',NULL,NULL,NULL,'cuil','20-16046309-1',NULL,NULL,NULL,NULL,NULL,NULL,'2025-04-16 11:47:00','2025-04-16 11:47:00',NULL,NULL,NULL,NULL,NULL,NULL,NULL,NULL,NULL,NULL,NULL,NULL,NULL,NULL),(41053,11237,'VITA&SOIA S.A.S.',NULL,NULL,NULL,'cuil','30-71887325-4',NULL,NULL,NULL,NULL,NULL,NULL,'2025-04-16 11:47:00','2025-04-16 11:47:00',NULL,NULL,NULL,NULL,NULL,NULL,NULL,NULL,NULL,NULL,NULL,NULL,NULL,NULL),(41054,11237,'ROLLAN ALFREDO DANIEL',NULL,NULL,NULL,'cuil','20-31730800-1',NULL,NULL,NULL,NULL,NULL,NULL,'2025-04-16 11:47:00','2025-04-16 11:47:00',NULL,NULL,NULL,NULL,NULL,NULL,NULL,NULL,NULL,NULL,NULL,NULL,NULL,NULL),(41055,11237,'BAZAN ALFIO MARTIN',NULL,NULL,NULL,'cuil','20-33659618-2',NULL,NULL,NULL,NULL,NULL,NULL,'2025-04-16 11:47:00','2025-04-16 11:47:00',NULL,NULL,NULL,NULL,NULL,NULL,NULL,NULL,NULL,NULL,NULL,NULL,NULL,NULL),(41056,11237,'LOS HIJOS DE SRL',NULL,NULL,NULL,'cuil','30-71214283-5',NULL,NULL,NULL,NULL,NULL,NULL,'2025-04-16 11:47:00','2025-04-16 11:47:00',NULL,NULL,NULL,NULL,NULL,NULL,NULL,NULL,NULL,NULL,NULL,NULL,NULL,NULL),(41057,NULL,'RAN CO MATERIALES S A',NULL,NULL,NULL,'cuil','30-70953964-3',NULL,NULL,NULL,NULL,NULL,NULL,'2025-05-08 12:34:26','2025-05-08 12:34:26',NULL,NULL,NULL,NULL,NULL,NULL,NULL,NULL,NULL,NULL,NULL,NULL,NULL,NULL),(41058,NULL,'WAL-HER S. A.',NULL,NULL,NULL,'cuil','30-61102437-8',NULL,NULL,NULL,NULL,NULL,NULL,'2025-05-08 12:34:26','2025-05-08 12:34:26',NULL,NULL,NULL,NULL,NULL,NULL,NULL,NULL,NULL,NULL,NULL,NULL,NULL,NULL),(41059,NULL,'MOREL VULLIEZ S A',NULL,NULL,NULL,'cuil','30-70856331-1',NULL,NULL,NULL,NULL,NULL,NULL,'2025-05-08 12:34:27','2025-05-08 12:34:27',NULL,NULL,NULL,NULL,NULL,NULL,NULL,NULL,NULL,NULL,NULL,NULL,NULL,NULL),(41060,NULL,'RUFINO MARTIN EMILIANO',NULL,NULL,NULL,'cuil','20-30982530-7',NULL,NULL,NULL,NULL,NULL,NULL,'2025-05-08 12:34:27','2025-05-08 12:34:27',NULL,NULL,NULL,NULL,NULL,NULL,NULL,NULL,NULL,NULL,NULL,NULL,NULL,NULL),(41061,NULL,'GIRARDI EZEQUIEL GREGORIO',NULL,NULL,NULL,'cuil','23-27871563-9',NULL,NULL,NULL,NULL,NULL,NULL,'2025-05-08 12:34:27','2025-05-08 12:34:27',NULL,NULL,NULL,NULL,NULL,NULL,NULL,NULL,NULL,NULL,NULL,NULL,NULL,NULL),(41062,11237,'ARANDA JOSE LUIS',NULL,NULL,NULL,'cuil','20-33082824-3',NULL,NULL,NULL,NULL,NULL,NULL,'2025-05-08 12:34:49','2025-05-08 12:34:49',NULL,NULL,NULL,NULL,NULL,NULL,NULL,NULL,NULL,NULL,NULL,NULL,NULL,NULL);
INSERT INTO `persons` VALUES (41063,11237,'CACERES HECTOR RICARDO',NULL,NULL,NULL,'cuil','20-16292848-2',NULL,NULL,NULL,NULL,NULL,NULL,'2025-05-08 12:34:50','2025-05-08 12:34:50',NULL,NULL,NULL,NULL,NULL,NULL,NULL,NULL,NULL,NULL,NULL,NULL,NULL,NULL),(41064,NULL,'AGROVETERINARIA RIVOIRA S.A.S.',NULL,NULL,NULL,'cuil','30-71050293-1',NULL,NULL,NULL,NULL,NULL,NULL,'2025-05-20 21:51:26','2025-05-20 21:51:26',NULL,NULL,NULL,NULL,NULL,NULL,NULL,NULL,NULL,NULL,NULL,NULL,NULL,NULL),(41065,NULL,'ROCHA GONZALEZ JULIO',NULL,NULL,NULL,'cuil','20-11689661-4',NULL,NULL,NULL,NULL,NULL,NULL,'2025-05-20 21:51:26','2025-05-20 21:51:26',NULL,NULL,NULL,NULL,NULL,NULL,NULL,NULL,NULL,NULL,NULL,NULL,NULL,NULL),(41066,NULL,'LAZO JORGE FEDERICO',NULL,NULL,NULL,'cuil','20-38019075-4',NULL,NULL,NULL,NULL,NULL,NULL,'2025-05-20 21:51:27','2025-05-20 21:51:27',NULL,NULL,NULL,NULL,NULL,NULL,NULL,NULL,NULL,NULL,NULL,NULL,NULL,NULL),(41067,NULL,'CARLOS ROSSETTI S.A.',NULL,NULL,NULL,'cuil','30-71480143-7',NULL,NULL,NULL,NULL,NULL,NULL,'2025-05-20 21:51:27','2025-05-20 21:51:27',NULL,NULL,NULL,NULL,NULL,NULL,NULL,NULL,NULL,NULL,NULL,NULL,NULL,NULL),(41068,NULL,'DISBYTE SA',NULL,NULL,NULL,'cuil','30-71494353-3',NULL,NULL,NULL,NULL,NULL,NULL,'2025-05-20 21:51:27','2025-05-20 21:51:27',NULL,NULL,NULL,NULL,NULL,NULL,NULL,NULL,NULL,NULL,NULL,NULL,NULL,NULL),(41069,NULL,'COMERCIALIZADORA DE BEBIDAS S.R.L.',NULL,NULL,NULL,'cuil','30-71616088-9',NULL,NULL,NULL,NULL,NULL,NULL,'2025-05-28 11:47:36','2025-05-28 11:47:36',NULL,NULL,NULL,NULL,NULL,NULL,NULL,NULL,NULL,NULL,NULL,NULL,NULL,NULL),(41070,11237,'TADDEI MARIANO',NULL,NULL,NULL,'cuit','20-31104371-5',6,NULL,1,1,NULL,NULL,'2025-06-03 18:48:32','2025-06-03 18:48:32',NULL,'DEAN FUNES 774',NULL,NULL,NULL,1,NULL,NULL,NULL,NULL,NULL,NULL,NULL,NULL),(41071,11237,'ANDRADA EMILIANO',NULL,NULL,NULL,'cuit','20-30310479-9',NULL,NULL,NULL,NULL,NULL,NULL,'2025-06-17 10:57:34','2025-06-17 10:57:34',NULL,NULL,NULL,NULL,NULL,NULL,NULL,NULL,NULL,NULL,NULL,NULL,NULL,NULL),(41072,11237,'ADRIAN A BERTERO Y CLAUDIA V. SUAREZ  SOCIEDAD CAP I SECC IV',NULL,NULL,NULL,'cuit','30-71180013-8',NULL,NULL,NULL,NULL,NULL,NULL,'2025-08-29 12:53:51','2025-08-29 12:53:51',NULL,NULL,NULL,NULL,NULL,NULL,NULL,NULL,NULL,NULL,NULL,NULL,NULL,NULL),(41073,11237,'CHEVALIER ROSA RAMONA',NULL,NULL,NULL,'cuit','27-22165878-2',NULL,NULL,NULL,NULL,NULL,NULL,'2025-08-29 12:53:52','2025-08-29 12:53:52',NULL,NULL,NULL,NULL,NULL,NULL,NULL,NULL,NULL,NULL,NULL,NULL,NULL,NULL),(41074,11237,'DOMINGUEZ GERARDO DAMIAN',NULL,NULL,NULL,'cuit','23-31677419-9',NULL,NULL,NULL,NULL,NULL,NULL,'2025-08-29 12:53:52','2025-08-29 12:53:52',NULL,NULL,NULL,NULL,NULL,NULL,NULL,NULL,NULL,NULL,NULL,NULL,NULL,NULL),(41075,11237,'EDUARDO FREYTES E HIJOS S.A.',NULL,NULL,NULL,'cuit','30-71017018-1',NULL,NULL,NULL,NULL,NULL,NULL,'2025-08-29 12:53:53','2025-08-29 12:53:53',NULL,NULL,NULL,NULL,NULL,NULL,NULL,NULL,NULL,NULL,NULL,NULL,NULL,NULL),(41076,11237,'GOMEZ DE LA FUENTE VERONICA',NULL,NULL,NULL,'cuit','27-33598567-8',NULL,NULL,NULL,NULL,NULL,NULL,'2025-08-29 12:55:14','2025-08-29 12:55:14',NULL,NULL,NULL,NULL,NULL,NULL,NULL,NULL,NULL,NULL,NULL,NULL,NULL,NULL),(41077,11237,'MELLANO DE CHIALVO TEREZA JULIA E HIJOS S. CAP I SECC IV',NULL,NULL,NULL,'cuit','30-61083257-8',NULL,NULL,NULL,NULL,NULL,NULL,'2025-08-29 12:55:14','2025-08-29 12:55:14',NULL,NULL,NULL,NULL,NULL,NULL,NULL,NULL,NULL,NULL,NULL,NULL,NULL,NULL),(41078,11237,'GALVAN IVAN ADOLFO',NULL,NULL,NULL,'cuit','20-28663660-9',NULL,NULL,NULL,NULL,NULL,NULL,'2025-08-29 12:55:14','2025-08-29 12:55:14',NULL,NULL,NULL,NULL,NULL,NULL,NULL,NULL,NULL,NULL,NULL,NULL,NULL,NULL),(41079,11237,'SOLA JULIO CESAR',NULL,NULL,NULL,'cuit','20-06642714-6',NULL,NULL,NULL,NULL,NULL,NULL,'2025-08-29 12:55:15','2025-08-29 12:55:15',NULL,NULL,NULL,NULL,NULL,NULL,NULL,NULL,NULL,NULL,NULL,NULL,NULL,NULL),(41080,11237,'MALATINI ADRIANA MABEL',NULL,NULL,NULL,'cuit','27-12611972-6',NULL,NULL,NULL,NULL,NULL,NULL,'2025-08-29 12:55:15','2025-08-29 12:55:15',NULL,NULL,NULL,NULL,NULL,NULL,NULL,NULL,NULL,NULL,NULL,NULL,NULL,NULL);
INSERT INTO `persons` VALUES (41081,11237,'FRANCHI ALEJANDRO EDUARDO',NULL,NULL,NULL,'cuit','20-37524358-0',NULL,NULL,NULL,NULL,NULL,NULL,'2025-08-29 12:55:15','2025-08-29 12:55:15',NULL,NULL,NULL,NULL,NULL,NULL,NULL,NULL,NULL,NULL,NULL,NULL,NULL,NULL),(41082,11237,'IRLU S.A.S.',NULL,NULL,NULL,'cuit','30-71852556-6',NULL,NULL,NULL,NULL,NULL,NULL,'2025-08-29 12:55:15','2025-08-29 12:55:15',NULL,NULL,NULL,NULL,NULL,NULL,NULL,NULL,NULL,NULL,NULL,NULL,NULL,NULL),(41083,11237,'FRANCISCO PAULO VIGLIANCO E HIJOS SOCIEDAD ANONIMA',NULL,NULL,NULL,'cuit','33-50595837-9',1,NULL,1,1,NULL,NULL,'2025-10-02 10:21:20','2025-10-02 10:21:20',NULL,'PUEYRREDON 223',NULL,NULL,NULL,2,NULL,NULL,NULL,NULL,NULL,NULL,NULL,NULL);

--
-- Table structure for table `persons_custom_form`
--

CREATE TABLE `persons_custom_form` (
  `id` bigint(20) unsigned NOT NULL AUTO_INCREMENT,
  `user_id` int(10) unsigned DEFAULT NULL,
  `person_id` int(10) unsigned NOT NULL,
  `p_c_servicio_id` bigint(20) unsigned NOT NULL,
  `configuracion` json NOT NULL,
  `created_at` timestamp NULL DEFAULT NULL,
  `updated_at` timestamp NULL DEFAULT NULL,
  `deleted_at` timestamp NULL DEFAULT NULL,
  PRIMARY KEY (`id`),
  KEY `persons_custom_form_person_id_foreign` (`person_id`),
  KEY `persons_custom_form_p_c_servicio_id_foreign` (`p_c_servicio_id`),
  CONSTRAINT `persons_custom_form_p_c_servicio_id_foreign` FOREIGN KEY (`p_c_servicio_id`) REFERENCES `persons_custom_servicios` (`id`),
  CONSTRAINT `persons_custom_form_person_id_foreign` FOREIGN KEY (`person_id`) REFERENCES `persons` (`id`)
) ENGINE=InnoDB DEFAULT CHARSET=utf8mb4 COLLATE=utf8mb4_unicode_ci;

--
-- Dumping data for table `persons_custom_form`
--


--
-- Table structure for table `persons_custom_servicios`
--

CREATE TABLE `persons_custom_servicios` (
  `id` bigint(20) unsigned NOT NULL AUTO_INCREMENT,
  `user_id` int(10) unsigned DEFAULT NULL,
  `descripcion` text COLLATE utf8mb4_unicode_ci NOT NULL,
  `habilitado` tinyint(1) NOT NULL,
  `created_at` timestamp NULL DEFAULT NULL,
  `updated_at` timestamp NULL DEFAULT NULL,
  `deleted_at` timestamp NULL DEFAULT NULL,
  PRIMARY KEY (`id`)
) ENGINE=InnoDB AUTO_INCREMENT=4 DEFAULT CHARSET=utf8mb4 COLLATE=utf8mb4_unicode_ci;

--
-- Dumping data for table `persons_custom_servicios`
--

INSERT INTO `persons_custom_servicios` VALUES (1,NULL,'Ordenes de Trabajo',0,NULL,NULL,NULL),(2,NULL,'Formularios Ordenes',0,'2025-07-06 23:46:30','2025-07-06 23:46:30',NULL),(3,NULL,'Formulario Receipts',0,'2025-07-09 15:35:56','2025-07-09 15:35:56',NULL);

--
-- Table structure for table `persons_datos`
--

CREATE TABLE `persons_datos` (
  `id` bigint(20) unsigned NOT NULL AUTO_INCREMENT,
  `user_id` int(10) unsigned DEFAULT NULL,
  `person_id` int(10) unsigned NOT NULL,
  `dato_1` longtext COLLATE utf8mb4_unicode_ci,
  `dato_2` longtext COLLATE utf8mb4_unicode_ci,
  `dato_3` longtext COLLATE utf8mb4_unicode_ci,
  `dato_4` longtext COLLATE utf8mb4_unicode_ci,
  `dato_5` longtext COLLATE utf8mb4_unicode_ci,
  `created_at` timestamp NULL DEFAULT NULL,
  `updated_at` timestamp NULL DEFAULT NULL,
  `deleted_at` timestamp NULL DEFAULT NULL,
  PRIMARY KEY (`id`),
  KEY `persons_datos_person_id_foreign` (`person_id`),
  CONSTRAINT `persons_datos_person_id_foreign` FOREIGN KEY (`person_id`) REFERENCES `persons` (`id`)
) ENGINE=InnoDB DEFAULT CHARSET=utf8mb4 COLLATE=utf8mb4_unicode_ci;

--
-- Dumping data for table `persons_datos`
--


--
-- Table structure for table `persons_files`
--

CREATE TABLE `persons_files` (
  `id` bigint(20) unsigned NOT NULL AUTO_INCREMENT,
  `user_id` int(10) unsigned DEFAULT NULL,
  `person_id` int(10) unsigned NOT NULL,
  `descripcion` varchar(255) COLLATE utf8mb4_unicode_ci DEFAULT NULL,
  `path` varchar(191) COLLATE utf8mb4_unicode_ci DEFAULT NULL,
  `name_original` varchar(191) COLLATE utf8mb4_unicode_ci DEFAULT NULL,
  `created_at` timestamp NULL DEFAULT NULL,
  `updated_at` timestamp NULL DEFAULT NULL,
  `deleted_at` timestamp NULL DEFAULT NULL,
  PRIMARY KEY (`id`),
  KEY `persons_files_person_id_foreign` (`person_id`),
  CONSTRAINT `persons_files_person_id_foreign` FOREIGN KEY (`person_id`) REFERENCES `persons` (`id`)
) ENGINE=InnoDB DEFAULT CHARSET=utf8mb4 COLLATE=utf8mb4_unicode_ci;

--
-- Dumping data for table `persons_files`
--


--
-- Table structure for table `persons_sicore`
--

CREATE TABLE `persons_sicore` (
  `id` bigint(20) unsigned NOT NULL AUTO_INCREMENT,
  `person_id` int(10) unsigned NOT NULL,
  `is_inscripto` tinyint(1) NOT NULL,
  `sicore_regimen_id` bigint(20) unsigned NOT NULL,
  `deleted_at` timestamp NULL DEFAULT NULL,
  `created_at` timestamp NULL DEFAULT NULL,
  `updated_at` timestamp NULL DEFAULT NULL,
  PRIMARY KEY (`id`),
  KEY `persons_sicore_person_id_foreign` (`person_id`),
  KEY `persons_sicore_sicore_regimen_id_foreign` (`sicore_regimen_id`),
  CONSTRAINT `persons_sicore_person_id_foreign` FOREIGN KEY (`person_id`) REFERENCES `persons` (`id`),
  CONSTRAINT `persons_sicore_sicore_regimen_id_foreign` FOREIGN KEY (`sicore_regimen_id`) REFERENCES `sicore_regimenes` (`id`)
) ENGINE=InnoDB AUTO_INCREMENT=2 DEFAULT CHARSET=utf8mb4 COLLATE=utf8mb4_unicode_ci;

--
-- Dumping data for table `persons_sicore`
--

INSERT INTO `persons_sicore` VALUES (1,40717,1,11,NULL,'2025-04-03 09:45:06','2025-04-03 09:45:06');

--
-- Table structure for table `plazo_de_pago`
--

CREATE TABLE `plazo_de_pago` (
  `id` bigint(20) unsigned NOT NULL AUTO_INCREMENT,
  `user_id` int(10) unsigned DEFAULT NULL,
  `descripcion` text COLLATE utf8mb4_unicode_ci NOT NULL,
  `habilitado` tinyint(1) NOT NULL DEFAULT '1',
  `created_at` timestamp NULL DEFAULT NULL,
  `updated_at` timestamp NULL DEFAULT NULL,
  `deleted_at` timestamp NULL DEFAULT NULL,
  PRIMARY KEY (`id`)
) ENGINE=InnoDB AUTO_INCREMENT=7 DEFAULT CHARSET=utf8mb4 COLLATE=utf8mb4_unicode_ci;

--
-- Dumping data for table `plazo_de_pago`
--

INSERT INTO `plazo_de_pago` VALUES (1,NULL,'0 dias FF',1,NULL,NULL,NULL),(2,NULL,'7 dias FF',1,NULL,NULL,NULL),(3,NULL,'15 dias FF',1,NULL,NULL,NULL),(4,NULL,'30 dias FF',1,NULL,NULL,NULL),(5,NULL,'45 dias FF',1,NULL,NULL,NULL),(6,NULL,'60 dias FF',1,NULL,NULL,NULL);

--
-- Table structure for table `ppc_comunicaciones`
--

CREATE TABLE `ppc_comunicaciones` (
  `id` bigint(20) unsigned NOT NULL AUTO_INCREMENT,
  `user_id` int(10) unsigned DEFAULT NULL,
  `ppc_comunicaciones_type_id` bigint(20) unsigned NOT NULL,
  `person_id` int(10) unsigned NOT NULL,
  `is_propio` tinyint(1) NOT NULL DEFAULT '0',
  `person_id_relationed` int(10) unsigned DEFAULT NULL,
  `ppc_type_id` bigint(20) unsigned NOT NULL,
  `ppc_user_id` bigint(20) unsigned DEFAULT NULL,
  `fecha` datetime NOT NULL,
  `titulo` varchar(191) COLLATE utf8mb4_unicode_ci DEFAULT NULL,
  `descripcion` longtext COLLATE utf8mb4_unicode_ci,
  `habilitado` tinyint(1) NOT NULL DEFAULT '1',
  `created_at` timestamp NULL DEFAULT NULL,
  `updated_at` timestamp NULL DEFAULT NULL,
  `deleted_at` timestamp NULL DEFAULT NULL,
  PRIMARY KEY (`id`),
  KEY `ppc_comunicaciones_ppc_comunicaciones_type_id_foreign` (`ppc_comunicaciones_type_id`),
  KEY `ppc_comunicaciones_person_id_foreign` (`person_id`),
  KEY `ppc_comunicaciones_person_id_relationed_foreign` (`person_id_relationed`),
  KEY `ppc_comunicaciones_ppc_type_id_foreign` (`ppc_type_id`),
  KEY `ppc_comunicaciones_ppc_user_id_foreign` (`ppc_user_id`),
  CONSTRAINT `ppc_comunicaciones_person_id_foreign` FOREIGN KEY (`person_id`) REFERENCES `persons` (`id`),
  CONSTRAINT `ppc_comunicaciones_person_id_relationed_foreign` FOREIGN KEY (`person_id_relationed`) REFERENCES `persons` (`id`),
  CONSTRAINT `ppc_comunicaciones_ppc_comunicaciones_type_id_foreign` FOREIGN KEY (`ppc_comunicaciones_type_id`) REFERENCES `ppc_comunicaciones_types` (`id`),
  CONSTRAINT `ppc_comunicaciones_ppc_type_id_foreign` FOREIGN KEY (`ppc_type_id`) REFERENCES `ppc_types` (`id`),
  CONSTRAINT `ppc_comunicaciones_ppc_user_id_foreign` FOREIGN KEY (`ppc_user_id`) REFERENCES `ppc_users` (`id`)
) ENGINE=InnoDB DEFAULT CHARSET=utf8mb4 COLLATE=utf8mb4_unicode_ci;

--
-- Dumping data for table `ppc_comunicaciones`
--


--
-- Table structure for table `ppc_comunicaciones_files`
--

CREATE TABLE `ppc_comunicaciones_files` (
  `id` bigint(20) unsigned NOT NULL AUTO_INCREMENT,
  `user_id` int(10) unsigned DEFAULT NULL,
  `ppc_comunicacion_id` bigint(20) unsigned NOT NULL,
  `descripcion` varchar(255) COLLATE utf8mb4_unicode_ci DEFAULT NULL,
  `path` varchar(191) COLLATE utf8mb4_unicode_ci DEFAULT NULL,
  `name_original` varchar(191) COLLATE utf8mb4_unicode_ci DEFAULT NULL,
  `created_at` timestamp NULL DEFAULT NULL,
  `updated_at` timestamp NULL DEFAULT NULL,
  `deleted_at` timestamp NULL DEFAULT NULL,
  PRIMARY KEY (`id`),
  KEY `ppc_comunicaciones_files_ppc_comunicacion_id_foreign` (`ppc_comunicacion_id`),
  CONSTRAINT `ppc_comunicaciones_files_ppc_comunicacion_id_foreign` FOREIGN KEY (`ppc_comunicacion_id`) REFERENCES `ppc_comunicaciones` (`id`)
) ENGINE=InnoDB DEFAULT CHARSET=utf8mb4 COLLATE=utf8mb4_unicode_ci;

--
-- Dumping data for table `ppc_comunicaciones_files`
--


--
-- Table structure for table `ppc_comunicaciones_types`
--

CREATE TABLE `ppc_comunicaciones_types` (
  `id` bigint(20) unsigned NOT NULL AUTO_INCREMENT,
  `user_id` int(10) unsigned DEFAULT NULL,
  `descripcion` text COLLATE utf8mb4_unicode_ci NOT NULL,
  `habilitado` tinyint(1) NOT NULL DEFAULT '1',
  `created_at` timestamp NULL DEFAULT NULL,
  `updated_at` timestamp NULL DEFAULT NULL,
  `deleted_at` timestamp NULL DEFAULT NULL,
  PRIMARY KEY (`id`)
) ENGINE=InnoDB AUTO_INCREMENT=3 DEFAULT CHARSET=utf8mb4 COLLATE=utf8mb4_unicode_ci;

--
-- Dumping data for table `ppc_comunicaciones_types`
--

INSERT INTO `ppc_comunicaciones_types` VALUES (1,NULL,'Legajos',1,NULL,NULL,NULL),(2,NULL,'Notificaciones',1,NULL,NULL,NULL);

--
-- Table structure for table `ppc_receipts`
--

CREATE TABLE `ppc_receipts` (
  `id` bigint(20) unsigned NOT NULL AUTO_INCREMENT,
  `user_id` int(10) unsigned DEFAULT NULL,
  `type_id` int(10) unsigned DEFAULT NULL,
  `person_id` int(10) unsigned NOT NULL,
  `person_id_relationed` int(10) unsigned NOT NULL,
  `ppc_user_id` bigint(20) unsigned NOT NULL,
  `ppc_type_id` bigint(20) unsigned NOT NULL,
  `was_leida` tinyint(1) NOT NULL DEFAULT '0',
  `fecha` datetime NOT NULL,
  `titulo` varchar(191) COLLATE utf8mb4_unicode_ci DEFAULT NULL,
  `descripcion` longtext COLLATE utf8mb4_unicode_ci,
  `file` text COLLATE utf8mb4_unicode_ci,
  `type_receipt_id` int(10) unsigned DEFAULT NULL,
  `sucursal` int(11) DEFAULT NULL,
  `numero` int(11) DEFAULT NULL,
  `fecha_emision` date NOT NULL,
  `fecha_vto` date DEFAULT NULL,
  `moneda_id` int(10) unsigned NOT NULL DEFAULT '1',
  `cotizacion` decimal(16,2) NOT NULL DEFAULT '0.00',
  `subtotal` decimal(16,2) NOT NULL DEFAULT '0.00',
  `impuestos` decimal(16,2) NOT NULL DEFAULT '0.00',
  `total` decimal(16,2) NOT NULL DEFAULT '0.00',
  `forma_de_entrega_id` bigint(20) unsigned DEFAULT NULL,
  `dc_orden_id` bigint(20) unsigned DEFAULT NULL,
  `documento_asoc` text COLLATE utf8mb4_unicode_ci,
  `ppc_receipt_estado_id` bigint(20) unsigned NOT NULL DEFAULT '1',
  `comentario_recepcion` longtext COLLATE utf8mb4_unicode_ci,
  `created_at` timestamp NULL DEFAULT NULL,
  `updated_at` timestamp NULL DEFAULT NULL,
  `deleted_at` timestamp NULL DEFAULT NULL,
  PRIMARY KEY (`id`),
  KEY `ppc_receipts_type_id_foreign` (`type_id`),
  KEY `ppc_receipts_person_id_foreign` (`person_id`),
  KEY `ppc_receipts_person_id_relationed_foreign` (`person_id_relationed`),
  KEY `ppc_receipts_ppc_type_id_foreign` (`ppc_type_id`),
  KEY `ppc_receipts_ppc_user_id_foreign` (`ppc_user_id`),
  KEY `ppc_receipts_type_receipt_id_foreign` (`type_receipt_id`),
  KEY `ppc_receipts_moneda_id_foreign` (`moneda_id`),
  KEY `ppc_receipts_forma_de_entrega_id_foreign` (`forma_de_entrega_id`),
  KEY `ppc_receipts_dc_orden_id_foreign` (`dc_orden_id`),
  KEY `ppc_receipts_ppc_receipt_estado_id_foreign` (`ppc_receipt_estado_id`),
  CONSTRAINT `ppc_receipts_dc_orden_id_foreign` FOREIGN KEY (`dc_orden_id`) REFERENCES `dc_ordenes` (`id`),
  CONSTRAINT `ppc_receipts_forma_de_entrega_id_foreign` FOREIGN KEY (`forma_de_entrega_id`) REFERENCES `forma_de_entrega` (`id`),
  CONSTRAINT `ppc_receipts_moneda_id_foreign` FOREIGN KEY (`moneda_id`) REFERENCES `monedas` (`id`),
  CONSTRAINT `ppc_receipts_person_id_foreign` FOREIGN KEY (`person_id`) REFERENCES `persons` (`id`),
  CONSTRAINT `ppc_receipts_person_id_relationed_foreign` FOREIGN KEY (`person_id_relationed`) REFERENCES `persons` (`id`),
  CONSTRAINT `ppc_receipts_ppc_receipt_estado_id_foreign` FOREIGN KEY (`ppc_receipt_estado_id`) REFERENCES `ppc_receipts_estados` (`id`),
  CONSTRAINT `ppc_receipts_ppc_type_id_foreign` FOREIGN KEY (`ppc_type_id`) REFERENCES `ppc_types` (`id`),
  CONSTRAINT `ppc_receipts_ppc_user_id_foreign` FOREIGN KEY (`ppc_user_id`) REFERENCES `ppc_users` (`id`),
  CONSTRAINT `ppc_receipts_type_id_foreign` FOREIGN KEY (`type_id`) REFERENCES `types` (`id`),
  CONSTRAINT `ppc_receipts_type_receipt_id_foreign` FOREIGN KEY (`type_receipt_id`) REFERENCES `receipt_types` (`id`)
) ENGINE=InnoDB DEFAULT CHARSET=utf8mb4 COLLATE=utf8mb4_unicode_ci;

--
-- Dumping data for table `ppc_receipts`
--


--
-- Table structure for table `ppc_receipts_estados`
--

CREATE TABLE `ppc_receipts_estados` (
  `id` bigint(20) unsigned NOT NULL AUTO_INCREMENT,
  `user_id` int(10) unsigned DEFAULT NULL,
  `descripcion` text COLLATE utf8mb4_unicode_ci NOT NULL,
  `habilitado` tinyint(1) NOT NULL DEFAULT '1',
  `created_at` timestamp NULL DEFAULT NULL,
  `updated_at` timestamp NULL DEFAULT NULL,
  `deleted_at` timestamp NULL DEFAULT NULL,
  PRIMARY KEY (`id`)
) ENGINE=InnoDB AUTO_INCREMENT=4 DEFAULT CHARSET=utf8mb4 COLLATE=utf8mb4_unicode_ci;

--
-- Dumping data for table `ppc_receipts_estados`
--

INSERT INTO `ppc_receipts_estados` VALUES (1,NULL,'Pendiente',1,NULL,NULL,NULL),(2,NULL,'Rechazado',1,NULL,NULL,NULL),(3,NULL,'Aprobado',1,NULL,NULL,NULL);

--
-- Table structure for table `ppc_receipts_files`
--

CREATE TABLE `ppc_receipts_files` (
  `id` bigint(20) unsigned NOT NULL AUTO_INCREMENT,
  `user_id` int(10) unsigned DEFAULT NULL,
  `ppc_receipt_id` bigint(20) unsigned NOT NULL,
  `descripcion` varchar(255) COLLATE utf8mb4_unicode_ci DEFAULT NULL,
  `path` varchar(191) COLLATE utf8mb4_unicode_ci DEFAULT NULL,
  `name_original` varchar(191) COLLATE utf8mb4_unicode_ci DEFAULT NULL,
  `created_at` timestamp NULL DEFAULT NULL,
  `updated_at` timestamp NULL DEFAULT NULL,
  `deleted_at` timestamp NULL DEFAULT NULL,
  PRIMARY KEY (`id`),
  KEY `ppc_receipts_files_ppc_receipt_id_foreign` (`ppc_receipt_id`),
  CONSTRAINT `ppc_receipts_files_ppc_receipt_id_foreign` FOREIGN KEY (`ppc_receipt_id`) REFERENCES `ppc_receipts` (`id`)
) ENGINE=InnoDB DEFAULT CHARSET=utf8mb4 COLLATE=utf8mb4_unicode_ci;

--
-- Dumping data for table `ppc_receipts_files`
--


--
-- Table structure for table `ppc_types`
--

CREATE TABLE `ppc_types` (
  `id` bigint(20) unsigned NOT NULL AUTO_INCREMENT,
  `user_id` int(10) unsigned DEFAULT NULL,
  `descripcion` text COLLATE utf8mb4_unicode_ci NOT NULL,
  `habilitado` tinyint(1) NOT NULL DEFAULT '1',
  `created_at` timestamp NULL DEFAULT NULL,
  `updated_at` timestamp NULL DEFAULT NULL,
  `deleted_at` timestamp NULL DEFAULT NULL,
  PRIMARY KEY (`id`)
) ENGINE=InnoDB AUTO_INCREMENT=4 DEFAULT CHARSET=utf8mb4 COLLATE=utf8mb4_unicode_ci;

--
-- Dumping data for table `ppc_types`
--

INSERT INTO `ppc_types` VALUES (1,NULL,'Proveedor',1,NULL,NULL,NULL),(2,NULL,'Cliente',1,NULL,NULL,NULL),(3,NULL,'Ambos',1,NULL,NULL,NULL);

--
-- Table structure for table `ppc_users`
--

CREATE TABLE `ppc_users` (
  `id` bigint(20) unsigned NOT NULL AUTO_INCREMENT,
  `user_id` int(10) unsigned DEFAULT NULL,
  `person_id` int(10) unsigned NOT NULL,
  `person_id_relationed` int(10) unsigned NOT NULL,
  `person_id_ppc_user` int(10) unsigned NOT NULL,
  `ppc_type_id` bigint(20) unsigned NOT NULL,
  `login_user` text COLLATE utf8mb4_unicode_ci NOT NULL,
  `password` text COLLATE utf8mb4_unicode_ci NOT NULL,
  `is_principal` tinyint(1) NOT NULL DEFAULT '1',
  `habilitado` tinyint(1) NOT NULL DEFAULT '1',
  `created_at` timestamp NULL DEFAULT NULL,
  `updated_at` timestamp NULL DEFAULT NULL,
  `deleted_at` timestamp NULL DEFAULT NULL,
  PRIMARY KEY (`id`),
  KEY `ppc_users_person_id_foreign` (`person_id`),
  KEY `ppc_users_person_id_relationed_foreign` (`person_id_relationed`),
  KEY `ppc_users_person_id_ppc_user_foreign` (`person_id_ppc_user`),
  KEY `ppc_users_ppc_type_id_foreign` (`ppc_type_id`),
  CONSTRAINT `ppc_users_person_id_foreign` FOREIGN KEY (`person_id`) REFERENCES `persons` (`id`),
  CONSTRAINT `ppc_users_person_id_ppc_user_foreign` FOREIGN KEY (`person_id_ppc_user`) REFERENCES `persons` (`id`),
  CONSTRAINT `ppc_users_person_id_relationed_foreign` FOREIGN KEY (`person_id_relationed`) REFERENCES `persons` (`id`),
  CONSTRAINT `ppc_users_ppc_type_id_foreign` FOREIGN KEY (`ppc_type_id`) REFERENCES `ppc_types` (`id`)
) ENGINE=InnoDB DEFAULT CHARSET=utf8mb4 COLLATE=utf8mb4_unicode_ci;

--
-- Dumping data for table `ppc_users`
--


--
-- Table structure for table `pre_facturas`
--

CREATE TABLE `pre_facturas` (
  `id` bigint(20) unsigned NOT NULL AUTO_INCREMENT,
  `user_id` int(10) unsigned DEFAULT NULL,
  `fact_elec_receipt_id` int(10) unsigned DEFAULT NULL,
  `person_id` int(10) unsigned NOT NULL,
  `person_id_relationed` int(10) unsigned NOT NULL,
  `fecha` date NOT NULL,
  `fecha_facturado` date DEFAULT NULL,
  `neto` decimal(16,2) NOT NULL DEFAULT '0.00',
  `comentario` longtext COLLATE utf8mb4_unicode_ci,
  `created_at` timestamp NULL DEFAULT NULL,
  `updated_at` timestamp NULL DEFAULT NULL,
  `deleted_at` timestamp NULL DEFAULT NULL,
  PRIMARY KEY (`id`),
  KEY `pre_facturas_person_id_foreign` (`person_id`),
  KEY `pre_facturas_person_id_relationed_foreign` (`person_id_relationed`),
  KEY `pre_facturas_fact_elec_receipt_id_foreign` (`fact_elec_receipt_id`),
  CONSTRAINT `pre_facturas_fact_elec_receipt_id_foreign` FOREIGN KEY (`fact_elec_receipt_id`) REFERENCES `fact_elec_receipts` (`id`),
  CONSTRAINT `pre_facturas_person_id_foreign` FOREIGN KEY (`person_id`) REFERENCES `persons` (`id`),
  CONSTRAINT `pre_facturas_person_id_relationed_foreign` FOREIGN KEY (`person_id_relationed`) REFERENCES `persons` (`id`)
) ENGINE=InnoDB DEFAULT CHARSET=utf8mb4 COLLATE=utf8mb4_unicode_ci;

--
-- Dumping data for table `pre_facturas`
--


--
-- Table structure for table `pre_facturas_files`
--

CREATE TABLE `pre_facturas_files` (
  `id` bigint(20) unsigned NOT NULL AUTO_INCREMENT,
  `user_id` int(10) unsigned DEFAULT NULL,
  `pre_factura_id` bigint(20) unsigned NOT NULL,
  `descripcion` varchar(255) COLLATE utf8mb4_unicode_ci DEFAULT NULL,
  `path` varchar(191) COLLATE utf8mb4_unicode_ci DEFAULT NULL,
  `name_original` varchar(191) COLLATE utf8mb4_unicode_ci DEFAULT NULL,
  `created_at` timestamp NULL DEFAULT NULL,
  `updated_at` timestamp NULL DEFAULT NULL,
  `deleted_at` timestamp NULL DEFAULT NULL,
  PRIMARY KEY (`id`),
  KEY `pre_facturas_files_pre_factura_id_foreign` (`pre_factura_id`),
  CONSTRAINT `pre_facturas_files_pre_factura_id_foreign` FOREIGN KEY (`pre_factura_id`) REFERENCES `pre_facturas` (`id`)
) ENGINE=InnoDB DEFAULT CHARSET=utf8mb4 COLLATE=utf8mb4_unicode_ci;

--
-- Dumping data for table `pre_facturas_files`
--


--
-- Table structure for table `pre_facturas_ots`
--

CREATE TABLE `pre_facturas_ots` (
  `id` bigint(20) unsigned NOT NULL AUTO_INCREMENT,
  `user_id` int(10) unsigned DEFAULT NULL,
  `pre_factura_id` bigint(20) unsigned NOT NULL,
  `inv_ot_id` bigint(20) unsigned NOT NULL,
  `created_at` timestamp NULL DEFAULT NULL,
  `updated_at` timestamp NULL DEFAULT NULL,
  `deleted_at` timestamp NULL DEFAULT NULL,
  PRIMARY KEY (`id`),
  KEY `pre_facturas_ots_pre_factura_id_foreign` (`pre_factura_id`),
  KEY `pre_facturas_ots_inv_ot_id_foreign` (`inv_ot_id`),
  CONSTRAINT `pre_facturas_ots_inv_ot_id_foreign` FOREIGN KEY (`inv_ot_id`) REFERENCES `inv_orden_trabajos` (`id`),
  CONSTRAINT `pre_facturas_ots_pre_factura_id_foreign` FOREIGN KEY (`pre_factura_id`) REFERENCES `pre_facturas` (`id`)
) ENGINE=InnoDB DEFAULT CHARSET=utf8mb4 COLLATE=utf8mb4_unicode_ci;

--
-- Dumping data for table `pre_facturas_ots`
--


--
-- Table structure for table `presupuesto_config`
--

CREATE TABLE `presupuesto_config` (
  `id` int(10) unsigned NOT NULL AUTO_INCREMENT,
  `user_id` int(10) unsigned DEFAULT NULL,
  `person_id` int(10) unsigned NOT NULL,
  `num_inicial` int(10) unsigned NOT NULL DEFAULT '0',
  `created_at` timestamp NULL DEFAULT NULL,
  `updated_at` timestamp NULL DEFAULT NULL,
  `deleted_at` timestamp NULL DEFAULT NULL,
  PRIMARY KEY (`id`),
  KEY `presupuesto_config_person_id_foreign` (`person_id`),
  CONSTRAINT `presupuesto_config_person_id_foreign` FOREIGN KEY (`person_id`) REFERENCES `persons` (`id`)
) ENGINE=InnoDB AUTO_INCREMENT=2 DEFAULT CHARSET=utf8mb4 COLLATE=utf8mb4_unicode_ci;

--
-- Dumping data for table `presupuesto_config`
--

INSERT INTO `presupuesto_config` VALUES (1,8522,40718,2,'2023-02-28 16:56:43','2023-02-28 14:02:57',NULL);

--
-- Table structure for table `presupuestos`
--

CREATE TABLE `presupuestos` (
  `id` int(10) unsigned NOT NULL AUTO_INCREMENT,
  `user_id` int(10) unsigned NOT NULL,
  `fecha` date NOT NULL DEFAULT '2019-12-23',
  `punto_venta_id` int(10) unsigned NOT NULL,
  `system_tax_id` int(10) unsigned NOT NULL DEFAULT '7',
  `numero` int(10) unsigned NOT NULL,
  `person_id` int(10) unsigned NOT NULL,
  `person_id_receptor` int(10) unsigned NOT NULL DEFAULT '3',
  `texto` longtext COLLATE utf8mb4_unicode_ci,
  `iva_si_no` tinyint(1) NOT NULL DEFAULT '0',
  `neto` decimal(16,2) NOT NULL DEFAULT '0.00',
  `iva` decimal(16,2) NOT NULL DEFAULT '0.00',
  `total` decimal(16,2) NOT NULL DEFAULT '0.00',
  `comentario` varchar(191) COLLATE utf8mb4_unicode_ci DEFAULT NULL,
  `created_at` timestamp NULL DEFAULT NULL,
  `updated_at` timestamp NULL DEFAULT NULL,
  `deleted_at` timestamp NULL DEFAULT NULL,
  PRIMARY KEY (`id`),
  KEY `presupuestos_punto_venta_id_foreign` (`punto_venta_id`),
  KEY `presupuestos_person_id_foreign` (`person_id`),
  KEY `presupuestos_person_id_receptor_foreign` (`person_id_receptor`),
  KEY `presupuestos_system_tax_id_foreign` (`system_tax_id`),
  CONSTRAINT `presupuestos_person_id_foreign` FOREIGN KEY (`person_id`) REFERENCES `persons` (`id`),
  CONSTRAINT `presupuestos_person_id_receptor_foreign` FOREIGN KEY (`person_id_receptor`) REFERENCES `persons` (`id`),
  CONSTRAINT `presupuestos_punto_venta_id_foreign` FOREIGN KEY (`punto_venta_id`) REFERENCES `fact_elec_puntos_venta` (`id`),
  CONSTRAINT `presupuestos_system_tax_id_foreign` FOREIGN KEY (`system_tax_id`) REFERENCES `system_taxes` (`id`)
) ENGINE=InnoDB AUTO_INCREMENT=2 DEFAULT CHARSET=utf8mb4 COLLATE=utf8mb4_unicode_ci;

--
-- Dumping data for table `presupuestos`
--

INSERT INTO `presupuestos` VALUES (1,8522,'2022-12-02',1,7,3,40718,40717,'<p>Presupuesto Ejemplo #</p>',0,1000.00,0.00,1000.00,NULL,'2023-02-28 20:05:49','2023-02-28 20:05:49',NULL);

--
-- Table structure for table `prod_variant_types`
--

CREATE TABLE `prod_variant_types` (
  `id` bigint(20) unsigned NOT NULL AUTO_INCREMENT,
  `user_id` int(10) unsigned DEFAULT NULL,
  `person_id` int(10) unsigned NOT NULL,
  `descripcion` varchar(191) COLLATE utf8mb4_unicode_ci NOT NULL,
  `habilitado` tinyint(1) NOT NULL DEFAULT '1',
  `created_at` timestamp NULL DEFAULT NULL,
  `updated_at` timestamp NULL DEFAULT NULL,
  `deleted_at` timestamp NULL DEFAULT NULL,
  PRIMARY KEY (`id`),
  KEY `prod_variant_types_person_id_foreign` (`person_id`),
  CONSTRAINT `prod_variant_types_person_id_foreign` FOREIGN KEY (`person_id`) REFERENCES `persons` (`id`)
) ENGINE=InnoDB DEFAULT CHARSET=utf8mb4 COLLATE=utf8mb4_unicode_ci;

--
-- Dumping data for table `prod_variant_types`
--


--
-- Table structure for table `prod_variant_values`
--

CREATE TABLE `prod_variant_values` (
  `id` bigint(20) unsigned NOT NULL AUTO_INCREMENT,
  `user_id` int(10) unsigned DEFAULT NULL,
  `person_id` int(10) unsigned NOT NULL,
  `prod_variant_type_id` bigint(20) unsigned NOT NULL,
  `descripcion` varchar(191) COLLATE utf8mb4_unicode_ci NOT NULL,
  `habilitado` tinyint(1) NOT NULL DEFAULT '1',
  `created_at` timestamp NULL DEFAULT NULL,
  `updated_at` timestamp NULL DEFAULT NULL,
  `deleted_at` timestamp NULL DEFAULT NULL,
  PRIMARY KEY (`id`),
  KEY `prod_variant_values_person_id_foreign` (`person_id`),
  KEY `prod_variant_values_prod_variant_type_id_foreign` (`prod_variant_type_id`),
  CONSTRAINT `prod_variant_values_person_id_foreign` FOREIGN KEY (`person_id`) REFERENCES `persons` (`id`),
  CONSTRAINT `prod_variant_values_prod_variant_type_id_foreign` FOREIGN KEY (`prod_variant_type_id`) REFERENCES `prod_variant_types` (`id`)
) ENGINE=InnoDB DEFAULT CHARSET=utf8mb4 COLLATE=utf8mb4_unicode_ci;

--
-- Dumping data for table `prod_variant_values`
--


--
-- Table structure for table `prod_variants`
--

CREATE TABLE `prod_variants` (
  `id` bigint(20) unsigned NOT NULL AUTO_INCREMENT,
  `user_id` int(10) unsigned DEFAULT NULL,
  `person_id` int(10) unsigned NOT NULL,
  `inv_product_id` bigint(20) unsigned NOT NULL,
  `created_at` timestamp NULL DEFAULT NULL,
  `updated_at` timestamp NULL DEFAULT NULL,
  `deleted_at` timestamp NULL DEFAULT NULL,
  PRIMARY KEY (`id`),
  KEY `prod_variants_person_id_foreign` (`person_id`),
  KEY `prod_variants_inv_product_id_foreign` (`inv_product_id`),
  CONSTRAINT `prod_variants_inv_product_id_foreign` FOREIGN KEY (`inv_product_id`) REFERENCES `inv_productos` (`id`),
  CONSTRAINT `prod_variants_person_id_foreign` FOREIGN KEY (`person_id`) REFERENCES `persons` (`id`)
) ENGINE=InnoDB DEFAULT CHARSET=utf8mb4 COLLATE=utf8mb4_unicode_ci;

--
-- Dumping data for table `prod_variants`
--


--
-- Table structure for table `prod_variants_detail`
--

CREATE TABLE `prod_variants_detail` (
  `id` bigint(20) unsigned NOT NULL AUTO_INCREMENT,
  `prod_variant_id` bigint(20) unsigned NOT NULL,
  `prod_variant_value_id` bigint(20) unsigned NOT NULL,
  `created_at` timestamp NULL DEFAULT NULL,
  `updated_at` timestamp NULL DEFAULT NULL,
  `deleted_at` timestamp NULL DEFAULT NULL,
  PRIMARY KEY (`id`),
  KEY `prod_variants_detail_prod_variant_id_foreign` (`prod_variant_id`),
  KEY `prod_variants_detail_prod_variant_value_id_foreign` (`prod_variant_value_id`),
  CONSTRAINT `prod_variants_detail_prod_variant_id_foreign` FOREIGN KEY (`prod_variant_id`) REFERENCES `prod_variants` (`id`),
  CONSTRAINT `prod_variants_detail_prod_variant_value_id_foreign` FOREIGN KEY (`prod_variant_value_id`) REFERENCES `prod_variant_values` (`id`)
) ENGINE=InnoDB DEFAULT CHARSET=utf8mb4 COLLATE=utf8mb4_unicode_ci;

--
-- Dumping data for table `prod_variants_detail`
--


--
-- Table structure for table `querys`
--

CREATE TABLE `querys` (
  `id` bigint(20) unsigned NOT NULL AUTO_INCREMENT,
  `user_id` int(10) unsigned DEFAULT NULL,
  `descripcion` varchar(191) COLLATE utf8mb4_unicode_ci DEFAULT NULL,
  `habilitado` tinyint(1) NOT NULL DEFAULT '1',
  `created_at` timestamp NULL DEFAULT NULL,
  `updated_at` timestamp NULL DEFAULT NULL,
  `deleted_at` timestamp NULL DEFAULT NULL,
  PRIMARY KEY (`id`)
) ENGINE=InnoDB AUTO_INCREMENT=2 DEFAULT CHARSET=utf8mb4 COLLATE=utf8mb4_unicode_ci;

--
-- Dumping data for table `querys`
--

INSERT INTO `querys` VALUES (1,NULL,'Factura Electronica Masiva Productos',1,'2023-02-16 08:52:59','2023-02-16 08:52:59',NULL);

--
-- Table structure for table `querys_details`
--

CREATE TABLE `querys_details` (
  `id` bigint(20) unsigned NOT NULL AUTO_INCREMENT,
  `user_id` int(10) unsigned DEFAULT NULL,
  `person_id` int(10) unsigned DEFAULT NULL,
  `query_id` bigint(20) unsigned NOT NULL,
  `descripcion` longtext COLLATE utf8mb4_unicode_ci,
  `created_at` timestamp NULL DEFAULT NULL,
  `updated_at` timestamp NULL DEFAULT NULL,
  `deleted_at` timestamp NULL DEFAULT NULL,
  PRIMARY KEY (`id`),
  KEY `querys_details_query_id_foreign` (`query_id`),
  KEY `querys_details_person_id_foreign` (`person_id`),
  CONSTRAINT `querys_details_person_id_foreign` FOREIGN KEY (`person_id`) REFERENCES `persons` (`id`),
  CONSTRAINT `querys_details_query_id_foreign` FOREIGN KEY (`query_id`) REFERENCES `querys` (`id`)
) ENGINE=InnoDB DEFAULT CHARSET=utf8mb4 COLLATE=utf8mb4_unicode_ci;

--
-- Dumping data for table `querys_details`
--


--
-- Table structure for table `queue_proceso_resultado`
--

CREATE TABLE `queue_proceso_resultado` (
  `id` int(10) unsigned NOT NULL AUTO_INCREMENT,
  `user_id` int(10) unsigned DEFAULT NULL,
  `queue_proceso_id` int(10) unsigned DEFAULT NULL,
  `resultado` longtext COLLATE utf8mb4_unicode_ci,
  `created_at` timestamp NULL DEFAULT NULL,
  `updated_at` timestamp NULL DEFAULT NULL,
  `deleted_at` timestamp NULL DEFAULT NULL,
  PRIMARY KEY (`id`),
  KEY `queue_proceso_resultado_queue_proceso_id_foreign` (`queue_proceso_id`),
  CONSTRAINT `queue_proceso_resultado_queue_proceso_id_foreign` FOREIGN KEY (`queue_proceso_id`) REFERENCES `queue_procesos` (`id`)
) ENGINE=InnoDB AUTO_INCREMENT=32 DEFAULT CHARSET=utf8mb4 COLLATE=utf8mb4_unicode_ci;

--
-- Dumping data for table `queue_proceso_resultado`
--

INSERT INTO `queue_proceso_resultado` VALUES (1,8522,1,'[\"Linea 142 Ya est\\u00e1 registrado un comprobante con los datos:  operacion: 1, punto_venta: 2 numero: 6762, Cliente\\/Prov: consumidor final{\\\"id\\\":627,\\\"user_id\\\":null,\\\"type_id\\\":1,\\\"type_receipt_id\\\":1,\\\"comprobanteAfip\\\":null,\\\"fact_elec_receipt_id\\\":null,\\\"period_id\\\":1520,\\\"zone_id\\\":23,\\\"plan_cuenta_id\\\":96,\\\"conta_centro_costo_id\\\":null,\\\"activity_id\\\":1,\\\"iva_creditos_tipo_id\\\":1,\\\"retention_type_id\\\":null,\\\"dc_orden_id\\\":null,\\\"person_id_owner\\\":40718,\\\"person_id_relationed\\\":40814,\\\"number\\\":6762,\\\"hasta\\\":6762,\\\"reference\\\":null,\\\"receipt_date\\\":\\\"2023-02-27T03:00:00.000000Z\\\",\\\"expiration_date\\\":\\\"2023-02-24T19:14:51.227970Z\\\",\\\"code_ticket\\\":2,\\\"status_id\\\":1,\\\"tax_account_id\\\":null,\\\"amount\\\":\\\"31008.67\\\",\\\"file\\\":null,\\\"created_at\\\":\\\"2023-02-24T19:14:50.000000Z\\\",\\\"updated_at\\\":\\\"2023-02-24T19:14:50.000000Z\\\",\\\"deleted_at\\\":null,\\\"nombre_transaccion\\\":\\\"Comprobante\\\",\\\"name_modelo\\\":\\\"App\\\\\\\\Models\\\\\\\\Receipt\\\"}\",\"Linea 175 Ya est\\u00e1 registrado un comprobante con los datos:  operacion: 1, punto_venta: 2 numero: 7398, Cliente\\/Prov: consumidor final{\\\"id\\\":633,\\\"user_id\\\":null,\\\"type_id\\\":1,\\\"type_receipt_id\\\":1,\\\"comprobanteAfip\\\":null,\\\"fact_elec_receipt_id\\\":null,\\\"period_id\\\":1520,\\\"zone_id\\\":23,\\\"plan_cuenta_id\\\":96,\\\"conta_centro_costo_id\\\":null,\\\"activity_id\\\":1,\\\"iva_creditos_tipo_id\\\":1,\\\"retention_type_id\\\":null,\\\"dc_orden_id\\\":null,\\\"person_id_owner\\\":40718,\\\"person_id_relationed\\\":40814,\\\"number\\\":7398,\\\"hasta\\\":7398,\\\"reference\\\":null,\\\"receipt_date\\\":\\\"2023-02-27T03:00:00.000000Z\\\",\\\"expiration_date\\\":\\\"2023-02-24T19:14:51.564096Z\\\",\\\"code_ticket\\\":2,\\\"status_id\\\":1,\\\"tax_account_id\\\":null,\\\"amount\\\":\\\"30855.00\\\",\\\"file\\\":null,\\\"created_at\\\":\\\"2023-02-24T19:14:51.000000Z\\\",\\\"updated_at\\\":\\\"2023-02-24T19:14:51.000000Z\\\",\\\"deleted_at\\\":null,\\\"nombre_transaccion\\\":\\\"Comprobante\\\",\\\"name_modelo\\\":\\\"App\\\\\\\\Models\\\\\\\\Receipt\\\"}\",\"Linea 227 Ya est\\u00e1 registrado un comprobante con los datos:  operacion: 1, punto_venta: 2 numero: 6670, Cliente\\/Prov: consumidor final{\\\"id\\\":590,\\\"user_id\\\":null,\\\"type_id\\\":1,\\\"type_receipt_id\\\":1,\\\"comprobanteAfip\\\":null,\\\"fact_elec_receipt_id\\\":null,\\\"period_id\\\":1519,\\\"zone_id\\\":23,\\\"plan_cuenta_id\\\":96,\\\"conta_centro_costo_id\\\":null,\\\"activity_id\\\":1,\\\"iva_creditos_tipo_id\\\":1,\\\"retention_type_id\\\":null,\\\"dc_orden_id\\\":null,\\\"person_id_owner\\\":40718,\\\"person_id_relationed\\\":40814,\\\"number\\\":6670,\\\"hasta\\\":6670,\\\"reference\\\":null,\\\"receipt_date\\\":\\\"2023-01-02T03:00:00.000000Z\\\",\\\"expiration_date\\\":\\\"2023-02-24T19:14:52.170450Z\\\",\\\"code_ticket\\\":2,\\\"status_id\\\":1,\\\"tax_account_id\\\":null,\\\"amount\\\":\\\"9833.67\\\",\\\"file\\\":null,\\\"created_at\\\":\\\"2023-02-24T19:14:49.000000Z\\\",\\\"updated_at\\\":\\\"2023-02-24T19:14:49.000000Z\\\",\\\"deleted_at\\\":null,\\\"nombre_transaccion\\\":\\\"Comprobante\\\",\\\"name_modelo\\\":\\\"App\\\\\\\\Models\\\\\\\\Receipt\\\"}\"]','2023-02-24 16:14:46','2023-02-24 16:16:32','2023-02-24 16:16:32');
INSERT INTO `queue_proceso_resultado` VALUES (2,8522,1,'[\"Linea 236 Ya est\\u00e1 registrado un comprobante con los datos:  operacion: 1, punto_venta: 2 numero: 7231, Cliente\\/Prov: consumidor final{\\\"id\\\":800,\\\"user_id\\\":null,\\\"type_id\\\":1,\\\"type_receipt_id\\\":4,\\\"comprobanteAfip\\\":null,\\\"fact_elec_receipt_id\\\":null,\\\"period_id\\\":1520,\\\"zone_id\\\":22,\\\"plan_cuenta_id\\\":96,\\\"conta_centro_costo_id\\\":null,\\\"activity_id\\\":1,\\\"iva_creditos_tipo_id\\\":1,\\\"retention_type_id\\\":null,\\\"dc_orden_id\\\":null,\\\"person_id_owner\\\":40718,\\\"person_id_relationed\\\":40814,\\\"number\\\":7231,\\\"hasta\\\":7231,\\\"reference\\\":null,\\\"receipt_date\\\":\\\"2023-02-27T03:00:00.000000Z\\\",\\\"expiration_date\\\":\\\"2023-02-24T19:15:51.425942Z\\\",\\\"code_ticket\\\":2,\\\"status_id\\\":1,\\\"tax_account_id\\\":null,\\\"amount\\\":\\\"34534.61\\\",\\\"file\\\":null,\\\"created_at\\\":\\\"2023-02-24T19:15:48.000000Z\\\",\\\"updated_at\\\":\\\"2023-02-24T19:15:48.000000Z\\\",\\\"deleted_at\\\":null,\\\"nombre_transaccion\\\":\\\"Comprobante\\\",\\\"name_modelo\\\":\\\"App\\\\\\\\Models\\\\\\\\Receipt\\\"}\",\"Linea 240 Ya est\\u00e1 registrado un comprobante con los datos:  operacion: 1, punto_venta: 2 numero: 7030, Cliente\\/Prov: consumidor final{\\\"id\\\":872,\\\"user_id\\\":null,\\\"type_id\\\":1,\\\"type_receipt_id\\\":4,\\\"comprobanteAfip\\\":null,\\\"fact_elec_receipt_id\\\":null,\\\"period_id\\\":1521,\\\"zone_id\\\":22,\\\"plan_cuenta_id\\\":96,\\\"conta_centro_costo_id\\\":null,\\\"activity_id\\\":1,\\\"iva_creditos_tipo_id\\\":1,\\\"retention_type_id\\\":null,\\\"dc_orden_id\\\":null,\\\"person_id_owner\\\":40718,\\\"person_id_relationed\\\":40814,\\\"number\\\":7030,\\\"hasta\\\":7030,\\\"reference\\\":null,\\\"receipt_date\\\":\\\"2023-03-27T03:00:00.000000Z\\\",\\\"expiration_date\\\":\\\"2023-02-24T19:15:51.462293Z\\\",\\\"code_ticket\\\":2,\\\"status_id\\\":1,\\\"tax_account_id\\\":null,\\\"amount\\\":\\\"27189.91\\\",\\\"file\\\":null,\\\"created_at\\\":\\\"2023-02-24T19:15:51.000000Z\\\",\\\"updated_at\\\":\\\"2023-02-24T19:15:51.000000Z\\\",\\\"deleted_at\\\":null,\\\"nombre_transaccion\\\":\\\"Comprobante\\\",\\\"name_modelo\\\":\\\"App\\\\\\\\Models\\\\\\\\Receipt\\\"}\"]','2023-02-24 16:15:41','2023-02-24 16:16:32','2023-02-24 16:16:32'),(3,8522,1,'[]','2023-02-24 16:16:35','2025-03-20 11:27:36','2025-03-20 11:27:36'),(4,11237,3,'[\"Importacion Exitosa!!! Se muestran los comprobantes se importaron y no balancean:\",\"El renglon 12 no balancea, diferencia $0.02!!!\",\"El renglon 15 no balancea, diferencia $-0.01!!!\",\"El renglon 22 no balancea, diferencia $-0.03!!!\",\"El renglon 24 no balancea, diferencia $0.01!!!\",\"El renglon 26 no balancea, diferencia $-0.01!!!\",\"El renglon 47 no balancea, diferencia $30000!!!\",\"El renglon 54 no balancea, diferencia $19785.19!!!\"]','2025-03-20 09:27:20','2025-03-20 19:33:24','2025-03-20 19:33:24'),(5,11237,3,'[\"Importacion Exitosa!!! Se muestran los comprobantes se importaron y no balancean:\",\"El renglon 12 no balancea, diferencia $0.02!!!\",\"El renglon 15 no balancea, diferencia $-0.01!!!\",\"El renglon 22 no balancea, diferencia $-0.03!!!\",\"El renglon 24 no balancea, diferencia $0.01!!!\",\"El renglon 26 no balancea, diferencia $-0.01!!!\",\"El renglon 47 no balancea, diferencia $30000!!!\",\"El renglon 54 no balancea, diferencia $19785.19!!!\"]','2025-03-20 09:30:44','2025-03-20 19:33:24','2025-03-20 19:33:24'),(6,11237,3,'[\"Importacion Exitosa!!! Se muestran los comprobantes se importaron y no balancean:\",\"El renglon 12 no balancea, diferencia $0.02!!!\",\"El renglon 15 no balancea, diferencia $-0.01!!!\",\"El renglon 22 no balancea, diferencia $-0.03!!!\",\"El renglon 24 no balancea, diferencia $0.01!!!\",\"El renglon 26 no balancea, diferencia $-0.01!!!\",\"El renglon 47 no balancea, diferencia $30000!!!\",\"El renglon 54 no balancea, diferencia $19785.19!!!\"]','2025-03-20 10:24:16','2025-03-20 19:33:24','2025-03-20 19:33:24');
INSERT INTO `queue_proceso_resultado` VALUES (7,11237,3,'[\"Linea 54 El dni con valor :  es invalido\",\"Linea 54 El Tipo de Comprobante con id:  no existe\"]','2025-03-20 10:39:46','2025-03-20 19:33:24','2025-03-20 19:33:24'),(8,11237,3,'[\"Importacion Exitosa!!! Se muestran los comprobantes se importaron y no balancean:\",\"El renglon 12 no balancea, diferencia $0.02!!!\",\"El renglon 15 no balancea, diferencia $-0.01!!!\",\"El renglon 22 no balancea, diferencia $-0.03!!!\",\"El renglon 24 no balancea, diferencia $0.01!!!\",\"El renglon 26 no balancea, diferencia $-0.01!!!\",\"El renglon 47 no balancea, diferencia $30000!!!\",\"El renglon 54 no balancea, diferencia $19785.19!!!\"]','2025-03-20 19:32:49','2025-03-20 19:33:24','2025-03-20 19:33:24'),(9,11237,3,NULL,'2025-03-20 19:34:13','2025-04-05 18:49:53','2025-04-05 18:49:53'),(10,11237,3,'[\"Importacion Exitosa!!! Se muestran los comprobantes se importaron y no balancean:\",\"El renglon 17 no balancea, diferencia $0.02!!!\",\"El renglon 27 no balancea, diferencia $-0.01!!!\",\"El renglon 33 no balancea, diferencia $-0.01!!!\",\"El renglon 41 no balancea, diferencia $121799.96!!!\",\"El renglon 53 no balancea, diferencia $118!!!\",\"El renglon 57 no balancea, diferencia $0.01!!!\",\"El renglon 61 no balancea, diferencia $0.01!!!\",\"El renglon 75 no balancea, diferencia $-0.01!!!\"]','2025-03-25 20:52:34','2025-04-05 18:49:53','2025-04-05 18:49:53'),(11,11237,3,'[\"Importacion Exitosa!!! Se muestran los comprobantes se importaron y no balancean:\",\"El renglon 26 no balancea, diferencia $-0.01!!!\",\"El renglon 30 no balancea, diferencia $-0.01!!!\",\"El renglon 31 no balancea, diferencia $0.01!!!\"]','2025-04-01 18:25:04','2025-04-05 18:49:53','2025-04-05 18:49:53'),(12,11237,3,'[\"Importacion Exitosa!!! Se muestran los comprobantes se importaron y no balancean:\",\"El renglon 2 no balancea, diferencia $0.07!!!\",\"El renglon 10 no balancea, diferencia $209000!!!\",\"El renglon 14 no balancea, diferencia $0.02!!!\",\"El renglon 24 no balancea, diferencia $0.01!!!\",\"El renglon 29 no balancea, diferencia $0.01!!!\",\"El renglon 36 no balancea, diferencia $5000!!!\",\"El renglon 51 no balancea, diferencia $0.02!!!\",\"El renglon 58 no balancea, diferencia $724!!!\",\"El renglon 62 no balancea, diferencia $-0.02!!!\",\"El renglon 72 no balancea, diferencia $0.17!!!\"]','2025-04-05 18:31:12','2025-04-05 18:49:53','2025-04-05 18:49:53'),(13,11237,3,'[\"Importacion Exitosa!!! Se muestran los comprobantes se importaron y no balancean:\",\"El renglon 4 no balancea, diferencia $25000!!!\",\"El renglon 19 no balancea, diferencia $721!!!\",\"El renglon 31 no balancea, diferencia $15246.99!!!\",\"El renglon 33 no balancea, diferencia $-0.01!!!\",\"El renglon 35 no balancea, diferencia $40254.25!!!\",\"El renglon 44 no balancea, diferencia $99999!!!\",\"El renglon 49 no balancea, diferencia $-0.01!!!\",\"El renglon 54 no balancea, diferencia $-0.03!!!\"]','2025-04-05 18:32:09','2025-04-05 18:49:53','2025-04-05 18:49:53'),(14,11237,3,'[\"Importacion Exitosa!!! Se muestran los comprobantes se importaron y no balancean:\",\"El renglon 11 no balancea, diferencia $-0.01!!!\",\"El renglon 15 no balancea, diferencia $-0.01!!!\",\"El renglon 19 no balancea, diferencia $-0.03!!!\",\"El renglon 24 no balancea, diferencia $0.01!!!\",\"El renglon 25 no balancea, diferencia $-9.24!!!\",\"El renglon 27 no balancea, diferencia $0.02!!!\",\"El renglon 31 no balancea, diferencia $-0.02!!!\",\"El renglon 33 no balancea, diferencia $-0.01!!!\",\"El renglon 34 no balancea, diferencia $-0.02!!!\",\"El renglon 35 no balancea, diferencia $-0.02!!!\",\"El renglon 36 no balancea, diferencia $-0.02!!!\",\"El renglon 40 no balancea, diferencia $-0.01!!!\",\"El renglon 47 no balancea, diferencia $200000!!!\",\"El renglon 48 no balancea, diferencia $0.03!!!\",\"El renglon 49 no balancea, diferencia $0.05!!!\",\"El renglon 52 no balancea, diferencia $161898!!!\",\"El renglon 53 no balancea, diferencia $-0.21!!!\"]','2025-04-05 18:33:14','2025-04-05 18:49:53','2025-04-05 18:49:53');
INSERT INTO `queue_proceso_resultado` VALUES (15,11237,3,'[\"Importacion Exitosa!!! Se muestran los comprobantes se importaron y no balancean:\",\"El renglon 19 no balancea, diferencia $137!!!\",\"El renglon 33 no balancea, diferencia $0.03!!!\",\"El renglon 49 no balancea, diferencia $-0.01!!!\",\"El renglon 50 no balancea, diferencia $0.01!!!\",\"El renglon 59 no balancea, diferencia $0.01!!!\"]','2025-04-05 18:34:47','2025-04-05 18:49:53','2025-04-05 18:49:53'),(16,11237,3,'[\"Importacion Exitosa!!! Se muestran los comprobantes se importaron y no balancean:\",\"El renglon 8 no balancea, diferencia $0.01!!!\",\"El renglon 9 no balancea, diferencia $0.01!!!\",\"El renglon 13 no balancea, diferencia $0.01!!!\",\"El renglon 18 no balancea, diferencia $-0.03!!!\",\"El renglon 19 no balancea, diferencia $-0.01!!!\",\"El renglon 40 no balancea, diferencia $37!!!\",\"El renglon 45 no balancea, diferencia $0.01!!!\"]','2025-04-05 18:35:04','2025-04-05 18:49:53','2025-04-05 18:49:53'),(17,11237,3,'[\"Importacion Exitosa!!! Se muestran los comprobantes se importaron y no balancean:\",\"El renglon 10 no balancea, diferencia $0.01!!!\",\"El renglon 38 no balancea, diferencia $30!!!\"]','2025-04-05 18:35:45','2025-04-05 18:49:53','2025-04-05 18:49:53'),(18,11237,3,'[\"Importacion Exitosa!!! Se muestran los comprobantes se importaron y no balancean:\",\"El renglon 5 no balancea, diferencia $-0.01!!!\",\"El renglon 16 no balancea, diferencia $0.02!!!\",\"El renglon 30 no balancea, diferencia $33!!!\",\"El renglon 31 no balancea, diferencia $102!!!\",\"El renglon 42 no balancea, diferencia $-0.01!!!\",\"El renglon 57 no balancea, diferencia $-0.03!!!\",\"El renglon 65 no balancea, diferencia $0.01!!!\",\"El renglon 66 no balancea, diferencia $0.01!!!\",\"El renglon 68 no balancea, diferencia $0.01!!!\",\"El renglon 71 no balancea, diferencia $-0.01!!!\"]','2025-04-05 18:36:03','2025-04-05 18:49:53','2025-04-05 18:49:53'),(19,11237,3,'[\"Importacion Exitosa!!! Se muestran los comprobantes se importaron y no balancean:\",\"El renglon 5 no balancea, diferencia $-0.01!!!\",\"El renglon 16 no balancea, diferencia $0.02!!!\",\"El renglon 30 no balancea, diferencia $33!!!\",\"El renglon 31 no balancea, diferencia $102!!!\",\"El renglon 42 no balancea, diferencia $-0.01!!!\",\"El renglon 57 no balancea, diferencia $-0.03!!!\",\"El renglon 65 no balancea, diferencia $0.01!!!\",\"El renglon 66 no balancea, diferencia $0.01!!!\",\"El renglon 68 no balancea, diferencia $0.01!!!\",\"El renglon 71 no balancea, diferencia $-0.01!!!\"]','2025-04-05 18:36:15','2025-04-05 18:49:53','2025-04-05 18:49:53'),(20,11237,3,'[\"Linea 56 El dni con valor :  es invalido\",\"Linea 56 El Tipo de Comprobante con id:  no existe\"]','2025-04-07 14:25:15','2025-04-07 14:25:19',NULL),(21,11237,3,'[\"Importacion Exitosa!!! Se muestran los comprobantes se importaron y no balancean:\",\"El renglon 4 no balancea, diferencia $25000!!!\",\"El renglon 19 no balancea, diferencia $721!!!\",\"El renglon 31 no balancea, diferencia $15246.99!!!\",\"El renglon 33 no balancea, diferencia $-0.01!!!\",\"El renglon 35 no balancea, diferencia $40254.25!!!\",\"El renglon 44 no balancea, diferencia $99999!!!\",\"El renglon 49 no balancea, diferencia $-0.01!!!\",\"El renglon 54 no balancea, diferencia $-0.03!!!\"]','2025-04-07 14:27:26','2025-04-07 14:27:31',NULL),(22,11237,3,'[\"Importacion Exitosa!!! Se muestran los comprobantes se importaron y no balancean:\",\"El renglon 17 no balancea, diferencia $0.02!!!\",\"El renglon 27 no balancea, diferencia $-0.01!!!\",\"El renglon 33 no balancea, diferencia $-0.01!!!\",\"El renglon 41 no balancea, diferencia $121799.96!!!\",\"El renglon 53 no balancea, diferencia $118!!!\",\"El renglon 57 no balancea, diferencia $0.01!!!\",\"El renglon 61 no balancea, diferencia $0.01!!!\",\"El renglon 75 no balancea, diferencia $-0.01!!!\"]','2025-04-08 10:28:49','2025-04-08 10:28:58',NULL);
INSERT INTO `queue_proceso_resultado` VALUES (23,11237,3,'[\"Importacion Exitosa!!! Se muestran los comprobantes se importaron y no balancean:\",\"El renglon 12 no balancea, diferencia $0.02!!!\",\"El renglon 15 no balancea, diferencia $-0.01!!!\",\"El renglon 22 no balancea, diferencia $-0.03!!!\",\"El renglon 24 no balancea, diferencia $0.01!!!\",\"El renglon 26 no balancea, diferencia $-0.01!!!\",\"El renglon 47 no balancea, diferencia $30000!!!\",\"El renglon 54 no balancea, diferencia $19785.19!!!\"]','2025-04-08 10:29:22','2025-04-08 10:29:27',NULL),(24,11237,3,'[\"Importacion Exitosa!!! Se muestran los comprobantes se importaron y no balancean:\",\"El renglon 18 no balancea, diferencia $127!!!\",\"El renglon 31 no balancea, diferencia $0.04!!!\",\"El renglon 33 no balancea, diferencia $0.05!!!\",\"El renglon 34 no balancea, diferencia $-0.03!!!\",\"El renglon 35 no balancea, diferencia $-0.04!!!\",\"El renglon 38 no balancea, diferencia $128482.5!!!\",\"El renglon 39 no balancea, diferencia $128482.5!!!\",\"El renglon 44 no balancea, diferencia $10.69!!!\",\"El renglon 47 no balancea, diferencia $0.01!!!\",\"El renglon 51 no balancea, diferencia $122!!!\",\"El renglon 60 no balancea, diferencia $0.01!!!\",\"El renglon 72 no balancea, diferencia $-0.02!!!\"]','2025-04-14 10:27:15','2025-04-14 10:27:26',NULL),(25,11237,3,'[\"Importacion Exitosa!!! Se muestran los comprobantes se importaron y no balancean:\",\"El renglon 19 no balancea, diferencia $0.01!!!\",\"El renglon 20 no balancea, diferencia $-0.02!!!\",\"El renglon 31 no balancea, diferencia $0.04!!!\",\"El renglon 32 no balancea, diferencia $142200!!!\",\"El renglon 44 no balancea, diferencia $0.01!!!\",\"El renglon 60 no balancea, diferencia $144!!!\",\"El renglon 63 no balancea, diferencia $-0.02!!!\"]','2025-05-08 12:34:25','2025-05-08 12:34:29',NULL),(26,11237,3,'[\"Importacion Exitosa!!! Se muestran los comprobantes se importaron y no balancean:\",\"El renglon 8 no balancea, diferencia $-0.01!!!\",\"El renglon 23 no balancea, diferencia $0.01!!!\",\"El renglon 36 no balancea, diferencia $0.03!!!\",\"El renglon 44 no balancea, diferencia $0.01!!!\",\"El renglon 46 no balancea, diferencia $-0.01!!!\",\"El renglon 48 no balancea, diferencia $3000!!!\"]','2025-05-20 21:51:25','2025-05-20 21:51:28',NULL),(27,11237,3,'[\"Importacion Exitosa!!! Se muestran los comprobantes se importaron y no balancean:\",\"El renglon 20 no balancea, diferencia $0.01!!!\",\"El renglon 21 no balancea, diferencia $-0.02!!!\",\"El renglon 23 no balancea, diferencia $-0.05!!!\",\"El renglon 32 no balancea, diferencia $0.04!!!\",\"El renglon 33 no balancea, diferencia $142200!!!\",\"El renglon 43 no balancea, diferencia $0.01!!!\",\"El renglon 61 no balancea, diferencia $144!!!\",\"El renglon 64 no balancea, diferencia $-0.02!!!\"]','2025-05-20 21:51:55','2025-05-20 21:51:57',NULL),(28,11237,3,'[\"Importacion Exitosa!!! Se muestran los comprobantes se importaron y no balancean:\",\"El renglon 8 no balancea, diferencia $-0.01!!!\",\"El renglon 23 no balancea, diferencia $0.01!!!\",\"El renglon 36 no balancea, diferencia $0.03!!!\",\"El renglon 44 no balancea, diferencia $0.01!!!\",\"El renglon 46 no balancea, diferencia $-0.01!!!\",\"El renglon 48 no balancea, diferencia $3000!!!\",\"El renglon 65 no balancea, diferencia $94274.04!!!\"]','2025-05-28 11:47:35','2025-05-28 11:47:37',NULL),(29,11237,3,'[\"Importacion Exitosa!!! Se muestran los comprobantes se importaron y no balancean:\",\"El renglon 8 no balancea, diferencia $-0.01!!!\",\"El renglon 23 no balancea, diferencia $0.01!!!\",\"El renglon 36 no balancea, diferencia $0.03!!!\",\"El renglon 44 no balancea, diferencia $0.01!!!\",\"El renglon 46 no balancea, diferencia $-0.01!!!\",\"El renglon 48 no balancea, diferencia $3000!!!\",\"El renglon 57 no balancea, diferencia $-0.03!!!\",\"El renglon 66 no balancea, diferencia $94274.04!!!\",\"El renglon 83 no balancea, diferencia $0.02!!!\"]','2025-06-17 10:57:16','2025-06-17 10:57:19',NULL),(30,11237,3,'[]','2025-08-20 10:43:43','2025-08-20 10:43:46',NULL);
INSERT INTO `queue_proceso_resultado` VALUES (31,11237,3,'[\"Importacion Exitosa!!! Se muestran los comprobantes se importaron y no balancean:\",\"El renglon 8 no balancea, diferencia $-0.01!!!\",\"El renglon 22 no balancea, diferencia $0.01!!!\",\"El renglon 35 no balancea, diferencia $0.03!!!\",\"El renglon 43 no balancea, diferencia $0.01!!!\",\"El renglon 45 no balancea, diferencia $-0.01!!!\",\"El renglon 47 no balancea, diferencia $3000!!!\",\"El renglon 56 no balancea, diferencia $-0.03!!!\",\"El renglon 79 no balancea, diferencia $0.02!!!\",\"El renglon 81 no balancea, diferencia $0.01!!!\",\"El renglon 83 no balancea, diferencia $0.01!!!\"]','2025-08-20 11:35:29','2025-08-20 11:35:33',NULL);

--
-- Table structure for table `queue_procesos`
--

CREATE TABLE `queue_procesos` (
  `id` int(10) unsigned NOT NULL AUTO_INCREMENT,
  `user_id` int(10) unsigned DEFAULT NULL,
  `descripcion` text COLLATE utf8mb4_unicode_ci NOT NULL,
  `created_at` timestamp NULL DEFAULT NULL,
  `updated_at` timestamp NULL DEFAULT NULL,
  `deleted_at` timestamp NULL DEFAULT NULL,
  PRIMARY KEY (`id`)
) ENGINE=InnoDB AUTO_INCREMENT=5 DEFAULT CHARSET=utf8mb4 COLLATE=utf8mb4_unicode_ci;

--
-- Dumping data for table `queue_procesos`
--

INSERT INTO `queue_procesos` VALUES (1,NULL,'Importar - Excel',NULL,NULL,NULL),(2,NULL,'Importar - Mis Comprobantes',NULL,NULL,NULL),(3,NULL,'Importar - Portal IVA','2023-02-16 08:52:59','2023-02-16 08:52:59',NULL),(4,NULL,'Importar - Archivos PEM F8011','2023-02-16 08:53:03','2023-02-16 08:53:03',NULL);

--
-- Table structure for table `receipt_dc_ordenes`
--

CREATE TABLE `receipt_dc_ordenes` (
  `id` bigint(20) unsigned NOT NULL AUTO_INCREMENT,
  `user_id` int(10) unsigned DEFAULT NULL,
  `receipt_id` int(10) unsigned NOT NULL,
  `dc_orden_id` bigint(20) unsigned NOT NULL,
  `dc_orden_id_oc` bigint(20) unsigned NOT NULL,
  `importe` decimal(16,2) NOT NULL DEFAULT '0.00',
  `created_at` timestamp NULL DEFAULT NULL,
  `updated_at` timestamp NULL DEFAULT NULL,
  `deleted_at` timestamp NULL DEFAULT NULL,
  PRIMARY KEY (`id`),
  KEY `receipt_dc_ordenes_receipt_id_foreign` (`receipt_id`),
  KEY `receipt_dc_ordenes_dc_orden_id_foreign` (`dc_orden_id`),
  KEY `receipt_dc_ordenes_dc_orden_id_oc_foreign` (`dc_orden_id_oc`),
  CONSTRAINT `receipt_dc_ordenes_dc_orden_id_foreign` FOREIGN KEY (`dc_orden_id`) REFERENCES `dc_ordenes` (`id`),
  CONSTRAINT `receipt_dc_ordenes_dc_orden_id_oc_foreign` FOREIGN KEY (`dc_orden_id_oc`) REFERENCES `dc_ordenes` (`id`),
  CONSTRAINT `receipt_dc_ordenes_receipt_id_foreign` FOREIGN KEY (`receipt_id`) REFERENCES `receipts` (`id`)
) ENGINE=InnoDB DEFAULT CHARSET=utf8mb4 COLLATE=utf8mb4_unicode_ci;

--
-- Dumping data for table `receipt_dc_ordenes`
--


--
-- Table structure for table `receipt_taxes`
--

CREATE TABLE `receipt_taxes` (
  `id` int(10) unsigned NOT NULL AUTO_INCREMENT,
  `user_id` int(10) unsigned DEFAULT NULL,
  `receipt_id` int(10) unsigned NOT NULL,
  `tax_id` int(10) unsigned DEFAULT NULL,
  `amount` decimal(16,2) NOT NULL,
  `tax_amount` decimal(16,2) NOT NULL DEFAULT '0.00',
  `taxable_iibb` int(11) NOT NULL DEFAULT '0',
  `iva_iibb` int(11) NOT NULL DEFAULT '0',
  `created_at` timestamp NULL DEFAULT NULL,
  `updated_at` timestamp NULL DEFAULT NULL,
  `deleted_at` timestamp NULL DEFAULT NULL,
  PRIMARY KEY (`id`),
  KEY `receipt_taxes_receipt_id_foreign` (`receipt_id`),
  CONSTRAINT `receipt_taxes_receipt_id_foreign` FOREIGN KEY (`receipt_id`) REFERENCES `receipts` (`id`)
) ENGINE=InnoDB AUTO_INCREMENT=4647 DEFAULT CHARSET=utf8mb4 COLLATE=utf8mb4_unicode_ci;

--
-- Dumping data for table `receipt_taxes`
--

INSERT INTO `receipt_taxes` VALUES (873,NULL,873,2,6800.00,1428.00,2,1,'2023-02-24 16:16:35','2023-02-24 16:16:35',NULL),(874,NULL,874,2,6500.00,1365.00,2,1,'2023-02-24 16:16:35','2023-02-24 16:16:35',NULL),(875,NULL,875,2,6900.00,1449.00,2,1,'2023-02-24 16:16:35','2023-02-24 16:16:35',NULL),(876,NULL,876,2,8900.00,1869.00,2,1,'2023-02-24 16:16:35','2023-02-24 16:16:35',NULL),(877,NULL,877,2,6900.00,1449.00,2,1,'2023-02-24 16:16:35','2023-02-24 16:16:35',NULL),(878,NULL,878,2,6900.00,1449.00,2,1,'2023-02-24 16:16:35','2023-02-24 16:16:35',NULL),(879,NULL,879,2,6900.00,1449.00,2,1,'2023-02-24 16:16:35','2023-02-24 16:16:35',NULL),(880,NULL,880,2,6900.00,1449.00,2,1,'2023-02-24 16:16:35','2023-02-24 16:16:35',NULL),(881,NULL,881,2,6900.00,1449.00,2,1,'2023-02-24 16:16:35','2023-02-24 16:16:35',NULL),(882,NULL,882,2,6900.00,1449.00,2,1,'2023-02-24 16:16:36','2023-02-24 16:16:36',NULL),(883,NULL,883,2,7500.00,1575.00,2,1,'2023-02-24 16:16:36','2023-02-24 16:16:36',NULL),(884,NULL,884,2,6900.00,1449.00,2,1,'2023-02-24 16:16:36','2023-02-24 16:16:36',NULL),(885,NULL,885,2,7800.00,1638.00,2,1,'2023-02-24 16:16:36','2023-02-24 16:16:36',NULL),(886,NULL,886,2,7900.00,1659.00,2,1,'2023-02-24 16:16:36','2023-02-24 16:16:36',NULL),(887,NULL,887,2,6800.00,1428.00,2,1,'2023-02-24 16:16:36','2023-02-24 16:16:36',NULL),(888,NULL,888,2,6500.00,1365.00,2,1,'2023-02-24 16:16:36','2023-02-24 16:16:36',NULL),(889,NULL,889,2,7100.00,1491.00,2,1,'2023-02-24 16:16:36','2023-02-24 16:16:36',NULL),(890,NULL,890,2,7100.00,1491.00,2,1,'2023-02-24 16:16:36','2023-02-24 16:16:36',NULL),(891,NULL,891,2,7100.00,1491.00,2,1,'2023-02-24 16:16:36','2023-02-24 16:16:36',NULL),(892,NULL,892,2,6800.00,1428.00,2,1,'2023-02-24 16:16:36','2023-02-24 16:16:36',NULL),(893,NULL,893,2,7149.00,1501.29,2,1,'2023-02-24 16:16:36','2023-02-24 16:16:36',NULL),(894,NULL,894,2,19520.00,4099.20,2,1,'2023-02-24 16:16:36','2023-02-24 16:16:36',NULL),(895,NULL,895,2,11967.00,2513.07,2,1,'2023-02-24 16:16:36','2023-02-24 16:16:36',NULL),(896,NULL,896,2,13423.00,2818.83,2,1,'2023-02-24 16:16:36','2023-02-24 16:16:36',NULL),(897,NULL,897,2,7663.00,1609.23,2,1,'2023-02-24 16:16:36','2023-02-24 16:16:36',NULL),(898,NULL,898,2,10852.00,2278.92,2,1,'2023-02-24 16:16:36','2023-02-24 16:16:36',NULL),(899,NULL,899,2,8235.00,1729.35,2,1,'2023-02-24 16:16:36','2023-02-24 16:16:36',NULL),(900,NULL,900,2,9058.00,1902.18,2,1,'2023-02-24 16:16:36','2023-02-24 16:16:36',NULL),(901,NULL,901,2,17381.00,3650.01,2,1,'2023-02-24 16:16:36','2023-02-24 16:16:36',NULL),(902,NULL,902,2,12260.00,2574.60,2,1,'2023-02-24 16:16:36','2023-02-24 16:16:36',NULL),(903,NULL,903,2,11625.00,2441.25,2,1,'2023-02-24 16:16:36','2023-02-24 16:16:36',NULL),(904,NULL,904,2,12297.00,2582.37,2,1,'2023-02-24 16:16:36','2023-02-24 16:16:36',NULL),(905,NULL,905,2,10952.00,2299.92,2,1,'2023-02-24 16:16:36','2023-02-24 16:16:36',NULL),(906,NULL,906,2,6181.00,1298.01,2,1,'2023-02-24 16:16:37','2023-02-24 16:16:37',NULL),(907,NULL,907,2,12627.00,2651.67,2,1,'2023-02-24 16:16:37','2023-02-24 16:16:37',NULL),(908,NULL,908,2,6115.00,1284.15,2,1,'2023-02-24 16:16:37','2023-02-24 16:16:37',NULL),(909,NULL,909,2,12747.00,2676.87,2,1,'2023-02-24 16:16:37','2023-02-24 16:16:37',NULL),(910,NULL,910,2,6312.00,1325.52,2,1,'2023-02-24 16:16:37','2023-02-24 16:16:37',NULL),(911,NULL,911,2,19710.00,4139.10,2,1,'2023-02-24 16:16:37','2023-02-24 16:16:37',NULL),(912,NULL,912,2,13867.00,2912.07,2,1,'2023-02-24 16:16:37','2023-02-24 16:16:37',NULL),(913,NULL,913,2,19838.00,4165.98,2,1,'2023-02-24 16:16:37','2023-02-24 16:16:37',NULL),(914,NULL,914,2,12632.00,2652.72,2,1,'2023-02-24 16:16:37','2023-02-24 16:16:37',NULL),(915,NULL,915,2,15606.00,3277.26,2,1,'2023-02-24 16:16:37','2023-02-24 16:16:37',NULL),(916,NULL,916,2,14675.00,3081.75,2,1,'2023-02-24 16:16:37','2023-02-24 16:16:37',NULL),(917,NULL,917,2,12756.00,2678.76,2,1,'2023-02-24 16:16:37','2023-02-24 16:16:37',NULL),(918,NULL,918,2,13948.00,2929.08,2,1,'2023-02-24 16:16:37','2023-02-24 16:16:37',NULL);
INSERT INTO `receipt_taxes` VALUES (919,NULL,919,2,11682.00,2453.22,2,1,'2023-02-24 16:16:37','2023-02-24 16:16:37',NULL),(920,NULL,920,2,15383.00,3230.43,2,1,'2023-02-24 16:16:37','2023-02-24 16:16:37',NULL),(921,NULL,921,2,9912.00,2081.52,2,1,'2023-02-24 16:16:37','2023-02-24 16:16:37',NULL),(922,NULL,922,2,9595.00,2014.95,2,1,'2023-02-24 16:16:37','2023-02-24 16:16:37',NULL),(923,NULL,923,2,14353.00,3014.13,2,1,'2023-02-24 16:16:37','2023-02-24 16:16:37',NULL),(924,NULL,924,2,10654.00,2237.34,2,1,'2023-02-24 16:16:37','2023-02-24 16:16:37',NULL),(925,NULL,925,2,8760.00,1839.60,2,1,'2023-02-24 16:16:37','2023-02-24 16:16:37',NULL),(926,NULL,926,2,19175.00,4026.75,2,1,'2023-02-24 16:16:37','2023-02-24 16:16:37',NULL),(927,NULL,927,2,8317.00,1746.57,2,1,'2023-02-24 16:16:37','2023-02-24 16:16:37',NULL),(928,NULL,928,2,6471.00,1358.91,2,1,'2023-02-24 16:16:37','2023-02-24 16:16:37',NULL),(929,NULL,929,2,7145.00,1500.45,2,1,'2023-02-24 16:16:37','2023-02-24 16:16:37',NULL),(930,NULL,930,2,16108.00,3382.68,2,1,'2023-02-24 16:16:37','2023-02-24 16:16:37',NULL),(931,NULL,931,2,19567.00,4109.07,2,1,'2023-02-24 16:16:37','2023-02-24 16:16:37',NULL),(932,NULL,932,2,5741.00,1205.61,2,1,'2023-02-24 16:16:37','2023-02-24 16:16:37',NULL),(933,NULL,933,2,14242.00,2990.82,2,1,'2023-02-24 16:16:38','2023-02-24 16:16:38',NULL),(934,NULL,934,2,19209.00,4033.89,2,1,'2023-02-24 16:16:38','2023-02-24 16:16:38',NULL),(935,NULL,935,2,16988.00,3567.48,2,1,'2023-02-24 16:16:38','2023-02-24 16:16:38',NULL),(936,NULL,936,2,18654.00,3917.34,2,1,'2023-02-24 16:16:38','2023-02-24 16:16:38',NULL),(937,NULL,937,2,19110.00,4013.10,2,1,'2023-02-24 16:16:38','2023-02-24 16:16:38',NULL),(938,NULL,938,2,7136.00,1498.56,2,1,'2023-02-24 16:16:38','2023-02-24 16:16:38',NULL),(939,NULL,939,2,12894.00,2707.74,2,1,'2023-02-24 16:16:38','2023-02-24 16:16:38',NULL),(940,NULL,940,2,11555.00,2426.55,2,1,'2023-02-24 16:16:38','2023-02-24 16:16:38',NULL),(941,NULL,941,2,15166.00,3184.86,2,1,'2023-02-24 16:16:38','2023-02-24 16:16:38',NULL),(942,NULL,942,2,12388.00,2601.48,2,1,'2023-02-24 16:16:38','2023-02-24 16:16:38',NULL),(943,NULL,943,2,19401.00,4074.21,2,1,'2023-02-24 16:16:38','2023-02-24 16:16:38',NULL),(944,NULL,944,2,11181.00,2348.01,2,1,'2023-02-24 16:16:38','2023-02-24 16:16:38',NULL),(945,NULL,945,2,8976.00,1884.96,2,1,'2023-02-24 16:16:38','2023-02-24 16:16:38',NULL),(946,NULL,946,2,17536.00,3682.56,2,1,'2023-02-24 16:16:38','2023-02-24 16:16:38',NULL),(947,NULL,947,2,14979.00,3145.59,2,1,'2023-02-24 16:16:38','2023-02-24 16:16:38',NULL),(948,NULL,948,2,16059.00,3372.39,2,1,'2023-02-24 16:16:38','2023-02-24 16:16:38',NULL),(949,NULL,949,2,8292.00,1741.32,2,1,'2023-02-24 16:16:38','2023-02-24 16:16:38',NULL),(950,NULL,950,2,13658.00,2868.18,2,1,'2023-02-24 16:16:38','2023-02-24 16:16:38',NULL),(951,NULL,951,2,14372.00,3018.12,2,1,'2023-02-24 16:16:38','2023-02-24 16:16:38',NULL),(952,NULL,952,2,15677.00,3292.17,2,1,'2023-02-24 16:16:38','2023-02-24 16:16:38',NULL),(953,NULL,953,2,10635.00,2233.35,2,1,'2023-02-24 16:16:38','2023-02-24 16:16:38',NULL),(954,NULL,954,2,6580.00,1381.80,2,1,'2023-02-24 16:16:38','2023-02-24 16:16:38',NULL),(955,NULL,955,2,7637.00,1603.77,2,1,'2023-02-24 16:16:38','2023-02-24 16:16:38',NULL),(956,NULL,956,2,19777.00,4153.17,2,1,'2023-02-24 16:16:38','2023-02-24 16:16:38',NULL),(957,NULL,957,2,5318.00,1116.78,2,1,'2023-02-24 16:16:38','2023-02-24 16:16:38',NULL),(958,NULL,958,2,18614.00,3908.94,2,1,'2023-02-24 16:16:38','2023-02-24 16:16:38',NULL),(959,NULL,959,2,15851.00,3328.71,2,1,'2023-02-24 16:16:38','2023-02-24 16:16:38',NULL),(960,NULL,960,2,12717.00,2670.57,2,1,'2023-02-24 16:16:38','2023-02-24 16:16:38',NULL),(961,NULL,961,2,5391.00,1132.11,2,1,'2023-02-24 16:16:38','2023-02-24 16:16:38',NULL),(962,NULL,962,2,8551.00,1795.71,2,1,'2023-02-24 16:16:39','2023-02-24 16:16:39',NULL),(963,NULL,963,2,15552.00,3265.92,2,1,'2023-02-24 16:16:39','2023-02-24 16:16:39',NULL),(964,NULL,964,2,13762.00,2890.02,2,1,'2023-02-24 16:16:39','2023-02-24 16:16:39',NULL);
INSERT INTO `receipt_taxes` VALUES (965,NULL,965,2,18944.00,3978.24,2,1,'2023-02-24 16:16:39','2023-02-24 16:16:39',NULL),(966,NULL,966,2,8127.00,1706.67,2,1,'2023-02-24 16:16:39','2023-02-24 16:16:39',NULL),(967,NULL,967,2,19110.00,4013.10,2,1,'2023-02-24 16:16:39','2023-02-24 16:16:39',NULL),(968,NULL,968,2,7136.00,1498.56,2,1,'2023-02-24 16:16:39','2023-02-24 16:16:39',NULL),(969,NULL,969,2,12894.00,2707.74,2,1,'2023-02-24 16:16:39','2023-02-24 16:16:39',NULL),(970,NULL,970,2,11555.00,2426.55,2,1,'2023-02-24 16:16:39','2023-02-24 16:16:39',NULL),(971,NULL,971,2,15166.00,3184.86,2,1,'2023-02-24 16:16:39','2023-02-24 16:16:39',NULL),(972,NULL,972,2,12388.00,2601.48,2,1,'2023-02-24 16:16:39','2023-02-24 16:16:39',NULL),(973,NULL,973,2,19401.00,4074.21,2,1,'2023-02-24 16:16:39','2023-02-24 16:16:39',NULL),(974,NULL,974,2,11181.00,2348.01,2,1,'2023-02-24 16:16:39','2023-02-24 16:16:39',NULL),(975,NULL,975,2,8976.00,1884.96,2,1,'2023-02-24 16:16:39','2023-02-24 16:16:39',NULL),(976,NULL,976,2,17536.00,3682.56,2,1,'2023-02-24 16:16:39','2023-02-24 16:16:39',NULL),(977,NULL,977,2,6800.00,1428.00,2,1,'2023-02-24 16:16:39','2023-02-24 16:16:39',NULL),(978,NULL,978,2,6500.00,1365.00,2,1,'2023-02-24 16:16:39','2023-02-24 16:16:39',NULL),(979,NULL,979,2,6900.00,1449.00,2,1,'2023-02-24 16:16:39','2023-02-24 16:16:39',NULL),(980,NULL,980,2,8900.00,1869.00,2,1,'2023-02-24 16:16:39','2023-02-24 16:16:39',NULL),(981,NULL,981,2,6900.00,1449.00,2,1,'2023-02-24 16:16:39','2023-02-24 16:16:39',NULL),(982,NULL,982,2,6900.00,1449.00,2,1,'2023-02-24 16:16:39','2023-02-24 16:16:39',NULL),(983,NULL,983,2,6900.00,1449.00,2,1,'2023-02-24 16:16:39','2023-02-24 16:16:39',NULL),(984,NULL,984,2,6900.00,1449.00,2,1,'2023-02-24 16:16:39','2023-02-24 16:16:39',NULL),(985,NULL,985,2,6900.00,1449.00,2,1,'2023-02-24 16:16:39','2023-02-24 16:16:39',NULL),(986,NULL,986,2,6900.00,1449.00,2,1,'2023-02-24 16:16:40','2023-02-24 16:16:40',NULL),(987,NULL,987,2,7500.00,1575.00,2,1,'2023-02-24 16:16:40','2023-02-24 16:16:40',NULL),(988,NULL,988,2,6900.00,1449.00,2,1,'2023-02-24 16:16:40','2023-02-24 16:16:40',NULL),(989,NULL,989,2,15450.00,3244.50,2,1,'2023-02-24 16:16:40','2023-02-24 16:16:40',NULL),(990,NULL,990,2,17827.00,3743.67,2,1,'2023-02-24 16:16:40','2023-02-24 16:16:40',NULL),(991,NULL,991,2,20225.00,4247.25,2,1,'2023-02-24 16:16:40','2023-02-24 16:16:40',NULL),(992,NULL,992,2,19923.00,4183.83,2,1,'2023-02-24 16:16:40','2023-02-24 16:16:40',NULL),(993,NULL,993,2,19942.00,4187.82,2,1,'2023-02-24 16:16:40','2023-02-24 16:16:40',NULL),(994,NULL,994,2,18726.00,3932.46,2,1,'2023-02-24 16:16:40','2023-02-24 16:16:40',NULL),(995,NULL,995,2,17994.00,3778.74,2,1,'2023-02-24 16:16:40','2023-02-24 16:16:40',NULL),(996,NULL,996,2,15504.00,3255.84,2,1,'2023-02-24 16:16:40','2023-02-24 16:16:40',NULL),(997,NULL,997,2,18647.00,3915.87,2,1,'2023-02-24 16:16:40','2023-02-24 16:16:40',NULL),(998,NULL,998,2,22347.00,4692.87,2,1,'2023-02-24 16:16:40','2023-02-24 16:16:40',NULL),(999,NULL,999,2,21705.00,4558.05,2,1,'2023-02-24 16:16:41','2023-02-24 16:16:41',NULL),(1000,NULL,1000,2,28890.00,6066.90,2,1,'2023-02-24 16:16:41','2023-02-24 16:16:41',NULL),(1001,NULL,1001,2,20984.00,4406.64,2,1,'2023-02-24 16:16:41','2023-02-24 16:16:41',NULL),(1002,NULL,1002,2,18428.00,3869.88,2,1,'2023-02-24 16:16:41','2023-02-24 16:16:41',NULL),(1003,NULL,1003,2,9615.00,2019.15,2,1,'2023-02-24 16:16:41','2023-02-24 16:16:41',NULL),(1004,NULL,1004,2,19544.00,4104.24,2,1,'2023-02-24 16:16:41','2023-02-24 16:16:41',NULL),(1005,NULL,1005,2,25491.00,5353.11,2,1,'2023-02-24 16:16:41','2023-02-24 16:16:41',NULL),(1006,NULL,1006,2,15914.00,3341.94,2,1,'2023-02-24 16:16:41','2023-02-24 16:16:41',NULL),(1007,NULL,1007,2,11090.00,2328.90,2,1,'2023-02-24 16:16:41','2023-02-24 16:16:41',NULL),(1008,NULL,1008,2,14346.00,3012.66,2,1,'2023-02-24 16:16:41','2023-02-24 16:16:41',NULL),(1009,NULL,1009,2,15781.00,3314.01,2,1,'2023-02-24 16:16:41','2023-02-24 16:16:41',NULL),(1010,NULL,1010,2,10592.00,2224.32,2,1,'2023-02-24 16:16:41','2023-02-24 16:16:41',NULL);
INSERT INTO `receipt_taxes` VALUES (1011,NULL,1011,2,13516.00,2838.36,2,1,'2023-02-24 16:16:41','2023-02-24 16:16:41',NULL),(1012,NULL,1012,2,24177.00,5077.17,2,1,'2023-02-24 16:16:41','2023-02-24 16:16:41',NULL),(1013,NULL,1013,2,18310.00,3845.10,2,1,'2023-02-24 16:16:41','2023-02-24 16:16:41',NULL),(1014,NULL,1014,2,12220.00,2566.20,2,1,'2023-02-24 16:16:41','2023-02-24 16:16:41',NULL),(1015,NULL,1015,2,27642.00,5804.82,2,1,'2023-02-24 16:16:41','2023-02-24 16:16:41',NULL),(1016,NULL,1016,2,21710.00,4559.10,2,1,'2023-02-24 16:16:41','2023-02-24 16:16:41',NULL),(1017,NULL,1017,2,28411.00,5966.31,2,1,'2023-02-24 16:16:42','2023-02-24 16:16:42',NULL),(1018,NULL,1018,2,23592.00,4954.32,2,1,'2023-02-24 16:16:42','2023-02-24 16:16:42',NULL),(1019,NULL,1019,2,16571.00,3479.91,2,1,'2023-02-24 16:16:42','2023-02-24 16:16:42',NULL),(1020,NULL,1020,2,10798.00,2267.58,2,1,'2023-02-24 16:16:42','2023-02-24 16:16:42',NULL),(1021,NULL,1021,2,18552.00,3895.92,2,1,'2023-02-24 16:16:42','2023-02-24 16:16:42',NULL),(1022,NULL,1022,2,8931.00,1875.51,2,1,'2023-02-24 16:16:42','2023-02-24 16:16:42',NULL),(1023,NULL,1023,2,15461.00,3246.81,2,1,'2023-02-24 16:16:42','2023-02-24 16:16:42',NULL),(1024,NULL,1024,2,20761.00,4359.81,2,1,'2023-02-24 16:16:42','2023-02-24 16:16:42',NULL),(1025,NULL,1025,2,9638.00,2023.98,2,1,'2023-02-24 16:16:42','2023-02-24 16:16:42',NULL),(1026,NULL,1026,2,9960.00,2091.60,2,1,'2023-02-24 16:16:42','2023-02-24 16:16:42',NULL),(1027,NULL,1027,2,20908.00,4390.68,2,1,'2023-02-24 16:16:42','2023-02-24 16:16:42',NULL),(1028,NULL,1028,2,10699.00,2246.79,2,1,'2023-02-24 16:16:42','2023-02-24 16:16:42',NULL),(1029,NULL,1029,2,19995.00,4198.95,2,1,'2023-02-24 16:16:42','2023-02-24 16:16:42',NULL),(1030,NULL,1030,2,11219.00,2355.99,2,1,'2023-02-24 16:16:42','2023-02-24 16:16:42',NULL),(1031,NULL,1031,2,22567.00,4739.07,2,1,'2023-02-24 16:16:42','2023-02-24 16:16:42',NULL),(1032,NULL,1032,2,14046.00,2949.66,2,1,'2023-02-24 16:16:42','2023-02-24 16:16:42',NULL),(1033,NULL,1033,2,16380.00,3439.80,2,1,'2023-02-24 16:16:42','2023-02-24 16:16:42',NULL),(1034,NULL,1034,2,29080.00,6106.80,2,1,'2023-02-24 16:16:42','2023-02-24 16:16:42',NULL),(1035,NULL,1035,2,28541.00,5993.61,2,1,'2023-02-24 16:16:42','2023-02-24 16:16:42',NULL),(1036,NULL,1036,2,24880.00,5224.80,2,1,'2023-02-24 16:16:42','2023-02-24 16:16:42',NULL),(1037,NULL,1037,2,15450.00,3244.50,2,1,'2023-02-24 16:16:42','2023-02-24 16:16:42',NULL),(1038,NULL,1038,2,17827.00,3743.67,2,1,'2023-02-24 16:16:42','2023-02-24 16:16:42',NULL),(1039,NULL,1039,2,20225.00,4247.25,2,1,'2023-02-24 16:16:42','2023-02-24 16:16:42',NULL),(1040,NULL,1040,2,19923.00,4183.83,2,1,'2023-02-24 16:16:42','2023-02-24 16:16:42',NULL),(1041,NULL,1041,2,29080.00,6106.80,2,1,'2023-02-24 16:16:42','2023-02-24 16:16:42',NULL),(1042,NULL,1042,2,28541.00,5993.61,2,1,'2023-02-24 16:16:42','2023-02-24 16:16:42',NULL),(1043,NULL,1043,2,24880.00,5224.80,2,1,'2023-02-24 16:16:42','2023-02-24 16:16:42',NULL),(1044,NULL,1044,2,25759.00,5409.39,2,1,'2023-02-24 16:16:42','2023-02-24 16:16:42',NULL),(1045,NULL,1045,2,19870.00,4172.70,2,1,'2023-02-24 16:16:42','2023-02-24 16:16:42',NULL),(1046,NULL,1046,2,18591.00,3904.11,2,1,'2023-02-24 16:16:43','2023-02-24 16:16:43',NULL),(1047,NULL,1047,2,13725.00,2882.25,2,1,'2023-02-24 16:16:43','2023-02-24 16:16:43',NULL),(1048,NULL,1048,2,27993.00,5878.53,2,1,'2023-02-24 16:16:43','2023-02-24 16:16:43',NULL),(1049,NULL,1049,2,12024.00,2525.04,2,1,'2023-02-24 16:16:43','2023-02-24 16:16:43',NULL),(1050,NULL,1050,2,21225.00,4457.25,2,1,'2023-02-24 16:16:43','2023-02-24 16:16:43',NULL),(1051,NULL,1051,2,28745.00,6036.45,2,1,'2023-02-24 16:16:43','2023-02-24 16:16:43',NULL),(1052,NULL,1052,2,15254.00,3203.34,2,1,'2023-02-24 16:16:43','2023-02-24 16:16:43',NULL),(1053,NULL,1053,2,8322.00,1747.62,2,1,'2023-02-24 16:16:43','2023-02-24 16:16:43',NULL),(1054,NULL,1054,2,18360.00,3855.60,2,1,'2023-02-24 16:16:43','2023-02-24 16:16:43',NULL),(1055,NULL,1055,2,9847.00,2067.87,2,1,'2023-02-24 16:16:43','2023-02-24 16:16:43',NULL);
INSERT INTO `receipt_taxes` VALUES (1056,NULL,1056,2,23817.00,5001.57,2,1,'2023-02-24 16:16:43','2023-02-24 16:16:43',NULL),(1057,NULL,1057,2,25116.00,5274.36,2,1,'2023-02-24 16:16:43','2023-02-24 16:16:43',NULL),(1058,NULL,1058,2,9706.00,2038.26,2,1,'2023-02-24 16:16:43','2023-02-24 16:16:43',NULL),(1059,NULL,1059,2,27546.00,5784.66,2,1,'2023-02-24 16:16:43','2023-02-24 16:16:43',NULL),(1060,NULL,1060,2,26081.00,5477.01,2,1,'2023-02-24 16:16:43','2023-02-24 16:16:43',NULL),(1061,NULL,1061,2,27888.00,5856.48,2,1,'2023-02-24 16:16:43','2023-02-24 16:16:43',NULL),(1062,NULL,1062,2,10764.00,2260.44,2,1,'2023-02-24 16:16:43','2023-02-24 16:16:43',NULL),(1063,NULL,1063,2,14419.00,3027.99,2,1,'2023-02-24 16:16:43','2023-02-24 16:16:43',NULL),(1064,NULL,1064,2,26386.00,5541.06,2,1,'2023-02-24 16:16:43','2023-02-24 16:16:43',NULL),(1065,NULL,1065,2,23121.00,4855.41,2,1,'2023-02-24 16:16:43','2023-02-24 16:16:43',NULL),(1066,NULL,1066,2,19785.00,4154.85,2,1,'2023-02-24 16:16:43','2023-02-24 16:16:43',NULL),(1067,NULL,1067,2,23522.00,4939.62,2,1,'2023-02-24 16:16:43','2023-02-24 16:16:43',NULL),(1068,NULL,1068,2,14223.00,2986.83,2,1,'2023-02-24 16:16:43','2023-02-24 16:16:43',NULL),(1069,NULL,1069,2,15239.00,3200.19,2,1,'2023-02-24 16:16:43','2023-02-24 16:16:43',NULL),(1070,NULL,1070,2,28666.00,6019.86,2,1,'2023-02-24 16:16:43','2023-02-24 16:16:43',NULL),(1071,NULL,1071,2,17990.00,3777.90,2,1,'2023-02-24 16:16:43','2023-02-24 16:16:43',NULL),(1072,NULL,1072,2,20528.00,4310.88,2,1,'2023-02-24 16:16:43','2023-02-24 16:16:43',NULL),(1073,NULL,1073,2,11130.00,2337.30,2,1,'2023-02-24 16:16:44','2023-02-24 16:16:44',NULL),(1074,NULL,1074,2,27816.00,5841.36,2,1,'2023-02-24 16:16:44','2023-02-24 16:16:44',NULL),(1075,NULL,1075,2,27967.00,5873.07,2,1,'2023-02-24 16:16:44','2023-02-24 16:16:44',NULL),(1076,NULL,1076,2,26162.00,5494.02,2,1,'2023-02-24 16:16:44','2023-02-24 16:16:44',NULL),(1077,NULL,1077,2,9520.00,1999.20,2,1,'2023-02-24 16:16:44','2023-02-24 16:16:44',NULL),(1078,NULL,1078,2,27943.00,5868.03,2,1,'2023-02-24 16:16:44','2023-02-24 16:16:44',NULL),(1079,NULL,1079,2,27515.00,5778.15,2,1,'2023-02-24 16:16:44','2023-02-24 16:16:44',NULL),(1080,NULL,1080,2,8832.00,1854.72,2,1,'2023-02-24 16:16:44','2023-02-24 16:16:44',NULL),(1081,NULL,1081,2,22789.00,4785.69,2,1,'2023-02-24 16:16:44','2023-02-24 16:16:44',NULL),(1082,NULL,1082,2,26177.00,5497.17,2,1,'2023-02-24 16:16:44','2023-02-24 16:16:44',NULL),(1083,NULL,1083,2,12693.00,2665.53,2,1,'2023-02-24 16:16:44','2023-02-24 16:16:44',NULL),(1084,NULL,1084,2,18467.00,3878.07,2,1,'2023-02-24 16:16:44','2023-02-24 16:16:44',NULL),(1085,NULL,1085,2,12421.00,2608.41,2,1,'2023-02-24 16:16:44','2023-02-24 16:16:44',NULL),(1086,NULL,1086,2,22534.00,4732.14,2,1,'2023-02-24 16:16:44','2023-02-24 16:16:44',NULL),(1087,NULL,1087,2,29105.00,6112.05,2,1,'2023-02-24 16:16:44','2023-02-24 16:16:44',NULL),(1088,NULL,1088,2,12219.00,2565.99,2,1,'2023-02-24 16:16:44','2023-02-24 16:16:44',NULL),(1089,NULL,1089,2,26206.00,5503.26,2,1,'2023-02-24 16:16:44','2023-02-24 16:16:44',NULL),(1090,NULL,1090,2,24842.00,5216.82,2,1,'2023-02-24 16:16:44','2023-02-24 16:16:44',NULL),(1091,NULL,1091,2,10378.00,2179.38,2,1,'2023-02-24 16:16:44','2023-02-24 16:16:44',NULL),(1092,NULL,1092,2,22817.00,4791.57,2,1,'2023-02-24 16:16:44','2023-02-24 16:16:44',NULL),(1093,NULL,1093,2,8558.00,1797.18,2,1,'2023-02-24 16:16:44','2023-02-24 16:16:44',NULL),(1094,NULL,1094,2,25525.00,5360.25,2,1,'2023-02-24 16:16:44','2023-02-24 16:16:44',NULL),(1095,NULL,1095,2,16678.00,3502.38,2,1,'2023-02-24 16:16:44','2023-02-24 16:16:44',NULL),(1096,NULL,1096,2,22086.00,4638.06,2,1,'2023-02-24 16:16:44','2023-02-24 16:16:44',NULL),(1097,NULL,1097,2,12432.00,2610.72,2,1,'2023-02-24 16:16:44','2023-02-24 16:16:44',NULL),(1098,NULL,1098,2,21110.00,4433.10,2,1,'2023-02-24 16:16:44','2023-02-24 16:16:44',NULL),(1099,NULL,1099,2,10815.00,2271.15,2,1,'2023-02-24 16:16:45','2023-02-24 16:16:45',NULL),(1100,NULL,1100,2,27197.00,5711.37,2,1,'2023-02-24 16:16:45','2023-02-24 16:16:45',NULL);
INSERT INTO `receipt_taxes` VALUES (1101,NULL,1101,2,16080.00,3376.80,2,1,'2023-02-24 16:16:45','2023-02-24 16:16:45',NULL),(1102,NULL,1102,2,10146.00,2130.66,2,1,'2023-02-24 16:16:45','2023-02-24 16:16:45',NULL),(1103,NULL,1103,2,19186.00,4029.06,2,1,'2023-02-24 16:16:45','2023-02-24 16:16:45',NULL),(1104,NULL,1104,2,25072.00,5265.12,2,1,'2023-02-24 16:16:45','2023-02-24 16:16:45',NULL),(1105,NULL,1105,2,11351.00,2383.71,2,1,'2023-02-24 16:16:45','2023-02-24 16:16:45',NULL),(1106,NULL,1106,2,15884.00,3335.64,2,1,'2023-02-24 16:16:45','2023-02-24 16:16:45',NULL),(1107,NULL,1107,2,22471.00,4718.91,2,1,'2023-02-24 16:16:45','2023-02-24 16:16:45',NULL),(1108,NULL,1108,2,29860.00,6270.60,2,1,'2023-02-24 16:16:45','2023-02-24 16:16:45',NULL),(1109,NULL,1109,2,24554.00,5156.34,2,1,'2023-02-24 16:16:45','2023-02-24 16:16:45',NULL),(1110,NULL,1110,2,15622.00,3280.62,2,1,'2023-02-24 16:16:45','2023-02-24 16:16:45',NULL),(1111,NULL,1111,2,29869.00,6272.49,2,1,'2023-02-24 16:16:45','2023-02-24 16:16:45',NULL),(1112,NULL,1112,2,17999.00,3779.79,2,1,'2023-02-24 16:16:45','2023-02-24 16:16:45',NULL),(1113,NULL,1113,2,19412.00,4076.52,2,1,'2023-02-24 16:16:45','2023-02-24 16:16:45',NULL),(1114,NULL,1114,2,25525.00,5360.25,2,1,'2023-02-24 16:16:45','2023-02-24 16:16:45',NULL),(1115,NULL,1115,2,16678.00,3502.38,2,1,'2023-02-24 16:16:45','2023-02-24 16:16:45',NULL),(1116,NULL,1116,2,22086.00,4638.06,2,1,'2023-02-24 16:16:45','2023-02-24 16:16:45',NULL),(1117,NULL,1117,2,20488.00,4302.48,2,1,'2023-02-24 16:16:45','2023-02-24 16:16:45',NULL),(1118,NULL,1118,2,12432.00,2610.72,2,1,'2023-02-24 16:16:45','2023-02-24 16:16:45',NULL),(1119,NULL,1119,2,18352.00,3853.92,2,1,'2023-02-24 16:16:45','2023-02-24 16:16:45',NULL),(1120,NULL,1120,2,29869.00,6272.49,2,1,'2023-02-24 16:16:45','2023-02-24 16:16:45',NULL),(1121,NULL,1121,2,17999.00,3779.79,2,1,'2023-02-24 16:16:45','2023-02-24 16:16:45',NULL),(1122,NULL,1122,2,19412.00,4076.52,2,1,'2023-02-24 16:16:45','2023-02-24 16:16:45',NULL),(1123,8522,1129,2,5259.00,1104.39,2,1,'2023-02-27 11:33:10','2023-02-27 11:33:10',NULL),(1124,8522,1129,1000,157.77,0.00,2,1,'2023-02-27 11:33:10','2023-02-27 11:33:10',NULL),(1125,8522,1130,2,14122.00,2965.62,2,1,'2023-02-27 11:33:10','2023-02-27 11:33:10',NULL),(1126,8522,1131,2,12188.00,2559.48,2,1,'2023-02-27 11:33:10','2023-02-27 11:33:10',NULL),(1127,8522,1132,2,15785.00,3314.85,2,1,'2023-02-27 11:33:10','2023-02-27 11:33:10',NULL),(1128,8522,1133,2,22142.00,4649.82,2,1,'2023-02-27 11:33:10','2023-02-27 11:33:10',NULL),(1129,8522,1133,1000,664.26,0.00,2,1,'2023-02-27 11:33:10','2023-02-27 11:33:10',NULL),(1130,8522,1134,2,22600.00,4746.00,2,1,'2023-02-27 11:33:11','2023-02-27 11:33:11',NULL),(1131,8522,1135,2,12117.00,2544.57,2,1,'2023-02-27 11:33:11','2023-02-27 11:33:11',NULL),(1132,8522,1135,1000,363.51,0.00,2,1,'2023-02-27 11:33:11','2023-02-27 11:33:11',NULL),(1133,8522,1136,2,10074.00,2115.54,2,1,'2023-02-27 11:33:11','2023-02-27 11:33:11',NULL),(1134,8522,1137,2,16049.00,3370.29,2,1,'2023-02-27 11:33:11','2023-02-27 11:33:11',NULL),(1135,8522,1138,2,9991.00,2098.11,2,1,'2023-02-27 11:33:11','2023-02-27 11:33:11',NULL),(1136,8522,1138,1000,299.73,0.00,2,1,'2023-02-27 11:33:11','2023-02-27 11:33:11',NULL),(1137,8522,1139,2,21257.00,4463.97,2,1,'2023-02-27 11:33:11','2023-02-27 11:33:11',NULL),(1138,8522,1140,2,22404.00,4704.84,2,1,'2023-02-27 11:33:11','2023-02-27 11:33:11',NULL),(1139,8522,1141,2,21545.00,4524.45,2,1,'2023-02-27 11:33:11','2023-02-27 11:33:11',NULL),(1140,8522,1142,2,10069.00,2114.49,2,1,'2023-02-27 11:33:11','2023-02-27 11:33:11',NULL),(1141,8522,1142,1000,302.07,0.00,2,1,'2023-02-27 11:33:11','2023-02-27 11:33:11',NULL),(1142,8522,1143,2,8722.00,1831.62,2,1,'2023-02-27 11:33:11','2023-02-27 11:33:11',NULL),(1143,8522,1144,2,19127.00,4016.67,2,1,'2023-02-27 11:33:11','2023-02-27 11:33:11',NULL),(1144,8522,1145,2,9420.00,1978.20,2,1,'2023-02-27 11:33:11','2023-02-27 11:33:11',NULL),(1145,8522,1145,1000,282.60,0.00,2,1,'2023-02-27 11:33:11','2023-02-27 11:33:11',NULL);
INSERT INTO `receipt_taxes` VALUES (1146,8522,1146,2,14181.00,2978.01,2,1,'2023-02-27 11:33:11','2023-02-27 11:33:11',NULL),(1147,8522,1147,2,22190.00,4659.90,2,1,'2023-02-27 11:33:11','2023-02-27 11:33:11',NULL),(1148,8522,1147,1000,665.70,0.00,2,1,'2023-02-27 11:33:11','2023-02-27 11:33:11',NULL),(1149,8522,1148,2,5576.00,1170.96,2,1,'2023-02-27 11:33:11','2023-02-27 11:33:11',NULL),(1150,8522,1149,2,14303.00,3003.63,2,1,'2023-02-27 11:33:11','2023-02-27 11:33:11',NULL),(1151,8522,1150,2,6723.00,1411.83,2,1,'2023-02-27 11:33:11','2023-02-27 11:33:11',NULL),(1152,8522,1151,2,24454.00,5135.34,2,1,'2023-02-27 11:33:11','2023-02-27 11:33:11',NULL),(1153,8522,1151,1000,733.62,0.00,2,1,'2023-02-27 11:33:11','2023-02-27 11:33:11',NULL),(1154,8522,1152,2,11022.00,2314.62,2,1,'2023-02-27 11:33:11','2023-02-27 11:33:11',NULL),(1155,8522,1153,2,19729.00,4143.09,2,1,'2023-02-27 11:33:12','2023-02-27 11:33:12',NULL),(1156,8522,1154,2,8902.00,1869.42,2,1,'2023-02-27 11:33:12','2023-02-27 11:33:12',NULL),(1157,8522,1155,2,9011.00,1892.31,2,1,'2023-02-27 11:33:12','2023-02-27 11:33:12',NULL),(1158,8522,1156,2,7972.00,1674.12,2,1,'2023-02-27 11:33:12','2023-02-27 11:33:12',NULL),(1159,8522,1157,2,11154.00,2342.34,2,1,'2023-02-27 11:33:12','2023-02-27 11:33:12',NULL),(1160,8522,1158,2,21966.00,4612.86,2,1,'2023-02-27 11:33:12','2023-02-27 11:33:12',NULL),(1161,8522,1158,1000,658.98,0.00,2,1,'2023-02-27 11:33:12','2023-02-27 11:33:12',NULL),(1162,8522,1159,2,7579.00,1591.59,2,1,'2023-02-27 11:33:12','2023-02-27 11:33:12',NULL),(1163,8522,1160,2,23636.00,4963.56,2,1,'2023-02-27 11:33:12','2023-02-27 11:33:12',NULL),(1164,8522,1161,2,7635.00,1603.35,2,1,'2023-02-27 11:33:12','2023-02-27 11:33:12',NULL),(1165,8522,1162,7,9949.00,0.00,2,1,'2023-02-27 11:33:12','2023-02-27 11:33:12',NULL),(1166,8522,1163,7,9147.00,0.00,2,1,'2023-02-27 11:33:12','2023-02-27 11:33:12',NULL),(1167,8522,1164,7,5860.00,0.00,2,1,'2023-02-27 11:33:12','2023-02-27 11:33:12',NULL),(1168,8522,1165,7,13863.00,0.00,2,1,'2023-02-27 11:33:12','2023-02-27 11:33:12',NULL),(1169,8522,1166,7,4481.00,0.00,2,1,'2023-02-27 11:33:12','2023-02-27 11:33:12',NULL),(1170,8522,1167,7,9940.00,0.00,2,1,'2023-02-27 11:33:12','2023-02-27 11:33:12',NULL),(1171,8522,1168,7,5884.00,0.00,2,1,'2023-02-27 11:33:12','2023-02-27 11:33:12',NULL),(1172,8522,1169,7,11153.00,0.00,2,1,'2023-02-27 11:33:12','2023-02-27 11:33:12',NULL),(1173,8522,1170,7,14197.00,0.00,2,1,'2023-02-27 11:33:12','2023-02-27 11:33:12',NULL),(1174,8522,1171,7,4099.00,0.00,2,1,'2023-02-27 11:33:13','2023-02-27 11:33:13',NULL),(1175,8522,1172,7,5513.00,0.00,2,1,'2023-02-27 11:33:13','2023-02-27 11:33:13',NULL),(1176,8522,1173,7,11365.00,0.00,2,1,'2023-02-27 11:33:13','2023-02-27 11:33:13',NULL),(1177,8522,1174,2,5259.00,1104.39,2,1,'2023-02-27 11:33:13','2023-02-27 11:33:13',NULL),(1178,8522,1175,2,14122.00,2965.62,2,1,'2023-02-27 11:33:13','2023-02-27 11:33:13',NULL),(1179,8522,1176,2,12188.00,2559.48,2,1,'2023-02-27 11:33:13','2023-02-27 11:33:13',NULL),(1180,8522,1177,2,15785.00,3314.85,2,1,'2023-02-27 11:33:13','2023-02-27 11:33:13',NULL),(1181,8522,1177,1000,473.55,0.00,2,1,'2023-02-27 11:33:13','2023-02-27 11:33:13',NULL),(1182,8522,1178,2,22142.00,4649.82,2,1,'2023-02-27 11:33:13','2023-02-27 11:33:13',NULL),(1183,8522,1179,2,22600.00,4746.00,2,1,'2023-02-27 11:33:13','2023-02-27 11:33:13',NULL),(1184,8522,1180,2,12117.00,2544.57,2,1,'2023-02-27 11:33:13','2023-02-27 11:33:13',NULL),(1185,8522,1181,2,24170.00,5075.70,2,1,'2023-02-27 11:33:13','2023-02-27 11:33:13',NULL),(1186,8522,1182,2,6717.00,1410.57,2,1,'2023-02-27 11:33:13','2023-02-27 11:33:13',NULL),(1187,8522,1182,1000,201.51,0.00,2,1,'2023-02-27 11:33:13','2023-02-27 11:33:13',NULL),(1188,8522,1183,2,17520.00,3679.20,2,1,'2023-02-27 11:33:13','2023-02-27 11:33:13',NULL),(1189,8522,1184,2,28812.00,6050.52,2,1,'2023-02-27 11:33:14','2023-02-27 11:33:14',NULL),(1190,8522,1185,2,31288.00,6570.48,2,1,'2023-02-27 11:33:14','2023-02-27 11:33:14',NULL);
INSERT INTO `receipt_taxes` VALUES (1191,8522,1185,1000,938.64,0.00,2,1,'2023-02-27 11:33:14','2023-02-27 11:33:14',NULL),(1192,8522,1186,2,15169.00,3185.49,2,1,'2023-02-27 11:33:14','2023-02-27 11:33:14',NULL),(1193,8522,1187,2,32549.00,6835.29,2,1,'2023-02-27 11:33:14','2023-02-27 11:33:14',NULL),(1194,8522,1188,2,21111.00,4433.31,2,1,'2023-02-27 11:33:14','2023-02-27 11:33:14',NULL),(1195,8522,1188,1000,633.33,0.00,2,1,'2023-02-27 11:33:14','2023-02-27 11:33:14',NULL),(1196,8522,1189,2,23265.00,4885.65,2,1,'2023-02-27 11:33:14','2023-02-27 11:33:14',NULL),(1197,8522,1190,2,27155.00,5702.55,2,1,'2023-02-27 11:33:14','2023-02-27 11:33:14',NULL),(1198,8522,1191,2,16029.00,3366.09,2,1,'2023-02-27 11:33:14','2023-02-27 11:33:14',NULL),(1199,8522,1192,2,30896.00,6488.16,2,1,'2023-02-27 11:33:14','2023-02-27 11:33:14',NULL),(1200,8522,1193,2,5043.00,1059.03,2,1,'2023-02-27 11:33:14','2023-02-27 11:33:14',NULL),(1201,8522,1194,2,33584.00,7052.64,2,1,'2023-02-27 11:33:14','2023-02-27 11:33:14',NULL),(1202,8522,1195,2,18462.00,3877.02,2,1,'2023-02-27 11:33:14','2023-02-27 11:33:14',NULL),(1203,8522,1196,2,32402.00,6804.42,2,1,'2023-02-27 11:33:14','2023-02-27 11:33:14',NULL),(1204,8522,1196,1000,972.06,0.00,2,1,'2023-02-27 11:33:14','2023-02-27 11:33:14',NULL),(1205,8522,1197,2,20227.00,4247.67,2,1,'2023-02-27 11:33:14','2023-02-27 11:33:14',NULL),(1206,8522,1198,2,32613.00,6848.73,2,1,'2023-02-27 11:33:14','2023-02-27 11:33:14',NULL),(1207,8522,1198,1000,978.39,0.00,2,1,'2023-02-27 11:33:14','2023-02-27 11:33:14',NULL),(1208,8522,1199,2,27450.00,5764.50,2,1,'2023-02-27 11:33:14','2023-02-27 11:33:14',NULL),(1209,8522,1200,2,16435.00,3451.35,2,1,'2023-02-27 11:33:14','2023-02-27 11:33:14',NULL),(1210,8522,1201,2,16267.00,3416.07,2,1,'2023-02-27 11:33:14','2023-02-27 11:33:14',NULL),(1211,8522,1202,2,23642.00,4964.82,2,1,'2023-02-27 11:33:14','2023-02-27 11:33:14',NULL),(1212,8522,1203,2,28117.00,5904.57,2,1,'2023-02-27 11:33:14','2023-02-27 11:33:14',NULL),(1213,8522,1203,1000,843.51,0.00,2,1,'2023-02-27 11:33:14','2023-02-27 11:33:14',NULL),(1214,8522,1204,2,34783.00,7304.43,2,1,'2023-02-27 11:33:14','2023-02-27 11:33:14',NULL),(1215,8522,1205,2,26624.00,5591.04,2,1,'2023-02-27 11:33:15','2023-02-27 11:33:15',NULL),(1216,8522,1206,2,18163.00,3814.23,2,1,'2023-02-27 11:33:15','2023-02-27 11:33:15',NULL),(1217,8522,1207,2,29435.00,6181.35,2,1,'2023-02-27 11:33:15','2023-02-27 11:33:15',NULL),(1218,8522,1208,2,13295.00,2791.95,2,1,'2023-02-27 11:33:15','2023-02-27 11:33:15',NULL),(1219,8522,1209,2,24726.00,5192.46,2,1,'2023-02-27 11:33:15','2023-02-27 11:33:15',NULL),(1220,8522,1210,2,34405.00,7225.05,2,1,'2023-02-27 11:33:15','2023-02-27 11:33:15',NULL),(1221,8522,1211,2,17716.00,3720.36,2,1,'2023-02-27 11:33:15','2023-02-27 11:33:15',NULL),(1222,8522,1212,2,7485.00,1571.85,2,1,'2023-02-27 11:33:15','2023-02-27 11:33:15',NULL),(1223,8522,1213,2,23315.00,4896.15,2,1,'2023-02-27 11:33:15','2023-02-27 11:33:15',NULL),(1224,8522,1214,2,26247.00,5511.87,2,1,'2023-02-27 11:33:15','2023-02-27 11:33:15',NULL),(1225,8522,1215,2,13444.00,2823.24,2,1,'2023-02-27 11:33:15','2023-02-27 11:33:15',NULL),(1226,8522,1216,2,13840.00,2906.40,2,1,'2023-02-27 11:33:15','2023-02-27 11:33:15',NULL),(1227,8522,1217,7,29381.00,0.00,2,1,'2023-02-27 11:33:15','2023-02-27 11:33:15',NULL),(1228,8522,1218,7,12162.00,0.00,2,1,'2023-02-27 11:33:15','2023-02-27 11:33:15',NULL),(1229,8522,1219,7,22126.00,0.00,2,1,'2023-02-27 11:33:15','2023-02-27 11:33:15',NULL),(1230,8522,1220,7,23656.00,0.00,2,1,'2023-02-27 11:33:15','2023-02-27 11:33:15',NULL),(1231,8522,1221,2,26247.00,5511.87,2,1,'2023-02-27 11:33:15','2023-02-27 11:33:15',NULL),(1232,8522,1222,2,13444.00,2823.24,2,1,'2023-02-27 11:33:15','2023-02-27 11:33:15',NULL),(1233,8522,1223,2,13840.00,2906.40,2,1,'2023-02-27 11:33:15','2023-02-27 11:33:15',NULL),(1234,8522,1224,2,7356.00,1544.76,2,1,'2023-02-27 11:33:15','2023-02-27 11:33:15',NULL),(1235,8522,1225,2,23358.00,4905.18,2,1,'2023-02-27 11:33:15','2023-02-27 11:33:15',NULL);
INSERT INTO `receipt_taxes` VALUES (1236,8522,1226,2,33446.00,7023.66,2,1,'2023-02-27 11:33:15','2023-02-27 11:33:15',NULL),(1237,8522,1227,2,32547.00,6834.87,2,1,'2023-02-27 11:33:15','2023-02-27 11:33:15',NULL),(1238,8522,1227,1000,976.41,0.00,2,1,'2023-02-27 11:33:15','2023-02-27 11:33:15',NULL),(1239,8522,1228,2,11384.00,2390.64,2,1,'2023-02-27 11:33:15','2023-02-27 11:33:15',NULL),(1240,8522,1229,2,28039.00,5888.19,2,1,'2023-02-27 11:33:15','2023-02-27 11:33:15',NULL),(1241,8522,1230,2,31775.00,6672.75,2,1,'2023-02-27 11:33:16','2023-02-27 11:33:16',NULL),(1242,8522,1231,2,21570.00,4529.70,2,1,'2023-02-27 11:33:16','2023-02-27 11:33:16',NULL),(1243,8522,1231,1000,647.10,0.00,2,1,'2023-02-27 11:33:16','2023-02-27 11:33:16',NULL),(1244,8522,1232,2,17883.00,3755.43,2,1,'2023-02-27 11:33:16','2023-02-27 11:33:16',NULL),(1245,8522,1233,2,9127.00,1916.67,2,1,'2023-02-27 11:33:16','2023-02-27 11:33:16',NULL),(1246,8522,1233,1000,273.81,0.00,2,1,'2023-02-27 11:33:16','2023-02-27 11:33:16',NULL),(1247,8522,1234,2,30093.00,6319.53,2,1,'2023-02-27 11:33:16','2023-02-27 11:33:16',NULL),(1248,8522,1235,2,25695.00,5395.95,2,1,'2023-02-27 11:33:16','2023-02-27 11:33:16',NULL),(1249,8522,1236,2,33301.00,6993.21,2,1,'2023-02-27 11:33:16','2023-02-27 11:33:16',NULL),(1250,8522,1237,2,31710.00,6659.10,2,1,'2023-02-27 11:33:16','2023-02-27 11:33:16',NULL),(1251,8522,1238,2,21448.00,4504.08,2,1,'2023-02-27 11:33:16','2023-02-27 11:33:16',NULL),(1252,8522,1238,1000,643.44,0.00,2,1,'2023-02-27 11:33:16','2023-02-27 11:33:16',NULL),(1253,8522,1239,2,11422.00,2398.62,2,1,'2023-02-27 11:33:16','2023-02-27 11:33:16',NULL),(1254,8522,1240,2,25576.00,5370.96,2,1,'2023-02-27 11:33:16','2023-02-27 11:33:16',NULL),(1255,8522,1240,1000,767.28,0.00,2,1,'2023-02-27 11:33:16','2023-02-27 11:33:16',NULL),(1256,8522,1241,2,13844.00,2907.24,2,1,'2023-02-27 11:33:16','2023-02-27 11:33:16',NULL),(1257,8522,1242,2,29721.00,6241.41,2,1,'2023-02-27 11:33:16','2023-02-27 11:33:16',NULL),(1258,8522,1242,1000,891.63,0.00,2,1,'2023-02-27 11:33:16','2023-02-27 11:33:16',NULL),(1259,8522,1243,2,9058.00,1902.18,2,1,'2023-02-27 11:33:16','2023-02-27 11:33:16',NULL),(1260,8522,1244,2,12293.00,2581.53,2,1,'2023-02-27 11:33:16','2023-02-27 11:33:16',NULL),(1261,8522,1245,2,34338.00,7210.98,2,1,'2023-02-27 11:33:17','2023-02-27 11:33:17',NULL),(1262,8522,1246,2,32662.00,6859.02,2,1,'2023-02-27 11:33:17','2023-02-27 11:33:17',NULL),(1263,8522,1247,2,22938.00,4816.98,2,1,'2023-02-27 11:33:17','2023-02-27 11:33:17',NULL),(1264,8522,1248,2,21429.00,4500.09,2,1,'2023-02-27 11:33:17','2023-02-27 11:33:17',NULL),(1265,8522,1249,7,29919.00,0.00,2,1,'2023-02-27 11:33:17','2023-02-27 11:33:17',NULL),(1266,8522,1250,7,15673.00,0.00,2,1,'2023-02-27 11:33:17','2023-02-27 11:33:17',NULL),(1267,8522,1251,7,9836.00,0.00,2,1,'2023-02-27 11:33:17','2023-02-27 11:33:17',NULL),(1268,8522,1252,7,34386.00,0.00,2,1,'2023-02-27 11:33:17','2023-02-27 11:33:17',NULL),(1269,8522,1253,7,6692.00,0.00,2,1,'2023-02-27 11:33:17','2023-02-27 11:33:17',NULL),(1270,8522,1254,2,7356.00,1544.76,2,1,'2023-02-27 11:33:17','2023-02-27 11:33:17',NULL),(1271,8522,1255,2,23358.00,4905.18,2,1,'2023-02-27 11:33:17','2023-02-27 11:33:17',NULL),(1272,8522,1256,2,33446.00,7023.66,2,1,'2023-02-27 11:33:17','2023-02-27 11:33:17',NULL),(1273,8522,1257,2,32547.00,6834.87,2,1,'2023-02-27 11:33:17','2023-02-27 11:33:17',NULL),(1342,11237,1310,2,17612696.82,3698666.33,2,1,'2025-03-19 11:56:08','2025-03-19 11:56:08',NULL),(1451,11237,1377,1,7610308.93,799082.44,2,1,'2025-03-20 11:49:45','2025-03-20 11:49:45',NULL),(1452,11237,1378,1,1387545.24,145692.25,2,1,'2025-03-20 11:49:45','2025-03-20 11:49:45',NULL),(1453,11237,1378,7,0.01,0.00,2,1,'2025-03-20 11:49:45','2025-03-20 11:49:45',NULL),(1454,11237,1379,1,6248539.36,656096.63,2,1,'2025-03-20 11:49:45','2025-03-20 11:49:45',NULL),(1455,11237,1379,7,0.01,0.00,2,1,'2025-03-20 11:49:45','2025-03-20 11:49:45',NULL),(1456,11237,1380,2,26422775.89,5548782.94,2,1,'2025-03-20 11:49:45','2025-03-20 11:49:45',NULL);
INSERT INTO `receipt_taxes` VALUES (1457,11237,1381,1,3423365.11,359453.34,2,1,'2025-03-20 11:49:46','2025-03-20 11:49:46',NULL),(1505,11237,1412,2,23224296.17,4877102.20,2,1,'2025-03-24 12:12:44','2025-03-24 12:12:44',NULL),(1527,11237,1396,2,4669153.71,980522.28,2,1,'2025-03-24 14:13:47','2025-03-24 14:13:47',NULL),(1528,11237,1396,1000,140074.61,0.00,2,1,'2025-03-24 14:13:47','2025-03-24 14:13:47',NULL),(1529,11237,1396,1001,140074.61,0.00,2,3,'2025-03-24 14:13:47','2025-03-24 14:13:47',NULL),(1538,11237,1416,2,21519303.18,4519053.67,2,1,'2025-03-24 15:19:09','2025-03-24 15:19:09',NULL),(1605,11237,1449,2,19946587.64,4188783.40,2,1,'2025-03-24 16:15:38','2025-03-24 16:15:38',NULL),(1606,11237,1449,7,0.01,0.00,2,1,'2025-03-24 16:15:38','2025-03-24 16:15:38',NULL),(1663,11237,1446,2,6351863.91,1333891.42,2,1,'2025-03-24 19:24:52','2025-03-24 19:24:52',NULL),(1664,11237,1446,1000,190555.92,0.00,2,1,'2025-03-24 19:24:52','2025-03-24 19:24:52',NULL),(1665,11237,1446,1001,190555.92,0.00,2,3,'2025-03-24 19:24:52','2025-03-24 19:24:52',NULL),(1676,11237,1428,2,2268443.71,476373.18,2,1,'2025-03-24 19:26:59','2025-03-24 19:26:59',NULL),(1677,11237,1428,1000,68053.31,0.00,2,1,'2025-03-24 19:26:59','2025-03-24 19:26:59',NULL),(1678,11237,1428,1001,68053.31,0.00,2,3,'2025-03-24 19:26:59','2025-03-24 19:26:59',NULL),(1810,11237,1560,1,3031932.35,318352.90,2,1,'2025-03-25 20:54:22','2025-03-25 20:54:22',NULL),(1811,11237,1561,1,1089476.92,114395.08,2,1,'2025-03-25 20:54:23','2025-03-25 20:54:23',NULL),(1812,11237,1562,2,29918849.05,6282958.30,2,1,'2025-03-25 20:54:23','2025-03-25 20:54:23',NULL),(1813,11237,1562,7,0.01,0.00,2,1,'2025-03-25 20:54:23','2025-03-25 20:54:23',NULL),(1903,11237,1624,7,1000000.00,0.00,2,1,'2025-04-03 09:44:30','2025-04-03 09:44:30',NULL),(2777,11237,2190,2,32952290.55,6919981.02,2,1,'2025-04-07 14:25:01','2025-04-07 14:25:01',NULL),(2947,NULL,2304,7,2.00,0.00,2,1,'2025-04-08 10:28:50','2025-04-08 10:28:50',NULL),(2948,NULL,2305,2,23415.48,4917.25,2,1,'2025-04-08 10:28:50','2025-04-08 10:28:50',NULL),(2949,NULL,2305,7,1334.82,0.00,2,1,'2025-04-08 10:28:50','2025-04-08 10:28:50',NULL),(2950,NULL,2306,2,37746.28,7926.72,2,1,'2025-04-08 10:28:51','2025-04-08 10:28:51',NULL),(2951,NULL,2307,2,85410.00,17936.09,2,1,'2025-04-08 10:28:51','2025-04-08 10:28:51',NULL),(2952,NULL,2307,7,2851.66,0.00,2,1,'2025-04-08 10:28:51','2025-04-08 10:28:51',NULL),(2953,NULL,2308,2,83648.95,17566.28,2,1,'2025-04-08 10:28:51','2025-04-08 10:28:51',NULL),(2954,NULL,2308,7,10784.79,0.00,2,1,'2025-04-08 10:28:51','2025-04-08 10:28:51',NULL),(2955,NULL,2309,2,50014.09,10502.96,2,1,'2025-04-08 10:28:51','2025-04-08 10:28:51',NULL),(2956,NULL,2309,7,7957.95,0.00,2,1,'2025-04-08 10:28:51','2025-04-08 10:28:51',NULL),(2957,NULL,2310,2,72747.77,15277.03,2,1,'2025-04-08 10:28:51','2025-04-08 10:28:51',NULL),(2958,NULL,2310,7,11575.20,0.00,2,1,'2025-04-08 10:28:51','2025-04-08 10:28:51',NULL),(2959,NULL,2311,2,17234.88,3619.32,2,1,'2025-04-08 10:28:51','2025-04-08 10:28:51',NULL),(2960,NULL,2311,7,3905.80,0.00,2,1,'2025-04-08 10:28:51','2025-04-08 10:28:51',NULL),(2961,NULL,2312,2,51885.27,10895.91,2,1,'2025-04-08 10:28:51','2025-04-08 10:28:51',NULL),(2962,NULL,2312,7,9302.82,0.00,2,1,'2025-04-08 10:28:51','2025-04-08 10:28:51',NULL),(2963,NULL,2313,2,36843.31,7737.09,2,1,'2025-04-08 10:28:51','2025-04-08 10:28:51',NULL),(2964,NULL,2313,7,6099.60,0.00,2,1,'2025-04-08 10:28:51','2025-04-08 10:28:51',NULL),(2965,NULL,2314,2,39396.74,8273.32,2,1,'2025-04-08 10:28:52','2025-04-08 10:28:52',NULL),(2966,NULL,2315,2,4410.63,926.24,2,1,'2025-04-08 10:28:52','2025-04-08 10:28:52',NULL),(2967,NULL,2315,7,966.13,0.00,2,1,'2025-04-08 10:28:52','2025-04-08 10:28:52',NULL),(2968,NULL,2316,2,16575.38,3480.83,2,1,'2025-04-08 10:28:52','2025-04-08 10:28:52',NULL),(2969,NULL,2316,7,3864.79,0.00,2,1,'2025-04-08 10:28:52','2025-04-08 10:28:52',NULL),(2970,NULL,2317,2,152063.48,31933.34,2,1,'2025-04-08 10:28:52','2025-04-08 10:28:52',NULL);
INSERT INTO `receipt_taxes` VALUES (2971,NULL,2317,7,24845.18,0.00,2,1,'2025-04-08 10:28:52','2025-04-08 10:28:52',NULL),(2972,NULL,2318,7,90000.00,0.00,2,1,'2025-04-08 10:28:52','2025-04-08 10:28:52',NULL),(2973,NULL,2319,2,173709.86,36479.07,2,1,'2025-04-08 10:28:52','2025-04-08 10:28:52',NULL),(2974,NULL,2319,7,0.02,0.00,2,1,'2025-04-08 10:28:52','2025-04-08 10:28:52',NULL),(2975,NULL,2320,2,176899.30,37148.86,2,1,'2025-04-08 10:28:52','2025-04-08 10:28:52',NULL),(2976,NULL,2321,2,130308.26,27364.73,2,1,'2025-04-08 10:28:52','2025-04-08 10:28:52',NULL),(2977,NULL,2321,8,0.01,0.00,2,1,'2025-04-08 10:28:52','2025-04-08 10:28:52',NULL),(2978,NULL,2322,2,17447.77,3664.03,2,1,'2025-04-08 10:28:53','2025-04-08 10:28:53',NULL),(2979,NULL,2322,7,4068.20,0.00,2,1,'2025-04-08 10:28:53','2025-04-08 10:28:53',NULL),(2980,NULL,2323,1,138229.48,14514.10,2,1,'2025-04-08 10:28:53','2025-04-08 10:28:53',NULL),(2981,NULL,2324,2,247933.88,52066.12,2,1,'2025-04-08 10:28:53','2025-04-08 10:28:53',NULL),(2982,NULL,2325,2,96482.11,20261.25,2,1,'2025-04-08 10:28:53','2025-04-08 10:28:53',NULL),(2983,NULL,2325,7,16062.64,0.00,2,1,'2025-04-08 10:28:53','2025-04-08 10:28:53',NULL),(2984,NULL,2326,2,40800.00,8568.00,2,1,'2025-04-08 10:28:53','2025-04-08 10:28:53',NULL),(2985,NULL,2327,2,18421.65,3868.55,2,1,'2025-04-08 10:28:53','2025-04-08 10:28:53',NULL),(2986,NULL,2327,7,3049.80,0.00,2,1,'2025-04-08 10:28:53','2025-04-08 10:28:53',NULL),(2987,NULL,2328,2,15347.86,3223.05,2,1,'2025-04-08 10:28:53','2025-04-08 10:28:53',NULL),(2988,NULL,2329,2,277575.20,58290.80,2,1,'2025-04-08 10:28:53','2025-04-08 10:28:53',NULL),(2989,NULL,2329,7,0.01,0.00,2,1,'2025-04-08 10:28:53','2025-04-08 10:28:53',NULL),(2990,NULL,2330,2,18181.82,3818.18,2,1,'2025-04-08 10:28:53','2025-04-08 10:28:53',NULL),(2991,NULL,2331,2,47831.13,10044.54,2,1,'2025-04-08 10:28:53','2025-04-08 10:28:53',NULL),(2992,NULL,2332,2,800000.00,168000.00,2,1,'2025-04-08 10:28:54','2025-04-08 10:28:54',NULL),(2993,NULL,2333,1,5254000.00,551670.00,2,1,'2025-04-08 10:28:54','2025-04-08 10:28:54',NULL),(2994,NULL,2334,1,4468200.20,469161.02,2,1,'2025-04-08 10:28:54','2025-04-08 10:28:54',NULL),(2995,NULL,2335,2,1691792.57,355276.44,2,1,'2025-04-08 10:28:54','2025-04-08 10:28:54',NULL),(2996,NULL,2335,7,0.01,0.00,2,1,'2025-04-08 10:28:54','2025-04-08 10:28:54',NULL),(2997,NULL,2336,2,655991.91,137758.30,2,1,'2025-04-08 10:28:54','2025-04-08 10:28:54',NULL),(2998,NULL,2337,2,17447.77,3664.03,2,1,'2025-04-08 10:28:54','2025-04-08 10:28:54',NULL),(2999,NULL,2337,7,4068.20,0.00,2,1,'2025-04-08 10:28:54','2025-04-08 10:28:54',NULL),(3000,NULL,2338,1,3243818.13,340600.90,2,1,'2025-04-08 10:28:54','2025-04-08 10:28:54',NULL),(3001,NULL,2339,2,92108.26,19342.74,2,1,'2025-04-08 10:28:54','2025-04-08 10:28:54',NULL),(3002,NULL,2339,7,15249.00,0.00,2,1,'2025-04-08 10:28:54','2025-04-08 10:28:54',NULL),(3003,NULL,2340,1001,5441.52,0.00,2,1,'2025-04-08 10:28:54','2025-04-08 10:28:54',NULL),(3004,NULL,2340,2,45089.36,9468.77,2,1,'2025-04-08 10:28:54','2025-04-08 10:28:54',NULL),(3005,NULL,2341,2,184216.53,38685.47,2,1,'2025-04-08 10:28:54','2025-04-08 10:28:54',NULL),(3006,NULL,2341,7,30498.00,0.00,2,1,'2025-04-08 10:28:54','2025-04-08 10:28:54',NULL),(3007,NULL,2342,2,61700.00,12957.00,2,1,'2025-04-08 10:28:54','2025-04-08 10:28:54',NULL),(3008,NULL,2342,7,10003.00,0.00,2,1,'2025-04-08 10:28:54','2025-04-08 10:28:54',NULL),(3009,NULL,2343,7,121799.96,0.00,2,1,'2025-04-08 10:28:54','2025-04-08 10:28:54',NULL),(3010,NULL,2344,2,92108.26,19342.74,2,1,'2025-04-08 10:28:55','2025-04-08 10:28:55',NULL),(3011,NULL,2344,7,15249.00,0.00,2,1,'2025-04-08 10:28:55','2025-04-08 10:28:55',NULL),(3012,NULL,2345,2,20787.63,4365.40,2,1,'2025-04-08 10:28:55','2025-04-08 10:28:55',NULL),(3013,NULL,2345,7,4846.93,0.00,2,1,'2025-04-08 10:28:55','2025-04-08 10:28:55',NULL),(3014,NULL,2346,2,56590.28,11883.96,2,1,'2025-04-08 10:28:55','2025-04-08 10:28:55',NULL),(3015,NULL,2346,7,10525.79,0.00,2,1,'2025-04-08 10:28:55','2025-04-08 10:28:55',NULL);
INSERT INTO `receipt_taxes` VALUES (3016,NULL,2347,1,4123800.00,432999.00,2,1,'2025-04-08 10:28:55','2025-04-08 10:28:55',NULL),(3017,NULL,2348,2,92108.26,19342.74,2,1,'2025-04-08 10:28:55','2025-04-08 10:28:55',NULL),(3018,NULL,2348,7,15249.00,0.00,2,1,'2025-04-08 10:28:55','2025-04-08 10:28:55',NULL),(3019,NULL,2349,2,616.53,129.47,2,1,'2025-04-08 10:28:55','2025-04-08 10:28:55',NULL),(3020,NULL,2350,2,2814.88,591.12,2,1,'2025-04-08 10:28:55','2025-04-08 10:28:55',NULL),(3021,NULL,2351,6,141363.85,0.00,2,1,'2025-04-08 10:28:55','2025-04-08 10:28:55',NULL),(3022,NULL,2352,2,2209.09,463.91,2,1,'2025-04-08 10:28:55','2025-04-08 10:28:55',NULL),(3023,NULL,2353,2,304.96,64.04,2,1,'2025-04-08 10:28:55','2025-04-08 10:28:55',NULL),(3024,NULL,2354,2,1912.40,401.60,2,1,'2025-04-08 10:28:55','2025-04-08 10:28:55',NULL),(3025,NULL,2355,7,118.00,0.00,2,1,'2025-04-08 10:28:55','2025-04-08 10:28:55',NULL),(3026,NULL,2356,7,23600.00,0.00,2,1,'2025-04-08 10:28:55','2025-04-08 10:28:55',NULL),(3027,NULL,2357,7,15900.00,0.00,2,1,'2025-04-08 10:28:55','2025-04-08 10:28:55',NULL),(3028,NULL,2358,2,29566.12,6208.88,2,1,'2025-04-08 10:28:56','2025-04-08 10:28:56',NULL),(3029,NULL,2359,2,94214.87,19785.12,2,1,'2025-04-08 10:28:56','2025-04-08 10:28:56',NULL),(3030,NULL,2359,7,0.01,0.00,2,1,'2025-04-08 10:28:56','2025-04-08 10:28:56',NULL),(3031,NULL,2360,2,54646.97,11475.86,2,1,'2025-04-08 10:28:56','2025-04-08 10:28:56',NULL),(3032,NULL,2360,7,9057.10,0.00,2,1,'2025-04-08 10:28:56','2025-04-08 10:28:56',NULL),(3033,NULL,2361,2,82972.93,17424.32,2,1,'2025-04-08 10:28:56','2025-04-08 10:28:56',NULL),(3034,NULL,2361,7,11127.75,0.00,2,1,'2025-04-08 10:28:56','2025-04-08 10:28:56',NULL),(3035,NULL,2362,2,74380.17,15619.84,2,1,'2025-04-08 10:28:56','2025-04-08 10:28:56',NULL),(3036,NULL,2363,1,6973.76,732.24,2,1,'2025-04-08 10:28:56','2025-04-08 10:28:56',NULL),(3037,NULL,2363,2,120760.32,25359.67,2,1,'2025-04-08 10:28:56','2025-04-08 10:28:56',NULL),(3038,NULL,2363,7,0.01,0.00,2,1,'2025-04-08 10:28:56','2025-04-08 10:28:56',NULL),(3039,NULL,2364,2,56373.39,11838.41,2,1,'2025-04-08 10:28:56','2025-04-08 10:28:56',NULL),(3040,NULL,2364,7,4068.20,0.00,2,1,'2025-04-08 10:28:56','2025-04-08 10:28:56',NULL),(3041,NULL,2365,2,153666.83,32270.04,2,1,'2025-04-08 10:28:56','2025-04-08 10:28:56',NULL),(3042,NULL,2366,2,92108.26,19342.74,2,1,'2025-04-08 10:28:56','2025-04-08 10:28:56',NULL),(3043,NULL,2366,7,15249.00,0.00,2,1,'2025-04-08 10:28:56','2025-04-08 10:28:56',NULL),(3044,NULL,2367,2,167944.83,35268.41,2,1,'2025-04-08 10:28:56','2025-04-08 10:28:56',NULL),(3045,NULL,2368,2,61805.79,12979.21,2,1,'2025-04-08 10:28:56','2025-04-08 10:28:56',NULL),(3046,NULL,2369,2,15444.05,3243.25,2,1,'2025-04-08 10:28:56','2025-04-08 10:28:56',NULL),(3047,NULL,2370,1,202418.89,21253.98,2,1,'2025-04-08 10:28:56','2025-04-08 10:28:56',NULL),(3048,NULL,2371,2,5934.70,1246.29,2,1,'2025-04-08 10:28:56','2025-04-08 10:28:56',NULL),(3049,NULL,2372,2,117656.00,24707.76,2,1,'2025-04-08 10:28:57','2025-04-08 10:28:57',NULL),(3050,NULL,2373,7,10000.00,0.00,2,1,'2025-04-08 10:28:57','2025-04-08 10:28:57',NULL),(3051,NULL,2374,2,17447.77,3664.03,2,1,'2025-04-08 10:28:57','2025-04-08 10:28:57',NULL),(3052,NULL,2374,7,4068.20,0.00,2,1,'2025-04-08 10:28:57','2025-04-08 10:28:57',NULL),(3053,NULL,2375,2,92108.26,19342.74,2,1,'2025-04-08 10:28:57','2025-04-08 10:28:57',NULL),(3054,NULL,2375,7,15249.00,0.00,2,1,'2025-04-08 10:28:57','2025-04-08 10:28:57',NULL),(3057,NULL,2377,3,1413470.15,381636.94,2,1,'2025-04-08 10:28:57','2025-04-08 10:28:57',NULL),(3058,NULL,2377,7,0.01,0.00,2,1,'2025-04-08 10:28:57','2025-04-08 10:28:57',NULL),(3062,NULL,2379,2,16900.00,3549.00,2,1,'2025-04-08 10:29:22','2025-04-08 10:29:22',NULL),(3063,NULL,2379,7,2.00,0.00,2,1,'2025-04-08 10:29:22','2025-04-08 10:29:22',NULL),(3064,NULL,2380,2,85410.00,17936.09,2,1,'2025-04-08 10:29:23','2025-04-08 10:29:23',NULL),(3065,NULL,2380,7,2851.87,0.00,2,1,'2025-04-08 10:29:23','2025-04-08 10:29:23',NULL);
INSERT INTO `receipt_taxes` VALUES (3066,NULL,2381,2,23415.48,4917.25,2,1,'2025-04-08 10:29:23','2025-04-08 10:29:23',NULL),(3067,NULL,2381,7,1268.55,0.00,2,1,'2025-04-08 10:29:23','2025-04-08 10:29:23',NULL),(3068,NULL,2382,2,17001.39,3570.29,2,1,'2025-04-08 10:29:23','2025-04-08 10:29:23',NULL),(3069,NULL,2382,7,3843.32,0.00,2,1,'2025-04-08 10:29:23','2025-04-08 10:29:23',NULL),(3070,NULL,2383,2,9981.34,2096.08,2,1,'2025-04-08 10:29:23','2025-04-08 10:29:23',NULL),(3071,NULL,2384,2,94174.38,19776.62,2,1,'2025-04-08 10:29:23','2025-04-08 10:29:23',NULL),(3072,NULL,2384,7,15249.00,0.00,2,1,'2025-04-08 10:29:23','2025-04-08 10:29:23',NULL),(3073,NULL,2385,2,1035000.00,217350.00,2,1,'2025-04-08 10:29:23','2025-04-08 10:29:23',NULL),(3074,NULL,2386,2,17896.20,3758.20,2,1,'2025-04-08 10:29:23','2025-04-08 10:29:23',NULL),(3075,NULL,2386,7,4045.60,0.00,2,1,'2025-04-08 10:29:23','2025-04-08 10:29:23',NULL),(3076,NULL,2387,1,1028640.00,108007.20,2,1,'2025-04-08 10:29:23','2025-04-08 10:29:23',NULL),(3077,NULL,2388,2,26379.34,5539.66,2,1,'2025-04-08 10:29:23','2025-04-08 10:29:23',NULL),(3078,NULL,2389,2,20661.14,4338.84,2,1,'2025-04-08 10:29:23','2025-04-08 10:29:23',NULL),(3079,NULL,2389,7,0.02,0.00,2,1,'2025-04-08 10:29:23','2025-04-08 10:29:23',NULL),(3080,NULL,2390,2,29822.47,6262.72,2,1,'2025-04-08 10:29:23','2025-04-08 10:29:23',NULL),(3081,NULL,2390,7,3914.77,0.00,2,1,'2025-04-08 10:29:23','2025-04-08 10:29:23',NULL),(3082,NULL,2391,2,1023513.23,214937.77,2,1,'2025-04-08 10:29:23','2025-04-08 10:29:23',NULL),(3083,NULL,2392,2,1572413.88,330212.19,2,1,'2025-04-08 10:29:23','2025-04-08 10:29:23',NULL),(3084,NULL,2392,7,0.01,0.00,2,1,'2025-04-08 10:29:23','2025-04-08 10:29:23',NULL),(3085,NULL,2393,2,194103.47,40761.73,2,1,'2025-04-08 10:29:23','2025-04-08 10:29:23',NULL),(3086,NULL,2393,7,16244.80,0.00,2,1,'2025-04-08 10:29:23','2025-04-08 10:29:23',NULL),(3087,NULL,2394,1,40723.17,4275.93,2,1,'2025-04-08 10:29:23','2025-04-08 10:29:23',NULL),(3088,NULL,2394,2,44957.94,9441.16,2,1,'2025-04-08 10:29:23','2025-04-08 10:29:23',NULL),(3089,NULL,2395,2,94174.38,19776.62,2,1,'2025-04-08 10:29:23','2025-04-08 10:29:23',NULL),(3090,NULL,2395,7,15249.00,0.00,2,1,'2025-04-08 10:29:23','2025-04-08 10:29:23',NULL),(3091,NULL,2396,2,80025.94,16805.45,2,1,'2025-04-08 10:29:24','2025-04-08 10:29:24',NULL),(3092,NULL,2397,2,65922.07,13843.63,2,1,'2025-04-08 10:29:24','2025-04-08 10:29:24',NULL),(3093,NULL,2397,7,10674.30,0.00,2,1,'2025-04-08 10:29:24','2025-04-08 10:29:24',NULL),(3094,NULL,2398,2,594049.75,124750.45,2,1,'2025-04-08 10:29:24','2025-04-08 10:29:24',NULL),(3095,NULL,2399,2,527998.53,110879.69,2,1,'2025-04-08 10:29:24','2025-04-08 10:29:24',NULL),(3096,NULL,2399,7,0.03,0.00,2,1,'2025-04-08 10:29:24','2025-04-08 10:29:24',NULL),(3097,NULL,2400,2,16106.58,3382.38,2,1,'2025-04-08 10:29:24','2025-04-08 10:29:24',NULL),(3098,NULL,2400,7,3641.04,0.00,2,1,'2025-04-08 10:29:24','2025-04-08 10:29:24',NULL),(3099,NULL,2401,1,17940.27,1883.73,2,1,'2025-04-08 10:29:24','2025-04-08 10:29:24',NULL),(3100,NULL,2401,2,46342.97,9732.02,2,1,'2025-04-08 10:29:24','2025-04-08 10:29:24',NULL),(3101,NULL,2401,7,0.01,0.00,2,1,'2025-04-08 10:29:24','2025-04-08 10:29:24',NULL),(3102,NULL,2402,2,139385.29,29270.91,2,1,'2025-04-08 10:29:24','2025-04-08 10:29:24',NULL),(3103,NULL,2402,7,21183.80,0.00,2,1,'2025-04-08 10:29:24','2025-04-08 10:29:24',NULL),(3104,NULL,2403,2,1652892.57,347107.44,2,1,'2025-04-08 10:29:24','2025-04-08 10:29:24',NULL),(3105,NULL,2403,7,0.01,0.00,2,1,'2025-04-08 10:29:24','2025-04-08 10:29:24',NULL),(3106,NULL,2404,1,4533939.60,476063.66,2,1,'2025-04-08 10:29:24','2025-04-08 10:29:24',NULL),(3107,NULL,2405,1,3588910.61,376835.61,2,1,'2025-04-08 10:29:24','2025-04-08 10:29:24',NULL),(3108,NULL,2406,2,693805.98,145699.26,2,1,'2025-04-08 10:29:24','2025-04-08 10:29:24',NULL),(3109,NULL,2407,2,58625.90,12311.44,2,1,'2025-04-08 10:29:24','2025-04-08 10:29:24',NULL),(3110,NULL,2408,2,112099.14,23540.82,2,1,'2025-04-08 10:29:24','2025-04-08 10:29:24',NULL);
INSERT INTO `receipt_taxes` VALUES (3111,NULL,2408,7,18890.04,0.00,2,1,'2025-04-08 10:29:24','2025-04-08 10:29:24',NULL),(3112,NULL,2409,2,149400.80,31374.17,2,1,'2025-04-08 10:29:24','2025-04-08 10:29:24',NULL),(3113,NULL,2410,2,17896.20,3758.20,2,1,'2025-04-08 10:29:24','2025-04-08 10:29:24',NULL),(3114,NULL,2410,7,4045.60,0.00,2,1,'2025-04-08 10:29:24','2025-04-08 10:29:24',NULL),(3115,NULL,2411,1,3564000.00,374220.00,2,1,'2025-04-08 10:29:24','2025-04-08 10:29:24',NULL),(3116,NULL,2412,2,17896.20,3758.20,2,1,'2025-04-08 10:29:25','2025-04-08 10:29:25',NULL),(3117,NULL,2412,7,4045.60,0.00,2,1,'2025-04-08 10:29:25','2025-04-08 10:29:25',NULL),(3118,NULL,2413,2,94174.38,19776.62,2,1,'2025-04-08 10:29:25','2025-04-08 10:29:25',NULL),(3119,NULL,2413,7,15249.00,0.00,2,1,'2025-04-08 10:29:25','2025-04-08 10:29:25',NULL),(3120,NULL,2414,2,5397.42,1133.46,2,1,'2025-04-08 10:29:25','2025-04-08 10:29:25',NULL),(3121,NULL,2414,7,809.12,0.00,2,1,'2025-04-08 10:29:25','2025-04-08 10:29:25',NULL),(3122,NULL,2415,1,110309.57,11582.50,2,1,'2025-04-08 10:29:25','2025-04-08 10:29:25',NULL),(3123,NULL,2416,2,94174.38,19776.62,2,1,'2025-04-08 10:29:25','2025-04-08 10:29:25',NULL),(3124,NULL,2416,7,15249.00,0.00,2,1,'2025-04-08 10:29:25','2025-04-08 10:29:25',NULL),(3125,NULL,2417,2,67816.36,14241.44,2,1,'2025-04-08 10:29:25','2025-04-08 10:29:25',NULL),(3126,NULL,2417,7,8902.20,0.00,2,1,'2025-04-08 10:29:25','2025-04-08 10:29:25',NULL),(3127,NULL,2418,2,13927.00,2924.67,2,1,'2025-04-08 10:29:25','2025-04-08 10:29:25',NULL),(3128,NULL,2418,7,3148.33,0.00,2,1,'2025-04-08 10:29:25','2025-04-08 10:29:25',NULL),(3129,NULL,2419,2,94174.38,19776.62,2,1,'2025-04-08 10:29:25','2025-04-08 10:29:25',NULL),(3130,NULL,2419,7,15249.00,0.00,2,1,'2025-04-08 10:29:25','2025-04-08 10:29:25',NULL),(3131,NULL,2420,1,390000.00,40950.00,2,1,'2025-04-08 10:29:25','2025-04-08 10:29:25',NULL),(3132,NULL,2421,2,534562.31,112258.09,2,1,'2025-04-08 10:29:25','2025-04-08 10:29:25',NULL),(3133,NULL,2422,2,44400.00,9324.00,2,1,'2025-04-08 10:29:25','2025-04-08 10:29:25',NULL),(3134,NULL,2423,2,94174.38,19776.62,2,1,'2025-04-08 10:29:25','2025-04-08 10:29:25',NULL),(3135,NULL,2423,7,15249.00,0.00,2,1,'2025-04-08 10:29:25','2025-04-08 10:29:25',NULL),(3136,NULL,2424,7,30000.00,0.00,2,1,'2025-04-08 10:29:25','2025-04-08 10:29:25',NULL),(3137,NULL,2425,2,17896.20,3758.20,2,1,'2025-04-08 10:29:25','2025-04-08 10:29:25',NULL),(3138,NULL,2425,7,4045.60,0.00,2,1,'2025-04-08 10:29:25','2025-04-08 10:29:25',NULL),(3139,NULL,2426,7,38121.00,0.00,2,1,'2025-04-08 10:29:25','2025-04-08 10:29:25',NULL),(3140,NULL,2427,2,85522.08,17959.64,2,1,'2025-04-08 10:29:25','2025-04-08 10:29:25',NULL),(3141,NULL,2427,7,11226.42,0.00,2,1,'2025-04-08 10:29:25','2025-04-08 10:29:25',NULL),(3142,NULL,2428,2,821560.00,172527.60,2,1,'2025-04-08 10:29:25','2025-04-08 10:29:25',NULL),(3145,NULL,2430,6,41557.60,0.00,2,1,'2025-04-08 10:29:26','2025-04-08 10:29:26',NULL),(3146,NULL,2431,7,19785.19,0.00,2,1,'2025-04-08 10:29:26','2025-04-08 10:29:26',NULL),(3147,NULL,2432,3,1310090.11,353724.33,2,1,'2025-04-08 10:29:26','2025-04-08 10:29:26',NULL),(3148,11237,2433,2,46880.20,9844.84,2,1,'2025-04-08 10:56:58','2025-04-08 10:56:58',NULL),(3149,11237,2434,2,521867.10,109592.09,2,1,'2025-04-08 10:56:58','2025-04-08 10:56:58',NULL),(3150,11237,2435,2,521867.10,109592.09,2,1,'2025-04-08 10:56:58','2025-04-08 10:56:58',NULL),(3151,11237,2436,2,46880.20,9844.84,2,1,'2025-04-08 10:56:58','2025-04-08 10:56:58',NULL),(3152,11237,2437,2,43803.00,9198.63,2,1,'2025-04-08 11:00:55','2025-04-08 11:00:55',NULL),(3153,11237,2438,2,540869.12,113582.52,2,1,'2025-04-08 11:00:56','2025-04-08 11:00:56',NULL),(3154,11237,2439,2,754502.73,158445.57,2,1,'2025-04-08 11:00:56','2025-04-08 11:00:56',NULL),(3155,11237,2440,2,61104.40,12831.92,2,1,'2025-04-08 11:00:56','2025-04-08 11:00:56',NULL),(3156,11237,2441,2,634309.59,133205.01,2,1,'2025-04-08 11:00:56','2025-04-08 11:00:56',NULL),(3157,11237,2442,2,51370.40,10787.78,2,1,'2025-04-08 11:00:56','2025-04-08 11:00:56',NULL);
INSERT INTO `receipt_taxes` VALUES (3160,11237,2445,1,527565.62,55394.39,2,1,'2025-04-08 11:00:56','2025-04-08 11:00:56',NULL),(3161,11237,2445,7,0.01,0.00,2,1,'2025-04-08 11:00:56','2025-04-08 11:00:56',NULL),(3162,11237,2446,2,67358.78,14145.34,2,1,'2025-04-08 11:01:16','2025-04-08 11:01:16',NULL),(3163,11237,2447,2,776810.00,163130.10,2,1,'2025-04-08 11:01:16','2025-04-08 11:01:16',NULL),(3164,11237,2448,2,1246333.04,261729.93,2,1,'2025-04-08 11:01:16','2025-04-08 11:01:16',NULL),(3165,11237,2449,2,108072.08,22695.13,2,1,'2025-04-08 11:01:17','2025-04-08 11:01:17',NULL),(3166,11237,2450,2,1340857.81,281580.14,2,1,'2025-04-08 11:01:40','2025-04-08 11:01:40',NULL),(3167,11237,2450,7,0.01,0.00,2,1,'2025-04-08 11:01:40','2025-04-08 11:01:40',NULL),(3168,11237,2451,2,104382.16,21920.25,2,1,'2025-04-08 11:01:40','2025-04-08 11:01:40',NULL),(3169,11237,2452,2,1224998.79,257249.75,2,1,'2025-04-08 11:01:40','2025-04-08 11:01:40',NULL),(3170,11237,2453,2,565448.11,118744.10,2,1,'2025-04-08 11:01:40','2025-04-08 11:01:40',NULL),(3171,11237,2454,2,15000.00,3150.00,2,1,'2025-04-08 11:01:40','2025-04-08 11:01:40',NULL),(3172,11237,2455,2,48181.84,10118.19,2,1,'2025-04-08 11:01:40','2025-04-08 11:01:40',NULL),(3173,11237,2456,2,75000.00,15750.00,2,1,'2025-04-08 11:01:57','2025-04-08 11:01:57',NULL),(3174,11237,2457,1,320100.00,33610.50,2,1,'2025-04-08 11:01:57','2025-04-08 11:01:57',NULL),(3175,11237,2458,2,52787.88,11085.45,2,1,'2025-04-08 11:01:57','2025-04-08 11:01:57',NULL),(3176,11237,2459,2,79340.70,16661.55,2,1,'2025-04-08 11:01:58','2025-04-08 11:01:58',NULL),(3177,11237,2460,2,590132.08,123927.74,2,1,'2025-04-08 11:01:58','2025-04-08 11:01:58',NULL),(3178,11237,2461,2,53304.96,11194.04,2,1,'2025-04-08 11:01:58','2025-04-08 11:01:58',NULL),(3179,11237,2462,2,886974.29,186264.60,2,1,'2025-04-08 11:01:58','2025-04-08 11:01:58',NULL),(3180,11237,2463,2,583925.69,122624.39,2,1,'2025-04-08 11:02:18','2025-04-08 11:02:18',NULL),(3181,11237,2464,2,54654.72,11477.49,2,1,'2025-04-08 11:02:18','2025-04-08 11:02:18',NULL),(3182,11237,2465,2,66373.04,13938.34,2,1,'2025-04-08 11:02:36','2025-04-08 11:02:36',NULL),(3183,11237,2466,2,621713.13,130559.76,2,1,'2025-04-08 11:02:37','2025-04-08 11:02:37',NULL),(3184,11237,2467,2,54544.63,11454.37,2,1,'2025-04-08 11:02:37','2025-04-08 11:02:37',NULL),(3185,11237,2468,2,65870.56,13832.82,2,1,'2025-04-08 11:02:37','2025-04-08 11:02:37',NULL),(3186,11237,2469,2,617006.42,129571.35,2,1,'2025-04-08 11:02:37','2025-04-08 11:02:37',NULL),(3187,11237,2470,7,260000.00,0.00,2,1,'2025-04-08 11:03:17','2025-04-08 11:03:17',NULL),(3190,11237,2472,2,12541.83,2633.78,2,1,'2025-04-08 11:03:17','2025-04-08 11:03:17',NULL),(3191,11237,2472,7,0.01,0.00,2,1,'2025-04-08 11:03:17','2025-04-08 11:03:17',NULL),(3194,11237,2474,2,785396.04,164933.17,2,1,'2025-04-08 11:03:18','2025-04-08 11:03:18',NULL),(3195,11237,2475,2,75815.22,15921.20,2,1,'2025-04-08 11:03:18','2025-04-08 11:03:18',NULL),(3196,11237,2476,2,652700.00,137067.00,2,1,'2025-04-08 11:03:18','2025-04-08 11:03:18',NULL),(3197,11237,2477,2,16528.93,3471.08,2,1,'2025-04-08 11:04:00','2025-04-08 11:04:00',NULL),(3198,11237,2478,2,287602.48,60396.52,2,1,'2025-04-08 11:04:00','2025-04-08 11:04:00',NULL),(3203,11237,2481,2,71454.40,15005.42,2,1,'2025-04-08 11:04:00','2025-04-08 11:04:00',NULL),(3204,11237,2482,1,284592.00,29882.16,2,1,'2025-04-08 11:04:00','2025-04-08 11:04:00',NULL),(3205,11237,2482,2,251156.00,52742.76,2,1,'2025-04-08 11:04:00','2025-04-08 11:04:00',NULL),(3206,11237,2483,1,639224.95,67118.62,2,1,'2025-04-08 11:04:00','2025-04-08 11:04:00',NULL),(3207,11237,2483,2,1801762.00,378370.02,2,1,'2025-04-08 11:04:00','2025-04-08 11:04:00',NULL),(3208,11237,2483,7,0.05,0.00,2,1,'2025-04-08 11:04:00','2025-04-08 11:04:00',NULL),(3209,11237,2484,7,593200.80,0.00,2,1,'2025-04-08 11:04:00','2025-04-08 11:04:00',NULL),(3210,11237,2485,7,593200.80,0.00,2,1,'2025-04-08 11:04:00','2025-04-08 11:04:00',NULL),(3211,11237,2486,2,68154.56,14312.46,2,1,'2025-04-08 11:04:00','2025-04-08 11:04:00',NULL);
INSERT INTO `receipt_taxes` VALUES (3212,11237,2487,2,738277.41,155038.26,2,1,'2025-04-08 11:04:01','2025-04-08 11:04:01',NULL),(3213,11237,2488,7,74124.00,0.00,2,1,'2025-04-08 11:04:01','2025-04-08 11:04:01',NULL),(3214,11237,2489,7,74124.00,0.00,2,1,'2025-04-08 11:04:01','2025-04-08 11:04:01',NULL),(3215,11237,2490,2,721072.00,151425.12,2,1,'2025-04-08 11:04:01','2025-04-08 11:04:01',NULL),(3216,11237,2491,2,236191.81,49600.28,2,1,'2025-04-08 11:04:18','2025-04-08 11:04:18',NULL),(3217,11237,2491,7,0.01,0.00,2,1,'2025-04-08 11:04:18','2025-04-08 11:04:18',NULL),(3224,11237,2495,2,604800.00,127008.00,2,1,'2025-04-08 11:04:18','2025-04-08 11:04:18',NULL),(3227,11237,2497,7,568214.00,0.00,2,1,'2025-04-08 11:04:33','2025-04-08 11:04:33',NULL),(3228,11237,2498,1,61176.48,6423.53,2,1,'2025-04-08 11:04:33','2025-04-08 11:04:33',NULL),(3229,11237,2498,2,55867.76,11732.23,2,1,'2025-04-08 11:04:33','2025-04-08 11:04:33',NULL),(3230,11237,2498,8,33800.00,0.00,2,1,'2025-04-08 11:04:33','2025-04-08 11:04:33',NULL),(3235,11237,2501,7,420000.00,0.00,2,1,'2025-04-08 11:04:33','2025-04-08 11:04:33',NULL),(3236,11237,2502,7,43600.00,0.00,2,1,'2025-04-08 11:04:57','2025-04-08 11:04:57',NULL),(3237,11237,2503,2,923200.00,193872.00,2,1,'2025-04-08 11:04:57','2025-04-08 11:04:57',NULL),(3240,11237,2505,7,250000.00,0.00,2,1,'2025-04-08 11:04:58','2025-04-08 11:04:58',NULL),(3241,11237,2506,2,627920.00,131863.20,2,1,'2025-04-08 11:04:58','2025-04-08 11:04:58',NULL),(3242,11237,2507,2,627200.00,131712.00,2,1,'2025-04-08 11:04:58','2025-04-08 11:04:58',NULL),(3243,11237,2508,7,49830.00,0.00,2,1,'2025-04-08 11:04:58','2025-04-08 11:04:58',NULL),(3244,11237,2509,1,14960.19,1570.82,2,1,'2025-04-08 11:04:58','2025-04-08 11:04:58',NULL),(3245,11237,2509,7,0.01,0.00,2,1,'2025-04-08 11:04:58','2025-04-08 11:04:58',NULL),(3248,11237,2511,1,9851.58,1034.42,2,1,'2025-04-08 11:05:19','2025-04-08 11:05:19',NULL),(3249,11237,2511,2,7697.52,1616.48,2,1,'2025-04-08 11:05:19','2025-04-08 11:05:19',NULL),(3250,11237,2512,7,22750.00,0.00,2,1,'2025-04-08 11:05:19','2025-04-08 11:05:19',NULL),(3251,11237,2513,2,45000.00,9450.00,2,1,'2025-04-08 11:05:19','2025-04-08 11:05:19',NULL),(3256,11237,2516,2,147406.38,30955.34,2,1,'2025-04-08 11:05:19','2025-04-08 11:05:19',NULL),(3257,11237,2516,7,0.02,0.00,2,1,'2025-04-08 11:05:19','2025-04-08 11:05:19',NULL),(3258,11237,2517,7,72000.00,0.00,2,1,'2025-04-08 11:05:19','2025-04-08 11:05:19',NULL),(3259,11237,2518,7,24400.00,0.00,2,1,'2025-04-08 11:05:19','2025-04-08 11:05:19',NULL),(3260,11237,2519,2,147406.38,30955.34,2,1,'2025-04-08 11:05:19','2025-04-08 11:05:19',NULL),(3261,11237,2519,7,0.02,0.00,2,1,'2025-04-08 11:05:19','2025-04-08 11:05:19',NULL),(3262,11237,2520,1,14768.57,1550.70,2,1,'2025-04-08 11:05:20','2025-04-08 11:05:20',NULL),(3263,11237,2520,7,0.02,0.00,2,1,'2025-04-08 11:05:20','2025-04-08 11:05:20',NULL),(3264,11237,2521,2,157024.81,32975.21,2,1,'2025-04-08 11:05:20','2025-04-08 11:05:20',NULL),(3265,11237,2521,7,0.02,0.00,2,1,'2025-04-08 11:05:20','2025-04-08 11:05:20',NULL),(3266,11237,2522,7,250000.00,0.00,2,1,'2025-04-08 11:05:20','2025-04-08 11:05:20',NULL),(3267,11237,2523,1,959.28,100.72,2,1,'2025-04-08 11:05:20','2025-04-08 11:05:20',NULL),(3268,11237,2523,2,4541.32,953.68,2,1,'2025-04-08 11:05:20','2025-04-08 11:05:20',NULL),(3269,11237,2524,1,7217.19,757.81,2,1,'2025-04-08 11:05:20','2025-04-08 11:05:20',NULL),(3270,11237,2525,1,591131.05,62068.76,2,1,'2025-04-08 11:05:20','2025-04-08 11:05:20',NULL),(3271,11237,2525,7,0.05,0.00,2,1,'2025-04-08 11:05:20','2025-04-08 11:05:20',NULL),(3272,11237,2526,2,99173.57,20826.45,2,1,'2025-04-08 11:05:20','2025-04-08 11:05:20',NULL),(3273,11237,2526,7,0.02,0.00,2,1,'2025-04-08 11:05:20','2025-04-08 11:05:20',NULL),(3274,11237,2527,2,99173.57,20826.45,2,1,'2025-04-08 11:05:20','2025-04-08 11:05:20',NULL),(3275,11237,2527,7,0.02,0.00,2,1,'2025-04-08 11:05:20','2025-04-08 11:05:20',NULL),(3276,11237,2528,2,99173.57,20826.45,2,1,'2025-04-08 11:05:20','2025-04-08 11:05:20',NULL);
INSERT INTO `receipt_taxes` VALUES (3277,11237,2528,7,0.02,0.00,2,1,'2025-04-08 11:05:20','2025-04-08 11:05:20',NULL),(3278,11237,2529,7,520000.00,0.00,2,1,'2025-04-08 11:06:09','2025-04-08 11:06:09',NULL),(3279,11237,2530,1,21701.36,2278.64,2,1,'2025-04-08 11:06:09','2025-04-08 11:06:09',NULL),(3280,11237,2530,2,13309.92,2795.08,2,1,'2025-04-08 11:06:09','2025-04-08 11:06:09',NULL),(3281,11237,2530,7,0.01,0.00,2,1,'2025-04-08 11:06:09','2025-04-08 11:06:09',NULL),(3282,11237,2531,7,498096.00,0.00,2,1,'2025-04-08 11:06:09','2025-04-08 11:06:09',NULL),(3285,11237,2533,2,9516.53,1998.47,2,1,'2025-04-08 11:06:09','2025-04-08 11:06:09',NULL),(3290,11237,2536,1,670320.00,70383.60,2,1,'2025-04-08 11:06:10','2025-04-08 11:06:10',NULL),(3291,11237,2537,2,495867.76,104132.23,2,1,'2025-04-08 11:06:10','2025-04-08 11:06:10',NULL),(3292,11237,2537,7,0.01,0.00,2,1,'2025-04-08 11:06:10','2025-04-08 11:06:10',NULL),(3293,11237,2538,2,16909.09,3550.91,2,1,'2025-04-08 11:06:10','2025-04-08 11:06:10',NULL),(3294,11237,2539,1,27310.00,2867.55,2,1,'2025-04-08 11:06:10','2025-04-08 11:06:10',NULL),(3295,11237,2539,7,0.05,0.00,2,1,'2025-04-08 11:06:10','2025-04-08 11:06:10',NULL),(3296,11237,2540,1,9929.90,1042.64,2,1,'2025-04-08 11:06:10','2025-04-08 11:06:10',NULL),(3297,11237,2540,7,0.04,0.00,2,1,'2025-04-08 11:06:10','2025-04-08 11:06:10',NULL),(3298,11237,2541,2,5768.60,1211.40,2,1,'2025-04-08 11:06:10','2025-04-08 11:06:10',NULL),(3299,11237,2542,2,12512.40,2627.60,2,1,'2025-04-08 11:06:10','2025-04-08 11:06:10',NULL),(3300,11237,2543,2,41033.06,8616.94,2,1,'2025-04-08 11:06:10','2025-04-08 11:06:10',NULL),(3301,11237,2544,2,6396.69,1343.31,2,1,'2025-04-08 11:06:29','2025-04-08 11:06:29',NULL),(3302,11237,2545,2,13752.07,2887.93,2,1,'2025-04-08 11:06:29','2025-04-08 11:06:29',NULL),(3303,11237,2546,1,12925.79,1357.21,2,1,'2025-04-08 11:06:29','2025-04-08 11:06:29',NULL),(3304,11237,2546,2,6371.07,1337.93,2,1,'2025-04-08 11:06:29','2025-04-08 11:06:29',NULL),(3305,11237,2546,7,0.01,0.00,2,1,'2025-04-08 11:06:29','2025-04-08 11:06:29',NULL),(3306,11237,2547,7,21460.00,0.00,2,1,'2025-04-08 11:06:29','2025-04-08 11:06:29',NULL),(3307,11237,2548,2,51636.36,10843.64,2,1,'2025-04-08 11:06:30','2025-04-08 11:06:30',NULL),(3308,11237,2549,7,260000.00,0.00,2,1,'2025-04-08 11:06:30','2025-04-08 11:06:30',NULL),(3309,11237,2550,7,45550.00,0.00,2,1,'2025-04-08 11:06:30','2025-04-08 11:06:30',NULL),(3310,11237,2551,1,1366632.00,143496.36,2,1,'2025-04-08 11:06:30','2025-04-08 11:06:30',NULL),(3315,11237,2554,1,39266.10,4122.94,2,1,'2025-04-08 11:06:30','2025-04-08 11:06:30',NULL),(3316,11237,2554,7,0.04,0.00,2,1,'2025-04-08 11:06:30','2025-04-08 11:06:30',NULL),(3317,11237,2555,2,19648.76,4126.24,2,1,'2025-04-08 11:06:30','2025-04-08 11:06:30',NULL),(3318,11237,2556,7,20000.00,0.00,2,1,'2025-04-08 11:06:30','2025-04-08 11:06:30',NULL),(3319,11237,2557,1,6271.52,658.51,2,1,'2025-04-08 11:06:31','2025-04-08 11:06:31',NULL),(3320,11237,2557,7,0.03,0.00,2,1,'2025-04-08 11:06:31','2025-04-08 11:06:31',NULL),(3321,11237,2558,1,22703.14,2383.83,2,1,'2025-04-08 11:06:31','2025-04-08 11:06:31',NULL),(3322,11237,2558,7,0.03,0.00,2,1,'2025-04-08 11:06:31','2025-04-08 11:06:31',NULL),(3325,11237,2560,7,260000.00,0.00,2,1,'2025-04-08 11:06:31','2025-04-08 11:06:31',NULL),(3326,11237,2561,2,18413.22,3866.78,2,1,'2025-04-08 11:06:49','2025-04-08 11:06:49',NULL),(3327,11237,2562,2,19678.00,4132.38,2,1,'2025-04-08 11:06:49','2025-04-08 11:06:49',NULL),(3328,11237,2562,7,0.02,0.00,2,1,'2025-04-08 11:06:49','2025-04-08 11:06:49',NULL),(3329,11237,2563,7,15150.00,0.00,2,1,'2025-04-08 11:06:49','2025-04-08 11:06:49',NULL),(3331,11237,2565,1,9142.08,959.92,2,1,'2025-04-08 11:06:49','2025-04-08 11:06:49',NULL),(3332,11237,2565,2,15660.33,3288.67,2,1,'2025-04-08 11:06:49','2025-04-08 11:06:49',NULL),(3333,11237,2566,1,3198884.00,335882.82,2,1,'2025-04-08 11:06:49','2025-04-08 11:06:49',NULL),(3336,11237,2568,7,157000.00,0.00,2,1,'2025-04-08 11:06:49','2025-04-08 11:06:49',NULL);
INSERT INTO `receipt_taxes` VALUES (3337,11237,2569,2,23140.48,4859.50,2,1,'2025-04-08 11:06:49','2025-04-08 11:06:49',NULL),(3338,11237,2569,7,0.01,0.00,2,1,'2025-04-08 11:06:49','2025-04-08 11:06:49',NULL),(3341,11237,2571,1,8741.18,917.82,2,1,'2025-04-08 11:06:50','2025-04-08 11:06:50',NULL),(3342,11237,2571,2,7540.50,1583.50,2,1,'2025-04-08 11:06:50','2025-04-08 11:06:50',NULL),(3343,11237,2571,7,0.01,0.00,2,1,'2025-04-08 11:06:50','2025-04-08 11:06:50',NULL),(3344,11237,2572,7,3800.00,0.00,2,1,'2025-04-08 11:06:50','2025-04-08 11:06:50',NULL),(3345,11237,2573,1,8747.51,918.49,2,1,'2025-04-08 11:06:50','2025-04-08 11:06:50',NULL),(3346,11237,2573,2,20453.72,4295.28,2,1,'2025-04-08 11:06:50','2025-04-08 11:06:50',NULL),(3347,11237,2574,2,413223.12,86776.86,2,1,'2025-04-08 11:06:50','2025-04-08 11:06:50',NULL),(3348,11237,2574,7,0.02,0.00,2,1,'2025-04-08 11:06:50','2025-04-08 11:06:50',NULL),(3349,11237,2575,2,1545000.00,324450.00,2,1,'2025-04-08 11:06:50','2025-04-08 11:06:50',NULL),(3352,11237,2577,2,1545000.00,324450.00,2,1,'2025-04-08 11:06:50','2025-04-08 11:06:50',NULL),(3354,11237,2579,1,12872.40,1351.60,2,1,'2025-04-08 11:07:11','2025-04-08 11:07:11',NULL),(3355,11237,2579,2,11403.31,2394.69,2,1,'2025-04-08 11:07:11','2025-04-08 11:07:11',NULL),(3356,11237,2579,7,0.01,0.00,2,1,'2025-04-08 11:07:11','2025-04-08 11:07:11',NULL),(3359,11237,2581,2,402660.34,84558.67,2,1,'2025-04-08 11:07:11','2025-04-08 11:07:11',NULL),(3360,11237,2582,7,720000.00,0.00,2,1,'2025-04-08 11:07:12','2025-04-08 11:07:12',NULL),(3361,11237,2583,2,144500.00,30345.00,2,1,'2025-04-08 11:07:12','2025-04-08 11:07:12',NULL),(3364,11237,2585,1,8582.81,901.19,2,1,'2025-04-08 11:07:12','2025-04-08 11:07:12',NULL),(3365,11237,2585,2,9412.40,1976.60,2,1,'2025-04-08 11:07:12','2025-04-08 11:07:12',NULL),(3366,11237,2585,7,0.01,0.00,2,1,'2025-04-08 11:07:12','2025-04-08 11:07:12',NULL),(3367,11237,2586,7,26780.00,0.00,2,1,'2025-04-08 11:07:12','2025-04-08 11:07:12',NULL),(3368,11237,2587,2,301777.86,63373.35,2,1,'2025-04-08 11:07:12','2025-04-08 11:07:12',NULL),(3370,11237,2589,2,155500.00,32655.00,2,1,'2025-04-08 11:07:12','2025-04-08 11:07:12',NULL),(3372,11237,2591,1,19715.84,2070.16,2,1,'2025-04-08 11:07:12','2025-04-08 11:07:12',NULL),(3373,11237,2591,2,7095.04,1489.96,2,1,'2025-04-08 11:07:12','2025-04-08 11:07:12',NULL),(3378,11237,2594,2,23933.89,5026.11,2,1,'2025-04-08 11:07:12','2025-04-08 11:07:12',NULL),(3379,11237,2595,2,35914.05,7541.95,2,1,'2025-04-08 11:07:12','2025-04-08 11:07:12',NULL),(3383,11237,2598,1,21733.94,2282.06,2,1,'2025-04-08 11:07:12','2025-04-08 11:07:12',NULL),(3384,11237,2598,2,15274.38,3207.62,2,1,'2025-04-08 11:07:12','2025-04-08 11:07:12',NULL),(3388,11237,2600,2,43057.85,9042.15,2,1,'2025-04-08 11:07:13','2025-04-08 11:07:13',NULL),(3391,11237,2602,2,1827569.15,383789.52,2,1,'2025-04-08 11:07:13','2025-04-08 11:07:13',NULL),(3392,11237,2603,2,315542.02,66263.82,2,1,'2025-04-08 11:07:13','2025-04-08 11:07:13',NULL),(3393,11237,2604,2,11323.14,2377.86,2,1,'2025-04-08 11:07:27','2025-04-08 11:07:27',NULL),(3394,11237,2605,2,210000.00,44100.00,2,1,'2025-04-08 11:07:27','2025-04-08 11:07:27',NULL),(3395,11237,2606,2,6429.75,1350.25,2,1,'2025-04-08 11:07:27','2025-04-08 11:07:27',NULL),(3396,11237,2607,2,928.60,195.01,2,1,'2025-04-08 11:07:27','2025-04-08 11:07:27',NULL),(3397,11237,2608,1,3113058.00,326871.09,2,1,'2025-04-08 11:07:27','2025-04-08 11:07:27',NULL),(3398,11237,2608,2,504000.00,105840.00,2,1,'2025-04-08 11:07:27','2025-04-08 11:07:27',NULL),(3399,11237,2609,7,472007.89,0.00,2,1,'2025-04-08 11:07:27','2025-04-08 11:07:27',NULL),(3400,11237,2610,1,12861.54,1350.46,2,1,'2025-04-08 11:07:27','2025-04-08 11:07:27',NULL),(3401,11237,2610,2,16480.99,3461.01,2,1,'2025-04-08 11:07:27','2025-04-08 11:07:27',NULL),(3406,11237,2613,2,864863.62,181621.36,2,1,'2025-04-08 11:07:27','2025-04-08 11:07:27',NULL),(3407,11237,2613,7,0.02,0.00,2,1,'2025-04-08 11:07:27','2025-04-08 11:07:27',NULL);
INSERT INTO `receipt_taxes` VALUES (3410,11237,2615,1,3854204.48,404691.47,2,1,'2025-04-08 11:07:27','2025-04-08 11:07:27',NULL),(3411,11237,2615,2,606240.00,127310.40,2,1,'2025-04-08 11:07:27','2025-04-08 11:07:27',NULL),(3412,11237,2616,1,9610.86,1009.14,2,1,'2025-04-08 11:07:28','2025-04-08 11:07:28',NULL),(3413,11237,2616,2,11552.07,2425.93,2,1,'2025-04-08 11:07:28','2025-04-08 11:07:28',NULL),(3416,11237,2618,2,7500.00,1575.00,2,1,'2025-04-08 11:07:28','2025-04-08 11:07:28',NULL),(3417,11237,2619,1,8781.90,922.10,2,1,'2025-04-08 11:07:28','2025-04-08 11:07:28',NULL),(3418,11237,2619,2,8250.41,1732.59,2,1,'2025-04-08 11:07:28','2025-04-08 11:07:28',NULL),(3419,11237,2620,2,1322314.05,277685.95,2,1,'2025-04-08 11:07:28','2025-04-08 11:07:28',NULL),(3420,11237,2621,2,1239669.43,260330.58,2,1,'2025-04-08 11:07:28','2025-04-08 11:07:28',NULL),(3421,11237,2621,7,0.01,0.00,2,1,'2025-04-08 11:07:28','2025-04-08 11:07:28',NULL),(3422,11237,2622,1,11371.95,1194.05,2,1,'2025-04-08 11:07:28','2025-04-08 11:07:28',NULL),(3423,11237,2622,2,5012.40,1052.60,2,1,'2025-04-08 11:07:28','2025-04-08 11:07:28',NULL),(3424,11237,2622,7,0.01,0.00,2,1,'2025-04-08 11:07:28','2025-04-08 11:07:28',NULL),(3427,11237,2624,1,15668.78,1645.22,2,1,'2025-04-08 11:07:45','2025-04-08 11:07:45',NULL),(3428,11237,2624,2,960.33,201.67,2,1,'2025-04-08 11:07:45','2025-04-08 11:07:45',NULL),(3429,11237,2625,1,6313.12,662.88,2,1,'2025-04-08 11:07:45','2025-04-08 11:07:45',NULL),(3430,11237,2625,2,6818.18,1431.82,2,1,'2025-04-08 11:07:45','2025-04-08 11:07:45',NULL),(3431,11237,2626,1,61977.50,6512.41,2,1,'2025-04-08 11:07:45','2025-04-08 11:07:45',NULL),(3434,11237,2628,1,16683.26,1751.74,2,1,'2025-04-08 11:07:45','2025-04-08 11:07:45',NULL),(3435,11237,2628,2,14915.70,3132.30,2,1,'2025-04-08 11:07:45','2025-04-08 11:07:45',NULL),(3436,11237,2629,2,536510.55,112667.21,2,1,'2025-04-08 11:07:45','2025-04-08 11:07:45',NULL),(3437,11237,2630,2,6223.12,1306.86,2,1,'2025-04-08 11:07:45','2025-04-08 11:07:45',NULL),(3438,11237,2631,1,17847.06,1873.94,2,1,'2025-04-08 11:07:45','2025-04-08 11:07:45',NULL),(3439,11237,2631,2,15421.49,3238.51,2,1,'2025-04-08 11:07:45','2025-04-08 11:07:45',NULL),(3442,11237,2633,1,16999.10,1784.90,2,1,'2025-04-08 11:07:45','2025-04-08 11:07:45',NULL),(3443,11237,2633,2,11698.35,2456.65,2,1,'2025-04-08 11:07:45','2025-04-08 11:07:45',NULL),(3444,11237,2633,7,0.01,0.00,2,1,'2025-04-08 11:07:45','2025-04-08 11:07:45',NULL),(3445,11237,2634,1,1280000.00,134400.00,2,1,'2025-04-08 11:07:46','2025-04-08 11:07:46',NULL),(3446,11237,2635,2,12388.00,2601.48,2,1,'2025-04-08 11:07:46','2025-04-08 11:07:46',NULL),(3447,11237,2636,2,12483.46,2621.53,2,1,'2025-04-08 11:07:46','2025-04-08 11:07:46',NULL),(3450,11237,2638,1,4593.67,482.33,2,1,'2025-04-08 11:07:46','2025-04-08 11:07:46',NULL),(3451,11237,2638,2,3330.58,699.42,2,1,'2025-04-08 11:07:46','2025-04-08 11:07:46',NULL),(3452,11237,2639,1,80049.81,8405.23,2,1,'2025-04-08 11:07:46','2025-04-08 11:07:46',NULL),(3453,11237,2639,7,0.04,0.00,2,1,'2025-04-08 11:07:46','2025-04-08 11:07:46',NULL),(3459,11237,2642,1,16166.52,1697.48,2,1,'2025-04-08 11:08:09','2025-04-08 11:08:09',NULL),(3460,11237,2642,2,10855.37,2279.63,2,1,'2025-04-08 11:08:09','2025-04-08 11:08:09',NULL),(3461,11237,2643,2,9057.85,1902.15,2,1,'2025-04-08 11:08:09','2025-04-08 11:08:09',NULL),(3462,11237,2644,7,1420000.00,0.00,2,1,'2025-04-08 11:08:09','2025-04-08 11:08:09',NULL),(3463,11237,2645,2,17238.84,3620.16,2,1,'2025-04-08 11:08:09','2025-04-08 11:08:09',NULL),(3466,11237,2647,1,13333.94,1400.06,2,1,'2025-04-08 11:08:09','2025-04-08 11:08:09',NULL),(3467,11237,2647,2,28168.60,5915.40,2,1,'2025-04-08 11:08:09','2025-04-08 11:08:09',NULL),(3468,11237,2647,7,0.01,0.00,2,1,'2025-04-08 11:08:09','2025-04-08 11:08:09',NULL),(3469,11237,2648,2,13677.69,2872.31,2,1,'2025-04-08 11:08:09','2025-04-08 11:08:09',NULL),(3470,11237,2649,7,999999.00,0.00,2,1,'2025-04-08 11:08:09','2025-04-08 11:08:09',NULL);
INSERT INTO `receipt_taxes` VALUES (3471,11237,2650,1,23534.84,2471.16,2,1,'2025-04-08 11:08:10','2025-04-08 11:08:10',NULL),(3472,11237,2650,2,15731.41,3303.60,2,1,'2025-04-08 11:08:10','2025-04-08 11:08:10',NULL),(3481,11237,2655,2,1298263.14,272635.26,2,1,'2025-04-08 11:08:10','2025-04-08 11:08:10',NULL),(3482,11237,2656,1,16027.15,1682.85,2,1,'2025-04-08 11:08:28','2025-04-08 11:08:28',NULL),(3483,11237,2656,2,13315.70,2796.30,2,1,'2025-04-08 11:08:28','2025-04-08 11:08:28',NULL),(3484,11237,2657,2,11000.00,2310.00,2,1,'2025-04-08 11:08:28','2025-04-08 11:08:28',NULL),(3485,11237,2658,2,1002884.81,210605.81,2,1,'2025-04-08 11:08:28','2025-04-08 11:08:28',NULL),(3486,11237,2658,7,0.02,0.00,2,1,'2025-04-08 11:08:28','2025-04-08 11:08:28',NULL),(3487,11237,2659,1,12428.05,1304.95,2,1,'2025-04-08 11:08:29','2025-04-08 11:08:29',NULL),(3488,11237,2659,2,6264.46,1315.54,2,1,'2025-04-08 11:08:29','2025-04-08 11:08:29',NULL),(3489,11237,2659,7,0.01,0.00,2,1,'2025-04-08 11:08:29','2025-04-08 11:08:29',NULL),(3490,11237,2660,2,12423.14,2608.86,2,1,'2025-04-08 11:08:29','2025-04-08 11:08:29',NULL),(3491,11237,2661,2,66400.00,13944.00,2,1,'2025-04-08 11:08:29','2025-04-08 11:08:29',NULL),(3492,11237,2662,2,164364.00,34516.44,2,1,'2025-04-08 11:08:29','2025-04-08 11:08:29',NULL),(3493,11237,2663,1,203370.04,21353.85,2,1,'2025-04-08 11:08:29','2025-04-08 11:08:29',NULL),(3494,11237,2663,2,128211.56,26924.43,2,1,'2025-04-08 11:08:29','2025-04-08 11:08:29',NULL),(3495,11237,2664,7,2109000.00,0.00,2,1,'2025-04-08 11:08:29','2025-04-08 11:08:29',NULL),(3496,11237,2665,1,24028.05,2522.95,2,1,'2025-04-08 11:08:29','2025-04-08 11:08:29',NULL),(3497,11237,2665,2,6007.44,1261.56,2,1,'2025-04-08 11:08:29','2025-04-08 11:08:29',NULL),(3498,11237,2666,2,11549.55,2425.41,2,1,'2025-04-08 11:08:29','2025-04-08 11:08:29',NULL),(3499,11237,2667,2,12694.21,2665.78,2,1,'2025-04-08 11:08:29','2025-04-08 11:08:29',NULL),(3500,11237,2668,2,33180.86,6967.98,2,1,'2025-04-08 11:08:29','2025-04-08 11:08:29',NULL),(3501,11237,2668,7,0.01,0.00,2,1,'2025-04-08 11:08:29','2025-04-08 11:08:29',NULL),(3504,11237,2670,1,20005.43,2100.57,2,1,'2025-04-08 11:08:29','2025-04-08 11:08:29',NULL),(3505,11237,2670,2,7388.43,1551.57,2,1,'2025-04-08 11:08:29','2025-04-08 11:08:29',NULL),(3508,11237,2672,1,20723.98,2176.02,2,1,'2025-04-08 11:08:30','2025-04-08 11:08:30',NULL),(3509,11237,2672,2,10644.63,2235.37,2,1,'2025-04-08 11:08:30','2025-04-08 11:08:30',NULL),(3510,11237,2673,2,36731.43,7713.60,2,1,'2025-04-08 11:08:30','2025-04-08 11:08:30',NULL),(3513,11237,2675,1,11209.95,1177.05,2,1,'2025-04-08 11:08:47','2025-04-08 11:08:47',NULL),(3514,11237,2675,2,11861.98,2491.02,2,1,'2025-04-08 11:08:47','2025-04-08 11:08:47',NULL),(3515,11237,2675,7,0.01,0.00,2,1,'2025-04-08 11:08:47','2025-04-08 11:08:47',NULL),(3516,11237,2676,2,7545.45,1584.55,2,1,'2025-04-08 11:08:47','2025-04-08 11:08:47',NULL),(3517,11237,2677,2,21000.00,4410.00,2,1,'2025-04-08 11:08:47','2025-04-08 11:08:47',NULL),(3518,11237,2678,7,1100000.00,0.00,2,1,'2025-04-08 11:08:47','2025-04-08 11:08:47',NULL),(3519,11237,2679,2,28990.26,6084.00,2,1,'2025-04-08 11:08:47','2025-04-08 11:08:47',NULL),(3520,11237,2679,7,10.14,0.00,2,1,'2025-04-08 11:08:47','2025-04-08 11:08:47',NULL),(3521,11237,2680,7,26360.00,0.00,2,1,'2025-04-08 11:08:48','2025-04-08 11:08:48',NULL),(3522,11237,2681,2,14752.06,3097.93,2,1,'2025-04-08 11:08:48','2025-04-08 11:08:48',NULL),(3523,11237,2682,2,10578.51,2221.49,2,1,'2025-04-08 11:08:48','2025-04-08 11:08:48',NULL),(3524,11237,2683,1,895.93,94.07,2,1,'2025-04-08 11:08:48','2025-04-08 11:08:48',NULL),(3525,11237,2683,2,13760.33,2889.67,2,1,'2025-04-08 11:08:48','2025-04-08 11:08:48',NULL),(3526,11237,2684,2,1457024.80,305975.21,2,1,'2025-04-08 11:08:48','2025-04-08 11:08:48',NULL),(3530,11237,2686,7,1506960.00,0.00,2,1,'2025-04-08 11:08:48','2025-04-08 11:08:48',NULL),(3533,11237,2688,2,1652.88,347.11,2,1,'2025-04-08 11:08:48','2025-04-08 11:08:48',NULL);
INSERT INTO `receipt_taxes` VALUES (3536,11237,2690,2,10801.64,2268.34,2,1,'2025-04-08 11:08:48','2025-04-08 11:08:48',NULL),(3539,11237,2692,2,22570.25,4739.75,2,1,'2025-04-08 11:08:49','2025-04-08 11:08:49',NULL),(3540,11237,2693,2,644175.00,135276.75,2,1,'2025-04-08 11:08:49','2025-04-08 11:08:49',NULL),(3541,11237,2694,2,1283973.58,269634.45,2,1,'2025-04-08 11:08:49','2025-04-08 11:08:49',NULL),(3542,11237,2695,7,1375920.00,0.00,2,1,'2025-04-08 11:08:49','2025-04-08 11:08:49',NULL),(3543,11237,2696,1,15616.29,1639.71,2,1,'2025-04-08 11:08:49','2025-04-08 11:08:49',NULL),(3544,11237,2697,2,364213.24,76484.78,2,1,'2025-04-08 11:08:49','2025-04-08 11:08:49',NULL),(3545,11237,2697,7,0.02,0.00,2,1,'2025-04-08 11:08:49','2025-04-08 11:08:49',NULL),(3546,11237,2698,2,407438.01,85561.98,2,1,'2025-04-08 11:09:06','2025-04-08 11:09:06',NULL),(3547,11237,2699,2,4509.45,946.99,2,1,'2025-04-08 11:09:06','2025-04-08 11:09:06',NULL),(3548,11237,2700,1,1511.31,158.69,2,1,'2025-04-08 11:09:06','2025-04-08 11:09:06',NULL),(3549,11237,2700,2,8677.68,1822.31,2,1,'2025-04-08 11:09:06','2025-04-08 11:09:06',NULL),(3551,11237,2702,2,9917.38,2082.65,2,1,'2025-04-08 11:09:06','2025-04-08 11:09:06',NULL),(3552,11237,2702,7,0.02,0.00,2,1,'2025-04-08 11:09:06','2025-04-08 11:09:06',NULL),(3554,11237,2704,2,1020000.00,214200.00,2,1,'2025-04-08 11:09:06','2025-04-08 11:09:06',NULL),(3555,11237,2705,2,15838.84,3326.16,2,1,'2025-04-08 11:09:06','2025-04-08 11:09:06',NULL),(3556,11237,2706,7,10170.00,0.00,2,1,'2025-04-08 11:09:06','2025-04-08 11:09:06',NULL),(3557,11237,2707,2,24297.52,5102.48,2,1,'2025-04-08 11:09:06','2025-04-08 11:09:06',NULL),(3558,11237,2708,2,70082.65,14717.36,2,1,'2025-04-08 11:09:06','2025-04-08 11:09:06',NULL),(3561,11237,2710,1,2583.71,271.29,2,1,'2025-04-08 11:09:07','2025-04-08 11:09:07',NULL),(3562,11237,2710,2,15454.55,3245.45,2,1,'2025-04-08 11:09:07','2025-04-08 11:09:07',NULL),(3563,11237,2711,2,76033.05,15966.94,2,1,'2025-04-08 11:09:07','2025-04-08 11:09:07',NULL),(3564,11237,2712,2,185950.43,39049.59,2,1,'2025-04-08 11:09:07','2025-04-08 11:09:07',NULL),(3565,11237,2712,7,0.02,0.00,2,1,'2025-04-08 11:09:07','2025-04-08 11:09:07',NULL),(3572,11237,2715,2,1694925.00,355934.25,2,1,'2025-04-08 11:09:07','2025-04-08 11:09:07',NULL),(3573,11237,2716,2,1340655.00,281537.55,2,1,'2025-04-08 11:09:07','2025-04-08 11:09:07',NULL),(3574,11237,2717,7,9580.00,0.00,2,1,'2025-04-08 11:09:07','2025-04-08 11:09:07',NULL),(3575,11237,2718,1,2104100.00,220930.50,2,1,'2025-04-08 11:09:07','2025-04-08 11:09:07',NULL),(3576,11237,2719,7,25000.00,0.00,2,1,'2025-04-08 11:09:07','2025-04-08 11:09:07',NULL),(3577,11237,2720,7,66000.00,0.00,2,1,'2025-04-08 11:09:07','2025-04-08 11:09:07',NULL),(3578,11237,2721,7,15000.00,0.00,2,1,'2025-04-08 11:09:07','2025-04-08 11:09:07',NULL),(3579,11237,2722,2,16086.69,3378.21,2,1,'2025-04-08 11:09:07','2025-04-08 11:09:07',NULL),(3586,11237,2725,2,33454.55,7025.45,2,1,'2025-04-08 11:09:08','2025-04-08 11:09:08',NULL),(3587,11237,2726,7,16350.00,0.00,2,1,'2025-04-08 11:09:30','2025-04-08 11:09:30',NULL),(3588,11237,2727,7,400000.00,0.00,2,1,'2025-04-08 11:09:30','2025-04-08 11:09:30',NULL),(3589,11237,2728,2,65520.00,13759.20,2,1,'2025-04-08 11:09:30','2025-04-08 11:09:30',NULL),(3591,11237,2730,2,65520.00,13759.20,2,1,'2025-04-08 11:09:30','2025-04-08 11:09:30',NULL),(3592,11237,2731,2,943000.00,198030.00,2,1,'2025-04-08 11:09:30','2025-04-08 11:09:30',NULL),(3593,11237,2732,2,124628.08,26171.90,2,1,'2025-04-08 11:09:30','2025-04-08 11:09:30',NULL),(3594,11237,2733,2,14876.03,3123.97,2,1,'2025-04-08 11:09:30','2025-04-08 11:09:30',NULL),(3595,11237,2734,2,818677.65,171922.31,2,1,'2025-04-08 11:09:30','2025-04-08 11:09:30',NULL),(3596,11237,2735,7,30400.00,0.00,2,1,'2025-04-08 11:09:30','2025-04-08 11:09:30',NULL),(3597,11237,2736,2,12256.20,2573.80,2,1,'2025-04-08 11:09:30','2025-04-08 11:09:30',NULL),(3598,11237,2737,7,150800.00,0.00,2,1,'2025-04-08 11:09:30','2025-04-08 11:09:30',NULL);
INSERT INTO `receipt_taxes` VALUES (3599,11237,2738,2,39420.60,8278.33,2,1,'2025-04-08 11:09:30','2025-04-08 11:09:30',NULL),(3600,11237,2739,2,11388.43,2391.57,2,1,'2025-04-08 11:09:31','2025-04-08 11:09:31',NULL),(3602,11237,2741,2,130809.90,27470.08,2,1,'2025-04-08 11:09:31','2025-04-08 11:09:31',NULL),(3603,11237,2741,7,0.03,0.00,2,1,'2025-04-08 11:09:31','2025-04-08 11:09:31',NULL),(3604,11237,2742,2,30123.97,6326.03,2,1,'2025-04-08 11:09:31','2025-04-08 11:09:31',NULL),(3605,11237,2743,2,210743.81,44256.20,2,1,'2025-04-08 11:09:31','2025-04-08 11:09:31',NULL),(3606,11237,2743,7,0.01,0.00,2,1,'2025-04-08 11:09:31','2025-04-08 11:09:31',NULL),(3607,11237,2744,1,6497042.10,682189.42,2,1,'2025-04-08 11:09:31','2025-04-08 11:09:31',NULL),(3608,11237,2745,2,363272.00,76287.12,2,1,'2025-04-08 11:09:31','2025-04-08 11:09:31',NULL),(3609,11237,2746,7,103000.00,0.00,2,1,'2025-04-08 11:09:31','2025-04-08 11:09:31',NULL),(3610,11237,2747,2,1046500.00,219765.00,2,1,'2025-04-08 11:09:31','2025-04-08 11:09:31',NULL),(3613,11237,2749,1,17076.02,1792.98,2,1,'2025-04-08 11:09:31','2025-04-08 11:09:31',NULL),(3614,11237,2749,2,18834.71,3955.29,2,1,'2025-04-08 11:09:31','2025-04-08 11:09:31',NULL),(3615,11237,2750,7,17900.00,0.00,2,1,'2025-04-08 11:09:31','2025-04-08 11:09:31',NULL),(3616,11237,2751,2,351239.71,73760.34,2,1,'2025-04-08 11:09:31','2025-04-08 11:09:31',NULL),(3617,11237,2751,7,0.01,0.00,2,1,'2025-04-08 11:09:31','2025-04-08 11:09:31',NULL),(3618,11237,2752,7,120650.00,0.00,2,1,'2025-04-08 11:09:31','2025-04-08 11:09:31',NULL),(3621,11237,2754,1,1976000.00,207480.00,2,1,'2025-04-08 11:09:57','2025-04-08 11:09:57',NULL),(3622,11237,2755,2,1091948.00,229309.08,2,1,'2025-04-08 11:09:57','2025-04-08 11:09:57',NULL),(3623,11237,2756,2,8636.36,1813.64,2,1,'2025-04-08 11:09:57','2025-04-08 11:09:57',NULL),(3624,11237,2757,7,39200.00,0.00,2,1,'2025-04-08 11:09:57','2025-04-08 11:09:57',NULL),(3625,11237,2758,2,72029.76,15126.25,2,1,'2025-04-08 11:09:57','2025-04-08 11:09:57',NULL),(3626,11237,2758,7,0.02,0.00,2,1,'2025-04-08 11:09:57','2025-04-08 11:09:57',NULL),(3627,11237,2759,2,19272.71,4047.27,2,1,'2025-04-08 11:09:57','2025-04-08 11:09:57',NULL),(3628,11237,2760,2,1091948.00,229309.08,2,1,'2025-04-08 11:09:57','2025-04-08 11:09:57',NULL),(3629,11237,2761,7,131000.00,0.00,2,1,'2025-04-08 11:09:57','2025-04-08 11:09:57',NULL),(3630,11237,2762,2,1885428.00,395939.88,2,1,'2025-04-08 11:09:58','2025-04-08 11:09:58',NULL),(3631,11237,2763,2,85867.76,18032.23,2,1,'2025-04-08 11:09:58','2025-04-08 11:09:58',NULL),(3632,11237,2763,7,0.01,0.00,2,1,'2025-04-08 11:09:58','2025-04-08 11:09:58',NULL),(3633,11237,2764,7,120000.00,0.00,2,1,'2025-04-08 11:09:58','2025-04-08 11:09:58',NULL),(3634,11237,2765,1,2506.79,263.21,2,1,'2025-04-08 11:09:58','2025-04-08 11:09:58',NULL),(3635,11237,2765,2,16958.68,3561.32,2,1,'2025-04-08 11:09:58','2025-04-08 11:09:58',NULL),(3636,11237,2766,7,338500.00,0.00,2,1,'2025-04-08 11:09:58','2025-04-08 11:09:58',NULL),(3639,11237,2768,7,17000.00,0.00,2,1,'2025-04-08 11:09:58','2025-04-08 11:09:58',NULL),(3640,11237,2769,2,353000.00,74130.00,2,1,'2025-04-08 11:09:58','2025-04-08 11:09:58',NULL),(3641,11237,2770,2,17709.09,3718.91,2,1,'2025-04-08 11:09:58','2025-04-08 11:09:58',NULL),(3642,11237,2771,7,12300.00,0.00,2,1,'2025-04-08 11:09:58','2025-04-08 11:09:58',NULL),(3643,11237,2772,7,23400.00,0.00,2,1,'2025-04-08 11:09:58','2025-04-08 11:09:58',NULL),(3646,11237,2774,2,29256.19,6143.80,2,1,'2025-04-08 11:09:59','2025-04-08 11:09:59',NULL),(3647,11237,2774,7,0.01,0.00,2,1,'2025-04-08 11:09:59','2025-04-08 11:09:59',NULL),(3662,11237,2785,2,1940000.00,407400.00,2,1,'2025-04-08 11:15:03','2025-04-08 11:15:03',NULL),(3663,11237,2786,1,591131.05,62068.76,2,1,'2025-04-08 11:15:03','2025-04-08 11:15:03',NULL),(3664,11237,2786,7,0.05,0.00,2,1,'2025-04-08 11:15:03','2025-04-08 11:15:03',NULL),(3665,11237,2787,2,50000.00,10500.00,2,1,'2025-04-08 11:15:03','2025-04-08 11:15:03',NULL);
INSERT INTO `receipt_taxes` VALUES (3668,11237,2789,7,1754586.00,0.00,2,1,'2025-04-08 11:15:03','2025-04-08 11:15:03',NULL),(3669,11237,2790,2,155754.00,32708.34,2,1,'2025-04-08 11:15:03','2025-04-08 11:15:03',NULL),(3670,11237,2791,1,12978.28,1362.72,2,1,'2025-04-08 11:15:03','2025-04-08 11:15:03',NULL),(3671,11237,2791,2,7061.98,1483.02,2,1,'2025-04-08 11:15:03','2025-04-08 11:15:03',NULL),(3674,11237,2793,2,45454.57,9545.46,2,1,'2025-04-08 11:15:04','2025-04-08 11:15:04',NULL),(3675,11237,2793,7,0.02,0.00,2,1,'2025-04-08 11:15:04','2025-04-08 11:15:04',NULL),(3676,11237,2794,7,10600.00,0.00,2,1,'2025-04-08 11:15:04','2025-04-08 11:15:04',NULL),(3677,11237,2795,1,2714932.10,285067.87,2,1,'2025-04-08 11:15:04','2025-04-08 11:15:04',NULL),(3678,11237,2795,7,0.03,0.00,2,1,'2025-04-08 11:15:04','2025-04-08 11:15:04',NULL),(3679,11237,2796,1,3911.31,410.69,2,1,'2025-04-08 11:15:04','2025-04-08 11:15:04',NULL),(3680,11237,2796,2,14845.45,3117.55,2,1,'2025-04-08 11:15:04','2025-04-08 11:15:04',NULL),(3681,11237,2796,7,0.01,0.00,2,1,'2025-04-08 11:15:04','2025-04-08 11:15:04',NULL),(3682,11237,2797,2,7660916.35,1608792.43,2,1,'2025-04-08 11:17:56','2025-04-08 11:17:56',NULL),(3684,11237,2799,2,2093511.48,439637.41,2,1,'2025-04-08 11:30:34','2025-04-08 11:30:34',NULL),(3685,11237,2800,2,145069.80,30464.66,2,1,'2025-04-08 11:30:34','2025-04-08 11:30:34',NULL),(3686,11237,2801,2,2291037.61,481117.90,2,1,'2025-04-08 11:30:51','2025-04-08 11:30:51',NULL),(3688,11237,2803,2,3838488.87,806082.66,2,1,'2025-04-08 11:36:33','2025-04-08 11:36:33',NULL),(3689,11237,2804,2,964180.38,202477.88,2,1,'2025-04-08 11:36:51','2025-04-08 11:36:51',NULL),(3690,11237,2804,7,0.01,0.00,2,1,'2025-04-08 11:36:51','2025-04-08 11:36:51',NULL),(3691,11237,2805,2,2824757.62,593199.10,2,1,'2025-04-08 11:37:08','2025-04-08 11:37:08',NULL),(3692,11237,2806,2,4139732.09,869343.74,2,1,'2025-04-08 11:37:25','2025-04-08 11:37:25',NULL),(3693,11237,2806,7,0.01,0.00,2,1,'2025-04-08 11:37:25','2025-04-08 11:37:25',NULL),(3694,11237,2807,2,1973673.38,414471.41,2,1,'2025-04-08 11:37:41','2025-04-08 11:37:41',NULL),(3695,11237,2808,2,3626098.15,761480.61,2,1,'2025-04-08 11:37:58','2025-04-08 11:37:58',NULL),(3696,11237,2808,7,0.01,0.00,2,1,'2025-04-08 11:37:58','2025-04-08 11:37:58',NULL),(3697,11237,2809,2,10587958.07,2223471.19,2,1,'2025-04-08 11:38:15','2025-04-08 11:38:15',NULL),(3698,11237,2810,2,1307804.75,274639.00,2,1,'2025-04-08 11:44:32','2025-04-08 11:44:32',NULL),(3699,11237,2811,2,8501363.16,1785286.26,2,1,'2025-04-08 11:44:57','2025-04-08 11:44:57',NULL),(3700,11237,2812,2,13881780.91,2915173.99,2,1,'2025-04-08 11:45:14','2025-04-08 11:45:14',NULL),(3701,11237,2812,7,0.01,0.00,2,1,'2025-04-08 11:45:14','2025-04-08 11:45:14',NULL),(3702,11237,2813,2,4773107.69,1002352.61,2,1,'2025-04-08 11:45:32','2025-04-08 11:45:32',NULL),(3703,11237,2813,7,0.01,0.00,2,1,'2025-04-08 11:45:32','2025-04-08 11:45:32',NULL),(3704,11237,2814,2,7162288.04,1504080.49,2,1,'2025-04-08 11:45:32','2025-04-08 11:45:32',NULL),(3705,11237,2814,7,0.01,0.00,2,1,'2025-04-08 11:45:32','2025-04-08 11:45:32',NULL),(3706,11237,2815,2,18486437.44,3882151.86,2,1,'2025-04-08 11:45:47','2025-04-08 11:45:47',NULL),(3707,11237,2816,2,19876131.66,4173987.65,2,1,'2025-04-08 11:46:02','2025-04-08 11:46:02',NULL),(3708,11237,2817,2,20600183.14,4326038.46,2,1,'2025-04-08 11:46:17','2025-04-08 11:46:17',NULL),(3709,11237,2818,2,21966658.33,4612998.25,2,1,'2025-04-08 11:46:32','2025-04-08 11:46:32',NULL),(3710,11237,2819,2,23464906.19,4927630.30,2,1,'2025-04-08 11:46:54','2025-04-08 11:46:54',NULL),(3711,11237,2819,7,0.01,0.00,2,1,'2025-04-08 11:46:54','2025-04-08 11:46:54',NULL),(3712,11237,2866,2,2071973.05,435114.34,2,1,'2025-04-09 11:17:14','2025-04-09 11:17:14',NULL),(3713,11237,2867,2,1556045.46,326769.55,2,1,'2025-04-09 20:41:41','2025-04-09 20:41:41',NULL),(3714,11237,2471,2,738430.53,155070.41,2,1,'2025-04-10 11:34:46','2025-04-10 11:34:46',NULL),(3715,11237,2471,1000,22152.92,0.00,2,1,'2025-04-10 11:34:46','2025-04-10 11:34:46',NULL);
INSERT INTO `receipt_taxes` VALUES (3716,11237,2471,1001,22152.92,0.00,2,3,'2025-04-10 11:34:46','2025-04-10 11:34:46',NULL),(3717,11237,2473,2,811908.00,170500.68,2,1,'2025-04-10 11:35:07','2025-04-10 11:35:07',NULL),(3718,11237,2473,1000,24357.24,0.00,2,1,'2025-04-10 11:35:07','2025-04-10 11:35:07',NULL),(3719,11237,2473,1001,24357.24,0.00,2,3,'2025-04-10 11:35:07','2025-04-10 11:35:07',NULL),(3720,11237,2494,2,961614.30,201939.00,2,1,'2025-04-10 11:35:26','2025-04-10 11:35:26',NULL),(3721,11237,2494,1000,28848.43,0.00,2,1,'2025-04-10 11:35:26','2025-04-10 11:35:26',NULL),(3722,11237,2494,1001,28848.43,0.00,2,3,'2025-04-10 11:35:26','2025-04-10 11:35:26',NULL),(3723,11237,2496,2,996714.54,209310.05,2,1,'2025-04-10 11:35:58','2025-04-10 11:35:58',NULL),(3724,11237,2496,1000,29901.44,0.00,2,1,'2025-04-10 11:35:58','2025-04-10 11:35:58',NULL),(3725,11237,2496,1001,29901.44,0.00,2,3,'2025-04-10 11:35:58','2025-04-10 11:35:58',NULL),(3726,11237,2493,2,1656685.12,347903.88,2,1,'2025-04-10 11:36:19','2025-04-10 11:36:19',NULL),(3727,11237,2493,1000,49700.55,0.00,2,1,'2025-04-10 11:36:19','2025-04-10 11:36:19',NULL),(3728,11237,2493,1001,49700.55,0.00,2,3,'2025-04-10 11:36:19','2025-04-10 11:36:19',NULL),(3729,11237,2499,2,2100903.74,441189.79,2,1,'2025-04-10 11:36:33','2025-04-10 11:36:33',NULL),(3730,11237,2499,1000,63027.11,0.00,2,1,'2025-04-10 11:36:33','2025-04-10 11:36:33',NULL),(3731,11237,2499,1001,63027.11,0.00,2,3,'2025-04-10 11:36:33','2025-04-10 11:36:33',NULL),(3732,11237,2500,2,2183628.82,458562.05,2,1,'2025-04-10 11:36:47','2025-04-10 11:36:47',NULL),(3733,11237,2500,1000,65508.86,0.00,2,1,'2025-04-10 11:36:47','2025-04-10 11:36:47',NULL),(3734,11237,2500,1001,65508.86,0.00,2,3,'2025-04-10 11:36:47','2025-04-10 11:36:47',NULL),(3735,11237,2504,2,2653191.17,557170.15,2,1,'2025-04-10 11:37:00','2025-04-10 11:37:00',NULL),(3736,11237,2504,1000,79595.74,0.00,2,1,'2025-04-10 11:37:00','2025-04-10 11:37:00',NULL),(3737,11237,2504,1001,79595.74,0.00,2,3,'2025-04-10 11:37:00','2025-04-10 11:37:00',NULL),(3738,11237,2510,2,2926108.16,614482.71,2,1,'2025-04-10 11:37:15','2025-04-10 11:37:15',NULL),(3739,11237,2510,1000,87783.24,0.00,2,1,'2025-04-10 11:37:15','2025-04-10 11:37:15',NULL),(3740,11237,2510,1001,87783.24,0.00,2,3,'2025-04-10 11:37:15','2025-04-10 11:37:15',NULL),(3741,11237,2879,8,0.01,0.00,2,1,'2025-04-11 09:41:37','2025-04-11 09:41:37',NULL),(3742,11237,2879,1000,97.50,0.00,2,1,'2025-04-11 09:41:37','2025-04-11 09:41:37',NULL),(3747,11237,2882,8,0.01,0.00,2,1,'2025-04-11 09:43:19','2025-04-11 09:43:19',NULL),(3748,11237,2882,1000,121.86,0.00,2,1,'2025-04-11 09:43:19','2025-04-11 09:43:19',NULL),(3749,11237,2883,8,0.01,0.00,2,1,'2025-04-11 09:43:42','2025-04-11 09:43:42',NULL),(3750,11237,2883,1000,121.86,0.00,2,1,'2025-04-11 09:43:42','2025-04-11 09:43:42',NULL),(3751,11237,2884,8,0.01,0.00,2,1,'2025-04-11 09:44:29','2025-04-11 09:44:29',NULL),(3752,11237,2884,1000,146.25,0.00,2,1,'2025-04-11 09:44:29','2025-04-11 09:44:29',NULL),(3753,11237,2885,8,0.01,0.00,2,1,'2025-04-11 09:45:08','2025-04-11 09:45:08',NULL),(3754,11237,2885,1000,193.05,0.00,2,1,'2025-04-11 09:45:08','2025-04-11 09:45:08',NULL),(3755,11237,2886,8,0.01,0.00,2,1,'2025-04-11 09:45:38','2025-04-11 09:45:38',NULL),(3756,11237,2886,1000,146.25,0.00,2,1,'2025-04-11 09:45:38','2025-04-11 09:45:38',NULL),(3757,11237,2887,8,0.01,0.00,2,1,'2025-04-11 09:46:07','2025-04-11 09:46:07',NULL),(3758,11237,2887,1000,175.50,0.00,2,1,'2025-04-11 09:46:07','2025-04-11 09:46:07',NULL),(3759,11237,2888,8,0.01,0.00,2,1,'2025-04-11 09:46:39','2025-04-11 09:46:39',NULL),(3760,11237,2888,1000,240.08,0.00,2,1,'2025-04-11 09:46:39','2025-04-11 09:46:39',NULL),(3761,11237,2889,8,0.01,0.00,2,1,'2025-04-11 09:47:03','2025-04-11 09:47:03',NULL),(3762,11237,2889,1000,175.50,0.00,2,1,'2025-04-11 09:47:03','2025-04-11 09:47:03',NULL),(3763,11237,2880,8,0.01,0.00,2,1,'2025-04-11 09:48:06','2025-04-11 09:48:06',NULL),(3764,11237,2880,1000,252.36,0.00,2,1,'2025-04-11 09:48:06','2025-04-11 09:48:06',NULL);
INSERT INTO `receipt_taxes` VALUES (3765,11237,2881,8,0.01,0.00,2,1,'2025-04-11 09:48:31','2025-04-11 09:48:31',NULL),(3766,11237,2881,1000,201.40,0.00,2,1,'2025-04-11 09:48:31','2025-04-11 09:48:31',NULL),(3767,11237,2890,8,0.01,0.00,2,1,'2025-04-11 09:53:41','2025-04-11 09:53:41',NULL),(3768,11237,2890,1000,227.28,0.00,2,1,'2025-04-11 09:53:41','2025-04-11 09:53:41',NULL),(3769,11237,2891,8,0.01,0.00,2,1,'2025-04-11 09:54:28','2025-04-11 09:54:28',NULL),(3770,11237,2891,1000,210.60,0.00,2,1,'2025-04-11 09:54:28','2025-04-11 09:54:28',NULL),(3771,11237,2892,8,0.01,0.00,2,1,'2025-04-11 09:55:00','2025-04-11 09:55:00',NULL),(3772,11237,2892,1000,210.80,0.00,2,1,'2025-04-11 09:55:00','2025-04-11 09:55:00',NULL),(3773,11237,2893,8,0.01,0.00,2,1,'2025-04-11 09:55:23','2025-04-11 09:55:23',NULL),(3774,11237,2893,1000,540.00,0.00,2,1,'2025-04-11 09:55:23','2025-04-11 09:55:23',NULL),(3775,11237,2894,8,0.01,0.00,2,1,'2025-04-11 09:55:48','2025-04-11 09:55:48',NULL),(3776,11237,2894,1000,542.02,0.00,2,1,'2025-04-11 09:55:48','2025-04-11 09:55:48',NULL),(3777,11237,2895,8,0.01,0.00,2,1,'2025-04-11 09:59:51','2025-04-11 09:59:51',NULL),(3778,11237,2895,1000,542.07,0.00,2,1,'2025-04-11 09:59:51','2025-04-11 09:59:51',NULL),(3779,11237,2896,8,0.01,0.00,2,1,'2025-04-11 10:00:16','2025-04-11 10:00:16',NULL),(3780,11237,2896,1000,540.00,0.00,2,1,'2025-04-11 10:00:16','2025-04-11 10:00:16',NULL),(3781,11237,2897,8,0.01,0.00,2,1,'2025-04-11 10:00:42','2025-04-11 10:00:42',NULL),(3782,11237,2897,1000,540.00,0.00,2,1,'2025-04-11 10:00:42','2025-04-11 10:00:42',NULL),(3783,11237,2898,8,0.01,0.00,2,1,'2025-04-11 10:01:16','2025-04-11 10:01:16',NULL),(3784,11237,2898,1000,702.00,0.00,2,1,'2025-04-11 10:01:16','2025-04-11 10:01:16',NULL),(3785,11237,2899,8,0.01,0.00,2,1,'2025-04-11 10:01:29','2025-04-11 10:01:29',NULL),(3786,11237,2899,1000,702.00,0.00,2,1,'2025-04-11 10:01:29','2025-04-11 10:01:29',NULL),(3787,11237,2900,8,0.01,0.00,2,1,'2025-04-11 10:01:45','2025-04-11 10:01:45',NULL),(3788,11237,2900,1000,702.00,0.00,2,1,'2025-04-11 10:01:45','2025-04-11 10:01:45',NULL),(3789,11237,2901,8,0.01,0.00,2,1,'2025-04-11 10:02:12','2025-04-11 10:02:12',NULL),(3790,11237,2901,1000,789.00,0.00,2,1,'2025-04-11 10:02:12','2025-04-11 10:02:12',NULL),(3791,11237,2514,2,3679477.14,772690.20,2,1,'2025-04-11 10:08:21','2025-04-11 10:08:21',NULL),(3792,11237,2514,1000,110384.31,0.00,2,1,'2025-04-11 10:08:21','2025-04-11 10:08:21',NULL),(3793,11237,2514,1001,110384.31,0.00,2,3,'2025-04-11 10:08:21','2025-04-11 10:08:21',NULL),(3794,11237,2792,2,1902713.77,399569.89,2,1,'2025-04-11 10:08:45','2025-04-11 10:08:45',NULL),(3795,11237,2792,1000,57081.41,0.00,2,1,'2025-04-11 10:08:45','2025-04-11 10:08:45',NULL),(3796,11237,2792,1001,57081.41,0.00,2,3,'2025-04-11 10:08:45','2025-04-11 10:08:45',NULL),(3797,11237,2535,2,1729149.14,363121.32,2,1,'2025-04-11 10:09:04','2025-04-11 10:09:04',NULL),(3798,11237,2535,1000,51874.47,0.00,2,1,'2025-04-11 10:09:04','2025-04-11 10:09:04',NULL),(3799,11237,2535,1001,51874.47,0.00,2,3,'2025-04-11 10:09:04','2025-04-11 10:09:04',NULL),(3800,11237,2553,2,3653743.23,767286.08,2,1,'2025-04-11 10:09:34','2025-04-11 10:09:34',NULL),(3801,11237,2553,1000,109612.30,0.00,2,1,'2025-04-11 10:09:34','2025-04-11 10:09:34',NULL),(3802,11237,2553,1001,109612.30,0.00,2,3,'2025-04-11 10:09:34','2025-04-11 10:09:34',NULL),(3803,11237,2570,2,5220236.18,1096249.60,2,1,'2025-04-11 10:09:51','2025-04-11 10:09:51',NULL),(3804,11237,2570,1000,156607.09,0.00,2,1,'2025-04-11 10:09:51','2025-04-11 10:09:51',NULL),(3805,11237,2570,1001,156607.09,0.00,2,3,'2025-04-11 10:09:51','2025-04-11 10:09:51',NULL),(3806,11237,2617,2,2128383.55,446960.55,2,1,'2025-04-11 10:10:12','2025-04-11 10:10:12',NULL),(3807,11237,2617,1000,63851.51,0.00,2,1,'2025-04-11 10:10:12','2025-04-11 10:10:12',NULL),(3808,11237,2617,1001,63851.51,0.00,2,3,'2025-04-11 10:10:12','2025-04-11 10:10:12',NULL),(3809,11237,2632,2,3787893.76,795457.69,2,1,'2025-04-11 10:10:31','2025-04-11 10:10:31',NULL);
INSERT INTO `receipt_taxes` VALUES (3810,11237,2632,1000,113636.81,0.00,2,1,'2025-04-11 10:10:31','2025-04-11 10:10:31',NULL),(3811,11237,2632,1001,113636.81,0.00,2,3,'2025-04-11 10:10:31','2025-04-11 10:10:31',NULL),(3812,11237,2646,2,2015223.09,423196.85,2,1,'2025-04-11 10:11:00','2025-04-11 10:11:00',NULL),(3813,11237,2646,1000,60456.69,0.00,2,1,'2025-04-11 10:11:00','2025-04-11 10:11:00',NULL),(3814,11237,2646,1001,60456.69,0.00,2,3,'2025-04-11 10:11:00','2025-04-11 10:11:00',NULL),(3815,11237,2592,2,2034334.95,427210.34,2,1,'2025-04-11 10:12:23','2025-04-11 10:12:23',NULL),(3816,11237,2592,1000,61030.05,0.00,2,1,'2025-04-11 10:12:23','2025-04-11 10:12:23',NULL),(3817,11237,2592,1001,61030.05,0.00,2,3,'2025-04-11 10:12:23','2025-04-11 10:12:23',NULL),(3818,11237,2788,2,3736490.16,784662.93,2,1,'2025-04-11 10:13:06','2025-04-11 10:13:06',NULL),(3819,11237,2788,1000,112094.70,0.00,2,1,'2025-04-11 10:13:06','2025-04-11 10:13:06',NULL),(3820,11237,2788,1001,112094.70,0.00,2,3,'2025-04-11 10:13:06','2025-04-11 10:13:06',NULL),(3821,11237,2559,2,2071130.47,434937.40,2,1,'2025-04-11 10:15:12','2025-04-11 10:15:12',NULL),(3822,11237,2559,1000,62133.91,0.00,2,1,'2025-04-11 10:15:12','2025-04-11 10:15:12',NULL),(3823,11237,2559,1001,62133.91,0.00,2,3,'2025-04-11 10:15:12','2025-04-11 10:15:12',NULL),(3824,11237,2601,2,2109507.77,442996.63,2,1,'2025-04-11 10:15:37','2025-04-11 10:15:37',NULL),(3825,11237,2601,1000,63285.23,0.00,2,1,'2025-04-11 10:15:37','2025-04-11 10:15:37',NULL),(3826,11237,2601,1001,63285.23,0.00,2,3,'2025-04-11 10:15:37','2025-04-11 10:15:37',NULL),(3827,11237,2653,2,6354215.43,1334385.24,2,1,'2025-04-11 10:15:54','2025-04-11 10:15:54',NULL),(3828,11237,2653,1000,190626.46,0.00,2,1,'2025-04-11 10:15:54','2025-04-11 10:15:54',NULL),(3829,11237,2653,1001,190626.46,0.00,2,3,'2025-04-11 10:15:54','2025-04-11 10:15:54',NULL),(3830,11237,2674,2,2085892.10,438037.34,2,1,'2025-04-11 10:16:13','2025-04-11 10:16:13',NULL),(3831,11237,2674,1000,62576.76,0.00,2,1,'2025-04-11 10:16:13','2025-04-11 10:16:13',NULL),(3832,11237,2674,1001,62576.76,0.00,2,3,'2025-04-11 10:16:13','2025-04-11 10:16:13',NULL),(3833,11237,2515,2,3882285.18,815279.89,2,1,'2025-04-11 10:16:37','2025-04-11 10:16:37',NULL),(3834,11237,2515,1000,116468.56,0.00,2,1,'2025-04-11 10:16:37','2025-04-11 10:16:37',NULL),(3835,11237,2515,1001,116468.56,0.00,2,3,'2025-04-11 10:16:37','2025-04-11 10:16:37',NULL),(3836,11237,2532,2,3661357.04,768884.98,2,1,'2025-04-11 10:16:55','2025-04-11 10:16:55',NULL),(3837,11237,2532,1000,109840.71,0.00,2,1,'2025-04-11 10:16:55','2025-04-11 10:16:55',NULL),(3838,11237,2532,1001,109840.71,0.00,2,3,'2025-04-11 10:16:55','2025-04-11 10:16:55',NULL),(3839,11237,2576,2,1957571.71,411090.06,2,1,'2025-04-11 10:17:16','2025-04-11 10:17:16',NULL),(3840,11237,2576,1000,58727.15,0.00,2,1,'2025-04-11 10:17:16','2025-04-11 10:17:16',NULL),(3841,11237,2576,1001,58727.15,0.00,2,3,'2025-04-11 10:17:16','2025-04-11 10:17:16',NULL),(3842,11237,2623,2,3924151.82,824071.88,2,1,'2025-04-11 10:17:30','2025-04-11 10:17:30',NULL),(3843,11237,2623,1000,117724.55,0.00,2,1,'2025-04-11 10:17:30','2025-04-11 10:17:30',NULL),(3844,11237,2623,1001,117724.55,0.00,2,3,'2025-04-11 10:17:30','2025-04-11 10:17:30',NULL),(3845,11237,2640,2,4072316.10,855186.38,2,1,'2025-04-11 10:17:42','2025-04-11 10:17:42',NULL),(3846,11237,2640,1000,122169.48,0.00,2,1,'2025-04-11 10:17:42','2025-04-11 10:17:42',NULL),(3847,11237,2640,1001,122169.48,0.00,2,3,'2025-04-11 10:17:42','2025-04-11 10:17:42',NULL),(3848,11237,2599,2,140730.10,29553.32,2,1,'2025-04-11 10:19:16','2025-04-11 10:19:16',NULL),(3849,11237,2599,7,0.02,0.00,2,1,'2025-04-11 10:19:16','2025-04-11 10:19:16',NULL),(3850,11237,2599,1000,4221.91,0.00,2,1,'2025-04-11 10:19:16','2025-04-11 10:19:16',NULL),(3851,11237,2599,1001,4221.91,0.00,2,3,'2025-04-11 10:19:16','2025-04-11 10:19:16',NULL),(3852,11237,2641,2,268074.71,56295.69,2,1,'2025-04-11 10:19:43','2025-04-11 10:19:43',NULL),(3853,11237,2641,7,0.07,0.00,2,1,'2025-04-11 10:19:43','2025-04-11 10:19:43',NULL);
INSERT INTO `receipt_taxes` VALUES (3854,11237,2641,1000,8042.26,0.00,2,1,'2025-04-11 10:19:43','2025-04-11 10:19:43',NULL),(3855,11237,2641,1001,8042.26,0.00,2,3,'2025-04-11 10:19:43','2025-04-11 10:19:43',NULL),(3856,11237,2685,2,310469.57,65198.61,2,1,'2025-04-11 10:20:00','2025-04-11 10:20:00',NULL),(3857,11237,2685,7,0.01,0.00,2,1,'2025-04-11 10:20:00','2025-04-11 10:20:00',NULL),(3858,11237,2685,1000,9314.09,0.00,2,1,'2025-04-11 10:20:00','2025-04-11 10:20:00',NULL),(3859,11237,2685,1001,9314.09,0.00,2,3,'2025-04-11 10:20:00','2025-04-11 10:20:00',NULL),(3868,11237,2714,2,335996.57,70559.28,2,1,'2025-04-11 10:21:50','2025-04-11 10:21:50',NULL),(3869,11237,2714,1,5599943.21,587994.04,2,1,'2025-04-11 10:21:50','2025-04-11 10:21:50',NULL),(3870,11237,2714,1000,10079.90,0.00,2,1,'2025-04-11 10:21:50','2025-04-11 10:21:50',NULL),(3871,11237,2714,1001,10079.90,0.00,2,3,'2025-04-11 10:21:50','2025-04-11 10:21:50',NULL),(3872,11237,2713,2,167998.28,35279.64,2,1,'2025-04-11 10:22:07','2025-04-11 10:22:07',NULL),(3873,11237,2713,1,5599943.21,587994.04,2,1,'2025-04-11 10:22:07','2025-04-11 10:22:07',NULL),(3874,11237,2713,1000,5039.95,0.00,2,1,'2025-04-11 10:22:07','2025-04-11 10:22:07',NULL),(3875,11237,2713,1001,5039.95,0.00,2,3,'2025-04-11 10:22:07','2025-04-11 10:22:07',NULL),(3876,11237,2709,2,5174271.97,1086597.11,2,1,'2025-04-11 10:23:02','2025-04-11 10:23:02',NULL),(3877,11237,2709,1000,155228.16,0.00,2,1,'2025-04-11 10:23:02','2025-04-11 10:23:02',NULL),(3878,11237,2709,1001,155228.16,0.00,2,3,'2025-04-11 10:23:02','2025-04-11 10:23:02',NULL),(3879,11237,2691,2,2068666.64,434419.99,2,1,'2025-04-11 10:23:56','2025-04-11 10:23:56',NULL),(3880,11237,2691,1000,62060.00,0.00,2,1,'2025-04-11 10:23:56','2025-04-11 10:23:56',NULL),(3881,11237,2691,1001,62060.00,0.00,2,3,'2025-04-11 10:23:56','2025-04-11 10:23:56',NULL),(3882,11237,2689,2,5101321.51,1071277.52,2,1,'2025-04-11 10:24:15','2025-04-11 10:24:15',NULL),(3883,11237,2689,1000,153039.65,0.00,2,1,'2025-04-11 10:24:15','2025-04-11 10:24:15',NULL),(3884,11237,2689,1001,153039.65,0.00,2,3,'2025-04-11 10:24:15','2025-04-11 10:24:15',NULL),(3885,11237,2687,2,2532423.14,531808.86,2,1,'2025-04-11 10:24:36','2025-04-11 10:24:36',NULL),(3886,11237,2687,1000,75972.69,0.00,2,1,'2025-04-11 10:24:36','2025-04-11 10:24:36',NULL),(3887,11237,2687,1001,75972.69,0.00,2,3,'2025-04-11 10:24:36','2025-04-11 10:24:36',NULL),(3888,11237,2671,2,4907220.14,1030516.23,2,1,'2025-04-11 10:47:49','2025-04-11 10:47:49',NULL),(3889,11237,2671,1000,147216.60,0.00,2,1,'2025-04-11 10:47:49','2025-04-11 10:47:49',NULL),(3890,11237,2671,1001,147216.60,0.00,2,3,'2025-04-11 10:47:49','2025-04-11 10:47:49',NULL),(3891,11237,2669,2,524585.10,110162.87,2,1,'2025-04-11 10:48:15','2025-04-11 10:48:15',NULL),(3892,11237,2669,1000,15737.55,0.00,2,1,'2025-04-11 10:48:15','2025-04-11 10:48:15',NULL),(3893,11237,2669,1001,15737.55,0.00,2,3,'2025-04-11 10:48:15','2025-04-11 10:48:15',NULL),(3894,11237,2654,2,3647.06,765.88,2,1,'2025-04-11 10:49:09','2025-04-11 10:49:09',NULL),(3895,11237,2654,1000,109.41,0.00,2,1,'2025-04-11 10:49:09','2025-04-11 10:49:09',NULL),(3896,11237,2654,1001,109.41,0.00,2,3,'2025-04-11 10:49:09','2025-04-11 10:49:09',NULL),(3897,11237,2652,2,4811291.36,1010371.19,2,1,'2025-04-11 10:49:32','2025-04-11 10:49:32',NULL),(3898,11237,2652,1000,144338.74,0.00,2,1,'2025-04-11 10:49:32','2025-04-11 10:49:32',NULL),(3899,11237,2652,1001,144338.74,0.00,2,3,'2025-04-11 10:49:32','2025-04-11 10:49:32',NULL),(3900,11237,2651,2,4682712.87,983369.70,2,1,'2025-04-11 10:50:02','2025-04-11 10:50:02',NULL),(3901,11237,2651,1000,140481.39,0.00,2,1,'2025-04-11 10:50:02','2025-04-11 10:50:02',NULL),(3902,11237,2651,1001,140481.39,0.00,2,3,'2025-04-11 10:50:02','2025-04-11 10:50:02',NULL),(3903,11237,2637,2,8742809.04,1835989.90,2,1,'2025-04-11 10:50:41','2025-04-11 10:50:41',NULL),(3904,11237,2637,1000,262284.27,0.00,2,1,'2025-04-11 10:50:41','2025-04-11 10:50:41',NULL),(3905,11237,2637,1001,262284.27,0.00,2,3,'2025-04-11 10:50:41','2025-04-11 10:50:41',NULL);
INSERT INTO `receipt_taxes` VALUES (3906,11237,2614,2,390036.48,81907.66,2,1,'2025-04-11 10:51:57','2025-04-11 10:51:57',NULL),(3907,11237,2614,1000,11701.09,0.00,2,1,'2025-04-11 10:51:57','2025-04-11 10:51:57',NULL),(3908,11237,2614,1001,11701.09,0.00,2,3,'2025-04-11 10:51:57','2025-04-11 10:51:57',NULL),(3909,11237,2612,2,3648560.33,766197.67,2,1,'2025-04-11 10:52:25','2025-04-11 10:52:25',NULL),(3910,11237,2612,1000,109456.81,0.00,2,1,'2025-04-11 10:52:25','2025-04-11 10:52:25',NULL),(3911,11237,2612,1001,109456.81,0.00,2,3,'2025-04-11 10:52:25','2025-04-11 10:52:25',NULL),(3912,11237,2611,2,3691995.57,775319.07,2,1,'2025-04-11 10:52:56','2025-04-11 10:52:56',NULL),(3913,11237,2611,1000,110759.87,0.00,2,1,'2025-04-11 10:52:56','2025-04-11 10:52:56',NULL),(3914,11237,2611,1001,110759.87,0.00,2,3,'2025-04-11 10:52:56','2025-04-11 10:52:56',NULL),(3915,11237,2596,2,1520169.00,319235.49,2,1,'2025-04-11 10:53:22','2025-04-11 10:53:22',NULL),(3916,11237,2596,1000,45605.07,0.00,2,1,'2025-04-11 10:53:22','2025-04-11 10:53:22',NULL),(3917,11237,2596,1001,45605.07,0.00,2,3,'2025-04-11 10:53:22','2025-04-11 10:53:22',NULL),(3918,11237,2593,2,3461788.79,726975.65,2,1,'2025-04-11 10:54:40','2025-04-11 10:54:40',NULL),(3919,11237,2593,1000,103853.66,0.00,2,1,'2025-04-11 10:54:40','2025-04-11 10:54:40',NULL),(3920,11237,2593,1001,103853.66,0.00,2,3,'2025-04-11 10:54:40','2025-04-11 10:54:40',NULL),(3921,11237,2584,2,371769.60,78071.62,2,1,'2025-04-11 10:54:59','2025-04-11 10:54:59',NULL),(3922,11237,2584,1000,11153.09,0.00,2,1,'2025-04-11 10:54:59','2025-04-11 10:54:59',NULL),(3923,11237,2584,1001,11153.09,0.00,2,3,'2025-04-11 10:54:59','2025-04-11 10:54:59',NULL),(3924,11237,2580,2,1481321.52,311077.52,2,1,'2025-04-11 10:55:18','2025-04-11 10:55:18',NULL),(3925,11237,2580,1000,44439.65,0.00,2,1,'2025-04-11 10:55:18','2025-04-11 10:55:18',NULL),(3926,11237,2580,1001,44439.65,0.00,2,3,'2025-04-11 10:55:18','2025-04-11 10:55:18',NULL),(3927,11237,2567,2,3519740.00,739145.40,2,1,'2025-04-11 10:55:37','2025-04-11 10:55:37',NULL),(3928,11237,2567,1000,105592.20,0.00,2,1,'2025-04-11 10:55:37','2025-04-11 10:55:37',NULL),(3929,11237,2567,1001,105592.20,0.00,2,3,'2025-04-11 10:55:37','2025-04-11 10:55:37',NULL),(3930,11237,2552,2,4509968.00,947093.28,2,1,'2025-04-11 10:55:56','2025-04-11 10:55:56',NULL),(3931,11237,2552,1000,135299.04,0.00,2,1,'2025-04-11 10:55:56','2025-04-11 10:55:56',NULL),(3932,11237,2552,1001,135299.04,0.00,2,3,'2025-04-11 10:55:56','2025-04-11 10:55:56',NULL),(3933,11237,2627,2,4692.68,985.46,2,1,'2025-04-11 10:56:16','2025-04-11 10:56:16',NULL),(3934,11237,2627,1000,140.78,0.00,2,1,'2025-04-11 10:56:16','2025-04-11 10:56:16',NULL),(3935,11237,2627,1001,140.78,0.00,2,3,'2025-04-11 10:56:16','2025-04-11 10:56:16',NULL),(3936,11237,2775,2,5423175.66,1138866.89,2,1,'2025-04-11 11:13:04','2025-04-11 11:13:04',NULL),(3937,11237,2775,1000,162695.27,0.00,2,1,'2025-04-11 11:13:04','2025-04-11 11:13:04',NULL),(3938,11237,2775,1001,162695.27,0.00,2,3,'2025-04-11 11:13:04','2025-04-11 11:13:04',NULL),(3939,11237,1479,2,5155336.05,1082620.57,2,1,'2025-04-11 11:16:44','2025-04-11 11:16:44',NULL),(3940,11237,1479,1000,154660.08,0.00,2,1,'2025-04-11 11:16:44','2025-04-11 11:16:44',NULL),(3941,11237,1479,1001,154660.08,0.00,2,3,'2025-04-11 11:16:44','2025-04-11 11:16:44',NULL),(3942,11237,2767,2,2765162.08,580684.04,2,1,'2025-04-11 11:17:02','2025-04-11 11:17:02',NULL),(3943,11237,2767,1000,82954.86,0.00,2,1,'2025-04-11 11:17:02','2025-04-11 11:17:02',NULL),(3944,11237,2767,1001,82954.86,0.00,2,3,'2025-04-11 11:17:02','2025-04-11 11:17:02',NULL),(3945,11237,1463,2,2246893.23,471847.58,2,1,'2025-04-11 11:17:56','2025-04-11 11:17:56',NULL),(3946,11237,1463,1000,67406.80,0.00,2,1,'2025-04-11 11:17:56','2025-04-11 11:17:56',NULL),(3947,11237,1463,1001,67406.80,0.00,2,3,'2025-04-11 11:17:56','2025-04-11 11:17:56',NULL),(3948,11237,2753,2,5215131.13,1095177.54,2,1,'2025-04-11 11:19:30','2025-04-11 11:19:30',NULL);
INSERT INTO `receipt_taxes` VALUES (3949,11237,2753,1000,156453.93,0.00,2,1,'2025-04-11 11:19:30','2025-04-11 11:19:30',NULL),(3950,11237,2753,1001,156453.93,0.00,2,3,'2025-04-11 11:19:30','2025-04-11 11:19:30',NULL),(3951,11237,2748,2,4761243.96,999861.23,2,1,'2025-04-11 11:20:07','2025-04-11 11:20:07',NULL),(3952,11237,2748,1000,142837.32,0.00,2,1,'2025-04-11 11:20:07','2025-04-11 11:20:07',NULL),(3953,11237,2748,1001,142837.32,0.00,2,3,'2025-04-11 11:20:07','2025-04-11 11:20:07',NULL),(3954,11237,2773,2,2360487.67,495702.41,2,1,'2025-04-11 11:20:24','2025-04-11 11:20:24',NULL),(3955,11237,2773,1000,70814.63,0.00,2,1,'2025-04-11 11:20:24','2025-04-11 11:20:24',NULL),(3956,11237,2773,1001,70814.63,0.00,2,3,'2025-04-11 11:20:24','2025-04-11 11:20:24',NULL),(3957,11237,2902,8,0.01,0.00,2,1,'2025-04-11 11:22:17','2025-04-11 11:22:17',NULL),(3958,11237,2902,1000,704.00,0.00,2,1,'2025-04-11 11:22:17','2025-04-11 11:22:17',NULL),(3959,11237,2903,8,0.01,0.00,2,1,'2025-04-11 11:22:34','2025-04-11 11:22:34',NULL),(3960,11237,2903,1000,812.34,0.00,2,1,'2025-04-11 11:22:34','2025-04-11 11:22:34',NULL),(3961,11237,2904,8,0.01,0.00,2,1,'2025-04-11 11:22:56','2025-04-11 11:22:56',NULL),(3962,11237,2904,1000,812.70,0.00,2,1,'2025-04-11 11:22:56','2025-04-11 11:22:56',NULL),(3963,11237,2802,2,3838488.87,806082.66,2,1,'2025-04-12 14:15:39','2025-04-12 14:15:39',NULL),(3971,11237,2906,2,19499496.69,4094894.30,2,1,'2025-04-12 16:00:41','2025-04-12 16:00:41',NULL),(3972,11237,2906,7,0.01,0.00,2,1,'2025-04-12 16:00:41','2025-04-12 16:00:41',NULL),(3973,11237,2907,7,21870.00,0.00,2,1,'2025-04-12 16:00:56','2025-04-12 16:00:56',NULL),(3974,11237,2908,2,23180.15,4867.83,2,1,'2025-04-12 16:00:56','2025-04-12 16:00:56',NULL),(3975,11237,2909,2,35856.00,7529.76,2,1,'2025-04-12 16:00:56','2025-04-12 16:00:56',NULL),(3976,11237,2910,1,4200.90,441.10,2,1,'2025-04-12 16:00:57','2025-04-12 16:00:57',NULL),(3977,11237,2910,2,19422.71,4078.77,2,1,'2025-04-12 16:00:57','2025-04-12 16:00:57',NULL),(3978,11237,2911,2,149865.81,31471.82,2,1,'2025-04-12 16:00:57','2025-04-12 16:00:57',NULL),(3979,11237,2911,7,0.01,0.00,2,1,'2025-04-12 16:00:57','2025-04-12 16:00:57',NULL),(3980,11237,2912,7,366660.00,0.00,2,1,'2025-04-12 16:00:57','2025-04-12 16:00:57',NULL),(3981,11237,2913,7,157140.00,0.00,2,1,'2025-04-12 16:00:57','2025-04-12 16:00:57',NULL),(3982,11237,2914,7,400000.00,0.00,2,1,'2025-04-12 16:00:57','2025-04-12 16:00:57',NULL),(3983,11237,2915,2,53917.01,11322.57,2,1,'2025-04-12 16:00:57','2025-04-12 16:00:57',NULL),(3984,11237,2916,2,1953988.00,410337.48,2,1,'2025-04-12 16:00:57','2025-04-12 16:00:57',NULL),(3987,11237,2918,2,331000.00,69510.00,2,1,'2025-04-12 16:00:57','2025-04-12 16:00:57',NULL),(3988,11237,2919,2,120000.00,25200.00,2,1,'2025-04-12 16:00:57','2025-04-12 16:00:57',NULL),(3989,11237,2920,1,1221.72,128.28,2,1,'2025-04-12 16:00:57','2025-04-12 16:00:57',NULL),(3990,11237,2920,2,21199.98,4452.00,2,1,'2025-04-12 16:00:57','2025-04-12 16:00:57',NULL),(3991,11237,2921,2,30440.95,6392.60,2,1,'2025-04-12 16:00:57','2025-04-12 16:00:57',NULL),(3994,11237,2923,2,36745.45,7716.55,2,1,'2025-04-12 16:00:57','2025-04-12 16:00:57',NULL),(3995,11237,2924,1,127226.29,13358.76,2,1,'2025-04-12 16:00:57','2025-04-12 16:00:57',NULL),(3996,11237,2924,7,0.05,0.00,2,1,'2025-04-12 16:00:57','2025-04-12 16:00:57',NULL),(3997,11237,2925,2,247933.06,52065.94,2,1,'2025-04-12 16:00:57','2025-04-12 16:00:57',NULL),(3998,11237,2926,2,25527.27,5360.73,2,1,'2025-04-12 16:00:57','2025-04-12 16:00:57',NULL),(3999,11237,2927,2,29479.34,6190.66,2,1,'2025-04-12 16:00:58','2025-04-12 16:00:58',NULL),(4000,11237,2928,7,8500.00,0.00,2,1,'2025-04-12 16:00:58','2025-04-12 16:00:58',NULL),(4003,11237,2930,2,23140.50,4859.51,2,1,'2025-04-12 16:00:58','2025-04-12 16:00:58',NULL),(4006,11237,2931,2,178110.71,37403.25,2,1,'2025-04-12 16:06:18','2025-04-12 16:06:18',NULL),(4007,11237,2931,1000,5343.32,0.00,2,1,'2025-04-12 16:06:18','2025-04-12 16:06:18',NULL);
INSERT INTO `receipt_taxes` VALUES (4008,11237,2931,1001,5343.32,0.00,2,3,'2025-04-12 16:06:18','2025-04-12 16:06:18',NULL),(4009,11237,2929,2,5079353.75,1066664.29,2,1,'2025-04-12 16:06:42','2025-04-12 16:06:42',NULL),(4010,11237,2929,1000,152380.61,0.00,2,1,'2025-04-12 16:06:42','2025-04-12 16:06:42',NULL),(4011,11237,2929,1001,152380.61,0.00,2,3,'2025-04-12 16:06:42','2025-04-12 16:06:42',NULL),(4012,11237,2922,2,5773019.08,1212334.01,2,1,'2025-04-12 16:07:10','2025-04-12 16:07:10',NULL),(4013,11237,2922,1000,173190.57,0.00,2,1,'2025-04-12 16:07:10','2025-04-12 16:07:10',NULL),(4014,11237,2922,1001,173190.57,0.00,2,3,'2025-04-12 16:07:10','2025-04-12 16:07:10',NULL),(4015,11237,2917,2,2678322.24,562447.67,2,1,'2025-04-12 16:07:57','2025-04-12 16:07:57',NULL),(4016,11237,2917,1000,80349.67,0.00,2,1,'2025-04-12 16:07:57','2025-04-12 16:07:57',NULL),(4017,11237,2917,1001,80349.67,0.00,2,3,'2025-04-12 16:07:57','2025-04-12 16:07:57',NULL),(4021,NULL,2935,2,25757.03,5408.98,2,1,'2025-04-14 10:27:16','2025-04-14 10:27:16',NULL),(4022,NULL,2935,7,1288.28,0.00,2,1,'2025-04-14 10:27:16','2025-04-14 10:27:16',NULL),(4023,NULL,2936,7,3.00,0.00,2,1,'2025-04-14 10:27:16','2025-04-14 10:27:16',NULL),(4024,NULL,2937,2,93885.30,19715.91,2,1,'2025-04-14 10:27:16','2025-04-14 10:27:16',NULL),(4025,NULL,2937,7,3136.49,0.00,2,1,'2025-04-14 10:27:16','2025-04-14 10:27:16',NULL),(4026,NULL,2938,2,2218500.00,465885.00,2,1,'2025-04-14 10:27:16','2025-04-14 10:27:16',NULL),(4027,NULL,2939,2,18309.42,3844.98,2,1,'2025-04-14 10:27:16','2025-04-14 10:27:16',NULL),(4028,NULL,2939,7,4045.60,0.00,2,1,'2025-04-14 10:27:16','2025-04-14 10:27:16',NULL),(4029,NULL,2940,2,112636.33,23653.63,2,1,'2025-04-14 10:27:16','2025-04-14 10:27:16',NULL),(4030,NULL,2940,7,18890.04,0.00,2,1,'2025-04-14 10:27:16','2025-04-14 10:27:16',NULL),(4031,NULL,2941,2,13579.24,2851.64,2,1,'2025-04-14 10:27:16','2025-04-14 10:27:16',NULL),(4032,NULL,2941,7,809.12,0.00,2,1,'2025-04-14 10:27:16','2025-04-14 10:27:16',NULL),(4033,NULL,2942,2,7058.18,1482.22,2,1,'2025-04-14 10:27:16','2025-04-14 10:27:16',NULL),(4034,NULL,2943,2,112151.29,23551.77,2,1,'2025-04-14 10:27:17','2025-04-14 10:27:17',NULL),(4035,NULL,2943,7,19476.94,0.00,2,1,'2025-04-14 10:27:17','2025-04-14 10:27:17',NULL),(4036,NULL,2944,2,1809.09,379.91,2,1,'2025-04-14 10:27:17','2025-04-14 10:27:17',NULL),(4037,NULL,2945,2,42388.43,8901.57,2,1,'2025-04-14 10:27:17','2025-04-14 10:27:17',NULL),(4038,NULL,2946,2,3579.34,751.66,2,1,'2025-04-14 10:27:17','2025-04-14 10:27:17',NULL),(4039,NULL,2947,2,2378.51,499.49,2,1,'2025-04-14 10:27:17','2025-04-14 10:27:17',NULL),(4040,NULL,2948,2,771.07,161.93,2,1,'2025-04-14 10:27:17','2025-04-14 10:27:17',NULL),(4041,NULL,2949,2,457.85,96.15,2,1,'2025-04-14 10:27:17','2025-04-14 10:27:17',NULL),(4042,NULL,2950,2,662.81,139.19,2,1,'2025-04-14 10:27:17','2025-04-14 10:27:17',NULL),(4043,NULL,2951,7,127.00,0.00,2,1,'2025-04-14 10:27:17','2025-04-14 10:27:17',NULL),(4044,NULL,2952,2,55991.74,11758.26,2,1,'2025-04-14 10:27:17','2025-04-14 10:27:17',NULL),(4045,NULL,2952,7,10250.00,0.00,2,1,'2025-04-14 10:27:17','2025-04-14 10:27:17',NULL),(4046,NULL,2953,2,95800.00,20118.00,2,1,'2025-04-14 10:27:17','2025-04-14 10:27:17',NULL),(4047,NULL,2953,7,15682.00,0.00,2,1,'2025-04-14 10:27:17','2025-04-14 10:27:17',NULL),(4048,NULL,2954,2,604046.31,126849.72,2,1,'2025-04-14 10:27:17','2025-04-14 10:27:17',NULL),(4049,NULL,2955,2,24793.39,5206.61,2,1,'2025-04-14 10:27:17','2025-04-14 10:27:17',NULL),(4050,NULL,2956,2,130322.81,27367.79,2,1,'2025-04-14 10:27:17','2025-04-14 10:27:17',NULL),(4051,NULL,2956,7,20259.40,0.00,2,1,'2025-04-14 10:27:17','2025-04-14 10:27:17',NULL),(4052,NULL,2957,2,76520.00,16069.20,2,1,'2025-04-14 10:27:18','2025-04-14 10:27:18',NULL),(4053,NULL,2958,2,211976.27,44515.02,2,1,'2025-04-14 10:27:18','2025-04-14 10:27:18',NULL),(4054,NULL,2959,2,3633.62,763.06,2,1,'2025-04-14 10:27:18','2025-04-14 10:27:18',NULL),(4055,NULL,2959,7,843.32,0.00,2,1,'2025-04-14 10:27:18','2025-04-14 10:27:18',NULL);
INSERT INTO `receipt_taxes` VALUES (4056,NULL,2960,2,18168.10,3815.30,2,1,'2025-04-14 10:27:18','2025-04-14 10:27:18',NULL),(4057,NULL,2960,7,4216.60,0.00,2,1,'2025-04-14 10:27:18','2025-04-14 10:27:18',NULL),(4058,NULL,2961,2,105418.16,22137.81,2,1,'2025-04-14 10:27:18','2025-04-14 10:27:18',NULL),(4059,NULL,2962,2,53958.68,11331.32,2,1,'2025-04-14 10:27:18','2025-04-14 10:27:18',NULL),(4060,NULL,2963,1,4790240.00,502975.20,2,1,'2025-04-14 10:27:18','2025-04-14 10:27:18',NULL),(4061,NULL,2964,2,228099.14,47900.82,2,1,'2025-04-14 10:27:18','2025-04-14 10:27:18',NULL),(4062,NULL,2964,7,0.04,0.00,2,1,'2025-04-14 10:27:18','2025-04-14 10:27:18',NULL),(4063,NULL,2965,2,104220.63,21886.34,2,1,'2025-04-14 10:27:18','2025-04-14 10:27:18',NULL),(4064,NULL,2965,7,4298.03,0.00,2,1,'2025-04-14 10:27:18','2025-04-14 10:27:18',NULL),(4065,NULL,2966,1,14199.05,1490.90,2,1,'2025-04-14 10:27:18','2025-04-14 10:27:18',NULL),(4066,NULL,2966,7,0.05,0.00,2,1,'2025-04-14 10:27:18','2025-04-14 10:27:18',NULL),(4067,NULL,2967,1,13473.33,1414.70,2,1,'2025-04-14 10:27:18','2025-04-14 10:27:18',NULL),(4068,NULL,2967,7,0.03,0.00,2,1,'2025-04-14 10:27:18','2025-04-14 10:27:18',NULL),(4069,NULL,2968,1,26455.24,2777.80,2,1,'2025-04-14 10:27:18','2025-04-14 10:27:18',NULL),(4070,NULL,2968,7,0.04,0.00,2,1,'2025-04-14 10:27:18','2025-04-14 10:27:18',NULL),(4071,NULL,2969,2,466400.00,97944.00,2,1,'2025-04-14 10:27:18','2025-04-14 10:27:18',NULL),(4072,NULL,2970,2,76640.00,16094.40,2,1,'2025-04-14 10:27:18','2025-04-14 10:27:18',NULL),(4073,NULL,2970,7,12545.60,0.00,2,1,'2025-04-14 10:27:18','2025-04-14 10:27:18',NULL),(4074,NULL,2971,7,128482.50,0.00,2,1,'2025-04-14 10:27:19','2025-04-14 10:27:19',NULL),(4075,NULL,2972,7,128482.50,0.00,2,1,'2025-04-14 10:27:19','2025-04-14 10:27:19',NULL),(4076,NULL,2973,1,5547908.44,582530.39,2,1,'2025-04-14 10:27:19','2025-04-14 10:27:19',NULL),(4077,NULL,2974,2,15536.45,3262.66,2,1,'2025-04-14 10:27:19','2025-04-14 10:27:19',NULL),(4078,NULL,2974,7,3200.92,0.00,2,1,'2025-04-14 10:27:19','2025-04-14 10:27:19',NULL),(4079,NULL,2975,2,119750.00,25147.50,2,1,'2025-04-14 10:27:19','2025-04-14 10:27:19',NULL),(4080,NULL,2975,7,19602.50,0.00,2,1,'2025-04-14 10:27:19','2025-04-14 10:27:19',NULL),(4081,NULL,2976,2,9090.91,1909.09,2,1,'2025-04-14 10:27:19','2025-04-14 10:27:19',NULL),(4082,NULL,2977,2,344591.25,72358.82,2,1,'2025-04-14 10:27:19','2025-04-14 10:27:19',NULL),(4083,NULL,2977,7,10.69,0.00,2,1,'2025-04-14 10:27:19','2025-04-14 10:27:19',NULL),(4084,NULL,2978,2,130322.81,27367.79,2,1,'2025-04-14 10:27:19','2025-04-14 10:27:19',NULL),(4085,NULL,2978,7,20259.40,0.00,2,1,'2025-04-14 10:27:19','2025-04-14 10:27:19',NULL),(4086,NULL,2979,2,134400.00,28224.00,2,1,'2025-04-14 10:27:19','2025-04-14 10:27:19',NULL),(4087,NULL,2980,2,304701.80,63987.38,2,1,'2025-04-14 10:27:19','2025-04-14 10:27:19',NULL),(4088,NULL,2980,7,0.01,0.00,2,1,'2025-04-14 10:27:19','2025-04-14 10:27:19',NULL),(4089,NULL,2981,2,1100528.00,231110.88,2,1,'2025-04-14 10:27:19','2025-04-14 10:27:19',NULL),(4090,NULL,2982,2,16582.14,3482.25,2,1,'2025-04-14 10:27:20','2025-04-14 10:27:20',NULL),(4091,NULL,2983,1,163389.14,17155.86,2,1,'2025-04-14 10:27:20','2025-04-14 10:27:20',NULL),(4092,NULL,2984,7,122.00,0.00,2,1,'2025-04-14 10:27:20','2025-04-14 10:27:20',NULL),(4093,NULL,2985,2,18187.44,3819.36,2,1,'2025-04-14 10:27:20','2025-04-14 10:27:20',NULL),(4094,NULL,2985,7,4193.20,0.00,2,1,'2025-04-14 10:27:20','2025-04-14 10:27:20',NULL),(4095,NULL,2986,2,78251.70,16432.86,2,1,'2025-04-14 10:27:20','2025-04-14 10:27:20',NULL),(4096,NULL,2986,7,10375.44,0.00,2,1,'2025-04-14 10:27:20','2025-04-14 10:27:20',NULL),(4097,NULL,2987,7,45000.00,0.00,2,1,'2025-04-14 10:27:20','2025-04-14 10:27:20',NULL),(4098,NULL,2988,2,67994.87,14278.92,2,1,'2025-04-14 10:27:20','2025-04-14 10:27:20',NULL),(4099,NULL,2989,2,13560.57,2847.72,2,1,'2025-04-14 10:27:20','2025-04-14 10:27:20',NULL),(4100,NULL,2990,2,7690.80,1615.07,2,1,'2025-04-14 10:27:21','2025-04-14 10:27:21',NULL);
INSERT INTO `receipt_taxes` VALUES (4101,NULL,2991,1,16132.93,1693.96,2,1,'2025-04-14 10:27:21','2025-04-14 10:27:21',NULL),(4102,NULL,2991,2,4329.17,909.13,2,1,'2025-04-14 10:27:21','2025-04-14 10:27:21',NULL),(4103,NULL,2992,2,71360.53,14985.72,2,1,'2025-04-14 10:27:21','2025-04-14 10:27:21',NULL),(4104,NULL,2993,1,2659.11,279.21,2,1,'2025-04-14 10:27:21','2025-04-14 10:27:21',NULL),(4105,NULL,2993,2,13521.38,2839.49,2,1,'2025-04-14 10:27:21','2025-04-14 10:27:21',NULL),(4106,NULL,2993,7,0.01,0.00,2,1,'2025-04-14 10:27:21','2025-04-14 10:27:21',NULL),(4107,NULL,2994,1,71456.75,7502.96,2,1,'2025-04-14 10:27:21','2025-04-14 10:27:21',NULL),(4108,NULL,2995,2,76640.00,16094.40,2,1,'2025-04-14 10:27:21','2025-04-14 10:27:21',NULL),(4109,NULL,2995,7,12545.60,0.00,2,1,'2025-04-14 10:27:21','2025-04-14 10:27:21',NULL),(4110,NULL,2996,2,130322.81,27367.79,2,1,'2025-04-14 10:27:22','2025-04-14 10:27:22',NULL),(4111,NULL,2996,7,20259.40,0.00,2,1,'2025-04-14 10:27:22','2025-04-14 10:27:22',NULL),(4112,NULL,2997,2,635000.00,133350.00,2,1,'2025-04-14 10:27:22','2025-04-14 10:27:22',NULL),(4113,NULL,2998,2,90896.16,19088.19,2,1,'2025-04-14 10:27:22','2025-04-14 10:27:22',NULL),(4114,NULL,2999,2,616112.50,129383.63,2,1,'2025-04-14 10:27:22','2025-04-14 10:27:22',NULL),(4115,NULL,3000,2,183250.00,38482.50,2,1,'2025-04-14 10:27:22','2025-04-14 10:27:22',NULL),(4116,NULL,3001,2,77711.69,16319.46,2,1,'2025-04-14 10:27:22','2025-04-14 10:27:22',NULL),(4117,NULL,3002,2,6168470.36,1295377.03,2,1,'2025-04-14 10:27:22','2025-04-14 10:27:22',NULL),(4118,NULL,3003,7,536339.16,0.00,2,1,'2025-04-14 10:27:22','2025-04-14 10:27:22',NULL),(4119,NULL,3004,7,536339.16,0.00,2,1,'2025-04-14 10:27:22','2025-04-14 10:27:22',NULL),(4120,NULL,3005,1,30313.14,3182.88,2,1,'2025-04-14 10:27:23','2025-04-14 10:27:23',NULL),(4121,NULL,3005,7,0.02,0.00,2,1,'2025-04-14 10:27:23','2025-04-14 10:27:23',NULL),(4122,NULL,3006,1,654900.00,68764.50,2,1,'2025-04-14 10:27:23','2025-04-14 10:27:23',NULL),(4123,NULL,3007,2,8671.14,1820.94,2,1,'2025-04-14 10:27:23','2025-04-14 10:27:23',NULL),(4124,NULL,3008,2,112086.00,23538.06,2,1,'2025-04-14 10:27:23','2025-04-14 10:27:23',NULL),(4125,NULL,3008,7,18347.94,0.00,2,1,'2025-04-14 10:27:23','2025-04-14 10:27:23',NULL),(4126,NULL,3009,2,113987.44,23937.36,2,1,'2025-04-14 10:27:23','2025-04-14 10:27:23',NULL),(4127,NULL,3009,7,19875.20,0.00,2,1,'2025-04-14 10:27:23','2025-04-14 10:27:23',NULL),(4128,11237,3010,1,3839563.89,403154.21,2,1,'2025-04-14 10:27:23','2025-04-14 10:27:23',NULL),(4129,NULL,3011,2,84005.50,17641.16,2,1,'2025-04-14 10:27:23','2025-04-14 10:27:23',NULL),(4130,NULL,3011,7,11138.34,0.00,2,1,'2025-04-14 10:27:23','2025-04-14 10:27:23',NULL),(4131,11237,3012,1,2872669.95,301630.34,2,1,'2025-04-14 10:27:23','2025-04-14 10:27:23',NULL),(4132,11237,3012,7,0.01,0.00,2,1,'2025-04-14 10:27:23','2025-04-14 10:27:23',NULL),(4133,NULL,3013,2,15914.01,3341.94,2,1,'2025-04-14 10:27:23','2025-04-14 10:27:23',NULL),(4134,NULL,3013,7,3669.05,0.00,2,1,'2025-04-14 10:27:23','2025-04-14 10:27:23',NULL),(4135,11237,3014,2,29254895.57,6143528.07,2,1,'2025-04-14 10:27:23','2025-04-14 10:27:23',NULL),(4136,11237,3014,7,0.01,0.00,2,1,'2025-04-14 10:27:23','2025-04-14 10:27:23',NULL),(4137,NULL,3015,2,37528.03,7880.89,2,1,'2025-04-14 10:27:23','2025-04-14 10:27:23',NULL),(4138,NULL,3016,2,12558.68,2637.32,2,1,'2025-04-14 10:27:23','2025-04-14 10:27:23',NULL),(4139,NULL,3017,1,5259420.96,552239.20,2,1,'2025-04-14 10:27:24','2025-04-14 10:27:24',NULL),(4140,NULL,3018,2,367172.53,77106.24,2,1,'2025-04-14 10:27:24','2025-04-14 10:27:24',NULL),(4141,NULL,3019,2,168737.31,35434.84,2,1,'2025-04-14 10:27:24','2025-04-14 10:27:24',NULL),(4142,NULL,3020,2,87500.00,18375.00,2,1,'2025-04-14 10:27:24','2025-04-14 10:27:24',NULL),(4143,NULL,3021,2,18461.16,3876.84,2,1,'2025-04-14 10:27:24','2025-04-14 10:27:24',NULL),(4144,NULL,3022,2,3110.74,653.26,2,1,'2025-04-14 10:27:24','2025-04-14 10:27:24',NULL),(4145,NULL,3023,2,548.76,115.24,2,1,'2025-04-14 10:27:24','2025-04-14 10:27:24',NULL);
INSERT INTO `receipt_taxes` VALUES (4146,NULL,3024,2,30671.90,6441.10,2,1,'2025-04-14 10:27:24','2025-04-14 10:27:24',NULL),(4147,NULL,3025,2,571.07,119.93,2,1,'2025-04-14 10:27:24','2025-04-14 10:27:24',NULL),(4148,NULL,3026,2,1530.58,321.42,2,1,'2025-04-14 10:27:24','2025-04-14 10:27:24',NULL),(4149,NULL,3027,2,2054.55,431.45,2,1,'2025-04-14 10:27:24','2025-04-14 10:27:24',NULL),(4150,NULL,3028,2,0.04,0.01,2,1,'2025-04-14 10:27:24','2025-04-14 10:27:24',NULL),(4153,NULL,3030,1,69654.00,7313.67,2,1,'2025-04-14 10:27:25','2025-04-14 10:27:25',NULL),(4154,NULL,3031,2,41409.95,8696.09,2,1,'2025-04-14 10:27:25','2025-04-14 10:27:25',NULL),(4155,NULL,3032,2,29523.15,6199.86,2,1,'2025-04-14 10:27:25','2025-04-14 10:27:25',NULL),(4156,NULL,3033,3,1334099.03,360206.74,2,1,'2025-04-14 10:27:25','2025-04-14 10:27:25',NULL),(4157,11237,3058,8,0.01,0.00,2,1,'2025-04-14 11:10:27','2025-04-14 11:10:27',NULL),(4158,11237,3058,1000,23987.85,0.00,2,1,'2025-04-14 11:10:27','2025-04-14 11:10:27',NULL),(4159,11237,2303,3,22560.00,6091.20,2,1,'2025-04-14 11:10:55','2025-04-14 11:10:55',NULL),(4160,11237,2303,2,11360.00,2385.60,2,1,'2025-04-14 11:10:55','2025-04-14 11:10:55',NULL),(4161,11237,2303,1000,1017.60,0.00,2,1,'2025-04-14 11:10:55','2025-04-14 11:10:55',NULL),(4162,11237,2303,1001,2204.97,0.00,2,3,'2025-04-14 11:10:55','2025-04-14 11:10:55',NULL),(4163,11237,2376,2,17343.50,3642.14,2,1,'2025-04-14 11:11:15','2025-04-14 11:11:15',NULL),(4164,11237,2376,1000,520.31,0.00,2,1,'2025-04-14 11:11:15','2025-04-14 11:11:15',NULL),(4165,11237,2376,1001,520.31,0.00,2,3,'2025-04-14 11:11:15','2025-04-14 11:11:15',NULL),(4166,11237,3059,8,0.01,0.00,2,1,'2025-04-14 11:12:18','2025-04-14 11:12:18',NULL),(4167,11237,3059,1000,4997.16,0.00,2,1,'2025-04-14 11:12:18','2025-04-14 11:12:18',NULL),(4168,11237,3060,8,0.01,0.00,2,1,'2025-04-14 11:14:41','2025-04-14 11:14:41',NULL),(4169,11237,3060,1000,1835.28,0.00,2,1,'2025-04-14 11:14:41','2025-04-14 11:14:41',NULL),(4170,11237,2378,3,23853.00,6440.31,2,1,'2025-04-14 11:23:30','2025-04-14 11:23:30',NULL),(4171,11237,2378,2,11253.00,2363.13,2,1,'2025-04-14 11:23:30','2025-04-14 11:23:30',NULL),(4172,11237,2378,1000,1053.18,0.00,2,1,'2025-04-14 11:23:30','2025-04-14 11:23:30',NULL),(4173,11237,2378,1001,2308.60,0.00,2,3,'2025-04-14 11:23:30','2025-04-14 11:23:30',NULL),(4174,11237,3061,8,0.01,0.00,2,1,'2025-04-14 11:31:32','2025-04-14 11:31:32',NULL),(4175,11237,3061,1000,9372.07,0.00,2,1,'2025-04-14 11:31:32','2025-04-14 11:31:32',NULL),(4176,11237,2429,2,107049.81,22480.46,2,1,'2025-04-14 11:31:53','2025-04-14 11:31:53',NULL),(4177,11237,2429,1000,3211.49,0.00,2,1,'2025-04-14 11:31:53','2025-04-14 11:31:53',NULL),(4178,11237,2429,1001,3211.49,0.00,2,3,'2025-04-14 11:31:53','2025-04-14 11:31:53',NULL),(4179,11237,3062,8,0.01,0.00,2,1,'2025-04-14 11:32:40','2025-04-14 11:32:40',NULL),(4180,11237,3062,1000,2439.32,0.00,2,1,'2025-04-14 11:32:40','2025-04-14 11:32:40',NULL),(4181,11237,3029,2,196703.99,41307.84,2,1,'2025-04-14 11:33:23','2025-04-14 11:33:23',NULL),(4182,11237,3029,1000,5901.12,0.00,2,1,'2025-04-14 11:33:23','2025-04-14 11:33:23',NULL),(4183,11237,3029,1001,5901.12,0.00,2,3,'2025-04-14 11:33:23','2025-04-14 11:33:23',NULL),(4184,11237,2934,3,25162.00,6793.74,2,1,'2025-04-14 11:33:39','2025-04-14 11:33:39',NULL),(4185,11237,2934,2,11162.00,2344.02,2,1,'2025-04-14 11:33:39','2025-04-14 11:33:39',NULL),(4186,11237,2934,1000,1089.72,0.00,2,1,'2025-04-14 11:33:39','2025-04-14 11:33:39',NULL),(4187,11237,2934,1001,2414.04,0.00,2,3,'2025-04-14 11:33:39','2025-04-14 11:33:39',NULL),(4188,11237,3063,8,0.01,0.00,2,1,'2025-04-14 11:34:21','2025-04-14 11:34:21',NULL),(4189,11237,3063,1000,9532.88,0.00,2,1,'2025-04-14 11:34:21','2025-04-14 11:34:21',NULL),(4190,11237,3064,8,0.01,0.00,2,1,'2025-04-14 11:35:12','2025-04-14 11:35:12',NULL),(4191,11237,3064,1000,1672.86,0.00,2,1,'2025-04-14 11:35:12','2025-04-14 11:35:12',NULL),(4192,11237,3066,2,158434.71,33271.29,2,1,'2025-04-16 11:46:58','2025-04-16 11:46:58',NULL);
INSERT INTO `receipt_taxes` VALUES (4193,11237,3067,2,93885.30,19715.91,2,1,'2025-04-16 11:46:58','2025-04-16 11:46:58',NULL),(4194,11237,3067,7,3136.23,0.00,2,1,'2025-04-16 11:46:58','2025-04-16 11:46:58',NULL),(4195,11237,3068,7,2.00,0.00,2,1,'2025-04-16 11:46:58','2025-04-16 11:46:58',NULL),(4196,11237,3069,2,25757.03,5408.98,2,1,'2025-04-16 11:46:58','2025-04-16 11:46:58',NULL),(4197,11237,3069,7,1316.29,0.00,2,1,'2025-04-16 11:46:58','2025-04-16 11:46:58',NULL),(4198,11237,3070,1,21424.07,2249.53,2,1,'2025-04-16 11:46:59','2025-04-16 11:46:59',NULL),(4199,11237,3071,2,97700.83,20517.17,2,1,'2025-04-16 11:46:59','2025-04-16 11:46:59',NULL),(4200,11237,3071,7,15682.00,0.00,2,1,'2025-04-16 11:46:59','2025-04-16 11:46:59',NULL),(4201,11237,3072,2,18534.55,3892.25,2,1,'2025-04-16 11:46:59','2025-04-16 11:46:59',NULL),(4202,11237,3072,7,4193.20,0.00,2,1,'2025-04-16 11:46:59','2025-04-16 11:46:59',NULL),(4203,11237,3073,1001,2505.84,0.00,2,1,'2025-04-16 11:46:59','2025-04-16 11:46:59',NULL),(4204,11237,3073,2,10950.00,2299.50,2,1,'2025-04-16 11:46:59','2025-04-16 11:46:59',NULL),(4205,11237,3073,3,26350.00,7114.50,2,1,'2025-04-16 11:46:59','2025-04-16 11:46:59',NULL),(4206,11237,3074,2,13752.68,2888.06,2,1,'2025-04-16 11:46:59','2025-04-16 11:46:59',NULL),(4207,11237,3075,2,13925.29,2924.31,2,1,'2025-04-16 11:46:59','2025-04-16 11:46:59',NULL),(4208,11237,3075,7,3150.41,0.00,2,1,'2025-04-16 11:46:59','2025-04-16 11:46:59',NULL),(4209,11237,3076,2,16681.09,3503.03,2,1,'2025-04-16 11:46:59','2025-04-16 11:46:59',NULL),(4210,11237,3076,7,3773.88,0.00,2,1,'2025-04-16 11:46:59','2025-04-16 11:46:59',NULL),(4211,11237,3077,2,18527.27,3890.73,2,1,'2025-04-16 11:46:59','2025-04-16 11:46:59',NULL),(4212,11237,3077,7,4202.00,0.00,2,1,'2025-04-16 11:46:59','2025-04-16 11:46:59',NULL),(4213,11237,3078,2,97338.02,20440.98,2,1,'2025-04-16 11:46:59','2025-04-16 11:46:59',NULL),(4214,11237,3078,7,16121.00,0.00,2,1,'2025-04-16 11:46:59','2025-04-16 11:46:59',NULL),(4215,11237,3079,1,4263514.50,447669.02,2,1,'2025-04-16 11:46:59','2025-04-16 11:46:59',NULL),(4216,11237,3080,2,1543311.00,324095.31,2,1,'2025-04-16 11:46:59','2025-04-16 11:46:59',NULL),(4217,11237,3081,2,15289.26,3210.74,2,1,'2025-04-16 11:46:59','2025-04-16 11:46:59',NULL),(4218,11237,3082,2,1208300.00,253742.99,2,1,'2025-04-16 11:46:59','2025-04-16 11:46:59',NULL),(4219,11237,3083,2,8500.00,1785.00,2,1,'2025-04-16 11:46:59','2025-04-16 11:46:59',NULL),(4220,11237,3084,2,71240.67,14960.54,2,1,'2025-04-16 11:46:59','2025-04-16 11:46:59',NULL),(4221,11237,3084,7,0.01,0.00,2,1,'2025-04-16 11:46:59','2025-04-16 11:46:59',NULL),(4222,11237,3085,2,343928.11,72224.89,2,1,'2025-04-16 11:46:59','2025-04-16 11:46:59',NULL),(4223,11237,3085,7,0.02,0.00,2,1,'2025-04-16 11:46:59','2025-04-16 11:46:59',NULL),(4224,11237,3086,2,120000.00,25200.00,2,1,'2025-04-16 11:47:00','2025-04-16 11:47:00',NULL),(4225,11237,3087,2,182916.53,38412.47,2,1,'2025-04-16 11:47:00','2025-04-16 11:47:00',NULL),(4226,11237,3087,7,16121.00,0.00,2,1,'2025-04-16 11:47:00','2025-04-16 11:47:00',NULL),(4227,11237,3088,2,92262.86,19375.20,2,1,'2025-04-16 11:47:00','2025-04-16 11:47:00',NULL),(4228,11237,3088,7,12391.94,0.00,2,1,'2025-04-16 11:47:00','2025-04-16 11:47:00',NULL),(4229,11237,3089,2,3673600.00,771456.00,2,1,'2025-04-16 11:47:00','2025-04-16 11:47:00',NULL),(4230,11237,3090,1,3673600.00,385728.00,2,1,'2025-04-16 11:47:00','2025-04-16 11:47:00',NULL),(4231,11237,3091,2,620540.00,130313.40,2,1,'2025-04-16 11:47:00','2025-04-16 11:47:00',NULL),(4232,11237,3092,1,186042.29,19534.44,2,1,'2025-04-16 11:47:00','2025-04-16 11:47:00',NULL),(4234,11237,3094,7,11300.00,0.00,2,1,'2025-04-16 11:47:00','2025-04-16 11:47:00',NULL),(4235,11237,3095,2,105218.96,22095.98,2,1,'2025-04-16 11:47:00','2025-04-16 11:47:00',NULL),(4236,11237,3095,7,16694.96,0.00,2,1,'2025-04-16 11:47:00','2025-04-16 11:47:00',NULL),(4237,11237,3096,2,243801.62,51198.34,2,1,'2025-04-16 11:47:00','2025-04-16 11:47:00',NULL);
INSERT INTO `receipt_taxes` VALUES (4238,11237,3096,7,0.04,0.00,2,1,'2025-04-16 11:47:00','2025-04-16 11:47:00',NULL),(4239,11237,3097,7,142200.00,0.00,2,1,'2025-04-16 11:47:00','2025-04-16 11:47:00',NULL),(4240,11237,3098,2,97338.02,20440.98,2,1,'2025-04-16 11:47:00','2025-04-16 11:47:00',NULL),(4241,11237,3098,7,16121.00,0.00,2,1,'2025-04-16 11:47:00','2025-04-16 11:47:00',NULL),(4242,11237,3099,2,3780000.00,793800.00,2,1,'2025-04-16 15:36:58','2025-04-16 15:36:58',NULL),(4243,11237,3100,2,2892.56,607.44,2,1,'2025-04-16 15:36:58','2025-04-16 15:36:58',NULL),(4244,11237,3101,7,12800.00,0.00,2,1,'2025-04-16 15:36:58','2025-04-16 15:36:58',NULL),(4245,11237,3102,1,4576.47,480.53,2,1,'2025-04-16 15:36:58','2025-04-16 15:36:58',NULL),(4246,11237,3102,2,26666.94,5600.06,2,1,'2025-04-16 15:36:58','2025-04-16 15:36:58',NULL),(4247,11237,3103,7,17550.00,0.00,2,1,'2025-04-16 15:36:58','2025-04-16 15:36:58',NULL),(4250,11237,3105,7,1400000.00,0.00,2,1,'2025-04-29 10:56:46','2025-04-29 10:56:46',NULL),(4253,11237,3107,7,252430.00,0.00,2,1,'2025-04-29 10:56:46','2025-04-29 10:56:46',NULL),(4254,11237,3108,7,86000.00,0.00,2,1,'2025-04-29 10:56:46','2025-04-29 10:56:46',NULL),(4255,11237,3109,1,1723.98,181.02,2,1,'2025-04-29 10:56:46','2025-04-29 10:56:46',NULL),(4256,11237,3109,2,20259.49,4254.49,2,1,'2025-04-29 10:56:46','2025-04-29 10:56:46',NULL),(4257,11237,3110,2,18446.28,3873.72,2,1,'2025-04-29 10:56:46','2025-04-29 10:56:46',NULL),(4258,11237,3111,7,215820.00,0.00,2,1,'2025-04-29 10:56:46','2025-04-29 10:56:46',NULL),(4259,11237,3112,7,14200.00,0.00,2,1,'2025-04-29 10:56:46','2025-04-29 10:56:46',NULL),(4260,NULL,3113,2,123553.72,25946.28,2,1,'2025-05-08 12:34:26','2025-05-08 12:34:26',NULL),(4261,NULL,3114,2,77482.45,16271.31,2,1,'2025-05-08 12:34:26','2025-05-08 12:34:26',NULL),(4262,NULL,3115,1,19370.95,2033.95,2,1,'2025-05-08 12:34:26','2025-05-08 12:34:26',NULL),(4263,NULL,3116,2,105353.07,22124.15,2,1,'2025-05-08 12:34:26','2025-05-08 12:34:26',NULL),(4264,NULL,3117,2,167332.97,35139.92,2,1,'2025-05-08 12:34:26','2025-05-08 12:34:26',NULL),(4265,NULL,3118,2,54292.32,11401.39,2,1,'2025-05-08 12:34:26','2025-05-08 12:34:26',NULL),(4266,NULL,3119,2,44057.85,9252.15,2,1,'2025-05-08 12:34:27','2025-05-08 12:34:27',NULL),(4267,NULL,3120,7,9900.00,0.00,2,1,'2025-05-08 12:34:27','2025-05-08 12:34:27',NULL),(4268,NULL,3121,2,92471.12,19418.93,2,1,'2025-05-08 12:34:27','2025-05-08 12:34:27',NULL),(4269,NULL,3121,7,15314.95,0.00,2,1,'2025-05-08 12:34:27','2025-05-08 12:34:27',NULL),(4271,NULL,3123,1,22795.47,2393.52,2,1,'2025-05-08 12:34:27','2025-05-08 12:34:27',NULL),(4272,NULL,3123,2,70923.97,14894.03,2,1,'2025-05-08 12:34:27','2025-05-08 12:34:27',NULL),(4273,NULL,3123,7,0.01,0.00,2,1,'2025-05-08 12:34:27','2025-05-08 12:34:27',NULL),(4274,NULL,3124,7,26550.00,0.00,2,1,'2025-05-08 12:34:27','2025-05-08 12:34:27',NULL),(4275,NULL,3125,2,31845.00,6687.45,2,1,'2025-05-08 12:34:27','2025-05-08 12:34:27',NULL),(4276,NULL,3126,1,159800.00,16779.00,2,1,'2025-05-08 12:34:27','2025-05-08 12:34:27',NULL),(4277,NULL,3126,2,219035.31,45997.41,2,1,'2025-05-08 12:34:27','2025-05-08 12:34:27',NULL),(4278,NULL,3127,2,94544.96,19854.44,2,1,'2025-05-08 12:34:27','2025-05-08 12:34:27',NULL),(4279,NULL,3127,7,16678.60,0.00,2,1,'2025-05-08 12:34:27','2025-05-08 12:34:27',NULL),(4280,NULL,3128,7,383000.00,0.00,2,1,'2025-05-08 12:34:27','2025-05-08 12:34:27',NULL),(4281,NULL,3129,2,132374.55,27798.65,2,1,'2025-05-08 12:34:27','2025-05-08 12:34:27',NULL),(4282,NULL,3129,7,20826.80,0.00,2,1,'2025-05-08 12:34:27','2025-05-08 12:34:27',NULL),(4283,NULL,3130,2,77870.41,16352.79,2,1,'2025-05-08 12:34:27','2025-05-08 12:34:27',NULL),(4284,NULL,3130,7,12896.80,0.00,2,1,'2025-05-08 12:34:27','2025-05-08 12:34:27',NULL),(4285,NULL,3131,2,41855.35,8789.62,2,1,'2025-05-08 12:34:27','2025-05-08 12:34:27',NULL),(4286,NULL,3131,7,6932.03,0.00,2,1,'2025-05-08 12:34:27','2025-05-08 12:34:27',NULL),(4287,NULL,3132,2,211827.92,44483.86,2,1,'2025-05-08 12:34:27','2025-05-08 12:34:27',NULL);
INSERT INTO `receipt_taxes` VALUES (4288,NULL,3133,2,648.76,136.24,2,1,'2025-05-08 12:34:27','2025-05-08 12:34:27',NULL),(4289,NULL,3134,2,2428.10,509.90,2,1,'2025-05-08 12:34:27','2025-05-08 12:34:27',NULL),(4290,NULL,3135,2,1686.78,354.22,2,1,'2025-05-08 12:34:27','2025-05-08 12:34:27',NULL),(4291,NULL,3136,2,37060.33,7782.67,2,1,'2025-05-08 12:34:27','2025-05-08 12:34:27',NULL),(4292,NULL,3137,2,3485.95,732.05,2,1,'2025-05-08 12:34:28','2025-05-08 12:34:28',NULL),(4293,NULL,3138,2,675.21,141.79,2,1,'2025-05-08 12:34:28','2025-05-08 12:34:28',NULL),(4294,NULL,3139,7,144.00,0.00,2,1,'2025-05-08 12:34:28','2025-05-08 12:34:28',NULL),(4295,NULL,3140,2,77870.41,16352.79,2,1,'2025-05-08 12:34:28','2025-05-08 12:34:28',NULL),(4296,NULL,3140,7,12896.80,0.00,2,1,'2025-05-08 12:34:28','2025-05-08 12:34:28',NULL),(4297,NULL,3141,1,5662179.90,594528.89,2,1,'2025-05-08 12:34:28','2025-05-08 12:34:28',NULL),(4298,NULL,3142,2,234872.57,49323.24,2,1,'2025-05-08 12:34:28','2025-05-08 12:34:28',NULL),(4299,NULL,3142,7,0.02,0.00,2,1,'2025-05-08 12:34:28','2025-05-08 12:34:28',NULL),(4300,NULL,3143,1001,287.43,0.00,2,1,'2025-05-08 12:34:28','2025-05-08 12:34:28',NULL),(4301,NULL,3143,2,9580.88,2011.98,2,1,'2025-05-08 12:34:28','2025-05-08 12:34:28',NULL),(4302,11237,3144,1001,2598.21,0.00,2,1,'2025-05-08 12:34:49','2025-05-08 12:34:49',NULL),(4303,11237,3144,2,10743.00,2256.03,2,1,'2025-05-08 12:34:49','2025-05-08 12:34:49',NULL),(4304,11237,3144,3,27543.00,7436.61,2,1,'2025-05-08 12:34:49','2025-05-08 12:34:49',NULL),(4305,11237,3145,2,93885.30,19715.91,2,1,'2025-05-08 12:34:49','2025-05-08 12:34:49',NULL),(4306,11237,3145,7,3135.97,0.00,2,1,'2025-05-08 12:34:49','2025-05-08 12:34:49',NULL),(4307,11237,3146,7,2.00,0.00,2,1,'2025-05-08 12:34:49','2025-05-08 12:34:49',NULL),(4308,11237,3147,7,142500.00,0.00,2,1,'2025-05-08 12:34:49','2025-05-08 12:34:49',NULL),(4309,11237,3148,2,25757.03,5408.98,2,1,'2025-05-08 12:34:49','2025-05-08 12:34:49',NULL),(4310,11237,3148,7,1335.30,0.00,2,1,'2025-05-08 12:34:49','2025-05-08 12:34:49',NULL),(4311,11237,3149,2,53187.60,11169.40,2,1,'2025-05-08 12:34:49','2025-05-08 12:34:49',NULL),(4312,11237,3149,7,7843.00,0.00,2,1,'2025-05-08 12:34:49','2025-05-08 12:34:49',NULL),(4313,11237,3150,1,3408000.00,357840.00,2,1,'2025-05-08 12:34:49','2025-05-08 12:34:49',NULL),(4314,11237,3151,2,645868.26,135632.33,2,1,'2025-05-08 12:34:49','2025-05-08 12:34:49',NULL),(4315,11237,3151,7,0.01,0.00,2,1,'2025-05-08 12:34:49','2025-05-08 12:34:49',NULL),(4316,11237,3152,1,21424.07,2249.53,2,1,'2025-05-08 12:34:49','2025-05-08 12:34:49',NULL),(4317,11237,3153,1,49416.00,5188.68,2,1,'2025-05-08 12:34:50','2025-05-08 12:34:50',NULL),(4318,11237,3154,1,1582.81,166.19,2,1,'2025-05-08 12:34:50','2025-05-08 12:34:50',NULL),(4319,11237,3154,2,66976.03,14064.97,2,1,'2025-05-08 12:34:50','2025-05-08 12:34:50',NULL),(4320,11237,3155,2,75225.79,15797.41,2,1,'2025-05-08 12:34:50','2025-05-08 12:34:50',NULL),(4321,11237,3155,7,12896.80,0.00,2,1,'2025-05-08 12:34:50','2025-05-08 12:34:50',NULL),(4322,11237,3156,2,379698.00,79739.00,2,1,'2025-05-08 12:34:50','2025-05-08 12:34:50',NULL),(4323,11237,3157,2,56805.45,11929.14,2,1,'2025-05-08 12:34:50','2025-05-08 12:34:50',NULL),(4324,11237,3157,7,11265.41,0.00,2,1,'2025-05-08 12:34:50','2025-05-08 12:34:50',NULL),(4325,11237,3158,2,65289.26,13710.74,2,1,'2025-05-08 12:34:50','2025-05-08 12:34:50',NULL),(4326,11237,3159,7,822500.00,0.00,2,1,'2025-05-08 12:34:50','2025-05-08 12:34:50',NULL),(4327,11237,3160,7,800000.00,0.00,2,1,'2025-05-08 12:35:56','2025-05-08 12:35:56',NULL),(4328,11237,3161,2,17114.05,3593.95,2,1,'2025-05-08 12:35:56','2025-05-08 12:35:56',NULL),(4331,11237,3163,2,23140.50,4859.51,2,1,'2025-05-08 12:35:57','2025-05-08 12:35:57',NULL),(4332,11237,3164,2,210386.24,44181.11,2,1,'2025-05-08 12:35:57','2025-05-08 12:35:57',NULL),(4333,11237,3181,2,28617366.44,6009646.95,2,1,'2025-05-12 10:23:58','2025-05-12 10:23:58',NULL),(4334,11237,3181,7,0.01,0.00,2,1,'2025-05-12 10:23:58','2025-05-12 10:23:58',NULL);
INSERT INTO `receipt_taxes` VALUES (4335,11237,3182,2,23140.50,4859.51,2,1,'2025-05-12 10:24:12','2025-05-12 10:24:12',NULL),(4336,11237,3183,2,23140.50,4859.51,2,1,'2025-05-12 10:24:12','2025-05-12 10:24:12',NULL),(4337,11237,3162,2,5424123.60,1139065.96,2,1,'2025-05-12 10:26:49','2025-05-12 10:26:49',NULL),(4338,11237,3162,1000,162723.71,0.00,2,1,'2025-05-12 10:26:49','2025-05-12 10:26:49',NULL),(4339,11237,3162,1001,162723.71,0.00,2,3,'2025-05-12 10:26:49','2025-05-12 10:26:49',NULL),(4340,11237,3106,2,2666285.93,559920.05,2,1,'2025-05-12 10:27:49','2025-05-12 10:27:49',NULL),(4341,11237,3106,1000,79988.58,0.00,2,1,'2025-05-12 10:27:49','2025-05-12 10:27:49',NULL),(4342,11237,3106,1001,79988.58,0.00,2,3,'2025-05-12 10:27:49','2025-05-12 10:27:49',NULL),(4343,11237,3104,2,5797221.95,1217416.61,2,1,'2025-05-12 10:28:27','2025-05-12 10:28:27',NULL),(4344,11237,3104,1000,173916.66,0.00,2,1,'2025-05-12 10:28:27','2025-05-12 10:28:27',NULL),(4345,11237,3104,1001,173916.66,0.00,2,3,'2025-05-12 10:28:27','2025-05-12 10:28:27',NULL),(4346,11237,3184,8,0.01,0.00,2,1,'2025-05-12 10:29:58','2025-05-12 10:29:58',NULL),(4347,11237,3184,1000,810.00,0.00,2,1,'2025-05-12 10:29:58','2025-05-12 10:29:58',NULL),(4348,11237,3187,2,1813550.00,380845.50,2,1,'2025-05-20 20:35:12','2025-05-20 20:35:12',NULL),(4349,11237,3188,2,42029.75,8826.25,2,1,'2025-05-20 20:35:12','2025-05-20 20:35:12',NULL),(4350,11237,3189,1001,84152.80,0.00,2,1,'2025-05-20 20:35:12','2025-05-20 20:35:12',NULL),(4351,11237,3189,2,2805093.45,589069.62,2,1,'2025-05-20 20:35:12','2025-05-20 20:35:12',NULL),(4352,11237,3190,1001,169054.18,0.00,2,1,'2025-05-20 20:35:12','2025-05-20 20:35:12',NULL),(4353,11237,3190,2,5635139.32,1183379.26,2,1,'2025-05-20 20:35:12','2025-05-20 20:35:12',NULL),(4354,11237,3191,7,165000.00,0.00,2,1,'2025-05-20 20:35:13','2025-05-20 20:35:13',NULL),(4355,NULL,3192,7,9900.00,0.00,2,1,'2025-05-20 21:51:25','2025-05-20 21:51:25',NULL),(4356,NULL,3193,2,8569.90,1799.68,2,1,'2025-05-20 21:51:25','2025-05-20 21:51:25',NULL),(4357,NULL,3194,2,113040.69,23738.55,2,1,'2025-05-20 21:51:25','2025-05-20 21:51:25',NULL),(4358,NULL,3195,2,78400.00,16464.00,2,1,'2025-05-20 21:51:25','2025-05-20 21:51:25',NULL),(4359,NULL,3196,2,70235.39,14749.43,2,1,'2025-05-20 21:51:25','2025-05-20 21:51:25',NULL),(4360,NULL,3197,2,107138.35,22499.05,2,1,'2025-05-20 21:51:25','2025-05-20 21:51:25',NULL),(4361,NULL,3197,7,17602.60,0.00,2,1,'2025-05-20 21:51:25','2025-05-20 21:51:25',NULL),(4362,NULL,3198,2,114212.40,23984.60,2,1,'2025-05-20 21:51:25','2025-05-20 21:51:25',NULL),(4363,NULL,3198,7,0.01,0.00,2,1,'2025-05-20 21:51:25','2025-05-20 21:51:25',NULL),(4364,NULL,3199,2,74920.37,15733.28,2,1,'2025-05-20 21:51:26','2025-05-20 21:51:26',NULL),(4365,NULL,3200,2,92913.00,19511.73,2,1,'2025-05-20 21:51:26','2025-05-20 21:51:26',NULL),(4366,NULL,3201,2,128563.45,26998.32,2,1,'2025-05-20 21:51:26','2025-05-20 21:51:26',NULL),(4367,NULL,3202,2,30532.49,6411.82,2,1,'2025-05-20 21:51:26','2025-05-20 21:51:26',NULL),(4368,NULL,3203,7,525000.00,0.00,2,1,'2025-05-20 21:51:26','2025-05-20 21:51:26',NULL),(4369,NULL,3204,2,20495.04,4303.96,2,1,'2025-05-20 21:51:26','2025-05-20 21:51:26',NULL),(4370,NULL,3205,2,19889.09,4176.71,2,1,'2025-05-20 21:51:26','2025-05-20 21:51:26',NULL),(4371,NULL,3205,7,4622.20,0.00,2,1,'2025-05-20 21:51:26','2025-05-20 21:51:26',NULL),(4372,NULL,3206,7,1292500.00,0.00,2,1,'2025-05-20 21:51:26','2025-05-20 21:51:26',NULL),(4373,NULL,3207,2,94032.23,19746.77,2,1,'2025-05-20 21:51:26','2025-05-20 21:51:26',NULL),(4374,NULL,3207,7,16121.00,0.00,2,1,'2025-05-20 21:51:26','2025-05-20 21:51:26',NULL),(4375,NULL,3208,2,24792.56,5206.44,2,1,'2025-05-20 21:51:26','2025-05-20 21:51:26',NULL),(4376,NULL,3209,2,114000.00,23940.00,2,1,'2025-05-20 21:51:26','2025-05-20 21:51:26',NULL),(4377,NULL,3210,2,10743.80,2256.20,2,1,'2025-05-20 21:51:26','2025-05-20 21:51:26',NULL),(4378,NULL,3211,2,774752.42,162698.02,2,1,'2025-05-20 21:51:26','2025-05-20 21:51:26',NULL);
INSERT INTO `receipt_taxes` VALUES (4379,NULL,3211,7,0.03,0.00,2,1,'2025-05-20 21:51:26','2025-05-20 21:51:26',NULL),(4380,NULL,3212,2,19834.71,4165.29,2,1,'2025-05-20 21:51:26','2025-05-20 21:51:26',NULL),(4381,NULL,3213,2,74097.40,15560.45,2,1,'2025-05-20 21:51:26','2025-05-20 21:51:26',NULL),(4382,NULL,3213,7,12703.35,0.00,2,1,'2025-05-20 21:51:26','2025-05-20 21:51:26',NULL),(4383,NULL,3214,1,966000.00,101430.00,2,1,'2025-05-20 21:51:26','2025-05-20 21:51:26',NULL),(4384,NULL,3215,2,91246.78,19161.82,2,1,'2025-05-20 21:51:26','2025-05-20 21:51:26',NULL),(4385,NULL,3215,7,14291.40,0.00,2,1,'2025-05-20 21:51:26','2025-05-20 21:51:26',NULL),(4386,NULL,3216,1,566616.63,59494.75,2,1,'2025-05-20 21:51:26','2025-05-20 21:51:26',NULL),(4387,NULL,3217,7,68000.00,0.00,2,1,'2025-05-20 21:51:26','2025-05-20 21:51:26',NULL),(4388,NULL,3218,1,5282869.12,554701.26,2,1,'2025-05-20 21:51:26','2025-05-20 21:51:26',NULL),(4389,NULL,3219,2,1570440.00,329792.40,2,1,'2025-05-20 21:51:26','2025-05-20 21:51:26',NULL),(4390,NULL,3219,7,0.01,0.00,2,1,'2025-05-20 21:51:26','2025-05-20 21:51:26',NULL),(4391,NULL,3220,1,4597692.00,482757.66,2,1,'2025-05-20 21:51:26','2025-05-20 21:51:26',NULL),(4392,NULL,3221,2,1518496.71,318884.31,2,1,'2025-05-20 21:51:27','2025-05-20 21:51:27',NULL),(4393,NULL,3221,7,0.01,0.00,2,1,'2025-05-20 21:51:27','2025-05-20 21:51:27',NULL),(4394,NULL,3222,2,3626.12,761.48,2,1,'2025-05-20 21:51:27','2025-05-20 21:51:27',NULL),(4395,NULL,3222,7,840.40,0.00,2,1,'2025-05-20 21:51:27','2025-05-20 21:51:27',NULL),(4396,NULL,3223,7,3000.00,0.00,2,1,'2025-05-20 21:51:27','2025-05-20 21:51:27',NULL),(4397,NULL,3224,1,261759.96,27484.80,2,1,'2025-05-20 21:51:27','2025-05-20 21:51:27',NULL),(4398,NULL,3225,2,151368.60,31787.41,2,1,'2025-05-20 21:51:27','2025-05-20 21:51:27',NULL),(4399,NULL,3226,2,94528.10,19850.90,2,1,'2025-05-20 21:51:27','2025-05-20 21:51:27',NULL),(4400,NULL,3226,7,16121.00,0.00,2,1,'2025-05-20 21:51:27','2025-05-20 21:51:27',NULL),(4401,NULL,3227,1,48800.95,5124.10,2,1,'2025-05-20 21:51:56','2025-05-20 21:51:56',NULL),(4402,NULL,3227,7,0.05,0.00,2,1,'2025-05-20 21:51:56','2025-05-20 21:51:56',NULL),(4403,NULL,3228,1,180416.29,18943.71,2,1,'2025-05-20 21:51:56','2025-05-20 21:51:56',NULL),(4404,11237,3229,1,5325169.75,559142.82,2,1,'2025-05-20 21:52:07','2025-05-20 21:52:07',NULL),(4405,11237,3229,7,0.01,0.00,2,1,'2025-05-20 21:52:07','2025-05-20 21:52:07',NULL),(4406,11237,3230,1,938847.66,98579.00,2,1,'2025-05-20 21:52:07','2025-05-20 21:52:07',NULL),(4407,11237,3230,7,0.01,0.00,2,1,'2025-05-20 21:52:07','2025-05-20 21:52:07',NULL),(4408,11237,3231,2,19086725.87,4008212.43,2,1,'2025-05-20 21:52:07','2025-05-20 21:52:07',NULL),(4409,11237,3232,1,8785222.88,922448.40,2,1,'2025-05-20 21:52:07','2025-05-20 21:52:07',NULL),(4410,11237,3233,1,39452872.24,4142551.59,2,1,'2025-05-20 21:52:07','2025-05-20 21:52:07',NULL),(4411,11237,3234,1,6545000.00,687225.00,2,1,'2025-05-20 21:52:07','2025-05-20 21:52:07',NULL),(4412,11237,3122,8,0.01,0.00,2,1,'2025-05-20 22:00:37','2025-05-20 22:00:37',NULL),(4413,11237,3122,1000,77014.85,0.00,2,1,'2025-05-20 22:00:37','2025-05-20 22:00:37',NULL),(4414,11237,3122,1001,77014.65,0.00,2,3,'2025-05-20 22:00:37','2025-05-20 22:00:37',NULL),(4415,NULL,3253,2,139625.33,29321.32,2,1,'2025-05-28 11:47:36','2025-05-28 11:47:36',NULL),(4416,NULL,3254,2,54554.59,11456.46,2,1,'2025-05-28 11:47:36','2025-05-28 11:47:36',NULL),(4417,NULL,3255,2,145561.09,30567.82,2,1,'2025-05-28 11:47:36','2025-05-28 11:47:36',NULL),(4418,NULL,3256,2,12566.53,2638.97,2,1,'2025-05-28 11:47:36','2025-05-28 11:47:36',NULL),(4419,NULL,3257,1,19903.17,2089.83,2,1,'2025-05-28 11:47:36','2025-05-28 11:47:36',NULL),(4420,NULL,3257,2,83086.76,17448.22,2,1,'2025-05-28 11:47:36','2025-05-28 11:47:36',NULL),(4421,NULL,3257,8,0.02,0.00,2,1,'2025-05-28 11:47:36','2025-05-28 11:47:36',NULL),(4422,NULL,3258,2,36773.10,7722.35,2,1,'2025-05-28 11:47:36','2025-05-28 11:47:36',NULL),(4423,NULL,3259,2,47139.50,9899.30,2,1,'2025-05-28 11:47:36','2025-05-28 11:47:36',NULL);
INSERT INTO `receipt_taxes` VALUES (4424,NULL,3259,7,10925.20,0.00,2,1,'2025-05-28 11:47:36','2025-05-28 11:47:36',NULL),(4425,NULL,3260,2,110845.62,23277.58,2,1,'2025-05-28 11:47:36','2025-05-28 11:47:36',NULL),(4426,NULL,3260,7,19902.80,0.00,2,1,'2025-05-28 11:47:36','2025-05-28 11:47:36',NULL),(4427,NULL,3261,1,3490200.00,366471.00,2,1,'2025-05-28 11:47:36','2025-05-28 11:47:36',NULL),(4428,NULL,3262,2,366720.00,77011.20,2,1,'2025-05-28 11:47:36','2025-05-28 11:47:36',NULL),(4429,NULL,3263,2,223458.65,46926.20,2,1,'2025-05-28 11:47:36','2025-05-28 11:47:36',NULL),(4430,NULL,3264,2,43202.60,9072.55,2,1,'2025-05-28 11:47:36','2025-05-28 11:47:36',NULL),(4431,NULL,3265,2,137276.53,28828.07,2,1,'2025-05-28 11:47:36','2025-05-28 11:47:36',NULL),(4432,NULL,3265,7,22395.40,0.00,2,1,'2025-05-28 11:47:36','2025-05-28 11:47:36',NULL),(4433,NULL,3266,7,94274.04,0.00,2,1,'2025-05-28 11:47:36','2025-05-28 11:47:36',NULL),(4434,NULL,3267,7,35000.00,0.00,2,1,'2025-05-28 11:47:36','2025-05-28 11:47:36',NULL),(4435,NULL,3268,2,3626.12,761.48,2,1,'2025-05-28 11:47:37','2025-05-28 11:47:37',NULL),(4436,NULL,3268,7,840.40,0.00,2,1,'2025-05-28 11:47:37','2025-05-28 11:47:37',NULL),(4437,NULL,3269,2,83359.44,17505.48,2,1,'2025-05-28 11:47:37','2025-05-28 11:47:37',NULL),(4438,NULL,3269,7,12235.08,0.00,2,1,'2025-05-28 11:47:37','2025-05-28 11:47:37',NULL),(4439,11237,3270,1,3009.95,316.05,2,1,'2025-05-28 11:49:51','2025-05-28 11:49:51',NULL),(4440,11237,3270,2,12099.17,2540.83,2,1,'2025-05-28 11:49:51','2025-05-28 11:49:51',NULL),(4441,11237,3271,1,4970.14,521.86,2,1,'2025-05-28 11:49:51','2025-05-28 11:49:51',NULL),(4442,11237,3271,2,2789.26,585.74,2,1,'2025-05-28 11:49:51','2025-05-28 11:49:51',NULL),(4443,11237,3272,1,895.93,94.07,2,1,'2025-05-28 11:49:51','2025-05-28 11:49:51',NULL),(4444,11237,3272,2,19553.72,4106.28,2,1,'2025-05-28 11:49:51','2025-05-28 11:49:51',NULL),(4445,11237,3273,7,235603.36,0.00,2,1,'2025-06-03 18:51:22','2025-06-03 18:51:22',NULL),(4446,11237,3274,1,8785222.28,922448.34,2,1,'2025-06-05 11:14:49','2025-06-05 11:14:49',NULL),(4447,11237,3275,2,162872.62,34203.25,2,1,'2025-06-17 10:54:01','2025-06-17 10:54:01',NULL),(4448,11237,3275,7,0.02,0.00,2,1,'2025-06-17 10:54:01','2025-06-17 10:54:01',NULL),(4449,11237,3276,1,259176.48,27213.53,2,1,'2025-06-17 10:54:01','2025-06-17 10:54:01',NULL),(4450,11237,3276,7,0.01,0.00,2,1,'2025-06-17 10:54:01','2025-06-17 10:54:01',NULL),(4451,11237,3277,1001,161958.52,0.00,2,1,'2025-06-17 10:54:02','2025-06-17 10:54:02',NULL),(4452,11237,3277,2,5398617.21,1133709.61,2,1,'2025-06-17 10:54:02','2025-06-17 10:54:02',NULL),(4453,11237,3278,7,785000.00,0.00,2,1,'2025-06-17 10:54:02','2025-06-17 10:54:02',NULL),(4454,11237,3279,2,23140.50,4859.51,2,1,'2025-06-17 10:54:02','2025-06-17 10:54:02',NULL),(4455,11237,3280,2,23140.50,4859.51,2,1,'2025-06-17 10:54:02','2025-06-17 10:54:02',NULL),(4456,11237,3281,2,23140.50,4859.51,2,1,'2025-06-17 10:54:02','2025-06-17 10:54:02',NULL),(4457,11237,3282,7,600000.00,0.00,2,1,'2025-06-17 10:54:02','2025-06-17 10:54:02',NULL),(4458,11237,3283,1001,91203.75,0.00,2,1,'2025-06-17 10:54:02','2025-06-17 10:54:02',NULL),(4459,11237,3283,2,3040125.12,638426.28,2,1,'2025-06-17 10:54:02','2025-06-17 10:54:02',NULL),(4460,11237,3284,2,23140.50,4859.51,2,1,'2025-06-17 10:54:31','2025-06-17 10:54:31',NULL),(4461,11237,3285,2,23140.50,4859.51,2,1,'2025-06-17 10:54:31','2025-06-17 10:54:31',NULL),(4462,11237,3286,2,730000.00,153300.00,2,1,'2025-06-17 10:54:31','2025-06-17 10:54:31',NULL),(4463,11237,3287,7,2945000.08,0.00,2,1,'2025-06-17 10:54:31','2025-06-17 10:54:31',NULL),(4464,11237,3288,2,23140.50,4859.51,2,1,'2025-06-17 10:54:31','2025-06-17 10:54:31',NULL),(4465,11237,3289,2,23140.50,4859.51,2,1,'2025-06-17 10:54:32','2025-06-17 10:54:32',NULL),(4466,11237,3290,1,3212.67,337.33,2,1,'2025-06-17 10:54:32','2025-06-17 10:54:32',NULL),(4467,11237,3290,2,18752.05,3937.93,2,1,'2025-06-17 10:54:32','2025-06-17 10:54:32',NULL),(4468,11237,3291,7,86000.00,0.00,2,1,'2025-06-17 10:54:32','2025-06-17 10:54:32',NULL);
INSERT INTO `receipt_taxes` VALUES (4469,11237,3292,2,2479338.86,520661.16,2,1,'2025-06-17 10:54:32','2025-06-17 10:54:32',NULL),(4470,11237,3292,7,0.02,0.00,2,1,'2025-06-17 10:54:32','2025-06-17 10:54:32',NULL),(4471,11237,3293,2,11966.12,2512.88,2,1,'2025-06-17 10:54:32','2025-06-17 10:54:32',NULL),(4472,NULL,3294,2,463.20,97.27,2,1,'2025-06-17 10:57:16','2025-06-17 10:57:16',NULL),(4473,NULL,3295,1,180702.29,18973.74,2,1,'2025-06-17 10:57:17','2025-06-17 10:57:17',NULL),(4474,NULL,3295,7,0.03,0.00,2,1,'2025-06-17 10:57:17','2025-06-17 10:57:17',NULL),(4475,NULL,3296,2,15702.48,3297.52,2,1,'2025-06-17 10:57:17','2025-06-17 10:57:17',NULL),(4476,NULL,3297,2,94528.10,19850.90,2,1,'2025-06-17 10:57:17','2025-06-17 10:57:17',NULL),(4477,NULL,3297,7,16121.00,0.00,2,1,'2025-06-17 10:57:17','2025-06-17 10:57:17',NULL),(4478,NULL,3298,2,950034.00,199507.14,2,1,'2025-06-17 10:57:17','2025-06-17 10:57:17',NULL),(4479,NULL,3299,2,716208.50,150403.79,2,1,'2025-06-17 10:57:17','2025-06-17 10:57:17',NULL),(4480,NULL,3300,2,2241.32,470.68,2,1,'2025-06-17 10:57:17','2025-06-17 10:57:17',NULL),(4481,NULL,3301,2,657.02,137.98,2,1,'2025-06-17 10:57:17','2025-06-17 10:57:17',NULL),(4482,NULL,3302,2,35176.86,7387.14,2,1,'2025-06-17 10:57:17','2025-06-17 10:57:17',NULL),(4483,NULL,3303,2,1652.89,347.11,2,1,'2025-06-17 10:57:17','2025-06-17 10:57:17',NULL),(4484,NULL,3304,2,623.97,131.03,2,1,'2025-06-17 10:57:17','2025-06-17 10:57:17',NULL),(4485,NULL,3305,2,2960.33,621.67,2,1,'2025-06-17 10:57:17','2025-06-17 10:57:17',NULL),(4486,NULL,3306,2,49909.34,10480.96,2,1,'2025-06-17 10:57:18','2025-06-17 10:57:18',NULL),(4487,NULL,3306,7,9874.70,0.00,2,1,'2025-06-17 10:57:18','2025-06-17 10:57:18',NULL),(4488,NULL,3307,2,71034.00,14917.14,2,1,'2025-06-17 10:57:18','2025-06-17 10:57:18',NULL),(4489,NULL,3308,2,242197.57,50861.49,2,1,'2025-06-17 10:57:18','2025-06-17 10:57:18',NULL),(4490,NULL,3308,7,0.02,0.00,2,1,'2025-06-17 10:57:18','2025-06-17 10:57:18',NULL),(4491,11237,3309,2,93885.30,19715.91,2,1,'2025-06-17 10:57:33','2025-06-17 10:57:33',NULL),(4492,11237,3309,7,3135.71,0.00,2,1,'2025-06-17 10:57:33','2025-06-17 10:57:33',NULL),(4493,11237,3310,7,2.00,0.00,2,1,'2025-06-17 10:57:33','2025-06-17 10:57:33',NULL),(4494,11237,3311,2,25757.03,5408.98,2,1,'2025-06-17 10:57:33','2025-06-17 10:57:33',NULL),(4495,11237,3311,7,1310.31,0.00,2,1,'2025-06-17 10:57:33','2025-06-17 10:57:33',NULL),(4496,11237,3312,2,2066115.71,433884.30,2,1,'2025-06-17 10:57:33','2025-06-17 10:57:33',NULL),(4497,11237,3312,7,0.01,0.00,2,1,'2025-06-17 10:57:33','2025-06-17 10:57:33',NULL),(4498,11237,3313,2,94866.94,19922.06,2,1,'2025-06-17 10:57:33','2025-06-17 10:57:33',NULL),(4499,11237,3313,7,17211.00,0.00,2,1,'2025-06-17 10:57:33','2025-06-17 10:57:33',NULL),(4500,11237,3314,2,233372.68,49008.26,2,1,'2025-06-17 10:57:34','2025-06-17 10:57:34',NULL),(4501,11237,3314,7,42339.06,0.00,2,1,'2025-06-17 10:57:34','2025-06-17 10:57:34',NULL),(4502,11237,3315,1001,2801.69,0.00,2,1,'2025-06-17 10:57:34','2025-06-17 10:57:34',NULL),(4503,11237,3315,2,13553.60,2846.26,2,1,'2025-06-17 10:57:34','2025-06-17 10:57:34',NULL),(4504,11237,3315,3,28985.00,7825.95,2,1,'2025-06-17 10:57:34','2025-06-17 10:57:34',NULL),(4505,11237,3316,2,33600.00,7056.00,2,1,'2025-06-17 10:57:34','2025-06-17 10:57:34',NULL),(4506,11237,3317,1,13249.77,1391.23,2,1,'2025-06-17 10:57:34','2025-06-17 10:57:34',NULL),(4507,11237,3317,2,64374.38,13518.62,2,1,'2025-06-17 10:57:34','2025-06-17 10:57:34',NULL),(4508,11237,3318,2,95767.77,20111.23,2,1,'2025-06-17 10:57:34','2025-06-17 10:57:34',NULL),(4509,11237,3318,7,16121.00,0.00,2,1,'2025-06-17 10:57:34','2025-06-17 10:57:34',NULL),(4510,11237,3319,7,363500.00,0.00,2,1,'2025-06-17 10:57:34','2025-06-17 10:57:34',NULL),(4511,11237,3320,7,110000.00,0.00,2,1,'2025-06-17 10:57:34','2025-06-17 10:57:34',NULL),(4512,11237,3321,2,137794.21,28936.79,2,1,'2025-06-17 10:57:34','2025-06-17 10:57:34',NULL),(4513,11237,3321,7,23909.00,0.00,2,1,'2025-06-17 10:57:34','2025-06-17 10:57:34',NULL);
INSERT INTO `receipt_taxes` VALUES (4514,11237,3322,2,58351.62,12253.84,2,1,'2025-06-17 10:57:34','2025-06-17 10:57:34',NULL),(4515,11237,3322,7,0.04,0.00,2,1,'2025-06-17 10:57:34','2025-06-17 10:57:34',NULL),(4516,11237,3323,2,79000.00,16590.00,2,1,'2025-06-17 10:57:34','2025-06-17 10:57:34',NULL),(4517,11237,3324,2,94866.94,19922.06,2,1,'2025-06-17 10:57:34','2025-06-17 10:57:34',NULL),(4518,11237,3324,7,17211.00,0.00,2,1,'2025-06-17 10:57:34','2025-06-17 10:57:34',NULL),(4519,11237,3325,2,81267.96,17066.27,2,1,'2025-06-17 10:57:34','2025-06-17 10:57:34',NULL),(4520,11237,3326,7,2000508.08,0.00,2,1,'2025-06-17 10:57:34','2025-06-17 10:57:34',NULL),(4521,11237,3327,2,94866.94,19922.06,2,1,'2025-06-17 10:57:34','2025-06-17 10:57:34',NULL),(4522,11237,3327,7,17211.00,0.00,2,1,'2025-06-17 10:57:34','2025-06-17 10:57:34',NULL),(4523,11237,3328,2,214672.06,45081.14,2,1,'2025-06-17 10:57:34','2025-06-17 10:57:34',NULL),(4524,11237,3328,7,20466.80,0.00,2,1,'2025-06-17 10:57:34','2025-06-17 10:57:34',NULL),(4525,11237,3329,1,11819.91,1241.09,2,1,'2025-06-17 10:57:34','2025-06-17 10:57:34',NULL),(4526,11237,3329,2,120385.95,25281.05,2,1,'2025-06-17 10:57:34','2025-06-17 10:57:34',NULL),(4527,11237,3330,2,162357.32,34095.03,2,1,'2025-06-17 10:57:35','2025-06-17 10:57:35',NULL),(4528,11237,3330,7,0.01,0.00,2,1,'2025-06-17 10:57:35','2025-06-17 10:57:35',NULL),(4532,11237,3331,6,248662.13,0.00,2,1,'2025-08-01 18:46:05','2025-08-01 18:46:05',NULL),(4533,NULL,3332,3,1557795.33,420604.74,2,1,'2025-08-20 11:35:31','2025-08-20 11:35:31',NULL),(4534,NULL,3333,3,291942.15,78824.38,2,1,'2025-08-20 11:35:31','2025-08-20 11:35:31',NULL),(4535,NULL,3333,7,0.01,0.00,2,1,'2025-08-20 11:35:31','2025-08-20 11:35:31',NULL),(4536,NULL,3334,2,23709.17,4978.93,2,1,'2025-08-20 11:35:31','2025-08-20 11:35:31',NULL),(4537,NULL,3335,2,2776.85,583.14,2,1,'2025-08-20 11:35:31','2025-08-20 11:35:31',NULL),(4538,NULL,3335,7,0.01,0.00,2,1,'2025-08-20 11:35:31','2025-08-20 11:35:31',NULL),(4541,11237,3338,1,4983577.10,523275.60,2,1,'2025-08-20 11:43:27','2025-08-20 11:43:27',NULL),(4542,11237,3339,1,594678.73,62441.27,2,1,'2025-08-20 11:43:27','2025-08-20 11:43:27',NULL),(4543,11237,3340,2,23393504.00,4912635.84,2,1,'2025-08-20 11:43:27','2025-08-20 11:43:27',NULL),(4544,11237,3340,7,0.01,0.00,2,1,'2025-08-20 11:43:27','2025-08-20 11:43:27',NULL),(4545,11237,3341,7,2.00,0.00,2,1,'2025-08-29 12:53:50','2025-08-29 12:53:50',NULL),(4546,11237,3342,2,96793.69,20326.67,2,1,'2025-08-29 12:53:50','2025-08-29 12:53:50',NULL),(4547,11237,3342,7,3657.97,0.00,2,1,'2025-08-29 12:53:50','2025-08-29 12:53:50',NULL),(4548,11237,3343,2,3970.25,833.75,2,1,'2025-08-29 12:53:50','2025-08-29 12:53:50',NULL),(4549,11237,3343,7,940.00,0.00,2,1,'2025-08-29 12:53:50','2025-08-29 12:53:50',NULL),(4550,11237,3344,2,441996.80,92819.33,2,1,'2025-08-29 12:53:50','2025-08-29 12:53:50',NULL),(4551,11237,3345,2,103999.17,21839.83,2,1,'2025-08-29 12:53:50','2025-08-29 12:53:50',NULL),(4552,11237,3345,7,17761.00,0.00,2,1,'2025-08-29 12:53:50','2025-08-29 12:53:50',NULL),(4553,11237,3346,2,30043.00,6309.03,2,1,'2025-08-29 12:53:50','2025-08-29 12:53:50',NULL),(4554,11237,3346,7,1442.60,0.00,2,1,'2025-08-29 12:53:50','2025-08-29 12:53:50',NULL),(4555,11237,3347,1001,2900.43,0.00,2,1,'2025-08-29 12:53:50','2025-08-29 12:53:50',NULL),(4556,11237,3347,2,11372.00,2388.12,2,1,'2025-08-29 12:53:50','2025-08-29 12:53:50',NULL),(4557,11237,3347,3,30972.00,8362.44,2,1,'2025-08-29 12:53:50','2025-08-29 12:53:50',NULL),(4558,11237,3348,2,17466.94,3668.06,2,1,'2025-08-29 12:53:50','2025-08-29 12:53:50',NULL),(4559,11237,3348,7,3525.00,0.00,2,1,'2025-08-29 12:53:50','2025-08-29 12:53:50',NULL),(4560,11237,3349,2,103520.66,21739.34,2,1,'2025-08-29 12:53:50','2025-08-29 12:53:50',NULL),(4561,11237,3349,7,18340.00,0.00,2,1,'2025-08-29 12:53:50','2025-08-29 12:53:50',NULL),(4562,11237,3350,2,176000.00,36960.00,2,1,'2025-08-29 12:53:50','2025-08-29 12:53:50',NULL),(4563,11237,3351,2,488951.19,102679.75,2,1,'2025-08-29 12:53:50','2025-08-29 12:53:50',NULL);
INSERT INTO `receipt_taxes` VALUES (4564,11237,3351,7,0.01,0.00,2,1,'2025-08-29 12:53:50','2025-08-29 12:53:50',NULL),(4565,11237,3352,2,235515.19,49458.19,2,1,'2025-08-29 12:53:50','2025-08-29 12:53:50',NULL),(4566,11237,3352,7,0.01,0.00,2,1,'2025-08-29 12:53:50','2025-08-29 12:53:50',NULL),(4567,11237,3353,2,785700.00,164997.00,2,1,'2025-08-29 12:53:50','2025-08-29 12:53:50',NULL),(4568,11237,3354,2,32400.00,6804.00,2,1,'2025-08-29 12:53:50','2025-08-29 12:53:50',NULL),(4569,11237,3355,2,139897.93,29378.57,2,1,'2025-08-29 12:53:51','2025-08-29 12:53:51',NULL),(4570,11237,3355,7,23693.50,0.00,2,1,'2025-08-29 12:53:51','2025-08-29 12:53:51',NULL),(4571,11237,3356,2,52515.70,11028.30,2,1,'2025-08-29 12:53:51','2025-08-29 12:53:51',NULL),(4572,11237,3356,7,12220.00,0.00,2,1,'2025-08-29 12:53:51','2025-08-29 12:53:51',NULL),(4573,11237,3357,2,105008.26,22051.74,2,1,'2025-08-29 12:53:51','2025-08-29 12:53:51',NULL),(4574,11237,3357,7,18340.00,0.00,2,1,'2025-08-29 12:53:51','2025-08-29 12:53:51',NULL),(4575,11237,3358,2,515206.14,108193.29,2,1,'2025-08-29 12:53:51','2025-08-29 12:53:51',NULL),(4576,11237,3358,7,0.02,0.00,2,1,'2025-08-29 12:53:51','2025-08-29 12:53:51',NULL),(4577,11237,3359,2,85943.00,18048.03,2,1,'2025-08-29 12:53:51','2025-08-29 12:53:51',NULL),(4578,11237,3360,2,91989.55,19317.80,2,1,'2025-08-29 12:53:51','2025-08-29 12:53:51',NULL),(4579,11237,3360,7,13740.65,0.00,2,1,'2025-08-29 12:53:51','2025-08-29 12:53:51',NULL),(4580,11237,3361,2,180782.88,37964.41,2,1,'2025-08-29 12:53:51','2025-08-29 12:53:51',NULL),(4581,11237,3362,2,59733.47,12544.03,2,1,'2025-08-29 12:53:51','2025-08-29 12:53:51',NULL),(4582,11237,3362,7,8922.50,0.00,2,1,'2025-08-29 12:53:51','2025-08-29 12:53:51',NULL),(4583,11237,3363,2,231916.68,48702.50,2,1,'2025-08-29 12:53:51','2025-08-29 12:53:51',NULL),(4584,11237,3363,7,0.01,0.00,2,1,'2025-08-29 12:53:51','2025-08-29 12:53:51',NULL),(4585,11237,3364,2,21208.26,4453.74,2,1,'2025-08-29 12:53:51','2025-08-29 12:53:51',NULL),(4586,11237,3364,7,4935.00,0.00,2,1,'2025-08-29 12:53:51','2025-08-29 12:53:51',NULL),(4587,11237,3365,2,365999.40,38429.94,2,1,'2025-08-29 12:53:51','2025-08-29 12:53:51',NULL),(4588,11237,3366,1,142436.19,14955.80,2,1,'2025-08-29 12:53:51','2025-08-29 12:53:51',NULL),(4589,11237,3366,7,0.01,0.00,2,1,'2025-08-29 12:53:51','2025-08-29 12:53:51',NULL),(4590,11237,3367,1,5462630.50,573576.20,2,1,'2025-08-29 12:53:51','2025-08-29 12:53:51',NULL),(4591,11237,3367,2,830480.00,174400.80,2,1,'2025-08-29 12:53:51','2025-08-29 12:53:51',NULL),(4592,11237,3368,2,176194.51,37000.84,2,1,'2025-08-29 12:53:51','2025-08-29 12:53:51',NULL),(4593,11237,3368,7,28511.65,0.00,2,1,'2025-08-29 12:53:51','2025-08-29 12:53:51',NULL),(4594,11237,3369,2,31232.40,6558.80,2,1,'2025-08-29 12:53:51','2025-08-29 12:53:51',NULL),(4595,11237,3369,7,0.01,0.00,2,1,'2025-08-29 12:53:51','2025-08-29 12:53:51',NULL),(4596,11237,3370,2,106826.45,22433.55,2,1,'2025-08-29 12:53:52','2025-08-29 12:53:52',NULL),(4597,11237,3370,7,18340.00,0.00,2,1,'2025-08-29 12:53:52','2025-08-29 12:53:52',NULL),(4598,11237,3371,2,299648.66,62926.21,2,1,'2025-08-29 12:53:52','2025-08-29 12:53:52',NULL),(4599,11237,3372,2,107818.18,22641.82,2,1,'2025-08-29 12:53:52','2025-08-29 12:53:52',NULL),(4600,11237,3372,7,18340.00,0.00,2,1,'2025-08-29 12:53:52','2025-08-29 12:53:52',NULL),(4601,11237,3373,2,31611.57,6638.43,2,1,'2025-08-29 12:53:52','2025-08-29 12:53:52',NULL),(4602,11237,3373,7,7050.00,0.00,2,1,'2025-08-29 12:53:52','2025-08-29 12:53:52',NULL),(4603,11237,3374,2,154152.68,32372.06,2,1,'2025-08-29 12:53:52','2025-08-29 12:53:52',NULL),(4604,11237,3374,7,0.01,0.00,2,1,'2025-08-29 12:53:52','2025-08-29 12:53:52',NULL),(4605,11237,3375,2,2774100.00,582561.00,2,1,'2025-08-29 12:53:52','2025-08-29 12:53:52',NULL),(4606,11237,3376,2,3000000.00,630000.00,2,1,'2025-08-29 12:53:52','2025-08-29 12:53:52',NULL),(4607,11237,3377,2,1202215.20,252465.19,2,1,'2025-08-29 12:53:52','2025-08-29 12:53:52',NULL);
INSERT INTO `receipt_taxes` VALUES (4608,11237,3378,2,173552.89,36446.11,2,1,'2025-08-29 12:53:52','2025-08-29 12:53:52',NULL),(4609,11237,3379,2,10247.94,2152.07,2,1,'2025-08-29 12:53:52','2025-08-29 12:53:52',NULL),(4610,11237,3380,2,775000.00,162750.00,2,1,'2025-08-29 12:53:52','2025-08-29 12:53:52',NULL),(4611,11237,3381,2,230000.00,48300.00,2,1,'2025-08-29 12:53:52','2025-08-29 12:53:52',NULL),(4612,11237,3382,2,280909.09,58990.91,2,1,'2025-08-29 12:53:52','2025-08-29 12:53:52',NULL),(4613,11237,3382,7,45850.00,0.00,2,1,'2025-08-29 12:53:52','2025-08-29 12:53:52',NULL),(4614,11237,3383,2,176706.82,37108.43,2,1,'2025-08-29 12:53:52','2025-08-29 12:53:52',NULL),(4615,11237,3383,7,28154.75,0.00,2,1,'2025-08-29 12:53:52','2025-08-29 12:53:52',NULL),(4616,11237,3384,2,1264266.00,265495.86,2,1,'2025-08-29 12:53:53','2025-08-29 12:53:53',NULL),(4617,11237,3385,2,127108.60,26687.60,2,1,'2025-08-29 12:53:53','2025-08-29 12:53:53',NULL),(4618,11237,3386,2,2050710.85,430649.28,2,1,'2025-08-29 12:53:53','2025-08-29 12:53:53',NULL),(4619,11237,3387,2,8385650.00,1760986.50,2,1,'2025-08-29 12:53:53','2025-08-29 12:53:53',NULL),(4620,11237,3388,7,88726.95,0.00,2,1,'2025-08-29 12:55:14','2025-08-29 12:55:14',NULL),(4621,11237,3388,8,7916143.05,0.00,2,1,'2025-08-29 12:55:14','2025-08-29 12:55:14',NULL),(4622,11237,3389,2,2722500.00,571725.00,2,1,'2025-08-29 12:55:14','2025-08-29 12:55:14',NULL),(4623,11237,3390,7,46500.00,0.00,2,1,'2025-08-29 12:55:14','2025-08-29 12:55:14',NULL),(4624,11237,3391,1001,166499.99,0.00,2,1,'2025-08-29 12:55:14','2025-08-29 12:55:14',NULL),(4625,11237,3391,2,5549999.52,1165499.90,2,1,'2025-08-29 12:55:14','2025-08-29 12:55:14',NULL),(4626,11237,3392,2,119834.71,25165.29,2,1,'2025-08-29 12:55:14','2025-08-29 12:55:14',NULL),(4627,11237,3393,2,322313.22,67685.78,2,1,'2025-08-29 12:55:14','2025-08-29 12:55:14',NULL),(4628,11237,3394,2,634951.19,133339.75,2,1,'2025-08-29 12:55:14','2025-08-29 12:55:14',NULL),(4629,11237,3394,7,0.01,0.00,2,1,'2025-08-29 12:55:14','2025-08-29 12:55:14',NULL),(4630,11237,3395,2,65703.71,13797.78,2,1,'2025-08-29 12:55:14','2025-08-29 12:55:14',NULL),(4631,11237,3395,7,0.01,0.00,2,1,'2025-08-29 12:55:14','2025-08-29 12:55:14',NULL),(4632,11237,3396,1,5357.47,562.53,2,1,'2025-08-29 12:55:14','2025-08-29 12:55:14',NULL),(4633,11237,3396,2,22065.29,4633.71,2,1,'2025-08-29 12:55:14','2025-08-29 12:55:14',NULL),(4634,11237,3397,2,52975.20,11124.79,2,1,'2025-08-29 12:55:15','2025-08-29 12:55:15',NULL),(4635,11237,3398,2,12113.28,2543.79,2,1,'2025-08-29 12:55:15','2025-08-29 12:55:15',NULL),(4636,11237,3399,7,15000.00,0.00,2,1,'2025-08-29 12:55:15','2025-08-29 12:55:15',NULL),(4637,11237,3400,7,2047500.00,0.00,2,1,'2025-08-29 12:55:15','2025-08-29 12:55:15',NULL),(4638,11237,3401,7,380000.00,0.00,2,1,'2025-08-29 12:55:15','2025-08-29 12:55:15',NULL),(4639,11237,3402,1,4542615.00,476974.58,2,1,'2025-08-29 12:55:15','2025-08-29 12:55:15',NULL),(4640,11237,3402,2,211140.00,44339.40,2,1,'2025-08-29 12:55:15','2025-08-29 12:55:15',NULL),(4641,11237,3403,1001,86356.82,0.00,2,1,'2025-08-29 12:55:15','2025-08-29 12:55:15',NULL),(4642,11237,3403,2,2878560.60,604497.73,2,1,'2025-08-29 12:55:15','2025-08-29 12:55:15',NULL),(4643,11237,3404,2,5327500.00,1118775.00,2,1,'2025-08-29 12:55:15','2025-08-29 12:55:15',NULL),(4644,11237,3405,7,70000.00,0.00,2,1,'2025-08-29 12:55:15','2025-08-29 12:55:15',NULL),(4645,11237,3406,2,39685.95,8334.05,2,1,'2025-08-29 12:55:15','2025-08-29 12:55:15',NULL),(4646,11237,3407,2,1000000.00,210000.00,2,1,'2025-08-29 12:55:15','2025-08-29 12:55:15',NULL);

--
