-- Table structure for table `person_activities`
--

CREATE TABLE `person_activities` (
  `id` int(10) unsigned NOT NULL AUTO_INCREMENT,
  `user_id` int(10) unsigned DEFAULT NULL,
  `person_id` int(10) unsigned NOT NULL,
  `activity_id` int(10) unsigned NOT NULL,
  `is_principal` tinyint(1) NOT NULL DEFAULT '0',
  `created_at` timestamp NULL DEFAULT NULL,
  `updated_at` timestamp NULL DEFAULT NULL,
  `deleted_at` timestamp NULL DEFAULT NULL,
  PRIMARY KEY (`id`),
  KEY `person_activities_person_id_foreign` (`person_id`),
  KEY `person_activities_activity_id_foreign` (`activity_id`),
  CONSTRAINT `person_activities_activity_id_foreign` FOREIGN KEY (`activity_id`) REFERENCES `activities` (`id`),
  CONSTRAINT `person_activities_person_id_foreign` FOREIGN KEY (`person_id`) REFERENCES `persons` (`id`)
) ENGINE=InnoDB AUTO_INCREMENT=14 DEFAULT CHARSET=utf8mb4 COLLATE=utf8mb4_unicode_ci;

--
-- Dumping data for table `person_activities`
--

INSERT INTO `person_activities` VALUES (2,1,40719,1,1,'2021-05-26 17:25:05','2021-05-26 17:25:11',NULL),(9,4509,40720,551,1,'2021-05-31 17:31:27','2021-05-31 17:31:27',NULL),(10,4509,41131,316,1,'2021-05-31 17:48:52','2021-05-31 17:48:52',NULL),(11,4509,41232,640,1,'2021-06-01 08:30:09','2021-06-01 08:30:09',NULL),(13,4509,41234,265,1,'2021-06-03 07:59:02','2021-06-03 07:59:02',NULL);

--
-- Table structure for table `person_configurations`
--

CREATE TABLE `person_configurations` (
  `id` int(10) unsigned NOT NULL AUTO_INCREMENT,
  `user_id` int(10) unsigned DEFAULT NULL,
  `person_id` int(10) unsigned NOT NULL,
  `period_id` int(10) unsigned DEFAULT NULL,
  `zone_id` int(10) unsigned DEFAULT NULL,
  `settle_calc_by_coef` int(11) NOT NULL DEFAULT '0',
  `created_at` timestamp NULL DEFAULT NULL,
  `updated_at` timestamp NULL DEFAULT NULL,
  `active` int(10) unsigned DEFAULT NULL,
  `enviarMail` int(11) DEFAULT '1',
  `honorario` decimal(16,2) DEFAULT '0.00',
  `cta_cte_tesoreria_cuenta_id` int(10) unsigned DEFAULT NULL,
  `month_close` int(10) unsigned DEFAULT NULL,
  `iva_condition_id` int(10) unsigned DEFAULT NULL,
  `obligation_sell` int(10) unsigned DEFAULT NULL,
  `obligation_buy` int(10) unsigned DEFAULT NULL,
  `obligation_iva` int(10) unsigned DEFAULT NULL,
  `obligation_electronic_receipt` int(10) unsigned DEFAULT NULL,
  `obligation_iibb` int(10) unsigned DEFAULT NULL,
  `obligation_other_taxes` int(10) unsigned DEFAULT NULL,
  `liquidation_start_period` varchar(7) COLLATE utf8mb4_unicode_ci DEFAULT NULL,
  `obligation_salaries` int(10) unsigned DEFAULT NULL,
  `empleada_domestica` tinyint(1) NOT NULL DEFAULT '0',
  `prorratear_iva` tinyint(1) NOT NULL DEFAULT '0',
  `is_itc` tinyint(1) NOT NULL DEFAULT '0',
  `priority_order` int(10) unsigned DEFAULT NULL,
  `person_id_administrador` int(11) DEFAULT NULL,
  `person_id_titular` int(11) DEFAULT NULL,
  `logo_path` varchar(180) COLLATE utf8mb4_unicode_ci DEFAULT NULL,
  `certificado_afip_path` varchar(180) COLLATE utf8mb4_unicode_ci DEFAULT NULL,
  `llave_afip_path` varchar(180) COLLATE utf8mb4_unicode_ci DEFAULT NULL,
  `access_electronic_receipt` int(10) unsigned DEFAULT '0',
  `ruta_logo_fa` varchar(100) COLLATE utf8mb4_unicode_ci DEFAULT NULL,
  `inicio_actividades` date DEFAULT NULL,
  `iibb` varchar(191) COLLATE utf8mb4_unicode_ci DEFAULT NULL,
  `fe_leyenda` varchar(191) COLLATE utf8mb4_unicode_ci DEFAULT NULL,
  `atencion_iva` tinyint(1) NOT NULL DEFAULT '0',
  `atencion_iva_comentario` varchar(191) COLLATE utf8mb4_unicode_ci DEFAULT NULL,
  `atencion_iibb` tinyint(1) NOT NULL DEFAULT '0',
  `atencion_iibb_comentario` varchar(191) COLLATE utf8mb4_unicode_ci DEFAULT NULL,
  `deleted_at` timestamp NULL DEFAULT NULL,
  PRIMARY KEY (`id`),
  KEY `person_configurations_person_id_foreign` (`person_id`),
  KEY `person_configurations_period_id_foreign` (`period_id`),
  KEY `person_configurations_zone_id_foreign` (`zone_id`),
  KEY `person_configurations_iva_condition_id_foreign` (`iva_condition_id`),
  KEY `person_configurations_cta_cte_tesoreria_cuenta_id_foreign` (`cta_cte_tesoreria_cuenta_id`),
  CONSTRAINT `person_configurations_cta_cte_tesoreria_cuenta_id_foreign` FOREIGN KEY (`cta_cte_tesoreria_cuenta_id`) REFERENCES `cta_cte_tesoreria_cuentas` (`id`),
  CONSTRAINT `person_configurations_iva_condition_id_foreign` FOREIGN KEY (`iva_condition_id`) REFERENCES `iva_conditions` (`id`),
  CONSTRAINT `person_configurations_period_id_foreign` FOREIGN KEY (`period_id`) REFERENCES `periods` (`id`),
  CONSTRAINT `person_configurations_person_id_foreign` FOREIGN KEY (`person_id`) REFERENCES `persons` (`id`),
  CONSTRAINT `person_configurations_zone_id_foreign` FOREIGN KEY (`zone_id`) REFERENCES `zones` (`id`)
) ENGINE=InnoDB AUTO_INCREMENT=7 DEFAULT CHARSET=utf8mb4 COLLATE=utf8mb4_unicode_ci;

--
-- Dumping data for table `person_configurations`
--

INSERT INTO `person_configurations` VALUES (2,1,40719,NULL,NULL,0,'2021-05-26 17:25:05','2021-05-26 17:25:05',2,1,0.00,NULL,12,1,NULL,NULL,NULL,NULL,1,NULL,'2021-1',NULL,0,0,0,2,40719,40719,NULL,NULL,NULL,0,NULL,NULL,NULL,NULL,0,NULL,0,NULL,NULL),(3,4509,40720,NULL,NULL,0,'2021-05-31 16:34:11','2021-05-31 17:31:27',2,1,0.00,NULL,12,2,1,1,1,1,4,NULL,'2020-1',1,0,0,0,2,40720,40720,NULL,NULL,NULL,0,NULL,'2021-05-31',NULL,NULL,0,NULL,0,NULL,NULL),(4,4509,41131,NULL,NULL,0,'2021-05-31 17:48:52','2021-05-31 17:48:52',2,1,0.00,NULL,12,2,1,1,1,1,4,NULL,'2020-1',1,1,0,0,NULL,41131,41131,NULL,NULL,NULL,0,NULL,'0000-00-00',NULL,NULL,0,NULL,0,NULL,NULL),(5,4509,41232,NULL,NULL,0,'2021-06-01 08:30:09','2021-06-01 08:30:09',2,1,0.00,NULL,12,2,1,1,1,1,2,NULL,'2021-01',1,1,0,0,2,41232,41232,NULL,NULL,NULL,0,NULL,'0000-00-00',NULL,NULL,0,NULL,0,NULL,NULL),(6,4509,41234,NULL,NULL,0,'2021-06-03 07:56:11','2021-06-03 07:59:02',2,1,0.00,NULL,12,2,1,1,1,1,3,NULL,'2021-0',1,0,0,0,NULL,41234,41234,NULL,NULL,NULL,0,NULL,'2021-06-03',NULL,NULL,0,NULL,0,NULL,NULL);

--
-- Table structure for table `person_liquidators`
--

CREATE TABLE `person_liquidators` (
  `id` int(10) unsigned NOT NULL AUTO_INCREMENT,
  `user_id` int(10) unsigned DEFAULT NULL,
  `person_id` int(10) unsigned NOT NULL,
  `liquidator_id` int(10) unsigned NOT NULL,
  `created_at` timestamp NULL DEFAULT NULL,
  `updated_at` timestamp NULL DEFAULT NULL,
  `deleted_at` timestamp NULL DEFAULT NULL,
  PRIMARY KEY (`id`),
  KEY `person_liquidators_person_id_foreign` (`person_id`),
  KEY `person_liquidators_liquidator_id_foreign` (`liquidator_id`),
  CONSTRAINT `person_liquidators_liquidator_id_foreign` FOREIGN KEY (`liquidator_id`) REFERENCES `liquidators` (`id`),
  CONSTRAINT `person_liquidators_person_id_foreign` FOREIGN KEY (`person_id`) REFERENCES `persons` (`id`)
) ENGINE=InnoDB AUTO_INCREMENT=10 DEFAULT CHARSET=utf8mb4 COLLATE=utf8mb4_unicode_ci;

--
-- Dumping data for table `person_liquidators`
--

INSERT INTO `person_liquidators` VALUES (7,4509,40720,5,'2021-05-31 17:31:27','2021-05-31 17:31:27',NULL),(8,4509,41131,5,'2021-05-31 17:48:52','2021-05-31 17:48:52',NULL),(9,4509,41232,6,'2021-06-01 08:30:09','2021-06-01 08:30:09',NULL);

--
-- Table structure for table `person_pay_methods`
--

CREATE TABLE `person_pay_methods` (
  `id` int(10) unsigned NOT NULL AUTO_INCREMENT,
  `user_id` int(10) unsigned DEFAULT NULL,
  `person_id` int(10) unsigned NOT NULL,
  `pay_method_id` int(10) unsigned NOT NULL,
  `created_at` timestamp NULL DEFAULT NULL,
  `updated_at` timestamp NULL DEFAULT NULL,
  `deleted_at` timestamp NULL DEFAULT NULL,
  PRIMARY KEY (`id`),
  KEY `person_pay_methods_person_id_foreign` (`person_id`),
  KEY `person_pay_methods_pay_method_id_foreign` (`pay_method_id`),
  CONSTRAINT `person_pay_methods_pay_method_id_foreign` FOREIGN KEY (`pay_method_id`) REFERENCES `pay_methods` (`id`),
  CONSTRAINT `person_pay_methods_person_id_foreign` FOREIGN KEY (`person_id`) REFERENCES `persons` (`id`)
) ENGINE=InnoDB AUTO_INCREMENT=10 DEFAULT CHARSET=utf8mb4 COLLATE=utf8mb4_unicode_ci;

--
-- Dumping data for table `person_pay_methods`
--

INSERT INTO `person_pay_methods` VALUES (7,4509,40720,1,'2021-05-31 17:31:27','2021-05-31 17:31:27',NULL),(8,4509,41131,1,'2021-05-31 17:48:52','2021-05-31 17:48:52',NULL),(9,4509,41232,1,'2021-06-01 08:30:09','2021-06-01 08:30:09',NULL);

--
-- Table structure for table `person_types`
--

CREATE TABLE `person_types` (
  `id` int(10) unsigned NOT NULL AUTO_INCREMENT,
  `user_id` int(10) unsigned DEFAULT NULL,
  `description` varchar(180) COLLATE utf8mb4_unicode_ci NOT NULL,
  `created_at` timestamp NULL DEFAULT NULL,
  `updated_at` timestamp NULL DEFAULT NULL,
  `deleted_at` timestamp NULL DEFAULT NULL,
  PRIMARY KEY (`id`),
  UNIQUE KEY `person_types_description_unique` (`description`)
) ENGINE=InnoDB AUTO_INCREMENT=3 DEFAULT CHARSET=utf8mb4 COLLATE=utf8mb4_unicode_ci;

--
-- Dumping data for table `person_types`
--

INSERT INTO `person_types` VALUES (1,NULL,'Persona Humana',NULL,NULL,NULL),(2,NULL,'Persona Juridica',NULL,NULL,NULL);

--
-- Table structure for table `person_zone_actividad`
--

CREATE TABLE `person_zone_actividad` (
  `id` int(10) unsigned NOT NULL AUTO_INCREMENT,
  `user_id` int(10) unsigned DEFAULT NULL,
  `person_id` int(10) unsigned NOT NULL,
  `zone_id` int(10) unsigned NOT NULL,
  `actividad_id` int(10) unsigned NOT NULL,
  `calculo_iibb` int(11) NOT NULL,
  `coef` decimal(16,5) NOT NULL DEFAULT '0.00000',
  `alicuota` decimal(16,5) NOT NULL DEFAULT '0.00000',
  `cm_articulo_regimen_id` int(10) unsigned NOT NULL DEFAULT '1',
  `habilitado` tinyint(1) NOT NULL DEFAULT '1',
  `created_at` timestamp NULL DEFAULT NULL,
  `updated_at` timestamp NULL DEFAULT NULL,
  `deleted_at` timestamp NULL DEFAULT NULL,
  PRIMARY KEY (`id`),
  KEY `person_zone_actividad_person_id_foreign` (`person_id`),
  KEY `person_zone_actividad_zone_id_foreign` (`zone_id`),
  KEY `person_zone_actividad_actividad_id_foreign` (`actividad_id`),
  KEY `person_zone_actividad_cm_articulo_regimen_id_foreign` (`cm_articulo_regimen_id`),
  CONSTRAINT `person_zone_actividad_actividad_id_foreign` FOREIGN KEY (`actividad_id`) REFERENCES `activities` (`id`),
  CONSTRAINT `person_zone_actividad_cm_articulo_regimen_id_foreign` FOREIGN KEY (`cm_articulo_regimen_id`) REFERENCES `cm_articulos_regimenes` (`id`),
  CONSTRAINT `person_zone_actividad_person_id_foreign` FOREIGN KEY (`person_id`) REFERENCES `persons` (`id`),
  CONSTRAINT `person_zone_actividad_zone_id_foreign` FOREIGN KEY (`zone_id`) REFERENCES `zones` (`id`)
) ENGINE=InnoDB AUTO_INCREMENT=167 DEFAULT CHARSET=utf8mb4 COLLATE=utf8mb4_unicode_ci;

--
-- Dumping data for table `person_zone_actividad`
--

INSERT INTO `person_zone_actividad` VALUES (1,NULL,40719,22,1,0,0.00000,0.00000,1,1,'2021-05-26 17:25:11','2021-05-26 17:25:11',NULL),(130,4509,40720,22,551,2,1.00000,3.00000,1,1,'2021-05-31 17:31:27','2021-05-31 17:31:27',NULL),(131,4509,40720,23,551,2,1.00000,2.50000,1,1,'2021-05-31 17:31:27','2021-05-31 17:31:27',NULL),(132,4509,40720,9,551,2,1.00000,2.50000,1,1,'2021-05-31 17:31:27','2021-05-31 17:31:27',NULL),(133,4509,40720,24,551,2,1.00000,2.50000,1,1,'2021-05-31 17:31:27','2021-05-31 17:31:27',NULL),(134,4509,40720,3,551,2,1.00000,3.00000,1,1,'2021-05-31 17:31:27','2021-05-31 17:31:27',NULL),(135,4509,40720,4,551,2,1.00000,4.50000,1,1,'2021-05-31 17:31:27','2021-05-31 17:31:27',NULL),(136,4509,40720,1,551,2,1.00000,4.75000,1,1,'2021-05-31 17:31:27','2021-05-31 17:31:27',NULL),(137,4509,40720,2,551,2,1.00000,4.70000,1,1,'2021-05-31 17:31:27','2021-05-31 17:31:27',NULL),(138,4509,40720,5,551,2,1.00000,5.00000,1,1,'2021-05-31 17:31:27','2021-05-31 17:31:27',NULL),(139,4509,40720,6,551,2,1.00000,3.00000,1,1,'2021-05-31 17:31:27','2021-05-31 17:31:27',NULL),(140,4509,40720,7,551,2,1.00000,2.50000,1,1,'2021-05-31 17:31:27','2021-05-31 17:31:27',NULL),(141,4509,40720,10,551,2,1.00000,4.00000,1,1,'2021-05-31 17:31:27','2021-05-31 17:31:27',NULL),(142,4509,40720,11,551,2,1.00000,4.50000,1,1,'2021-05-31 17:31:27','2021-05-31 17:31:27',NULL),(143,4509,40720,12,551,2,1.00000,5.00000,1,1,'2021-05-31 17:31:27','2021-05-31 17:31:27',NULL),(144,4509,40720,14,551,2,1.00000,5.00000,1,1,'2021-05-31 17:31:27','2021-05-31 17:31:27',NULL),(145,4509,40720,15,551,2,1.00000,3.00000,1,1,'2021-05-31 17:31:27','2021-05-31 17:31:27',NULL),(146,4509,40720,16,551,2,1.00000,2.00000,1,1,'2021-05-31 17:31:27','2021-05-31 17:31:27',NULL),(147,4509,40720,13,551,2,1.00000,5.00000,1,1,'2021-05-31 17:31:27','2021-05-31 17:31:27',NULL),(148,4509,40720,8,551,2,1.00000,3.00000,1,1,'2021-05-31 17:31:27','2021-05-31 17:31:27',NULL),(149,4509,40720,17,551,2,1.00000,3.00000,1,1,'2021-05-31 17:31:27','2021-05-31 17:31:27',NULL),(150,4509,40720,18,551,2,1.00000,1.50000,1,1,'2021-05-31 17:31:27','2021-05-31 17:31:27',NULL),(151,4509,40720,19,551,2,1.00000,3.00000,1,1,'2021-05-31 17:31:27','2021-05-31 17:31:27',NULL),(152,4509,40720,20,551,2,1.00000,3.50000,1,1,'2021-05-31 17:31:27','2021-05-31 17:31:27',NULL),(153,4509,40720,21,551,2,1.00000,5.00000,1,1,'2021-05-31 17:31:27','2021-05-31 17:31:27',NULL),(154,4509,41131,22,316,1,0.69510,1.50000,1,1,'2021-05-31 17:48:52','2021-05-31 17:48:52',NULL),(155,4509,41131,23,316,1,0.24650,1.50000,1,1,'2021-05-31 17:48:52','2021-05-31 17:48:52',NULL),(156,4509,41131,24,316,1,0.00000,3.00000,1,1,'2021-05-31 17:48:52','2021-05-31 17:48:52',NULL),(157,4509,41131,1,316,1,0.01800,1.20000,1,1,'2021-05-31 17:48:52','2021-05-31 17:48:52',NULL),(158,4509,41131,6,316,1,0.00000,3.00000,1,1,'2021-05-31 17:48:52','2021-05-31 17:48:52',NULL),(159,4509,41131,8,316,1,0.00000,3.00000,1,1,'2021-05-31 17:48:52','2021-05-31 17:48:52',NULL),(160,4509,41131,11,316,1,0.00000,3.00000,1,1,'2021-05-31 17:48:52','2021-05-31 17:48:52',NULL),(161,4509,41131,13,316,1,0.01960,1.00000,1,1,'2021-05-31 17:48:52','2021-05-31 17:48:52',NULL),(162,4509,41131,19,316,1,0.00000,3.00000,1,1,'2021-05-31 17:48:52','2021-05-31 17:48:52',NULL),(163,4509,41131,21,316,1,0.02080,1.50000,1,1,'2021-05-31 17:48:52','2021-05-31 17:48:52',NULL),(164,4509,41232,22,640,2,1.00000,3.00000,1,1,'2021-06-01 08:30:09','2021-06-01 08:30:09',NULL),(166,4509,41234,23,265,2,1.00000,1.50000,1,1,'2021-06-03 07:59:02','2021-06-03 07:59:02',NULL);

--
-- Table structure for table `person_zones`
--

CREATE TABLE `person_zones` (
  `id` int(10) unsigned NOT NULL AUTO_INCREMENT,
  `user_id` int(10) unsigned DEFAULT NULL,
  `sifere_coef` decimal(8,4) NOT NULL DEFAULT '0.0000',
  `iibb_aliquot` decimal(8,4) NOT NULL DEFAULT '0.0000',
  `zone_id` int(10) unsigned NOT NULL,
  `is_principal` tinyint(1) NOT NULL DEFAULT '0',
  `iibb_perception_id` int(10) unsigned DEFAULT NULL,
  `retention_id` int(10) unsigned DEFAULT NULL,
  `activity_id` int(10) unsigned DEFAULT NULL,
  `created_at` timestamp NULL DEFAULT NULL,
  `updated_at` timestamp NULL DEFAULT NULL,
  `person_id` int(10) unsigned NOT NULL,
  `deleted_at` timestamp NULL DEFAULT NULL,
  PRIMARY KEY (`id`),
  KEY `person_zones_zone_id_foreign` (`zone_id`),
  KEY `person_zones_person_id_foreign` (`person_id`),
  CONSTRAINT `person_zones_person_id_foreign` FOREIGN KEY (`person_id`) REFERENCES `persons` (`id`),
  CONSTRAINT `person_zones_zone_id_foreign` FOREIGN KEY (`zone_id`) REFERENCES `zones` (`id`)
) ENGINE=InnoDB AUTO_INCREMENT=167 DEFAULT CHARSET=utf8mb4 COLLATE=utf8mb4_unicode_ci;

--
-- Dumping data for table `person_zones`
--

INSERT INTO `person_zones` VALUES (1,NULL,0.0000,0.0000,22,1,NULL,NULL,NULL,'2021-05-26 17:25:05','2021-05-26 17:25:11',40719,NULL),(130,4509,0.0000,0.0000,22,1,NULL,NULL,NULL,'2021-05-31 17:31:27','2021-05-31 17:31:27',40720,NULL),(131,4509,0.0000,0.0000,23,1,NULL,NULL,NULL,'2021-05-31 17:31:27','2021-05-31 17:31:27',40720,NULL),(132,4509,0.0000,0.0000,9,0,NULL,NULL,NULL,'2021-05-31 17:31:27','2021-05-31 17:31:27',40720,NULL),(133,4509,0.0000,0.0000,24,0,NULL,NULL,NULL,'2021-05-31 17:31:27','2021-05-31 17:31:27',40720,NULL),(134,4509,0.0000,0.0000,3,0,NULL,NULL,NULL,'2021-05-31 17:31:27','2021-05-31 17:31:27',40720,NULL),(135,4509,0.0000,0.0000,4,0,NULL,NULL,NULL,'2021-05-31 17:31:27','2021-05-31 17:31:27',40720,NULL),(136,4509,0.0000,0.0000,1,0,NULL,NULL,NULL,'2021-05-31 17:31:27','2021-05-31 17:31:27',40720,NULL),(137,4509,0.0000,0.0000,2,0,NULL,NULL,NULL,'2021-05-31 17:31:27','2021-05-31 17:31:27',40720,NULL),(138,4509,0.0000,0.0000,5,0,NULL,NULL,NULL,'2021-05-31 17:31:27','2021-05-31 17:31:27',40720,NULL),(139,4509,0.0000,0.0000,6,0,NULL,NULL,NULL,'2021-05-31 17:31:27','2021-05-31 17:31:27',40720,NULL),(140,4509,0.0000,0.0000,7,0,NULL,NULL,NULL,'2021-05-31 17:31:27','2021-05-31 17:31:27',40720,NULL),(141,4509,0.0000,0.0000,10,0,NULL,NULL,NULL,'2021-05-31 17:31:27','2021-05-31 17:31:27',40720,NULL),(142,4509,0.0000,0.0000,11,0,NULL,NULL,NULL,'2021-05-31 17:31:27','2021-05-31 17:31:27',40720,NULL),(143,4509,0.0000,0.0000,12,0,NULL,NULL,NULL,'2021-05-31 17:31:27','2021-05-31 17:31:27',40720,NULL),(144,4509,0.0000,0.0000,14,0,NULL,NULL,NULL,'2021-05-31 17:31:27','2021-05-31 17:31:27',40720,NULL),(145,4509,0.0000,0.0000,15,0,NULL,NULL,NULL,'2021-05-31 17:31:27','2021-05-31 17:31:27',40720,NULL),(146,4509,0.0000,0.0000,16,0,NULL,NULL,NULL,'2021-05-31 17:31:27','2021-05-31 17:31:27',40720,NULL),(147,4509,0.0000,0.0000,13,0,NULL,NULL,NULL,'2021-05-31 17:31:27','2021-05-31 17:31:27',40720,NULL),(148,4509,0.0000,0.0000,8,0,NULL,NULL,NULL,'2021-05-31 17:31:27','2021-05-31 17:31:27',40720,NULL),(149,4509,0.0000,0.0000,17,0,NULL,NULL,NULL,'2021-05-31 17:31:27','2021-05-31 17:31:27',40720,NULL),(150,4509,0.0000,0.0000,18,0,NULL,NULL,NULL,'2021-05-31 17:31:27','2021-05-31 17:31:27',40720,NULL),(151,4509,0.0000,0.0000,19,0,NULL,NULL,NULL,'2021-05-31 17:31:27','2021-05-31 17:31:27',40720,NULL),(152,4509,0.0000,0.0000,20,0,NULL,NULL,NULL,'2021-05-31 17:31:27','2021-05-31 17:31:27',40720,NULL),(153,4509,0.0000,0.0000,21,0,NULL,NULL,NULL,'2021-05-31 17:31:27','2021-05-31 17:31:27',40720,NULL),(154,4509,0.0000,0.0000,22,1,NULL,NULL,NULL,'2021-05-31 17:48:52','2021-05-31 17:48:52',41131,NULL),(155,4509,0.0000,0.0000,23,0,NULL,NULL,NULL,'2021-05-31 17:48:52','2021-05-31 17:48:52',41131,NULL),(156,4509,0.0000,0.0000,24,0,NULL,NULL,NULL,'2021-05-31 17:48:52','2021-05-31 17:48:52',41131,NULL),(157,4509,0.0000,0.0000,1,0,NULL,NULL,NULL,'2021-05-31 17:48:52','2021-05-31 17:48:52',41131,NULL),(158,4509,0.0000,0.0000,6,0,NULL,NULL,NULL,'2021-05-31 17:48:52','2021-05-31 17:48:52',41131,NULL),(159,4509,0.0000,0.0000,8,0,NULL,NULL,NULL,'2021-05-31 17:48:52','2021-05-31 17:48:52',41131,NULL),(160,4509,0.0000,0.0000,11,0,NULL,NULL,NULL,'2021-05-31 17:48:52','2021-05-31 17:48:52',41131,NULL),(161,4509,0.0000,0.0000,13,0,NULL,NULL,NULL,'2021-05-31 17:48:52','2021-05-31 17:48:52',41131,NULL),(162,4509,0.0000,0.0000,19,0,NULL,NULL,NULL,'2021-05-31 17:48:52','2021-05-31 17:48:52',41131,NULL),(163,4509,0.0000,0.0000,21,0,NULL,NULL,NULL,'2021-05-31 17:48:52','2021-05-31 17:48:52',41131,NULL),(164,4509,0.0000,0.0000,22,1,NULL,NULL,NULL,'2021-06-01 08:30:09','2021-06-01 08:30:09',41232,NULL),(166,4509,0.0000,0.0000,23,1,NULL,NULL,NULL,'2021-06-03 07:59:02','2021-06-03 07:59:02',41234,NULL);

--
-- Table structure for table `persons`
--

CREATE TABLE `persons` (
  `id` int(10) unsigned NOT NULL AUTO_INCREMENT,
  `user_id` int(10) unsigned DEFAULT NULL,
  `field_name1` varchar(255) COLLATE utf8mb4_unicode_ci NOT NULL,
  `field_name2` varchar(255) COLLATE utf8mb4_unicode_ci DEFAULT NULL,
  `document_type` varchar(10) COLLATE utf8mb4_unicode_ci NOT NULL,
  `document` varchar(30) COLLATE utf8mb4_unicode_ci NOT NULL,
  `cond_frente_al_iva_id` int(10) unsigned DEFAULT NULL,
  `country_id` int(10) unsigned DEFAULT NULL,
  `state_id` int(10) unsigned DEFAULT NULL,
  `zone_id` int(10) unsigned DEFAULT NULL,
  `plan_cuenta_id` int(10) unsigned DEFAULT NULL,
  `iva_creditos_tipo_id` int(10) unsigned DEFAULT NULL,
  `created_at` timestamp NULL DEFAULT NULL,
  `updated_at` timestamp NULL DEFAULT NULL,
  `activity_id` int(10) unsigned DEFAULT NULL,
  `address` varchar(500) COLLATE utf8mb4_unicode_ci DEFAULT NULL,
  `person_type_id` int(10) unsigned DEFAULT NULL,
  `fa_iva_condition_id` int(10) unsigned DEFAULT NULL,
  `fa_codigo_postal` varchar(180) COLLATE utf8mb4_unicode_ci DEFAULT NULL,
  `email` varchar(180) COLLATE utf8mb4_unicode_ci DEFAULT NULL,
  `deleted_at` timestamp NULL DEFAULT NULL,
  PRIMARY KEY (`id`),
  UNIQUE KEY `document_UNIQUE` (`document`),
  KEY `persons_zone_id_foreign` (`zone_id`),
  KEY `persons_person_type_id_foreign` (`person_type_id`),
  KEY `persons_plan_cuenta_id_foreign` (`plan_cuenta_id`),
  KEY `persons_iva_creditos_tipo_id_foreign` (`iva_creditos_tipo_id`),
  KEY `persons_cond_frente_al_iva_id_foreign` (`cond_frente_al_iva_id`),
  CONSTRAINT `persons_cond_frente_al_iva_id_foreign` FOREIGN KEY (`cond_frente_al_iva_id`) REFERENCES `condicion_frente_al_iva` (`id`),
  CONSTRAINT `persons_iva_creditos_tipo_id_foreign` FOREIGN KEY (`iva_creditos_tipo_id`) REFERENCES `iva_creditos_tipos` (`id`),
  CONSTRAINT `persons_person_type_id_foreign` FOREIGN KEY (`person_type_id`) REFERENCES `person_types` (`id`),
  CONSTRAINT `persons_plan_cuenta_id_foreign` FOREIGN KEY (`plan_cuenta_id`) REFERENCES `conta_plan_cuenta` (`id`),
  CONSTRAINT `persons_zone_id_foreign` FOREIGN KEY (`zone_id`) REFERENCES `zones` (`id`)
) ENGINE=InnoDB AUTO_INCREMENT=41236 DEFAULT CHARSET=utf8mb4 COLLATE=utf8mb4_unicode_ci;

--
-- Dumping data for table `persons`
--

INSERT INTO `persons` VALUES (3,NULL,'Larzabal Hernan',NULL,'cuit','20-28468190-9',NULL,NULL,22,22,NULL,NULL,'2018-05-12 20:55:07','2018-05-14 01:54:15',1,NULL,1,NULL,NULL,NULL,NULL),(40717,NULL,'Taxes Software',NULL,'cuit','30-71625124-8',NULL,NULL,22,22,NULL,NULL,NULL,NULL,NULL,NULL,2,NULL,NULL,NULL,NULL),(40718,NULL,'Consumidor Final',NULL,'cuit','20-11111111-2',NULL,NULL,22,22,NULL,NULL,NULL,NULL,NULL,NULL,NULL,NULL,NULL,NULL,NULL),(40719,1,'Dierna Florencia',NULL,'cuit','27-39157164-9',NULL,NULL,NULL,NULL,NULL,NULL,'2021-05-26 23:24:57','2021-05-26 23:24:57',NULL,NULL,NULL,NULL,NULL,NULL,NULL),(40720,4509,'IIBB AD',NULL,'cuit','30-69557093-3',NULL,NULL,NULL,NULL,NULL,NULL,'2021-05-31 16:34:11','2021-05-31 16:34:11',1,NULL,2,NULL,NULL,NULL,NULL),(40721,4509,'olga cagidemetrio',NULL,'dni','37-1364-8',NULL,NULL,NULL,NULL,NULL,NULL,'2021-05-31 17:22:54','2021-05-31 17:22:54',NULL,NULL,NULL,NULL,NULL,NULL,NULL),(40722,4509,'Leonor May',NULL,'dni','48-6914-3',NULL,NULL,NULL,NULL,NULL,NULL,'2021-05-31 17:22:54','2021-05-31 17:22:54',NULL,NULL,NULL,NULL,NULL,NULL,NULL),(40723,4509,'jose alberto geromini',NULL,'dni','60-4112-5',NULL,NULL,NULL,NULL,NULL,NULL,'2021-05-31 17:22:54','2021-05-31 17:22:54',NULL,NULL,NULL,NULL,NULL,NULL,NULL),(40724,4509,'arturoluis manavella',NULL,'dni','65-5323-2',NULL,NULL,NULL,NULL,NULL,NULL,'2021-05-31 17:22:54','2021-05-31 17:22:54',NULL,NULL,NULL,NULL,NULL,NULL,NULL),(40725,4509,'Enrique Mosquera',NULL,'dni','82-0762-3',NULL,NULL,NULL,NULL,NULL,NULL,'2021-05-31 17:22:54','2021-05-31 17:22:54',NULL,NULL,NULL,NULL,NULL,NULL,NULL),(40726,4509,'Alberto Pienovi',NULL,'dni','84-4715-4',NULL,NULL,NULL,NULL,NULL,NULL,'2021-05-31 17:22:54','2021-05-31 17:22:54',NULL,NULL,NULL,NULL,NULL,NULL,NULL),(40727,4509,'marta ramirez',NULL,'dni','85-4576-5',NULL,NULL,NULL,NULL,NULL,NULL,'2021-05-31 17:22:54','2021-05-31 17:22:54',NULL,NULL,NULL,NULL,NULL,NULL,NULL),(40728,4509,'ANGEL TORRE',NULL,'dni','10-09203-2',NULL,NULL,NULL,NULL,NULL,NULL,'2021-05-31 17:22:54','2021-05-31 17:22:54',NULL,NULL,NULL,NULL,NULL,NULL,NULL),(40729,4509,'Mario Omar Palau',NULL,'dni','10-75963-3',NULL,NULL,NULL,NULL,NULL,NULL,'2021-05-31 17:22:54','2021-05-31 17:22:54',NULL,NULL,NULL,NULL,NULL,NULL,NULL),(40730,4509,'Carlos Alberto Fernandez',NULL,'dni','11-12151-5',NULL,NULL,NULL,NULL,NULL,NULL,'2021-05-31 17:22:55','2021-05-31 17:22:55',NULL,NULL,NULL,NULL,NULL,NULL,NULL),(40731,4509,'Alberto Doco',NULL,'dni','11-13420-5',NULL,NULL,NULL,NULL,NULL,NULL,'2021-05-31 17:22:55','2021-05-31 17:22:55',NULL,NULL,NULL,NULL,NULL,NULL,NULL),(40732,4509,'Eduardo  Molina',NULL,'dni','11-13778-8',NULL,NULL,NULL,NULL,NULL,NULL,'2021-05-31 17:22:55','2021-05-31 17:22:55',NULL,NULL,NULL,NULL,NULL,NULL,NULL),(40733,4509,'Pablo Emilio Jotynskij',NULL,'dni','11-81775-6',NULL,NULL,NULL,NULL,NULL,NULL,'2021-05-31 17:22:55','2021-05-31 17:22:55',NULL,NULL,NULL,NULL,NULL,NULL,NULL),(40734,4509,'Marcelo Medrano',NULL,'dni','12-20612-5',NULL,NULL,NULL,NULL,NULL,NULL,'2021-05-31 17:22:55','2021-05-31 17:22:55',NULL,NULL,NULL,NULL,NULL,NULL,NULL),(40735,4509,'jose luis minniti',NULL,'dni','12-28581-5',NULL,NULL,NULL,NULL,NULL,NULL,'2021-05-31 17:22:55','2021-05-31 17:22:55',NULL,NULL,NULL,NULL,NULL,NULL,NULL),(40736,4509,'rodolfo borini',NULL,'dni','12-31382-9',NULL,NULL,NULL,NULL,NULL,NULL,'2021-05-31 17:22:55','2021-05-31 17:22:55',NULL,NULL,NULL,NULL,NULL,NULL,NULL),(40737,4509,'pablo alfredo oporto',NULL,'dni','12-66586-0',NULL,NULL,NULL,NULL,NULL,NULL,'2021-05-31 17:22:55','2021-05-31 17:22:55',NULL,NULL,NULL,NULL,NULL,NULL,NULL),(40738,4509,'Ruben Edgar Oviedo',NULL,'dni','12-88739-8',NULL,NULL,NULL,NULL,NULL,NULL,'2021-05-31 17:22:55','2021-05-31 17:22:55',NULL,NULL,NULL,NULL,NULL,NULL,NULL),(40739,4509,'Eduardo Sanchez',NULL,'dni','12-91546-5',NULL,NULL,NULL,NULL,NULL,NULL,'2021-05-31 17:22:55','2021-05-31 17:22:55',NULL,NULL,NULL,NULL,NULL,NULL,NULL);
INSERT INTO `persons` VALUES (40740,4509,'HECTOR CRISTOBAL BARRIENTOS',NULL,'dni','13-10394-7',NULL,NULL,NULL,NULL,NULL,NULL,'2021-05-31 17:22:55','2021-05-31 17:22:55',NULL,NULL,NULL,NULL,NULL,NULL,NULL),(40741,4509,'Alicia Braa',NULL,'dni','13-14767-8',NULL,NULL,NULL,NULL,NULL,NULL,'2021-05-31 17:22:55','2021-05-31 17:22:55',NULL,NULL,NULL,NULL,NULL,NULL,NULL),(40742,4509,'daniel fadil',NULL,'dni','13-38578-1',NULL,NULL,NULL,NULL,NULL,NULL,'2021-05-31 17:22:55','2021-05-31 17:22:55',NULL,NULL,NULL,NULL,NULL,NULL,NULL),(40743,4509,'Maria Eufemia Avila',NULL,'dni','13-49069-3',NULL,NULL,NULL,NULL,NULL,NULL,'2021-05-31 17:22:55','2021-05-31 17:22:55',NULL,NULL,NULL,NULL,NULL,NULL,NULL),(40744,4509,'Stella Maris Leiggener',NULL,'dni','13-52145-2',NULL,NULL,NULL,NULL,NULL,NULL,'2021-05-31 17:22:55','2021-05-31 17:22:55',NULL,NULL,NULL,NULL,NULL,NULL,NULL),(40745,4509,'guillermo maldonado',NULL,'dni','13-85808-7',NULL,NULL,NULL,NULL,NULL,NULL,'2021-05-31 17:22:55','2021-05-31 17:22:55',NULL,NULL,NULL,NULL,NULL,NULL,NULL),(40746,4509,'Oscar Reynaldo villegas',NULL,'dni','13-97463-4',NULL,NULL,NULL,NULL,NULL,NULL,'2021-05-31 17:22:55','2021-05-31 17:22:55',NULL,NULL,NULL,NULL,NULL,NULL,NULL),(40747,4509,'claudia stacchiotti',NULL,'dni','14-16646-7',NULL,NULL,NULL,NULL,NULL,NULL,'2021-05-31 17:22:55','2021-05-31 17:22:55',NULL,NULL,NULL,NULL,NULL,NULL,NULL),(40748,4509,'Miguel Angel Ruiz',NULL,'dni','14-60116-0',NULL,NULL,NULL,NULL,NULL,NULL,'2021-05-31 17:22:55','2021-05-31 17:22:55',NULL,NULL,NULL,NULL,NULL,NULL,NULL),(40749,4509,'Luis Oscar Arce',NULL,'dni','14-72716-0',NULL,NULL,NULL,NULL,NULL,NULL,'2021-05-31 17:22:55','2021-05-31 17:22:55',NULL,NULL,NULL,NULL,NULL,NULL,NULL),(40750,4509,'sergio raul mensching',NULL,'dni','14-76083-3',NULL,NULL,NULL,NULL,NULL,NULL,'2021-05-31 17:22:55','2021-05-31 17:22:55',NULL,NULL,NULL,NULL,NULL,NULL,NULL),(40751,4509,'alejandra de abreu',NULL,'dni','14-95207-9',NULL,NULL,NULL,NULL,NULL,NULL,'2021-05-31 17:22:55','2021-05-31 17:22:55',NULL,NULL,NULL,NULL,NULL,NULL,NULL),(40752,4509,'Carlos Isidro Diaz',NULL,'dni','16-23050-6',NULL,NULL,NULL,NULL,NULL,NULL,'2021-05-31 17:22:55','2021-05-31 17:22:55',NULL,NULL,NULL,NULL,NULL,NULL,NULL),(40753,4509,'Nestor Eduardo Crdena',NULL,'dni','16-39729-8',NULL,NULL,NULL,NULL,NULL,NULL,'2021-05-31 17:22:56','2021-05-31 17:22:56',NULL,NULL,NULL,NULL,NULL,NULL,NULL),(40754,4509,'Calixto Castro Ernexto',NULL,'dni','16-78139-0',NULL,NULL,NULL,NULL,NULL,NULL,'2021-05-31 17:22:56','2021-05-31 17:22:56',NULL,NULL,NULL,NULL,NULL,NULL,NULL),(40755,4509,'walter fugazzotto',NULL,'dni','16-86814-0',NULL,NULL,NULL,NULL,NULL,NULL,'2021-05-31 17:22:56','2021-05-31 17:22:56',NULL,NULL,NULL,NULL,NULL,NULL,NULL),(40756,4509,'pablo de zan',NULL,'dni','16-95566-2',NULL,NULL,NULL,NULL,NULL,NULL,'2021-05-31 17:22:56','2021-05-31 17:22:56',NULL,NULL,NULL,NULL,NULL,NULL,NULL),(40757,4509,'Viviana Dona',NULL,'dni','17-10943-9',NULL,NULL,NULL,NULL,NULL,NULL,'2021-05-31 17:22:56','2021-05-31 17:22:56',NULL,NULL,NULL,NULL,NULL,NULL,NULL),(40758,4509,'Fernando Gutierrez',NULL,'dni','17-16153-1',NULL,NULL,NULL,NULL,NULL,NULL,'2021-05-31 17:22:56','2021-05-31 17:22:56',NULL,NULL,NULL,NULL,NULL,NULL,NULL),(40759,4509,'fernando Ramos',NULL,'dni','17-44315-9',NULL,NULL,NULL,NULL,NULL,NULL,'2021-05-31 17:22:56','2021-05-31 17:22:56',NULL,NULL,NULL,NULL,NULL,NULL,NULL),(40760,4509,'fabian carisio',NULL,'dni','17-50766-2',NULL,NULL,NULL,NULL,NULL,NULL,'2021-05-31 17:22:56','2021-05-31 17:22:56',NULL,NULL,NULL,NULL,NULL,NULL,NULL),(40761,4509,'sergio malvicini',NULL,'dni','17-54277-0',NULL,NULL,NULL,NULL,NULL,NULL,'2021-05-31 17:22:56','2021-05-31 17:22:56',NULL,NULL,NULL,NULL,NULL,NULL,NULL),(40762,4509,'jorge enrique varese',NULL,'dni','17-60856-0',NULL,NULL,NULL,NULL,NULL,NULL,'2021-05-31 17:22:56','2021-05-31 17:22:56',NULL,NULL,NULL,NULL,NULL,NULL,NULL),(40763,4509,'Daniel Silva',NULL,'dni','17-70970-8',NULL,NULL,NULL,NULL,NULL,NULL,'2021-05-31 17:22:56','2021-05-31 17:22:56',NULL,NULL,NULL,NULL,NULL,NULL,NULL);
INSERT INTO `persons` VALUES (40764,4509,'fernanda beatriz machuca',NULL,'dni','17-77857-5',NULL,NULL,NULL,NULL,NULL,NULL,'2021-05-31 17:22:56','2021-05-31 17:22:56',NULL,NULL,NULL,NULL,NULL,NULL,NULL),(40765,4509,'ANGEL MORA',NULL,'dni','17-85832-0',NULL,NULL,NULL,NULL,NULL,NULL,'2021-05-31 17:22:56','2021-05-31 17:22:56',NULL,NULL,NULL,NULL,NULL,NULL,NULL),(40766,4509,'Walter Barrios',NULL,'dni','18-00313-5',NULL,NULL,NULL,NULL,NULL,NULL,'2021-05-31 17:22:56','2021-05-31 17:22:56',NULL,NULL,NULL,NULL,NULL,NULL,NULL),(40767,4509,'emilianoarchetti emilianoarchetti',NULL,'dni','18-07033-6',NULL,NULL,NULL,NULL,NULL,NULL,'2021-05-31 17:22:56','2021-05-31 17:22:56',NULL,NULL,NULL,NULL,NULL,NULL,NULL),(40768,4509,'Silvio Eduardo Dominguez',NULL,'dni','18-29828-0',NULL,NULL,NULL,NULL,NULL,NULL,'2021-05-31 17:22:56','2021-05-31 17:22:56',NULL,NULL,NULL,NULL,NULL,NULL,NULL),(40769,4509,'soledad pampillo',NULL,'dni','18-44270-2',NULL,NULL,NULL,NULL,NULL,NULL,'2021-05-31 17:22:56','2021-05-31 17:22:56',NULL,NULL,NULL,NULL,NULL,NULL,NULL),(40770,4509,'Fernando Ruatta',NULL,'dni','18-51413-6',NULL,NULL,NULL,NULL,NULL,NULL,'2021-05-31 17:22:56','2021-05-31 17:22:56',NULL,NULL,NULL,NULL,NULL,NULL,NULL),(40771,4509,'Roberto Ariel Colombo',NULL,'dni','18-58409-0',NULL,NULL,NULL,NULL,NULL,NULL,'2021-05-31 17:22:56','2021-05-31 17:22:56',NULL,NULL,NULL,NULL,NULL,NULL,NULL),(40772,4509,'Asuncion Barrancos',NULL,'dni','18-59645-6',NULL,NULL,NULL,NULL,NULL,NULL,'2021-05-31 17:22:56','2021-05-31 17:22:56',NULL,NULL,NULL,NULL,NULL,NULL,NULL),(40773,4509,'Jorge Chavez',NULL,'dni','18-60897-4',NULL,NULL,NULL,NULL,NULL,NULL,'2021-05-31 17:22:56','2021-05-31 17:22:56',NULL,NULL,NULL,NULL,NULL,NULL,NULL),(40774,4509,'Hector Antonio Tachile',NULL,'dni','18-65216-1',NULL,NULL,NULL,NULL,NULL,NULL,'2021-05-31 17:22:56','2021-05-31 17:22:56',NULL,NULL,NULL,NULL,NULL,NULL,NULL),(40775,4509,'Vima Encciso',NULL,'dni','18-74014-1',NULL,NULL,NULL,NULL,NULL,NULL,'2021-05-31 17:22:56','2021-05-31 17:22:56',NULL,NULL,NULL,NULL,NULL,NULL,NULL),(40776,4509,'Marcelo Pivetta',NULL,'dni','20-07517-9',NULL,NULL,NULL,NULL,NULL,NULL,'2021-05-31 17:22:57','2021-05-31 17:22:57',NULL,NULL,NULL,NULL,NULL,NULL,NULL),(40777,4509,'CLAUDIO MARCELO IGLESIAS',NULL,'dni','20-19932-4',NULL,NULL,NULL,NULL,NULL,NULL,'2021-05-31 17:22:57','2021-05-31 17:22:57',NULL,NULL,NULL,NULL,NULL,NULL,NULL),(40778,4509,'Roque Alberto Tironi',NULL,'dni','20-32014-7',NULL,NULL,NULL,NULL,NULL,NULL,'2021-05-31 17:22:57','2021-05-31 17:22:57',NULL,NULL,NULL,NULL,NULL,NULL,NULL),(40779,4509,'carlos fassi',NULL,'dni','20-38161-4',NULL,NULL,NULL,NULL,NULL,NULL,'2021-05-31 17:22:57','2021-05-31 17:22:57',NULL,NULL,NULL,NULL,NULL,NULL,NULL),(40780,4509,'Daniel Lepphaille',NULL,'dni','20-38544-8',NULL,NULL,NULL,NULL,NULL,NULL,'2021-05-31 17:22:57','2021-05-31 17:22:57',NULL,NULL,NULL,NULL,NULL,NULL,NULL),(40781,4509,'ADRIAN AJON',NULL,'dni','20-89142-5',NULL,NULL,NULL,NULL,NULL,NULL,'2021-05-31 17:22:57','2021-05-31 17:22:57',NULL,NULL,NULL,NULL,NULL,NULL,NULL),(40782,4509,'ariel nelson tosoni',NULL,'dni','21-00806-0',NULL,NULL,NULL,NULL,NULL,NULL,'2021-05-31 17:22:57','2021-05-31 17:22:57',NULL,NULL,NULL,NULL,NULL,NULL,NULL),(40783,4509,'vivi becerra',NULL,'dni','21-42696-8',NULL,NULL,NULL,NULL,NULL,NULL,'2021-05-31 17:22:57','2021-05-31 17:22:57',NULL,NULL,NULL,NULL,NULL,NULL,NULL),(40784,4509,'fabian di camillo',NULL,'dni','21-44462-1',NULL,NULL,NULL,NULL,NULL,NULL,'2021-05-31 17:22:57','2021-05-31 17:22:57',NULL,NULL,NULL,NULL,NULL,NULL,NULL),(40785,4509,'walter blasi',NULL,'dni','21-46532-0',NULL,NULL,NULL,NULL,NULL,NULL,'2021-05-31 17:22:57','2021-05-31 17:22:57',NULL,NULL,NULL,NULL,NULL,NULL,NULL),(40786,4509,'Daniel Saad',NULL,'dni','21-47410-8',NULL,NULL,NULL,NULL,NULL,NULL,'2021-05-31 17:22:57','2021-05-31 17:22:57',NULL,NULL,NULL,NULL,NULL,NULL,NULL),(40787,4509,'Eduardo Esver',NULL,'dni','21-65740-5',NULL,NULL,NULL,NULL,NULL,NULL,'2021-05-31 17:22:57','2021-05-31 17:22:57',NULL,NULL,NULL,NULL,NULL,NULL,NULL);
INSERT INTO `persons` VALUES (40788,4509,'aldo ramon nuez da silva',NULL,'dni','21-66044-7',NULL,NULL,NULL,NULL,NULL,NULL,'2021-05-31 17:22:57','2021-05-31 17:22:57',NULL,NULL,NULL,NULL,NULL,NULL,NULL),(40789,4509,'ANDRES CLAUDIO ASIARES',NULL,'dni','21-66652-3',NULL,NULL,NULL,NULL,NULL,NULL,'2021-05-31 17:22:57','2021-05-31 17:22:57',NULL,NULL,NULL,NULL,NULL,NULL,NULL),(40790,4509,'Fabio Daghero',NULL,'dni','21-83031-9',NULL,NULL,NULL,NULL,NULL,NULL,'2021-05-31 17:22:57','2021-05-31 17:22:57',NULL,NULL,NULL,NULL,NULL,NULL,NULL),(40791,4509,'juan carlos  Nardi',NULL,'dni','21-87968-8',NULL,NULL,NULL,NULL,NULL,NULL,'2021-05-31 17:22:57','2021-05-31 17:22:57',NULL,NULL,NULL,NULL,NULL,NULL,NULL),(40792,4509,'daniel recalde',NULL,'dni','21-96560-3',NULL,NULL,NULL,NULL,NULL,NULL,'2021-05-31 17:22:57','2021-05-31 17:22:57',NULL,NULL,NULL,NULL,NULL,NULL,NULL),(40793,4509,'Luis Toscano',NULL,'dni','22-03009-5',NULL,NULL,NULL,NULL,NULL,NULL,'2021-05-31 17:22:57','2021-05-31 17:22:57',NULL,NULL,NULL,NULL,NULL,NULL,NULL),(40794,4509,'Viviana Lpez',NULL,'dni','22-19147-9',NULL,NULL,NULL,NULL,NULL,NULL,'2021-05-31 17:22:57','2021-05-31 17:22:57',NULL,NULL,NULL,NULL,NULL,NULL,NULL),(40795,4509,'Oscar Lopez',NULL,'dni','22-20316-6',NULL,NULL,NULL,NULL,NULL,NULL,'2021-05-31 17:22:57','2021-05-31 17:22:57',NULL,NULL,NULL,NULL,NULL,NULL,NULL),(40796,4509,'Carlos Ibaez',NULL,'dni','22-33477-6',NULL,NULL,NULL,NULL,NULL,NULL,'2021-05-31 17:22:57','2021-05-31 17:22:57',NULL,NULL,NULL,NULL,NULL,NULL,NULL),(40797,4509,'Pablo Perez',NULL,'dni','22-37139-0',NULL,NULL,NULL,NULL,NULL,NULL,'2021-05-31 17:22:57','2021-05-31 17:22:57',NULL,NULL,NULL,NULL,NULL,NULL,NULL),(40798,4509,'Carlos Berr',NULL,'dni','22-47818-3',NULL,NULL,NULL,NULL,NULL,NULL,'2021-05-31 17:22:57','2021-05-31 17:22:57',NULL,NULL,NULL,NULL,NULL,NULL,NULL),(40799,4509,'Adrian  De Marco',NULL,'dni','22-50032-4',NULL,NULL,NULL,NULL,NULL,NULL,'2021-05-31 17:22:57','2021-05-31 17:22:57',NULL,NULL,NULL,NULL,NULL,NULL,NULL),(40800,4509,'pau pau',NULL,'dni','22-51935-3',NULL,NULL,NULL,NULL,NULL,NULL,'2021-05-31 17:22:58','2021-05-31 17:22:58',NULL,NULL,NULL,NULL,NULL,NULL,NULL),(40801,4509,'AUGUSTO FERNANDEZ',NULL,'dni','22-56541-4',NULL,NULL,NULL,NULL,NULL,NULL,'2021-05-31 17:22:58','2021-05-31 17:22:58',NULL,NULL,NULL,NULL,NULL,NULL,NULL),(40802,4509,'Claudia Morante',NULL,'dni','22-62065-6',NULL,NULL,NULL,NULL,NULL,NULL,'2021-05-31 17:22:58','2021-05-31 17:22:58',NULL,NULL,NULL,NULL,NULL,NULL,NULL),(40803,4509,'fabiana pacchiotti',NULL,'dni','22-66286-5',NULL,NULL,NULL,NULL,NULL,NULL,'2021-05-31 17:22:58','2021-05-31 17:22:58',NULL,NULL,NULL,NULL,NULL,NULL,NULL),(40804,4509,'juan jos guanca',NULL,'dni','22-83714-1',NULL,NULL,NULL,NULL,NULL,NULL,'2021-05-31 17:22:58','2021-05-31 17:22:58',NULL,NULL,NULL,NULL,NULL,NULL,NULL),(40805,4509,'Claudio Velazquez',NULL,'dni','22-91950-9',NULL,NULL,NULL,NULL,NULL,NULL,'2021-05-31 17:22:58','2021-05-31 17:22:58',NULL,NULL,NULL,NULL,NULL,NULL,NULL),(40806,4509,'Laura Llano',NULL,'dni','22-93703-7',NULL,NULL,NULL,NULL,NULL,NULL,'2021-05-31 17:22:58','2021-05-31 17:22:58',NULL,NULL,NULL,NULL,NULL,NULL,NULL),(40807,4509,'lorena pinero',NULL,'dni','23-26223-6',NULL,NULL,NULL,NULL,NULL,NULL,'2021-05-31 17:22:58','2021-05-31 17:22:58',NULL,NULL,NULL,NULL,NULL,NULL,NULL),(40808,4509,'alejandro aguilera',NULL,'dni','23-36952-4',NULL,NULL,NULL,NULL,NULL,NULL,'2021-05-31 17:22:58','2021-05-31 17:22:58',NULL,NULL,NULL,NULL,NULL,NULL,NULL),(40809,4509,'luis MARCELO colazo',NULL,'dni','23-39583-8',NULL,NULL,NULL,NULL,NULL,NULL,'2021-05-31 17:22:58','2021-05-31 17:22:58',NULL,NULL,NULL,NULL,NULL,NULL,NULL),(40810,4509,'Valeria Rodrguez',NULL,'dni','23-47340-8',NULL,NULL,NULL,NULL,NULL,NULL,'2021-05-31 17:22:58','2021-05-31 17:22:58',NULL,NULL,NULL,NULL,NULL,NULL,NULL),(40811,4509,'Leandro Dario Bravo',NULL,'dni','23-47578-2',NULL,NULL,NULL,NULL,NULL,NULL,'2021-05-31 17:22:58','2021-05-31 17:22:58',NULL,NULL,NULL,NULL,NULL,NULL,NULL);
INSERT INTO `persons` VALUES (40812,4509,'Manuel marcelo Garmendia',NULL,'dni','23-56578-7',NULL,NULL,NULL,NULL,NULL,NULL,'2021-05-31 17:22:58','2021-05-31 17:22:58',NULL,NULL,NULL,NULL,NULL,NULL,NULL),(40813,4509,'pablo gottau',NULL,'dni','23-59571-5',NULL,NULL,NULL,NULL,NULL,NULL,'2021-05-31 17:22:58','2021-05-31 17:22:58',NULL,NULL,NULL,NULL,NULL,NULL,NULL),(40814,4509,'carlos tejedor',NULL,'dni','23-63005-5',NULL,NULL,NULL,NULL,NULL,NULL,'2021-05-31 17:22:58','2021-05-31 17:22:58',NULL,NULL,NULL,NULL,NULL,NULL,NULL),(40815,4509,'Gustavo Roberto Villalba',NULL,'dni','23-84653-7',NULL,NULL,NULL,NULL,NULL,NULL,'2021-05-31 17:22:58','2021-05-31 17:22:58',NULL,NULL,NULL,NULL,NULL,NULL,NULL),(40816,4509,'Francisco Tecles',NULL,'dni','23-91847-5',NULL,NULL,NULL,NULL,NULL,NULL,'2021-05-31 17:22:58','2021-05-31 17:22:58',NULL,NULL,NULL,NULL,NULL,NULL,NULL),(40817,4509,'Mari Pei',NULL,'dni','24-06826-8',NULL,NULL,NULL,NULL,NULL,NULL,'2021-05-31 17:22:58','2021-05-31 17:22:58',NULL,NULL,NULL,NULL,NULL,NULL,NULL),(40818,4509,'Miriam Mendes',NULL,'dni','24-13258-0',NULL,NULL,NULL,NULL,NULL,NULL,'2021-05-31 17:22:58','2021-05-31 17:22:58',NULL,NULL,NULL,NULL,NULL,NULL,NULL),(40819,4509,'Orlando Joaquin Gomez Lucero',NULL,'dni','24-13982-2',NULL,NULL,NULL,NULL,NULL,NULL,'2021-05-31 17:22:58','2021-05-31 17:22:58',NULL,NULL,NULL,NULL,NULL,NULL,NULL),(40820,4509,'nazareno ruben monte de oca',NULL,'dni','24-14993-6',NULL,NULL,NULL,NULL,NULL,NULL,'2021-05-31 17:22:58','2021-05-31 17:22:58',NULL,NULL,NULL,NULL,NULL,NULL,NULL),(40821,4509,'Mariela Deluca',NULL,'dni','24-22793-5',NULL,NULL,NULL,NULL,NULL,NULL,'2021-05-31 17:22:58','2021-05-31 17:22:58',NULL,NULL,NULL,NULL,NULL,NULL,NULL),(40822,4509,'Lucila Maria Brown',NULL,'dni','24-22914-6',NULL,NULL,NULL,NULL,NULL,NULL,'2021-05-31 17:22:58','2021-05-31 17:22:58',NULL,NULL,NULL,NULL,NULL,NULL,NULL),(40823,4509,'Gimena Acevedo',NULL,'dni','24-25880-8',NULL,NULL,NULL,NULL,NULL,NULL,'2021-05-31 17:22:59','2021-05-31 17:22:59',NULL,NULL,NULL,NULL,NULL,NULL,NULL),(40824,4509,'sergio navarro',NULL,'dni','24-37791-3',NULL,NULL,NULL,NULL,NULL,NULL,'2021-05-31 17:22:59','2021-05-31 17:22:59',NULL,NULL,NULL,NULL,NULL,NULL,NULL),(40825,4509,'Diego Perez',NULL,'dni','24-43128-3',NULL,NULL,NULL,NULL,NULL,NULL,'2021-05-31 17:22:59','2021-05-31 17:22:59',NULL,NULL,NULL,NULL,NULL,NULL,NULL),(40826,4509,'Marcelo Ariel Scandura',NULL,'dni','24-52002-0',NULL,NULL,NULL,NULL,NULL,NULL,'2021-05-31 17:22:59','2021-05-31 17:22:59',NULL,NULL,NULL,NULL,NULL,NULL,NULL),(40827,4509,'Horacio Martina',NULL,'dni','24-61956-9',NULL,NULL,NULL,NULL,NULL,NULL,'2021-05-31 17:22:59','2021-05-31 17:22:59',NULL,NULL,NULL,NULL,NULL,NULL,NULL),(40828,4509,'gabriel andres rios',NULL,'dni','24-70994-8',NULL,NULL,NULL,NULL,NULL,NULL,'2021-05-31 17:22:59','2021-05-31 17:22:59',NULL,NULL,NULL,NULL,NULL,NULL,NULL),(40829,4509,'Dani Guzman',NULL,'dni','25-09126-4',NULL,NULL,NULL,NULL,NULL,NULL,'2021-05-31 17:22:59','2021-05-31 17:22:59',NULL,NULL,NULL,NULL,NULL,NULL,NULL),(40830,4509,'juan jose lopez',NULL,'dni','25-19106-4',NULL,NULL,NULL,NULL,NULL,NULL,'2021-05-31 17:22:59','2021-05-31 17:22:59',NULL,NULL,NULL,NULL,NULL,NULL,NULL),(40831,4509,'Mara Celeste Gismondi',NULL,'dni','25-32906-5',NULL,NULL,NULL,NULL,NULL,NULL,'2021-05-31 17:22:59','2021-05-31 17:22:59',NULL,NULL,NULL,NULL,NULL,NULL,NULL),(40832,4509,'Julio Sanceovich',NULL,'dni','25-40307-4',NULL,NULL,NULL,NULL,NULL,NULL,'2021-05-31 17:22:59','2021-05-31 17:22:59',NULL,NULL,NULL,NULL,NULL,NULL,NULL),(40833,4509,'adrian ciraudo',NULL,'dni','25-42678-5',NULL,NULL,NULL,NULL,NULL,NULL,'2021-05-31 17:22:59','2021-05-31 17:22:59',NULL,NULL,NULL,NULL,NULL,NULL,NULL),(40834,4509,'yanuszkiewiez martin',NULL,'dni','25-43898-0',NULL,NULL,NULL,NULL,NULL,NULL,'2021-05-31 17:22:59','2021-05-31 17:22:59',NULL,NULL,NULL,NULL,NULL,NULL,NULL),(40835,4509,'Maria Agustina Etchegaray',NULL,'dni','25-56062-3',NULL,NULL,NULL,NULL,NULL,NULL,'2021-05-31 17:22:59','2021-05-31 17:22:59',NULL,NULL,NULL,NULL,NULL,NULL,NULL);
INSERT INTO `persons` VALUES (40836,4509,'juan antonio villegas',NULL,'dni','25-59030-2',NULL,NULL,NULL,NULL,NULL,NULL,'2021-05-31 17:22:59','2021-05-31 17:22:59',NULL,NULL,NULL,NULL,NULL,NULL,NULL),(40837,4509,'Martin Ariel Piparuolo',NULL,'dni','25-67682-9',NULL,NULL,NULL,NULL,NULL,NULL,'2021-05-31 17:22:59','2021-05-31 17:22:59',NULL,NULL,NULL,NULL,NULL,NULL,NULL),(40838,4509,'Javier Carrizo',NULL,'dni','25-94041-0',NULL,NULL,NULL,NULL,NULL,NULL,'2021-05-31 17:22:59','2021-05-31 17:22:59',NULL,NULL,NULL,NULL,NULL,NULL,NULL),(40839,4509,'Leandro Noya',NULL,'dni','26-05734-2',NULL,NULL,NULL,NULL,NULL,NULL,'2021-05-31 17:22:59','2021-05-31 17:22:59',NULL,NULL,NULL,NULL,NULL,NULL,NULL),(40840,4509,'Dante Sonaglioni',NULL,'dni','26-11454-8',NULL,NULL,NULL,NULL,NULL,NULL,'2021-05-31 17:22:59','2021-05-31 17:22:59',NULL,NULL,NULL,NULL,NULL,NULL,NULL),(40841,4509,'Astrid Warneke',NULL,'dni','26-13391-8',NULL,NULL,NULL,NULL,NULL,NULL,'2021-05-31 17:22:59','2021-05-31 17:22:59',NULL,NULL,NULL,NULL,NULL,NULL,NULL),(40842,4509,'Flavia Malinverno',NULL,'dni','26-30513-4',NULL,NULL,NULL,NULL,NULL,NULL,'2021-05-31 17:22:59','2021-05-31 17:22:59',NULL,NULL,NULL,NULL,NULL,NULL,NULL),(40843,4509,'Sebastian Delio',NULL,'dni','26-34854-2',NULL,NULL,NULL,NULL,NULL,NULL,'2021-05-31 17:22:59','2021-05-31 17:22:59',NULL,NULL,NULL,NULL,NULL,NULL,NULL),(40844,4509,'Miguel angel Ajaya',NULL,'dni','26-35687-4',NULL,NULL,NULL,NULL,NULL,NULL,'2021-05-31 17:22:59','2021-05-31 17:22:59',NULL,NULL,NULL,NULL,NULL,NULL,NULL),(40845,4509,'Agustina Barcellandi',NULL,'dni','26-38301-5',NULL,NULL,NULL,NULL,NULL,NULL,'2021-05-31 17:22:59','2021-05-31 17:22:59',NULL,NULL,NULL,NULL,NULL,NULL,NULL),(40846,4509,'Diego Cantalejo',NULL,'dni','26-43559-5',NULL,NULL,NULL,NULL,NULL,NULL,'2021-05-31 17:22:59','2021-05-31 17:22:59',NULL,NULL,NULL,NULL,NULL,NULL,NULL),(40847,4509,'Srazen Loman',NULL,'dni','26-52523-6',NULL,NULL,NULL,NULL,NULL,NULL,'2021-05-31 17:23:00','2021-05-31 17:23:00',NULL,NULL,NULL,NULL,NULL,NULL,NULL),(40848,4509,'Marcelo Lucero',NULL,'dni','26-62953-3',NULL,NULL,NULL,NULL,NULL,NULL,'2021-05-31 17:23:00','2021-05-31 17:23:00',NULL,NULL,NULL,NULL,NULL,NULL,NULL),(40849,4509,'guillermo battistone',NULL,'dni','26-63735-6',NULL,NULL,NULL,NULL,NULL,NULL,'2021-05-31 17:23:00','2021-05-31 17:23:00',NULL,NULL,NULL,NULL,NULL,NULL,NULL),(40850,4509,'Maria jose Stemphelet',NULL,'dni','26-64661-6',NULL,NULL,NULL,NULL,NULL,NULL,'2021-05-31 17:23:00','2021-05-31 17:23:00',NULL,NULL,NULL,NULL,NULL,NULL,NULL),(40851,4509,'Laura Fernandez Picchio',NULL,'dni','26-68019-2',NULL,NULL,NULL,NULL,NULL,NULL,'2021-05-31 17:23:00','2021-05-31 17:23:00',NULL,NULL,NULL,NULL,NULL,NULL,NULL),(40852,4509,'MARCELO BENAVIDEZ',NULL,'dni','26-69272-4',NULL,NULL,NULL,NULL,NULL,NULL,'2021-05-31 17:23:00','2021-05-31 17:23:00',NULL,NULL,NULL,NULL,NULL,NULL,NULL),(40853,4509,'francisco figueira',NULL,'dni','26-82721-1',NULL,NULL,NULL,NULL,NULL,NULL,'2021-05-31 17:23:00','2021-05-31 17:23:00',NULL,NULL,NULL,NULL,NULL,NULL,NULL),(40854,4509,'RENE ORLANDO LUXENZ',NULL,'dni','26-88880-4',NULL,NULL,NULL,NULL,NULL,NULL,'2021-05-31 17:23:00','2021-05-31 17:23:00',NULL,NULL,NULL,NULL,NULL,NULL,NULL),(40855,4509,'Claudio Sotes',NULL,'dni','26-92730-0',NULL,NULL,NULL,NULL,NULL,NULL,'2021-05-31 17:23:00','2021-05-31 17:23:00',NULL,NULL,NULL,NULL,NULL,NULL,NULL),(40856,4509,'Maximiliano David Midon',NULL,'dni','26-96371-8',NULL,NULL,NULL,NULL,NULL,NULL,'2021-05-31 17:23:00','2021-05-31 17:23:00',NULL,NULL,NULL,NULL,NULL,NULL,NULL),(40857,4509,'Nazareno Ekerdt',NULL,'dni','27-02127-1',NULL,NULL,NULL,NULL,NULL,NULL,'2021-05-31 17:23:00','2021-05-31 17:23:00',NULL,NULL,NULL,NULL,NULL,NULL,NULL),(40858,4509,'Sandra noemi Luterotti',NULL,'dni','27-02842-3',NULL,NULL,NULL,NULL,NULL,NULL,'2021-05-31 17:23:00','2021-05-31 17:23:00',NULL,NULL,NULL,NULL,NULL,NULL,NULL),(40859,4509,'Ricardo San Juan',NULL,'dni','27-12453-6',NULL,NULL,NULL,NULL,NULL,NULL,'2021-05-31 17:23:00','2021-05-31 17:23:00',NULL,NULL,NULL,NULL,NULL,NULL,NULL);
INSERT INTO `persons` VALUES (40860,4509,'Silvina Gomez',NULL,'dni','27-17698-3',NULL,NULL,NULL,NULL,NULL,NULL,'2021-05-31 17:23:00','2021-05-31 17:23:00',NULL,NULL,NULL,NULL,NULL,NULL,NULL),(40861,4509,'Daniel Lpez',NULL,'dni','27-25739-4',NULL,NULL,NULL,NULL,NULL,NULL,'2021-05-31 17:23:00','2021-05-31 17:23:00',NULL,NULL,NULL,NULL,NULL,NULL,NULL),(40862,4509,'Daniel Raul Silva',NULL,'dni','27-36311-4',NULL,NULL,NULL,NULL,NULL,NULL,'2021-05-31 17:23:00','2021-05-31 17:23:00',NULL,NULL,NULL,NULL,NULL,NULL,NULL),(40863,4509,'Manuel Artura',NULL,'dni','27-49432-2',NULL,NULL,NULL,NULL,NULL,NULL,'2021-05-31 17:23:00','2021-05-31 17:23:00',NULL,NULL,NULL,NULL,NULL,NULL,NULL),(40864,4509,'monica andrea hermosilla',NULL,'dni','27-51401-4',NULL,NULL,NULL,NULL,NULL,NULL,'2021-05-31 17:23:00','2021-05-31 17:23:00',NULL,NULL,NULL,NULL,NULL,NULL,NULL),(40865,4509,'Luis Nicolas Dominguez',NULL,'dni','27-58117-5',NULL,NULL,NULL,NULL,NULL,NULL,'2021-05-31 17:23:00','2021-05-31 17:23:00',NULL,NULL,NULL,NULL,NULL,NULL,NULL),(40866,4509,'alejandra fernandez',NULL,'dni','27-71899-6',NULL,NULL,NULL,NULL,NULL,NULL,'2021-05-31 17:23:00','2021-05-31 17:23:00',NULL,NULL,NULL,NULL,NULL,NULL,NULL),(40867,4509,'claudio ghisio',NULL,'dni','27-87995-8',NULL,NULL,NULL,NULL,NULL,NULL,'2021-05-31 17:23:00','2021-05-31 17:23:00',NULL,NULL,NULL,NULL,NULL,NULL,NULL),(40868,4509,'Maria Ines Saucedo',NULL,'dni','28-21736-4',NULL,NULL,NULL,NULL,NULL,NULL,'2021-05-31 17:23:01','2021-05-31 17:23:01',NULL,NULL,NULL,NULL,NULL,NULL,NULL),(40869,4509,'jose angel alvarez',NULL,'dni','28-27764-1',NULL,NULL,NULL,NULL,NULL,NULL,'2021-05-31 17:23:01','2021-05-31 17:23:01',NULL,NULL,NULL,NULL,NULL,NULL,NULL),(40870,4509,'Marcos Cifre',NULL,'dni','28-52276-0',NULL,NULL,NULL,NULL,NULL,NULL,'2021-05-31 17:23:01','2021-05-31 17:23:01',NULL,NULL,NULL,NULL,NULL,NULL,NULL),(40871,4509,'mariana mio',NULL,'dni','28-52308-3',NULL,NULL,NULL,NULL,NULL,NULL,'2021-05-31 17:23:01','2021-05-31 17:23:01',NULL,NULL,NULL,NULL,NULL,NULL,NULL),(40872,4509,'dolcitentazionirosario dolcitentazionirosario',NULL,'dni','28-56887-2',NULL,NULL,NULL,NULL,NULL,NULL,'2021-05-31 17:23:01','2021-05-31 17:23:01',NULL,NULL,NULL,NULL,NULL,NULL,NULL),(40873,4509,'Gabriel Antonio  Penayo',NULL,'dni','28-66273-7',NULL,NULL,NULL,NULL,NULL,NULL,'2021-05-31 17:23:01','2021-05-31 17:23:01',NULL,NULL,NULL,NULL,NULL,NULL,NULL),(40874,4509,'Vilma Vzquez',NULL,'dni','28-78241-9',NULL,NULL,NULL,NULL,NULL,NULL,'2021-05-31 17:23:01','2021-05-31 17:23:01',NULL,NULL,NULL,NULL,NULL,NULL,NULL),(40875,4509,'pablo rafael lopez',NULL,'dni','28-84155-9',NULL,NULL,NULL,NULL,NULL,NULL,'2021-05-31 17:23:01','2021-05-31 17:23:01',NULL,NULL,NULL,NULL,NULL,NULL,NULL),(40876,4509,'diego martin gimenez',NULL,'dni','28-84386-3',NULL,NULL,NULL,NULL,NULL,NULL,'2021-05-31 17:23:01','2021-05-31 17:23:01',NULL,NULL,NULL,NULL,NULL,NULL,NULL),(40877,4509,'graciela Palazzo',NULL,'dni','28-92728-3',NULL,NULL,NULL,NULL,NULL,NULL,'2021-05-31 17:23:01','2021-05-31 17:23:01',NULL,NULL,NULL,NULL,NULL,NULL,NULL),(40878,4509,'nelson argamonte',NULL,'dni','28-99812-0',NULL,NULL,NULL,NULL,NULL,NULL,'2021-05-31 17:23:01','2021-05-31 17:23:01',NULL,NULL,NULL,NULL,NULL,NULL,NULL),(40879,4509,'Juan manuel Briceo',NULL,'dni','29-10793-4',NULL,NULL,NULL,NULL,NULL,NULL,'2021-05-31 17:23:01','2021-05-31 17:23:01',NULL,NULL,NULL,NULL,NULL,NULL,NULL),(40880,4509,'Mauro Satm',NULL,'dni','29-23297-5',NULL,NULL,NULL,NULL,NULL,NULL,'2021-05-31 17:23:01','2021-05-31 17:23:01',NULL,NULL,NULL,NULL,NULL,NULL,NULL),(40881,4509,'Roberto Daniel Sandoval',NULL,'dni','29-23516-7',NULL,NULL,NULL,NULL,NULL,NULL,'2021-05-31 17:23:01','2021-05-31 17:23:01',NULL,NULL,NULL,NULL,NULL,NULL,NULL),(40882,4509,'Juan Marcelo Suarez',NULL,'dni','29-24354-4',NULL,NULL,NULL,NULL,NULL,NULL,'2021-05-31 17:23:01','2021-05-31 17:23:01',NULL,NULL,NULL,NULL,NULL,NULL,NULL),(40883,4509,'cecilia puricelli',NULL,'dni','29-31573-8',NULL,NULL,NULL,NULL,NULL,NULL,'2021-05-31 17:23:01','2021-05-31 17:23:01',NULL,NULL,NULL,NULL,NULL,NULL,NULL);
INSERT INTO `persons` VALUES (40884,4509,'Marcelo Cariaga',NULL,'dni','29-37400-6',NULL,NULL,NULL,NULL,NULL,NULL,'2021-05-31 17:23:01','2021-05-31 17:23:01',NULL,NULL,NULL,NULL,NULL,NULL,NULL),(40885,4509,'Matias Emmanuel Pulimens',NULL,'dni','29-41476-2',NULL,NULL,NULL,NULL,NULL,NULL,'2021-05-31 17:23:02','2021-05-31 17:23:02',NULL,NULL,NULL,NULL,NULL,NULL,NULL),(40886,4509,'jorge ariel barroso',NULL,'dni','29-42648-3',NULL,NULL,NULL,NULL,NULL,NULL,'2021-05-31 17:23:02','2021-05-31 17:23:02',NULL,NULL,NULL,NULL,NULL,NULL,NULL),(40887,4509,'Julin Campitelli',NULL,'dni','29-44033-8',NULL,NULL,NULL,NULL,NULL,NULL,'2021-05-31 17:23:02','2021-05-31 17:23:02',NULL,NULL,NULL,NULL,NULL,NULL,NULL),(40888,4509,'Carolina Demateo',NULL,'dni','29-46395-8',NULL,NULL,NULL,NULL,NULL,NULL,'2021-05-31 17:23:02','2021-05-31 17:23:02',NULL,NULL,NULL,NULL,NULL,NULL,NULL),(40889,4509,'juan pablo espinosa',NULL,'dni','29-57729-9',NULL,NULL,NULL,NULL,NULL,NULL,'2021-05-31 17:23:02','2021-05-31 17:23:02',NULL,NULL,NULL,NULL,NULL,NULL,NULL),(40890,4509,'GABRIELA MARINA DIEL',NULL,'dni','29-57993-5',NULL,NULL,NULL,NULL,NULL,NULL,'2021-05-31 17:23:02','2021-05-31 17:23:02',NULL,NULL,NULL,NULL,NULL,NULL,NULL),(40891,4509,'Roberto Sebastian Aguilera',NULL,'dni','29-64506-3',NULL,NULL,NULL,NULL,NULL,NULL,'2021-05-31 17:23:02','2021-05-31 17:23:02',NULL,NULL,NULL,NULL,NULL,NULL,NULL),(40892,4509,'Liliana Tapia',NULL,'dni','29-73730-7',NULL,NULL,NULL,NULL,NULL,NULL,'2021-05-31 17:23:02','2021-05-31 17:23:02',NULL,NULL,NULL,NULL,NULL,NULL,NULL),(40893,4509,'emiliano mauri',NULL,'dni','29-82713-2',NULL,NULL,NULL,NULL,NULL,NULL,'2021-05-31 17:23:02','2021-05-31 17:23:02',NULL,NULL,NULL,NULL,NULL,NULL,NULL),(40894,4509,'Ivana Loza',NULL,'dni','29-84160-8',NULL,NULL,NULL,NULL,NULL,NULL,'2021-05-31 17:23:02','2021-05-31 17:23:02',NULL,NULL,NULL,NULL,NULL,NULL,NULL),(40895,4509,'franco bechero',NULL,'dni','29-93365-6',NULL,NULL,NULL,NULL,NULL,NULL,'2021-05-31 17:23:02','2021-05-31 17:23:02',NULL,NULL,NULL,NULL,NULL,NULL,NULL),(40896,4509,'ESTEBAN JOAQUIN OLHABERRY',NULL,'dni','30-00824-8',NULL,NULL,NULL,NULL,NULL,NULL,'2021-05-31 17:23:02','2021-05-31 17:23:02',NULL,NULL,NULL,NULL,NULL,NULL,NULL),(40897,4509,'Victor Hugo Lujan',NULL,'dni','30-03037-7',NULL,NULL,NULL,NULL,NULL,NULL,'2021-05-31 17:23:02','2021-05-31 17:23:02',NULL,NULL,NULL,NULL,NULL,NULL,NULL),(40898,4509,'Natalia Andrade',NULL,'dni','30-07342-4',NULL,NULL,NULL,NULL,NULL,NULL,'2021-05-31 17:23:02','2021-05-31 17:23:02',NULL,NULL,NULL,NULL,NULL,NULL,NULL),(40899,4509,'Juanjo Cuevas',NULL,'dni','30-10069-1',NULL,NULL,NULL,NULL,NULL,NULL,'2021-05-31 17:23:02','2021-05-31 17:23:02',NULL,NULL,NULL,NULL,NULL,NULL,NULL),(40900,4509,'luciano gaston  iturbide',NULL,'dni','30-14711-7',NULL,NULL,NULL,NULL,NULL,NULL,'2021-05-31 17:23:02','2021-05-31 17:23:02',NULL,NULL,NULL,NULL,NULL,NULL,NULL),(40901,4509,'Walter Ezequiel Suarez',NULL,'dni','30-30834-3',NULL,NULL,NULL,NULL,NULL,NULL,'2021-05-31 17:23:02','2021-05-31 17:23:02',NULL,NULL,NULL,NULL,NULL,NULL,NULL),(40902,4509,'lucas zelaya',NULL,'dni','30-38881-3',NULL,NULL,NULL,NULL,NULL,NULL,'2021-05-31 17:23:02','2021-05-31 17:23:02',NULL,NULL,NULL,NULL,NULL,NULL,NULL),(40903,4509,'Pedro Morinico',NULL,'dni','30-41501-8',NULL,NULL,NULL,NULL,NULL,NULL,'2021-05-31 17:23:03','2021-05-31 17:23:03',NULL,NULL,NULL,NULL,NULL,NULL,NULL),(40904,4509,'Maria Nobre',NULL,'dni','30-48104-7',NULL,NULL,NULL,NULL,NULL,NULL,'2021-05-31 17:23:03','2021-05-31 17:23:03',NULL,NULL,NULL,NULL,NULL,NULL,NULL),(40905,4509,'Gabriela Becerra',NULL,'dni','30-50292-2',NULL,NULL,NULL,NULL,NULL,NULL,'2021-05-31 17:23:03','2021-05-31 17:23:03',NULL,NULL,NULL,NULL,NULL,NULL,NULL),(40906,4509,'Rodrigo Cofre',NULL,'dni','30-51049-6',NULL,NULL,NULL,NULL,NULL,NULL,'2021-05-31 17:23:03','2021-05-31 17:23:03',NULL,NULL,NULL,NULL,NULL,NULL,NULL),(40907,4509,'cotevilca14 cotevilca14',NULL,'dni','30-76581-4',NULL,NULL,NULL,NULL,NULL,NULL,'2021-05-31 17:23:03','2021-05-31 17:23:03',NULL,NULL,NULL,NULL,NULL,NULL,NULL);
INSERT INTO `persons` VALUES (40908,4509,'nicolas bruera',NULL,'dni','30-77183-5',NULL,NULL,NULL,NULL,NULL,NULL,'2021-05-31 17:23:03','2021-05-31 17:23:03',NULL,NULL,NULL,NULL,NULL,NULL,NULL),(40909,4509,'Cristian Euro',NULL,'dni','30-83036-8',NULL,NULL,NULL,NULL,NULL,NULL,'2021-05-31 17:23:03','2021-05-31 17:23:03',NULL,NULL,NULL,NULL,NULL,NULL,NULL),(40910,4509,'Sergio Gonzalo Ledesma',NULL,'dni','30-86367-9',NULL,NULL,NULL,NULL,NULL,NULL,'2021-05-31 17:23:03','2021-05-31 17:23:03',NULL,NULL,NULL,NULL,NULL,NULL,NULL),(40911,4509,'maria belen moreyra',NULL,'dni','30-89267-3',NULL,NULL,NULL,NULL,NULL,NULL,'2021-05-31 17:23:03','2021-05-31 17:23:03',NULL,NULL,NULL,NULL,NULL,NULL,NULL),(40912,4509,'Mauro Sancerni',NULL,'dni','30-91855-6',NULL,NULL,NULL,NULL,NULL,NULL,'2021-05-31 17:23:03','2021-05-31 17:23:03',NULL,NULL,NULL,NULL,NULL,NULL,NULL),(40913,4509,'patricio jess sosa ramos',NULL,'dni','31-00794-2',NULL,NULL,NULL,NULL,NULL,NULL,'2021-05-31 17:23:03','2021-05-31 17:23:03',NULL,NULL,NULL,NULL,NULL,NULL,NULL),(40914,4509,'gerardo ignacio bulacio',NULL,'dni','31-12098-0',NULL,NULL,NULL,NULL,NULL,NULL,'2021-05-31 17:23:03','2021-05-31 17:23:03',NULL,NULL,NULL,NULL,NULL,NULL,NULL),(40915,4509,'Sebastin Zumino',NULL,'dni','31-13345-7',NULL,NULL,NULL,NULL,NULL,NULL,'2021-05-31 17:23:03','2021-05-31 17:23:03',NULL,NULL,NULL,NULL,NULL,NULL,NULL),(40916,4509,'Agustn Roberto Prior',NULL,'dni','31-22735-5',NULL,NULL,NULL,NULL,NULL,NULL,'2021-05-31 17:23:03','2021-05-31 17:23:03',NULL,NULL,NULL,NULL,NULL,NULL,NULL),(40917,4509,'Cecilia Belgoff',NULL,'dni','31-30147-1',NULL,NULL,NULL,NULL,NULL,NULL,'2021-05-31 17:23:03','2021-05-31 17:23:03',NULL,NULL,NULL,NULL,NULL,NULL,NULL),(40918,4509,'Gonzalo Morales',NULL,'dni','31-38234-9',NULL,NULL,NULL,NULL,NULL,NULL,'2021-05-31 17:23:03','2021-05-31 17:23:03',NULL,NULL,NULL,NULL,NULL,NULL,NULL),(40919,4509,'Julian Maldonado',NULL,'dni','31-40461-1',NULL,NULL,NULL,NULL,NULL,NULL,'2021-05-31 17:23:03','2021-05-31 17:23:03',NULL,NULL,NULL,NULL,NULL,NULL,NULL),(40920,4509,'Jos Luis Kuhn',NULL,'dni','31-53735-7',NULL,NULL,NULL,NULL,NULL,NULL,'2021-05-31 17:23:03','2021-05-31 17:23:03',NULL,NULL,NULL,NULL,NULL,NULL,NULL),(40921,4509,'gaston rodriguez',NULL,'dni','31-55008-6',NULL,NULL,NULL,NULL,NULL,NULL,'2021-05-31 17:23:03','2021-05-31 17:23:03',NULL,NULL,NULL,NULL,NULL,NULL,NULL),(40922,4509,'edgardo zanetti',NULL,'dni','31-57719-1',NULL,NULL,NULL,NULL,NULL,NULL,'2021-05-31 17:23:04','2021-05-31 17:23:04',NULL,NULL,NULL,NULL,NULL,NULL,NULL),(40923,4509,'Cristian Iglesias',NULL,'dni','31-67093-3',NULL,NULL,NULL,NULL,NULL,NULL,'2021-05-31 17:23:04','2021-05-31 17:23:04',NULL,NULL,NULL,NULL,NULL,NULL,NULL),(40924,4509,'aldana carrion',NULL,'dni','31-70281-2',NULL,NULL,NULL,NULL,NULL,NULL,'2021-05-31 17:23:04','2021-05-31 17:23:04',NULL,NULL,NULL,NULL,NULL,NULL,NULL),(40925,4509,'Abdala Gonzalez',NULL,'dni','31-70812-2',NULL,NULL,NULL,NULL,NULL,NULL,'2021-05-31 17:23:04','2021-05-31 17:23:04',NULL,NULL,NULL,NULL,NULL,NULL,NULL),(40926,4509,'Emilia Liliana Gadea',NULL,'dni','31-71759-1',NULL,NULL,NULL,NULL,NULL,NULL,'2021-05-31 17:23:04','2021-05-31 17:23:04',NULL,NULL,NULL,NULL,NULL,NULL,NULL),(40927,4509,'Sandra Luna',NULL,'dni','31-72249-4',NULL,NULL,NULL,NULL,NULL,NULL,'2021-05-31 17:23:04','2021-05-31 17:23:04',NULL,NULL,NULL,NULL,NULL,NULL,NULL),(40928,4509,'cecilia  carrucio ',NULL,'dni','31-73164-4',NULL,NULL,NULL,NULL,NULL,NULL,'2021-05-31 17:23:04','2021-05-31 17:23:04',NULL,NULL,NULL,NULL,NULL,NULL,NULL),(40929,4509,'Emilio Alejandro Luduea',NULL,'dni','31-73885-0',NULL,NULL,NULL,NULL,NULL,NULL,'2021-05-31 17:23:04','2021-05-31 17:23:04',NULL,NULL,NULL,NULL,NULL,NULL,NULL),(40930,4509,'Juan Silva',NULL,'dni','31-77303-9',NULL,NULL,NULL,NULL,NULL,NULL,'2021-05-31 17:23:04','2021-05-31 17:23:04',NULL,NULL,NULL,NULL,NULL,NULL,NULL),(40931,4509,'Carlos Dante Buffini',NULL,'dni','31-81955-0',NULL,NULL,NULL,NULL,NULL,NULL,'2021-05-31 17:23:04','2021-05-31 17:23:04',NULL,NULL,NULL,NULL,NULL,NULL,NULL);
INSERT INTO `persons` VALUES (40932,4509,'Horacio Fabian Goitre',NULL,'dni','31-85179-5',NULL,NULL,NULL,NULL,NULL,NULL,'2021-05-31 17:23:04','2021-05-31 17:23:04',NULL,NULL,NULL,NULL,NULL,NULL,NULL),(40933,4509,'Felipe Herrero',NULL,'dni','31-91708-7',NULL,NULL,NULL,NULL,NULL,NULL,'2021-05-31 17:23:04','2021-05-31 17:23:04',NULL,NULL,NULL,NULL,NULL,NULL,NULL),(40934,4509,'Matas Prez Gascu',NULL,'dni','31-96680-2',NULL,NULL,NULL,NULL,NULL,NULL,'2021-05-31 17:23:04','2021-05-31 17:23:04',NULL,NULL,NULL,NULL,NULL,NULL,NULL),(40935,4509,'juan belo',NULL,'dni','31-99801-7',NULL,NULL,NULL,NULL,NULL,NULL,'2021-05-31 17:23:04','2021-05-31 17:23:04',NULL,NULL,NULL,NULL,NULL,NULL,NULL),(40936,4509,'sofia romay',NULL,'dni','32-06255-5',NULL,NULL,NULL,NULL,NULL,NULL,'2021-05-31 17:23:04','2021-05-31 17:23:04',NULL,NULL,NULL,NULL,NULL,NULL,NULL),(40937,4509,'Tomas Jarchum',NULL,'dni','32-09956-7',NULL,NULL,NULL,NULL,NULL,NULL,'2021-05-31 17:23:04','2021-05-31 17:23:04',NULL,NULL,NULL,NULL,NULL,NULL,NULL),(40938,4509,'ROMINA ALEJANDRA MALAGUEO',NULL,'dni','32-09988-0',NULL,NULL,NULL,NULL,NULL,NULL,'2021-05-31 17:23:04','2021-05-31 17:23:04',NULL,NULL,NULL,NULL,NULL,NULL,NULL),(40939,4509,'Jorge Amarilla',NULL,'dni','32-31148-3',NULL,NULL,NULL,NULL,NULL,NULL,'2021-05-31 17:23:04','2021-05-31 17:23:04',NULL,NULL,NULL,NULL,NULL,NULL,NULL),(40940,4509,'Raffael Herrera',NULL,'dni','32-41617-3',NULL,NULL,NULL,NULL,NULL,NULL,'2021-05-31 17:23:04','2021-05-31 17:23:04',NULL,NULL,NULL,NULL,NULL,NULL,NULL),(40941,4509,'pablo martin ramirez',NULL,'dni','32-61834-2',NULL,NULL,NULL,NULL,NULL,NULL,'2021-05-31 17:23:04','2021-05-31 17:23:04',NULL,NULL,NULL,NULL,NULL,NULL,NULL),(40942,4509,'Paula Consoli',NULL,'dni','32-71470-2',NULL,NULL,NULL,NULL,NULL,NULL,'2021-05-31 17:23:04','2021-05-31 17:23:04',NULL,NULL,NULL,NULL,NULL,NULL,NULL),(40943,4509,'Victor Fabin Llanos',NULL,'dni','32-84159-2',NULL,NULL,NULL,NULL,NULL,NULL,'2021-05-31 17:23:05','2021-05-31 17:23:05',NULL,NULL,NULL,NULL,NULL,NULL,NULL),(40944,4509,'Blanca Soledad Itati Acua',NULL,'dni','33-01384-5',NULL,NULL,NULL,NULL,NULL,NULL,'2021-05-31 17:23:05','2021-05-31 17:23:05',NULL,NULL,NULL,NULL,NULL,NULL,NULL),(40945,4509,'Romina Nazar',NULL,'dni','33-05212-0',NULL,NULL,NULL,NULL,NULL,NULL,'2021-05-31 17:23:05','2021-05-31 17:23:05',NULL,NULL,NULL,NULL,NULL,NULL,NULL),(40946,4509,'marcelo galfione',NULL,'dni','33-10081-1',NULL,NULL,NULL,NULL,NULL,NULL,'2021-05-31 17:23:05','2021-05-31 17:23:05',NULL,NULL,NULL,NULL,NULL,NULL,NULL),(40947,4509,'Jimena Saravia',NULL,'dni','33-19030-3',NULL,NULL,NULL,NULL,NULL,NULL,'2021-05-31 17:23:05','2021-05-31 17:23:05',NULL,NULL,NULL,NULL,NULL,NULL,NULL),(40948,4509,'Felix Salas',NULL,'dni','33-20150-6',NULL,NULL,NULL,NULL,NULL,NULL,'2021-05-31 17:23:05','2021-05-31 17:23:05',NULL,NULL,NULL,NULL,NULL,NULL,NULL),(40949,4509,'Laura Santa Cruz',NULL,'dni','33-20741-5',NULL,NULL,NULL,NULL,NULL,NULL,'2021-05-31 17:23:05','2021-05-31 17:23:05',NULL,NULL,NULL,NULL,NULL,NULL,NULL),(40950,4509,'Alberto Aima',NULL,'dni','33-24960-7',NULL,NULL,NULL,NULL,NULL,NULL,'2021-05-31 17:23:05','2021-05-31 17:23:05',NULL,NULL,NULL,NULL,NULL,NULL,NULL),(40951,4509,'Maria Laura Paviolo',NULL,'dni','33-30816-1',NULL,NULL,NULL,NULL,NULL,NULL,'2021-05-31 17:23:05','2021-05-31 17:23:05',NULL,NULL,NULL,NULL,NULL,NULL,NULL),(40952,4509,'Jose Daniel Bianchotti',NULL,'dni','33-31668-1',NULL,NULL,NULL,NULL,NULL,NULL,'2021-05-31 17:23:05','2021-05-31 17:23:05',NULL,NULL,NULL,NULL,NULL,NULL,NULL),(40953,4509,'Matias Pizarro',NULL,'dni','33-33274-2',NULL,NULL,NULL,NULL,NULL,NULL,'2021-05-31 17:23:05','2021-05-31 17:23:05',NULL,NULL,NULL,NULL,NULL,NULL,NULL),(40954,4509,'Manuel ezequiel Lpez Olage',NULL,'dni','33-40089-3',NULL,NULL,NULL,NULL,NULL,NULL,'2021-05-31 17:23:05','2021-05-31 17:23:05',NULL,NULL,NULL,NULL,NULL,NULL,NULL),(40955,4509,'leonardo ramirez',NULL,'dni','33-48200-6',NULL,NULL,NULL,NULL,NULL,NULL,'2021-05-31 17:23:05','2021-05-31 17:23:05',NULL,NULL,NULL,NULL,NULL,NULL,NULL);
INSERT INTO `persons` VALUES (40956,4509,'Daiana Flores',NULL,'dni','33-60685-8',NULL,NULL,NULL,NULL,NULL,NULL,'2021-05-31 17:23:05','2021-05-31 17:23:05',NULL,NULL,NULL,NULL,NULL,NULL,NULL),(40957,4509,'Pablo Moyano',NULL,'dni','33-70148-0',NULL,NULL,NULL,NULL,NULL,NULL,'2021-05-31 17:23:05','2021-05-31 17:23:05',NULL,NULL,NULL,NULL,NULL,NULL,NULL),(40958,4509,'Kevin Diaz',NULL,'dni','33-79315-4',NULL,NULL,NULL,NULL,NULL,NULL,'2021-05-31 17:23:05','2021-05-31 17:23:05',NULL,NULL,NULL,NULL,NULL,NULL,NULL),(40959,4509,'alexis ciuffi',NULL,'dni','33-95147-4',NULL,NULL,NULL,NULL,NULL,NULL,'2021-05-31 17:23:05','2021-05-31 17:23:05',NULL,NULL,NULL,NULL,NULL,NULL,NULL),(40960,4509,'Luciano Vellano',NULL,'dni','34-02544-4',NULL,NULL,NULL,NULL,NULL,NULL,'2021-05-31 17:23:05','2021-05-31 17:23:05',NULL,NULL,NULL,NULL,NULL,NULL,NULL),(40961,4509,'Ariel Fernandez',NULL,'dni','34-05842-8',NULL,NULL,NULL,NULL,NULL,NULL,'2021-05-31 17:23:05','2021-05-31 17:23:05',NULL,NULL,NULL,NULL,NULL,NULL,NULL),(40962,4509,'Jonatan Emmanuel Diaz Rocha',NULL,'dni','34-05919-2',NULL,NULL,NULL,NULL,NULL,NULL,'2021-05-31 17:23:05','2021-05-31 17:23:05',NULL,NULL,NULL,NULL,NULL,NULL,NULL),(40963,4509,'gustavo guzman',NULL,'dni','34-06001-2',NULL,NULL,NULL,NULL,NULL,NULL,'2021-05-31 17:23:05','2021-05-31 17:23:05',NULL,NULL,NULL,NULL,NULL,NULL,NULL),(40964,4509,'CARLA RAIMONDI',NULL,'dni','34-09403-2',NULL,NULL,NULL,NULL,NULL,NULL,'2021-05-31 17:23:06','2021-05-31 17:23:06',NULL,NULL,NULL,NULL,NULL,NULL,NULL),(40965,4509,'pablo jonatan herrera',NULL,'dni','34-33860-7',NULL,NULL,NULL,NULL,NULL,NULL,'2021-05-31 17:23:06','2021-05-31 17:23:06',NULL,NULL,NULL,NULL,NULL,NULL,NULL),(40966,4509,'matias sanchez',NULL,'dni','34-35378-5',NULL,NULL,NULL,NULL,NULL,NULL,'2021-05-31 17:23:06','2021-05-31 17:23:06',NULL,NULL,NULL,NULL,NULL,NULL,NULL),(40967,4509,'Jesica Martire',NULL,'dni','34-35379-7',NULL,NULL,NULL,NULL,NULL,NULL,'2021-05-31 17:23:06','2021-05-31 17:23:06',NULL,NULL,NULL,NULL,NULL,NULL,NULL),(40968,4509,'DanGuzRom Guzman Romero',NULL,'dni','34-41402-2',NULL,NULL,NULL,NULL,NULL,NULL,'2021-05-31 17:23:06','2021-05-31 17:23:06',NULL,NULL,NULL,NULL,NULL,NULL,NULL),(40969,4509,'Emmanuel Piero',NULL,'dni','34-44262-1',NULL,NULL,NULL,NULL,NULL,NULL,'2021-05-31 17:23:06','2021-05-31 17:23:06',NULL,NULL,NULL,NULL,NULL,NULL,NULL),(40970,4509,'Marysol Gonzalez',NULL,'dni','34-47507-1',NULL,NULL,NULL,NULL,NULL,NULL,'2021-05-31 17:23:06','2021-05-31 17:23:06',NULL,NULL,NULL,NULL,NULL,NULL,NULL),(40971,4509,'nicolas samara',NULL,'dni','34-48240-1',NULL,NULL,NULL,NULL,NULL,NULL,'2021-05-31 17:23:06','2021-05-31 17:23:06',NULL,NULL,NULL,NULL,NULL,NULL,NULL),(40972,4509,'guillermo pea',NULL,'dni','34-50079-3',NULL,NULL,NULL,NULL,NULL,NULL,'2021-05-31 17:23:06','2021-05-31 17:23:06',NULL,NULL,NULL,NULL,NULL,NULL,NULL),(40973,4509,'Ramiro Nicolas Cervino',NULL,'dni','34-50163-5',NULL,NULL,NULL,NULL,NULL,NULL,'2021-05-31 17:23:06','2021-05-31 17:23:06',NULL,NULL,NULL,NULL,NULL,NULL,NULL),(40974,4509,'Josefina Cortnez',NULL,'dni','34-68200-6',NULL,NULL,NULL,NULL,NULL,NULL,'2021-05-31 17:23:06','2021-05-31 17:23:06',NULL,NULL,NULL,NULL,NULL,NULL,NULL),(40975,4509,'Natalia Coronel',NULL,'dni','34-74576-0',NULL,NULL,NULL,NULL,NULL,NULL,'2021-05-31 17:23:06','2021-05-31 17:23:06',NULL,NULL,NULL,NULL,NULL,NULL,NULL),(40976,4509,'Adriana Noelia Godoy',NULL,'dni','34-79443-1',NULL,NULL,NULL,NULL,NULL,NULL,'2021-05-31 17:23:06','2021-05-31 17:23:06',NULL,NULL,NULL,NULL,NULL,NULL,NULL),(40977,4509,'Daiana leiva',NULL,'dni','34-80516-8',NULL,NULL,NULL,NULL,NULL,NULL,'2021-05-31 17:23:06','2021-05-31 17:23:06',NULL,NULL,NULL,NULL,NULL,NULL,NULL),(40978,4509,'Eduardo Benitez',NULL,'dni','34-83111-0',NULL,NULL,NULL,NULL,NULL,NULL,'2021-05-31 17:23:06','2021-05-31 17:23:06',NULL,NULL,NULL,NULL,NULL,NULL,NULL),(40979,4509,'Matias Gisbert',NULL,'dni','34-87832-9',NULL,NULL,NULL,NULL,NULL,NULL,'2021-05-31 17:23:06','2021-05-31 17:23:06',NULL,NULL,NULL,NULL,NULL,NULL,NULL);
INSERT INTO `persons` VALUES (40980,4509,'AYELEN GIMENEZ',NULL,'dni','35-00266-4',NULL,NULL,NULL,NULL,NULL,NULL,'2021-05-31 17:23:06','2021-05-31 17:23:06',NULL,NULL,NULL,NULL,NULL,NULL,NULL),(40981,4509,'Juan Garcia',NULL,'dni','35-01739-0',NULL,NULL,NULL,NULL,NULL,NULL,'2021-05-31 17:23:06','2021-05-31 17:23:06',NULL,NULL,NULL,NULL,NULL,NULL,NULL),(40982,4509,'Judith Mizrahi',NULL,'dni','35-06975-6',NULL,NULL,NULL,NULL,NULL,NULL,'2021-05-31 17:23:06','2021-05-31 17:23:06',NULL,NULL,NULL,NULL,NULL,NULL,NULL),(40983,4509,'ivan gomez',NULL,'dni','35-08816-1',NULL,NULL,NULL,NULL,NULL,NULL,'2021-05-31 17:23:07','2021-05-31 17:23:07',NULL,NULL,NULL,NULL,NULL,NULL,NULL),(40984,4509,'lucas aguilar',NULL,'dni','35-15577-9',NULL,NULL,NULL,NULL,NULL,NULL,'2021-05-31 17:23:07','2021-05-31 17:23:07',NULL,NULL,NULL,NULL,NULL,NULL,NULL),(40985,4509,'Osvaldo Espindola',NULL,'dni','35-54874-3',NULL,NULL,NULL,NULL,NULL,NULL,'2021-05-31 17:23:07','2021-05-31 17:23:07',NULL,NULL,NULL,NULL,NULL,NULL,NULL),(40986,4509,'juan muoz',NULL,'dni','35-55918-0',NULL,NULL,NULL,NULL,NULL,NULL,'2021-05-31 17:23:07','2021-05-31 17:23:07',NULL,NULL,NULL,NULL,NULL,NULL,NULL),(40987,4509,'fernando saucedo',NULL,'dni','35-86190-1',NULL,NULL,NULL,NULL,NULL,NULL,'2021-05-31 17:23:07','2021-05-31 17:23:07',NULL,NULL,NULL,NULL,NULL,NULL,NULL),(40988,4509,'Fernando Chavero',NULL,'dni','35-93609-7',NULL,NULL,NULL,NULL,NULL,NULL,'2021-05-31 17:23:07','2021-05-31 17:23:07',NULL,NULL,NULL,NULL,NULL,NULL,NULL),(40989,4509,'Amilcar Gasparotti',NULL,'dni','36-05458-3',NULL,NULL,NULL,NULL,NULL,NULL,'2021-05-31 17:23:07','2021-05-31 17:23:07',NULL,NULL,NULL,NULL,NULL,NULL,NULL),(40990,4509,'Agustina Correa Gomez',NULL,'dni','36-07527-0',NULL,NULL,NULL,NULL,NULL,NULL,'2021-05-31 17:23:07','2021-05-31 17:23:07',NULL,NULL,NULL,NULL,NULL,NULL,NULL),(40991,4509,'matias urenda',NULL,'dni','36-14028-5',NULL,NULL,NULL,NULL,NULL,NULL,'2021-05-31 17:23:07','2021-05-31 17:23:07',NULL,NULL,NULL,NULL,NULL,NULL,NULL),(40992,4509,'Frenado  Raies ',NULL,'dni','36-14390-7',NULL,NULL,NULL,NULL,NULL,NULL,'2021-05-31 17:23:07','2021-05-31 17:23:07',NULL,NULL,NULL,NULL,NULL,NULL,NULL),(40993,4509,'Elio eleuterio Toranzo',NULL,'dni','36-20616-1',NULL,NULL,NULL,NULL,NULL,NULL,'2021-05-31 17:23:07','2021-05-31 17:23:07',NULL,NULL,NULL,NULL,NULL,NULL,NULL),(40994,4509,'Hugo luciano Tevez',NULL,'dni','36-24250-2',NULL,NULL,NULL,NULL,NULL,NULL,'2021-05-31 17:23:07','2021-05-31 17:23:07',NULL,NULL,NULL,NULL,NULL,NULL,NULL),(40995,4509,'Ivana rios',NULL,'dni','36-34276-4',NULL,NULL,NULL,NULL,NULL,NULL,'2021-05-31 17:23:07','2021-05-31 17:23:07',NULL,NULL,NULL,NULL,NULL,NULL,NULL),(40996,4509,'PAOLA BERTOLOTTO',NULL,'dni','36-35610-8',NULL,NULL,NULL,NULL,NULL,NULL,'2021-05-31 17:23:07','2021-05-31 17:23:07',NULL,NULL,NULL,NULL,NULL,NULL,NULL),(40997,4509,'Daiana Bonet',NULL,'dni','36-43549-5',NULL,NULL,NULL,NULL,NULL,NULL,'2021-05-31 17:23:07','2021-05-31 17:23:07',NULL,NULL,NULL,NULL,NULL,NULL,NULL),(40998,4509,'miguel alejandro paredes',NULL,'dni','36-52658-4',NULL,NULL,NULL,NULL,NULL,NULL,'2021-05-31 17:23:07','2021-05-31 17:23:07',NULL,NULL,NULL,NULL,NULL,NULL,NULL),(40999,4509,'Sabina Depierro',NULL,'dni','36-52686-7',NULL,NULL,NULL,NULL,NULL,NULL,'2021-05-31 17:23:07','2021-05-31 17:23:07',NULL,NULL,NULL,NULL,NULL,NULL,NULL),(41000,4509,'Jonathan Zambon',NULL,'dni','36-52702-5',NULL,NULL,NULL,NULL,NULL,NULL,'2021-05-31 17:23:07','2021-05-31 17:23:07',NULL,NULL,NULL,NULL,NULL,NULL,NULL),(41001,4509,'Micaela Colabello',NULL,'dni','36-88413-4',NULL,NULL,NULL,NULL,NULL,NULL,'2021-05-31 17:23:07','2021-05-31 17:23:07',NULL,NULL,NULL,NULL,NULL,NULL,NULL),(41002,4509,'Juan Conci',NULL,'dni','36-89216-0',NULL,NULL,NULL,NULL,NULL,NULL,'2021-05-31 17:23:07','2021-05-31 17:23:07',NULL,NULL,NULL,NULL,NULL,NULL,NULL),(41003,4509,'Emiliano Beaufils',NULL,'dni','37-11428-9',NULL,NULL,NULL,NULL,NULL,NULL,'2021-05-31 17:23:07','2021-05-31 17:23:07',NULL,NULL,NULL,NULL,NULL,NULL,NULL);
INSERT INTO `persons` VALUES (41004,4509,'Daniel Delpiano',NULL,'dni','37-11835-7',NULL,NULL,NULL,NULL,NULL,NULL,'2021-05-31 17:23:07','2021-05-31 17:23:07',NULL,NULL,NULL,NULL,NULL,NULL,NULL),(41005,4509,'Juan Pablo Nuez',NULL,'dni','37-19697-2',NULL,NULL,NULL,NULL,NULL,NULL,'2021-05-31 17:23:08','2021-05-31 17:23:08',NULL,NULL,NULL,NULL,NULL,NULL,NULL),(41006,4509,'Axel Chemali',NULL,'dni','37-40616-3',NULL,NULL,NULL,NULL,NULL,NULL,'2021-05-31 17:23:08','2021-05-31 17:23:08',NULL,NULL,NULL,NULL,NULL,NULL,NULL),(41007,4509,'Lucas Placenti',NULL,'dni','37-54693-0',NULL,NULL,NULL,NULL,NULL,NULL,'2021-05-31 17:23:08','2021-05-31 17:23:08',NULL,NULL,NULL,NULL,NULL,NULL,NULL),(41008,4509,'Mariita Gutierrez',NULL,'dni','37-69176-1',NULL,NULL,NULL,NULL,NULL,NULL,'2021-05-31 17:23:08','2021-05-31 17:23:08',NULL,NULL,NULL,NULL,NULL,NULL,NULL),(41009,4509,'Egle Raquel Fernandez',NULL,'dni','37-71012-8',NULL,NULL,NULL,NULL,NULL,NULL,'2021-05-31 17:23:08','2021-05-31 17:23:08',NULL,NULL,NULL,NULL,NULL,NULL,NULL),(41010,4509,'Alvaro Damian Gonzalez Amerise',NULL,'dni','37-91810-5',NULL,NULL,NULL,NULL,NULL,NULL,'2021-05-31 17:23:08','2021-05-31 17:23:08',NULL,NULL,NULL,NULL,NULL,NULL,NULL),(41011,4509,'Brenda Alvarez',NULL,'dni','37-99101-1',NULL,NULL,NULL,NULL,NULL,NULL,'2021-05-31 17:23:08','2021-05-31 17:23:08',NULL,NULL,NULL,NULL,NULL,NULL,NULL),(41012,4509,'Andrea Silva',NULL,'dni','38-12199-8',NULL,NULL,NULL,NULL,NULL,NULL,'2021-05-31 17:23:08','2021-05-31 17:23:08',NULL,NULL,NULL,NULL,NULL,NULL,NULL),(41013,4509,'alanizpaola727 alanizpaola727',NULL,'dni','38-22162-0',NULL,NULL,NULL,NULL,NULL,NULL,'2021-05-31 17:23:08','2021-05-31 17:23:08',NULL,NULL,NULL,NULL,NULL,NULL,NULL),(41014,4509,'Paula Carrizo',NULL,'dni','38-36317-4',NULL,NULL,NULL,NULL,NULL,NULL,'2021-05-31 17:23:08','2021-05-31 17:23:08',NULL,NULL,NULL,NULL,NULL,NULL,NULL),(41015,4509,'Doorwin Aberturas',NULL,'dni','38-49770-5',NULL,NULL,NULL,NULL,NULL,NULL,'2021-05-31 17:23:08','2021-05-31 17:23:08',NULL,NULL,NULL,NULL,NULL,NULL,NULL),(41016,4509,'Bruno Parada',NULL,'dni','38-79995-4',NULL,NULL,NULL,NULL,NULL,NULL,'2021-05-31 17:23:08','2021-05-31 17:23:08',NULL,NULL,NULL,NULL,NULL,NULL,NULL),(41017,4509,'Ignacio Latorre',NULL,'dni','38-84006-6',NULL,NULL,NULL,NULL,NULL,NULL,'2021-05-31 17:23:08','2021-05-31 17:23:08',NULL,NULL,NULL,NULL,NULL,NULL,NULL),(41018,4509,'FEDERICO FERNANDEZ',NULL,'dni','38-92930-0',NULL,NULL,NULL,NULL,NULL,NULL,'2021-05-31 17:23:08','2021-05-31 17:23:08',NULL,NULL,NULL,NULL,NULL,NULL,NULL),(41019,4509,'alexander sanuto',NULL,'dni','39-04857-5',NULL,NULL,NULL,NULL,NULL,NULL,'2021-05-31 17:23:08','2021-05-31 17:23:08',NULL,NULL,NULL,NULL,NULL,NULL,NULL),(41020,4509,'Gabriel Castro',NULL,'dni','39-29211-6',NULL,NULL,NULL,NULL,NULL,NULL,'2021-05-31 17:23:08','2021-05-31 17:23:08',NULL,NULL,NULL,NULL,NULL,NULL,NULL),(41021,4509,'Ricardo Lopez',NULL,'dni','39-39289-5',NULL,NULL,NULL,NULL,NULL,NULL,'2021-05-31 17:23:08','2021-05-31 17:23:08',NULL,NULL,NULL,NULL,NULL,NULL,NULL),(41022,4509,'Agustin Galfre',NULL,'dni','39-44731-5',NULL,NULL,NULL,NULL,NULL,NULL,'2021-05-31 17:23:08','2021-05-31 17:23:08',NULL,NULL,NULL,NULL,NULL,NULL,NULL),(41023,4509,'Julio Toscano',NULL,'dni','39-47392-8',NULL,NULL,NULL,NULL,NULL,NULL,'2021-05-31 17:23:08','2021-05-31 17:23:08',NULL,NULL,NULL,NULL,NULL,NULL,NULL),(41024,4509,'Juan Cruz Mercado',NULL,'dni','39-94208-9',NULL,NULL,NULL,NULL,NULL,NULL,'2021-05-31 17:23:08','2021-05-31 17:23:08',NULL,NULL,NULL,NULL,NULL,NULL,NULL),(41025,4509,'Luis Fernando Yapura',NULL,'dni','39-99778-5',NULL,NULL,NULL,NULL,NULL,NULL,'2021-05-31 17:23:08','2021-05-31 17:23:08',NULL,NULL,NULL,NULL,NULL,NULL,NULL),(41026,4509,'Ezequiel Maximiliano Lopez',NULL,'dni','40-09967-1',NULL,NULL,NULL,NULL,NULL,NULL,'2021-05-31 17:23:08','2021-05-31 17:23:08',NULL,NULL,NULL,NULL,NULL,NULL,NULL),(41027,4509,'Juliana Maribel Ansaldi',NULL,'dni','40-16344-8',NULL,NULL,NULL,NULL,NULL,NULL,'2021-05-31 17:23:08','2021-05-31 17:23:08',NULL,NULL,NULL,NULL,NULL,NULL,NULL);
INSERT INTO `persons` VALUES (41028,4509,'Nidia Ceresole',NULL,'dni','41-01872-5',NULL,NULL,NULL,NULL,NULL,NULL,'2021-05-31 17:23:09','2021-05-31 17:23:09',NULL,NULL,NULL,NULL,NULL,NULL,NULL),(41029,4509,'Martin Homps',NULL,'dni','41-09946-5',NULL,NULL,NULL,NULL,NULL,NULL,'2021-05-31 17:23:09','2021-05-31 17:23:09',NULL,NULL,NULL,NULL,NULL,NULL,NULL),(41030,4509,'Miranda Gonzlez',NULL,'dni','41-10344-4',NULL,NULL,NULL,NULL,NULL,NULL,'2021-05-31 17:23:09','2021-05-31 17:23:09',NULL,NULL,NULL,NULL,NULL,NULL,NULL),(41031,4509,'Hernan Suarez',NULL,'dni','41-27333-0',NULL,NULL,NULL,NULL,NULL,NULL,'2021-05-31 17:23:09','2021-05-31 17:23:09',NULL,NULL,NULL,NULL,NULL,NULL,NULL),(41032,4509,'Guadalupe Paez',NULL,'dni','41-28442-1',NULL,NULL,NULL,NULL,NULL,NULL,'2021-05-31 17:23:09','2021-05-31 17:23:09',NULL,NULL,NULL,NULL,NULL,NULL,NULL),(41033,4509,'fernando Bircher',NULL,'dni','41-51477-1',NULL,NULL,NULL,NULL,NULL,NULL,'2021-05-31 17:23:09','2021-05-31 17:23:09',NULL,NULL,NULL,NULL,NULL,NULL,NULL),(41034,4509,'Lautaro Navarro',NULL,'dni','41-75285-4',NULL,NULL,NULL,NULL,NULL,NULL,'2021-05-31 17:23:09','2021-05-31 17:23:09',NULL,NULL,NULL,NULL,NULL,NULL,NULL),(41035,4509,'Josias Emanuel Urutti',NULL,'dni','41-76075-0',NULL,NULL,NULL,NULL,NULL,NULL,'2021-05-31 17:23:09','2021-05-31 17:23:09',NULL,NULL,NULL,NULL,NULL,NULL,NULL),(41036,4509,'Ezequiel Alejandro Fernandez',NULL,'dni','42-14463-7',NULL,NULL,NULL,NULL,NULL,NULL,'2021-05-31 17:23:09','2021-05-31 17:23:09',NULL,NULL,NULL,NULL,NULL,NULL,NULL),(41037,4509,'Soledad Zugnoni',NULL,'dni','42-41839-7',NULL,NULL,NULL,NULL,NULL,NULL,'2021-05-31 17:23:09','2021-05-31 17:23:09',NULL,NULL,NULL,NULL,NULL,NULL,NULL),(41038,4509,'Facundo Schmid',NULL,'dni','42-71485-4',NULL,NULL,NULL,NULL,NULL,NULL,'2021-05-31 17:23:09','2021-05-31 17:23:09',NULL,NULL,NULL,NULL,NULL,NULL,NULL),(41039,4509,'Candela Pavlich',NULL,'dni','42-95508-6',NULL,NULL,NULL,NULL,NULL,NULL,'2021-05-31 17:23:09','2021-05-31 17:23:09',NULL,NULL,NULL,NULL,NULL,NULL,NULL),(41040,4509,'Juan Martin',NULL,'dni','43-24410-8',NULL,NULL,NULL,NULL,NULL,NULL,'2021-05-31 17:23:09','2021-05-31 17:23:09',NULL,NULL,NULL,NULL,NULL,NULL,NULL),(41041,4509,'lucas  Martinez',NULL,'dni','43-34161-2',NULL,NULL,NULL,NULL,NULL,NULL,'2021-05-31 17:23:09','2021-05-31 17:23:09',NULL,NULL,NULL,NULL,NULL,NULL,NULL),(41042,4509,'Kevin Flores',NULL,'dni','43-84936-3',NULL,NULL,NULL,NULL,NULL,NULL,'2021-05-31 17:23:09','2021-05-31 17:23:09',NULL,NULL,NULL,NULL,NULL,NULL,NULL),(41043,4509,'Gonzalo Barone',NULL,'dni','43-89792-1',NULL,NULL,NULL,NULL,NULL,NULL,'2021-05-31 17:23:09','2021-05-31 17:23:09',NULL,NULL,NULL,NULL,NULL,NULL,NULL),(41044,4509,'nacho gerez',NULL,'dni','43-89872-9',NULL,NULL,NULL,NULL,NULL,NULL,'2021-05-31 17:23:09','2021-05-31 17:23:09',NULL,NULL,NULL,NULL,NULL,NULL,NULL),(41045,4509,'Benja Ruffini',NULL,'dni','45-59167-3',NULL,NULL,NULL,NULL,NULL,NULL,'2021-05-31 17:23:09','2021-05-31 17:23:09',NULL,NULL,NULL,NULL,NULL,NULL,NULL),(41046,4509,'julio esteban deniz britos',NULL,'dni','92-32269-7',NULL,NULL,NULL,NULL,NULL,NULL,'2021-05-31 17:23:09','2021-05-31 17:23:09',NULL,NULL,NULL,NULL,NULL,NULL,NULL),(41047,4509,'alexis alberto',NULL,'dni','92-96597-9',NULL,NULL,NULL,NULL,NULL,NULL,'2021-05-31 17:23:09','2021-05-31 17:23:09',NULL,NULL,NULL,NULL,NULL,NULL,NULL),(41048,4509,'Manuel Eduardo Astete',NULL,'dni','93-05290-1',NULL,NULL,NULL,NULL,NULL,NULL,'2021-05-31 17:23:09','2021-05-31 17:23:09',NULL,NULL,NULL,NULL,NULL,NULL,NULL),(41049,4509,'wlamyr silva',NULL,'dni','93-26765-8',NULL,NULL,NULL,NULL,NULL,NULL,'2021-05-31 17:23:09','2021-05-31 17:23:09',NULL,NULL,NULL,NULL,NULL,NULL,NULL),(41050,4509,'FRANCISCO GARCIA Y MENENDEZ',NULL,'dni','93-73387-6',NULL,NULL,NULL,NULL,NULL,NULL,'2021-05-31 17:23:09','2021-05-31 17:23:09',NULL,NULL,NULL,NULL,NULL,NULL,NULL),(41051,4509,'paola marques sangiorgi',NULL,'dni','93-92776-6',NULL,NULL,NULL,NULL,NULL,NULL,'2021-05-31 17:23:09','2021-05-31 17:23:09',NULL,NULL,NULL,NULL,NULL,NULL,NULL);
INSERT INTO `persons` VALUES (41052,4509,'debora flores',NULL,'dni','93-95519-5',NULL,NULL,NULL,NULL,NULL,NULL,'2021-05-31 17:23:10','2021-05-31 17:23:10',NULL,NULL,NULL,NULL,NULL,NULL,NULL),(41053,4509,'leo wu',NULL,'dni','94-04601-2',NULL,NULL,NULL,NULL,NULL,NULL,'2021-05-31 17:23:10','2021-05-31 17:23:10',NULL,NULL,NULL,NULL,NULL,NULL,NULL),(41054,4509,'Reinaldo Romero',NULL,'dni','94-06388-8',NULL,NULL,NULL,NULL,NULL,NULL,'2021-05-31 17:23:10','2021-05-31 17:23:10',NULL,NULL,NULL,NULL,NULL,NULL,NULL),(41055,4509,'israel marco leon ordoez',NULL,'dni','94-12503-5',NULL,NULL,NULL,NULL,NULL,NULL,'2021-05-31 17:23:10','2021-05-31 17:23:10',NULL,NULL,NULL,NULL,NULL,NULL,NULL),(41056,4509,'Wilmar esteban Reales Renteria',NULL,'dni','94-78371-8',NULL,NULL,NULL,NULL,NULL,NULL,'2021-05-31 17:23:10','2021-05-31 17:23:10',NULL,NULL,NULL,NULL,NULL,NULL,NULL),(41057,4509,'juliocesarcapunayinga juliocesarcapunayinga',NULL,'dni','94-81243-4',NULL,NULL,NULL,NULL,NULL,NULL,'2021-05-31 17:23:10','2021-05-31 17:23:10',NULL,NULL,NULL,NULL,NULL,NULL,NULL),(41058,4509,'sixto pedrozo',NULL,'dni','94-86350-3',NULL,NULL,NULL,NULL,NULL,NULL,'2021-05-31 17:23:10','2021-05-31 17:23:10',NULL,NULL,NULL,NULL,NULL,NULL,NULL),(41059,4509,'Nelson Copete',NULL,'dni','95-26887-8',NULL,NULL,NULL,NULL,NULL,NULL,'2021-05-31 17:23:10','2021-05-31 17:23:10',NULL,NULL,NULL,NULL,NULL,NULL,NULL),(41060,4509,'Timothy Cullen',NULL,'dni','95-61271-2',NULL,NULL,NULL,NULL,NULL,NULL,'2021-05-31 17:23:10','2021-05-31 17:23:10',NULL,NULL,NULL,NULL,NULL,NULL,NULL),(41061,4509,'Francia Gudio',NULL,'dni','95-97176-6',NULL,NULL,NULL,NULL,NULL,NULL,'2021-05-31 17:23:10','2021-05-31 17:23:10',NULL,NULL,NULL,NULL,NULL,NULL,NULL),(41062,4509,'Giacobone Juan Cesar',NULL,'cuit','20-11347700-9',NULL,NULL,NULL,NULL,NULL,NULL,'2021-05-31 17:23:10','2021-05-31 17:23:10',NULL,NULL,NULL,NULL,NULL,NULL,NULL),(41063,4509,'BIAGGI SERGIO DOMINGO',NULL,'cuit','20-11722225-0',NULL,NULL,NULL,NULL,NULL,NULL,'2021-05-31 17:23:10','2021-05-31 17:23:10',NULL,NULL,NULL,NULL,NULL,NULL,NULL),(41064,4509,'EICHLER EDUARDO HUGO',NULL,'cuit','20-12155336-9',NULL,NULL,NULL,NULL,NULL,NULL,'2021-05-31 17:23:10','2021-05-31 17:23:10',NULL,NULL,NULL,NULL,NULL,NULL,NULL),(41065,4509,'ARRATE JOSE LUIS',NULL,'cuit','20-13207323-7',NULL,NULL,NULL,NULL,NULL,NULL,'2021-05-31 17:23:10','2021-05-31 17:23:10',NULL,NULL,NULL,NULL,NULL,NULL,NULL),(41066,4509,'ADRIAN  SANCHEZ',NULL,'cuit','20-17520326-6',NULL,NULL,NULL,NULL,NULL,NULL,'2021-05-31 17:23:10','2021-05-31 17:23:10',NULL,NULL,NULL,NULL,NULL,NULL,NULL),(41067,4509,'LEAL FABIAN DANIEL',NULL,'cuit','20-17751343-2',NULL,NULL,NULL,NULL,NULL,NULL,'2021-05-31 17:23:10','2021-05-31 17:23:10',NULL,NULL,NULL,NULL,NULL,NULL,NULL),(41068,4509,'MOUCHET JORGE GABRIEL',NULL,'cuit','20-17937386-7',NULL,NULL,NULL,NULL,NULL,NULL,'2021-05-31 17:23:10','2021-05-31 17:23:10',NULL,NULL,NULL,NULL,NULL,NULL,NULL),(41069,4509,'Roda Sergio Esteban ',NULL,'cuit','20-20285135-6',NULL,NULL,NULL,NULL,NULL,NULL,'2021-05-31 17:23:10','2021-05-31 17:23:10',NULL,NULL,NULL,NULL,NULL,NULL,NULL),(41070,4509,'ADRIAN DAVID CABALLERO',NULL,'cuit','20-20511621-5',NULL,NULL,NULL,NULL,NULL,NULL,'2021-05-31 17:23:10','2021-05-31 17:23:10',NULL,NULL,NULL,NULL,NULL,NULL,NULL),(41071,4509,'GUILLERMO JOSE HELLBUSCH',NULL,'cuit','20-20553437-8',NULL,NULL,NULL,NULL,NULL,NULL,'2021-05-31 17:23:10','2021-05-31 17:23:10',NULL,NULL,NULL,NULL,NULL,NULL,NULL),(41072,4509,'RICARDO DANIEL GARBOSSA',NULL,'cuit','20-21142576-9',NULL,NULL,NULL,NULL,NULL,NULL,'2021-05-31 17:23:10','2021-05-31 17:23:10',NULL,NULL,NULL,NULL,NULL,NULL,NULL),(41073,4509,'OVIDIO JAVIER TALAVERA',NULL,'cuit','20-22052385-4',NULL,NULL,NULL,NULL,NULL,NULL,'2021-05-31 17:23:10','2021-05-31 17:23:10',NULL,NULL,NULL,NULL,NULL,NULL,NULL),(41074,4509,'Andres Buczyner',NULL,'cuit','20-24438893-1',NULL,NULL,NULL,NULL,NULL,NULL,'2021-05-31 17:23:10','2021-05-31 17:23:10',NULL,NULL,NULL,NULL,NULL,NULL,NULL);
INSERT INTO `persons` VALUES (41075,4509,'SERGIO MEDINA',NULL,'cuit','20-27026455-8',NULL,NULL,NULL,NULL,NULL,NULL,'2021-05-31 17:23:11','2021-05-31 17:23:11',NULL,NULL,NULL,NULL,NULL,NULL,NULL),(41076,4509,'Juan Jose Perera',NULL,'cuit','20-28194316-3',NULL,NULL,NULL,NULL,NULL,NULL,'2021-05-31 17:23:11','2021-05-31 17:23:11',NULL,NULL,NULL,NULL,NULL,NULL,NULL),(41077,4509,'marcos sebastian bellesi',NULL,'cuit','20-30682822-4',NULL,NULL,NULL,NULL,NULL,NULL,'2021-05-31 17:23:11','2021-05-31 17:23:11',NULL,NULL,NULL,NULL,NULL,NULL,NULL),(41078,4509,'PAOLUCCI JORGE EMILIO',NULL,'cuit','20-31056398-7',NULL,NULL,NULL,NULL,NULL,NULL,'2021-05-31 17:23:11','2021-05-31 17:23:11',NULL,NULL,NULL,NULL,NULL,NULL,NULL),(41079,4509,'Alexis Martina',NULL,'cuit','20-31692052-8',NULL,NULL,NULL,NULL,NULL,NULL,'2021-05-31 17:23:11','2021-05-31 17:23:11',NULL,NULL,NULL,NULL,NULL,NULL,NULL),(41080,4509,'lucas pallone',NULL,'cuit','20-31937481-8',NULL,NULL,NULL,NULL,NULL,NULL,'2021-05-31 17:23:11','2021-05-31 17:23:11',NULL,NULL,NULL,NULL,NULL,NULL,NULL),(41081,4509,'LEANDRO OWENS',NULL,'cuit','20-32650033-0',NULL,NULL,NULL,NULL,NULL,NULL,'2021-05-31 17:23:11','2021-05-31 17:23:11',NULL,NULL,NULL,NULL,NULL,NULL,NULL),(41082,4509,'Joel Balda',NULL,'cuit','20-35291837-8',NULL,NULL,NULL,NULL,NULL,NULL,'2021-05-31 17:23:11','2021-05-31 17:23:11',NULL,NULL,NULL,NULL,NULL,NULL,NULL),(41083,4509,'ABEL LOPEZ',NULL,'cuit','20-92696581-7',NULL,NULL,NULL,NULL,NULL,NULL,'2021-05-31 17:23:11','2021-05-31 17:23:11',NULL,NULL,NULL,NULL,NULL,NULL,NULL),(41084,4509,'WILSON JESUS LAURA ALCOCER',NULL,'cuit','20-92868088-7',NULL,NULL,NULL,NULL,NULL,NULL,'2021-05-31 17:23:11','2021-05-31 17:23:11',NULL,NULL,NULL,NULL,NULL,NULL,NULL),(41085,4509,'MARISA FABIANA CAPPELLARI',NULL,'cuit','23-20193841-4',NULL,NULL,NULL,NULL,NULL,NULL,'2021-05-31 17:23:11','2021-05-31 17:23:11',NULL,NULL,NULL,NULL,NULL,NULL,NULL),(41086,4509,'NORMA GRACIELA RECALDE',NULL,'cuit','23-22855639-4',NULL,NULL,NULL,NULL,NULL,NULL,'2021-05-31 17:23:11','2021-05-31 17:23:11',NULL,NULL,NULL,NULL,NULL,NULL,NULL),(41087,4509,'CARDOSO  CARLOS JAVIER',NULL,'cuit','23-34358405-9',NULL,NULL,NULL,NULL,NULL,NULL,'2021-05-31 17:23:11','2021-05-31 17:23:11',NULL,NULL,NULL,NULL,NULL,NULL,NULL),(41088,4509,'SILVA MARIA DE LUJAN',NULL,'cuit','27-17203370-4',NULL,NULL,NULL,NULL,NULL,NULL,'2021-05-31 17:23:11','2021-05-31 17:23:11',NULL,NULL,NULL,NULL,NULL,NULL,NULL),(41089,4509,'Daniela Silvina Farias',NULL,'cuit','27-27856040-1',NULL,NULL,NULL,NULL,NULL,NULL,'2021-05-31 17:23:11','2021-05-31 17:23:11',NULL,NULL,NULL,NULL,NULL,NULL,NULL),(41090,4509,'TRANSPORTES OLIVOS SOCIEDAD ANONIMA COMERCIAL INMOBILIARIA Y FINANCIERA',NULL,'cuit','30-51743143-1',NULL,NULL,NULL,NULL,NULL,NULL,'2021-05-31 17:23:11','2021-05-31 17:23:11',NULL,NULL,NULL,NULL,NULL,NULL,NULL),(41091,4509,'LUIS J D SCORZA Y CIA S A',NULL,'cuit','30-51973379-6',NULL,NULL,NULL,NULL,NULL,NULL,'2021-05-31 17:23:11','2021-05-31 17:23:11',NULL,NULL,NULL,NULL,NULL,NULL,NULL),(41092,4509,'MENER PLAN S R L',NULL,'cuit','30-62915616-6',NULL,NULL,NULL,NULL,NULL,NULL,'2021-05-31 17:23:11','2021-05-31 17:23:11',NULL,NULL,NULL,NULL,NULL,NULL,NULL),(41093,4509,'GOMERIAS NEUMEN SA',NULL,'cuit','30-64007937-8',NULL,NULL,NULL,NULL,NULL,NULL,'2021-05-31 17:23:11','2021-05-31 17:23:11',NULL,NULL,NULL,NULL,NULL,NULL,NULL),(41094,4509,'Fastener Tools SA',NULL,'cuit','30-64256667-5',NULL,NULL,NULL,NULL,NULL,NULL,'2021-05-31 17:23:12','2021-05-31 17:23:12',NULL,NULL,NULL,NULL,NULL,NULL,NULL),(41095,4509,'Fas Forestal SRL',NULL,'cuit','30-67026728-4',NULL,NULL,NULL,NULL,NULL,NULL,'2021-05-31 17:23:12','2021-05-31 17:23:12',NULL,NULL,NULL,NULL,NULL,NULL,NULL),(41096,4509,'CONTENEDORES HUGO SA',NULL,'cuit','30-68967475-1',NULL,NULL,NULL,NULL,NULL,NULL,'2021-05-31 17:23:12','2021-05-31 17:23:12',NULL,NULL,NULL,NULL,NULL,NULL,NULL),(41097,4509,'Asociacion Insp de Cauce Tyan',NULL,'cuit','30-69032619-8',NULL,NULL,NULL,NULL,NULL,NULL,'2021-05-31 17:23:12','2021-05-31 17:23:12',NULL,NULL,NULL,NULL,NULL,NULL,NULL);
INSERT INTO `persons` VALUES (41098,4509,'El trebol Srl',NULL,'cuit','30-69886629-9',NULL,NULL,NULL,NULL,NULL,NULL,'2021-05-31 17:23:12','2021-05-31 17:23:12',NULL,NULL,NULL,NULL,NULL,NULL,NULL),(41099,4509,'tve srl',NULL,'cuit','30-70732446-1',NULL,NULL,NULL,NULL,NULL,NULL,'2021-05-31 17:23:12','2021-05-31 17:23:12',NULL,NULL,NULL,NULL,NULL,NULL,NULL),(41100,4509,'AMERICANTEC SRL',NULL,'cuit','30-70749952-0',NULL,NULL,NULL,NULL,NULL,NULL,'2021-05-31 17:23:12','2021-05-31 17:23:12',NULL,NULL,NULL,NULL,NULL,NULL,NULL),(41101,4509,'marketing promos argentina sa',NULL,'cuit','30-70802060-1',NULL,NULL,NULL,NULL,NULL,NULL,'2021-05-31 17:23:12','2021-05-31 17:23:12',NULL,NULL,NULL,NULL,NULL,NULL,NULL),(41102,4509,'EMERALD CONST ARGENTINA SA',NULL,'cuit','30-70819204-6',NULL,NULL,NULL,NULL,NULL,NULL,'2021-05-31 17:23:12','2021-05-31 17:23:12',NULL,NULL,NULL,NULL,NULL,NULL,NULL),(41103,4509,'Pem Productos Electricos SA',NULL,'cuit','30-70834964-6',NULL,NULL,NULL,NULL,NULL,NULL,'2021-05-31 17:23:12','2021-05-31 17:23:12',NULL,NULL,NULL,NULL,NULL,NULL,NULL),(41104,4509,'PIRIS RAUL M Y GOMEZ SERGIO G S DE H',NULL,'cuit','30-70859699-6',NULL,NULL,NULL,NULL,NULL,NULL,'2021-05-31 17:23:12','2021-05-31 17:23:12',NULL,NULL,NULL,NULL,NULL,NULL,NULL),(41105,4509,'Pizarro Mariel y Marinoni Sabrina SH',NULL,'cuit','30-70884139-7',NULL,NULL,NULL,NULL,NULL,NULL,'2021-05-31 17:23:12','2021-05-31 17:23:12',NULL,NULL,NULL,NULL,NULL,NULL,NULL),(41106,4509,'EQUIPAMIENTO PARA EMPRESAS SRL',NULL,'cuit','30-71132572-3',NULL,NULL,NULL,NULL,NULL,NULL,'2021-05-31 17:23:12','2021-05-31 17:23:12',NULL,NULL,NULL,NULL,NULL,NULL,NULL),(41107,4509,'Custodia de Archivos Austral SA',NULL,'cuit','30-71172969-7',NULL,NULL,NULL,NULL,NULL,NULL,'2021-05-31 17:23:12','2021-05-31 17:23:12',NULL,NULL,NULL,NULL,NULL,NULL,NULL),(41108,4509,'ideas y emprendimientos del norte sa ',NULL,'cuit','30-71177433-1',NULL,NULL,NULL,NULL,NULL,NULL,'2021-05-31 17:23:12','2021-05-31 17:23:12',NULL,NULL,NULL,NULL,NULL,NULL,NULL),(41109,4509,'FIRST LIGHT LATIN AMERICAN SRL',NULL,'cuit','30-71211655-9',NULL,NULL,NULL,NULL,NULL,NULL,'2021-05-31 17:23:12','2021-05-31 17:23:12',NULL,NULL,NULL,NULL,NULL,NULL,NULL),(41110,4509,'Global Net',NULL,'cuit','30-71412160-6',NULL,NULL,NULL,NULL,NULL,NULL,'2021-05-31 17:23:12','2021-05-31 17:23:12',NULL,NULL,NULL,NULL,NULL,NULL,NULL),(41111,4509,'MC PINTURAS SA',NULL,'cuit','30-71428499-8',NULL,NULL,NULL,NULL,NULL,NULL,'2021-05-31 17:23:12','2021-05-31 17:23:12',NULL,NULL,NULL,NULL,NULL,NULL,NULL),(41112,4509,'Plumilla SA',NULL,'cuit','30-71533869-2',NULL,NULL,NULL,NULL,NULL,NULL,'2021-05-31 17:23:13','2021-05-31 17:23:13',NULL,NULL,NULL,NULL,NULL,NULL,NULL),(41113,4509,'KOVET SRL',NULL,'cuit','30-71534102-2',NULL,NULL,NULL,NULL,NULL,NULL,'2021-05-31 17:23:13','2021-05-31 17:23:13',NULL,NULL,NULL,NULL,NULL,NULL,NULL),(41114,4509,'REVESTIMIENTO SUR SAS',NULL,'cuit','30-71658375-5',NULL,NULL,NULL,NULL,NULL,NULL,'2021-05-31 17:23:13','2021-05-31 17:23:13',NULL,NULL,NULL,NULL,NULL,NULL,NULL),(41115,4509,'PRODISMO SRL',NULL,'cuit','33-54778858-9',NULL,NULL,NULL,NULL,NULL,NULL,'2021-05-31 17:23:13','2021-05-31 17:23:13',NULL,NULL,NULL,NULL,NULL,NULL,NULL),(41116,4509,'Wide Net SRL',NULL,'cuit','33-68565280-9',NULL,NULL,NULL,NULL,NULL,NULL,'2021-05-31 17:23:13','2021-05-31 17:23:13',NULL,NULL,NULL,NULL,NULL,NULL,NULL),(41117,4509,'El Gallego SA',NULL,'cuit','33-71127777-9',NULL,NULL,NULL,NULL,NULL,NULL,'2021-05-31 17:23:13','2021-05-31 17:23:13',NULL,NULL,NULL,NULL,NULL,NULL,NULL),(41118,4509,'LAURA KARINA GALIANO',NULL,'cuit','27-28769779-7',NULL,NULL,NULL,NULL,NULL,NULL,'2021-05-31 17:23:13','2021-05-31 17:23:13',NULL,NULL,NULL,NULL,NULL,NULL,NULL),(41119,4509,'LUSQTOFF ARGENTINA SA',NULL,'cuit','30-71207115-6',NULL,NULL,NULL,NULL,NULL,NULL,'2021-05-31 17:23:13','2021-05-31 17:23:13',NULL,NULL,NULL,NULL,NULL,NULL,NULL),(41120,4509,'Aliafor SA',NULL,'cuit','30-62702810-1',NULL,NULL,NULL,NULL,NULL,NULL,'2021-05-31 17:23:13','2021-05-31 17:23:13',NULL,NULL,NULL,NULL,NULL,NULL,NULL);
INSERT INTO `persons` VALUES (41121,4509,'Comprando en Grupo NET SA',NULL,'cuit','30-71211681-8',NULL,NULL,NULL,NULL,NULL,NULL,'2021-05-31 17:23:13','2021-05-31 17:23:13',NULL,NULL,NULL,NULL,NULL,NULL,NULL),(41122,4509,'GACINOL SRL',NULL,'cuit','30-71142032-7',NULL,NULL,NULL,NULL,NULL,NULL,'2021-05-31 17:23:13','2021-05-31 17:23:13',NULL,NULL,NULL,NULL,NULL,NULL,NULL),(41123,4509,'HG COMEX SAS',NULL,'cuit','30-71595727-9',NULL,NULL,NULL,NULL,NULL,NULL,'2021-05-31 17:23:13','2021-05-31 17:23:13',NULL,NULL,NULL,NULL,NULL,NULL,NULL),(41124,4509,'TOMAS PIZZI PRUDENTE',NULL,'cuit','20-39467433-9',NULL,NULL,NULL,NULL,NULL,NULL,'2021-05-31 17:23:13','2021-05-31 17:23:13',NULL,NULL,NULL,NULL,NULL,NULL,NULL),(41125,4509,'GRADUA SA',NULL,'cuit','30-71527041-9',NULL,NULL,NULL,NULL,NULL,NULL,'2021-05-31 17:23:13','2021-05-31 17:23:13',NULL,NULL,NULL,NULL,NULL,NULL,NULL),(41126,4509,'Sciaccaluga Leonardo',NULL,'cuit','20-32325156-9',NULL,NULL,NULL,NULL,NULL,NULL,'2021-05-31 17:23:13','2021-05-31 17:23:13',NULL,NULL,NULL,NULL,NULL,NULL,NULL),(41127,4509,'Loma Pack',NULL,'cuit','30-71675991-8',NULL,NULL,NULL,NULL,NULL,NULL,'2021-05-31 17:23:13','2021-05-31 17:23:13',NULL,NULL,NULL,NULL,NULL,NULL,NULL),(41128,4509,'PABLO VICTOR NONIS',NULL,'cuit','20-17663964-5',NULL,NULL,NULL,NULL,NULL,NULL,'2021-05-31 17:23:13','2021-05-31 17:23:13',NULL,NULL,NULL,NULL,NULL,NULL,NULL),(41129,4509,'MELI LOG SRL',NULL,'cuit','30-71568605-4',NULL,NULL,NULL,NULL,NULL,NULL,'2021-05-31 17:23:13','2021-05-31 17:23:13',NULL,NULL,NULL,NULL,NULL,NULL,NULL),(41130,4509,'Mercado libre srl',NULL,'cuit','30-70308853-4',NULL,NULL,NULL,NULL,NULL,NULL,'2021-05-31 17:23:14','2021-05-31 17:23:14',NULL,NULL,NULL,NULL,NULL,NULL,NULL),(41131,4509,'IIBB Coeficiente',NULL,'cuit','30-54668997-9',NULL,NULL,NULL,NULL,NULL,NULL,'2021-05-31 17:48:52','2021-05-31 17:48:52',1,NULL,2,NULL,NULL,NULL,NULL),(41132,4509,'MARCELO UMBRAZUN SRL',NULL,'cuit','30-70766113-1',NULL,NULL,NULL,NULL,NULL,NULL,'2021-05-31 17:55:18','2021-05-31 17:55:18',NULL,NULL,NULL,NULL,NULL,NULL,NULL),(41133,4509,'ASOCIACION ARGENTINA DE LOS ADVENTISTAS DEL SEPTIMO DIA',NULL,'cuit','30-50097401-6',NULL,NULL,NULL,NULL,NULL,NULL,'2021-05-31 17:55:18','2021-05-31 17:55:18',NULL,NULL,NULL,NULL,NULL,NULL,NULL),(41134,4509,'SOCIEDAD ESPAOLA DE BENEFICENCIA HOSPITAL ESPAOL',NULL,'cuit','30-54587609-0',NULL,NULL,NULL,NULL,NULL,NULL,'2021-05-31 17:55:18','2021-05-31 17:55:18',NULL,NULL,NULL,NULL,NULL,NULL,NULL),(41135,4509,'ELECTROMED SRL',NULL,'cuit','33-63863822-9',NULL,NULL,NULL,NULL,NULL,NULL,'2021-05-31 17:55:18','2021-05-31 17:55:18',NULL,NULL,NULL,NULL,NULL,NULL,NULL),(41136,4509,'NEPHROLOGY SA',NULL,'cuit','30-69216903-0',NULL,NULL,NULL,NULL,NULL,NULL,'2021-05-31 17:55:18','2021-05-31 17:55:18',NULL,NULL,NULL,NULL,NULL,NULL,NULL),(41137,4509,'Alexander Fleming SA',NULL,'cuit','30-64533797-9',NULL,NULL,NULL,NULL,NULL,NULL,'2021-05-31 17:55:18','2021-05-31 17:55:18',NULL,NULL,NULL,NULL,NULL,NULL,NULL),(41138,4509,'Asociacin Civil de Estudios Superiores ACES',NULL,'cuit','30-59495091-3',NULL,NULL,NULL,NULL,NULL,NULL,'2021-05-31 17:55:19','2021-05-31 17:55:19',NULL,NULL,NULL,NULL,NULL,NULL,NULL),(41139,4509,'INSTITUTO ARGENTINO DE DIAGNOSTICO Y TRATAMIENTO SA',NULL,'cuit','30-54586675-3',NULL,NULL,NULL,NULL,NULL,NULL,'2021-05-31 17:55:19','2021-05-31 17:55:19',NULL,NULL,NULL,NULL,NULL,NULL,NULL),(41140,4509,'LOGIN DOOR SA',NULL,'cuit','30-71124438-3',NULL,NULL,NULL,NULL,NULL,NULL,'2021-05-31 17:55:19','2021-05-31 17:55:19',NULL,NULL,NULL,NULL,NULL,NULL,NULL),(41141,4509,'Silver Cross America Inc SA',NULL,'cuit','30-66343419-1',NULL,NULL,NULL,NULL,NULL,NULL,'2021-05-31 17:55:19','2021-05-31 17:55:19',NULL,NULL,NULL,NULL,NULL,NULL,NULL),(41142,4509,'CENTRO DE EDUCACION MEDICA E INVESTIGACIONES CLINICAS NORBERTO QUIRNO-CEMIC-',NULL,'cuit','30-54612840-3',NULL,NULL,NULL,NULL,NULL,NULL,'2021-05-31 17:55:19','2021-05-31 17:55:19',NULL,NULL,NULL,NULL,NULL,NULL,NULL);
INSERT INTO `persons` VALUES (41143,4509,'INSTITUTO MEDICO MATER DEI S A',NULL,'cuit','30-54614945-1',NULL,NULL,NULL,NULL,NULL,NULL,'2021-05-31 17:55:19','2021-05-31 17:55:19',NULL,NULL,NULL,NULL,NULL,NULL,NULL),(41144,4509,'INTEMUN SA',NULL,'cuit','30-71250460-5',NULL,NULL,NULL,NULL,NULL,NULL,'2021-05-31 17:55:19','2021-05-31 17:55:19',NULL,NULL,NULL,NULL,NULL,NULL,NULL),(41145,4509,'M C CENTRO DE DIALISIS SOCIEDAD DE RESPONSABILIDAD LIMITADA',NULL,'cuit','33-61404342-9',NULL,NULL,NULL,NULL,NULL,NULL,'2021-05-31 17:55:19','2021-05-31 17:55:19',NULL,NULL,NULL,NULL,NULL,NULL,NULL),(41146,4509,'APEX INSUMOS MEDICOS SRL',NULL,'cuit','30-71424620-4',NULL,NULL,NULL,NULL,NULL,NULL,'2021-05-31 17:55:19','2021-05-31 17:55:19',NULL,NULL,NULL,NULL,NULL,NULL,NULL),(41147,4509,'HOSPITAL PRIVADO MODELO SACI',NULL,'cuit','30-54564752-0',NULL,NULL,NULL,NULL,NULL,NULL,'2021-05-31 17:55:19','2021-05-31 17:55:19',NULL,NULL,NULL,NULL,NULL,NULL,NULL),(41148,4509,'HOSPITAL PRIVADO NUESTRA SEORA DE LA MERCED SA',NULL,'cuit','30-56888885-1',NULL,NULL,NULL,NULL,NULL,NULL,'2021-05-31 17:55:19','2021-05-31 17:55:19',NULL,NULL,NULL,NULL,NULL,NULL,NULL),(41149,4509,'SALUTIS SA',NULL,'cuit','30-71102902-4',NULL,NULL,NULL,NULL,NULL,NULL,'2021-05-31 17:55:19','2021-05-31 17:55:19',NULL,NULL,NULL,NULL,NULL,NULL,NULL),(41150,4509,'SANATORIO MODELO DE CASEROS SA',NULL,'cuit','30-51938929-7',NULL,NULL,NULL,NULL,NULL,NULL,'2021-05-31 17:55:19','2021-05-31 17:55:19',NULL,NULL,NULL,NULL,NULL,NULL,NULL),(41151,4509,'CELSO S R L',NULL,'cuit','30-63294604-6',NULL,NULL,NULL,NULL,NULL,NULL,'2021-05-31 17:55:19','2021-05-31 17:55:19',NULL,NULL,NULL,NULL,NULL,NULL,NULL),(41152,4509,'Sanatorio de la Trinidad Quilmes SA',NULL,'cuit','30-59553593-6',NULL,NULL,NULL,NULL,NULL,NULL,'2021-05-31 17:55:19','2021-05-31 17:55:19',NULL,NULL,NULL,NULL,NULL,NULL,NULL),(41153,4509,'HOSPITAL ITALIANO DE LA PLATA ASOCIACIONDE SOCORROS MUTUOS Y BENEFICENCIA',NULL,'cuit','33-54585450-9',NULL,NULL,NULL,NULL,NULL,NULL,'2021-05-31 17:55:19','2021-05-31 17:55:19',NULL,NULL,NULL,NULL,NULL,NULL,NULL),(41154,4509,'SANATORIO JUNCAL SA',NULL,'cuit','30-66224901-3',NULL,NULL,NULL,NULL,NULL,NULL,'2021-05-31 17:55:20','2021-05-31 17:55:20',NULL,NULL,NULL,NULL,NULL,NULL,NULL),(41155,4509,'CLINICA INSTITUTO MEDICO DE LA RIBERA SA',NULL,'cuit','30-69204449-1',NULL,NULL,NULL,NULL,NULL,NULL,'2021-05-31 17:55:20','2021-05-31 17:55:20',NULL,NULL,NULL,NULL,NULL,NULL,NULL),(41156,4509,'ONIRIO SRL',NULL,'cuit','30-70892122-6',NULL,NULL,NULL,NULL,NULL,NULL,'2021-05-31 17:55:20','2021-05-31 17:55:20',NULL,NULL,NULL,NULL,NULL,NULL,NULL),(41157,4509,'SICOMED SA',NULL,'cuit','30-70758470-6',NULL,NULL,NULL,NULL,NULL,NULL,'2021-05-31 17:55:20','2021-05-31 17:55:20',NULL,NULL,NULL,NULL,NULL,NULL,NULL),(41158,4509,'Sanatorio Privado Mariano Acosta SA',NULL,'cuit','30-69158296-1',NULL,NULL,NULL,NULL,NULL,NULL,'2021-05-31 17:55:20','2021-05-31 17:55:20',NULL,NULL,NULL,NULL,NULL,NULL,NULL),(41159,4509,'MEDICINA CATAN SA',NULL,'cuit','30-70775826-7',NULL,NULL,NULL,NULL,NULL,NULL,'2021-05-31 17:55:20','2021-05-31 17:55:20',NULL,NULL,NULL,NULL,NULL,NULL,NULL),(41160,4509,'CLINICA LOS CEDROS DE TAPIALES SA',NULL,'cuit','30-60174646-4',NULL,NULL,NULL,NULL,NULL,NULL,'2021-05-31 17:55:20','2021-05-31 17:55:20',NULL,NULL,NULL,NULL,NULL,NULL,NULL),(41161,4509,'CLINICA CRUZ CELESTE S A C Y M',NULL,'cuit','30-54615993-7',NULL,NULL,NULL,NULL,NULL,NULL,'2021-05-31 17:55:20','2021-05-31 17:55:20',NULL,NULL,NULL,NULL,NULL,NULL,NULL),(41162,4509,'SOMED MEDICA SRL',NULL,'cuit','30-70852417-0',NULL,NULL,NULL,NULL,NULL,NULL,'2021-05-31 17:55:20','2021-05-31 17:55:20',NULL,NULL,NULL,NULL,NULL,NULL,NULL),(41163,4509,'MATERNOS S R L',NULL,'cuit','30-68374840-0',NULL,NULL,NULL,NULL,NULL,NULL,'2021-05-31 17:55:20','2021-05-31 17:55:20',NULL,NULL,NULL,NULL,NULL,NULL,NULL),(41164,4509,'FUNDACION PARA LA LUCHA CONTRA LAS ENFERMEDADES NEUROLOGICAS DE LA INFANCIA - FLENI',NULL,'cuit','33-56133060-9',NULL,NULL,NULL,NULL,NULL,NULL,'2021-05-31 17:55:20','2021-05-31 17:55:20',NULL,NULL,NULL,NULL,NULL,NULL,NULL);
INSERT INTO `persons` VALUES (41165,4509,'INSTITUTO CARDIOVASCULAR DE BUENOS AIRES SA',NULL,'cuit','30-59873954-0',NULL,NULL,NULL,NULL,NULL,NULL,'2021-05-31 17:55:20','2021-05-31 17:55:20',NULL,NULL,NULL,NULL,NULL,NULL,NULL),(41166,4509,'GRUPO PEDIATRICO SA',NULL,'cuit','30-71020845-6',NULL,NULL,NULL,NULL,NULL,NULL,'2021-05-31 17:55:20','2021-05-31 17:55:20',NULL,NULL,NULL,NULL,NULL,NULL,NULL),(41167,4509,'Asociacin Civil Mater Dei',NULL,'cuit','30-54584853-4',NULL,NULL,NULL,NULL,NULL,NULL,'2021-05-31 17:55:21','2021-05-31 17:55:21',NULL,NULL,NULL,NULL,NULL,NULL,NULL),(41168,4509,'UNIDAD RENAL RIO CUARTO SRL',NULL,'cuit','30-66844059-9',NULL,NULL,NULL,NULL,NULL,NULL,'2021-05-31 17:55:21','2021-05-31 17:55:21',NULL,NULL,NULL,NULL,NULL,NULL,NULL),(41169,4509,'Tecles Cecilia Alejandra',NULL,'cuit','27-17428955-2',NULL,NULL,NULL,NULL,NULL,NULL,'2021-05-31 17:55:21','2021-05-31 17:55:21',NULL,NULL,NULL,NULL,NULL,NULL,NULL),(41170,4509,'DROGUERIA RIBERA DEL PARANA SA',NULL,'cuit','30-71607847-3',NULL,NULL,NULL,NULL,NULL,NULL,'2021-05-31 17:55:21','2021-05-31 17:55:21',NULL,NULL,NULL,NULL,NULL,NULL,NULL),(41171,4509,'CLINICA MODELO LOS CEDROS SA',NULL,'cuit','30-55484176-3',NULL,NULL,NULL,NULL,NULL,NULL,'2021-05-31 17:55:21','2021-05-31 17:55:21',NULL,NULL,NULL,NULL,NULL,NULL,NULL),(41172,4509,'Hospital Alemn Asociacin Civil',NULL,'cuit','30-54584303-6',NULL,NULL,NULL,NULL,NULL,NULL,'2021-05-31 17:55:21','2021-05-31 17:55:21',NULL,NULL,NULL,NULL,NULL,NULL,NULL),(41173,4509,'C P N SOCIEDAD ANONIMA',NULL,'cuit','30-70781683-6',NULL,NULL,NULL,NULL,NULL,NULL,'2021-05-31 17:55:21','2021-05-31 17:55:21',NULL,NULL,NULL,NULL,NULL,NULL,NULL),(41174,4509,'SIJEMEDIC SRL',NULL,'cuit','30-71028740-2',NULL,NULL,NULL,NULL,NULL,NULL,'2021-05-31 17:55:21','2021-05-31 17:55:21',NULL,NULL,NULL,NULL,NULL,NULL,NULL),(41175,4509,'OBRA SOCIAL DEL PERSONAL DE DIRECCION ACCION SOCIAL DE EMPRESARIOS ASE -ASOCIACION CIVIL',NULL,'cuit','30-57807999-4',NULL,NULL,NULL,NULL,NULL,NULL,'2021-05-31 17:55:21','2021-05-31 17:55:21',NULL,NULL,NULL,NULL,NULL,NULL,NULL),(41176,4509,'DIAGNOSTICO MAIPU POR IMAGENES S A',NULL,'cuit','33-61241756-9',NULL,NULL,NULL,NULL,NULL,NULL,'2021-05-31 17:55:21','2021-05-31 17:55:21',NULL,NULL,NULL,NULL,NULL,NULL,NULL),(41177,4509,'CAPNO BS AS SA',NULL,'cuit','30-71192929-7',NULL,NULL,NULL,NULL,NULL,NULL,'2021-05-31 17:55:21','2021-05-31 17:55:21',NULL,NULL,NULL,NULL,NULL,NULL,NULL),(41178,4509,'ITALMEDICA SRL',NULL,'cuit','30-65178230-5',NULL,NULL,NULL,NULL,NULL,NULL,'2021-05-31 17:55:21','2021-05-31 17:55:21',NULL,NULL,NULL,NULL,NULL,NULL,NULL),(41179,4509,'BIOTECNOLOGICA SRL',NULL,'cuit','30-70863757-9',NULL,NULL,NULL,NULL,NULL,NULL,'2021-05-31 17:55:21','2021-05-31 17:55:21',NULL,NULL,NULL,NULL,NULL,NULL,NULL),(41180,4509,'RODRIGUEZ DARA EDEL',NULL,'cuit','27-36190800-2',NULL,NULL,NULL,NULL,NULL,NULL,'2021-05-31 17:55:21','2021-05-31 17:55:21',NULL,NULL,NULL,NULL,NULL,NULL,NULL),(41181,4509,'ORGANIZACION MEDICA S A',NULL,'cuit','33-69450385-9',NULL,NULL,NULL,NULL,NULL,NULL,'2021-05-31 17:55:21','2021-05-31 17:55:21',NULL,NULL,NULL,NULL,NULL,NULL,NULL),(41182,4509,'CLINICA IMA SA',NULL,'cuit','30-58708802-5',NULL,NULL,NULL,NULL,NULL,NULL,'2021-05-31 17:55:21','2021-05-31 17:55:21',NULL,NULL,NULL,NULL,NULL,NULL,NULL),(41183,4509,'DISTRISALUD SA',NULL,'cuit','30-71178995-9',NULL,NULL,NULL,NULL,NULL,NULL,'2021-05-31 17:55:22','2021-05-31 17:55:22',NULL,NULL,NULL,NULL,NULL,NULL,NULL),(41184,4509,'BCMED',NULL,'cuit','30-71675961-6',NULL,NULL,NULL,NULL,NULL,NULL,'2021-05-31 17:55:22','2021-05-31 17:55:22',NULL,NULL,NULL,NULL,NULL,NULL,NULL),(41185,4509,'Maxx Medical SRL',NULL,'cuit','30-70816685-1',NULL,NULL,NULL,NULL,NULL,NULL,'2021-05-31 17:55:22','2021-05-31 17:55:22',NULL,NULL,NULL,NULL,NULL,NULL,NULL),(41186,4509,'GAUSBI',NULL,'cuit','30-71667034-8',NULL,NULL,NULL,NULL,NULL,NULL,'2021-05-31 17:55:22','2021-05-31 17:55:22',NULL,NULL,NULL,NULL,NULL,NULL,NULL);
INSERT INTO `persons` VALUES (41187,4509,'CEOS MEDICA SA',NULL,'cuit','33-63893399-9',NULL,NULL,NULL,NULL,NULL,NULL,'2021-05-31 17:55:22','2021-05-31 17:55:22',NULL,NULL,NULL,NULL,NULL,NULL,NULL),(41188,4509,'INSTITUTO OTORRINOLARINGOLOGICO ARAUZ SA',NULL,'cuit','33-54586484-9',NULL,NULL,NULL,NULL,NULL,NULL,'2021-05-31 17:55:22','2021-05-31 17:55:22',NULL,NULL,NULL,NULL,NULL,NULL,NULL),(41189,4509,'INTENSE LIFE SA',NULL,'cuit','30-69755886-8',NULL,NULL,NULL,NULL,NULL,NULL,'2021-05-31 17:55:22','2021-05-31 17:55:22',NULL,NULL,NULL,NULL,NULL,NULL,NULL),(41190,4509,'Dinamed Baha SRL',NULL,'cuit','30-71196980-9',NULL,NULL,NULL,NULL,NULL,NULL,'2021-05-31 17:55:22','2021-05-31 17:55:22',NULL,NULL,NULL,NULL,NULL,NULL,NULL),(41191,4509,'MEDI PLUS SRL',NULL,'cuit','30-70863354-9',NULL,NULL,NULL,NULL,NULL,NULL,'2021-05-31 17:55:22','2021-05-31 17:55:22',NULL,NULL,NULL,NULL,NULL,NULL,NULL),(41192,4509,'INSUMOS NORVIC SRL',NULL,'cuit','30-71096670-9',NULL,NULL,NULL,NULL,NULL,NULL,'2021-05-31 17:55:22','2021-05-31 17:55:22',NULL,NULL,NULL,NULL,NULL,NULL,NULL),(41193,4509,'Galeno Argentina SA',NULL,'cuit','30-52242816-3',NULL,NULL,NULL,NULL,NULL,NULL,'2021-05-31 17:55:23','2021-05-31 17:55:23',NULL,NULL,NULL,NULL,NULL,NULL,NULL),(41194,4509,'MARCOS Y HUGO LIBEDINSKY S A',NULL,'cuit','30-61932955-0',NULL,NULL,NULL,NULL,NULL,NULL,'2021-05-31 17:55:23','2021-05-31 17:55:23',NULL,NULL,NULL,NULL,NULL,NULL,NULL),(41195,4509,'CLIMO SA',NULL,'cuit','30-61534960-3',NULL,NULL,NULL,NULL,NULL,NULL,'2021-05-31 17:55:23','2021-05-31 17:55:23',NULL,NULL,NULL,NULL,NULL,NULL,NULL),(41196,4509,'DROGUERIA FARMA OESTE SA',NULL,'cuit','30-71640007-3',NULL,NULL,NULL,NULL,NULL,NULL,'2021-05-31 17:55:23','2021-05-31 17:55:23',NULL,NULL,NULL,NULL,NULL,NULL,NULL),(41197,4509,'CLINICA PRIVADA PROVINCIAL SOCIEDAD ANONIMA',NULL,'cuit','33-60730840-9',NULL,NULL,NULL,NULL,NULL,NULL,'2021-05-31 17:55:23','2021-05-31 17:55:23',NULL,NULL,NULL,NULL,NULL,NULL,NULL),(41198,4509,'SANATORIO OTAMENDI Y MIROLI SA',NULL,'cuit','30-54585245-0',NULL,NULL,NULL,NULL,NULL,NULL,'2021-05-31 17:55:23','2021-05-31 17:55:23',NULL,NULL,NULL,NULL,NULL,NULL,NULL),(41199,4509,'INSTITUTO MEDICO MODELO S A',NULL,'cuit','30-62732646-3',NULL,NULL,NULL,NULL,NULL,NULL,'2021-05-31 17:55:23','2021-05-31 17:55:23',NULL,NULL,NULL,NULL,NULL,NULL,NULL),(41200,4509,'SAT MEDICA SA',NULL,'cuit','30-67802386-4',NULL,NULL,NULL,NULL,NULL,NULL,'2021-05-31 17:55:24','2021-05-31 17:55:24',NULL,NULL,NULL,NULL,NULL,NULL,NULL),(41201,4509,'MARTINEZ MARTA',NULL,'cuit','27-04981007-0',NULL,NULL,NULL,NULL,NULL,NULL,'2021-05-31 17:55:24','2021-05-31 17:55:24',NULL,NULL,NULL,NULL,NULL,NULL,NULL),(41202,4509,'GARCIA FERIS GABRIEL DARIO',NULL,'cuit','20-18410862-4',NULL,NULL,NULL,NULL,NULL,NULL,'2021-05-31 17:55:24','2021-05-31 17:55:24',NULL,NULL,NULL,NULL,NULL,NULL,NULL),(41203,4509,'Fundacion Instituto de Tecnologias Nucleares para la Salud Intecnus',NULL,'cuit','30-71533258-9',NULL,NULL,NULL,NULL,NULL,NULL,'2021-05-31 17:55:24','2021-05-31 17:55:24',NULL,NULL,NULL,NULL,NULL,NULL,NULL),(41204,4509,'CLINICA PRIVADA CIUDAD SA',NULL,'cuit','30-71435480-5',NULL,NULL,NULL,NULL,NULL,NULL,'2021-05-31 17:55:24','2021-05-31 17:55:24',NULL,NULL,NULL,NULL,NULL,NULL,NULL),(41205,4509,'OLAZABAL 319 SA',NULL,'cuit','30-71452181-7',NULL,NULL,NULL,NULL,NULL,NULL,'2021-05-31 17:55:24','2021-05-31 17:55:24',NULL,NULL,NULL,NULL,NULL,NULL,NULL),(41206,4509,'CLINICA PRIVADA ALCORTA SA',NULL,'cuit','30-61565164-4',NULL,NULL,NULL,NULL,NULL,NULL,'2021-05-31 17:55:25','2021-05-31 17:55:25',NULL,NULL,NULL,NULL,NULL,NULL,NULL),(41207,4509,'SEREBRINSKY ROBERTO JULIO',NULL,'cuit','20-12276300-6',NULL,NULL,NULL,NULL,NULL,NULL,'2021-05-31 17:55:25','2021-05-31 17:55:25',NULL,NULL,NULL,NULL,NULL,NULL,NULL),(41208,4509,'MEGARED CORP SOCIEDAD ANONIMA',NULL,'cuit','30-70969641-2',NULL,NULL,NULL,NULL,NULL,NULL,'2021-05-31 17:55:25','2021-05-31 17:55:25',NULL,NULL,NULL,NULL,NULL,NULL,NULL);
INSERT INTO `persons` VALUES (41209,4509,'DESARROLLOS EN SALUD SOCIEDAD ANONIMA',NULL,'cuit','33-56236950-9',NULL,NULL,NULL,NULL,NULL,NULL,'2021-05-31 17:55:25','2021-05-31 17:55:25',NULL,NULL,NULL,NULL,NULL,NULL,NULL),(41210,4509,'ALCLA SOCIEDAD ANONIMA COMERCIAL INDUSTRIAL FINANCIERA INMOBILIARIA Y AGROP',NULL,'cuit','30-51951135-1',NULL,NULL,NULL,NULL,NULL,NULL,'2021-05-31 17:55:25','2021-05-31 17:55:25',NULL,NULL,NULL,NULL,NULL,NULL,NULL),(41211,4509,'Sanatorio San Lucas SA',NULL,'cuit','30-54610707-4',NULL,NULL,NULL,NULL,NULL,NULL,'2021-05-31 17:55:25','2021-05-31 17:55:25',NULL,NULL,NULL,NULL,NULL,NULL,NULL),(41212,4509,'CLINICA PRIVADA INDEPENDENCIA SA',NULL,'cuit','33-58569470-9',NULL,NULL,NULL,NULL,NULL,NULL,'2021-05-31 17:55:26','2021-05-31 17:55:26',NULL,NULL,NULL,NULL,NULL,NULL,NULL),(41213,4509,'Clinica Monte Grande SA',NULL,'cuit','30-54606865-6',NULL,NULL,NULL,NULL,NULL,NULL,'2021-05-31 17:55:26','2021-05-31 17:55:26',NULL,NULL,NULL,NULL,NULL,NULL,NULL),(41214,4509,'Consumidor Final',NULL,'cuit','30-50225129-1',NULL,NULL,NULL,NULL,NULL,NULL,'2021-05-31 17:55:26','2021-05-31 17:55:26',NULL,NULL,NULL,NULL,NULL,NULL,NULL),(41215,4509,'ASOCIACION MUTUAL TRANSPORTE AUTOMOTOR',NULL,'cuit','30-52317976-0',NULL,NULL,NULL,NULL,NULL,NULL,'2021-05-31 17:55:26','2021-05-31 17:55:26',NULL,NULL,NULL,NULL,NULL,NULL,NULL),(41216,4509,'CONGREGACION HIJAS DE SAN CAMILO',NULL,'cuit','30-54590296-2',NULL,NULL,NULL,NULL,NULL,NULL,'2021-05-31 17:55:26','2021-05-31 17:55:26',NULL,NULL,NULL,NULL,NULL,NULL,NULL),(41217,4509,'OBRA SOCIAL DE LA UNION OBRERA METALURGICA DE LA REPUBLICA ARGENTINA OSUOMRA',NULL,'cuit','30-58520776-0',NULL,NULL,NULL,NULL,NULL,NULL,'2021-05-31 17:55:26','2021-05-31 17:55:26',NULL,NULL,NULL,NULL,NULL,NULL,NULL),(41218,4509,'Fundacin Hospitalaria',NULL,'cuit','30-58966325-6',NULL,NULL,NULL,NULL,NULL,NULL,'2021-05-31 17:55:26','2021-05-31 17:55:26',NULL,NULL,NULL,NULL,NULL,NULL,NULL),(41219,4509,'CASA HOSPITAL SAN JUAN DE DIOS',NULL,'cuit','30-69404450-2',NULL,NULL,NULL,NULL,NULL,NULL,'2021-05-31 17:55:26','2021-05-31 17:55:26',NULL,NULL,NULL,NULL,NULL,NULL,NULL),(41220,4509,'CONSEJO PROVINCIAL DE SALUD PUBLICA PCIADE RIO NEGRO',NULL,'cuit','30-64325873-7',NULL,NULL,NULL,NULL,NULL,NULL,'2021-05-31 17:55:26','2021-05-31 17:55:26',NULL,NULL,NULL,NULL,NULL,NULL,NULL),(41221,4509,'ALPI  ASOCIACION CIVIL',NULL,'cuit','30-54608977-7',NULL,NULL,NULL,NULL,NULL,NULL,'2021-05-31 17:55:27','2021-05-31 17:55:27',NULL,NULL,NULL,NULL,NULL,NULL,NULL),(41227,4509,'SANATORIO LAS LOMAS SA',NULL,'cuit','30-60511496-9',NULL,NULL,NULL,NULL,NULL,NULL,'2021-05-31 17:56:47','2021-05-31 17:56:47',NULL,NULL,NULL,NULL,NULL,NULL,NULL),(41228,4509,'HOSPITAL PRIVADO MARIANO MORENO SA',NULL,'cuit','30-70764277-3',NULL,NULL,NULL,NULL,NULL,NULL,'2021-05-31 17:56:48','2021-05-31 17:56:48',NULL,NULL,NULL,NULL,NULL,NULL,NULL),(41229,4509,'SANATORIO BERNAL SOCIEDAD DE RESPONSABILIDAD LIMITADA',NULL,'cuit','30-57223690-7',NULL,NULL,NULL,NULL,NULL,NULL,'2021-05-31 17:56:48','2021-05-31 17:56:48',NULL,NULL,NULL,NULL,NULL,NULL,NULL),(41230,4509,'SUPRAMED',NULL,'cuit','30-68580065-5',NULL,NULL,NULL,NULL,NULL,NULL,'2021-05-31 17:56:49','2021-05-31 17:56:49',NULL,NULL,NULL,NULL,NULL,NULL,NULL),(41231,4509,'INSTITUTO DE DIAGNOSTICO DE LA PLATA SA',NULL,'cuit','30-70860534-0',NULL,NULL,NULL,NULL,NULL,NULL,'2021-05-31 17:56:49','2021-05-31 17:56:49',NULL,NULL,NULL,NULL,NULL,NULL,NULL),(41232,4509,'SICOLL',NULL,'cuit','30-50000661-3',NULL,NULL,NULL,NULL,NULL,NULL,'2021-06-01 08:30:08','2021-06-01 08:30:08',1,NULL,2,NULL,NULL,NULL,NULL),(41233,NULL,'',NULL,'dni','99-99999999-9',NULL,NULL,NULL,NULL,NULL,NULL,NULL,NULL,NULL,NULL,NULL,NULL,NULL,NULL,NULL),(41234,4509,'IIBB ARBA',NULL,'cuit','30-64323334-3',NULL,NULL,NULL,NULL,NULL,NULL,'2021-06-03 07:56:11','2021-06-03 07:56:11',1,NULL,2,NULL,NULL,NULL,NULL),(41235,4509,'IIBB ADtg',NULL,'dni','39-157813',NULL,NULL,23,23,NULL,NULL,'2021-06-03 10:02:28','2021-06-03 10:02:28',NULL,NULL,1,NULL,NULL,NULL,NULL);

--
-- Table structure for table `presupuesto_config`
--

CREATE TABLE `presupuesto_config` (
  `id` int(10) unsigned NOT NULL AUTO_INCREMENT,
  `user_id` int(10) unsigned DEFAULT NULL,
  `person_id` int(10) unsigned NOT NULL,
  `num_inicial` int(10) unsigned NOT NULL DEFAULT '0',
  `created_at` timestamp NULL DEFAULT NULL,
  `updated_at` timestamp NULL DEFAULT NULL,
  `deleted_at` timestamp NULL DEFAULT NULL,
  PRIMARY KEY (`id`),
  KEY `presupuesto_config_person_id_foreign` (`person_id`),
  CONSTRAINT `presupuesto_config_person_id_foreign` FOREIGN KEY (`person_id`) REFERENCES `persons` (`id`)
) ENGINE=InnoDB DEFAULT CHARSET=utf8mb4 COLLATE=utf8mb4_unicode_ci;

--
-- Dumping data for table `presupuesto_config`
--


--
-- Table structure for table `presupuestos`
--

CREATE TABLE `presupuestos` (
  `id` int(10) unsigned NOT NULL AUTO_INCREMENT,
  `user_id` int(10) unsigned NOT NULL,
  `fecha` date NOT NULL DEFAULT '2019-12-23',
  `punto_venta_id` int(10) unsigned NOT NULL,
  `system_tax_id` int(10) unsigned NOT NULL DEFAULT '7',
  `numero` int(10) unsigned NOT NULL,
  `person_id` int(10) unsigned NOT NULL,
  `person_id_receptor` int(10) unsigned NOT NULL DEFAULT '3',
  `texto` longtext COLLATE utf8mb4_unicode_ci,
  `iva_si_no` tinyint(1) NOT NULL DEFAULT '0',
  `neto` decimal(16,2) NOT NULL DEFAULT '0.00',
  `iva` decimal(16,2) NOT NULL DEFAULT '0.00',
  `total` decimal(16,2) NOT NULL DEFAULT '0.00',
  `comentario` varchar(191) COLLATE utf8mb4_unicode_ci DEFAULT NULL,
  `created_at` timestamp NULL DEFAULT NULL,
  `updated_at` timestamp NULL DEFAULT NULL,
  `deleted_at` timestamp NULL DEFAULT NULL,
  PRIMARY KEY (`id`),
  KEY `presupuestos_punto_venta_id_foreign` (`punto_venta_id`),
  KEY `presupuestos_person_id_foreign` (`person_id`),
  KEY `presupuestos_person_id_receptor_foreign` (`person_id_receptor`),
  KEY `presupuestos_system_tax_id_foreign` (`system_tax_id`),
  CONSTRAINT `presupuestos_person_id_foreign` FOREIGN KEY (`person_id`) REFERENCES `persons` (`id`),
  CONSTRAINT `presupuestos_person_id_receptor_foreign` FOREIGN KEY (`person_id_receptor`) REFERENCES `persons` (`id`),
  CONSTRAINT `presupuestos_punto_venta_id_foreign` FOREIGN KEY (`punto_venta_id`) REFERENCES `fact_elec_puntos_venta` (`id`),
  CONSTRAINT `presupuestos_system_tax_id_foreign` FOREIGN KEY (`system_tax_id`) REFERENCES `system_taxes` (`id`)
) ENGINE=InnoDB DEFAULT CHARSET=utf8mb4 COLLATE=utf8mb4_unicode_ci;

--
-- Dumping data for table `presupuestos`
--


--
-- Table structure for table `querys`
--

CREATE TABLE `querys` (
  `id` bigint(20) unsigned NOT NULL AUTO_INCREMENT,
  `user_id` int(10) unsigned DEFAULT NULL,
  `descripcion` varchar(191) COLLATE utf8mb4_unicode_ci DEFAULT NULL,
  `habilitado` tinyint(1) NOT NULL DEFAULT '1',
  `created_at` timestamp NULL DEFAULT NULL,
  `updated_at` timestamp NULL DEFAULT NULL,
  `deleted_at` timestamp NULL DEFAULT NULL,
  PRIMARY KEY (`id`)
) ENGINE=InnoDB AUTO_INCREMENT=2 DEFAULT CHARSET=utf8mb4 COLLATE=utf8mb4_unicode_ci;

--
-- Dumping data for table `querys`
--

INSERT INTO `querys` VALUES (1,NULL,'Factura Electronica Masiva Productos',1,'2022-02-01 16:39:45','2022-02-01 16:39:45',NULL);

--
-- Table structure for table `querys_details`
--

CREATE TABLE `querys_details` (
  `id` bigint(20) unsigned NOT NULL AUTO_INCREMENT,
  `user_id` int(10) unsigned DEFAULT NULL,
  `person_id` int(10) unsigned DEFAULT NULL,
  `query_id` bigint(20) unsigned NOT NULL,
  `descripcion` longtext COLLATE utf8mb4_unicode_ci,
  `created_at` timestamp NULL DEFAULT NULL,
  `updated_at` timestamp NULL DEFAULT NULL,
  `deleted_at` timestamp NULL DEFAULT NULL,
  PRIMARY KEY (`id`),
  KEY `querys_details_query_id_foreign` (`query_id`),
  KEY `querys_details_person_id_foreign` (`person_id`),
  CONSTRAINT `querys_details_person_id_foreign` FOREIGN KEY (`person_id`) REFERENCES `persons` (`id`),
  CONSTRAINT `querys_details_query_id_foreign` FOREIGN KEY (`query_id`) REFERENCES `querys` (`id`)
) ENGINE=InnoDB DEFAULT CHARSET=utf8mb4 COLLATE=utf8mb4_unicode_ci;

--
-- Dumping data for table `querys_details`
--


--
-- Table structure for table `queue_proceso_resultado`
--

CREATE TABLE `queue_proceso_resultado` (
  `id` int(10) unsigned NOT NULL AUTO_INCREMENT,
  `user_id` int(10) unsigned DEFAULT NULL,
  `queue_proceso_id` int(10) unsigned DEFAULT NULL,
  `resultado` longtext COLLATE utf8mb4_unicode_ci,
  `created_at` timestamp NULL DEFAULT NULL,
  `updated_at` timestamp NULL DEFAULT NULL,
  `deleted_at` timestamp NULL DEFAULT NULL,
  PRIMARY KEY (`id`),
  KEY `queue_proceso_resultado_queue_proceso_id_foreign` (`queue_proceso_id`),
  CONSTRAINT `queue_proceso_resultado_queue_proceso_id_foreign` FOREIGN KEY (`queue_proceso_id`) REFERENCES `queue_procesos` (`id`)
) ENGINE=InnoDB DEFAULT CHARSET=utf8mb4 COLLATE=utf8mb4_unicode_ci;

--
-- Dumping data for table `queue_proceso_resultado`
--


--
-- Table structure for table `queue_procesos`
--

CREATE TABLE `queue_procesos` (
  `id` int(10) unsigned NOT NULL AUTO_INCREMENT,
  `user_id` int(10) unsigned DEFAULT NULL,
  `descripcion` text COLLATE utf8mb4_unicode_ci NOT NULL,
  `created_at` timestamp NULL DEFAULT NULL,
  `updated_at` timestamp NULL DEFAULT NULL,
  `deleted_at` timestamp NULL DEFAULT NULL,
  PRIMARY KEY (`id`)
) ENGINE=InnoDB AUTO_INCREMENT=5 DEFAULT CHARSET=utf8mb4 COLLATE=utf8mb4_unicode_ci;

--
-- Dumping data for table `queue_procesos`
--

INSERT INTO `queue_procesos` VALUES (1,NULL,'Importar - Excel',NULL,NULL,NULL),(2,NULL,'Importar - Mis Comprobantes',NULL,NULL,NULL),(3,NULL,'Importar - Portal IVA','2022-03-16 00:21:31','2022-03-16 00:21:31',NULL),(4,NULL,'Importar - Archivos PEM F8011','2022-07-10 22:44:02','2022-07-10 22:44:02',NULL);

--
-- Table structure for table `receipt_taxes`
--

CREATE TABLE `receipt_taxes` (
  `id` int(10) unsigned NOT NULL AUTO_INCREMENT,
  `user_id` int(10) unsigned DEFAULT NULL,
  `receipt_id` int(10) unsigned NOT NULL,
  `tax_id` int(10) unsigned DEFAULT NULL,
  `amount` decimal(16,2) NOT NULL,
  `tax_amount` decimal(16,2) NOT NULL DEFAULT '0.00',
  `taxable_iibb` int(11) NOT NULL DEFAULT '0',
  `iva_iibb` int(11) NOT NULL DEFAULT '0',
  `created_at` timestamp NULL DEFAULT NULL,
  `updated_at` timestamp NULL DEFAULT NULL,
  `deleted_at` timestamp NULL DEFAULT NULL,
  PRIMARY KEY (`id`),
  KEY `receipt_taxes_receipt_id_foreign` (`receipt_id`),
  CONSTRAINT `receipt_taxes_receipt_id_foreign` FOREIGN KEY (`receipt_id`) REFERENCES `receipts` (`id`)
) ENGINE=InnoDB AUTO_INCREMENT=770 DEFAULT CHARSET=utf8mb4 COLLATE=utf8mb4_unicode_ci;

--
-- Dumping data for table `receipt_taxes`
--

INSERT INTO `receipt_taxes` VALUES (1,4509,1,2,4514.86,948.12,2,1,'2021-05-31 17:22:54','2021-05-31 17:22:54',NULL),(2,4509,2,2,13223.14,2776.86,2,1,'2021-05-31 17:22:54','2021-05-31 17:22:54',NULL),(3,4509,3,2,2661.14,558.84,2,1,'2021-05-31 17:22:54','2021-05-31 17:22:54',NULL),(4,4509,4,2,1570.67,329.84,2,1,'2021-05-31 17:22:54','2021-05-31 17:22:54',NULL),(5,4509,5,2,948.33,199.15,2,1,'2021-05-31 17:22:54','2021-05-31 17:22:54',NULL),(6,4509,6,2,4018.24,843.83,2,1,'2021-05-31 17:22:54','2021-05-31 17:22:54',NULL),(7,4509,7,2,306.10,64.28,2,1,'2021-05-31 17:22:54','2021-05-31 17:22:54',NULL),(8,4509,7,1,3728.48,391.49,2,1,'2021-05-31 17:22:54','2021-05-31 17:22:54',NULL),(9,4509,8,2,57.86,12.15,2,1,'2021-05-31 17:22:54','2021-05-31 17:22:54',NULL),(10,4509,9,2,1959.33,411.46,2,1,'2021-05-31 17:22:54','2021-05-31 17:22:54',NULL),(11,4509,10,2,1274.76,267.70,2,1,'2021-05-31 17:22:55','2021-05-31 17:22:55',NULL),(12,4509,11,2,2096.05,440.17,2,1,'2021-05-31 17:22:55','2021-05-31 17:22:55',NULL),(13,4509,12,2,3223.14,676.86,2,1,'2021-05-31 17:22:55','2021-05-31 17:22:55',NULL),(14,4509,13,2,1356.62,284.89,2,1,'2021-05-31 17:22:55','2021-05-31 17:22:55',NULL),(15,4509,14,2,4062.81,853.19,2,1,'2021-05-31 17:22:55','2021-05-31 17:22:55',NULL),(16,4509,15,2,3710.76,779.26,2,1,'2021-05-31 17:22:55','2021-05-31 17:22:55',NULL),(17,4509,16,1,1785.62,187.49,2,1,'2021-05-31 17:22:55','2021-05-31 17:22:55',NULL),(18,4509,17,2,2140.48,449.50,2,1,'2021-05-31 17:22:55','2021-05-31 17:22:55',NULL),(19,4509,18,2,2969.43,623.58,2,1,'2021-05-31 17:22:55','2021-05-31 17:22:55',NULL),(20,4509,19,2,1528.90,321.07,2,1,'2021-05-31 17:22:55','2021-05-31 17:22:55',NULL),(21,4509,20,2,15000.00,3150.00,2,1,'2021-05-31 17:22:55','2021-05-31 17:22:55',NULL),(22,4509,21,2,1340.48,281.50,2,1,'2021-05-31 17:22:55','2021-05-31 17:22:55',NULL),(23,4509,22,2,2201.67,462.35,2,1,'2021-05-31 17:22:55','2021-05-31 17:22:55',NULL),(24,4509,23,2,2024.81,425.21,2,1,'2021-05-31 17:22:55','2021-05-31 17:22:55',NULL),(25,4509,24,2,6909.10,1450.91,2,1,'2021-05-31 17:22:55','2021-05-31 17:22:55',NULL),(26,4509,25,2,3710.76,779.26,2,1,'2021-05-31 17:22:55','2021-05-31 17:22:55',NULL),(27,4509,26,2,2420.67,508.34,2,1,'2021-05-31 17:22:55','2021-05-31 17:22:55',NULL),(28,4509,27,2,4876.05,1023.97,2,1,'2021-05-31 17:22:55','2021-05-31 17:22:55',NULL),(29,4509,28,2,2938.86,617.16,2,1,'2021-05-31 17:22:55','2021-05-31 17:22:55',NULL),(30,4509,29,2,1437.38,301.85,2,1,'2021-05-31 17:22:55','2021-05-31 17:22:55',NULL),(31,4509,30,2,2793.38,586.61,2,1,'2021-05-31 17:22:55','2021-05-31 17:22:55',NULL),(32,4509,31,2,1123.95,236.03,2,1,'2021-05-31 17:22:55','2021-05-31 17:22:55',NULL),(33,4509,32,2,4514.86,948.12,2,1,'2021-05-31 17:22:55','2021-05-31 17:22:55',NULL),(34,4509,33,2,1679.52,352.70,2,1,'2021-05-31 17:22:56','2021-05-31 17:22:56',NULL),(35,4509,34,2,1652.05,346.93,2,1,'2021-05-31 17:22:56','2021-05-31 17:22:56',NULL),(36,4509,35,2,596.33,125.23,2,1,'2021-05-31 17:22:56','2021-05-31 17:22:56',NULL),(37,4509,35,1,5072.38,532.60,2,1,'2021-05-31 17:22:56','2021-05-31 17:22:56',NULL),(38,4509,36,2,1652.05,346.93,2,1,'2021-05-31 17:22:56','2021-05-31 17:22:56',NULL),(39,4509,37,2,1397.90,293.56,2,1,'2021-05-31 17:22:56','2021-05-31 17:22:56',NULL),(40,4509,38,2,347.10,72.89,2,1,'2021-05-31 17:22:56','2021-05-31 17:22:56',NULL),(41,4509,38,1,714.00,74.97,2,1,'2021-05-31 17:22:56','2021-05-31 17:22:56',NULL),(42,4509,39,2,1794.62,376.87,2,1,'2021-05-31 17:22:56','2021-05-31 17:22:56',NULL),(43,4509,40,2,2728.90,573.07,2,1,'2021-05-31 17:22:56','2021-05-31 17:22:56',NULL),(44,4509,41,2,1409.71,296.04,2,1,'2021-05-31 17:22:56','2021-05-31 17:22:56',NULL),(45,4509,42,2,12553.71,2636.28,2,1,'2021-05-31 17:22:56','2021-05-31 17:22:56',NULL),(46,4509,43,2,2272.71,477.27,2,1,'2021-05-31 17:22:56','2021-05-31 17:22:56',NULL),(47,4509,44,2,2545.48,534.55,2,1,'2021-05-31 17:22:56','2021-05-31 17:22:56',NULL),(48,4509,45,2,114.86,24.12,2,1,'2021-05-31 17:22:56','2021-05-31 17:22:56',NULL);
INSERT INTO `receipt_taxes` VALUES (49,4509,46,1,1785.62,187.49,2,1,'2021-05-31 17:22:56','2021-05-31 17:22:56',NULL),(50,4509,47,2,17860.76,3750.76,2,1,'2021-05-31 17:22:56','2021-05-31 17:22:56',NULL),(51,4509,48,2,4091.71,859.26,2,1,'2021-05-31 17:22:56','2021-05-31 17:22:56',NULL),(52,4509,49,2,954.52,200.45,2,1,'2021-05-31 17:22:56','2021-05-31 17:22:56',NULL),(53,4509,50,2,1394.81,292.91,2,1,'2021-05-31 17:22:56','2021-05-31 17:22:56',NULL),(54,4509,51,2,4941.33,1037.68,2,1,'2021-05-31 17:22:56','2021-05-31 17:22:56',NULL),(55,4509,52,2,1770.90,371.89,2,1,'2021-05-31 17:22:56','2021-05-31 17:22:56',NULL),(56,4509,53,1,3393.62,356.33,2,1,'2021-05-31 17:22:56','2021-05-31 17:22:56',NULL),(57,4509,54,2,4133.95,868.13,2,1,'2021-05-31 17:22:56','2021-05-31 17:22:56',NULL),(58,4509,54,1,3393.62,356.33,2,1,'2021-05-31 17:22:56','2021-05-31 17:22:56',NULL),(59,4509,55,2,1263.24,265.28,2,1,'2021-05-31 17:22:56','2021-05-31 17:22:56',NULL),(60,4509,56,2,4514.86,948.12,2,1,'2021-05-31 17:22:57','2021-05-31 17:22:57',NULL),(61,4509,57,2,4379.33,919.66,2,1,'2021-05-31 17:22:57','2021-05-31 17:22:57',NULL),(62,4509,58,1,3312.19,347.78,2,1,'2021-05-31 17:22:57','2021-05-31 17:22:57',NULL),(63,4509,59,1,3393.62,356.33,2,1,'2021-05-31 17:22:57','2021-05-31 17:22:57',NULL),(64,4509,60,2,314.05,65.95,2,1,'2021-05-31 17:22:57','2021-05-31 17:22:57',NULL),(65,4509,61,2,1263.24,265.28,2,1,'2021-05-31 17:22:57','2021-05-31 17:22:57',NULL),(66,4509,62,2,3364.48,706.54,2,1,'2021-05-31 17:22:57','2021-05-31 17:22:57',NULL),(67,4509,63,1,2130.19,223.67,2,1,'2021-05-31 17:22:57','2021-05-31 17:22:57',NULL),(68,4509,64,2,4018.24,843.83,2,1,'2021-05-31 17:22:57','2021-05-31 17:22:57',NULL),(69,4509,65,2,1830.14,384.33,2,1,'2021-05-31 17:22:57','2021-05-31 17:22:57',NULL),(70,4509,66,2,1450.00,304.50,2,1,'2021-05-31 17:22:57','2021-05-31 17:22:57',NULL),(71,4509,67,2,3272.71,687.27,2,1,'2021-05-31 17:22:57','2021-05-31 17:22:57',NULL),(72,4509,68,1,1899.52,199.45,2,1,'2021-05-31 17:22:57','2021-05-31 17:22:57',NULL),(73,4509,69,2,1105.38,232.13,2,1,'2021-05-31 17:22:57','2021-05-31 17:22:57',NULL),(74,4509,70,2,2661.95,559.01,2,1,'2021-05-31 17:22:57','2021-05-31 17:22:57',NULL),(75,4509,71,2,1379.33,289.66,2,1,'2021-05-31 17:22:57','2021-05-31 17:22:57',NULL),(76,4509,72,2,1594.62,334.87,2,1,'2021-05-31 17:22:57','2021-05-31 17:22:57',NULL),(77,4509,73,1,1785.62,187.49,2,1,'2021-05-31 17:22:57','2021-05-31 17:22:57',NULL),(78,4509,74,2,950.43,199.59,2,1,'2021-05-31 17:22:57','2021-05-31 17:22:57',NULL),(79,4509,75,2,1653.95,347.33,2,1,'2021-05-31 17:22:57','2021-05-31 17:22:57',NULL),(80,4509,76,2,757.00,158.97,2,1,'2021-05-31 17:22:57','2021-05-31 17:22:57',NULL),(81,4509,77,2,1300.81,273.17,2,1,'2021-05-31 17:22:57','2021-05-31 17:22:57',NULL),(82,4509,78,2,347.10,72.89,2,1,'2021-05-31 17:22:57','2021-05-31 17:22:57',NULL),(83,4509,79,2,256.19,53.80,2,1,'2021-05-31 17:22:57','2021-05-31 17:22:57',NULL),(84,4509,79,1,507.24,53.26,2,1,'2021-05-31 17:22:57','2021-05-31 17:22:57',NULL),(85,4509,80,2,4514.86,948.12,2,1,'2021-05-31 17:22:58','2021-05-31 17:22:58',NULL),(86,4509,81,2,1068.57,224.40,2,1,'2021-05-31 17:22:58','2021-05-31 17:22:58',NULL),(87,4509,82,2,417.33,87.64,2,1,'2021-05-31 17:22:58','2021-05-31 17:22:58',NULL),(88,4509,82,1,507.24,53.26,2,1,'2021-05-31 17:22:58','2021-05-31 17:22:58',NULL),(89,4509,83,2,2024.81,425.21,2,1,'2021-05-31 17:22:58','2021-05-31 17:22:58',NULL),(90,4509,84,2,1562.00,328.02,2,1,'2021-05-31 17:22:58','2021-05-31 17:22:58',NULL),(91,4509,85,2,5480.14,1150.83,2,1,'2021-05-31 17:22:58','2021-05-31 17:22:58',NULL),(92,4509,86,2,4738.00,994.98,2,1,'2021-05-31 17:22:58','2021-05-31 17:22:58',NULL),(93,4509,87,2,2696.67,566.30,2,1,'2021-05-31 17:22:58','2021-05-31 17:22:58',NULL),(94,4509,88,2,1334.90,280.33,2,1,'2021-05-31 17:22:58','2021-05-31 17:22:58',NULL),(95,4509,89,2,1133.24,237.98,2,1,'2021-05-31 17:22:58','2021-05-31 17:22:58',NULL),(96,4509,90,2,1833.86,385.11,2,1,'2021-05-31 17:22:58','2021-05-31 17:22:58',NULL);
INSERT INTO `receipt_taxes` VALUES (97,4509,91,2,2838.86,596.16,2,1,'2021-05-31 17:22:58','2021-05-31 17:22:58',NULL),(98,4509,92,2,2619.19,550.03,2,1,'2021-05-31 17:22:58','2021-05-31 17:22:58',NULL),(99,4509,93,2,2164.95,454.64,2,1,'2021-05-31 17:22:58','2021-05-31 17:22:58',NULL),(100,4509,94,1,3312.19,347.78,2,1,'2021-05-31 17:22:58','2021-05-31 17:22:58',NULL),(101,4509,95,2,2880.14,604.83,2,1,'2021-05-31 17:22:58','2021-05-31 17:22:58',NULL),(102,4509,96,2,1394.19,292.78,2,1,'2021-05-31 17:22:58','2021-05-31 17:22:58',NULL),(103,4509,97,2,1847.71,388.02,2,1,'2021-05-31 17:22:58','2021-05-31 17:22:58',NULL),(104,4509,98,2,1334.90,280.33,2,1,'2021-05-31 17:22:58','2021-05-31 17:22:58',NULL),(105,4509,99,2,2065.29,433.71,2,1,'2021-05-31 17:22:58','2021-05-31 17:22:58',NULL),(106,4509,100,2,1652.05,346.93,2,1,'2021-05-31 17:22:58','2021-05-31 17:22:58',NULL),(107,4509,101,1,3285.05,344.93,2,1,'2021-05-31 17:22:58','2021-05-31 17:22:58',NULL),(108,4509,102,2,1621.05,340.42,2,1,'2021-05-31 17:22:58','2021-05-31 17:22:58',NULL),(109,4509,103,2,4379.33,919.66,2,1,'2021-05-31 17:22:58','2021-05-31 17:22:58',NULL),(110,4509,104,1,3285.05,344.93,2,1,'2021-05-31 17:22:59','2021-05-31 17:22:59',NULL),(111,4509,105,1,4511.33,473.69,2,1,'2021-05-31 17:22:59','2021-05-31 17:22:59',NULL),(112,4509,106,2,3102.48,651.52,2,1,'2021-05-31 17:22:59','2021-05-31 17:22:59',NULL),(113,4509,107,2,1490.10,312.92,2,1,'2021-05-31 17:22:59','2021-05-31 17:22:59',NULL),(114,4509,108,2,888.43,186.57,2,1,'2021-05-31 17:22:59','2021-05-31 17:22:59',NULL),(115,4509,109,2,2325.67,488.39,2,1,'2021-05-31 17:22:59','2021-05-31 17:22:59',NULL),(116,4509,110,2,6581.81,1382.18,2,1,'2021-05-31 17:22:59','2021-05-31 17:22:59',NULL),(117,4509,111,2,8256.19,1733.80,2,1,'2021-05-31 17:22:59','2021-05-31 17:22:59',NULL),(118,4509,112,2,1458.05,306.19,2,1,'2021-05-31 17:22:59','2021-05-31 17:22:59',NULL),(119,4509,113,1,3285.05,344.93,2,1,'2021-05-31 17:22:59','2021-05-31 17:22:59',NULL),(120,4509,114,2,946.67,198.80,2,1,'2021-05-31 17:22:59','2021-05-31 17:22:59',NULL),(121,4509,115,2,4514.86,948.12,2,1,'2021-05-31 17:22:59','2021-05-31 17:22:59',NULL),(122,4509,116,2,4160.38,873.68,2,1,'2021-05-31 17:22:59','2021-05-31 17:22:59',NULL),(123,4509,117,2,1569.43,329.58,2,1,'2021-05-31 17:22:59','2021-05-31 17:22:59',NULL),(124,4509,118,1,950.19,99.77,2,1,'2021-05-31 17:22:59','2021-05-31 17:22:59',NULL),(125,4509,119,2,1562.00,328.02,2,1,'2021-05-31 17:22:59','2021-05-31 17:22:59',NULL),(126,4509,120,2,1348.95,283.28,2,1,'2021-05-31 17:22:59','2021-05-31 17:22:59',NULL),(127,4509,121,2,4816.52,1011.47,2,1,'2021-05-31 17:22:59','2021-05-31 17:22:59',NULL),(128,4509,122,2,6652.90,1397.11,2,1,'2021-05-31 17:22:59','2021-05-31 17:22:59',NULL),(129,4509,123,2,5057.86,1062.15,2,1,'2021-05-31 17:22:59','2021-05-31 17:22:59',NULL),(130,4509,124,2,2097.52,440.48,2,1,'2021-05-31 17:22:59','2021-05-31 17:22:59',NULL),(131,4509,125,1,4711.33,494.69,2,1,'2021-05-31 17:22:59','2021-05-31 17:22:59',NULL),(132,4509,126,2,5132.00,1077.72,2,1,'2021-05-31 17:22:59','2021-05-31 17:22:59',NULL),(133,4509,127,2,4018.24,843.83,2,1,'2021-05-31 17:22:59','2021-05-31 17:22:59',NULL),(134,4509,128,2,6494.52,1363.85,2,1,'2021-05-31 17:23:00','2021-05-31 17:23:00',NULL),(135,4509,129,2,152.90,32.11,2,1,'2021-05-31 17:23:00','2021-05-31 17:23:00',NULL),(136,4509,129,1,3393.62,356.33,2,1,'2021-05-31 17:23:00','2021-05-31 17:23:00',NULL),(137,4509,130,2,4941.33,1037.68,2,1,'2021-05-31 17:23:00','2021-05-31 17:23:00',NULL),(138,4509,131,2,1799.38,377.87,2,1,'2021-05-31 17:23:00','2021-05-31 17:23:00',NULL),(139,4509,132,2,4732.19,993.76,2,1,'2021-05-31 17:23:00','2021-05-31 17:23:00',NULL),(140,4509,133,2,1738.05,364.99,2,1,'2021-05-31 17:23:00','2021-05-31 17:23:00',NULL),(141,4509,134,2,1409.71,296.04,2,1,'2021-05-31 17:23:00','2021-05-31 17:23:00',NULL),(142,4509,135,2,1736.33,364.63,2,1,'2021-05-31 17:23:00','2021-05-31 17:23:00',NULL),(143,4509,136,2,2268.24,476.33,2,1,'2021-05-31 17:23:00','2021-05-31 17:23:00',NULL);
INSERT INTO `receipt_taxes` VALUES (144,4509,137,2,1394.81,292.91,2,1,'2021-05-31 17:23:00','2021-05-31 17:23:00',NULL),(145,4509,138,1,3285.05,344.93,2,1,'2021-05-31 17:23:00','2021-05-31 17:23:00',NULL),(146,4509,139,2,1423.14,298.86,2,1,'2021-05-31 17:23:00','2021-05-31 17:23:00',NULL),(147,4509,140,2,1500.24,315.05,2,1,'2021-05-31 17:23:00','2021-05-31 17:23:00',NULL),(148,4509,141,2,458.67,96.32,2,1,'2021-05-31 17:23:00','2021-05-31 17:23:00',NULL),(149,4509,141,1,507.24,53.26,2,1,'2021-05-31 17:23:00','2021-05-31 17:23:00',NULL),(150,4509,142,2,3102.48,651.52,2,1,'2021-05-31 17:23:00','2021-05-31 17:23:00',NULL),(151,4509,143,2,4275.29,897.81,2,1,'2021-05-31 17:23:00','2021-05-31 17:23:00',NULL),(152,4509,144,2,4514.86,948.12,2,1,'2021-05-31 17:23:00','2021-05-31 17:23:00',NULL),(153,4509,145,2,4289.24,900.74,2,1,'2021-05-31 17:23:00','2021-05-31 17:23:00',NULL),(154,4509,146,2,6337.19,1330.81,2,1,'2021-05-31 17:23:00','2021-05-31 17:23:00',NULL),(155,4509,147,2,643.81,135.20,2,1,'2021-05-31 17:23:00','2021-05-31 17:23:00',NULL),(156,4509,148,2,1652.05,346.93,2,1,'2021-05-31 17:23:00','2021-05-31 17:23:00',NULL),(157,4509,149,2,1440.71,302.55,2,1,'2021-05-31 17:23:01','2021-05-31 17:23:01',NULL),(158,4509,150,2,2730.14,573.33,2,1,'2021-05-31 17:23:01','2021-05-31 17:23:01',NULL),(159,4509,151,1,3312.19,347.78,2,1,'2021-05-31 17:23:01','2021-05-31 17:23:01',NULL),(160,4509,152,2,510.33,107.17,2,1,'2021-05-31 17:23:01','2021-05-31 17:23:01',NULL),(161,4509,153,2,2066.95,434.06,2,1,'2021-05-31 17:23:01','2021-05-31 17:23:01',NULL),(162,4509,154,2,3930.43,825.39,2,1,'2021-05-31 17:23:01','2021-05-31 17:23:01',NULL),(163,4509,155,2,2194.19,460.78,2,1,'2021-05-31 17:23:01','2021-05-31 17:23:01',NULL),(164,4509,156,2,2737.19,574.81,2,1,'2021-05-31 17:23:01','2021-05-31 17:23:01',NULL),(165,4509,157,2,4514.86,948.12,2,1,'2021-05-31 17:23:01','2021-05-31 17:23:01',NULL),(166,4509,158,2,1258.67,264.32,2,1,'2021-05-31 17:23:01','2021-05-31 17:23:01',NULL),(167,4509,159,1,3571.14,374.97,2,1,'2021-05-31 17:23:01','2021-05-31 17:23:01',NULL),(168,4509,160,2,1840.48,386.50,2,1,'2021-05-31 17:23:01','2021-05-31 17:23:01',NULL),(169,4509,161,2,4941.33,1037.68,2,1,'2021-05-31 17:23:01','2021-05-31 17:23:01',NULL),(170,4509,162,1,1785.62,187.49,2,1,'2021-05-31 17:23:01','2021-05-31 17:23:01',NULL),(171,4509,163,1,1804.57,189.48,2,1,'2021-05-31 17:23:01','2021-05-31 17:23:01',NULL),(172,4509,164,2,1630.14,342.33,2,1,'2021-05-31 17:23:01','2021-05-31 17:23:01',NULL),(173,4509,165,2,2892.57,607.44,2,1,'2021-05-31 17:23:01','2021-05-31 17:23:01',NULL),(174,4509,166,2,3204.52,672.95,2,1,'2021-05-31 17:23:02','2021-05-31 17:23:02',NULL),(175,4509,167,2,822.29,172.68,2,1,'2021-05-31 17:23:02','2021-05-31 17:23:02',NULL),(176,4509,168,2,1153.52,242.24,2,1,'2021-05-31 17:23:02','2021-05-31 17:23:02',NULL),(177,4509,169,2,200.10,42.02,2,1,'2021-05-31 17:23:02','2021-05-31 17:23:02',NULL),(178,4509,169,1,3285.05,344.93,2,1,'2021-05-31 17:23:02','2021-05-31 17:23:02',NULL),(179,4509,170,2,15867.76,3332.23,2,1,'2021-05-31 17:23:02','2021-05-31 17:23:02',NULL),(180,4509,171,2,7900.81,1659.17,2,1,'2021-05-31 17:23:02','2021-05-31 17:23:02',NULL),(181,4509,172,2,4514.86,948.12,2,1,'2021-05-31 17:23:02','2021-05-31 17:23:02',NULL),(182,4509,173,1,3609.14,378.96,2,1,'2021-05-31 17:23:02','2021-05-31 17:23:02',NULL),(183,4509,174,1,1785.62,187.49,2,1,'2021-05-31 17:23:02','2021-05-31 17:23:02',NULL),(184,4509,175,2,13471.10,2828.93,2,1,'2021-05-31 17:23:02','2021-05-31 17:23:02',NULL),(185,4509,176,2,2962.81,622.19,2,1,'2021-05-31 17:23:02','2021-05-31 17:23:02',NULL),(186,4509,177,2,4379.33,919.66,2,1,'2021-05-31 17:23:02','2021-05-31 17:23:02',NULL),(187,4509,178,1,3320.38,348.64,2,1,'2021-05-31 17:23:02','2021-05-31 17:23:02',NULL),(188,4509,179,2,1636.38,343.64,2,1,'2021-05-31 17:23:02','2021-05-31 17:23:02',NULL),(189,4509,180,2,1612.81,338.69,2,1,'2021-05-31 17:23:02','2021-05-31 17:23:02',NULL),(190,4509,181,2,458.67,96.32,2,1,'2021-05-31 17:23:02','2021-05-31 17:23:02',NULL);
INSERT INTO `receipt_taxes` VALUES (191,4509,181,1,501.90,52.70,2,1,'2021-05-31 17:23:02','2021-05-31 17:23:02',NULL),(192,4509,182,2,417.33,87.64,2,1,'2021-05-31 17:23:02','2021-05-31 17:23:02',NULL),(193,4509,182,1,507.24,53.26,2,1,'2021-05-31 17:23:02','2021-05-31 17:23:02',NULL),(194,4509,183,2,314.05,65.95,2,1,'2021-05-31 17:23:02','2021-05-31 17:23:02',NULL),(195,4509,184,1,3963.81,416.20,2,1,'2021-05-31 17:23:02','2021-05-31 17:23:02',NULL),(196,4509,185,2,1452.05,304.93,2,1,'2021-05-31 17:23:03','2021-05-31 17:23:03',NULL),(197,4509,186,2,1535.10,322.37,2,1,'2021-05-31 17:23:03','2021-05-31 17:23:03',NULL),(198,4509,187,1,1899.52,199.45,2,1,'2021-05-31 17:23:03','2021-05-31 17:23:03',NULL),(199,4509,188,2,623.95,131.03,2,1,'2021-05-31 17:23:03','2021-05-31 17:23:03',NULL),(200,4509,188,1,1981.90,208.10,2,1,'2021-05-31 17:23:03','2021-05-31 17:23:03',NULL),(201,4509,189,2,4514.86,948.12,2,1,'2021-05-31 17:23:03','2021-05-31 17:23:03',NULL),(202,4509,190,2,4514.86,948.12,2,1,'2021-05-31 17:23:03','2021-05-31 17:23:03',NULL),(203,4509,191,2,231.43,48.60,2,1,'2021-05-31 17:23:03','2021-05-31 17:23:03',NULL),(204,4509,192,2,3857.05,809.98,2,1,'2021-05-31 17:23:03','2021-05-31 17:23:03',NULL),(205,4509,193,2,1085.52,227.96,2,1,'2021-05-31 17:23:03','2021-05-31 17:23:03',NULL),(206,4509,194,1,3320.38,348.64,2,1,'2021-05-31 17:23:03','2021-05-31 17:23:03',NULL),(207,4509,195,2,1708.24,358.73,2,1,'2021-05-31 17:23:03','2021-05-31 17:23:03',NULL),(208,4509,196,2,1806.00,379.26,2,1,'2021-05-31 17:23:03','2021-05-31 17:23:03',NULL),(209,4509,197,2,4289.24,900.74,2,1,'2021-05-31 17:23:03','2021-05-31 17:23:03',NULL),(210,4509,198,2,528.90,111.07,2,1,'2021-05-31 17:23:03','2021-05-31 17:23:03',NULL),(211,4509,198,1,507.24,53.26,2,1,'2021-05-31 17:23:03','2021-05-31 17:23:03',NULL),(212,4509,199,2,15694.24,3295.79,2,1,'2021-05-31 17:23:03','2021-05-31 17:23:03',NULL),(213,4509,200,2,1562.00,328.02,2,1,'2021-05-31 17:23:03','2021-05-31 17:23:03',NULL),(214,4509,201,2,4941.33,1037.68,2,1,'2021-05-31 17:23:03','2021-05-31 17:23:03',NULL),(215,4509,202,2,309.90,65.08,2,1,'2021-05-31 17:23:03','2021-05-31 17:23:03',NULL),(216,4509,202,1,714.00,74.97,2,1,'2021-05-31 17:23:03','2021-05-31 17:23:03',NULL),(217,4509,203,2,2891.71,607.26,2,1,'2021-05-31 17:23:04','2021-05-31 17:23:04',NULL),(218,4509,204,2,919.00,192.99,2,1,'2021-05-31 17:23:04','2021-05-31 17:23:04',NULL),(219,4509,205,1,3312.19,347.78,2,1,'2021-05-31 17:23:04','2021-05-31 17:23:04',NULL),(220,4509,206,2,1396.71,293.31,2,1,'2021-05-31 17:23:04','2021-05-31 17:23:04',NULL),(221,4509,207,2,1636.38,343.64,2,1,'2021-05-31 17:23:04','2021-05-31 17:23:04',NULL),(222,4509,208,2,4379.33,919.66,2,1,'2021-05-31 17:23:04','2021-05-31 17:23:04',NULL),(223,4509,209,2,1396.29,293.22,2,1,'2021-05-31 17:23:04','2021-05-31 17:23:04',NULL),(224,4509,210,2,2163.24,454.28,2,1,'2021-05-31 17:23:04','2021-05-31 17:23:04',NULL),(225,4509,211,2,4941.33,1037.68,2,1,'2021-05-31 17:23:04','2021-05-31 17:23:04',NULL),(226,4509,212,2,827.29,173.73,2,1,'2021-05-31 17:23:04','2021-05-31 17:23:04',NULL),(227,4509,213,2,1468.81,308.45,2,1,'2021-05-31 17:23:04','2021-05-31 17:23:04',NULL),(228,4509,214,2,3600.81,756.17,2,1,'2021-05-31 17:23:04','2021-05-31 17:23:04',NULL),(229,4509,215,2,1826.43,383.55,2,1,'2021-05-31 17:23:04','2021-05-31 17:23:04',NULL),(230,4509,216,2,1034.29,217.20,2,1,'2021-05-31 17:23:04','2021-05-31 17:23:04',NULL),(231,4509,217,2,1697.52,356.48,2,1,'2021-05-31 17:23:04','2021-05-31 17:23:04',NULL),(232,4509,218,2,2967.76,623.23,2,1,'2021-05-31 17:23:04','2021-05-31 17:23:04',NULL),(233,4509,219,2,757.00,158.97,2,1,'2021-05-31 17:23:04','2021-05-31 17:23:04',NULL),(234,4509,220,2,1198.33,251.65,2,1,'2021-05-31 17:23:04','2021-05-31 17:23:04',NULL),(235,4509,221,2,1648.14,346.11,2,1,'2021-05-31 17:23:04','2021-05-31 17:23:04',NULL),(236,4509,222,2,1689.86,354.87,2,1,'2021-05-31 17:23:04','2021-05-31 17:23:04',NULL),(237,4509,223,2,4029.00,846.09,2,1,'2021-05-31 17:23:04','2021-05-31 17:23:04',NULL);
INSERT INTO `receipt_taxes` VALUES (238,4509,224,2,1033.05,216.94,2,1,'2021-05-31 17:23:04','2021-05-31 17:23:04',NULL),(239,4509,225,2,4018.24,843.83,2,1,'2021-05-31 17:23:05','2021-05-31 17:23:05',NULL),(240,4509,226,1,1785.62,187.49,2,1,'2021-05-31 17:23:05','2021-05-31 17:23:05',NULL),(241,4509,227,2,2598.95,545.78,2,1,'2021-05-31 17:23:05','2021-05-31 17:23:05',NULL),(242,4509,228,2,14752.57,3098.04,2,1,'2021-05-31 17:23:05','2021-05-31 17:23:05',NULL),(243,4509,229,2,4018.24,843.83,2,1,'2021-05-31 17:23:05','2021-05-31 17:23:05',NULL),(244,4509,230,2,4514.86,948.12,2,1,'2021-05-31 17:23:05','2021-05-31 17:23:05',NULL),(245,4509,231,2,1562.00,328.02,2,1,'2021-05-31 17:23:05','2021-05-31 17:23:05',NULL),(246,4509,232,1,1899.52,199.45,2,1,'2021-05-31 17:23:05','2021-05-31 17:23:05',NULL),(247,4509,233,2,4379.33,919.66,2,1,'2021-05-31 17:23:05','2021-05-31 17:23:05',NULL),(248,4509,234,2,2557.05,536.98,2,1,'2021-05-31 17:23:05','2021-05-31 17:23:05',NULL),(249,4509,235,2,5830.57,1224.42,2,1,'2021-05-31 17:23:05','2021-05-31 17:23:05',NULL),(250,4509,236,2,3304.95,694.04,2,1,'2021-05-31 17:23:05','2021-05-31 17:23:05',NULL),(251,4509,237,2,2608.48,547.78,2,1,'2021-05-31 17:23:05','2021-05-31 17:23:05',NULL),(252,4509,238,2,4514.86,948.12,2,1,'2021-05-31 17:23:05','2021-05-31 17:23:05',NULL),(253,4509,239,2,1394.81,292.91,2,1,'2021-05-31 17:23:05','2021-05-31 17:23:05',NULL),(254,4509,240,2,3103.29,651.69,2,1,'2021-05-31 17:23:05','2021-05-31 17:23:05',NULL),(255,4509,241,2,4302.48,903.52,2,1,'2021-05-31 17:23:05','2021-05-31 17:23:05',NULL),(256,4509,242,2,7328.90,1539.07,2,1,'2021-05-31 17:23:05','2021-05-31 17:23:05',NULL),(257,4509,243,1,3312.19,347.78,2,1,'2021-05-31 17:23:05','2021-05-31 17:23:05',NULL),(258,4509,244,2,2376.86,499.14,2,1,'2021-05-31 17:23:05','2021-05-31 17:23:05',NULL),(259,4509,245,2,4029.00,846.09,2,1,'2021-05-31 17:23:06','2021-05-31 17:23:06',NULL),(260,4509,246,2,15867.76,3332.23,2,1,'2021-05-31 17:23:06','2021-05-31 17:23:06',NULL),(261,4509,247,2,1562.00,328.02,2,1,'2021-05-31 17:23:06','2021-05-31 17:23:06',NULL),(262,4509,248,2,314.05,65.95,2,1,'2021-05-31 17:23:06','2021-05-31 17:23:06',NULL),(263,4509,249,2,1510.71,317.25,2,1,'2021-05-31 17:23:06','2021-05-31 17:23:06',NULL),(264,4509,250,1,1785.62,187.49,2,1,'2021-05-31 17:23:06','2021-05-31 17:23:06',NULL),(265,4509,251,2,4514.86,948.12,2,1,'2021-05-31 17:23:06','2021-05-31 17:23:06',NULL),(266,4509,252,2,1864.24,391.49,2,1,'2021-05-31 17:23:06','2021-05-31 17:23:06',NULL),(267,4509,253,1,1899.52,199.45,2,1,'2021-05-31 17:23:06','2021-05-31 17:23:06',NULL),(268,4509,254,2,2956.62,620.89,2,1,'2021-05-31 17:23:06','2021-05-31 17:23:06',NULL),(269,4509,255,2,1447.90,304.06,2,1,'2021-05-31 17:23:06','2021-05-31 17:23:06',NULL),(270,4509,256,2,4029.00,846.09,2,1,'2021-05-31 17:23:06','2021-05-31 17:23:06',NULL),(271,4509,257,2,995.86,209.13,2,1,'2021-05-31 17:23:06','2021-05-31 17:23:06',NULL),(272,4509,258,2,4393.67,922.67,2,1,'2021-05-31 17:23:06','2021-05-31 17:23:06',NULL),(273,4509,259,2,2702.48,567.52,2,1,'2021-05-31 17:23:06','2021-05-31 17:23:06',NULL),(274,4509,260,2,2516.10,528.38,2,1,'2021-05-31 17:23:06','2021-05-31 17:23:06',NULL),(275,4509,261,2,1629.14,342.12,2,1,'2021-05-31 17:23:06','2021-05-31 17:23:06',NULL),(276,4509,262,2,1528.71,321.03,2,1,'2021-05-31 17:23:06','2021-05-31 17:23:06',NULL),(277,4509,263,2,6857.86,1440.15,2,1,'2021-05-31 17:23:06','2021-05-31 17:23:06',NULL),(278,4509,264,2,4029.00,846.09,2,1,'2021-05-31 17:23:06','2021-05-31 17:23:06',NULL),(279,4509,265,2,4514.86,948.12,2,1,'2021-05-31 17:23:07','2021-05-31 17:23:07',NULL),(280,4509,266,2,4514.86,948.12,2,1,'2021-05-31 17:23:07','2021-05-31 17:23:07',NULL),(281,4509,267,2,272.71,57.27,2,1,'2021-05-31 17:23:07','2021-05-31 17:23:07',NULL),(282,4509,268,2,2557.05,536.98,2,1,'2021-05-31 17:23:07','2021-05-31 17:23:07',NULL),(283,4509,269,2,2737.19,574.81,2,1,'2021-05-31 17:23:07','2021-05-31 17:23:07',NULL),(284,4509,270,2,1901.24,399.26,2,1,'2021-05-31 17:23:07','2021-05-31 17:23:07',NULL);
INSERT INTO `receipt_taxes` VALUES (285,4509,271,2,2565.33,538.72,2,1,'2021-05-31 17:23:07','2021-05-31 17:23:07',NULL),(286,4509,272,2,2666.10,559.88,2,1,'2021-05-31 17:23:07','2021-05-31 17:23:07',NULL),(287,4509,273,2,4514.86,948.12,2,1,'2021-05-31 17:23:07','2021-05-31 17:23:07',NULL),(288,4509,274,2,1928.10,404.90,2,1,'2021-05-31 17:23:07','2021-05-31 17:23:07',NULL),(289,4509,275,2,4941.33,1037.68,2,1,'2021-05-31 17:23:07','2021-05-31 17:23:07',NULL),(290,4509,276,2,4941.33,1037.68,2,1,'2021-05-31 17:23:07','2021-05-31 17:23:07',NULL),(291,4509,277,1,2130.19,223.67,2,1,'2021-05-31 17:23:07','2021-05-31 17:23:07',NULL),(292,4509,278,2,284.71,59.79,2,1,'2021-05-31 17:23:07','2021-05-31 17:23:07',NULL),(293,4509,278,1,1981.90,208.10,2,1,'2021-05-31 17:23:07','2021-05-31 17:23:07',NULL),(294,4509,279,2,4379.33,919.66,2,1,'2021-05-31 17:23:07','2021-05-31 17:23:07',NULL),(295,4509,280,2,2879.29,604.65,2,1,'2021-05-31 17:23:07','2021-05-31 17:23:07',NULL),(296,4509,280,1,1192.29,125.19,2,1,'2021-05-31 17:23:07','2021-05-31 17:23:07',NULL),(297,4509,281,2,1408.86,295.86,2,1,'2021-05-31 17:23:07','2021-05-31 17:23:07',NULL),(298,4509,282,2,1264.48,265.54,2,1,'2021-05-31 17:23:07','2021-05-31 17:23:07',NULL),(299,4509,283,1,1785.62,187.49,2,1,'2021-05-31 17:23:07','2021-05-31 17:23:07',NULL),(300,4509,284,2,3095.86,650.13,2,1,'2021-05-31 17:23:07','2021-05-31 17:23:07',NULL),(301,4509,285,2,214.62,45.07,2,1,'2021-05-31 17:23:07','2021-05-31 17:23:07',NULL),(302,4509,285,1,3312.19,347.78,2,1,'2021-05-31 17:23:07','2021-05-31 17:23:07',NULL),(303,4509,286,2,469.43,98.58,2,1,'2021-05-31 17:23:07','2021-05-31 17:23:07',NULL),(304,4509,287,2,5943.48,1248.13,2,1,'2021-05-31 17:23:07','2021-05-31 17:23:07',NULL),(305,4509,288,2,761.14,159.84,2,1,'2021-05-31 17:23:08','2021-05-31 17:23:08',NULL),(306,4509,289,2,4514.86,948.12,2,1,'2021-05-31 17:23:08','2021-05-31 17:23:08',NULL),(307,4509,290,2,1379.76,289.75,2,1,'2021-05-31 17:23:08','2021-05-31 17:23:08',NULL),(308,4509,291,2,268.57,56.40,2,1,'2021-05-31 17:23:08','2021-05-31 17:23:08',NULL),(309,4509,291,1,3393.62,356.33,2,1,'2021-05-31 17:23:08','2021-05-31 17:23:08',NULL),(310,4509,292,2,4379.33,919.66,2,1,'2021-05-31 17:23:08','2021-05-31 17:23:08',NULL),(311,4509,293,1,1804.57,189.48,2,1,'2021-05-31 17:23:08','2021-05-31 17:23:08',NULL),(312,4509,294,2,1423.52,298.94,2,1,'2021-05-31 17:23:08','2021-05-31 17:23:08',NULL),(313,4509,295,2,2004.14,420.87,2,1,'2021-05-31 17:23:08','2021-05-31 17:23:08',NULL),(314,4509,296,2,2557.05,536.98,2,1,'2021-05-31 17:23:08','2021-05-31 17:23:08',NULL),(315,4509,297,2,4379.33,919.66,2,1,'2021-05-31 17:23:08','2021-05-31 17:23:08',NULL),(316,4509,298,2,4640.48,974.50,2,1,'2021-05-31 17:23:08','2021-05-31 17:23:08',NULL),(317,4509,299,2,1831.38,384.59,2,1,'2021-05-31 17:23:08','2021-05-31 17:23:08',NULL),(318,4509,300,2,1210.95,254.30,2,1,'2021-05-31 17:23:08','2021-05-31 17:23:08',NULL),(319,4509,301,2,13471.10,2828.93,2,1,'2021-05-31 17:23:08','2021-05-31 17:23:08',NULL),(320,4509,302,2,1562.00,328.02,2,1,'2021-05-31 17:23:08','2021-05-31 17:23:08',NULL),(321,4509,303,2,1500.00,315.00,2,1,'2021-05-31 17:23:08','2021-05-31 17:23:08',NULL),(322,4509,304,2,14049.57,2950.41,2,1,'2021-05-31 17:23:08','2021-05-31 17:23:08',NULL),(323,4509,305,2,13471.10,2828.93,2,1,'2021-05-31 17:23:08','2021-05-31 17:23:08',NULL),(324,4509,306,1,4749.33,498.68,2,1,'2021-05-31 17:23:08','2021-05-31 17:23:08',NULL),(325,4509,307,2,2429.76,510.25,2,1,'2021-05-31 17:23:08','2021-05-31 17:23:08',NULL),(326,4509,308,2,1096.71,230.31,2,1,'2021-05-31 17:23:08','2021-05-31 17:23:08',NULL),(327,4509,309,2,3377.00,709.17,2,1,'2021-05-31 17:23:08','2021-05-31 17:23:08',NULL),(328,4509,310,2,3377.00,709.17,2,1,'2021-05-31 17:23:08','2021-05-31 17:23:08',NULL),(329,4509,311,2,1219.00,255.99,2,1,'2021-05-31 17:23:08','2021-05-31 17:23:08',NULL),(330,4509,312,2,1562.00,328.02,2,1,'2021-05-31 17:23:09','2021-05-31 17:23:09',NULL),(331,4509,313,2,1819.62,382.12,2,1,'2021-05-31 17:23:09','2021-05-31 17:23:09',NULL);
INSERT INTO `receipt_taxes` VALUES (332,4509,314,2,1414.05,296.95,2,1,'2021-05-31 17:23:09','2021-05-31 17:23:09',NULL),(333,4509,315,2,1505.76,316.21,2,1,'2021-05-31 17:23:09','2021-05-31 17:23:09',NULL),(334,4509,316,2,4514.86,948.12,2,1,'2021-05-31 17:23:09','2021-05-31 17:23:09',NULL),(335,4509,317,2,5611.57,1178.43,2,1,'2021-05-31 17:23:09','2021-05-31 17:23:09',NULL),(336,4509,318,2,2341.33,491.68,2,1,'2021-05-31 17:23:09','2021-05-31 17:23:09',NULL),(337,4509,319,2,2300.00,483.00,2,1,'2021-05-31 17:23:09','2021-05-31 17:23:09',NULL),(338,4509,320,2,4876.05,1023.97,2,1,'2021-05-31 17:23:09','2021-05-31 17:23:09',NULL),(339,4509,321,2,4514.86,948.12,2,1,'2021-05-31 17:23:09','2021-05-31 17:23:09',NULL),(340,4509,322,2,14677.67,3082.31,2,1,'2021-05-31 17:23:09','2021-05-31 17:23:09',NULL),(341,4509,323,2,2403.10,504.65,2,1,'2021-05-31 17:23:09','2021-05-31 17:23:09',NULL),(342,4509,324,2,1514.05,317.95,2,1,'2021-05-31 17:23:09','2021-05-31 17:23:09',NULL),(343,4509,325,2,2065.29,433.71,2,1,'2021-05-31 17:23:09','2021-05-31 17:23:09',NULL),(344,4509,326,2,2219.00,465.99,2,1,'2021-05-31 17:23:09','2021-05-31 17:23:09',NULL),(345,4509,327,2,1514.05,317.95,2,1,'2021-05-31 17:23:09','2021-05-31 17:23:09',NULL),(346,4509,328,2,13471.10,2828.93,2,1,'2021-05-31 17:23:09','2021-05-31 17:23:09',NULL),(347,4509,329,2,1468.81,308.45,2,1,'2021-05-31 17:23:09','2021-05-31 17:23:09',NULL),(348,4509,330,2,298.33,62.65,2,1,'2021-05-31 17:23:09','2021-05-31 17:23:09',NULL),(349,4509,331,1,4441.62,466.37,2,1,'2021-05-31 17:23:09','2021-05-31 17:23:09',NULL),(350,4509,332,2,2161.14,453.84,2,1,'2021-05-31 17:23:09','2021-05-31 17:23:09',NULL),(351,4509,333,2,7400.67,1554.14,2,1,'2021-05-31 17:23:09','2021-05-31 17:23:09',NULL),(352,4509,334,2,14677.67,3082.31,2,1,'2021-05-31 17:23:09','2021-05-31 17:23:09',NULL),(353,4509,335,2,12132.24,2547.77,2,1,'2021-05-31 17:23:09','2021-05-31 17:23:09',NULL),(354,4509,336,1,507.24,53.26,2,1,'2021-05-31 17:23:10','2021-05-31 17:23:10',NULL),(355,4509,337,1,2615.43,274.62,2,1,'2021-05-31 17:23:10','2021-05-31 17:23:10',NULL),(356,4509,338,2,9321.48,1957.51,2,1,'2021-05-31 17:23:10','2021-05-31 17:23:10',NULL),(357,4509,339,2,1966.52,412.97,2,1,'2021-05-31 17:23:10','2021-05-31 17:23:10',NULL),(358,4509,340,2,4514.86,948.12,2,1,'2021-05-31 17:23:10','2021-05-31 17:23:10',NULL),(359,4509,341,2,1652.05,346.93,2,1,'2021-05-31 17:23:10','2021-05-31 17:23:10',NULL),(360,4509,342,2,2589.48,543.79,2,1,'2021-05-31 17:23:10','2021-05-31 17:23:10',NULL),(361,4509,343,1,3393.62,356.33,2,1,'2021-05-31 17:23:10','2021-05-31 17:23:10',NULL),(362,4509,344,1,3320.38,348.64,2,1,'2021-05-31 17:23:10','2021-05-31 17:23:10',NULL),(363,4509,345,2,1672.29,351.18,2,1,'2021-05-31 17:23:10','2021-05-31 17:23:10',NULL),(364,4509,346,2,15867.76,3332.23,2,1,'2021-05-31 17:23:10','2021-05-31 17:23:10',NULL),(365,4509,347,2,6172.71,1296.27,2,1,'2021-05-31 17:23:10','2021-05-31 17:23:10',NULL),(366,4509,348,2,2557.05,536.98,2,1,'2021-05-31 17:23:10','2021-05-31 17:23:10',NULL),(367,4509,349,2,6351.29,1333.77,2,1,'2021-05-31 17:23:10','2021-05-31 17:23:10',NULL),(368,4509,350,2,1107.62,232.60,2,1,'2021-05-31 17:23:10','2021-05-31 17:23:10',NULL),(369,4509,351,2,4514.86,948.12,2,1,'2021-05-31 17:23:10','2021-05-31 17:23:10',NULL),(370,4509,352,2,4761.14,999.84,2,1,'2021-05-31 17:23:10','2021-05-31 17:23:10',NULL),(371,4509,352,1,507.24,53.26,2,1,'2021-05-31 17:23:10','2021-05-31 17:23:10',NULL),(372,4509,353,1,1785.62,187.49,2,1,'2021-05-31 17:23:10','2021-05-31 17:23:10',NULL),(373,4509,354,2,187.67,39.41,2,1,'2021-05-31 17:23:10','2021-05-31 17:23:10',NULL),(374,4509,354,1,3285.05,344.93,2,1,'2021-05-31 17:23:10','2021-05-31 17:23:10',NULL),(375,4509,355,2,1068.57,224.40,2,1,'2021-05-31 17:23:10','2021-05-31 17:23:10',NULL),(376,4509,356,1,3320.38,348.64,2,1,'2021-05-31 17:23:10','2021-05-31 17:23:10',NULL),(377,4509,357,2,17860.76,3750.76,2,1,'2021-05-31 17:23:10','2021-05-31 17:23:10',NULL),(378,4509,358,2,4941.33,1037.68,2,1,'2021-05-31 17:23:10','2021-05-31 17:23:10',NULL);
INSERT INTO `receipt_taxes` VALUES (379,4509,359,2,13471.10,2828.93,2,1,'2021-05-31 17:23:10','2021-05-31 17:23:10',NULL),(380,4509,360,2,15867.76,3332.23,2,1,'2021-05-31 17:23:11','2021-05-31 17:23:11',NULL),(381,4509,361,2,15867.76,3332.23,2,1,'2021-05-31 17:23:11','2021-05-31 17:23:11',NULL),(382,4509,362,2,2761.14,579.84,2,1,'2021-05-31 17:23:11','2021-05-31 17:23:11',NULL),(383,4509,363,2,1453.71,305.28,2,1,'2021-05-31 17:23:11','2021-05-31 17:23:11',NULL),(384,4509,364,2,1264.48,265.54,2,1,'2021-05-31 17:23:11','2021-05-31 17:23:11',NULL),(385,4509,365,2,298.33,62.65,2,1,'2021-05-31 17:23:11','2021-05-31 17:23:11',NULL),(386,4509,366,2,7396.71,1553.31,2,1,'2021-05-31 17:23:11','2021-05-31 17:23:11',NULL),(387,4509,367,2,4941.33,1037.68,2,1,'2021-05-31 17:23:11','2021-05-31 17:23:11',NULL),(388,4509,368,2,3377.05,709.18,2,1,'2021-05-31 17:23:11','2021-05-31 17:23:11',NULL),(389,4509,369,2,257.86,54.15,2,1,'2021-05-31 17:23:11','2021-05-31 17:23:11',NULL),(390,4509,369,1,2028.95,213.04,2,1,'2021-05-31 17:23:11','2021-05-31 17:23:11',NULL),(391,4509,370,1,1785.62,187.49,2,1,'2021-05-31 17:23:11','2021-05-31 17:23:11',NULL),(392,4509,371,1,3312.19,347.78,2,1,'2021-05-31 17:23:11','2021-05-31 17:23:11',NULL),(393,4509,372,1,3701.33,388.64,2,1,'2021-05-31 17:23:11','2021-05-31 17:23:11',NULL),(394,4509,373,2,4880.14,1024.83,2,1,'2021-05-31 17:23:11','2021-05-31 17:23:11',NULL),(395,4509,374,2,4379.33,919.66,2,1,'2021-05-31 17:23:11','2021-05-31 17:23:11',NULL),(396,4509,375,1,5850.00,614.25,2,1,'2021-05-31 17:23:11','2021-05-31 17:23:11',NULL),(397,4509,376,1,5850.00,614.25,2,1,'2021-05-31 17:23:11','2021-05-31 17:23:11',NULL),(398,4509,377,1,5850.00,614.25,2,1,'2021-05-31 17:23:11','2021-05-31 17:23:11',NULL),(399,4509,378,2,45615.86,9579.33,2,1,'2021-05-31 17:23:11','2021-05-31 17:23:11',NULL),(400,4509,379,2,45615.86,9579.33,2,1,'2021-05-31 17:23:11','2021-05-31 17:23:11',NULL),(401,4509,380,2,38915.86,8172.33,2,1,'2021-05-31 17:23:11','2021-05-31 17:23:11',NULL),(402,4509,381,2,11462.52,2407.13,2,1,'2021-05-31 17:23:11','2021-05-31 17:23:11',NULL),(403,4509,382,2,4775.19,1002.79,2,1,'2021-05-31 17:23:11','2021-05-31 17:23:11',NULL),(404,4509,383,2,3183.48,668.53,2,1,'2021-05-31 17:23:11','2021-05-31 17:23:11',NULL),(405,4509,384,1,1785.62,187.49,2,1,'2021-05-31 17:23:11','2021-05-31 17:23:11',NULL),(406,4509,385,2,3025.19,635.29,2,1,'2021-05-31 17:23:12','2021-05-31 17:23:12',NULL),(407,4509,386,2,9527.14,2000.70,2,1,'2021-05-31 17:23:12','2021-05-31 17:23:12',NULL),(408,4509,387,2,13642.52,2864.93,2,1,'2021-05-31 17:23:12','2021-05-31 17:23:12',NULL),(409,4509,387,1,681.24,71.53,2,1,'2021-05-31 17:23:12','2021-05-31 17:23:12',NULL),(410,4509,388,2,21524.00,4520.04,2,1,'2021-05-31 17:23:12','2021-05-31 17:23:12',NULL),(411,4509,389,2,1567.52,329.18,2,1,'2021-05-31 17:23:12','2021-05-31 17:23:12',NULL),(412,4509,390,2,10800.00,2268.00,2,1,'2021-05-31 17:23:12','2021-05-31 17:23:12',NULL),(413,4509,391,2,21524.00,4520.04,2,1,'2021-05-31 17:23:12','2021-05-31 17:23:12',NULL),(414,4509,392,2,187.67,39.41,2,1,'2021-05-31 17:23:12','2021-05-31 17:23:12',NULL),(415,4509,392,1,3285.05,344.93,2,1,'2021-05-31 17:23:12','2021-05-31 17:23:12',NULL),(416,4509,393,1,3312.19,347.78,2,1,'2021-05-31 17:23:12','2021-05-31 17:23:12',NULL),(417,4509,394,2,3762.81,790.19,2,1,'2021-05-31 17:23:12','2021-05-31 17:23:12',NULL),(418,4509,395,2,2768.81,581.45,2,1,'2021-05-31 17:23:12','2021-05-31 17:23:12',NULL),(419,4509,396,2,2768.81,581.45,2,1,'2021-05-31 17:23:12','2021-05-31 17:23:12',NULL),(420,4509,397,2,2949.14,619.32,2,1,'2021-05-31 17:23:12','2021-05-31 17:23:12',NULL),(421,4509,398,2,1652.05,346.93,2,1,'2021-05-31 17:23:12','2021-05-31 17:23:12',NULL),(422,4509,399,1,3285.05,344.93,2,1,'2021-05-31 17:23:12','2021-05-31 17:23:12',NULL),(423,4509,400,2,5824.81,1223.21,2,1,'2021-05-31 17:23:12','2021-05-31 17:23:12',NULL),(424,4509,401,2,4380.00,919.80,2,1,'2021-05-31 17:23:12','2021-05-31 17:23:12',NULL);
INSERT INTO `receipt_taxes` VALUES (425,4509,402,2,2041.71,428.76,2,1,'2021-05-31 17:23:12','2021-05-31 17:23:12',NULL),(426,4509,403,2,1756.62,368.89,2,1,'2021-05-31 17:23:12','2021-05-31 17:23:12',NULL),(427,4509,404,2,1348.95,283.28,2,1,'2021-05-31 17:23:12','2021-05-31 17:23:12',NULL),(428,4509,405,2,4029.00,846.09,2,1,'2021-05-31 17:23:12','2021-05-31 17:23:12',NULL),(429,4509,406,2,1479.33,310.66,2,1,'2021-05-31 17:23:12','2021-05-31 17:23:12',NULL),(430,4509,407,2,2685.95,564.05,2,1,'2021-05-31 17:23:12','2021-05-31 17:23:12',NULL),(431,4509,408,2,4440.00,932.40,2,1,'2021-05-31 17:23:12','2021-05-31 17:23:12',NULL),(432,4509,409,2,5033.05,1056.94,2,1,'2021-05-31 17:23:13','2021-05-31 17:23:13',NULL),(433,4509,410,2,4941.33,1037.68,2,1,'2021-05-31 17:23:13','2021-05-31 17:23:13',NULL),(434,4509,411,2,2393.24,502.58,2,1,'2021-05-31 17:23:13','2021-05-31 17:23:13',NULL),(435,4509,412,2,3153.86,662.31,2,1,'2021-05-31 17:23:13','2021-05-31 17:23:13',NULL),(436,4509,413,2,5636.48,1183.66,2,1,'2021-05-31 17:23:13','2021-05-31 17:23:13',NULL),(437,4509,414,2,314.05,65.95,2,1,'2021-05-31 17:23:13','2021-05-31 17:23:13',NULL),(438,4509,415,7,9000.00,0.00,2,1,'2021-05-31 17:23:13','2021-05-31 17:23:13',NULL),(439,4509,416,7,15500.00,0.00,2,1,'2021-05-31 17:23:13','2021-05-31 17:23:13',NULL),(440,4509,417,2,45475.00,9549.75,2,1,'2021-05-31 17:23:13','2021-05-31 17:23:13',NULL),(441,4509,417,1005,682.13,0.00,2,1,'2021-05-31 17:23:13','2021-05-31 17:23:13',NULL),(442,4509,418,2,82239.22,17270.24,2,1,'2021-05-31 17:23:13','2021-05-31 17:23:13',NULL),(443,4509,418,1006,1233.59,0.00,2,1,'2021-05-31 17:23:13','2021-05-31 17:23:13',NULL),(444,4509,419,2,15458.75,3246.34,2,1,'2021-05-31 17:23:13','2021-05-31 17:23:13',NULL),(445,4509,419,8,136.44,0.00,2,1,'2021-05-31 17:23:13','2021-05-31 17:23:13',NULL),(446,4509,420,2,28122.03,5905.63,2,1,'2021-05-31 17:23:13','2021-05-31 17:23:13',NULL),(447,4509,421,2,5000.00,1050.00,2,1,'2021-05-31 17:23:13','2021-05-31 17:23:13',NULL),(448,4509,422,7,16000.00,0.00,2,1,'2021-05-31 17:23:13','2021-05-31 17:23:13',NULL),(449,4509,423,2,47611.05,9998.32,2,1,'2021-05-31 17:23:13','2021-05-31 17:23:13',NULL),(450,4509,423,1,57533.35,6041.00,2,1,'2021-05-31 17:23:13','2021-05-31 17:23:13',NULL),(451,4509,424,2,61090.91,12829.09,2,1,'2021-05-31 17:23:13','2021-05-31 17:23:13',NULL),(452,4509,425,2,9626.43,2021.55,2,1,'2021-05-31 17:23:13','2021-05-31 17:23:13',NULL),(453,4509,426,2,7980.00,1675.80,2,1,'2021-05-31 17:23:13','2021-05-31 17:23:13',NULL),(454,4509,427,2,3899.88,818.97,2,1,'2021-05-31 17:23:13','2021-05-31 17:23:13',NULL),(455,4509,428,7,5320.00,0.00,2,1,'2021-05-31 17:23:13','2021-05-31 17:23:13',NULL),(456,4509,429,2,281851.99,59188.92,2,1,'2021-05-31 17:23:13','2021-05-31 17:23:13',NULL),(457,4509,430,2,156498.00,32864.58,2,1,'2021-05-31 17:23:13','2021-05-31 17:23:13',NULL),(458,4509,431,2,127903.46,26859.73,2,1,'2021-05-31 17:23:13','2021-05-31 17:23:13',NULL),(459,4509,431,1006,1918.55,0.00,2,1,'2021-05-31 17:23:13','2021-05-31 17:23:13',NULL),(460,4509,432,2,260926.92,54794.65,2,1,'2021-05-31 17:23:14','2021-05-31 17:23:14',NULL),(461,4509,432,1000,54311.76,0.00,2,1,'2021-05-31 17:23:14','2021-05-31 17:23:14',NULL),(462,4509,432,1006,13679.74,0.00,2,1,'2021-05-31 17:23:14','2021-05-31 17:23:14',NULL),(463,4509,433,2,16602.98,3486.63,2,1,'2021-05-31 17:23:14','2021-05-31 17:23:14',NULL),(464,4509,433,1000,498.10,0.00,2,1,'2021-05-31 17:23:14','2021-05-31 17:23:14',NULL),(465,4509,433,1006,249.04,0.00,2,1,'2021-05-31 17:23:14','2021-05-31 17:23:14',NULL),(466,4509,453,2,14000.00,2940.00,2,1,'2021-05-31 17:55:18','2021-05-31 17:55:18',NULL),(467,4509,454,2,36900.00,7749.00,2,1,'2021-05-31 17:55:18','2021-05-31 17:55:18',NULL),(468,4509,455,2,25500.00,5355.00,2,1,'2021-05-31 17:55:18','2021-05-31 17:55:18',NULL),(469,4509,456,2,12000.00,2520.00,2,1,'2021-05-31 17:55:18','2021-05-31 17:55:18',NULL),(470,4509,457,2,1500.00,315.00,2,1,'2021-05-31 17:55:18','2021-05-31 17:55:18',NULL);
INSERT INTO `receipt_taxes` VALUES (471,4509,458,2,127500.00,26775.00,2,1,'2021-05-31 17:55:18','2021-05-31 17:55:18',NULL),(472,4509,459,2,4500.00,945.00,2,1,'2021-05-31 17:55:19','2021-05-31 17:55:19',NULL),(473,4509,460,2,77000.00,16170.00,2,1,'2021-05-31 17:55:19','2021-05-31 17:55:19',NULL),(474,4509,461,2,27200.00,5712.00,2,1,'2021-05-31 17:55:19','2021-05-31 17:55:19',NULL),(475,4509,462,2,27200.00,5712.00,2,1,'2021-05-31 17:55:19','2021-05-31 17:55:19',NULL),(476,4509,463,2,23000.00,4830.00,2,1,'2021-05-31 17:55:19','2021-05-31 17:55:19',NULL),(477,4509,464,2,34000.00,7140.00,2,1,'2021-05-31 17:55:19','2021-05-31 17:55:19',NULL),(478,4509,465,2,364162.50,76474.13,2,1,'2021-05-31 17:55:19','2021-05-31 17:55:19',NULL),(479,4509,466,2,8800.00,1848.00,2,1,'2021-05-31 17:55:19','2021-05-31 17:55:19',NULL),(480,4509,467,2,9600.00,2016.00,2,1,'2021-05-31 17:55:19','2021-05-31 17:55:19',NULL),(481,4509,468,2,19800.00,4158.00,2,1,'2021-05-31 17:55:19','2021-05-31 17:55:19',NULL),(482,4509,469,2,90000.00,18900.00,2,1,'2021-05-31 17:55:19','2021-05-31 17:55:19',NULL),(483,4509,470,2,156800.00,32928.00,2,1,'2021-05-31 17:55:19','2021-05-31 17:55:19',NULL),(484,4509,471,2,36900.00,7749.00,2,1,'2021-05-31 17:55:19','2021-05-31 17:55:19',NULL),(485,4509,472,2,252000.00,52920.00,2,1,'2021-05-31 17:55:19','2021-05-31 17:55:19',NULL),(486,4509,473,2,34800.00,7308.00,2,1,'2021-05-31 17:55:19','2021-05-31 17:55:19',NULL),(487,4509,474,2,259000.00,54390.00,2,1,'2021-05-31 17:55:19','2021-05-31 17:55:19',NULL),(488,4509,475,2,25500.00,5355.00,2,1,'2021-05-31 17:55:19','2021-05-31 17:55:19',NULL),(489,4509,476,2,94000.00,19740.00,2,1,'2021-05-31 17:55:19','2021-05-31 17:55:19',NULL),(490,4509,477,2,91750.00,19267.50,2,1,'2021-05-31 17:55:19','2021-05-31 17:55:19',NULL),(491,4509,478,2,34000.00,7140.00,2,1,'2021-05-31 17:55:19','2021-05-31 17:55:19',NULL),(492,4509,479,2,13800.00,2898.00,2,1,'2021-05-31 17:55:19','2021-05-31 17:55:19',NULL),(493,4509,480,2,121810.00,25580.10,2,1,'2021-05-31 17:55:19','2021-05-31 17:55:19',NULL),(494,4509,481,2,80000.00,16800.00,2,1,'2021-05-31 17:55:19','2021-05-31 17:55:19',NULL),(495,4509,482,2,29500.00,6195.00,2,1,'2021-05-31 17:55:19','2021-05-31 17:55:19',NULL),(496,4509,483,2,11700.00,2457.00,2,1,'2021-05-31 17:55:19','2021-05-31 17:55:19',NULL),(497,4509,484,2,107388.00,22551.48,2,1,'2021-05-31 17:55:19','2021-05-31 17:55:19',NULL),(498,4509,485,2,64000.00,13440.00,2,1,'2021-05-31 17:55:19','2021-05-31 17:55:19',NULL),(499,4509,486,2,46800.00,9828.00,2,1,'2021-05-31 17:55:20','2021-05-31 17:55:20',NULL),(500,4509,487,2,28400.00,5964.00,2,1,'2021-05-31 17:55:20','2021-05-31 17:55:20',NULL),(501,4509,488,2,84000.00,17640.00,2,1,'2021-05-31 17:55:20','2021-05-31 17:55:20',NULL),(502,4509,489,2,38000.00,7980.00,2,1,'2021-05-31 17:55:20','2021-05-31 17:55:20',NULL),(503,4509,490,2,17600.00,3696.00,2,1,'2021-05-31 17:55:20','2021-05-31 17:55:20',NULL),(504,4509,491,2,79500.00,16695.00,2,1,'2021-05-31 17:55:20','2021-05-31 17:55:20',NULL),(505,4509,492,2,2600.00,546.00,2,1,'2021-05-31 17:55:20','2021-05-31 17:55:20',NULL),(506,4509,493,2,8500.00,1785.00,2,1,'2021-05-31 17:55:20','2021-05-31 17:55:20',NULL),(507,4509,494,2,21000.00,4410.00,2,1,'2021-05-31 17:55:20','2021-05-31 17:55:20',NULL),(508,4509,495,2,14900.00,3129.00,2,1,'2021-05-31 17:55:20','2021-05-31 17:55:20',NULL),(509,4509,496,2,42500.00,8925.00,2,1,'2021-05-31 17:55:20','2021-05-31 17:55:20',NULL),(510,4509,497,2,92000.00,19320.00,2,1,'2021-05-31 17:55:20','2021-05-31 17:55:20',NULL),(511,4509,498,2,26400.00,5544.00,2,1,'2021-05-31 17:55:20','2021-05-31 17:55:20',NULL),(512,4509,499,2,15500.00,3255.00,2,1,'2021-05-31 17:55:20','2021-05-31 17:55:20',NULL),(513,4509,500,2,62000.00,13020.00,2,1,'2021-05-31 17:55:20','2021-05-31 17:55:20',NULL),(514,4509,501,2,90500.00,19005.00,2,1,'2021-05-31 17:55:20','2021-05-31 17:55:20',NULL),(515,4509,502,2,64000.00,13440.00,2,1,'2021-05-31 17:55:20','2021-05-31 17:55:20',NULL);
INSERT INTO `receipt_taxes` VALUES (516,4509,503,2,25500.00,5355.00,2,1,'2021-05-31 17:55:20','2021-05-31 17:55:20',NULL),(517,4509,504,2,165700.00,34797.00,2,1,'2021-05-31 17:55:20','2021-05-31 17:55:20',NULL),(518,4509,505,2,30000.00,6300.00,2,1,'2021-05-31 17:55:20','2021-05-31 17:55:20',NULL),(519,4509,506,2,129000.00,27090.00,2,1,'2021-05-31 17:55:20','2021-05-31 17:55:20',NULL),(520,4509,507,2,3920.00,823.20,2,1,'2021-05-31 17:55:20','2021-05-31 17:55:20',NULL),(521,4509,508,2,27300.00,5733.00,2,1,'2021-05-31 17:55:20','2021-05-31 17:55:20',NULL),(522,4509,509,2,24400.00,5124.00,2,1,'2021-05-31 17:55:20','2021-05-31 17:55:20',NULL),(523,4509,510,2,48000.00,10080.00,2,1,'2021-05-31 17:55:21','2021-05-31 17:55:21',NULL),(524,4509,511,2,125704.80,26398.01,2,1,'2021-05-31 17:55:21','2021-05-31 17:55:21',NULL),(525,4509,512,2,480000.00,100800.00,2,1,'2021-05-31 17:55:21','2021-05-31 17:55:21',NULL),(526,4509,513,2,6250.00,1312.50,2,1,'2021-05-31 17:55:21','2021-05-31 17:55:21',NULL),(527,4509,514,2,15500.00,3255.00,2,1,'2021-05-31 17:55:21','2021-05-31 17:55:21',NULL),(528,4509,515,2,41000.00,8610.00,2,1,'2021-05-31 17:55:21','2021-05-31 17:55:21',NULL),(529,4509,516,2,3400.00,714.00,2,1,'2021-05-31 17:55:21','2021-05-31 17:55:21',NULL),(530,4509,517,2,9000.00,1890.00,2,1,'2021-05-31 17:55:21','2021-05-31 17:55:21',NULL),(531,4509,518,2,5637.60,1183.90,2,1,'2021-05-31 17:55:21','2021-05-31 17:55:21',NULL),(532,4509,519,2,36900.00,7749.00,2,1,'2021-05-31 17:55:21','2021-05-31 17:55:21',NULL),(533,4509,520,2,3158.68,663.32,2,1,'2021-05-31 17:55:21','2021-05-31 17:55:21',NULL),(534,4509,521,2,2250.00,472.50,2,1,'2021-05-31 17:55:21','2021-05-31 17:55:21',NULL),(535,4509,522,2,20800.00,4368.00,2,1,'2021-05-31 17:55:21','2021-05-31 17:55:21',NULL),(536,4509,523,2,64800.00,13608.00,2,1,'2021-05-31 17:55:21','2021-05-31 17:55:21',NULL),(537,4509,524,2,2500.00,525.00,2,1,'2021-05-31 17:55:21','2021-05-31 17:55:21',NULL),(538,4509,525,2,63400.00,13314.00,2,1,'2021-05-31 17:55:21','2021-05-31 17:55:21',NULL),(539,4509,526,2,48000.00,10080.00,2,1,'2021-05-31 17:55:21','2021-05-31 17:55:21',NULL),(540,4509,527,2,30000.00,6300.00,2,1,'2021-05-31 17:55:21','2021-05-31 17:55:21',NULL),(541,4509,528,2,225600.00,47376.00,2,1,'2021-05-31 17:55:21','2021-05-31 17:55:21',NULL),(542,4509,529,2,42500.00,8925.00,2,1,'2021-05-31 17:55:21','2021-05-31 17:55:21',NULL),(543,4509,530,2,34000.00,7140.00,2,1,'2021-05-31 17:55:21','2021-05-31 17:55:21',NULL),(544,4509,531,2,6900.00,1449.00,2,1,'2021-05-31 17:55:21','2021-05-31 17:55:21',NULL),(545,4509,532,2,120600.00,25326.00,2,1,'2021-05-31 17:55:21','2021-05-31 17:55:21',NULL),(546,4509,533,2,55000.00,11550.00,2,1,'2021-05-31 17:55:21','2021-05-31 17:55:21',NULL),(547,4509,534,2,74850.00,15718.50,2,1,'2021-05-31 17:55:21','2021-05-31 17:55:21',NULL),(548,4509,535,2,16800.00,3528.00,2,1,'2021-05-31 17:55:21','2021-05-31 17:55:21',NULL),(549,4509,536,2,13000.00,2730.00,2,1,'2021-05-31 17:55:21','2021-05-31 17:55:21',NULL),(550,4509,537,2,96000.00,20160.00,2,1,'2021-05-31 17:55:22','2021-05-31 17:55:22',NULL),(551,4509,538,2,75500.00,15855.00,2,1,'2021-05-31 17:55:22','2021-05-31 17:55:22',NULL),(552,4509,539,2,83958.00,17631.18,2,1,'2021-05-31 17:55:22','2021-05-31 17:55:22',NULL),(553,4509,540,2,9900.00,2079.00,2,1,'2021-05-31 17:55:22','2021-05-31 17:55:22',NULL),(554,4509,541,2,83250.00,17482.50,2,1,'2021-05-31 17:55:22','2021-05-31 17:55:22',NULL),(555,4509,542,2,47000.00,9870.00,2,1,'2021-05-31 17:55:22','2021-05-31 17:55:22',NULL),(556,4509,543,2,21000.00,4410.00,2,1,'2021-05-31 17:55:22','2021-05-31 17:55:22',NULL),(557,4509,544,2,15600.00,3276.00,2,1,'2021-05-31 17:55:22','2021-05-31 17:55:22',NULL),(558,4509,545,2,224000.00,47040.00,2,1,'2021-05-31 17:55:22','2021-05-31 17:55:22',NULL),(559,4509,546,2,30400.00,6384.00,2,1,'2021-05-31 17:55:22','2021-05-31 17:55:22',NULL),(560,4509,547,2,19500.00,4095.00,2,1,'2021-05-31 17:55:22','2021-05-31 17:55:22',NULL);
INSERT INTO `receipt_taxes` VALUES (561,4509,548,2,19700.00,4137.00,2,1,'2021-05-31 17:55:22','2021-05-31 17:55:22',NULL),(562,4509,549,2,13000.00,2730.00,2,1,'2021-05-31 17:55:22','2021-05-31 17:55:22',NULL),(563,4509,550,2,527500.00,110775.00,2,1,'2021-05-31 17:55:22','2021-05-31 17:55:22',NULL),(564,4509,551,2,64000.00,13440.00,2,1,'2021-05-31 17:55:22','2021-05-31 17:55:22',NULL),(565,4509,552,2,15000.00,3150.00,2,1,'2021-05-31 17:55:22','2021-05-31 17:55:22',NULL),(566,4509,553,2,13000.00,2730.00,2,1,'2021-05-31 17:55:22','2021-05-31 17:55:22',NULL),(567,4509,554,2,30000.00,6300.00,2,1,'2021-05-31 17:55:22','2021-05-31 17:55:22',NULL),(568,4509,555,2,134500.00,28245.00,2,1,'2021-05-31 17:55:23','2021-05-31 17:55:23',NULL),(569,4509,556,2,9600.00,2016.00,2,1,'2021-05-31 17:55:23','2021-05-31 17:55:23',NULL),(570,4509,557,2,298000.00,62580.00,2,1,'2021-05-31 17:55:23','2021-05-31 17:55:23',NULL),(571,4509,558,2,176000.00,36960.00,2,1,'2021-05-31 17:55:23','2021-05-31 17:55:23',NULL),(572,4509,559,2,63400.00,13314.00,2,1,'2021-05-31 17:55:23','2021-05-31 17:55:23',NULL),(573,4509,560,2,122044.00,25629.24,2,1,'2021-05-31 17:55:23','2021-05-31 17:55:23',NULL),(574,4509,561,2,50400.00,10584.00,2,1,'2021-05-31 17:55:23','2021-05-31 17:55:23',NULL),(575,4509,562,2,42000.00,8820.00,2,1,'2021-05-31 17:55:23','2021-05-31 17:55:23',NULL),(576,4509,563,2,29600.00,6216.00,2,1,'2021-05-31 17:55:23','2021-05-31 17:55:23',NULL),(577,4509,564,2,98804.00,20748.84,2,1,'2021-05-31 17:55:23','2021-05-31 17:55:23',NULL),(578,4509,565,2,127500.00,26775.00,2,1,'2021-05-31 17:55:23','2021-05-31 17:55:23',NULL),(579,4509,566,2,128000.00,26880.00,2,1,'2021-05-31 17:55:23','2021-05-31 17:55:23',NULL),(580,4509,567,2,14200.00,2982.00,2,1,'2021-05-31 17:55:23','2021-05-31 17:55:23',NULL),(581,4509,568,2,48000.00,10080.00,2,1,'2021-05-31 17:55:23','2021-05-31 17:55:23',NULL),(582,4509,569,2,150645.60,31635.58,2,1,'2021-05-31 17:55:23','2021-05-31 17:55:23',NULL),(583,4509,570,2,26000.00,5460.00,2,1,'2021-05-31 17:55:23','2021-05-31 17:55:23',NULL),(584,4509,571,2,220000.00,46200.00,2,1,'2021-05-31 17:55:23','2021-05-31 17:55:23',NULL),(585,4509,572,2,29500.00,6195.00,2,1,'2021-05-31 17:55:23','2021-05-31 17:55:23',NULL),(586,4509,573,2,64800.00,13608.00,2,1,'2021-05-31 17:55:23','2021-05-31 17:55:23',NULL),(587,4509,574,2,80000.00,16800.00,2,1,'2021-05-31 17:55:23','2021-05-31 17:55:23',NULL),(588,4509,575,2,34000.00,7140.00,2,1,'2021-05-31 17:55:23','2021-05-31 17:55:23',NULL),(589,4509,576,2,130000.00,27300.00,2,1,'2021-05-31 17:55:23','2021-05-31 17:55:23',NULL),(590,4509,577,2,41750.00,8767.50,2,1,'2021-05-31 17:55:23','2021-05-31 17:55:23',NULL),(591,4509,578,2,32000.00,6720.00,2,1,'2021-05-31 17:55:23','2021-05-31 17:55:23',NULL),(592,4509,579,2,96019.00,20163.99,2,1,'2021-05-31 17:55:23','2021-05-31 17:55:23',NULL),(593,4509,580,2,6825.00,1433.25,2,1,'2021-05-31 17:55:23','2021-05-31 17:55:23',NULL),(594,4509,581,2,21050.00,4420.50,2,1,'2021-05-31 17:55:23','2021-05-31 17:55:23',NULL),(595,4509,582,2,23500.00,4935.00,2,1,'2021-05-31 17:55:24','2021-05-31 17:55:24',NULL),(596,4509,583,2,28665.00,6019.65,2,1,'2021-05-31 17:55:24','2021-05-31 17:55:24',NULL),(597,4509,584,2,16200.00,3402.00,2,1,'2021-05-31 17:55:24','2021-05-31 17:55:24',NULL),(598,4509,585,2,19000.00,3990.00,2,1,'2021-05-31 17:55:24','2021-05-31 17:55:24',NULL),(599,4509,586,2,16000.00,3360.00,2,1,'2021-05-31 17:55:24','2021-05-31 17:55:24',NULL),(600,4509,587,2,123240.00,25880.40,2,1,'2021-05-31 17:55:24','2021-05-31 17:55:24',NULL),(601,4509,588,2,81000.00,17010.00,2,1,'2021-05-31 17:55:24','2021-05-31 17:55:24',NULL),(602,4509,589,2,36400.00,7644.00,2,1,'2021-05-31 17:55:24','2021-05-31 17:55:24',NULL),(603,4509,590,2,14500.00,3045.00,2,1,'2021-05-31 17:55:24','2021-05-31 17:55:24',NULL),(604,4509,591,2,30000.00,6300.00,2,1,'2021-05-31 17:55:24','2021-05-31 17:55:24',NULL),(605,4509,592,2,64350.00,13513.50,2,1,'2021-05-31 17:55:24','2021-05-31 17:55:24',NULL);
INSERT INTO `receipt_taxes` VALUES (606,4509,593,2,46000.00,9660.00,2,1,'2021-05-31 17:55:24','2021-05-31 17:55:24',NULL),(607,4509,594,2,152000.00,31920.00,2,1,'2021-05-31 17:55:24','2021-05-31 17:55:24',NULL),(608,4509,595,2,11000.00,2310.00,2,1,'2021-05-31 17:55:24','2021-05-31 17:55:24',NULL),(609,4509,596,2,47500.00,9975.00,2,1,'2021-05-31 17:55:24','2021-05-31 17:55:24',NULL),(610,4509,597,2,16000.00,3360.00,2,1,'2021-05-31 17:55:24','2021-05-31 17:55:24',NULL),(611,4509,598,2,1500.00,315.00,2,1,'2021-05-31 17:55:24','2021-05-31 17:55:24',NULL),(612,4509,599,2,153264.00,32185.44,2,1,'2021-05-31 17:55:24','2021-05-31 17:55:24',NULL),(613,4509,600,2,15500.00,3255.00,2,1,'2021-05-31 17:55:24','2021-05-31 17:55:24',NULL),(614,4509,601,2,89400.00,18774.00,2,1,'2021-05-31 17:55:24','2021-05-31 17:55:24',NULL),(615,4509,602,2,7800.00,1638.00,2,1,'2021-05-31 17:55:24','2021-05-31 17:55:24',NULL),(616,4509,603,2,41750.00,8767.50,2,1,'2021-05-31 17:55:24','2021-05-31 17:55:24',NULL),(617,4509,604,2,23760.00,4989.60,2,1,'2021-05-31 17:55:24','2021-05-31 17:55:24',NULL),(618,4509,605,2,39400.00,8274.00,2,1,'2021-05-31 17:55:24','2021-05-31 17:55:24',NULL),(619,4509,606,2,6250.00,1312.50,2,1,'2021-05-31 17:55:24','2021-05-31 17:55:24',NULL),(620,4509,607,2,15600.00,3276.00,2,1,'2021-05-31 17:55:24','2021-05-31 17:55:24',NULL),(621,4509,608,2,38500.00,8085.00,2,1,'2021-05-31 17:55:25','2021-05-31 17:55:25',NULL),(622,4509,609,2,4950.00,1039.50,2,1,'2021-05-31 17:55:25','2021-05-31 17:55:25',NULL),(623,4509,610,2,65000.00,13650.00,2,1,'2021-05-31 17:55:25','2021-05-31 17:55:25',NULL),(624,4509,611,2,95487.66,20052.41,2,1,'2021-05-31 17:55:25','2021-05-31 17:55:25',NULL),(625,4509,612,2,34142.20,7169.86,2,1,'2021-05-31 17:55:25','2021-05-31 17:55:25',NULL),(626,4509,613,2,71200.00,14952.00,2,1,'2021-05-31 17:55:25','2021-05-31 17:55:25',NULL),(627,4509,614,2,13000.00,2730.00,2,1,'2021-05-31 17:55:25','2021-05-31 17:55:25',NULL),(628,4509,615,2,48000.00,10080.00,2,1,'2021-05-31 17:55:25','2021-05-31 17:55:25',NULL),(629,4509,616,2,46500.00,9765.00,2,1,'2021-05-31 17:55:25','2021-05-31 17:55:25',NULL),(630,4509,617,2,510000.00,107100.00,2,1,'2021-05-31 17:55:25','2021-05-31 17:55:25',NULL),(631,4509,618,2,69600.00,14616.00,2,1,'2021-05-31 17:55:25','2021-05-31 17:55:25',NULL),(632,4509,619,2,29700.00,6237.00,2,1,'2021-05-31 17:55:25','2021-05-31 17:55:25',NULL),(633,4509,620,2,2600.00,546.00,2,1,'2021-05-31 17:55:25','2021-05-31 17:55:25',NULL),(634,4509,621,2,72500.00,15225.00,2,1,'2021-05-31 17:55:25','2021-05-31 17:55:25',NULL),(635,4509,622,2,24500.00,5145.00,2,1,'2021-05-31 17:55:25','2021-05-31 17:55:25',NULL),(636,4509,623,2,537500.00,112875.00,2,1,'2021-05-31 17:55:25','2021-05-31 17:55:25',NULL),(637,4509,624,2,67200.00,14112.00,2,1,'2021-05-31 17:55:25','2021-05-31 17:55:25',NULL),(638,4509,625,2,106266.00,22315.86,2,1,'2021-05-31 17:55:25','2021-05-31 17:55:25',NULL),(639,4509,626,2,65700.00,13797.00,2,1,'2021-05-31 17:55:25','2021-05-31 17:55:25',NULL),(640,4509,627,2,74403.00,15624.63,2,1,'2021-05-31 17:55:25','2021-05-31 17:55:25',NULL),(641,4509,628,2,9000.00,1890.00,2,1,'2021-05-31 17:55:25','2021-05-31 17:55:25',NULL),(642,4509,629,2,87000.00,18270.00,2,1,'2021-05-31 17:55:25','2021-05-31 17:55:25',NULL),(643,4509,630,2,34000.00,7140.00,2,1,'2021-05-31 17:55:25','2021-05-31 17:55:25',NULL),(644,4509,631,2,73700.00,15477.00,2,1,'2021-05-31 17:55:25','2021-05-31 17:55:25',NULL),(645,4509,632,2,134062.50,28153.13,2,1,'2021-05-31 17:55:25','2021-05-31 17:55:25',NULL),(646,4509,633,2,219200.00,46032.00,2,1,'2021-05-31 17:55:26','2021-05-31 17:55:26',NULL),(647,4509,634,2,341000.00,71610.00,2,1,'2021-05-31 17:55:26','2021-05-31 17:55:26',NULL),(648,4509,635,2,175000.00,36750.00,2,1,'2021-05-31 17:55:26','2021-05-31 17:55:26',NULL),(649,4509,636,2,169000.00,35490.00,2,1,'2021-05-31 17:55:26','2021-05-31 17:55:26',NULL),(650,4509,637,2,1961070.00,411824.70,2,1,'2021-05-31 17:55:26','2021-05-31 17:55:26',NULL);
INSERT INTO `receipt_taxes` VALUES (651,4509,638,2,268000.00,56280.00,2,1,'2021-05-31 17:55:26','2021-05-31 17:55:26',NULL),(652,4509,639,2,50760.00,10659.60,2,1,'2021-05-31 17:55:26','2021-05-31 17:55:26',NULL),(653,4509,640,2,87472.26,18369.18,2,1,'2021-05-31 17:55:26','2021-05-31 17:55:26',NULL),(654,4509,641,2,52800.00,11088.00,2,1,'2021-05-31 17:55:26','2021-05-31 17:55:26',NULL),(655,4509,642,2,19800.00,4158.00,2,1,'2021-05-31 17:55:26','2021-05-31 17:55:26',NULL),(656,4509,643,2,87916.76,18462.52,2,1,'2021-05-31 17:55:26','2021-05-31 17:55:26',NULL),(657,4509,644,2,4200.00,882.00,2,1,'2021-05-31 17:55:26','2021-05-31 17:55:26',NULL),(658,4509,645,2,56100.00,11781.00,2,1,'2021-05-31 17:55:26','2021-05-31 17:55:26',NULL),(659,4509,646,2,200000.00,42000.00,2,1,'2021-05-31 17:55:26','2021-05-31 17:55:26',NULL),(660,4509,647,2,57900.00,12159.00,2,1,'2021-05-31 17:55:26','2021-05-31 17:55:26',NULL),(661,4509,648,2,169719.01,35640.99,2,1,'2021-05-31 17:55:26','2021-05-31 17:55:26',NULL),(662,4509,649,2,5702.48,1197.52,2,1,'2021-05-31 17:55:26','2021-05-31 17:55:26',NULL),(663,4509,650,2,36000.00,7560.00,2,1,'2021-05-31 17:55:26','2021-05-31 17:55:26',NULL),(664,4509,651,2,24462.81,5137.19,2,1,'2021-05-31 17:55:26','2021-05-31 17:55:26',NULL),(665,4509,652,2,311984.30,65516.70,2,1,'2021-05-31 17:55:26','2021-05-31 17:55:26',NULL),(666,4509,653,2,18000.00,3780.00,2,1,'2021-05-31 17:55:26','2021-05-31 17:55:26',NULL),(667,4509,654,2,13223.14,2776.86,2,1,'2021-05-31 17:55:26','2021-05-31 17:55:26',NULL),(668,4509,655,2,61322.31,12877.69,2,1,'2021-05-31 17:55:26','2021-05-31 17:55:26',NULL),(669,4509,656,2,29000.00,6090.00,2,1,'2021-05-31 17:55:26','2021-05-31 17:55:26',NULL),(670,4509,657,2,4214.88,885.12,2,1,'2021-05-31 17:55:26','2021-05-31 17:55:26',NULL),(671,4509,658,2,58016.53,12183.47,2,1,'2021-05-31 17:55:26','2021-05-31 17:55:26',NULL),(672,4509,659,2,59699.17,12536.83,2,1,'2021-05-31 17:55:27','2021-05-31 17:55:27',NULL),(673,4509,660,2,59699.17,12536.83,2,1,'2021-05-31 17:55:27','2021-05-31 17:55:27',NULL),(674,4509,661,2,1000.00,210.00,2,1,'2021-05-31 17:55:27','2021-05-31 17:55:27',NULL),(675,4509,662,2,52236.78,10969.72,2,1,'2021-05-31 17:55:27','2021-05-31 17:55:27',NULL),(676,4509,663,2,6000.00,1260.00,2,1,'2021-05-31 17:55:27','2021-05-31 17:55:27',NULL),(677,4509,664,2,7000.00,1470.00,2,1,'2021-05-31 17:55:27','2021-05-31 17:55:27',NULL),(678,4509,665,2,59699.17,12536.83,2,1,'2021-05-31 17:55:27','2021-05-31 17:55:27',NULL),(679,4509,666,2,59699.17,12536.83,2,1,'2021-05-31 17:55:27','2021-05-31 17:55:27',NULL),(680,NULL,738,7,9200.00,0.00,2,1,'2021-06-01 09:10:59',NULL,NULL),(681,NULL,739,7,19200.00,0.00,2,1,'2021-06-01 09:10:59',NULL,NULL),(682,NULL,740,7,14700.00,0.00,2,1,'2021-06-01 09:10:59',NULL,NULL),(683,NULL,741,7,16500.00,0.00,2,1,'2021-06-01 09:10:59',NULL,NULL),(684,NULL,742,7,7300.00,0.00,2,1,'2021-06-01 09:10:59',NULL,NULL),(685,NULL,743,7,12800.00,0.00,2,1,'2021-06-01 09:10:59',NULL,NULL),(686,NULL,744,7,8300.00,0.00,2,1,'2021-06-01 09:10:59',NULL,NULL),(687,NULL,745,7,9300.00,0.00,2,1,'2021-06-01 09:10:59',NULL,NULL),(688,4509,746,2,4514.86,948.12,2,1,'2021-06-03 08:13:45','2021-06-03 08:13:45',NULL),(689,4509,747,2,13223.14,2776.86,2,1,'2021-06-03 08:13:45','2021-06-03 08:13:45',NULL),(690,4509,748,2,2661.14,558.84,2,1,'2021-06-03 08:13:45','2021-06-03 08:13:45',NULL),(691,4509,749,2,15867.76,3332.23,2,1,'2021-06-03 08:13:45','2021-06-03 08:13:45',NULL),(692,4509,750,2,6172.71,1296.27,2,1,'2021-06-03 08:13:45','2021-06-03 08:13:45',NULL),(693,4509,751,2,2557.05,536.98,2,1,'2021-06-03 08:13:45','2021-06-03 08:13:45',NULL),(694,4509,752,2,6351.29,1333.77,2,1,'2021-06-03 08:13:45','2021-06-03 08:13:45',NULL),(695,4509,753,2,1107.62,232.60,2,1,'2021-06-03 08:13:45','2021-06-03 08:13:45',NULL),(696,4509,754,2,4514.86,948.12,2,1,'2021-06-03 08:13:45','2021-06-03 08:13:45',NULL),(697,4509,755,2,4761.14,999.84,2,1,'2021-06-03 08:13:45','2021-06-03 08:13:45',NULL),(698,4509,755,1,507.24,53.26,2,1,'2021-06-03 08:13:45','2021-06-03 08:13:45',NULL);
INSERT INTO `receipt_taxes` VALUES (699,4509,756,1,1785.62,187.49,2,1,'2021-06-03 08:13:45','2021-06-03 08:13:45',NULL),(700,4509,757,2,187.67,39.41,2,1,'2021-06-03 08:13:45','2021-06-03 08:13:45',NULL),(701,4509,757,1,3285.05,344.93,2,1,'2021-06-03 08:13:45','2021-06-03 08:13:45',NULL),(702,4509,758,2,1068.57,224.40,2,1,'2021-06-03 08:13:45','2021-06-03 08:13:45',NULL),(703,4509,759,1,3320.38,348.64,2,1,'2021-06-03 08:13:45','2021-06-03 08:13:45',NULL),(704,4509,760,2,17860.76,3750.76,2,1,'2021-06-03 08:13:45','2021-06-03 08:13:45',NULL),(705,4509,761,2,4941.33,1037.68,2,1,'2021-06-03 08:13:45','2021-06-03 08:13:45',NULL),(706,4509,762,2,13471.10,2828.93,2,1,'2021-06-03 08:13:45','2021-06-03 08:13:45',NULL),(707,4509,763,2,15867.76,3332.23,2,1,'2021-06-03 08:13:45','2021-06-03 08:13:45',NULL),(708,4509,764,2,15867.76,3332.23,2,1,'2021-06-03 08:13:45','2021-06-03 08:13:45',NULL),(709,4509,765,2,2761.14,579.84,2,1,'2021-06-03 08:13:45','2021-06-03 08:13:45',NULL),(710,4509,766,2,1453.71,305.28,2,1,'2021-06-03 08:13:45','2021-06-03 08:13:45',NULL),(711,4509,767,2,1264.48,265.54,2,1,'2021-06-03 08:13:45','2021-06-03 08:13:45',NULL),(712,4509,768,2,298.33,62.65,2,1,'2021-06-03 08:13:45','2021-06-03 08:13:45',NULL),(713,4509,769,2,7396.71,1553.31,2,1,'2021-06-03 08:13:45','2021-06-03 08:13:45',NULL),(714,4509,770,2,4941.33,1037.68,2,1,'2021-06-03 08:13:45','2021-06-03 08:13:45',NULL),(715,4509,771,2,3377.05,709.18,2,1,'2021-06-03 08:13:46','2021-06-03 08:13:46',NULL),(716,4509,772,2,257.86,54.15,2,1,'2021-06-03 08:13:46','2021-06-03 08:13:46',NULL),(717,4509,772,1,2028.95,213.04,2,1,'2021-06-03 08:13:46','2021-06-03 08:13:46',NULL),(718,4509,773,1,1785.62,187.49,2,1,'2021-06-03 08:13:46','2021-06-03 08:13:46',NULL),(719,4509,774,1,3312.19,347.78,2,1,'2021-06-03 08:13:46','2021-06-03 08:13:46',NULL),(720,4509,775,1,3701.33,388.64,2,1,'2021-06-03 08:13:46','2021-06-03 08:13:46',NULL),(721,4509,776,2,4880.14,1024.83,2,1,'2021-06-03 08:13:46','2021-06-03 08:13:46',NULL),(722,4509,777,2,4379.33,919.66,2,1,'2021-06-03 08:13:46','2021-06-03 08:13:46',NULL),(723,4509,778,1,5850.00,614.25,2,1,'2021-06-03 08:13:46','2021-06-03 08:13:46',NULL),(724,4509,779,1,5850.00,614.25,2,1,'2021-06-03 08:13:46','2021-06-03 08:13:46',NULL),(725,4509,780,1,5850.00,614.25,2,1,'2021-06-03 08:13:46','2021-06-03 08:13:46',NULL),(726,4509,781,2,45615.86,9579.33,2,1,'2021-06-03 08:13:46','2021-06-03 08:13:46',NULL),(727,4509,782,2,45615.86,9579.33,2,1,'2021-06-03 08:13:46','2021-06-03 08:13:46',NULL),(728,4509,783,2,38915.86,8172.33,2,1,'2021-06-03 08:13:46','2021-06-03 08:13:46',NULL),(729,4509,784,2,11462.52,2407.13,2,1,'2021-06-03 08:13:46','2021-06-03 08:13:46',NULL),(730,4509,785,2,4775.19,1002.79,2,1,'2021-06-03 08:13:46','2021-06-03 08:13:46',NULL),(731,4509,786,2,3183.48,668.53,2,1,'2021-06-03 08:13:46','2021-06-03 08:13:46',NULL),(732,4509,787,1,1785.62,187.49,2,1,'2021-06-03 08:13:46','2021-06-03 08:13:46',NULL),(733,4509,788,2,3025.19,635.29,2,1,'2021-06-03 08:13:46','2021-06-03 08:13:46',NULL),(734,4509,789,2,9527.14,2000.70,2,1,'2021-06-03 08:13:46','2021-06-03 08:13:46',NULL),(735,4509,790,2,13642.52,2864.93,2,1,'2021-06-03 08:13:46','2021-06-03 08:13:46',NULL),(736,4509,790,1,681.24,71.53,2,1,'2021-06-03 08:13:46','2021-06-03 08:13:46',NULL),(737,4509,791,2,21524.00,4520.04,2,1,'2021-06-03 08:13:46','2021-06-03 08:13:46',NULL),(738,4509,792,2,1567.52,329.18,2,1,'2021-06-03 08:13:46','2021-06-03 08:13:46',NULL),(739,4509,793,2,10800.00,2268.00,2,1,'2021-06-03 08:13:46','2021-06-03 08:13:46',NULL),(740,4509,794,2,21524.00,4520.04,2,1,'2021-06-03 08:13:46','2021-06-03 08:13:46',NULL),(741,4509,795,2,187.67,39.41,2,1,'2021-06-03 08:13:46','2021-06-03 08:13:46',NULL),(742,4509,795,1,3285.05,344.93,2,1,'2021-06-03 08:13:46','2021-06-03 08:13:46',NULL),(743,4509,796,1,3312.19,347.78,2,1,'2021-06-03 08:13:46','2021-06-03 08:13:46',NULL),(744,4509,797,2,3762.81,790.19,2,1,'2021-06-03 08:13:46','2021-06-03 08:13:46',NULL);
INSERT INTO `receipt_taxes` VALUES (745,4509,798,2,2768.81,581.45,2,1,'2021-06-03 08:13:47','2021-06-03 08:13:47',NULL),(746,4509,799,2,2768.81,581.45,2,1,'2021-06-03 08:13:47','2021-06-03 08:13:47',NULL),(747,4509,800,2,2949.14,619.32,2,1,'2021-06-03 08:13:47','2021-06-03 08:13:47',NULL),(748,4509,801,2,1652.05,346.93,2,1,'2021-06-03 08:13:47','2021-06-03 08:13:47',NULL),(749,4509,802,1,3285.05,344.93,2,1,'2021-06-03 08:13:47','2021-06-03 08:13:47',NULL),(750,4509,803,2,5824.81,1223.21,2,1,'2021-06-03 08:13:47','2021-06-03 08:13:47',NULL),(751,4509,804,2,4380.00,919.80,2,1,'2021-06-03 08:13:47','2021-06-03 08:13:47',NULL),(752,4509,805,2,2041.71,428.76,2,1,'2021-06-03 08:13:47','2021-06-03 08:13:47',NULL),(753,4509,806,2,1756.62,368.89,2,1,'2021-06-03 08:13:47','2021-06-03 08:13:47',NULL),(754,4509,807,2,1348.95,283.28,2,1,'2021-06-03 08:13:47','2021-06-03 08:13:47',NULL),(755,4509,808,2,4029.00,846.09,2,1,'2021-06-03 08:13:47','2021-06-03 08:13:47',NULL),(756,4509,809,2,1479.33,310.66,2,1,'2021-06-03 08:13:47','2021-06-03 08:13:47',NULL),(757,4509,810,2,2685.95,564.05,2,1,'2021-06-03 08:13:47','2021-06-03 08:13:47',NULL),(758,4509,811,2,4440.00,932.40,2,1,'2021-06-03 08:13:47','2021-06-03 08:13:47',NULL),(759,4509,812,2,5033.05,1056.94,2,1,'2021-06-03 08:13:47','2021-06-03 08:13:47',NULL),(760,4509,813,2,4941.33,1037.68,2,1,'2021-06-03 08:13:47','2021-06-03 08:13:47',NULL),(761,4509,814,2,2393.24,502.58,2,1,'2021-06-03 08:13:47','2021-06-03 08:13:47',NULL),(762,4509,815,2,3153.86,662.31,2,1,'2021-06-03 08:13:47','2021-06-03 08:13:47',NULL),(763,4509,816,2,5636.48,1183.66,2,1,'2021-06-03 08:13:47','2021-06-03 08:13:47',NULL),(764,4509,817,2,314.05,65.95,2,1,'2021-06-03 08:13:47','2021-06-03 08:13:47',NULL),(765,4509,818,7,9000.00,0.00,2,1,'2021-06-03 08:13:47','2021-06-03 08:13:47',NULL),(766,4509,818,1005,185.33,0.00,2,1,'2021-06-03 08:13:47','2021-06-03 08:13:47',NULL),(767,4509,819,7,15500.00,0.00,2,1,'2021-06-03 08:13:47','2021-06-03 08:13:47',NULL),(768,4509,820,2,45475.00,9549.75,2,1,'2021-06-03 08:13:47','2021-06-03 08:13:47',NULL),(769,4509,820,1005,220.00,0.00,2,1,'2021-06-03 08:13:47','2021-06-03 08:13:47',NULL);

--
-- Table structure for table `receipt_types`
--

CREATE TABLE `receipt_types` (
  `id` int(10) unsigned NOT NULL AUTO_INCREMENT,
  `user_id` int(10) unsigned DEFAULT NULL,
  `created_at` timestamp NULL DEFAULT NULL,
  `updated_at` timestamp NULL DEFAULT NULL,
  `name` varchar(255) COLLATE utf8mb4_unicode_ci NOT NULL,
  `code` varchar(255) COLLATE utf8mb4_unicode_ci DEFAULT NULL,
  `credit` int(11) DEFAULT '0',
  `agroup_iva_module` int(10) unsigned DEFAULT NULL,
  `sell_no_taxabled` int(11) DEFAULT '0',
  `buy_no_taxabled` int(11) DEFAULT '0',
  `iva_condition_id` int(11) DEFAULT NULL,
  `is_fce_pyme` tinyint(1) NOT NULL DEFAULT '0',
  `afip_comprobante_id` int(11) DEFAULT NULL,
  `tipo` varchar(255) COLLATE utf8mb4_unicode_ci DEFAULT NULL,
  `letra` varchar(255) COLLATE utf8mb4_unicode_ci DEFAULT NULL,
  `facta_electronica` int(10) unsigned NOT NULL DEFAULT '0',
  `is_stock_lpg` tinyint(1) NOT NULL DEFAULT '0',
  `show_from_total` tinyint(1) NOT NULL DEFAULT '0',
  `deleted_at` timestamp NULL DEFAULT NULL,
  PRIMARY KEY (`id`)
) ENGINE=InnoDB AUTO_INCREMENT=62 DEFAULT CHARSET=utf8mb4 COLLATE=utf8mb4_unicode_ci;

--
-- Dumping data for table `receipt_types`
--

INSERT INTO `receipt_types` VALUES (1,NULL,NULL,'2019-07-29 22:19:32','Factura A','1',0,1,0,0,2,0,1,'Factura','A',1,0,0,NULL),(2,NULL,NULL,'2019-07-29 22:19:32','Nota de débito A','2',0,1,0,0,2,0,2,'Nota de Débito','A',1,0,0,NULL),(3,NULL,NULL,'2019-07-29 22:19:32','Nota de crédito A','3',1,NULL,0,0,2,0,3,'Nota de Crédito','A',1,0,0,NULL),(4,NULL,NULL,'2021-05-26 17:25:10','Factura B','6',0,2,0,1,2,0,6,'Factura','B',1,0,1,NULL),(5,NULL,NULL,'2021-05-26 17:25:10','Nota de débito B','7',0,2,0,1,2,0,7,'Nota de Débito','B',1,0,1,NULL),(6,NULL,NULL,'2021-05-26 17:25:10','Nota de crédito B','8',1,NULL,0,1,2,0,8,'Nota de Crédito','B',1,0,1,NULL),(7,NULL,NULL,'2019-07-29 22:19:32','Factura C','11',0,0,1,1,1,0,11,'Factura','C',1,0,0,NULL),(8,NULL,NULL,'2019-07-29 22:19:32','Nota de débito C','12',0,0,1,1,1,0,12,'Nota de Débito','C',1,0,0,NULL),(9,NULL,NULL,'2019-07-29 22:19:32','Nota de crédito C','13',1,NULL,1,1,1,0,13,'Nota de Crédito','C',1,0,0,NULL),(10,NULL,NULL,NULL,'RECIBO A','4',0,1,0,0,2,0,4,'RECIBO','A',0,0,0,NULL),(11,NULL,NULL,'2021-05-26 17:25:10','RECIBO B','9',0,2,0,1,2,0,9,'RECIBO','B',0,0,1,NULL),(12,NULL,NULL,NULL,'RECIBO C','15',0,0,1,1,1,0,15,'RECIBO','C',0,0,0,NULL),(13,NULL,NULL,'2020-02-27 02:46:40','Factura E','19',0,0,1,0,2,0,19,'Factura','E',0,0,0,NULL),(14,NULL,NULL,'2020-02-27 02:46:40','Nota de débito E','20',0,0,1,0,2,0,20,'Nota de Débito','E',0,0,0,NULL),(15,NULL,NULL,'2020-02-27 02:46:40','Nota de Crédito E','21',1,NULL,1,0,2,0,21,'Nota de Crédito','E',0,0,0,NULL),(16,NULL,NULL,'2021-09-16 15:03:22','Factura M','51',0,1,0,0,2,0,51,'Factura','M',1,0,0,NULL),(17,NULL,NULL,'2020-02-27 02:46:40','Despacho de Importacion','66',0,NULL,0,0,0,0,66,NULL,NULL,0,0,0,NULL),(18,NULL,NULL,'2021-09-16 15:03:22','Nota de Credito M','53',1,NULL,0,0,2,0,53,'Nota de Crédito','M',1,0,0,NULL),(19,NULL,NULL,'2021-09-16 15:03:22','Nota de Debito M','52',1,1,0,0,2,0,52,'Nota de Débito','M',1,0,0,NULL),(20,NULL,NULL,NULL,'Recibo M','54',0,1,0,0,2,0,54,'RECIBO','M',0,0,0,NULL),(21,NULL,NULL,NULL,'Recibo E',NULL,1,0,1,0,2,0,NULL,'RECIBO','E',0,0,0,NULL),(22,NULL,'2019-05-14 21:22:16','2021-05-26 17:25:10','Liquidacion Primaria de Granos','33',0,1,0,0,2,0,33,'Liquidacion Primaria de Granos','A',0,1,0,NULL),(23,NULL,'2019-11-05 19:00:05','2019-11-05 19:00:05','FACTURA DE CRÉDITO ELECTRÓNICA MiPyMEs (FCE) A','201',0,1,0,0,2,1,201,'FACTURA DE CRÉDITO ELECTRÓNICA MiPyMEs (FCE)','A',1,0,0,NULL),(24,NULL,'2019-11-05 19:00:05','2019-11-05 19:00:05','NOTA DE DEBITO ELECTRÓNICA MiPyMEs (FCE) A','202',0,1,0,0,2,1,202,'NOTA DEBITO DE CRÉDITO ELECTRÓNICA MiPyMEs (FCE)','A',1,0,0,NULL),(25,NULL,'2019-11-05 19:00:05','2019-11-05 19:00:05','NOTA DE CREDITO ELECTRÓNICA MiPyMEs (FCE) A','203',1,NULL,0,0,2,1,203,'NOTA CREDITO DE CRÉDITO ELECTRÓNICA MiPyMEs (FCE)','A',1,0,0,NULL),(26,NULL,'2019-11-05 19:00:05','2021-05-26 17:25:10','FACTURA DE CRÉDITO ELECTRÓNICA MiPyMEs (FCE) B','206',0,2,0,1,2,1,206,'FACTURA DE CRÉDITO ELECTRÓNICA MiPyMEs (FCE)','B',1,0,1,NULL),(27,NULL,'2019-11-05 19:00:05','2021-05-26 17:25:10','NOTA DE DEBITO ELECTRÓNICA MiPyMEs (FCE) B','207',0,2,0,1,2,1,207,'NOTA DEBITO DE CRÉDITO ELECTRÓNICA MiPyMEs (FCE)','B',1,0,1,NULL),(28,NULL,'2019-11-05 19:00:05','2021-05-26 17:25:10','NOTA DE CREDITO ELECTRÓNICA MiPyMEs (FCE) B','208',1,NULL,0,1,2,1,208,'NOTA CREDITO DE CRÉDITO ELECTRÓNICA MiPyMEs (FCE)','B',1,0,1,NULL),(29,NULL,'2019-11-05 19:00:05','2019-11-05 19:00:05','FACTURA DE CRÉDITO ELECTRÓNICA MiPyMEs (FCE) C','211',0,0,1,1,1,1,211,'FACTURA DE CRÉDITO ELECTRÓNICA MiPyMEs (FCE)','C',1,0,0,NULL),(30,NULL,'2019-11-05 19:00:05','2019-11-05 19:00:05','NOTA DE DEBITO ELECTRÓNICA MiPyMEs (FCE) C','212',0,0,1,1,1,1,212,'NOTA DEBITO DE CRÉDITO ELECTRÓNICA MiPyMEs (FCE)','C',1,0,0,NULL),(31,NULL,'2019-11-05 19:00:05','2019-11-05 19:00:05','NOTA DE CRÉDITO ELECTRÓNICA MiPyMEs (FCE) C','213',1,NULL,1,1,1,1,213,'NOTA CREDITO DE CRÉDITO ELECTRÓNICA MiPyMEs (FCE)','C',1,0,0,NULL);
INSERT INTO `receipt_types` VALUES (32,NULL,'2020-01-28 01:59:55','2021-05-26 17:25:10','Tique (Informe Diario Z)','83',0,2,0,0,2,0,83,'Cierre Diario Informe Z','Z',0,0,1,NULL),(33,NULL,'2020-02-19 04:48:11','2020-02-19 04:48:11','Comprobantes de Compra de Bienes No Registrables a Consumidores Finales','49',0,1,0,0,2,0,49,'Comprobantes de Compra de Bienes No Registrables','a Consumidores Finales',0,0,0,NULL),(34,NULL,'2021-05-26 17:25:07','2021-05-26 17:25:10','Cuentas de Venta y Liquido Producto A','60',0,1,0,0,2,1,60,'Cuentas de Venta y Liquido Producto A','A',1,0,0,NULL),(35,NULL,'2021-05-26 17:25:07','2021-05-26 17:25:10','Cuentas de Venta y Liquido Producto B','61',0,2,0,1,2,1,61,'Cuentas de Venta y Liquido Producto B','B',1,0,1,NULL),(36,NULL,'2021-05-26 17:25:07','2021-05-26 17:25:10','Liquidaciones A','63',0,1,0,0,2,1,63,'Liquidaciones A','A',1,0,0,NULL),(37,NULL,'2021-05-26 17:25:07','2021-05-26 17:25:10','Liquidaciones B','64',0,2,0,1,2,1,64,'Liquidaciones B','B',1,0,1,NULL),(38,NULL,'2021-05-26 17:25:10','2021-05-26 17:25:13','Tique Factura A','81',0,1,0,0,2,1,81,'Tique Factura','A',0,0,0,NULL),(39,NULL,'2021-05-26 17:25:10','2021-05-26 17:25:13','Tique Factura B','82',0,2,0,1,2,1,82,'Tique Factura','B',0,0,1,NULL),(40,NULL,'2021-05-26 17:25:10','2021-05-26 17:25:16','OTROS COMPROBANTES QUE NO CUMPLEN O ESTÁN EXCEPTUADOS DE LA R.G. 1415 Y SUS MODIF','99',0,1,1,1,1,1,99,'OTROS COMPROBANTES QUE NO CUMPLEN O ESTÁN EXCEPTUADOS DE LA R.G. 1415 Y SUS MODIF ','OTROS',0,0,0,NULL),(41,NULL,'2021-05-26 17:25:10','2021-05-26 17:25:10','Liquidacion de Compra A - Sector Pecuario','183',0,1,0,0,2,0,183,'Liquidacion de Compra','A',0,0,0,NULL),(42,NULL,'2021-05-26 17:25:10','2021-05-26 17:25:10','Liquidacion de Compra B - Sector Pecuario','185',0,2,0,1,2,0,185,'Liquidacion de Compra','B',0,0,1,NULL),(43,NULL,'2021-05-26 17:25:11','2021-05-26 17:25:13','Liquidacion de Venta Directa A - Sector Pecuario','190',0,1,0,0,2,1,190,'Liquidacion de Venta Directa','A',0,0,0,NULL),(44,NULL,'2021-05-26 17:25:11','2021-05-26 17:25:13','Liquidacion de Venta Directa B - Sector Pecuario','191',0,2,0,1,2,1,191,'Liquidacion de Venta Directa','B',0,0,0,NULL),(45,NULL,'2021-05-26 17:25:13','2021-05-26 17:25:13','Liquidacion Secundaria de Granos','331',0,1,0,0,2,1,331,'Liquidacion Secundaria de Granos','LSG',0,0,0,NULL),(46,NULL,'2021-05-26 17:25:13','2021-05-26 17:25:13','Certificado de Deposito','332',0,1,0,0,2,1,332,'Certificado de Deposito','CD',0,0,0,NULL),(47,NULL,'2021-05-26 17:25:13','2021-05-26 17:25:13','Liquidacion de Servicios Publicos Clase A','17',0,1,0,0,2,1,17,'Liquidacion de Servicios Publicos Clase A','LSPCA',0,0,0,NULL),(48,NULL,'2021-05-26 17:25:15','2021-05-26 17:25:15','Liquidacion de Servicios Publicos Clase B','18',0,2,0,1,2,1,18,'Liquidacion de Servicios Publicos Clase B','LSPCA',1,0,0,NULL),(49,NULL,NULL,NULL,'Factura Clase T','195',0,1,0,0,2,0,195,'Factura Clase T','T',0,0,0,NULL),(50,NULL,NULL,NULL,'Nota de Debito Clase T','196',0,1,0,0,2,0,196,'Factura Clase T','T',0,0,0,NULL),(51,NULL,NULL,NULL,'Nota de Credito Clase T','197',1,NULL,0,0,2,0,197,'Factura Clase T','T',0,0,0,NULL),(52,NULL,NULL,NULL,'Cuenta de Venta y Líquido Producto A','180',0,1,0,0,2,0,180,'Cuenta de Venta y Líquido Producto A','A',0,0,0,NULL),(53,NULL,NULL,NULL,'Cuenta de Venta y Líquido Producto B','182',0,2,0,1,2,0,182,'Cuenta de Venta y Líquido Producto B','B',0,0,0,NULL),(54,NULL,NULL,NULL,'Liquidación de Compra A','183',0,1,0,0,2,0,183,'Liquidación de Compra A ','A',0,0,0,NULL),(55,NULL,NULL,NULL,'Liquidación de Compra B','185',0,2,0,1,2,0,185,'Liquidación de Compra B ','B',0,0,0,NULL),(56,NULL,NULL,NULL,'Liquidación de Compra Directa A','186',0,1,0,0,2,0,186,'Liquidación de Compra Directa A','A',0,0,0,NULL),(57,NULL,NULL,NULL,'Liquidación de Compra Directa B','188',0,2,0,1,2,0,188,'Liquidación de Compra Directa B ','B',0,0,0,NULL),(58,NULL,NULL,NULL,'Liquidación de Compra Directa C','189',0,0,1,1,1,0,189,'Liquidación de Compra Directa C ','C',0,0,0,NULL);
INSERT INTO `receipt_types` VALUES (59,NULL,NULL,NULL,'Liquidación de Venta Directa A','190',0,1,0,0,2,0,190,'Liquidación de Venta Directa A','A',0,0,0,NULL),(60,NULL,NULL,NULL,'Liquidación de Venta Directa B','191',0,2,0,1,2,0,191,'Liquidación de Venta Directa B ','B',0,0,0,NULL),(61,NULL,NULL,NULL,'Tique Factura C','109',0,0,0,1,1,0,109,NULL,'C',1,0,0,NULL);

--
-- Table structure for table `receipts`
--

CREATE TABLE `receipts` (
  `id` int(10) unsigned NOT NULL AUTO_INCREMENT,
  `user_id` int(10) unsigned DEFAULT NULL,
  `type_id` int(10) unsigned NOT NULL,
  `type_receipt_id` int(10) unsigned DEFAULT NULL,
  `comprobanteAfip` int(11) DEFAULT NULL,
  `fact_elec_receipt_id` int(10) unsigned DEFAULT NULL,
  `period_id` int(10) unsigned NOT NULL,
  `zone_id` int(10) unsigned DEFAULT NULL,
  `plan_cuenta_id` int(10) unsigned DEFAULT NULL,
  `conta_centro_costo_id` bigint(20) unsigned DEFAULT NULL,
  `activity_id` int(10) unsigned DEFAULT NULL,
  `iva_creditos_tipo_id` int(10) unsigned NOT NULL DEFAULT '1',
  `retention_type_id` int(10) unsigned DEFAULT NULL,
  `dc_orden_id` bigint(20) unsigned DEFAULT NULL,
  `person_id_owner` int(10) unsigned NOT NULL,
  `person_id_relationed` int(10) unsigned DEFAULT NULL,
  `number` int(8) unsigned zerofill DEFAULT NULL,
  `hasta` int(8) unsigned zerofill DEFAULT NULL,
  `reference` int(11) DEFAULT NULL,
  `receipt_date` date DEFAULT NULL,
  `expiration_date` date DEFAULT NULL,
  `code_ticket` int(4) unsigned zerofill DEFAULT NULL,
  `status_id` int(10) unsigned DEFAULT NULL,
  `tax_account_id` int(10) unsigned DEFAULT NULL,
  `amount` decimal(16,2) NOT NULL,
  `file` varchar(255) COLLATE utf8mb4_unicode_ci DEFAULT NULL,
  `created_at` timestamp NULL DEFAULT NULL,
  `updated_at` timestamp NULL DEFAULT NULL,
  `deleted_at` timestamp NULL DEFAULT NULL,
  PRIMARY KEY (`id`),
  KEY `receipts_type_id_foreign` (`type_id`),
  KEY `receipts_type_receipt_id_foreign` (`type_receipt_id`),
  KEY `receipts_tax_account_id_foreign` (`tax_account_id`),
  KEY `receipts_zone_id_foreign` (`zone_id`),
  KEY `receipts_activity_id_foreign` (`activity_id`),
  KEY `receipts_retention_type_id_foreign` (`retention_type_id`),
  KEY `receipts_status_id_foreign` (`status_id`),
  KEY `receipts_person_id_owner_foreign` (`person_id_owner`),
  KEY `receipts_person_id_relationed_foreign` (`person_id_relationed`),
  KEY `receipts_period_id_foreign` (`period_id`),
  KEY `receipts_plan_cuenta_id_foreign` (`plan_cuenta_id`),
  KEY `receipts_fact_elec_receipt_id_foreign` (`fact_elec_receipt_id`),
  KEY `receipts_iva_creditos_tipo_id_foreign` (`iva_creditos_tipo_id`),
  KEY `receipts_conta_centro_costo_id_foreign` (`conta_centro_costo_id`),
  KEY `receipts_dc_orden_id_foreign` (`dc_orden_id`),
  CONSTRAINT `receipts_activity_id_foreign` FOREIGN KEY (`activity_id`) REFERENCES `activities` (`id`),
  CONSTRAINT `receipts_conta_centro_costo_id_foreign` FOREIGN KEY (`conta_centro_costo_id`) REFERENCES `conta_centro_costos` (`id`),
  CONSTRAINT `receipts_dc_orden_id_foreign` FOREIGN KEY (`dc_orden_id`) REFERENCES `dc_ordenes` (`id`),
  CONSTRAINT `receipts_fact_elec_receipt_id_foreign` FOREIGN KEY (`fact_elec_receipt_id`) REFERENCES `fact_elec_receipts` (`id`),
  CONSTRAINT `receipts_iva_creditos_tipo_id_foreign` FOREIGN KEY (`iva_creditos_tipo_id`) REFERENCES `iva_creditos_tipos` (`id`),
  CONSTRAINT `receipts_period_id_foreign` FOREIGN KEY (`period_id`) REFERENCES `periods` (`id`),
  CONSTRAINT `receipts_person_id_owner_foreign` FOREIGN KEY (`person_id_owner`) REFERENCES `persons` (`id`),
  CONSTRAINT `receipts_person_id_relationed_foreign` FOREIGN KEY (`person_id_relationed`) REFERENCES `persons` (`id`),
  CONSTRAINT `receipts_plan_cuenta_id_foreign` FOREIGN KEY (`plan_cuenta_id`) REFERENCES `conta_plan_cuenta` (`id`),
  CONSTRAINT `receipts_retention_type_id_foreign` FOREIGN KEY (`retention_type_id`) REFERENCES `retention_types` (`id`),
  CONSTRAINT `receipts_status_id_foreign` FOREIGN KEY (`status_id`) REFERENCES `status` (`id`),
  CONSTRAINT `receipts_tax_account_id_foreign` FOREIGN KEY (`tax_account_id`) REFERENCES `tax_accounts` (`id`),
  CONSTRAINT `receipts_type_id_foreign` FOREIGN KEY (`type_id`) REFERENCES `types` (`id`),
  CONSTRAINT `receipts_type_receipt_id_foreign` FOREIGN KEY (`type_receipt_id`) REFERENCES `receipt_types` (`id`),
  CONSTRAINT `receipts_zone_id_foreign` FOREIGN KEY (`zone_id`) REFERENCES `zones` (`id`)
) ENGINE=InnoDB AUTO_INCREMENT=822 DEFAULT CHARSET=utf8mb4 COLLATE=utf8mb4_unicode_ci;

--
-- Dumping data for table `receipts`
--

INSERT INTO `receipts` VALUES (1,4509,1,4,NULL,NULL,1548,23,96,NULL,551,1,NULL,NULL,40720,40721,00002745,00002745,NULL,'2021-04-09',NULL,0002,1,NULL,5462.98,NULL,'2021-05-31 17:22:54','2021-05-31 17:22:54',NULL),(2,4509,1,4,NULL,NULL,1548,23,96,NULL,551,1,NULL,NULL,40720,40722,00002906,00002906,NULL,'2021-04-19',NULL,0002,1,NULL,16000.00,NULL,'2021-05-31 17:22:54','2021-05-31 17:22:54',NULL),(3,4509,1,4,NULL,NULL,1548,18,96,NULL,551,1,NULL,NULL,40720,40723,00002881,00002881,NULL,'2021-04-15',NULL,0002,1,NULL,3219.98,NULL,'2021-05-31 17:22:54','2021-05-31 17:22:54',NULL),(4,4509,1,4,NULL,NULL,1548,23,96,NULL,551,1,NULL,NULL,40720,40724,00002838,00002838,NULL,'2021-04-12',NULL,0002,1,NULL,1900.51,NULL,'2021-05-31 17:22:54','2021-05-31 17:22:54',NULL),(5,4509,1,4,NULL,NULL,1548,23,96,NULL,551,1,NULL,NULL,40720,40725,00002930,00002930,NULL,'2021-04-20',NULL,0002,1,NULL,1147.48,NULL,'2021-05-31 17:22:54','2021-05-31 17:22:54',NULL),(6,4509,1,4,NULL,NULL,1548,22,96,NULL,551,1,NULL,NULL,40720,40726,00002708,00002708,NULL,'2021-04-05',NULL,0002,1,NULL,4862.07,NULL,'2021-05-31 17:22:54','2021-05-31 17:22:54',NULL),(7,4509,1,4,NULL,NULL,1548,4,96,NULL,551,1,NULL,NULL,40720,40727,00002900,00002900,NULL,'2021-04-17',NULL,0002,1,NULL,4490.34,NULL,'2021-05-31 17:22:54','2021-05-31 17:22:54',NULL),(8,4509,1,4,NULL,NULL,1548,22,96,NULL,551,1,NULL,NULL,40720,40728,00002977,00002977,NULL,'2021-04-26',NULL,0002,1,NULL,70.01,NULL,'2021-05-31 17:22:54','2021-05-31 17:22:54',NULL),(9,4509,1,4,NULL,NULL,1548,23,96,NULL,551,1,NULL,NULL,40720,40729,00002763,00002763,NULL,'2021-04-09',NULL,0002,1,NULL,2370.79,NULL,'2021-05-31 17:22:54','2021-05-31 17:22:54',NULL),(10,4509,1,4,NULL,NULL,1548,22,96,NULL,551,1,NULL,NULL,40720,40730,00002744,00002744,NULL,'2021-04-09',NULL,0002,1,NULL,1542.46,NULL,'2021-05-31 17:22:55','2021-05-31 17:22:55',NULL),(11,4509,1,4,NULL,NULL,1548,23,96,NULL,551,1,NULL,NULL,40720,40731,00002760,00002760,NULL,'2021-04-09',NULL,0002,1,NULL,2536.22,NULL,'2021-05-31 17:22:55','2021-05-31 17:22:55',NULL),(12,4509,1,4,NULL,NULL,1548,23,96,NULL,551,1,NULL,NULL,40720,40732,00002794,00002794,NULL,'2021-04-10',NULL,0002,1,NULL,3900.00,NULL,'2021-05-31 17:22:55','2021-05-31 17:22:55',NULL),(13,4509,1,4,NULL,NULL,1548,23,96,NULL,551,1,NULL,NULL,40720,40733,00002876,00002876,NULL,'2021-04-15',NULL,0002,1,NULL,1641.51,NULL,'2021-05-31 17:22:55','2021-05-31 17:22:55',NULL),(14,4509,1,4,NULL,NULL,1548,23,96,NULL,551,1,NULL,NULL,40720,40734,00002891,00002891,NULL,'2021-04-16',NULL,0002,1,NULL,4916.00,NULL,'2021-05-31 17:22:55','2021-05-31 17:22:55',NULL),(15,4509,1,4,NULL,NULL,1548,23,96,NULL,551,1,NULL,NULL,40720,40735,00002684,00002684,NULL,'2021-04-03',NULL,0002,1,NULL,4490.02,NULL,'2021-05-31 17:22:55','2021-05-31 17:22:55',NULL),(16,4509,1,4,NULL,NULL,1548,5,96,NULL,551,1,NULL,NULL,40720,40736,00002782,00002782,NULL,'2021-04-09',NULL,0002,1,NULL,1973.11,NULL,'2021-05-31 17:22:55','2021-05-31 17:22:55',NULL),(17,4509,1,4,NULL,NULL,1548,23,96,NULL,551,1,NULL,NULL,40720,40737,00002918,00002918,NULL,'2021-04-20',NULL,0002,1,NULL,2589.98,NULL,'2021-05-31 17:22:55','2021-05-31 17:22:55',NULL),(18,4509,1,4,NULL,NULL,1548,15,96,NULL,551,1,NULL,NULL,40720,40738,00002973,00002973,NULL,'2021-04-26',NULL,0002,1,NULL,3593.01,NULL,'2021-05-31 17:22:55','2021-05-31 17:22:55',NULL),(19,4509,1,4,NULL,NULL,1548,23,96,NULL,551,1,NULL,NULL,40720,40739,00003013,00003013,NULL,'2021-04-30',NULL,0002,1,NULL,1849.97,NULL,'2021-05-31 17:22:55','2021-05-31 17:22:55',NULL),(20,4509,1,4,NULL,NULL,1548,23,96,NULL,551,1,NULL,NULL,40720,40740,00002704,00002704,NULL,'2021-04-05',NULL,0002,1,NULL,18150.00,NULL,'2021-05-31 17:22:55','2021-05-31 17:22:55',NULL),(21,4509,1,4,NULL,NULL,1548,23,96,NULL,551,1,NULL,NULL,40720,40741,00002788,00002788,NULL,'2021-04-09',NULL,0002,1,NULL,1621.98,NULL,'2021-05-31 17:22:55','2021-05-31 17:22:55',NULL),(22,4509,1,4,NULL,NULL,1548,5,96,NULL,551,1,NULL,NULL,40720,40742,00002737,00002737,NULL,'2021-04-08',NULL,0002,1,NULL,2664.02,NULL,'2021-05-31 17:22:55','2021-05-31 17:22:55',NULL);
INSERT INTO `receipts` VALUES (23,4509,1,4,NULL,NULL,1548,9,96,NULL,551,1,NULL,NULL,40720,40743,00002981,00002981,NULL,'2021-04-26',NULL,0002,1,NULL,2450.02,NULL,'2021-05-31 17:22:55','2021-05-31 17:22:55',NULL),(24,4509,1,4,NULL,NULL,1548,1,96,NULL,551,1,NULL,NULL,40720,40744,00002839,00002839,NULL,'2021-04-12',NULL,0002,1,NULL,8360.01,NULL,'2021-05-31 17:22:55','2021-05-31 17:22:55',NULL),(25,4509,1,4,NULL,NULL,1548,1,96,NULL,551,1,NULL,NULL,40720,40745,00002718,00002718,NULL,'2021-04-05',NULL,0002,1,NULL,4490.02,NULL,'2021-05-31 17:22:55','2021-05-31 17:22:55',NULL),(26,4509,1,4,NULL,NULL,1548,23,96,NULL,551,1,NULL,NULL,40720,40746,00002778,00002778,NULL,'2021-04-09',NULL,0002,1,NULL,2929.01,NULL,'2021-05-31 17:22:55','2021-05-31 17:22:55',NULL),(27,4509,1,6,NULL,NULL,1548,23,96,NULL,551,1,NULL,NULL,40720,40747,00000049,00000049,NULL,'2021-04-07',NULL,0002,1,NULL,5900.02,NULL,'2021-05-31 17:22:55','2021-05-31 17:22:55',NULL),(28,4509,1,4,NULL,NULL,1548,13,96,NULL,551,1,NULL,NULL,40720,40748,00002749,00002749,NULL,'2021-04-09',NULL,0002,1,NULL,3556.02,NULL,'2021-05-31 17:22:55','2021-05-31 17:22:55',NULL),(29,4509,1,4,NULL,NULL,1548,23,96,NULL,551,1,NULL,NULL,40720,40749,00002739,00002739,NULL,'2021-04-09',NULL,0002,1,NULL,1739.23,NULL,'2021-05-31 17:22:55','2021-05-31 17:22:55',NULL),(30,4509,1,4,NULL,NULL,1548,18,96,NULL,551,1,NULL,NULL,40720,40750,00002713,00002713,NULL,'2021-04-05',NULL,0002,1,NULL,3379.99,NULL,'2021-05-31 17:22:55','2021-05-31 17:22:55',NULL),(31,4509,1,4,NULL,NULL,1548,22,96,NULL,551,1,NULL,NULL,40720,40751,00002889,00002889,NULL,'2021-04-15',NULL,0002,1,NULL,1359.98,NULL,'2021-05-31 17:22:55','2021-05-31 17:22:55',NULL),(32,4509,1,4,NULL,NULL,1548,1,96,NULL,551,1,NULL,NULL,40720,40752,00002721,00002721,NULL,'2021-04-06',NULL,0002,1,NULL,5462.98,NULL,'2021-05-31 17:22:55','2021-05-31 17:22:55',NULL),(33,4509,1,4,NULL,NULL,1548,2,96,NULL,551,1,NULL,NULL,40720,40753,00002822,00002822,NULL,'2021-04-12',NULL,0002,1,NULL,2032.22,NULL,'2021-05-31 17:22:56','2021-05-31 17:22:56',NULL),(34,4509,1,4,NULL,NULL,1548,9,96,NULL,551,1,NULL,NULL,40720,40754,00002723,00002723,NULL,'2021-04-06',NULL,0002,1,NULL,1998.98,NULL,'2021-05-31 17:22:56','2021-05-31 17:22:56',NULL),(35,4509,1,4,NULL,NULL,1548,10,96,NULL,551,1,NULL,NULL,40720,40755,00002813,00002813,NULL,'2021-04-12',NULL,0002,1,NULL,6326.54,NULL,'2021-05-31 17:22:56','2021-05-31 17:22:56',NULL),(36,4509,1,4,NULL,NULL,1548,18,96,NULL,551,1,NULL,NULL,40720,40756,00002679,00002679,NULL,'2021-04-01',NULL,0002,1,NULL,1998.98,NULL,'2021-05-31 17:22:56','2021-05-31 17:22:56',NULL),(37,4509,1,4,NULL,NULL,1548,22,96,NULL,551,1,NULL,NULL,40720,40757,00002815,00002815,NULL,'2021-04-12',NULL,0002,1,NULL,1691.46,NULL,'2021-05-31 17:22:56','2021-05-31 17:22:56',NULL),(38,4509,1,4,NULL,NULL,1548,8,96,NULL,551,1,NULL,NULL,40720,40758,00002960,00002960,NULL,'2021-04-24',NULL,0002,1,NULL,1208.96,NULL,'2021-05-31 17:22:56','2021-05-31 17:22:56',NULL),(39,4509,1,4,NULL,NULL,1548,23,96,NULL,551,1,NULL,NULL,40720,40759,00002734,00002734,NULL,'2021-04-08',NULL,0002,1,NULL,2171.49,NULL,'2021-05-31 17:22:56','2021-05-31 17:22:56',NULL),(40,4509,1,4,NULL,NULL,1548,23,96,NULL,551,1,NULL,NULL,40720,40760,00002752,00002752,NULL,'2021-04-09',NULL,0002,1,NULL,3301.97,NULL,'2021-05-31 17:22:56','2021-05-31 17:22:56',NULL),(41,4509,1,4,NULL,NULL,1548,23,96,NULL,551,1,NULL,NULL,40720,40761,00002808,00002808,NULL,'2021-04-12',NULL,0002,1,NULL,1705.75,NULL,'2021-05-31 17:22:56','2021-05-31 17:22:56',NULL),(42,4509,1,4,NULL,NULL,1548,23,96,NULL,551,1,NULL,NULL,40720,40762,00002895,00002895,NULL,'2021-04-16',NULL,0002,1,NULL,15189.99,NULL,'2021-05-31 17:22:56','2021-05-31 17:22:56',NULL),(43,4509,1,4,NULL,NULL,1548,23,96,NULL,551,1,NULL,NULL,40720,40763,00002984,00002984,NULL,'2021-04-26',NULL,0002,1,NULL,2749.98,NULL,'2021-05-31 17:22:56','2021-05-31 17:22:56',NULL),(44,4509,1,4,NULL,NULL,1548,23,96,NULL,551,1,NULL,NULL,40720,40764,00002698,00002698,NULL,'2021-04-05',NULL,0002,1,NULL,3080.03,NULL,'2021-05-31 17:22:56','2021-05-31 17:22:56',NULL);
INSERT INTO `receipts` VALUES (45,4509,1,4,NULL,NULL,1548,22,96,NULL,551,1,NULL,NULL,40720,40765,00002948,00002948,NULL,'2021-04-22',NULL,0002,1,NULL,138.98,NULL,'2021-05-31 17:22:56','2021-05-31 17:22:56',NULL),(46,4509,1,4,NULL,NULL,1548,22,96,NULL,551,1,NULL,NULL,40720,40766,00002852,00002852,NULL,'2021-04-13',NULL,0002,1,NULL,1973.11,NULL,'2021-05-31 17:22:56','2021-05-31 17:22:56',NULL),(47,4509,1,4,NULL,NULL,1548,23,96,NULL,551,1,NULL,NULL,40720,40767,00002733,00002733,NULL,'2021-04-08',NULL,0002,1,NULL,21611.52,NULL,'2021-05-31 17:22:56','2021-05-31 17:22:56',NULL),(48,4509,1,4,NULL,NULL,1548,23,96,NULL,551,1,NULL,NULL,40720,40768,00002828,00002828,NULL,'2021-04-12',NULL,0002,1,NULL,4950.97,NULL,'2021-05-31 17:22:56','2021-05-31 17:22:56',NULL),(49,4509,1,4,NULL,NULL,1548,22,96,NULL,551,1,NULL,NULL,40720,40769,00002850,00002850,NULL,'2021-04-13',NULL,0002,1,NULL,1154.97,NULL,'2021-05-31 17:22:56','2021-05-31 17:22:56',NULL),(50,4509,1,4,NULL,NULL,1548,1,96,NULL,551,1,NULL,NULL,40720,40770,00002805,00002805,NULL,'2021-04-12',NULL,0002,1,NULL,1687.72,NULL,'2021-05-31 17:22:56','2021-05-31 17:22:56',NULL),(51,4509,1,4,NULL,NULL,1548,10,96,NULL,551,1,NULL,NULL,40720,40771,00002724,00002724,NULL,'2021-04-06',NULL,0002,1,NULL,5979.01,NULL,'2021-05-31 17:22:56','2021-05-31 17:22:56',NULL),(52,4509,1,4,NULL,NULL,1548,23,96,NULL,551,1,NULL,NULL,40720,40772,00002835,00002835,NULL,'2021-04-12',NULL,0002,1,NULL,2142.79,NULL,'2021-05-31 17:22:56','2021-05-31 17:22:56',NULL),(53,4509,1,4,NULL,NULL,1548,23,96,NULL,551,1,NULL,NULL,40720,40773,00002989,00002989,NULL,'2021-04-27',NULL,0002,1,NULL,3749.95,NULL,'2021-05-31 17:22:56','2021-05-31 17:22:56',NULL),(54,4509,1,4,NULL,NULL,1548,11,96,NULL,551,1,NULL,NULL,40720,40774,00002941,00002941,NULL,'2021-04-21',NULL,0002,1,NULL,8752.03,NULL,'2021-05-31 17:22:56','2021-05-31 17:22:56',NULL),(55,4509,1,4,NULL,NULL,1548,22,96,NULL,551,1,NULL,NULL,40720,40775,00002859,00002859,NULL,'2021-04-14',NULL,0002,1,NULL,1528.52,NULL,'2021-05-31 17:22:56','2021-05-31 17:22:56',NULL),(56,4509,1,4,NULL,NULL,1548,1,96,NULL,551,1,NULL,NULL,40720,40776,00002761,00002761,NULL,'2021-04-09',NULL,0002,1,NULL,5462.98,NULL,'2021-05-31 17:22:57','2021-05-31 17:22:57',NULL),(57,4509,1,4,NULL,NULL,1548,23,96,NULL,551,1,NULL,NULL,40720,40777,00002786,00002786,NULL,'2021-04-09',NULL,0002,1,NULL,5298.99,NULL,'2021-05-31 17:22:57','2021-05-31 17:22:57',NULL),(58,4509,1,4,NULL,NULL,1548,18,96,NULL,551,1,NULL,NULL,40720,40778,00002790,00002790,NULL,'2021-04-09',NULL,0002,1,NULL,3659.97,NULL,'2021-05-31 17:22:57','2021-05-31 17:22:57',NULL),(59,4509,1,4,NULL,NULL,1548,1,96,NULL,551,1,NULL,NULL,40720,40779,00002975,00002975,NULL,'2021-04-26',NULL,0002,1,NULL,3749.95,NULL,'2021-05-31 17:22:57','2021-05-31 17:22:57',NULL),(60,4509,1,4,NULL,NULL,1548,23,96,NULL,551,1,NULL,NULL,40720,40780,00002995,00002995,NULL,'2021-04-28',NULL,0002,1,NULL,380.00,NULL,'2021-05-31 17:22:57','2021-05-31 17:22:57',NULL),(61,4509,1,4,NULL,NULL,1548,22,96,NULL,551,1,NULL,NULL,40720,40781,00002878,00002878,NULL,'2021-04-15',NULL,0002,1,NULL,1528.52,NULL,'2021-05-31 17:22:57','2021-05-31 17:22:57',NULL),(62,4509,1,4,NULL,NULL,1548,18,96,NULL,551,1,NULL,NULL,40720,40782,00002753,00002753,NULL,'2021-04-09',NULL,0002,1,NULL,4071.02,NULL,'2021-05-31 17:22:57','2021-05-31 17:22:57',NULL),(63,4509,1,4,NULL,NULL,1548,1,96,NULL,551,1,NULL,NULL,40720,40783,00002829,00002829,NULL,'2021-04-12',NULL,0002,1,NULL,2353.86,NULL,'2021-05-31 17:22:57','2021-05-31 17:22:57',NULL),(64,4509,1,4,NULL,NULL,1548,23,96,NULL,551,1,NULL,NULL,40720,40784,00002709,00002709,NULL,'2021-04-05',NULL,0002,1,NULL,4862.07,NULL,'2021-05-31 17:22:57','2021-05-31 17:22:57',NULL),(65,4509,1,4,NULL,NULL,1548,22,96,NULL,551,1,NULL,NULL,40720,40785,00003005,00003005,NULL,'2021-04-28',NULL,0002,1,NULL,2214.47,NULL,'2021-05-31 17:22:57','2021-05-31 17:22:57',NULL),(66,4509,1,4,NULL,NULL,1548,22,96,NULL,551,1,NULL,NULL,40720,40786,00002921,00002921,NULL,'2021-04-20',NULL,0002,1,NULL,1754.50,NULL,'2021-05-31 17:22:57','2021-05-31 17:22:57',NULL);
INSERT INTO `receipts` VALUES (67,4509,1,4,NULL,NULL,1548,23,96,NULL,551,1,NULL,NULL,40720,40787,00002776,00002776,NULL,'2021-04-09',NULL,0002,1,NULL,3959.98,NULL,'2021-05-31 17:22:57','2021-05-31 17:22:57',NULL),(68,4509,1,4,NULL,NULL,1548,17,96,NULL,551,1,NULL,NULL,40720,40788,00002868,00002868,NULL,'2021-04-15',NULL,0002,1,NULL,2098.97,NULL,'2021-05-31 17:22:57','2021-05-31 17:22:57',NULL),(69,4509,1,4,NULL,NULL,1548,14,96,NULL,551,1,NULL,NULL,40720,40789,00002729,00002729,NULL,'2021-04-08',NULL,0002,1,NULL,1337.51,NULL,'2021-05-31 17:22:57','2021-05-31 17:22:57',NULL),(70,4509,1,4,NULL,NULL,1548,1,96,NULL,551,1,NULL,NULL,40720,40790,00002951,00002951,NULL,'2021-04-23',NULL,0002,1,NULL,3220.96,NULL,'2021-05-31 17:22:57','2021-05-31 17:22:57',NULL),(71,4509,1,4,NULL,NULL,1548,23,96,NULL,551,1,NULL,NULL,40720,40791,00002871,00002871,NULL,'2021-04-15',NULL,0002,1,NULL,1668.99,NULL,'2021-05-31 17:22:57','2021-05-31 17:22:57',NULL),(72,4509,1,4,NULL,NULL,1548,22,96,NULL,551,1,NULL,NULL,40720,40792,00002719,00002719,NULL,'2021-04-05',NULL,0002,1,NULL,1929.49,NULL,'2021-05-31 17:22:57','2021-05-31 17:22:57',NULL),(73,4509,1,4,NULL,NULL,1548,21,96,NULL,551,1,NULL,NULL,40720,40793,00002789,00002789,NULL,'2021-04-09',NULL,0002,1,NULL,1973.11,NULL,'2021-05-31 17:22:57','2021-05-31 17:22:57',NULL),(74,4509,1,4,NULL,NULL,1548,23,96,NULL,551,1,NULL,NULL,40720,40794,00002966,00002966,NULL,'2021-04-26',NULL,0002,1,NULL,1150.02,NULL,'2021-05-31 17:22:57','2021-05-31 17:22:57',NULL),(75,4509,1,4,NULL,NULL,1548,4,96,NULL,551,1,NULL,NULL,40720,40795,00002764,00002764,NULL,'2021-04-09',NULL,0002,1,NULL,2001.28,NULL,'2021-05-31 17:22:57','2021-05-31 17:22:57',NULL),(76,4509,1,4,NULL,NULL,1548,23,96,NULL,551,1,NULL,NULL,40720,40796,00002915,00002915,NULL,'2021-04-20',NULL,0002,1,NULL,915.97,NULL,'2021-05-31 17:22:57','2021-05-31 17:22:57',NULL),(77,4509,1,4,NULL,NULL,1548,22,96,NULL,551,1,NULL,NULL,40720,40797,00002784,00002784,NULL,'2021-04-09',NULL,0002,1,NULL,1573.98,NULL,'2021-05-31 17:22:57','2021-05-31 17:22:57',NULL),(78,4509,1,4,NULL,NULL,1548,22,96,NULL,551,1,NULL,NULL,40720,40798,00002888,00002888,NULL,'2021-04-15',NULL,0002,1,NULL,419.99,NULL,'2021-05-31 17:22:57','2021-05-31 17:22:57',NULL),(79,4509,1,4,NULL,NULL,1548,23,96,NULL,551,1,NULL,NULL,40720,40799,00002714,00002714,NULL,'2021-04-05',NULL,0002,1,NULL,870.49,NULL,'2021-05-31 17:22:57','2021-05-31 17:22:57',NULL),(80,4509,1,4,NULL,NULL,1548,10,96,NULL,551,1,NULL,NULL,40720,40800,00002775,00002775,NULL,'2021-04-09',NULL,0002,1,NULL,5462.98,NULL,'2021-05-31 17:22:58','2021-05-31 17:22:58',NULL),(81,4509,1,4,NULL,NULL,1548,1,96,NULL,551,1,NULL,NULL,40720,40801,00002940,00002940,NULL,'2021-04-21',NULL,0002,1,NULL,1292.97,NULL,'2021-05-31 17:22:58','2021-05-31 17:22:58',NULL),(82,4509,1,4,NULL,NULL,1548,23,96,NULL,551,1,NULL,NULL,40720,40802,00002687,00002687,NULL,'2021-04-03',NULL,0002,1,NULL,1065.47,NULL,'2021-05-31 17:22:58','2021-05-31 17:22:58',NULL),(83,4509,1,4,NULL,NULL,1548,1,96,NULL,551,1,NULL,NULL,40720,40803,00003006,00003006,NULL,'2021-04-28',NULL,0002,1,NULL,2450.02,NULL,'2021-05-31 17:22:58','2021-05-31 17:22:58',NULL),(84,4509,1,4,NULL,NULL,1548,14,96,NULL,551,1,NULL,NULL,40720,40804,00002910,00002910,NULL,'2021-04-19',NULL,0002,1,NULL,1890.02,NULL,'2021-05-31 17:22:58','2021-05-31 17:22:58',NULL),(85,4509,1,4,NULL,NULL,1548,8,96,NULL,551,1,NULL,NULL,40720,40805,00002974,00002974,NULL,'2021-04-26',NULL,0002,1,NULL,6630.97,NULL,'2021-05-31 17:22:58','2021-05-31 17:22:58',NULL),(86,4509,1,4,NULL,NULL,1548,2,96,NULL,551,1,NULL,NULL,40720,40806,00002901,00002901,NULL,'2021-04-17',NULL,0002,1,NULL,5732.98,NULL,'2021-05-31 17:22:58','2021-05-31 17:22:58',NULL),(87,4509,1,4,NULL,NULL,1548,23,96,NULL,551,1,NULL,NULL,40720,40807,00002855,00002855,NULL,'2021-04-14',NULL,0002,1,NULL,3262.97,NULL,'2021-05-31 17:22:58','2021-05-31 17:22:58',NULL),(88,4509,1,4,NULL,NULL,1548,23,96,NULL,551,1,NULL,NULL,40720,40808,00002758,00002758,NULL,'2021-04-09',NULL,0002,1,NULL,1615.23,NULL,'2021-05-31 17:22:58','2021-05-31 17:22:58',NULL);
INSERT INTO `receipts` VALUES (89,4509,1,4,NULL,NULL,1548,23,96,NULL,551,1,NULL,NULL,40720,40808,00002983,00002983,NULL,'2021-04-26',NULL,0002,1,NULL,1371.22,NULL,'2021-05-31 17:22:58','2021-05-31 17:22:58',NULL),(90,4509,1,4,NULL,NULL,1548,18,96,NULL,551,1,NULL,NULL,40720,40809,00002675,00002675,NULL,'2021-04-01',NULL,0002,1,NULL,2218.97,NULL,'2021-05-31 17:22:58','2021-05-31 17:22:58',NULL),(91,4509,1,4,NULL,NULL,1548,12,96,NULL,551,1,NULL,NULL,40720,40810,00002939,00002939,NULL,'2021-04-21',NULL,0002,1,NULL,3435.02,NULL,'2021-05-31 17:22:58','2021-05-31 17:22:58',NULL),(92,4509,1,4,NULL,NULL,1548,23,96,NULL,551,1,NULL,NULL,40720,40811,00002732,00002732,NULL,'2021-04-08',NULL,0002,1,NULL,3169.22,NULL,'2021-05-31 17:22:58','2021-05-31 17:22:58',NULL),(93,4509,1,4,NULL,NULL,1548,13,96,NULL,551,1,NULL,NULL,40720,40812,00002819,00002819,NULL,'2021-04-12',NULL,0002,1,NULL,2619.59,NULL,'2021-05-31 17:22:58','2021-05-31 17:22:58',NULL),(94,4509,1,4,NULL,NULL,1548,23,96,NULL,551,1,NULL,NULL,40720,40813,00002812,00002812,NULL,'2021-04-12',NULL,0002,1,NULL,3659.97,NULL,'2021-05-31 17:22:58','2021-05-31 17:22:58',NULL),(95,4509,1,4,NULL,NULL,1548,8,96,NULL,551,1,NULL,NULL,40720,40814,00002820,00002820,NULL,'2021-04-12',NULL,0002,1,NULL,3484.97,NULL,'2021-05-31 17:22:58','2021-05-31 17:22:58',NULL),(96,4509,1,4,NULL,NULL,1548,23,96,NULL,551,1,NULL,NULL,40720,40815,00002857,00002857,NULL,'2021-04-14',NULL,0002,1,NULL,1686.97,NULL,'2021-05-31 17:22:58','2021-05-31 17:22:58',NULL),(97,4509,1,4,NULL,NULL,1548,12,96,NULL,551,1,NULL,NULL,40720,40816,00002699,00002699,NULL,'2021-04-05',NULL,0002,1,NULL,2235.73,NULL,'2021-05-31 17:22:58','2021-05-31 17:22:58',NULL),(98,4509,1,4,NULL,NULL,1548,22,96,NULL,551,1,NULL,NULL,40720,40817,00002747,00002747,NULL,'2021-04-09',NULL,0002,1,NULL,1615.23,NULL,'2021-05-31 17:22:58','2021-05-31 17:22:58',NULL),(99,4509,1,4,NULL,NULL,1548,12,96,NULL,551,1,NULL,NULL,40720,40818,00002681,00002681,NULL,'2021-04-03',NULL,0002,1,NULL,2499.00,NULL,'2021-05-31 17:22:58','2021-05-31 17:22:58',NULL),(100,4509,1,4,NULL,NULL,1548,23,96,NULL,551,1,NULL,NULL,40720,40819,00002840,00002840,NULL,'2021-04-13',NULL,0002,1,NULL,1998.98,NULL,'2021-05-31 17:22:58','2021-05-31 17:22:58',NULL),(101,4509,1,4,NULL,NULL,1548,16,96,NULL,551,1,NULL,NULL,40720,40820,00002907,00002907,NULL,'2021-04-19',NULL,0002,1,NULL,3629.98,NULL,'2021-05-31 17:22:58','2021-05-31 17:22:58',NULL),(102,4509,1,4,NULL,NULL,1548,23,96,NULL,551,1,NULL,NULL,40720,40821,00002701,00002701,NULL,'2021-04-05',NULL,0002,1,NULL,1961.47,NULL,'2021-05-31 17:22:58','2021-05-31 17:22:58',NULL),(103,4509,1,4,NULL,NULL,1548,22,96,NULL,551,1,NULL,NULL,40720,40822,00002853,00002853,NULL,'2021-04-13',NULL,0002,1,NULL,5298.99,NULL,'2021-05-31 17:22:58','2021-05-31 17:22:58',NULL),(104,4509,1,4,NULL,NULL,1548,5,96,NULL,551,1,NULL,NULL,40720,40823,00002967,00002967,NULL,'2021-04-26',NULL,0002,1,NULL,3629.98,NULL,'2021-05-31 17:22:59','2021-05-31 17:22:59',NULL),(105,4509,1,4,NULL,NULL,1548,18,96,NULL,551,1,NULL,NULL,40720,40824,00002962,00002962,NULL,'2021-04-24',NULL,0002,1,NULL,4985.02,NULL,'2021-05-31 17:22:59','2021-05-31 17:22:59',NULL),(106,4509,1,4,NULL,NULL,1548,23,96,NULL,551,1,NULL,NULL,40720,40825,00002766,00002766,NULL,'2021-04-09',NULL,0002,1,NULL,3754.00,NULL,'2021-05-31 17:22:59','2021-05-31 17:22:59',NULL),(107,4509,1,4,NULL,NULL,1548,10,96,NULL,551,1,NULL,NULL,40720,40826,00002802,00002802,NULL,'2021-04-12',NULL,0002,1,NULL,1803.02,NULL,'2021-05-31 17:22:59','2021-05-31 17:22:59',NULL),(108,4509,1,4,NULL,NULL,1548,1,96,NULL,551,1,NULL,NULL,40720,40827,00002958,00002958,NULL,'2021-04-24',NULL,0002,1,NULL,1075.00,NULL,'2021-05-31 17:22:59','2021-05-31 17:22:59',NULL),(109,4509,1,4,NULL,NULL,1548,23,96,NULL,551,1,NULL,NULL,40720,40828,00002827,00002827,NULL,'2021-04-12',NULL,0002,1,NULL,2814.06,NULL,'2021-05-31 17:22:59','2021-05-31 17:22:59',NULL),(110,4509,1,4,NULL,NULL,1548,10,96,NULL,551,1,NULL,NULL,40720,40829,00002979,00002979,NULL,'2021-04-26',NULL,0002,1,NULL,7963.99,NULL,'2021-05-31 17:22:59','2021-05-31 17:22:59',NULL);
INSERT INTO `receipts` VALUES (111,4509,1,4,NULL,NULL,1548,17,96,NULL,551,1,NULL,NULL,40720,40830,00003016,00003016,NULL,'2021-04-30',NULL,0002,1,NULL,9989.99,NULL,'2021-05-31 17:22:59','2021-05-31 17:22:59',NULL),(112,4509,1,4,NULL,NULL,1548,18,96,NULL,551,1,NULL,NULL,40720,40831,00002873,00002873,NULL,'2021-04-15',NULL,0002,1,NULL,1764.24,NULL,'2021-05-31 17:22:59','2021-05-31 17:22:59',NULL),(113,4509,1,4,NULL,NULL,1548,23,96,NULL,551,1,NULL,NULL,40720,40832,00002751,00002751,NULL,'2021-04-09',NULL,0002,1,NULL,3629.98,NULL,'2021-05-31 17:22:59','2021-05-31 17:22:59',NULL),(114,4509,1,4,NULL,NULL,1548,22,96,NULL,551,1,NULL,NULL,40720,40833,00002771,00002771,NULL,'2021-04-09',NULL,0002,1,NULL,1145.47,NULL,'2021-05-31 17:22:59','2021-05-31 17:22:59',NULL),(115,4509,1,4,NULL,NULL,1548,5,96,NULL,551,1,NULL,NULL,40720,40834,00002773,00002773,NULL,'2021-04-09',NULL,0002,1,NULL,5462.98,NULL,'2021-05-31 17:22:59','2021-05-31 17:22:59',NULL),(116,4509,1,4,NULL,NULL,1548,13,96,NULL,551,1,NULL,NULL,40720,40835,00002902,00002902,NULL,'2021-04-19',NULL,0002,1,NULL,5034.06,NULL,'2021-05-31 17:22:59','2021-05-31 17:22:59',NULL),(117,4509,1,4,NULL,NULL,1548,15,96,NULL,551,1,NULL,NULL,40720,40836,00002676,00002676,NULL,'2021-04-01',NULL,0002,1,NULL,1899.01,NULL,'2021-05-31 17:22:59','2021-05-31 17:22:59',NULL),(118,4509,1,4,NULL,NULL,1548,22,96,NULL,551,1,NULL,NULL,40720,40837,00002982,00002982,NULL,'2021-04-26',NULL,0002,1,NULL,1049.96,NULL,'2021-05-31 17:22:59','2021-05-31 17:22:59',NULL),(119,4509,1,4,NULL,NULL,1548,23,96,NULL,551,1,NULL,NULL,40720,40838,00002904,00002904,NULL,'2021-04-19',NULL,0002,1,NULL,1890.02,NULL,'2021-05-31 17:22:59','2021-05-31 17:22:59',NULL),(120,4509,1,4,NULL,NULL,1548,23,96,NULL,551,1,NULL,NULL,40720,40839,00002800,00002800,NULL,'2021-04-12',NULL,0002,1,NULL,1632.23,NULL,'2021-05-31 17:22:59','2021-05-31 17:22:59',NULL),(121,4509,1,4,NULL,NULL,1548,22,96,NULL,551,1,NULL,NULL,40720,40840,00002931,00002931,NULL,'2021-04-20',NULL,0002,1,NULL,5827.99,NULL,'2021-05-31 17:22:59','2021-05-31 17:22:59',NULL),(122,4509,1,4,NULL,NULL,1548,14,96,NULL,551,1,NULL,NULL,40720,40841,00002965,00002965,NULL,'2021-04-26',NULL,0002,1,NULL,8050.01,NULL,'2021-05-31 17:22:59','2021-05-31 17:22:59',NULL),(123,4509,1,4,NULL,NULL,1548,10,96,NULL,551,1,NULL,NULL,40720,40842,00002897,00002897,NULL,'2021-04-16',NULL,0002,1,NULL,6120.01,NULL,'2021-05-31 17:22:59','2021-05-31 17:22:59',NULL),(124,4509,1,4,NULL,NULL,1548,23,96,NULL,551,1,NULL,NULL,40720,40843,00003017,00003017,NULL,'2021-04-30',NULL,0002,1,NULL,2538.00,NULL,'2021-05-31 17:22:59','2021-05-31 17:22:59',NULL),(125,4509,1,4,NULL,NULL,1548,12,96,NULL,551,1,NULL,NULL,40720,40844,00002769,00002769,NULL,'2021-04-09',NULL,0002,1,NULL,5206.02,NULL,'2021-05-31 17:22:59','2021-05-31 17:22:59',NULL),(126,4509,1,4,NULL,NULL,1548,23,96,NULL,551,1,NULL,NULL,40720,40845,00002892,00002892,NULL,'2021-04-16',NULL,0002,1,NULL,6209.72,NULL,'2021-05-31 17:22:59','2021-05-31 17:22:59',NULL),(127,4509,1,4,NULL,NULL,1548,22,96,NULL,551,1,NULL,NULL,40720,40846,00002712,00002712,NULL,'2021-04-05',NULL,0002,1,NULL,4862.07,NULL,'2021-05-31 17:22:59','2021-05-31 17:22:59',NULL),(128,4509,1,4,NULL,NULL,1548,23,96,NULL,551,1,NULL,NULL,40720,40847,00002777,00002777,NULL,'2021-04-09',NULL,0002,1,NULL,7858.37,NULL,'2021-05-31 17:23:00','2021-05-31 17:23:00',NULL),(129,4509,1,4,NULL,NULL,1548,24,96,NULL,551,1,NULL,NULL,40720,40848,00002990,00002990,NULL,'2021-04-27',NULL,0002,1,NULL,3934.96,NULL,'2021-05-31 17:23:00','2021-05-31 17:23:00',NULL),(130,4509,1,4,NULL,NULL,1548,23,96,NULL,551,1,NULL,NULL,40720,40849,00002894,00002894,NULL,'2021-04-16',NULL,0002,1,NULL,5979.01,NULL,'2021-05-31 17:23:00','2021-05-31 17:23:00',NULL),(131,4509,1,4,NULL,NULL,1548,23,96,NULL,551,1,NULL,NULL,40720,40850,00003001,00003001,NULL,'2021-04-28',NULL,0002,1,NULL,2177.25,NULL,'2021-05-31 17:23:00','2021-05-31 17:23:00',NULL);
INSERT INTO `receipts` VALUES (132,4509,1,4,NULL,NULL,1548,2,96,NULL,551,1,NULL,NULL,40720,40851,00002740,00002740,NULL,'2021-04-09',NULL,0002,1,NULL,5725.95,NULL,'2021-05-31 17:23:00','2021-05-31 17:23:00',NULL),(133,4509,1,4,NULL,NULL,1548,1,96,NULL,551,1,NULL,NULL,40720,40852,00002944,00002944,NULL,'2021-04-21',NULL,0002,1,NULL,2103.04,NULL,'2021-05-31 17:23:00','2021-05-31 17:23:00',NULL),(134,4509,1,4,NULL,NULL,1548,23,96,NULL,551,1,NULL,NULL,40720,40853,00002804,00002804,NULL,'2021-04-12',NULL,0002,1,NULL,1705.75,NULL,'2021-05-31 17:23:00','2021-05-31 17:23:00',NULL),(135,4509,1,4,NULL,NULL,1548,13,96,NULL,551,1,NULL,NULL,40720,40854,00002798,00002798,NULL,'2021-04-12',NULL,0002,1,NULL,2100.96,NULL,'2021-05-31 17:23:00','2021-05-31 17:23:00',NULL),(136,4509,1,4,NULL,NULL,1548,23,96,NULL,551,1,NULL,NULL,40720,40855,00002913,00002913,NULL,'2021-04-20',NULL,0002,1,NULL,2744.57,NULL,'2021-05-31 17:23:00','2021-05-31 17:23:00',NULL),(137,4509,1,4,NULL,NULL,1548,23,96,NULL,551,1,NULL,NULL,40720,40856,00002843,00002843,NULL,'2021-04-13',NULL,0002,1,NULL,1687.72,NULL,'2021-05-31 17:23:00','2021-05-31 17:23:00',NULL),(138,4509,1,4,NULL,NULL,1548,5,96,NULL,551,1,NULL,NULL,40720,40857,00002845,00002845,NULL,'2021-04-13',NULL,0002,1,NULL,3629.98,NULL,'2021-05-31 17:23:00','2021-05-31 17:23:00',NULL),(139,4509,1,4,NULL,NULL,1548,23,96,NULL,551,1,NULL,NULL,40720,40858,00002864,00002864,NULL,'2021-04-14',NULL,0002,1,NULL,1722.00,NULL,'2021-05-31 17:23:00','2021-05-31 17:23:00',NULL),(140,4509,1,4,NULL,NULL,1548,18,96,NULL,551,1,NULL,NULL,40720,40859,00002924,00002924,NULL,'2021-04-20',NULL,0002,1,NULL,1815.29,NULL,'2021-05-31 17:23:00','2021-05-31 17:23:00',NULL),(141,4509,1,4,NULL,NULL,1548,18,96,NULL,551,1,NULL,NULL,40720,40860,00002742,00002742,NULL,'2021-04-09',NULL,0002,1,NULL,1115.48,NULL,'2021-05-31 17:23:00','2021-05-31 17:23:00',NULL),(142,4509,1,4,NULL,NULL,1548,23,96,NULL,551,1,NULL,NULL,40720,40861,00002743,00002743,NULL,'2021-04-09',NULL,0002,1,NULL,3754.00,NULL,'2021-05-31 17:23:00','2021-05-31 17:23:00',NULL),(143,4509,1,4,NULL,NULL,1548,4,96,NULL,551,1,NULL,NULL,40720,40862,00002707,00002707,NULL,'2021-04-05',NULL,0002,1,NULL,5173.10,NULL,'2021-05-31 17:23:00','2021-05-31 17:23:00',NULL),(144,4509,1,4,NULL,NULL,1548,1,96,NULL,551,1,NULL,NULL,40720,40863,00002831,00002831,NULL,'2021-04-12',NULL,0002,1,NULL,5462.98,NULL,'2021-05-31 17:23:00','2021-05-31 17:23:00',NULL),(145,4509,1,4,NULL,NULL,1548,13,96,NULL,551,1,NULL,NULL,40720,40864,00002916,00002916,NULL,'2021-04-20',NULL,0002,1,NULL,5189.98,NULL,'2021-05-31 17:23:00','2021-05-31 17:23:00',NULL),(146,4509,1,4,NULL,NULL,1548,14,96,NULL,551,1,NULL,NULL,40720,40865,00002847,00002847,NULL,'2021-04-13',NULL,0002,1,NULL,7668.00,NULL,'2021-05-31 17:23:00','2021-05-31 17:23:00',NULL),(147,4509,1,4,NULL,NULL,1548,23,96,NULL,551,1,NULL,NULL,40720,40866,00002738,00002738,NULL,'2021-04-09',NULL,0002,1,NULL,779.01,NULL,'2021-05-31 17:23:00','2021-05-31 17:23:00',NULL),(148,4509,1,4,NULL,NULL,1548,18,96,NULL,551,1,NULL,NULL,40720,40867,00002728,00002728,NULL,'2021-04-06',NULL,0002,1,NULL,1998.98,NULL,'2021-05-31 17:23:00','2021-05-31 17:23:00',NULL),(149,4509,1,4,NULL,NULL,1548,18,96,NULL,551,1,NULL,NULL,40720,40868,00002846,00002846,NULL,'2021-04-13',NULL,0002,1,NULL,1743.26,NULL,'2021-05-31 17:23:01','2021-05-31 17:23:01',NULL),(150,4509,1,4,NULL,NULL,1548,23,96,NULL,551,1,NULL,NULL,40720,40869,00002949,00002949,NULL,'2021-04-23',NULL,0002,1,NULL,3303.47,NULL,'2021-05-31 17:23:01','2021-05-31 17:23:01',NULL),(151,4509,1,4,NULL,NULL,1548,18,96,NULL,551,1,NULL,NULL,40720,40870,00002750,00002750,NULL,'2021-04-09',NULL,0002,1,NULL,3659.97,NULL,'2021-05-31 17:23:01','2021-05-31 17:23:01',NULL),(152,4509,1,4,NULL,NULL,1548,22,96,NULL,551,1,NULL,NULL,40720,40871,00002883,00002883,NULL,'2021-04-15',NULL,0002,1,NULL,617.50,NULL,'2021-05-31 17:23:01','2021-05-31 17:23:01',NULL);
INSERT INTO `receipts` VALUES (153,4509,1,4,NULL,NULL,1548,18,96,NULL,551,1,NULL,NULL,40720,40872,00002697,00002697,NULL,'2021-04-05',NULL,0002,1,NULL,2501.01,NULL,'2021-05-31 17:23:01','2021-05-31 17:23:01',NULL),(154,4509,1,4,NULL,NULL,1548,6,96,NULL,551,1,NULL,NULL,40720,40873,00002736,00002736,NULL,'2021-04-08',NULL,0002,1,NULL,4755.82,NULL,'2021-05-31 17:23:01','2021-05-31 17:23:01',NULL),(155,4509,1,4,NULL,NULL,1548,24,96,NULL,551,1,NULL,NULL,40720,40874,00002920,00002920,NULL,'2021-04-20',NULL,0002,1,NULL,2654.97,NULL,'2021-05-31 17:23:01','2021-05-31 17:23:01',NULL),(156,4509,1,4,NULL,NULL,1548,23,96,NULL,551,1,NULL,NULL,40720,40875,00002801,00002801,NULL,'2021-04-12',NULL,0002,1,NULL,3312.00,NULL,'2021-05-31 17:23:01','2021-05-31 17:23:01',NULL),(157,4509,1,4,NULL,NULL,1548,22,96,NULL,551,1,NULL,NULL,40720,40876,00002746,00002746,NULL,'2021-04-09',NULL,0002,1,NULL,5462.98,NULL,'2021-05-31 17:23:01','2021-05-31 17:23:01',NULL),(158,4509,1,4,NULL,NULL,1548,23,96,NULL,551,1,NULL,NULL,40720,40877,00002886,00002886,NULL,'2021-04-15',NULL,0002,1,NULL,1522.99,NULL,'2021-05-31 17:23:01','2021-05-31 17:23:01',NULL),(159,4509,1,4,NULL,NULL,1548,7,96,NULL,551,1,NULL,NULL,40720,40878,00002854,00002854,NULL,'2021-04-13',NULL,0002,1,NULL,3946.11,NULL,'2021-05-31 17:23:01','2021-05-31 17:23:01',NULL),(160,4509,1,4,NULL,NULL,1548,12,96,NULL,551,1,NULL,NULL,40720,40879,00003014,00003014,NULL,'2021-04-30',NULL,0002,1,NULL,2226.98,NULL,'2021-05-31 17:23:01','2021-05-31 17:23:01',NULL),(161,4509,1,4,NULL,NULL,1548,18,96,NULL,551,1,NULL,NULL,40720,40880,00002985,00002985,NULL,'2021-04-27',NULL,0002,1,NULL,5979.01,NULL,'2021-05-31 17:23:01','2021-05-31 17:23:01',NULL),(162,4509,1,4,NULL,NULL,1548,13,96,NULL,551,1,NULL,NULL,40720,40881,00002781,00002781,NULL,'2021-04-09',NULL,0002,1,NULL,1973.11,NULL,'2021-05-31 17:23:01','2021-05-31 17:23:01',NULL),(163,4509,1,4,NULL,NULL,1548,21,96,NULL,551,1,NULL,NULL,40720,40882,00002691,00002691,NULL,'2021-04-03',NULL,0002,1,NULL,1994.05,NULL,'2021-05-31 17:23:01','2021-05-31 17:23:01',NULL),(164,4509,1,4,NULL,NULL,1548,23,96,NULL,551,1,NULL,NULL,40720,40883,00002956,00002956,NULL,'2021-04-24',NULL,0002,1,NULL,1972.47,NULL,'2021-05-31 17:23:01','2021-05-31 17:23:01',NULL),(165,4509,1,4,NULL,NULL,1548,18,96,NULL,551,1,NULL,NULL,40720,40884,00002768,00002768,NULL,'2021-04-09',NULL,0002,1,NULL,3500.01,NULL,'2021-05-31 17:23:01','2021-05-31 17:23:01',NULL),(166,4509,1,4,NULL,NULL,1548,23,96,NULL,551,1,NULL,NULL,40720,40885,00002961,00002961,NULL,'2021-04-24',NULL,0002,1,NULL,3877.47,NULL,'2021-05-31 17:23:02','2021-05-31 17:23:02',NULL),(167,4509,1,4,NULL,NULL,1548,16,96,NULL,551,1,NULL,NULL,40720,40886,00002950,00002950,NULL,'2021-04-23',NULL,0002,1,NULL,994.97,NULL,'2021-05-31 17:23:02','2021-05-31 17:23:02',NULL),(168,4509,1,4,NULL,NULL,1548,23,96,NULL,551,1,NULL,NULL,40720,40887,00002821,00002821,NULL,'2021-04-12',NULL,0002,1,NULL,1395.76,NULL,'2021-05-31 17:23:02','2021-05-31 17:23:02',NULL),(169,4509,1,4,NULL,NULL,1548,12,96,NULL,551,1,NULL,NULL,40720,40888,00002757,00002757,NULL,'2021-04-09',NULL,0002,1,NULL,3872.09,NULL,'2021-05-31 17:23:02','2021-05-31 17:23:02',NULL),(170,4509,1,4,NULL,NULL,1548,23,96,NULL,551,1,NULL,NULL,40720,40889,00002937,00002937,NULL,'2021-04-21',NULL,0002,1,NULL,19199.99,NULL,'2021-05-31 17:23:02','2021-05-31 17:23:02',NULL),(171,4509,1,4,NULL,NULL,1548,23,96,NULL,551,1,NULL,NULL,40720,40890,00003010,00003010,NULL,'2021-04-29',NULL,0002,1,NULL,9559.98,NULL,'2021-05-31 17:23:02','2021-05-31 17:23:02',NULL),(172,4509,1,4,NULL,NULL,1548,14,96,NULL,551,1,NULL,NULL,40720,40891,00002694,00002694,NULL,'2021-04-05',NULL,0002,1,NULL,5462.98,NULL,'2021-05-31 17:23:02','2021-05-31 17:23:02',NULL),(173,4509,1,4,NULL,NULL,1548,14,96,NULL,551,1,NULL,NULL,40720,40892,00002696,00002696,NULL,'2021-04-05',NULL,0002,1,NULL,3988.10,NULL,'2021-05-31 17:23:02','2021-05-31 17:23:02',NULL);
INSERT INTO `receipts` VALUES (174,4509,1,4,NULL,NULL,1548,14,96,NULL,551,1,NULL,NULL,40720,40892,00002856,00002856,NULL,'2021-04-14',NULL,0002,1,NULL,1973.11,NULL,'2021-05-31 17:23:02','2021-05-31 17:23:02',NULL),(175,4509,1,4,NULL,NULL,1548,23,96,NULL,551,1,NULL,NULL,40720,40893,00002909,00002909,NULL,'2021-04-19',NULL,0002,1,NULL,16300.03,NULL,'2021-05-31 17:23:02','2021-05-31 17:23:02',NULL),(176,4509,1,4,NULL,NULL,1548,1,96,NULL,551,1,NULL,NULL,40720,40894,00002844,00002844,NULL,'2021-04-13',NULL,0002,1,NULL,3585.00,NULL,'2021-05-31 17:23:02','2021-05-31 17:23:02',NULL),(177,4509,1,4,NULL,NULL,1548,1,96,NULL,551,1,NULL,NULL,40720,40895,00002999,00002999,NULL,'2021-04-28',NULL,0002,1,NULL,5298.99,NULL,'2021-05-31 17:23:02','2021-05-31 17:23:02',NULL),(178,4509,1,4,NULL,NULL,1548,5,96,NULL,551,1,NULL,NULL,40720,40896,00002987,00002987,NULL,'2021-04-27',NULL,0002,1,NULL,3669.02,NULL,'2021-05-31 17:23:02','2021-05-31 17:23:02',NULL),(179,4509,1,4,NULL,NULL,1548,10,96,NULL,551,1,NULL,NULL,40720,40897,00002824,00002824,NULL,'2021-04-12',NULL,0002,1,NULL,1980.02,NULL,'2021-05-31 17:23:02','2021-05-31 17:23:02',NULL),(180,4509,1,4,NULL,NULL,1548,22,96,NULL,551,1,NULL,NULL,40720,40898,00002885,00002885,NULL,'2021-04-15',NULL,0002,1,NULL,1951.50,NULL,'2021-05-31 17:23:02','2021-05-31 17:23:02',NULL),(181,4509,1,4,NULL,NULL,1548,18,96,NULL,551,1,NULL,NULL,40720,40899,00002677,00002677,NULL,'2021-04-01',NULL,0002,1,NULL,1109.59,NULL,'2021-05-31 17:23:02','2021-05-31 17:23:02',NULL),(182,4509,1,4,NULL,NULL,1548,23,96,NULL,551,1,NULL,NULL,40720,40900,00002715,00002715,NULL,'2021-04-05',NULL,0002,1,NULL,1065.47,NULL,'2021-05-31 17:23:02','2021-05-31 17:23:02',NULL),(183,4509,1,4,NULL,NULL,1548,23,96,NULL,551,1,NULL,NULL,40720,40901,00002946,00002946,NULL,'2021-04-22',NULL,0002,1,NULL,380.00,NULL,'2021-05-31 17:23:02','2021-05-31 17:23:02',NULL),(184,4509,1,4,NULL,NULL,1548,22,96,NULL,551,1,NULL,NULL,40720,40902,00002767,00002767,NULL,'2021-04-09',NULL,0002,1,NULL,4380.01,NULL,'2021-05-31 17:23:02','2021-05-31 17:23:02',NULL),(185,4509,1,4,NULL,NULL,1548,23,96,NULL,551,1,NULL,NULL,40720,40903,00002992,00002992,NULL,'2021-04-27',NULL,0002,1,NULL,1756.98,NULL,'2021-05-31 17:23:03','2021-05-31 17:23:03',NULL),(186,4509,1,4,NULL,NULL,1548,23,96,NULL,551,1,NULL,NULL,40720,40904,00002862,00002862,NULL,'2021-04-14',NULL,0002,1,NULL,1857.47,NULL,'2021-05-31 17:23:03','2021-05-31 17:23:03',NULL),(187,4509,1,4,NULL,NULL,1548,23,96,NULL,551,1,NULL,NULL,40720,40905,00002875,00002875,NULL,'2021-04-15',NULL,0002,1,NULL,2098.97,NULL,'2021-05-31 17:23:03','2021-05-31 17:23:03',NULL),(188,4509,1,4,NULL,NULL,1548,10,96,NULL,551,1,NULL,NULL,40720,40906,00003000,00003000,NULL,'2021-04-28',NULL,0002,1,NULL,2944.99,NULL,'2021-05-31 17:23:03','2021-05-31 17:23:03',NULL),(189,4509,1,4,NULL,NULL,1548,7,96,NULL,551,1,NULL,NULL,40720,40907,00002772,00002772,NULL,'2021-04-09',NULL,0002,1,NULL,5462.98,NULL,'2021-05-31 17:23:03','2021-05-31 17:23:03',NULL),(190,4509,1,4,NULL,NULL,1548,1,96,NULL,551,1,NULL,NULL,40720,40908,00002731,00002731,NULL,'2021-04-08',NULL,0002,1,NULL,5462.98,NULL,'2021-05-31 17:23:03','2021-05-31 17:23:03',NULL),(191,4509,1,4,NULL,NULL,1548,22,96,NULL,551,1,NULL,NULL,40720,40909,00003011,00003011,NULL,'2021-04-29',NULL,0002,1,NULL,280.03,NULL,'2021-05-31 17:23:03','2021-05-31 17:23:03',NULL),(192,4509,1,4,NULL,NULL,1548,5,96,NULL,551,1,NULL,NULL,40720,40910,00002730,00002730,NULL,'2021-04-08',NULL,0002,1,NULL,4667.03,NULL,'2021-05-31 17:23:03','2021-05-31 17:23:03',NULL),(193,4509,1,4,NULL,NULL,1548,22,96,NULL,551,1,NULL,NULL,40720,40911,00002890,00002890,NULL,'2021-04-15',NULL,0002,1,NULL,1313.48,NULL,'2021-05-31 17:23:03','2021-05-31 17:23:03',NULL),(194,4509,1,4,NULL,NULL,1548,16,96,NULL,551,1,NULL,NULL,40720,40912,00003009,00003009,NULL,'2021-04-29',NULL,0002,1,NULL,3669.02,NULL,'2021-05-31 17:23:03','2021-05-31 17:23:03',NULL);
INSERT INTO `receipts` VALUES (195,4509,1,4,NULL,NULL,1548,18,96,NULL,551,1,NULL,NULL,40720,40913,00002759,00002759,NULL,'2021-04-09',NULL,0002,1,NULL,2066.97,NULL,'2021-05-31 17:23:03','2021-05-31 17:23:03',NULL),(196,4509,1,4,NULL,NULL,1548,19,96,NULL,551,1,NULL,NULL,40720,40914,00002905,00002905,NULL,'2021-04-19',NULL,0002,1,NULL,2185.26,NULL,'2021-05-31 17:23:03','2021-05-31 17:23:03',NULL),(197,4509,1,4,NULL,NULL,1548,18,96,NULL,551,1,NULL,NULL,40720,40915,00002780,00002780,NULL,'2021-04-09',NULL,0002,1,NULL,5189.98,NULL,'2021-05-31 17:23:03','2021-05-31 17:23:03',NULL),(198,4509,1,4,NULL,NULL,1548,10,96,NULL,551,1,NULL,NULL,40720,40916,00002929,00002929,NULL,'2021-04-20',NULL,0002,1,NULL,1200.47,NULL,'2021-05-31 17:23:03','2021-05-31 17:23:03',NULL),(199,4509,1,6,NULL,NULL,1548,1,96,NULL,551,1,NULL,NULL,40720,40917,00000052,00000052,NULL,'2021-04-15',NULL,0002,1,NULL,18990.03,NULL,'2021-05-31 17:23:03','2021-05-31 17:23:03',NULL),(200,4509,1,4,NULL,NULL,1548,22,96,NULL,551,1,NULL,NULL,40720,40918,00002922,00002922,NULL,'2021-04-20',NULL,0002,1,NULL,1890.02,NULL,'2021-05-31 17:23:03','2021-05-31 17:23:03',NULL),(201,4509,1,4,NULL,NULL,1548,1,96,NULL,551,1,NULL,NULL,40720,40919,00002791,00002791,NULL,'2021-04-10',NULL,0002,1,NULL,5979.01,NULL,'2021-05-31 17:23:03','2021-05-31 17:23:03',NULL),(202,4509,1,4,NULL,NULL,1548,5,96,NULL,551,1,NULL,NULL,40720,40920,00002683,00002683,NULL,'2021-04-03',NULL,0002,1,NULL,1163.95,NULL,'2021-05-31 17:23:03','2021-05-31 17:23:03',NULL),(203,4509,1,4,NULL,NULL,1548,23,96,NULL,551,1,NULL,NULL,40720,40921,00002842,00002842,NULL,'2021-04-13',NULL,0002,1,NULL,3498.97,NULL,'2021-05-31 17:23:04','2021-05-31 17:23:04',NULL),(204,4509,1,4,NULL,NULL,1548,10,96,NULL,551,1,NULL,NULL,40720,40922,00002998,00002998,NULL,'2021-04-28',NULL,0002,1,NULL,1111.99,NULL,'2021-05-31 17:23:04','2021-05-31 17:23:04',NULL),(205,4509,1,4,NULL,NULL,1548,23,96,NULL,551,1,NULL,NULL,40720,40923,00002795,00002795,NULL,'2021-04-10',NULL,0002,1,NULL,3659.97,NULL,'2021-05-31 17:23:04','2021-05-31 17:23:04',NULL),(206,4509,1,4,NULL,NULL,1548,22,96,NULL,551,1,NULL,NULL,40720,40924,00002934,00002934,NULL,'2021-04-20',NULL,0002,1,NULL,1690.02,NULL,'2021-05-31 17:23:04','2021-05-31 17:23:04',NULL),(207,4509,1,4,NULL,NULL,1548,23,96,NULL,551,1,NULL,NULL,40720,40925,00002825,00002825,NULL,'2021-04-12',NULL,0002,1,NULL,1980.02,NULL,'2021-05-31 17:23:04','2021-05-31 17:23:04',NULL),(208,4509,1,4,NULL,NULL,1548,23,96,NULL,551,1,NULL,NULL,40720,40926,00003007,00003007,NULL,'2021-04-29',NULL,0002,1,NULL,5298.99,NULL,'2021-05-31 17:23:04','2021-05-31 17:23:04',NULL),(209,4509,1,4,NULL,NULL,1548,23,96,NULL,551,1,NULL,NULL,40720,40927,00002874,00002874,NULL,'2021-04-15',NULL,0002,1,NULL,1689.51,NULL,'2021-05-31 17:23:04','2021-05-31 17:23:04',NULL),(210,4509,1,4,NULL,NULL,1548,22,96,NULL,551,1,NULL,NULL,40720,40928,00002872,00002872,NULL,'2021-04-15',NULL,0002,1,NULL,2617.52,NULL,'2021-05-31 17:23:04','2021-05-31 17:23:04',NULL),(211,4509,1,4,NULL,NULL,1548,23,96,NULL,551,1,NULL,NULL,40720,40929,00002809,00002809,NULL,'2021-04-12',NULL,0002,1,NULL,5979.01,NULL,'2021-05-31 17:23:04','2021-05-31 17:23:04',NULL),(212,4509,1,4,NULL,NULL,1548,4,96,NULL,551,1,NULL,NULL,40720,40930,00002923,00002923,NULL,'2021-04-20',NULL,0002,1,NULL,1001.02,NULL,'2021-05-31 17:23:04','2021-05-31 17:23:04',NULL),(213,4509,1,4,NULL,NULL,1548,1,96,NULL,551,1,NULL,NULL,40720,40931,00002830,00002830,NULL,'2021-04-12',NULL,0002,1,NULL,1777.26,NULL,'2021-05-31 17:23:04','2021-05-31 17:23:04',NULL),(214,4509,1,4,NULL,NULL,1548,18,96,NULL,551,1,NULL,NULL,40720,40932,00002971,00002971,NULL,'2021-04-26',NULL,0002,1,NULL,4356.98,NULL,'2021-05-31 17:23:04','2021-05-31 17:23:04',NULL),(215,4509,1,4,NULL,NULL,1548,22,96,NULL,551,1,NULL,NULL,40720,40933,00002997,00002997,NULL,'2021-04-28',NULL,0002,1,NULL,2209.98,NULL,'2021-05-31 17:23:04','2021-05-31 17:23:04',NULL);
INSERT INTO `receipts` VALUES (216,4509,1,4,NULL,NULL,1548,22,96,NULL,551,1,NULL,NULL,40720,40934,00002887,00002887,NULL,'2021-04-15',NULL,0002,1,NULL,1251.49,NULL,'2021-05-31 17:23:04','2021-05-31 17:23:04',NULL),(217,4509,1,4,NULL,NULL,1548,23,96,NULL,551,1,NULL,NULL,40720,40935,00002716,00002716,NULL,'2021-04-05',NULL,0002,1,NULL,2054.00,NULL,'2021-05-31 17:23:04','2021-05-31 17:23:04',NULL),(218,4509,1,4,NULL,NULL,1548,15,96,NULL,551,1,NULL,NULL,40720,40936,00002727,00002727,NULL,'2021-04-06',NULL,0002,1,NULL,3590.99,NULL,'2021-05-31 17:23:04','2021-05-31 17:23:04',NULL),(219,4509,1,4,NULL,NULL,1548,1,96,NULL,551,1,NULL,NULL,40720,40937,00002925,00002925,NULL,'2021-04-20',NULL,0002,1,NULL,915.97,NULL,'2021-05-31 17:23:04','2021-05-31 17:23:04',NULL),(220,4509,1,4,NULL,NULL,1548,1,96,NULL,551,1,NULL,NULL,40720,40938,00002765,00002765,NULL,'2021-04-09',NULL,0002,1,NULL,1449.98,NULL,'2021-05-31 17:23:04','2021-05-31 17:23:04',NULL),(221,4509,1,4,NULL,NULL,1548,23,96,NULL,551,1,NULL,NULL,40720,40939,00002935,00002935,NULL,'2021-04-21',NULL,0002,1,NULL,1994.25,NULL,'2021-05-31 17:23:04','2021-05-31 17:23:04',NULL),(222,4509,1,4,NULL,NULL,1548,23,96,NULL,551,1,NULL,NULL,40720,40940,00002726,00002726,NULL,'2021-04-06',NULL,0002,1,NULL,2044.73,NULL,'2021-05-31 17:23:04','2021-05-31 17:23:04',NULL),(223,4509,1,4,NULL,NULL,1548,23,96,NULL,551,1,NULL,NULL,40720,40941,00002834,00002834,NULL,'2021-04-12',NULL,0002,1,NULL,4875.09,NULL,'2021-05-31 17:23:04','2021-05-31 17:23:04',NULL),(224,4509,1,4,NULL,NULL,1548,23,96,NULL,551,1,NULL,NULL,40720,40942,00002952,00002952,NULL,'2021-04-23',NULL,0002,1,NULL,1249.99,NULL,'2021-05-31 17:23:04','2021-05-31 17:23:04',NULL),(225,4509,1,4,NULL,NULL,1548,16,96,NULL,551,1,NULL,NULL,40720,40943,00002710,00002710,NULL,'2021-04-05',NULL,0002,1,NULL,4862.07,NULL,'2021-05-31 17:23:05','2021-05-31 17:23:05',NULL),(226,4509,1,4,NULL,NULL,1548,2,96,NULL,551,1,NULL,NULL,40720,40944,00002826,00002826,NULL,'2021-04-12',NULL,0002,1,NULL,1973.11,NULL,'2021-05-31 17:23:05','2021-05-31 17:23:05',NULL),(227,4509,1,4,NULL,NULL,1548,10,96,NULL,551,1,NULL,NULL,40720,40945,00002797,00002797,NULL,'2021-04-12',NULL,0002,1,NULL,3144.73,NULL,'2021-05-31 17:23:05','2021-05-31 17:23:05',NULL),(228,4509,1,4,NULL,NULL,1548,1,96,NULL,551,1,NULL,NULL,40720,40946,00002914,00002914,NULL,'2021-04-20',NULL,0002,1,NULL,17850.61,NULL,'2021-05-31 17:23:05','2021-05-31 17:23:05',NULL),(229,4509,1,4,NULL,NULL,1548,22,96,NULL,551,1,NULL,NULL,40720,40947,00002711,00002711,NULL,'2021-04-05',NULL,0002,1,NULL,4862.07,NULL,'2021-05-31 17:23:05','2021-05-31 17:23:05',NULL),(230,4509,1,4,NULL,NULL,1548,8,96,NULL,551,1,NULL,NULL,40720,40948,00002770,00002770,NULL,'2021-04-09',NULL,0002,1,NULL,5462.98,NULL,'2021-05-31 17:23:05','2021-05-31 17:23:05',NULL),(231,4509,1,4,NULL,NULL,1548,22,96,NULL,551,1,NULL,NULL,40720,40949,00002893,00002893,NULL,'2021-04-16',NULL,0002,1,NULL,1890.02,NULL,'2021-05-31 17:23:05','2021-05-31 17:23:05',NULL),(232,4509,1,4,NULL,NULL,1548,14,96,NULL,551,1,NULL,NULL,40720,40950,00002884,00002884,NULL,'2021-04-15',NULL,0002,1,NULL,2098.97,NULL,'2021-05-31 17:23:05','2021-05-31 17:23:05',NULL),(233,4509,1,4,NULL,NULL,1548,22,96,NULL,551,1,NULL,NULL,40720,40951,00002953,00002953,NULL,'2021-04-24',NULL,0002,1,NULL,5298.99,NULL,'2021-05-31 17:23:05','2021-05-31 17:23:05',NULL),(234,4509,1,4,NULL,NULL,1548,20,96,NULL,551,1,NULL,NULL,40720,40952,00003004,00003004,NULL,'2021-04-28',NULL,0002,1,NULL,3094.03,NULL,'2021-05-31 17:23:05','2021-05-31 17:23:05',NULL),(235,4509,1,4,NULL,NULL,1548,1,96,NULL,551,1,NULL,NULL,40720,40953,00002806,00002806,NULL,'2021-04-12',NULL,0002,1,NULL,7054.99,NULL,'2021-05-31 17:23:05','2021-05-31 17:23:05',NULL),(236,4509,1,4,NULL,NULL,1548,23,96,NULL,551,1,NULL,NULL,40720,40954,00002690,00002690,NULL,'2021-04-03',NULL,0002,1,NULL,3998.99,NULL,'2021-05-31 17:23:05','2021-05-31 17:23:05',NULL);
INSERT INTO `receipts` VALUES (237,4509,1,4,NULL,NULL,1548,23,96,NULL,551,1,NULL,NULL,40720,40955,00002945,00002945,NULL,'2021-04-21',NULL,0002,1,NULL,3156.26,NULL,'2021-05-31 17:23:05','2021-05-31 17:23:05',NULL),(238,4509,1,4,NULL,NULL,1548,23,96,NULL,551,1,NULL,NULL,40720,40956,00002787,00002787,NULL,'2021-04-09',NULL,0002,1,NULL,5462.98,NULL,'2021-05-31 17:23:05','2021-05-31 17:23:05',NULL),(239,4509,1,4,NULL,NULL,1548,1,96,NULL,551,1,NULL,NULL,40720,40957,00002807,00002807,NULL,'2021-04-12',NULL,0002,1,NULL,1687.72,NULL,'2021-05-31 17:23:05','2021-05-31 17:23:05',NULL),(240,4509,1,4,NULL,NULL,1548,4,96,NULL,551,1,NULL,NULL,40720,40958,00002896,00002896,NULL,'2021-04-16',NULL,0002,1,NULL,3754.98,NULL,'2021-05-31 17:23:05','2021-05-31 17:23:05',NULL),(241,4509,1,4,NULL,NULL,1548,22,96,NULL,551,1,NULL,NULL,40720,40959,00002955,00002955,NULL,'2021-04-24',NULL,0002,1,NULL,5206.00,NULL,'2021-05-31 17:23:05','2021-05-31 17:23:05',NULL),(242,4509,1,4,NULL,NULL,1548,18,96,NULL,551,1,NULL,NULL,40720,40960,00002963,00002963,NULL,'2021-04-24',NULL,0002,1,NULL,8867.97,NULL,'2021-05-31 17:23:05','2021-05-31 17:23:05',NULL),(243,4509,1,4,NULL,NULL,1548,23,96,NULL,551,1,NULL,NULL,40720,40961,00002755,00002755,NULL,'2021-04-09',NULL,0002,1,NULL,3659.97,NULL,'2021-05-31 17:23:05','2021-05-31 17:23:05',NULL),(244,4509,1,4,NULL,NULL,1548,23,96,NULL,551,1,NULL,NULL,40720,40962,00002917,00002917,NULL,'2021-04-20',NULL,0002,1,NULL,2876.00,NULL,'2021-05-31 17:23:05','2021-05-31 17:23:05',NULL),(245,4509,1,4,NULL,NULL,1548,16,96,NULL,551,1,NULL,NULL,40720,40963,00002818,00002818,NULL,'2021-04-12',NULL,0002,1,NULL,4875.09,NULL,'2021-05-31 17:23:06','2021-05-31 17:23:06',NULL),(246,4509,1,4,NULL,NULL,1548,23,96,NULL,551,1,NULL,NULL,40720,40964,00002936,00002936,NULL,'2021-04-21',NULL,0002,1,NULL,19199.99,NULL,'2021-05-31 17:23:06','2021-05-31 17:23:06',NULL),(247,4509,1,4,NULL,NULL,1548,7,96,NULL,551,1,NULL,NULL,40720,40965,00002899,00002899,NULL,'2021-04-17',NULL,0002,1,NULL,1890.02,NULL,'2021-05-31 17:23:06','2021-05-31 17:23:06',NULL),(248,4509,1,4,NULL,NULL,1548,22,96,NULL,551,1,NULL,NULL,40720,40966,00002860,00002860,NULL,'2021-04-14',NULL,0002,1,NULL,380.00,NULL,'2021-05-31 17:23:06','2021-05-31 17:23:06',NULL),(249,4509,1,4,NULL,NULL,1548,23,96,NULL,551,1,NULL,NULL,40720,40967,00002877,00002877,NULL,'2021-04-15',NULL,0002,1,NULL,1827.96,NULL,'2021-05-31 17:23:06','2021-05-31 17:23:06',NULL),(250,4509,1,4,NULL,NULL,1548,9,96,NULL,551,1,NULL,NULL,40720,40968,00002836,00002836,NULL,'2021-04-12',NULL,0002,1,NULL,1973.11,NULL,'2021-05-31 17:23:06','2021-05-31 17:23:06',NULL),(251,4509,1,4,NULL,NULL,1548,16,96,NULL,551,1,NULL,NULL,40720,40969,00002832,00002832,NULL,'2021-04-12',NULL,0002,1,NULL,5462.98,NULL,'2021-05-31 17:23:06','2021-05-31 17:23:06',NULL),(252,4509,1,4,NULL,NULL,1548,1,96,NULL,551,1,NULL,NULL,40720,40970,00002933,00002933,NULL,'2021-04-20',NULL,0002,1,NULL,2255.73,NULL,'2021-05-31 17:23:06','2021-05-31 17:23:06',NULL),(253,4509,1,4,NULL,NULL,1548,22,96,NULL,551,1,NULL,NULL,40720,40971,00002741,00002741,NULL,'2021-04-09',NULL,0002,1,NULL,2098.97,NULL,'2021-05-31 17:23:06','2021-05-31 17:23:06',NULL),(254,4509,1,4,NULL,NULL,1548,23,96,NULL,551,1,NULL,NULL,40720,40972,00002991,00002991,NULL,'2021-04-27',NULL,0002,1,NULL,3577.51,NULL,'2021-05-31 17:23:06','2021-05-31 17:23:06',NULL),(255,4509,1,4,NULL,NULL,1548,23,96,NULL,551,1,NULL,NULL,40720,40973,00002803,00002803,NULL,'2021-04-12',NULL,0002,1,NULL,1751.96,NULL,'2021-05-31 17:23:06','2021-05-31 17:23:06',NULL),(256,4509,1,4,NULL,NULL,1548,23,96,NULL,551,1,NULL,NULL,40720,40974,00002851,00002851,NULL,'2021-04-13',NULL,0002,1,NULL,4875.09,NULL,'2021-05-31 17:23:06','2021-05-31 17:23:06',NULL),(257,4509,1,4,NULL,NULL,1548,18,96,NULL,551,1,NULL,NULL,40720,40975,00002783,00002783,NULL,'2021-04-09',NULL,0002,1,NULL,1204.99,NULL,'2021-05-31 17:23:06','2021-05-31 17:23:06',NULL);
INSERT INTO `receipts` VALUES (258,4509,1,4,NULL,NULL,1548,3,96,NULL,551,1,NULL,NULL,40720,40976,00002926,00002926,NULL,'2021-04-20',NULL,0002,1,NULL,5316.34,NULL,'2021-05-31 17:23:06','2021-05-31 17:23:06',NULL),(259,4509,1,4,NULL,NULL,1548,5,96,NULL,551,1,NULL,NULL,40720,40977,00002880,00002880,NULL,'2021-04-15',NULL,0002,1,NULL,3270.00,NULL,'2021-05-31 17:23:06','2021-05-31 17:23:06',NULL),(260,4509,1,4,NULL,NULL,1548,22,96,NULL,551,1,NULL,NULL,40720,40978,00002932,00002932,NULL,'2021-04-20',NULL,0002,1,NULL,3044.48,NULL,'2021-05-31 17:23:06','2021-05-31 17:23:06',NULL),(261,4509,1,4,NULL,NULL,1548,18,96,NULL,551,1,NULL,NULL,40720,40979,00003012,00003012,NULL,'2021-04-30',NULL,0002,1,NULL,1971.26,NULL,'2021-05-31 17:23:06','2021-05-31 17:23:06',NULL),(262,4509,1,4,NULL,NULL,1548,5,96,NULL,551,1,NULL,NULL,40720,40980,00002841,00002841,NULL,'2021-04-13',NULL,0002,1,NULL,1849.74,NULL,'2021-05-31 17:23:06','2021-05-31 17:23:06',NULL),(263,4509,1,4,NULL,NULL,1548,23,96,NULL,551,1,NULL,NULL,40720,40981,00002762,00002762,NULL,'2021-04-09',NULL,0002,1,NULL,8298.01,NULL,'2021-05-31 17:23:06','2021-05-31 17:23:06',NULL),(264,4509,1,4,NULL,NULL,1548,22,96,NULL,551,1,NULL,NULL,40720,40982,00002833,00002833,NULL,'2021-04-12',NULL,0002,1,NULL,4875.09,NULL,'2021-05-31 17:23:06','2021-05-31 17:23:06',NULL),(265,4509,1,4,NULL,NULL,1548,22,96,NULL,551,1,NULL,NULL,40720,40983,00002837,00002837,NULL,'2021-04-12',NULL,0002,1,NULL,5462.98,NULL,'2021-05-31 17:23:07','2021-05-31 17:23:07',NULL),(266,4509,1,6,NULL,NULL,1548,22,96,NULL,551,1,NULL,NULL,40720,40983,00000050,00000050,NULL,'2021-04-13',NULL,0002,1,NULL,5462.98,NULL,'2021-05-31 17:23:07','2021-05-31 17:23:07',NULL),(267,4509,1,4,NULL,NULL,1548,23,96,NULL,551,1,NULL,NULL,40720,40984,00002702,00002702,NULL,'2021-04-05',NULL,0002,1,NULL,329.98,NULL,'2021-05-31 17:23:07','2021-05-31 17:23:07',NULL),(268,4509,1,4,NULL,NULL,1548,21,96,NULL,551,1,NULL,NULL,40720,40985,00003003,00003003,NULL,'2021-04-28',NULL,0002,1,NULL,3094.03,NULL,'2021-05-31 17:23:07','2021-05-31 17:23:07',NULL),(269,4509,1,4,NULL,NULL,1548,5,96,NULL,551,1,NULL,NULL,40720,40986,00002799,00002799,NULL,'2021-04-12',NULL,0002,1,NULL,3312.00,NULL,'2021-05-31 17:23:07','2021-05-31 17:23:07',NULL),(270,4509,1,4,NULL,NULL,1548,23,96,NULL,551,1,NULL,NULL,40720,40987,00002976,00002976,NULL,'2021-04-26',NULL,0002,1,NULL,2300.50,NULL,'2021-05-31 17:23:07','2021-05-31 17:23:07',NULL),(271,4509,1,4,NULL,NULL,1548,24,96,NULL,551,1,NULL,NULL,40720,40988,00002779,00002779,NULL,'2021-04-09',NULL,0002,1,NULL,3104.05,NULL,'2021-05-31 17:23:07','2021-05-31 17:23:07',NULL),(272,4509,1,4,NULL,NULL,1548,18,96,NULL,551,1,NULL,NULL,40720,40989,00002793,00002793,NULL,'2021-04-10',NULL,0002,1,NULL,3225.98,NULL,'2021-05-31 17:23:07','2021-05-31 17:23:07',NULL),(273,4509,1,4,NULL,NULL,1548,22,96,NULL,551,1,NULL,NULL,40720,40990,00002682,00002682,NULL,'2021-04-03',NULL,0002,1,NULL,5462.98,NULL,'2021-05-31 17:23:07','2021-05-31 17:23:07',NULL),(274,4509,1,4,NULL,NULL,1548,1,96,NULL,551,1,NULL,NULL,40720,40991,00002943,00002943,NULL,'2021-04-21',NULL,0002,1,NULL,2333.00,NULL,'2021-05-31 17:23:07','2021-05-31 17:23:07',NULL),(275,4509,1,4,NULL,NULL,1548,1,96,NULL,551,1,NULL,NULL,40720,40992,00002722,00002722,NULL,'2021-04-06',NULL,0002,1,NULL,5979.01,NULL,'2021-05-31 17:23:07','2021-05-31 17:23:07',NULL),(276,4509,1,4,NULL,NULL,1548,6,96,NULL,551,1,NULL,NULL,40720,40993,00002810,00002810,NULL,'2021-04-12',NULL,0002,1,NULL,5979.01,NULL,'2021-05-31 17:23:07','2021-05-31 17:23:07',NULL),(277,4509,1,4,NULL,NULL,1548,3,96,NULL,551,1,NULL,NULL,40720,40994,00002796,00002796,NULL,'2021-04-10',NULL,0002,1,NULL,2353.86,NULL,'2021-05-31 17:23:07','2021-05-31 17:23:07',NULL),(278,4509,1,4,NULL,NULL,1548,23,96,NULL,551,1,NULL,NULL,40720,40995,00002947,00002947,NULL,'2021-04-22',NULL,0002,1,NULL,2534.51,NULL,'2021-05-31 17:23:07','2021-05-31 17:23:07',NULL),(279,4509,1,4,NULL,NULL,1548,1,96,NULL,551,1,NULL,NULL,40720,40996,00002680,00002680,NULL,'2021-04-01',NULL,0002,1,NULL,5298.99,NULL,'2021-05-31 17:23:07','2021-05-31 17:23:07',NULL);
INSERT INTO `receipts` VALUES (280,4509,1,4,NULL,NULL,1548,12,96,NULL,551,1,NULL,NULL,40720,40997,00002688,00002688,NULL,'2021-04-03',NULL,0002,1,NULL,4801.41,NULL,'2021-05-31 17:23:07','2021-05-31 17:23:07',NULL),(281,4509,1,4,NULL,NULL,1548,23,96,NULL,551,1,NULL,NULL,40720,40998,00002882,00002882,NULL,'2021-04-15',NULL,0002,1,NULL,1704.72,NULL,'2021-05-31 17:23:07','2021-05-31 17:23:07',NULL),(282,4509,1,4,NULL,NULL,1548,23,96,NULL,551,1,NULL,NULL,40720,40999,00002964,00002964,NULL,'2021-04-26',NULL,0002,1,NULL,1530.02,NULL,'2021-05-31 17:23:07','2021-05-31 17:23:07',NULL),(283,4509,1,4,NULL,NULL,1548,5,96,NULL,551,1,NULL,NULL,40720,41000,00002848,00002848,NULL,'2021-04-13',NULL,0002,1,NULL,1973.11,NULL,'2021-05-31 17:23:07','2021-05-31 17:23:07',NULL),(284,4509,1,4,NULL,NULL,1548,23,96,NULL,551,1,NULL,NULL,40720,41001,00002870,00002870,NULL,'2021-04-15',NULL,0002,1,NULL,3745.99,NULL,'2021-05-31 17:23:07','2021-05-31 17:23:07',NULL),(285,4509,1,4,NULL,NULL,1548,3,96,NULL,551,1,NULL,NULL,40720,41002,00002756,00002756,NULL,'2021-04-09',NULL,0002,1,NULL,3919.66,NULL,'2021-05-31 17:23:07','2021-05-31 17:23:07',NULL),(286,4509,1,4,NULL,NULL,1548,22,96,NULL,551,1,NULL,NULL,40720,41003,00002735,00002735,NULL,'2021-04-08',NULL,0002,1,NULL,568.01,NULL,'2021-05-31 17:23:07','2021-05-31 17:23:07',NULL),(287,4509,1,4,NULL,NULL,1548,17,96,NULL,551,1,NULL,NULL,40720,41004,00002720,00002720,NULL,'2021-04-05',NULL,0002,1,NULL,7191.61,NULL,'2021-05-31 17:23:07','2021-05-31 17:23:07',NULL),(288,4509,1,4,NULL,NULL,1548,22,96,NULL,551,1,NULL,NULL,40720,41005,00002993,00002993,NULL,'2021-04-27',NULL,0002,1,NULL,920.98,NULL,'2021-05-31 17:23:08','2021-05-31 17:23:08',NULL),(289,4509,1,4,NULL,NULL,1548,22,96,NULL,551,1,NULL,NULL,40720,41006,00002705,00002705,NULL,'2021-04-05',NULL,0002,1,NULL,5462.98,NULL,'2021-05-31 17:23:08','2021-05-31 17:23:08',NULL),(290,4509,1,4,NULL,NULL,1548,22,96,NULL,551,1,NULL,NULL,40720,41007,00002980,00002980,NULL,'2021-04-26',NULL,0002,1,NULL,1669.51,NULL,'2021-05-31 17:23:08','2021-05-31 17:23:08',NULL),(291,4509,1,4,NULL,NULL,1548,3,96,NULL,551,1,NULL,NULL,40720,41008,00002954,00002954,NULL,'2021-04-24',NULL,0002,1,NULL,4074.92,NULL,'2021-05-31 17:23:08','2021-05-31 17:23:08',NULL),(292,4509,1,4,NULL,NULL,1548,23,96,NULL,551,1,NULL,NULL,40720,41009,00002996,00002996,NULL,'2021-04-28',NULL,0002,1,NULL,5298.99,NULL,'2021-05-31 17:23:08','2021-05-31 17:23:08',NULL),(293,4509,1,4,NULL,NULL,1548,14,96,NULL,551,1,NULL,NULL,40720,41010,00002678,00002678,NULL,'2021-04-01',NULL,0002,1,NULL,1994.05,NULL,'2021-05-31 17:23:08','2021-05-31 17:23:08',NULL),(294,4509,1,4,NULL,NULL,1548,22,96,NULL,551,1,NULL,NULL,40720,41011,00002700,00002700,NULL,'2021-04-05',NULL,0002,1,NULL,1722.46,NULL,'2021-05-31 17:23:08','2021-05-31 17:23:08',NULL),(295,4509,1,4,NULL,NULL,1548,3,96,NULL,551,1,NULL,NULL,40720,41012,00002927,00002927,NULL,'2021-04-20',NULL,0002,1,NULL,2425.01,NULL,'2021-05-31 17:23:08','2021-05-31 17:23:08',NULL),(296,4509,1,4,NULL,NULL,1548,9,96,NULL,551,1,NULL,NULL,40720,41013,00002959,00002959,NULL,'2021-04-24',NULL,0002,1,NULL,3094.03,NULL,'2021-05-31 17:23:08','2021-05-31 17:23:08',NULL),(297,4509,1,4,NULL,NULL,1548,23,96,NULL,551,1,NULL,NULL,40720,41014,00002717,00002717,NULL,'2021-04-05',NULL,0002,1,NULL,5298.99,NULL,'2021-05-31 17:23:08','2021-05-31 17:23:08',NULL),(298,4509,1,4,NULL,NULL,1548,23,96,NULL,551,1,NULL,NULL,40720,41015,00002942,00002942,NULL,'2021-04-21',NULL,0002,1,NULL,5614.98,NULL,'2021-05-31 17:23:08','2021-05-31 17:23:08',NULL),(299,4509,1,4,NULL,NULL,1548,4,96,NULL,551,1,NULL,NULL,40720,41016,00002754,00002754,NULL,'2021-04-09',NULL,0002,1,NULL,2215.97,NULL,'2021-05-31 17:23:08','2021-05-31 17:23:08',NULL),(300,4509,1,4,NULL,NULL,1548,23,96,NULL,551,1,NULL,NULL,40720,41017,00002970,00002970,NULL,'2021-04-26',NULL,0002,1,NULL,1465.25,NULL,'2021-05-31 17:23:08','2021-05-31 17:23:08',NULL);
INSERT INTO `receipts` VALUES (301,4509,1,4,NULL,NULL,1548,23,96,NULL,551,1,NULL,NULL,40720,41018,00002919,00002919,NULL,'2021-04-20',NULL,0002,1,NULL,16300.03,NULL,'2021-05-31 17:23:08','2021-05-31 17:23:08',NULL),(302,4509,1,4,NULL,NULL,1548,18,96,NULL,551,1,NULL,NULL,40720,41019,00002938,00002938,NULL,'2021-04-21',NULL,0002,1,NULL,1890.02,NULL,'2021-05-31 17:23:08','2021-05-31 17:23:08',NULL),(303,4509,1,4,NULL,NULL,1548,23,96,NULL,551,1,NULL,NULL,40720,41020,00002912,00002912,NULL,'2021-04-19',NULL,0002,1,NULL,1815.00,NULL,'2021-05-31 17:23:08','2021-05-31 17:23:08',NULL),(304,4509,1,4,NULL,NULL,1548,17,96,NULL,551,1,NULL,NULL,40720,41021,00002863,00002863,NULL,'2021-04-14',NULL,0002,1,NULL,16999.98,NULL,'2021-05-31 17:23:08','2021-05-31 17:23:08',NULL),(305,4509,1,4,NULL,NULL,1548,1,96,NULL,551,1,NULL,NULL,40720,41022,00002908,00002908,NULL,'2021-04-19',NULL,0002,1,NULL,16300.03,NULL,'2021-05-31 17:23:08','2021-05-31 17:23:08',NULL),(306,4509,1,4,NULL,NULL,1548,1,96,NULL,551,1,NULL,NULL,40720,41023,00002823,00002823,NULL,'2021-04-12',NULL,0002,1,NULL,5248.01,NULL,'2021-05-31 17:23:08','2021-05-31 17:23:08',NULL),(307,4509,1,4,NULL,NULL,1548,8,96,NULL,551,1,NULL,NULL,40720,41024,00002689,00002689,NULL,'2021-04-03',NULL,0002,1,NULL,2940.01,NULL,'2021-05-31 17:23:08','2021-05-31 17:23:08',NULL),(308,4509,1,4,NULL,NULL,1548,1,96,NULL,551,1,NULL,NULL,40720,41025,00002867,00002867,NULL,'2021-04-15',NULL,0002,1,NULL,1327.02,NULL,'2021-05-31 17:23:08','2021-05-31 17:23:08',NULL),(309,4509,1,4,NULL,NULL,1548,13,96,NULL,551,1,NULL,NULL,40720,41026,00002817,00002817,NULL,'2021-04-12',NULL,0002,1,NULL,4086.17,NULL,'2021-05-31 17:23:08','2021-05-31 17:23:08',NULL),(310,4509,1,6,NULL,NULL,1548,13,96,NULL,551,1,NULL,NULL,40720,41026,00000051,00000051,NULL,'2021-04-13',NULL,0002,1,NULL,4086.17,NULL,'2021-05-31 17:23:08','2021-05-31 17:23:08',NULL),(311,4509,1,4,NULL,NULL,1548,5,96,NULL,551,1,NULL,NULL,40720,41027,00002816,00002816,NULL,'2021-04-12',NULL,0002,1,NULL,1474.99,NULL,'2021-05-31 17:23:08','2021-05-31 17:23:08',NULL),(312,4509,1,4,NULL,NULL,1548,1,96,NULL,551,1,NULL,NULL,40720,41028,00002903,00002903,NULL,'2021-04-19',NULL,0002,1,NULL,1890.02,NULL,'2021-05-31 17:23:09','2021-05-31 17:23:09',NULL),(313,4509,1,4,NULL,NULL,1548,23,96,NULL,551,1,NULL,NULL,40720,41029,00003008,00003008,NULL,'2021-04-29',NULL,0002,1,NULL,2201.74,NULL,'2021-05-31 17:23:09','2021-05-31 17:23:09',NULL),(314,4509,1,4,NULL,NULL,1548,23,96,NULL,551,1,NULL,NULL,40720,41030,00002969,00002969,NULL,'2021-04-26',NULL,0002,1,NULL,1711.00,NULL,'2021-05-31 17:23:09','2021-05-31 17:23:09',NULL),(315,4509,1,4,NULL,NULL,1548,11,96,NULL,551,1,NULL,NULL,40720,41031,00002792,00002792,NULL,'2021-04-10',NULL,0002,1,NULL,1821.97,NULL,'2021-05-31 17:23:09','2021-05-31 17:23:09',NULL),(316,4509,1,4,NULL,NULL,1548,1,96,NULL,551,1,NULL,NULL,40720,41032,00002725,00002725,NULL,'2021-04-06',NULL,0002,1,NULL,5462.98,NULL,'2021-05-31 17:23:09','2021-05-31 17:23:09',NULL),(317,4509,1,4,NULL,NULL,1548,18,96,NULL,551,1,NULL,NULL,40720,41033,00002928,00002928,NULL,'2021-04-20',NULL,0002,1,NULL,6790.00,NULL,'2021-05-31 17:23:09','2021-05-31 17:23:09',NULL),(318,4509,1,4,NULL,NULL,1548,10,96,NULL,551,1,NULL,NULL,40720,41034,00002703,00002703,NULL,'2021-04-05',NULL,0002,1,NULL,2833.01,NULL,'2021-05-31 17:23:09','2021-05-31 17:23:09',NULL),(319,4509,1,4,NULL,NULL,1548,3,96,NULL,551,1,NULL,NULL,40720,41035,00002686,00002686,NULL,'2021-04-03',NULL,0002,1,NULL,2783.00,NULL,'2021-05-31 17:23:09','2021-05-31 17:23:09',NULL),(320,4509,1,4,NULL,NULL,1548,22,96,NULL,551,1,NULL,NULL,40720,41036,00002957,00002957,NULL,'2021-04-24',NULL,0002,1,NULL,5900.02,NULL,'2021-05-31 17:23:09','2021-05-31 17:23:09',NULL),(321,4509,1,4,NULL,NULL,1548,23,96,NULL,551,1,NULL,NULL,40720,41037,00002861,00002861,NULL,'2021-04-14',NULL,0002,1,NULL,5462.98,NULL,'2021-05-31 17:23:09','2021-05-31 17:23:09',NULL);
INSERT INTO `receipts` VALUES (322,4509,1,4,NULL,NULL,1548,10,96,NULL,551,1,NULL,NULL,40720,41038,00002858,00002858,NULL,'2021-04-14',NULL,0002,1,NULL,17759.98,NULL,'2021-05-31 17:23:09','2021-05-31 17:23:09',NULL),(323,4509,1,4,NULL,NULL,1548,23,96,NULL,551,1,NULL,NULL,40720,41039,00002968,00002968,NULL,'2021-04-26',NULL,0002,1,NULL,2907.75,NULL,'2021-05-31 17:23:09','2021-05-31 17:23:09',NULL),(324,4509,1,4,NULL,NULL,1548,23,96,NULL,551,1,NULL,NULL,40720,41040,00002811,00002811,NULL,'2021-04-12',NULL,0002,1,NULL,1832.00,NULL,'2021-05-31 17:23:09','2021-05-31 17:23:09',NULL),(325,4509,1,4,NULL,NULL,1548,22,96,NULL,551,1,NULL,NULL,40720,41041,00002685,00002685,NULL,'2021-04-03',NULL,0002,1,NULL,2499.00,NULL,'2021-05-31 17:23:09','2021-05-31 17:23:09',NULL),(326,4509,1,4,NULL,NULL,1548,1,96,NULL,551,1,NULL,NULL,40720,41042,00002898,00002898,NULL,'2021-04-16',NULL,0002,1,NULL,2684.99,NULL,'2021-05-31 17:23:09','2021-05-31 17:23:09',NULL),(327,4509,1,4,NULL,NULL,1548,23,96,NULL,551,1,NULL,NULL,40720,41043,00002865,00002865,NULL,'2021-04-15',NULL,0002,1,NULL,1832.00,NULL,'2021-05-31 17:23:09','2021-05-31 17:23:09',NULL),(328,4509,1,4,NULL,NULL,1548,23,96,NULL,551,1,NULL,NULL,40720,41044,00002911,00002911,NULL,'2021-04-19',NULL,0002,1,NULL,16300.03,NULL,'2021-05-31 17:23:09','2021-05-31 17:23:09',NULL),(329,4509,1,4,NULL,NULL,1548,23,96,NULL,551,1,NULL,NULL,40720,41045,00002849,00002849,NULL,'2021-04-13',NULL,0002,1,NULL,1777.26,NULL,'2021-05-31 17:23:09','2021-05-31 17:23:09',NULL),(330,4509,1,4,NULL,NULL,1548,23,96,NULL,551,1,NULL,NULL,40720,41046,00002814,00002814,NULL,'2021-04-12',NULL,0002,1,NULL,360.98,NULL,'2021-05-31 17:23:09','2021-05-31 17:23:09',NULL),(331,4509,1,4,NULL,NULL,1548,23,96,NULL,551,1,NULL,NULL,40720,41047,00003002,00003002,NULL,'2021-04-28',NULL,0002,1,NULL,4907.99,NULL,'2021-05-31 17:23:09','2021-05-31 17:23:09',NULL),(332,4509,1,4,NULL,NULL,1548,13,96,NULL,551,1,NULL,NULL,40720,41048,00002978,00002978,NULL,'2021-04-26',NULL,0002,1,NULL,2614.98,NULL,'2021-05-31 17:23:09','2021-05-31 17:23:09',NULL),(333,4509,1,4,NULL,NULL,1548,22,96,NULL,551,1,NULL,NULL,40720,41049,00002994,00002994,NULL,'2021-04-28',NULL,0002,1,NULL,8954.81,NULL,'2021-05-31 17:23:09','2021-05-31 17:23:09',NULL),(334,4509,1,4,NULL,NULL,1548,22,96,NULL,551,1,NULL,NULL,40720,41050,00002879,00002879,NULL,'2021-04-15',NULL,0002,1,NULL,17759.98,NULL,'2021-05-31 17:23:09','2021-05-31 17:23:09',NULL),(335,4509,1,4,NULL,NULL,1548,23,96,NULL,551,1,NULL,NULL,40720,41051,00002869,00002869,NULL,'2021-04-15',NULL,0002,1,NULL,14680.01,NULL,'2021-05-31 17:23:09','2021-05-31 17:23:09',NULL),(336,4509,1,4,NULL,NULL,1548,22,96,NULL,551,1,NULL,NULL,40720,41052,00002693,00002693,NULL,'2021-04-05',NULL,0002,1,NULL,560.50,NULL,'2021-05-31 17:23:10','2021-05-31 17:23:10',NULL),(337,4509,1,4,NULL,NULL,1548,3,96,NULL,551,1,NULL,NULL,40720,41053,00002706,00002706,NULL,'2021-04-05',NULL,0002,1,NULL,2890.05,NULL,'2021-05-31 17:23:10','2021-05-31 17:23:10',NULL),(338,4509,1,4,NULL,NULL,1548,23,96,NULL,551,1,NULL,NULL,40720,41054,00002785,00002785,NULL,'2021-04-09',NULL,0002,1,NULL,11278.99,NULL,'2021-05-31 17:23:10','2021-05-31 17:23:10',NULL),(339,4509,1,4,NULL,NULL,1548,22,96,NULL,551,1,NULL,NULL,40720,41055,00002695,00002695,NULL,'2021-04-05',NULL,0002,1,NULL,2379.49,NULL,'2021-05-31 17:23:10','2021-05-31 17:23:10',NULL),(340,4509,1,4,NULL,NULL,1548,23,96,NULL,551,1,NULL,NULL,40720,41056,00002774,00002774,NULL,'2021-04-09',NULL,0002,1,NULL,5462.98,NULL,'2021-05-31 17:23:10','2021-05-31 17:23:10',NULL),(341,4509,1,4,NULL,NULL,1548,1,96,NULL,551,1,NULL,NULL,40720,41057,00002748,00002748,NULL,'2021-04-09',NULL,0002,1,NULL,1998.98,NULL,'2021-05-31 17:23:10','2021-05-31 17:23:10',NULL),(342,4509,1,4,NULL,NULL,1548,23,96,NULL,551,1,NULL,NULL,40720,41058,00002988,00002988,NULL,'2021-04-27',NULL,0002,1,NULL,3133.27,NULL,'2021-05-31 17:23:10','2021-05-31 17:23:10',NULL);
INSERT INTO `receipts` VALUES (343,4509,1,4,NULL,NULL,1548,23,96,NULL,551,1,NULL,NULL,40720,41059,00002972,00002972,NULL,'2021-04-26',NULL,0002,1,NULL,3749.95,NULL,'2021-05-31 17:23:10','2021-05-31 17:23:10',NULL),(344,4509,1,4,NULL,NULL,1548,1,96,NULL,551,1,NULL,NULL,40720,41060,00002986,00002986,NULL,'2021-04-27',NULL,0002,1,NULL,3669.02,NULL,'2021-05-31 17:23:10','2021-05-31 17:23:10',NULL),(345,4509,1,4,NULL,NULL,1548,22,96,NULL,551,1,NULL,NULL,40720,41061,00002692,00002692,NULL,'2021-04-05',NULL,0002,1,NULL,2023.47,NULL,'2021-05-31 17:23:10','2021-05-31 17:23:10',NULL),(346,4509,1,1,NULL,NULL,1548,1,96,NULL,551,1,NULL,NULL,40720,41062,00000384,00000384,NULL,'2021-04-22',NULL,0002,1,NULL,19199.99,NULL,'2021-05-31 17:23:10','2021-05-31 17:23:10',NULL),(347,4509,1,1,NULL,NULL,1548,1,96,NULL,551,1,NULL,NULL,40720,41062,00000386,00000386,NULL,'2021-04-22',NULL,0002,1,NULL,7468.98,NULL,'2021-05-31 17:23:10','2021-05-31 17:23:10',NULL),(348,4509,1,1,NULL,NULL,1548,23,96,NULL,551,1,NULL,NULL,40720,41063,00000389,00000389,NULL,'2021-04-24',NULL,0002,1,NULL,3094.03,NULL,'2021-05-31 17:23:10','2021-05-31 17:23:10',NULL),(349,4509,1,1,NULL,NULL,1548,23,96,NULL,551,1,NULL,NULL,40720,41064,00000402,00000402,NULL,'2021-04-29',NULL,0002,1,NULL,7685.06,NULL,'2021-05-31 17:23:10','2021-05-31 17:23:10',NULL),(350,4509,1,1,NULL,NULL,1548,23,96,NULL,551,1,NULL,NULL,40720,41065,00000352,00000352,NULL,'2021-04-09',NULL,0002,1,NULL,1340.22,NULL,'2021-05-31 17:23:10','2021-05-31 17:23:10',NULL),(351,4509,1,1,NULL,NULL,1548,23,96,NULL,551,1,NULL,NULL,40720,41066,00000361,00000361,NULL,'2021-04-10',NULL,0002,1,NULL,5462.98,NULL,'2021-05-31 17:23:10','2021-05-31 17:23:10',NULL),(352,4509,1,1,NULL,NULL,1548,1,96,NULL,551,1,NULL,NULL,40720,41067,00000347,00000347,NULL,'2021-04-08',NULL,0002,1,NULL,6321.48,NULL,'2021-05-31 17:23:10','2021-05-31 17:23:10',NULL),(353,4509,1,1,NULL,NULL,1548,5,96,NULL,551,1,NULL,NULL,40720,41068,00000357,00000357,NULL,'2021-04-09',NULL,0002,1,NULL,1973.11,NULL,'2021-05-31 17:23:10','2021-05-31 17:23:10',NULL),(354,4509,1,1,NULL,NULL,1548,21,96,NULL,551,1,NULL,NULL,40720,41069,00000373,00000373,NULL,'2021-04-16',NULL,0002,1,NULL,3857.05,NULL,'2021-05-31 17:23:10','2021-05-31 17:23:10',NULL),(355,4509,1,1,NULL,NULL,1548,1,96,NULL,551,1,NULL,NULL,40720,41070,00000380,00000380,NULL,'2021-04-20',NULL,0002,1,NULL,1292.97,NULL,'2021-05-31 17:23:10','2021-05-31 17:23:10',NULL),(356,4509,1,1,NULL,NULL,1548,23,96,NULL,551,1,NULL,NULL,40720,41071,00000404,00000404,NULL,'2021-04-30',NULL,0002,1,NULL,3669.02,NULL,'2021-05-31 17:23:10','2021-05-31 17:23:10',NULL),(357,4509,1,1,NULL,NULL,1548,23,96,NULL,551,1,NULL,NULL,40720,41072,00000345,00000345,NULL,'2021-04-05',NULL,0002,1,NULL,21611.52,NULL,'2021-05-31 17:23:10','2021-05-31 17:23:10',NULL),(358,4509,1,1,NULL,NULL,1548,20,96,NULL,551,1,NULL,NULL,40720,41073,00000344,00000344,NULL,'2021-04-05',NULL,0002,1,NULL,5979.01,NULL,'2021-05-31 17:23:10','2021-05-31 17:23:10',NULL),(359,4509,1,1,NULL,NULL,1548,23,96,NULL,551,1,NULL,NULL,40720,41074,00000378,00000378,NULL,'2021-04-20',NULL,0002,1,NULL,16300.03,NULL,'2021-05-31 17:23:10','2021-05-31 17:23:10',NULL),(360,4509,1,1,NULL,NULL,1548,23,96,NULL,551,1,NULL,NULL,40720,41075,00000382,00000382,NULL,'2021-04-21',NULL,0002,1,NULL,19199.99,NULL,'2021-05-31 17:23:11','2021-05-31 17:23:11',NULL),(361,4509,1,1,NULL,NULL,1548,23,96,NULL,551,1,NULL,NULL,40720,41076,00000376,00000376,NULL,'2021-04-19',NULL,0002,1,NULL,19199.99,NULL,'2021-05-31 17:23:11','2021-05-31 17:23:11',NULL),(362,4509,1,1,NULL,NULL,1548,23,96,NULL,551,1,NULL,NULL,40720,41077,00000368,00000368,NULL,'2021-04-14',NULL,0002,1,NULL,3340.98,NULL,'2021-05-31 17:23:11','2021-05-31 17:23:11',NULL),(363,4509,1,1,NULL,NULL,1548,1,96,NULL,551,1,NULL,NULL,40720,41078,00000342,00000342,NULL,'2021-04-05',NULL,0002,1,NULL,1758.99,NULL,'2021-05-31 17:23:11','2021-05-31 17:23:11',NULL);
INSERT INTO `receipts` VALUES (364,4509,1,1,NULL,NULL,1548,1,96,NULL,551,1,NULL,NULL,40720,41079,00000392,00000392,NULL,'2021-04-26',NULL,0002,1,NULL,1530.02,NULL,'2021-05-31 17:23:11','2021-05-31 17:23:11',NULL),(365,4509,1,1,NULL,NULL,1548,23,96,NULL,551,1,NULL,NULL,40720,41080,00000355,00000355,NULL,'2021-04-09',NULL,0002,1,NULL,360.98,NULL,'2021-05-31 17:23:11','2021-05-31 17:23:11',NULL),(366,4509,1,1,NULL,NULL,1548,4,96,NULL,551,1,NULL,NULL,40720,41081,00000377,00000377,NULL,'2021-04-19',NULL,0002,1,NULL,8950.02,NULL,'2021-05-31 17:23:11','2021-05-31 17:23:11',NULL),(367,4509,1,1,NULL,NULL,1548,18,96,NULL,551,1,NULL,NULL,40720,41082,00000393,00000393,NULL,'2021-04-26',NULL,0002,1,NULL,5979.01,NULL,'2021-05-31 17:23:11','2021-05-31 17:23:11',NULL),(368,4509,1,1,NULL,NULL,1548,13,96,NULL,551,1,NULL,NULL,40720,41083,00000366,00000366,NULL,'2021-04-13',NULL,0002,1,NULL,4086.23,NULL,'2021-05-31 17:23:11','2021-05-31 17:23:11',NULL),(369,4509,1,1,NULL,NULL,1548,23,96,NULL,551,1,NULL,NULL,40720,41084,00000364,00000364,NULL,'2021-04-12',NULL,0002,1,NULL,2554.00,NULL,'2021-05-31 17:23:11','2021-05-31 17:23:11',NULL),(370,4509,1,1,NULL,NULL,1548,1,96,NULL,551,1,NULL,NULL,40720,41085,00000363,00000363,NULL,'2021-04-12',NULL,0002,1,NULL,1973.11,NULL,'2021-05-31 17:23:11','2021-05-31 17:23:11',NULL),(371,4509,1,1,NULL,NULL,1548,23,96,NULL,551,1,NULL,NULL,40720,41086,00000354,00000354,NULL,'2021-04-09',NULL,0002,1,NULL,3659.97,NULL,'2021-05-31 17:23:11','2021-05-31 17:23:11',NULL),(372,4509,1,4,NULL,NULL,1548,22,96,NULL,551,1,NULL,NULL,40720,41087,00003015,00003015,NULL,'2021-04-30',NULL,0002,1,NULL,4089.97,NULL,'2021-05-31 17:23:11','2021-05-31 17:23:11',NULL),(373,4509,1,1,NULL,NULL,1548,23,96,NULL,551,1,NULL,NULL,40720,41088,00000370,00000370,NULL,'2021-04-14',NULL,0002,1,NULL,5904.97,NULL,'2021-05-31 17:23:11','2021-05-31 17:23:11',NULL),(374,4509,1,1,NULL,NULL,1548,23,96,NULL,551,1,NULL,NULL,40720,41089,00000341,00000341,NULL,'2021-04-03',NULL,0002,1,NULL,5298.99,NULL,'2021-05-31 17:23:11','2021-05-31 17:23:11',NULL),(375,4509,1,1,NULL,NULL,1548,23,96,NULL,551,1,NULL,NULL,40720,41090,00000399,00000399,NULL,'2021-04-29',NULL,0002,1,NULL,6464.25,NULL,'2021-05-31 17:23:11','2021-05-31 17:23:11',NULL),(376,4509,1,3,NULL,NULL,1548,23,96,NULL,551,1,NULL,NULL,40720,41090,00000019,00000019,NULL,'2021-04-29',NULL,0002,1,NULL,6464.25,NULL,'2021-05-31 17:23:11','2021-05-31 17:23:11',NULL),(377,4509,1,1,NULL,NULL,1548,23,96,NULL,551,1,NULL,NULL,40720,41090,00000400,00000400,NULL,'2021-04-29',NULL,0002,1,NULL,6464.25,NULL,'2021-05-31 17:23:11','2021-05-31 17:23:11',NULL),(378,4509,1,1,NULL,NULL,1548,1,96,NULL,551,1,NULL,NULL,40720,41091,00000348,00000348,NULL,'2021-04-08',NULL,0002,1,NULL,55195.19,NULL,'2021-05-31 17:23:11','2021-05-31 17:23:11',NULL),(379,4509,1,3,NULL,NULL,1548,1,96,NULL,551,1,NULL,NULL,40720,41091,00000017,00000017,NULL,'2021-04-09',NULL,0002,1,NULL,55195.19,NULL,'2021-05-31 17:23:11','2021-05-31 17:23:11',NULL),(380,4509,1,1,NULL,NULL,1548,1,96,NULL,551,1,NULL,NULL,40720,41091,00000349,00000349,NULL,'2021-04-09',NULL,0002,1,NULL,47088.19,NULL,'2021-05-31 17:23:11','2021-05-31 17:23:11',NULL),(381,4509,1,1,NULL,NULL,1548,1,96,NULL,551,1,NULL,NULL,40720,41091,00000391,00000391,NULL,'2021-04-26',NULL,0002,1,NULL,13869.65,NULL,'2021-05-31 17:23:11','2021-05-31 17:23:11',NULL),(382,4509,1,1,NULL,NULL,1548,23,96,NULL,551,1,NULL,NULL,40720,41092,00000375,00000375,NULL,'2021-04-16',NULL,0002,1,NULL,5777.98,NULL,'2021-05-31 17:23:11','2021-05-31 17:23:11',NULL),(383,4509,1,1,NULL,NULL,1548,23,96,NULL,551,1,NULL,NULL,40720,41092,00000383,00000383,NULL,'2021-04-21',NULL,0002,1,NULL,3852.01,NULL,'2021-05-31 17:23:11','2021-05-31 17:23:11',NULL),(384,4509,1,1,NULL,NULL,1548,22,96,NULL,551,1,NULL,NULL,40720,41093,00000359,00000359,NULL,'2021-04-09',NULL,0002,1,NULL,1973.11,NULL,'2021-05-31 17:23:11','2021-05-31 17:23:11',NULL);
INSERT INTO `receipts` VALUES (385,4509,1,1,NULL,NULL,1548,22,96,NULL,551,1,NULL,NULL,40720,41094,00000387,00000387,NULL,'2021-04-22',NULL,0002,1,NULL,3660.48,NULL,'2021-05-31 17:23:12','2021-05-31 17:23:12',NULL),(386,4509,1,1,NULL,NULL,1548,4,96,NULL,551,1,NULL,NULL,40720,41095,00000367,00000367,NULL,'2021-04-14',NULL,0002,1,NULL,11527.84,NULL,'2021-05-31 17:23:12','2021-05-31 17:23:12',NULL),(387,4509,1,1,NULL,NULL,1548,22,96,NULL,551,1,NULL,NULL,40720,41096,00000360,00000360,NULL,'2021-04-09',NULL,0002,1,NULL,17260.22,NULL,'2021-05-31 17:23:12','2021-05-31 17:23:12',NULL),(388,4509,1,1,NULL,NULL,1548,22,96,NULL,551,1,NULL,NULL,40720,41096,00000372,00000372,NULL,'2021-04-16',NULL,0002,1,NULL,26044.04,NULL,'2021-05-31 17:23:12','2021-05-31 17:23:12',NULL),(389,4509,1,1,NULL,NULL,1548,22,96,NULL,551,1,NULL,NULL,40720,41096,00000388,00000388,NULL,'2021-04-23',NULL,0002,1,NULL,1896.70,NULL,'2021-05-31 17:23:12','2021-05-31 17:23:12',NULL),(390,4509,1,1,NULL,NULL,1548,22,96,NULL,551,1,NULL,NULL,40720,41096,00000390,00000390,NULL,'2021-04-24',NULL,0002,1,NULL,13068.00,NULL,'2021-05-31 17:23:12','2021-05-31 17:23:12',NULL),(391,4509,1,1,NULL,NULL,1548,22,96,NULL,551,1,NULL,NULL,40720,41096,00000394,00000394,NULL,'2021-04-27',NULL,0002,1,NULL,26044.04,NULL,'2021-05-31 17:23:12','2021-05-31 17:23:12',NULL),(392,4509,1,4,NULL,NULL,1548,10,96,NULL,551,1,NULL,NULL,40720,41097,00002866,00002866,NULL,'2021-04-15',NULL,0002,1,NULL,3857.05,NULL,'2021-05-31 17:23:12','2021-05-31 17:23:12',NULL),(393,4509,1,1,NULL,NULL,1548,1,96,NULL,551,1,NULL,NULL,40720,41098,00000385,00000385,NULL,'2021-04-22',NULL,0002,1,NULL,3659.97,NULL,'2021-05-31 17:23:12','2021-05-31 17:23:12',NULL),(394,4509,1,1,NULL,NULL,1548,22,96,NULL,551,1,NULL,NULL,40720,41099,00000351,00000351,NULL,'2021-04-09',NULL,0002,1,NULL,4553.00,NULL,'2021-05-31 17:23:12','2021-05-31 17:23:12',NULL),(395,4509,1,1,NULL,NULL,1548,22,96,NULL,551,1,NULL,NULL,40720,41100,00000397,00000397,NULL,'2021-04-28',NULL,0002,1,NULL,3350.26,NULL,'2021-05-31 17:23:12','2021-05-31 17:23:12',NULL),(396,4509,1,3,NULL,NULL,1548,22,96,NULL,551,1,NULL,NULL,40720,41100,00000018,00000018,NULL,'2021-04-28',NULL,0002,1,NULL,3350.26,NULL,'2021-05-31 17:23:12','2021-05-31 17:23:12',NULL),(397,4509,1,1,NULL,NULL,1548,22,96,NULL,551,1,NULL,NULL,40720,41100,00000398,00000398,NULL,'2021-04-28',NULL,0002,1,NULL,3568.46,NULL,'2021-05-31 17:23:12','2021-05-31 17:23:12',NULL),(398,4509,1,1,NULL,NULL,1548,22,96,NULL,551,1,NULL,NULL,40720,41101,00000353,00000353,NULL,'2021-04-09',NULL,0002,1,NULL,1998.98,NULL,'2021-05-31 17:23:12','2021-05-31 17:23:12',NULL),(399,4509,1,1,NULL,NULL,1548,23,96,NULL,551,1,NULL,NULL,40720,41102,00000369,00000369,NULL,'2021-04-14',NULL,0002,1,NULL,3629.98,NULL,'2021-05-31 17:23:12','2021-05-31 17:23:12',NULL),(400,4509,1,1,NULL,NULL,1548,23,96,NULL,551,1,NULL,NULL,40720,41103,00000396,00000396,NULL,'2021-04-27',NULL,0002,1,NULL,7048.02,NULL,'2021-05-31 17:23:12','2021-05-31 17:23:12',NULL),(401,4509,1,1,NULL,NULL,1548,22,96,NULL,551,1,NULL,NULL,40720,41104,00000381,00000381,NULL,'2021-04-21',NULL,0002,1,NULL,5299.80,NULL,'2021-05-31 17:23:12','2021-05-31 17:23:12',NULL),(402,4509,1,1,NULL,NULL,1548,22,96,NULL,551,1,NULL,NULL,40720,41105,00000374,00000374,NULL,'2021-04-16',NULL,0002,1,NULL,2470.47,NULL,'2021-05-31 17:23:12','2021-05-31 17:23:12',NULL),(403,4509,1,1,NULL,NULL,1548,22,96,NULL,551,1,NULL,NULL,40720,41106,00000358,00000358,NULL,'2021-04-09',NULL,0002,1,NULL,2125.51,NULL,'2021-05-31 17:23:12','2021-05-31 17:23:12',NULL),(404,4509,1,1,NULL,NULL,1548,23,96,NULL,551,1,NULL,NULL,40720,41107,00000365,00000365,NULL,'2021-04-13',NULL,0002,1,NULL,1632.23,NULL,'2021-05-31 17:23:12','2021-05-31 17:23:12',NULL),(405,4509,1,1,NULL,NULL,1548,23,96,NULL,551,1,NULL,NULL,40720,41108,00000362,00000362,NULL,'2021-04-12',NULL,0002,1,NULL,4875.09,NULL,'2021-05-31 17:23:12','2021-05-31 17:23:12',NULL);
INSERT INTO `receipts` VALUES (406,4509,1,1,NULL,NULL,1548,22,96,NULL,551,1,NULL,NULL,40720,41109,00000356,00000356,NULL,'2021-04-09',NULL,0002,1,NULL,1789.99,NULL,'2021-05-31 17:23:12','2021-05-31 17:23:12',NULL),(407,4509,1,1,NULL,NULL,1548,4,96,NULL,551,1,NULL,NULL,40720,41110,00000379,00000379,NULL,'2021-04-20',NULL,0002,1,NULL,3250.00,NULL,'2021-05-31 17:23:12','2021-05-31 17:23:12',NULL),(408,4509,1,1,NULL,NULL,1548,23,96,NULL,551,1,NULL,NULL,40720,41111,00000403,00000403,NULL,'2021-04-30',NULL,0002,1,NULL,5372.40,NULL,'2021-05-31 17:23:12','2021-05-31 17:23:12',NULL),(409,4509,1,1,NULL,NULL,1548,8,96,NULL,551,1,NULL,NULL,40720,41112,00000346,00000346,NULL,'2021-04-06',NULL,0002,1,NULL,6089.99,NULL,'2021-05-31 17:23:13','2021-05-31 17:23:13',NULL),(410,4509,1,1,NULL,NULL,1548,23,96,NULL,551,1,NULL,NULL,40720,41113,00000350,00000350,NULL,'2021-04-09',NULL,0002,1,NULL,5979.01,NULL,'2021-05-31 17:23:13','2021-05-31 17:23:13',NULL),(411,4509,1,1,NULL,NULL,1548,17,96,NULL,551,1,NULL,NULL,40720,41114,00000371,00000371,NULL,'2021-04-14',NULL,0002,1,NULL,2895.82,NULL,'2021-05-31 17:23:13','2021-05-31 17:23:13',NULL),(412,4509,1,1,NULL,NULL,1548,1,96,NULL,551,1,NULL,NULL,40720,41115,00000343,00000343,NULL,'2021-04-05',NULL,0002,1,NULL,3816.17,NULL,'2021-05-31 17:23:13','2021-05-31 17:23:13',NULL),(413,4509,1,1,NULL,NULL,1548,21,96,NULL,551,1,NULL,NULL,40720,41116,00000395,00000395,NULL,'2021-04-27',NULL,0002,1,NULL,6820.14,NULL,'2021-05-31 17:23:13','2021-05-31 17:23:13',NULL),(414,4509,1,1,NULL,NULL,1548,1,96,NULL,551,1,NULL,NULL,40720,41117,00000401,00000401,NULL,'2021-04-29',NULL,0002,1,NULL,380.00,NULL,'2021-05-31 17:23:13','2021-05-31 17:23:13',NULL),(415,4509,2,7,NULL,NULL,1548,22,250,NULL,551,1,NULL,NULL,40720,41118,00000092,00000092,NULL,'2021-04-05',NULL,0002,1,NULL,9000.00,NULL,'2021-05-31 17:23:13','2021-05-31 17:23:13',NULL),(416,4509,2,7,NULL,NULL,1548,22,250,NULL,551,1,NULL,NULL,40720,3,00000398,00000398,NULL,'2021-04-07',NULL,0002,1,NULL,15500.00,NULL,'2021-05-31 17:23:13','2021-05-31 17:23:13',NULL),(417,4509,2,1,NULL,NULL,1548,22,217,NULL,551,1,NULL,NULL,40720,41119,00158025,00158025,NULL,'2021-04-08',NULL,0006,1,NULL,55706.88,NULL,'2021-05-31 17:23:13','2021-05-31 17:23:13',NULL),(418,4509,2,1,NULL,NULL,1548,22,217,NULL,551,1,NULL,NULL,40720,41120,00256971,00256971,NULL,'2021-04-09',NULL,0003,1,NULL,100743.05,NULL,'2021-05-31 17:23:13','2021-05-31 17:23:13',NULL),(419,4509,2,1,NULL,NULL,1548,22,217,NULL,551,1,NULL,NULL,40720,41121,00061602,00061602,NULL,'2021-04-12',NULL,0023,1,NULL,18841.53,NULL,'2021-05-31 17:23:13','2021-05-31 17:23:13',NULL),(420,4509,2,1,NULL,NULL,1548,22,217,NULL,551,1,NULL,NULL,40720,41122,00043791,00043791,NULL,'2021-04-12',NULL,0002,1,NULL,34027.66,NULL,'2021-05-31 17:23:13','2021-05-31 17:23:13',NULL),(421,4509,2,1,NULL,NULL,1548,22,217,NULL,551,1,NULL,NULL,40720,41123,00000299,00000299,NULL,'2021-04-13',NULL,0001,1,NULL,6050.00,NULL,'2021-05-31 17:23:13','2021-05-31 17:23:13',NULL),(422,4509,2,7,NULL,NULL,1548,22,250,NULL,551,1,NULL,NULL,40720,41124,00000015,00000015,NULL,'2021-04-14',NULL,0001,1,NULL,16000.00,NULL,'2021-05-31 17:23:13','2021-05-31 17:23:13',NULL),(423,4509,2,1,NULL,NULL,1548,22,217,NULL,551,1,NULL,NULL,40720,41122,00043864,00043864,NULL,'2021-04-14',NULL,0002,1,NULL,121183.72,NULL,'2021-05-31 17:23:13','2021-05-31 17:23:13',NULL),(424,4509,2,1,NULL,NULL,1548,22,217,NULL,551,1,NULL,NULL,40720,41125,00003137,00003137,NULL,'2021-04-20',NULL,0001,1,NULL,73920.00,NULL,'2021-05-31 17:23:13','2021-05-31 17:23:13',NULL),(425,4509,2,1,NULL,NULL,1548,22,217,NULL,551,1,NULL,NULL,40720,41125,00003138,00003138,NULL,'2021-04-20',NULL,0001,1,NULL,11647.98,NULL,'2021-05-31 17:23:13','2021-05-31 17:23:13',NULL),(426,4509,2,1,NULL,NULL,1548,22,217,NULL,551,1,NULL,NULL,40720,41126,00000230,00000230,NULL,'2021-04-21',NULL,0003,1,NULL,9655.80,NULL,'2021-05-31 17:23:13','2021-05-31 17:23:13',NULL);
INSERT INTO `receipts` VALUES (427,4509,2,1,NULL,NULL,1548,22,217,NULL,551,1,NULL,NULL,40720,41127,00000374,00000374,NULL,'2021-04-21',NULL,0004,1,NULL,4718.85,NULL,'2021-05-31 17:23:13','2021-05-31 17:23:13',NULL),(428,4509,2,7,NULL,NULL,1548,22,250,NULL,551,1,NULL,NULL,40720,41128,00000056,00000056,NULL,'2021-04-26',NULL,0001,1,NULL,5320.00,NULL,'2021-05-31 17:23:13','2021-05-31 17:23:13',NULL),(429,4509,2,1,NULL,NULL,1548,22,217,NULL,551,1,NULL,NULL,40720,41122,00000695,00000695,NULL,'2021-04-26',NULL,0007,1,NULL,341040.91,NULL,'2021-05-31 17:23:13','2021-05-31 17:23:13',NULL),(430,4509,2,1,NULL,NULL,1548,22,217,NULL,551,1,NULL,NULL,40720,41122,00000731,00000731,NULL,'2021-04-27',NULL,0007,1,NULL,189362.58,NULL,'2021-05-31 17:23:13','2021-05-31 17:23:13',NULL),(431,4509,2,1,NULL,NULL,1548,22,217,NULL,551,1,NULL,NULL,40720,41129,00649443,00649443,NULL,'2021-04-29',NULL,0001,1,NULL,156681.74,NULL,'2021-05-31 17:23:13','2021-05-31 17:23:13',NULL),(432,4509,2,1,NULL,NULL,1548,22,217,NULL,551,1,NULL,NULL,40720,41130,01083943,01083943,NULL,'2021-04-29',NULL,0011,1,NULL,383713.07,NULL,'2021-05-31 17:23:14','2021-05-31 17:23:14',NULL),(433,4509,2,1,NULL,NULL,1548,22,217,NULL,551,1,NULL,NULL,40720,41130,00121581,00121581,NULL,'2021-04-29',NULL,0026,1,NULL,20836.75,NULL,'2021-05-31 17:23:14','2021-05-31 17:23:14',NULL),(434,4509,3,1,NULL,NULL,1548,24,NULL,NULL,551,1,6,NULL,40720,40718,00000047,00000047,1465,'2021-04-30',NULL,2021,1,NULL,106.29,NULL,'2021-05-31 17:34:04','2021-05-31 17:34:04',NULL),(435,4509,3,1,NULL,NULL,1548,1,NULL,NULL,551,1,9,NULL,40720,40718,00000048,00000048,4816,'2021-04-30',NULL,2021,1,NULL,2340.61,NULL,'2021-05-31 17:34:04','2021-05-31 17:34:04',NULL),(436,4509,3,1,NULL,NULL,1548,2,NULL,NULL,551,1,10,NULL,40720,40718,00000049,00000049,6882,'2021-04-30',NULL,2021,1,NULL,193.96,NULL,'2021-05-31 17:34:04','2021-05-31 17:34:04',NULL),(437,4509,3,1,NULL,NULL,1548,3,NULL,NULL,551,1,7,NULL,40720,40718,00000050,00000050,2188,'2021-04-30',NULL,2021,1,NULL,356.44,NULL,'2021-05-31 17:34:04','2021-05-31 17:34:04',NULL),(438,4509,3,1,NULL,NULL,1548,6,NULL,NULL,551,1,12,NULL,40720,40718,00000051,00000051,6028,'2021-04-30',NULL,2021,1,NULL,458.63,NULL,'2021-05-31 17:34:04','2021-05-31 17:34:04',NULL),(439,4509,3,1,NULL,NULL,1548,7,NULL,NULL,551,1,13,NULL,40720,40718,00000052,00000052,8277,'2021-04-30',NULL,2021,1,NULL,141.14,NULL,'2021-05-31 17:34:04','2021-05-31 17:34:04',NULL),(440,4509,3,1,NULL,NULL,1548,8,NULL,NULL,551,1,14,NULL,40720,40718,00000053,00000053,2210,'2021-04-30',NULL,2021,1,NULL,964.81,NULL,'2021-05-31 17:34:04','2021-05-31 17:34:04',NULL),(441,4509,3,1,NULL,NULL,1548,9,NULL,NULL,551,1,15,NULL,40720,40718,00000054,00000054,4504,'2021-04-30',NULL,2021,1,NULL,76.01,NULL,'2021-05-31 17:34:04','2021-05-31 17:34:04',NULL),(442,4509,3,1,NULL,NULL,1548,10,NULL,NULL,551,1,16,NULL,40720,40718,00000055,00000055,4848,'2021-04-30',NULL,2021,1,NULL,710.48,NULL,'2021-05-31 17:34:04','2021-05-31 17:34:04',NULL),(443,4509,3,1,NULL,NULL,1548,11,NULL,NULL,551,1,17,NULL,40720,40718,00000056,00000056,4655,'2021-04-30',NULL,2021,1,NULL,2400.65,NULL,'2021-05-31 17:34:04','2021-05-31 17:34:04',NULL),(444,4509,3,1,NULL,NULL,1548,12,NULL,NULL,551,1,18,NULL,40720,40718,00000057,00000057,7811,'2021-04-30',NULL,2021,1,NULL,326.51,NULL,'2021-05-31 17:34:04','2021-05-31 17:34:04',NULL),(445,4509,3,1,NULL,NULL,1548,13,NULL,NULL,551,1,20,NULL,40720,40718,00000058,00000058,4217,'2021-04-30',NULL,2021,1,NULL,214.65,NULL,'2021-05-31 17:34:04','2021-05-31 17:34:04',NULL),(446,4509,3,1,NULL,NULL,1548,14,NULL,NULL,551,1,21,NULL,40720,40718,00000059,00000059,3775,'2021-04-30',NULL,2021,1,NULL,231.05,NULL,'2021-05-31 17:34:04','2021-05-31 17:34:04',NULL),(447,4509,3,1,NULL,NULL,1548,15,NULL,NULL,551,1,22,NULL,40720,40718,00000060,00000060,8040,'2021-04-30',NULL,2021,1,NULL,189.71,NULL,'2021-05-31 17:34:04','2021-05-31 17:34:04',NULL);
INSERT INTO `receipts` VALUES (448,4509,3,1,NULL,NULL,1548,16,NULL,NULL,551,1,23,NULL,40720,40718,00000061,00000061,2208,'2021-04-30',NULL,2021,1,NULL,1088.19,NULL,'2021-05-31 17:34:04','2021-05-31 17:34:04',NULL),(449,4509,3,1,NULL,NULL,1548,17,NULL,NULL,551,1,24,NULL,40720,40718,00000062,00000062,5673,'2021-04-30',NULL,2021,1,NULL,479.78,NULL,'2021-05-31 17:34:04','2021-05-31 17:34:04',NULL),(450,4509,3,1,NULL,NULL,1548,18,NULL,NULL,551,1,25,NULL,40720,40718,00000063,00000063,8090,'2021-04-30',NULL,2021,1,NULL,4041.46,NULL,'2021-05-31 17:34:04','2021-05-31 17:34:04',NULL),(451,4509,3,1,NULL,NULL,1548,19,NULL,NULL,551,1,26,NULL,40720,40718,00000064,00000064,4680,'2021-04-30',NULL,2021,1,NULL,277.28,NULL,'2021-05-31 17:34:04','2021-05-31 17:34:04',NULL),(452,4509,3,1,NULL,NULL,1548,20,NULL,NULL,551,1,27,NULL,40720,40718,00000065,00000065,1436,'2021-04-30',NULL,2021,1,NULL,73.63,NULL,'2021-05-31 17:34:04','2021-05-31 17:34:04',NULL),(453,4509,1,3,NULL,NULL,3078,22,96,NULL,316,1,NULL,NULL,41131,41132,00000220,00000220,NULL,'2021-04-30',NULL,0004,1,NULL,16940.00,NULL,'2021-05-31 17:55:18','2021-05-31 17:55:18',NULL),(454,4509,1,3,NULL,NULL,3078,22,96,NULL,316,1,NULL,NULL,41131,41133,00000221,00000221,NULL,'2021-04-30',NULL,0004,1,NULL,44649.00,NULL,'2021-05-31 17:55:18','2021-05-31 17:55:18',NULL),(455,4509,1,3,NULL,NULL,3078,22,96,NULL,316,1,NULL,NULL,41131,41134,00000222,00000222,NULL,'2021-04-30',NULL,0004,1,NULL,30855.00,NULL,'2021-05-31 17:55:18','2021-05-31 17:55:18',NULL),(456,4509,1,3,NULL,NULL,3078,22,96,NULL,316,1,NULL,NULL,41131,41135,00000223,00000223,NULL,'2021-04-30',NULL,0004,1,NULL,14520.00,NULL,'2021-05-31 17:55:18','2021-05-31 17:55:18',NULL),(457,4509,1,3,NULL,NULL,3078,22,96,NULL,316,1,NULL,NULL,41131,41136,00000224,00000224,NULL,'2021-04-30',NULL,0004,1,NULL,1815.00,NULL,'2021-05-31 17:55:18','2021-05-31 17:55:18',NULL),(458,4509,1,3,NULL,NULL,3078,22,96,NULL,316,1,NULL,NULL,41131,41137,00000018,00000018,NULL,'2021-04-30',NULL,0004,1,NULL,154275.00,NULL,'2021-05-31 17:55:18','2021-05-31 17:55:18',NULL),(459,4509,1,1,NULL,NULL,3078,22,96,NULL,316,1,NULL,NULL,41131,41138,00005996,00005996,NULL,'2021-04-30',NULL,0004,1,NULL,5445.00,NULL,'2021-05-31 17:55:19','2021-05-31 17:55:19',NULL),(460,4509,1,1,NULL,NULL,3078,22,96,NULL,316,1,NULL,NULL,41131,41139,00005997,00005997,NULL,'2021-04-30',NULL,0004,1,NULL,93170.00,NULL,'2021-05-31 17:55:19','2021-05-31 17:55:19',NULL),(461,4509,1,1,NULL,NULL,3078,22,96,NULL,316,1,NULL,NULL,41131,41140,00005998,00005998,NULL,'2021-04-30',NULL,0004,1,NULL,32912.00,NULL,'2021-05-31 17:55:19','2021-05-31 17:55:19',NULL),(462,4509,1,1,NULL,NULL,3078,22,96,NULL,316,1,NULL,NULL,41131,41140,00005999,00005999,NULL,'2021-04-30',NULL,0004,1,NULL,32912.00,NULL,'2021-05-31 17:55:19','2021-05-31 17:55:19',NULL),(463,4509,1,1,NULL,NULL,3078,22,96,NULL,316,1,NULL,NULL,41131,41137,00006000,00006000,NULL,'2021-04-30',NULL,0004,1,NULL,27830.00,NULL,'2021-05-31 17:55:19','2021-05-31 17:55:19',NULL),(464,4509,1,1,NULL,NULL,3078,22,96,NULL,316,1,NULL,NULL,41131,41141,00006001,00006001,NULL,'2021-04-30',NULL,0004,1,NULL,41140.00,NULL,'2021-05-31 17:55:19','2021-05-31 17:55:19',NULL),(465,4509,1,1,NULL,NULL,3078,22,96,NULL,316,1,NULL,NULL,41131,41134,00006002,00006002,NULL,'2021-04-30',NULL,0004,1,NULL,440636.63,NULL,'2021-05-31 17:55:19','2021-05-31 17:55:19',NULL),(466,4509,1,1,NULL,NULL,3078,22,96,NULL,316,1,NULL,NULL,41131,41142,00006003,00006003,NULL,'2021-04-30',NULL,0004,1,NULL,10648.00,NULL,'2021-05-31 17:55:19','2021-05-31 17:55:19',NULL),(467,4509,1,1,NULL,NULL,3078,22,96,NULL,316,1,NULL,NULL,41131,41143,00006004,00006004,NULL,'2021-04-30',NULL,0004,1,NULL,11616.00,NULL,'2021-05-31 17:55:19','2021-05-31 17:55:19',NULL),(468,4509,1,1,NULL,NULL,3078,22,96,NULL,316,1,NULL,NULL,41131,41144,00006005,00006005,NULL,'2021-04-30',NULL,0004,1,NULL,23958.00,NULL,'2021-05-31 17:55:19','2021-05-31 17:55:19',NULL);
INSERT INTO `receipts` VALUES (469,4509,1,1,NULL,NULL,3078,22,96,NULL,316,1,NULL,NULL,41131,41145,00006006,00006006,NULL,'2021-04-30',NULL,0004,1,NULL,108900.00,NULL,'2021-05-31 17:55:19','2021-05-31 17:55:19',NULL),(470,4509,1,1,NULL,NULL,3078,22,96,NULL,316,1,NULL,NULL,41131,41146,00006007,00006007,NULL,'2021-04-30',NULL,0004,1,NULL,189728.00,NULL,'2021-05-31 17:55:19','2021-05-31 17:55:19',NULL),(471,4509,1,1,NULL,NULL,3078,22,96,NULL,316,1,NULL,NULL,41131,41133,00006008,00006008,NULL,'2021-04-30',NULL,0004,1,NULL,44649.00,NULL,'2021-05-31 17:55:19','2021-05-31 17:55:19',NULL),(472,4509,1,1,NULL,NULL,3078,22,96,NULL,316,1,NULL,NULL,41131,41147,00006009,00006009,NULL,'2021-04-30',NULL,0004,1,NULL,304920.00,NULL,'2021-05-31 17:55:19','2021-05-31 17:55:19',NULL),(473,4509,1,1,NULL,NULL,3078,22,96,NULL,316,1,NULL,NULL,41131,41147,00006010,00006010,NULL,'2021-04-30',NULL,0004,1,NULL,42108.00,NULL,'2021-05-31 17:55:19','2021-05-31 17:55:19',NULL),(474,4509,1,1,NULL,NULL,3078,22,96,NULL,316,1,NULL,NULL,41131,41148,00006011,00006011,NULL,'2021-04-30',NULL,0004,1,NULL,313390.00,NULL,'2021-05-31 17:55:19','2021-05-31 17:55:19',NULL),(475,4509,1,1,NULL,NULL,3078,22,96,NULL,316,1,NULL,NULL,41131,41134,00006012,00006012,NULL,'2021-04-30',NULL,0004,1,NULL,30855.00,NULL,'2021-05-31 17:55:19','2021-05-31 17:55:19',NULL),(476,4509,1,1,NULL,NULL,3078,22,96,NULL,316,1,NULL,NULL,41131,41149,00006013,00006013,NULL,'2021-04-30',NULL,0004,1,NULL,113740.00,NULL,'2021-05-31 17:55:19','2021-05-31 17:55:19',NULL),(477,4509,1,1,NULL,NULL,3078,22,96,NULL,316,1,NULL,NULL,41131,41150,00006014,00006014,NULL,'2021-04-30',NULL,0004,1,NULL,111017.50,NULL,'2021-05-31 17:55:19','2021-05-31 17:55:19',NULL),(478,4509,1,1,NULL,NULL,3078,22,96,NULL,316,1,NULL,NULL,41131,41141,00006015,00006015,NULL,'2021-04-30',NULL,0004,1,NULL,41140.00,NULL,'2021-05-31 17:55:19','2021-05-31 17:55:19',NULL),(479,4509,1,1,NULL,NULL,3078,22,96,NULL,316,1,NULL,NULL,41131,41147,00006016,00006016,NULL,'2021-04-30',NULL,0004,1,NULL,16698.00,NULL,'2021-05-31 17:55:19','2021-05-31 17:55:19',NULL),(480,4509,1,1,NULL,NULL,3078,22,96,NULL,316,1,NULL,NULL,41131,41151,00006017,00006017,NULL,'2021-04-30',NULL,0004,1,NULL,147390.10,NULL,'2021-05-31 17:55:19','2021-05-31 17:55:19',NULL),(481,4509,1,1,NULL,NULL,3078,22,96,NULL,316,1,NULL,NULL,41131,41139,00006018,00006018,NULL,'2021-04-30',NULL,0004,1,NULL,96800.00,NULL,'2021-05-31 17:55:19','2021-05-31 17:55:19',NULL),(482,4509,1,1,NULL,NULL,3078,22,96,NULL,316,1,NULL,NULL,41131,41139,00006019,00006019,NULL,'2021-04-30',NULL,0004,1,NULL,35695.00,NULL,'2021-05-31 17:55:19','2021-05-31 17:55:19',NULL),(483,4509,1,1,NULL,NULL,3078,22,96,NULL,316,1,NULL,NULL,41131,41139,00006020,00006020,NULL,'2021-04-30',NULL,0004,1,NULL,14157.00,NULL,'2021-05-31 17:55:19','2021-05-31 17:55:19',NULL),(484,4509,1,1,NULL,NULL,3078,22,96,NULL,316,1,NULL,NULL,41131,41152,00006021,00006021,NULL,'2021-04-30',NULL,0004,1,NULL,129939.48,NULL,'2021-05-31 17:55:19','2021-05-31 17:55:19',NULL),(485,4509,1,1,NULL,NULL,3078,22,96,NULL,316,1,NULL,NULL,41131,41153,00006022,00006022,NULL,'2021-04-30',NULL,0004,1,NULL,77440.00,NULL,'2021-05-31 17:55:19','2021-05-31 17:55:19',NULL),(486,4509,1,1,NULL,NULL,3078,22,96,NULL,316,1,NULL,NULL,41131,41154,00006023,00006023,NULL,'2021-04-30',NULL,0004,1,NULL,56628.00,NULL,'2021-05-31 17:55:20','2021-05-31 17:55:20',NULL),(487,4509,1,1,NULL,NULL,3078,22,96,NULL,316,1,NULL,NULL,41131,41143,00006024,00006024,NULL,'2021-04-30',NULL,0004,1,NULL,34364.00,NULL,'2021-05-31 17:55:20','2021-05-31 17:55:20',NULL),(488,4509,1,1,NULL,NULL,3078,22,96,NULL,316,1,NULL,NULL,41131,41155,00006025,00006025,NULL,'2021-04-30',NULL,0004,1,NULL,101640.00,NULL,'2021-05-31 17:55:20','2021-05-31 17:55:20',NULL),(489,4509,1,1,NULL,NULL,3078,22,96,NULL,316,1,NULL,NULL,41131,41156,00006026,00006026,NULL,'2021-04-30',NULL,0004,1,NULL,45980.00,NULL,'2021-05-31 17:55:20','2021-05-31 17:55:20',NULL);
INSERT INTO `receipts` VALUES (490,4509,1,1,NULL,NULL,3078,22,96,NULL,316,1,NULL,NULL,41131,41142,00006027,00006027,NULL,'2021-04-30',NULL,0004,1,NULL,21296.00,NULL,'2021-05-31 17:55:20','2021-05-31 17:55:20',NULL),(491,4509,1,1,NULL,NULL,3078,22,96,NULL,316,1,NULL,NULL,41131,41157,00006028,00006028,NULL,'2021-04-30',NULL,0004,1,NULL,96195.00,NULL,'2021-05-31 17:55:20','2021-05-31 17:55:20',NULL),(492,4509,1,1,NULL,NULL,3078,22,96,NULL,316,1,NULL,NULL,41131,41158,00006029,00006029,NULL,'2021-04-30',NULL,0004,1,NULL,3146.00,NULL,'2021-05-31 17:55:20','2021-05-31 17:55:20',NULL),(493,4509,1,1,NULL,NULL,3078,22,96,NULL,316,1,NULL,NULL,41131,41159,00006030,00006030,NULL,'2021-04-30',NULL,0004,1,NULL,10285.00,NULL,'2021-05-31 17:55:20','2021-05-31 17:55:20',NULL),(494,4509,1,1,NULL,NULL,3078,22,96,NULL,316,1,NULL,NULL,41131,41160,00006031,00006031,NULL,'2021-04-30',NULL,0004,1,NULL,25410.00,NULL,'2021-05-31 17:55:20','2021-05-31 17:55:20',NULL),(495,4509,1,1,NULL,NULL,3078,22,96,NULL,316,1,NULL,NULL,41131,41161,00006032,00006032,NULL,'2021-04-30',NULL,0004,1,NULL,18029.00,NULL,'2021-05-31 17:55:20','2021-05-31 17:55:20',NULL),(496,4509,1,1,NULL,NULL,3078,22,96,NULL,316,1,NULL,NULL,41131,41141,00006033,00006033,NULL,'2021-04-30',NULL,0004,1,NULL,51425.00,NULL,'2021-05-31 17:55:20','2021-05-31 17:55:20',NULL),(497,4509,1,1,NULL,NULL,3078,22,96,NULL,316,1,NULL,NULL,41131,41137,00006034,00006034,NULL,'2021-04-30',NULL,0004,1,NULL,111320.00,NULL,'2021-05-31 17:55:20','2021-05-31 17:55:20',NULL),(498,4509,1,1,NULL,NULL,3078,22,96,NULL,316,1,NULL,NULL,41131,41142,00006035,00006035,NULL,'2021-04-30',NULL,0004,1,NULL,31944.00,NULL,'2021-05-31 17:55:20','2021-05-31 17:55:20',NULL),(499,4509,1,1,NULL,NULL,3078,22,96,NULL,316,1,NULL,NULL,41131,41149,00006036,00006036,NULL,'2021-04-30',NULL,0004,1,NULL,18755.00,NULL,'2021-05-31 17:55:20','2021-05-31 17:55:20',NULL),(500,4509,1,1,NULL,NULL,3078,22,96,NULL,316,1,NULL,NULL,41131,41151,00006037,00006037,NULL,'2021-04-30',NULL,0004,1,NULL,75020.00,NULL,'2021-05-31 17:55:20','2021-05-31 17:55:20',NULL),(501,4509,1,1,NULL,NULL,3078,22,96,NULL,316,1,NULL,NULL,41131,41162,00006038,00006038,NULL,'2021-04-30',NULL,0004,1,NULL,109505.00,NULL,'2021-05-31 17:55:20','2021-05-31 17:55:20',NULL),(502,4509,1,1,NULL,NULL,3078,22,96,NULL,316,1,NULL,NULL,41131,41146,00006039,00006039,NULL,'2021-04-30',NULL,0004,1,NULL,77440.00,NULL,'2021-05-31 17:55:20','2021-05-31 17:55:20',NULL),(503,4509,1,1,NULL,NULL,3078,22,96,NULL,316,1,NULL,NULL,41131,41134,00006040,00006040,NULL,'2021-04-30',NULL,0004,1,NULL,30855.00,NULL,'2021-05-31 17:55:20','2021-05-31 17:55:20',NULL),(504,4509,1,1,NULL,NULL,3078,22,96,NULL,316,1,NULL,NULL,41131,41163,00006041,00006041,NULL,'2021-04-30',NULL,0004,1,NULL,200497.00,NULL,'2021-05-31 17:55:20','2021-05-31 17:55:20',NULL),(505,4509,1,1,NULL,NULL,3078,22,96,NULL,316,1,NULL,NULL,41131,41132,00006042,00006042,NULL,'2021-04-30',NULL,0004,1,NULL,36300.00,NULL,'2021-05-31 17:55:20','2021-05-31 17:55:20',NULL),(506,4509,1,1,NULL,NULL,3078,22,96,NULL,316,1,NULL,NULL,41131,41164,00006043,00006043,NULL,'2021-04-30',NULL,0004,1,NULL,156090.00,NULL,'2021-05-31 17:55:20','2021-05-31 17:55:20',NULL),(507,4509,1,1,NULL,NULL,3078,22,96,NULL,316,1,NULL,NULL,41131,41164,00006044,00006044,NULL,'2021-04-30',NULL,0004,1,NULL,4743.20,NULL,'2021-05-31 17:55:20','2021-05-31 17:55:20',NULL),(508,4509,1,1,NULL,NULL,3078,22,96,NULL,316,1,NULL,NULL,41131,41165,00006045,00006045,NULL,'2021-04-30',NULL,0004,1,NULL,33033.00,NULL,'2021-05-31 17:55:20','2021-05-31 17:55:20',NULL),(509,4509,1,1,NULL,NULL,3078,22,96,NULL,316,1,NULL,NULL,41131,41166,00006046,00006046,NULL,'2021-04-30',NULL,0004,1,NULL,29524.00,NULL,'2021-05-31 17:55:20','2021-05-31 17:55:20',NULL),(510,4509,1,1,NULL,NULL,3078,22,96,NULL,316,1,NULL,NULL,41131,41167,00006047,00006047,NULL,'2021-04-30',NULL,0004,1,NULL,58080.00,NULL,'2021-05-31 17:55:21','2021-05-31 17:55:21',NULL);
INSERT INTO `receipts` VALUES (511,4509,1,1,NULL,NULL,3078,22,96,NULL,316,1,NULL,NULL,41131,41168,00006048,00006048,NULL,'2021-04-30',NULL,0004,1,NULL,152102.81,NULL,'2021-05-31 17:55:21','2021-05-31 17:55:21',NULL),(512,4509,1,1,NULL,NULL,3078,22,96,NULL,316,1,NULL,NULL,41131,41169,00006049,00006049,NULL,'2021-04-30',NULL,0004,1,NULL,580800.00,NULL,'2021-05-31 17:55:21','2021-05-31 17:55:21',NULL),(513,4509,1,1,NULL,NULL,3078,22,96,NULL,316,1,NULL,NULL,41131,41170,00006050,00006050,NULL,'2021-04-30',NULL,0004,1,NULL,7562.50,NULL,'2021-05-31 17:55:21','2021-05-31 17:55:21',NULL),(514,4509,1,1,NULL,NULL,3078,22,96,NULL,316,1,NULL,NULL,41131,41171,00006051,00006051,NULL,'2021-04-30',NULL,0004,1,NULL,18755.00,NULL,'2021-05-31 17:55:21','2021-05-31 17:55:21',NULL),(515,4509,1,1,NULL,NULL,3078,22,96,NULL,316,1,NULL,NULL,41131,41147,00006052,00006052,NULL,'2021-04-30',NULL,0004,1,NULL,49610.00,NULL,'2021-05-31 17:55:21','2021-05-31 17:55:21',NULL),(516,4509,1,1,NULL,NULL,3078,22,96,NULL,316,1,NULL,NULL,41131,41172,00006053,00006053,NULL,'2021-04-30',NULL,0004,1,NULL,4114.00,NULL,'2021-05-31 17:55:21','2021-05-31 17:55:21',NULL),(517,4509,1,1,NULL,NULL,3078,22,96,NULL,316,1,NULL,NULL,41131,41173,00006054,00006054,NULL,'2021-04-30',NULL,0004,1,NULL,10890.00,NULL,'2021-05-31 17:55:21','2021-05-31 17:55:21',NULL),(518,4509,1,1,NULL,NULL,3078,22,96,NULL,316,1,NULL,NULL,41131,41151,00006055,00006055,NULL,'2021-04-30',NULL,0004,1,NULL,6821.50,NULL,'2021-05-31 17:55:21','2021-05-31 17:55:21',NULL),(519,4509,1,1,NULL,NULL,3078,22,96,NULL,316,1,NULL,NULL,41131,41133,00006056,00006056,NULL,'2021-04-30',NULL,0004,1,NULL,44649.00,NULL,'2021-05-31 17:55:21','2021-05-31 17:55:21',NULL),(520,4509,1,1,NULL,NULL,3078,22,96,NULL,316,1,NULL,NULL,41131,41174,00006057,00006057,NULL,'2021-04-30',NULL,0004,1,NULL,3822.00,NULL,'2021-05-31 17:55:21','2021-05-31 17:55:21',NULL),(521,4509,1,1,NULL,NULL,3078,22,96,NULL,316,1,NULL,NULL,41131,41139,00006058,00006058,NULL,'2021-04-30',NULL,0004,1,NULL,2722.50,NULL,'2021-05-31 17:55:21','2021-05-31 17:55:21',NULL),(522,4509,1,1,NULL,NULL,3078,22,96,NULL,316,1,NULL,NULL,41131,41175,00006059,00006059,NULL,'2021-04-30',NULL,0004,1,NULL,25168.00,NULL,'2021-05-31 17:55:21','2021-05-31 17:55:21',NULL),(523,4509,1,1,NULL,NULL,3078,22,96,NULL,316,1,NULL,NULL,41131,41176,00006060,00006060,NULL,'2021-04-30',NULL,0004,1,NULL,78408.00,NULL,'2021-05-31 17:55:21','2021-05-31 17:55:21',NULL),(524,4509,1,1,NULL,NULL,3078,22,96,NULL,316,1,NULL,NULL,41131,41177,00006061,00006061,NULL,'2021-04-30',NULL,0004,1,NULL,3025.00,NULL,'2021-05-31 17:55:21','2021-05-31 17:55:21',NULL),(525,4509,1,1,NULL,NULL,3078,22,96,NULL,316,1,NULL,NULL,41131,41177,00006062,00006062,NULL,'2021-04-30',NULL,0004,1,NULL,76714.00,NULL,'2021-05-31 17:55:21','2021-05-31 17:55:21',NULL),(526,4509,1,1,NULL,NULL,3078,22,96,NULL,316,1,NULL,NULL,41131,41139,00006063,00006063,NULL,'2021-04-30',NULL,0004,1,NULL,58080.00,NULL,'2021-05-31 17:55:21','2021-05-31 17:55:21',NULL),(527,4509,1,1,NULL,NULL,3078,22,96,NULL,316,1,NULL,NULL,41131,41178,00006064,00006064,NULL,'2021-04-30',NULL,0004,1,NULL,36300.00,NULL,'2021-05-31 17:55:21','2021-05-31 17:55:21',NULL),(528,4509,1,1,NULL,NULL,3078,22,96,NULL,316,1,NULL,NULL,41131,41179,00006065,00006065,NULL,'2021-04-30',NULL,0004,1,NULL,272976.00,NULL,'2021-05-31 17:55:21','2021-05-31 17:55:21',NULL),(529,4509,1,1,NULL,NULL,3078,22,96,NULL,316,1,NULL,NULL,41131,41141,00006066,00006066,NULL,'2021-04-30',NULL,0004,1,NULL,51425.00,NULL,'2021-05-31 17:55:21','2021-05-31 17:55:21',NULL),(530,4509,1,1,NULL,NULL,3078,22,96,NULL,316,1,NULL,NULL,41131,41141,00006067,00006067,NULL,'2021-04-30',NULL,0004,1,NULL,41140.00,NULL,'2021-05-31 17:55:21','2021-05-31 17:55:21',NULL),(531,4509,1,1,NULL,NULL,3078,22,96,NULL,316,1,NULL,NULL,41131,41180,00006068,00006068,NULL,'2021-04-30',NULL,0004,1,NULL,8349.00,NULL,'2021-05-31 17:55:21','2021-05-31 17:55:21',NULL);
INSERT INTO `receipts` VALUES (532,4509,1,1,NULL,NULL,3078,22,96,NULL,316,1,NULL,NULL,41131,41154,00006069,00006069,NULL,'2021-04-30',NULL,0004,1,NULL,145926.00,NULL,'2021-05-31 17:55:21','2021-05-31 17:55:21',NULL),(533,4509,1,1,NULL,NULL,3078,22,96,NULL,316,1,NULL,NULL,41131,41154,00006070,00006070,NULL,'2021-04-30',NULL,0004,1,NULL,66550.00,NULL,'2021-05-31 17:55:21','2021-05-31 17:55:21',NULL),(534,4509,1,1,NULL,NULL,3078,22,96,NULL,316,1,NULL,NULL,41131,41181,00006071,00006071,NULL,'2021-04-30',NULL,0004,1,NULL,90568.50,NULL,'2021-05-31 17:55:21','2021-05-31 17:55:21',NULL),(535,4509,1,1,NULL,NULL,3078,22,96,NULL,316,1,NULL,NULL,41131,41133,00006072,00006072,NULL,'2021-04-30',NULL,0004,1,NULL,20328.00,NULL,'2021-05-31 17:55:21','2021-05-31 17:55:21',NULL),(536,4509,1,1,NULL,NULL,3078,22,96,NULL,316,1,NULL,NULL,41131,41182,00006073,00006073,NULL,'2021-04-30',NULL,0004,1,NULL,15730.00,NULL,'2021-05-31 17:55:21','2021-05-31 17:55:21',NULL),(537,4509,1,1,NULL,NULL,3078,22,96,NULL,316,1,NULL,NULL,41131,41153,00006074,00006074,NULL,'2021-04-30',NULL,0004,1,NULL,116160.00,NULL,'2021-05-31 17:55:21','2021-05-31 17:55:22',NULL),(538,4509,1,1,NULL,NULL,3078,22,96,NULL,316,1,NULL,NULL,41131,41183,00006075,00006075,NULL,'2021-04-30',NULL,0004,1,NULL,91355.00,NULL,'2021-05-31 17:55:22','2021-05-31 17:55:22',NULL),(539,4509,1,1,NULL,NULL,3078,22,96,NULL,316,1,NULL,NULL,41131,41152,00006076,00006076,NULL,'2021-04-30',NULL,0004,1,NULL,101589.18,NULL,'2021-05-31 17:55:22','2021-05-31 17:55:22',NULL),(540,4509,1,1,NULL,NULL,3078,22,96,NULL,316,1,NULL,NULL,41131,41184,00006077,00006077,NULL,'2021-04-30',NULL,0004,1,NULL,11979.00,NULL,'2021-05-31 17:55:22','2021-05-31 17:55:22',NULL),(541,4509,1,1,NULL,NULL,3078,22,96,NULL,316,1,NULL,NULL,41131,41185,00006078,00006078,NULL,'2021-04-30',NULL,0004,1,NULL,100732.50,NULL,'2021-05-31 17:55:22','2021-05-31 17:55:22',NULL),(542,4509,1,1,NULL,NULL,3078,22,96,NULL,316,1,NULL,NULL,41131,41163,00006079,00006079,NULL,'2021-04-30',NULL,0004,1,NULL,56870.00,NULL,'2021-05-31 17:55:22','2021-05-31 17:55:22',NULL),(543,4509,1,1,NULL,NULL,3078,22,96,NULL,316,1,NULL,NULL,41131,41163,00006080,00006080,NULL,'2021-04-30',NULL,0004,1,NULL,25410.00,NULL,'2021-05-31 17:55:22','2021-05-31 17:55:22',NULL),(544,4509,1,1,NULL,NULL,3078,22,96,NULL,316,1,NULL,NULL,41131,41186,00006081,00006081,NULL,'2021-04-30',NULL,0004,1,NULL,18876.00,NULL,'2021-05-31 17:55:22','2021-05-31 17:55:22',NULL),(545,4509,1,1,NULL,NULL,3078,22,96,NULL,316,1,NULL,NULL,41131,41187,00006082,00006082,NULL,'2021-04-30',NULL,0004,1,NULL,271040.00,NULL,'2021-05-31 17:55:22','2021-05-31 17:55:22',NULL),(546,4509,1,1,NULL,NULL,3078,22,96,NULL,316,1,NULL,NULL,41131,41148,00006083,00006083,NULL,'2021-04-30',NULL,0004,1,NULL,36784.00,NULL,'2021-05-31 17:55:22','2021-05-31 17:55:22',NULL),(547,4509,1,1,NULL,NULL,3078,22,96,NULL,316,1,NULL,NULL,41131,41188,00006084,00006084,NULL,'2021-04-30',NULL,0004,1,NULL,23595.00,NULL,'2021-05-31 17:55:22','2021-05-31 17:55:22',NULL),(548,4509,1,1,NULL,NULL,3078,22,96,NULL,316,1,NULL,NULL,41131,41189,00006085,00006085,NULL,'2021-04-30',NULL,0004,1,NULL,23837.00,NULL,'2021-05-31 17:55:22','2021-05-31 17:55:22',NULL),(549,4509,1,1,NULL,NULL,3078,22,96,NULL,316,1,NULL,NULL,41131,41180,00006086,00006086,NULL,'2021-04-30',NULL,0004,1,NULL,15730.00,NULL,'2021-05-31 17:55:22','2021-05-31 17:55:22',NULL),(550,4509,1,1,NULL,NULL,3078,22,96,NULL,316,1,NULL,NULL,41131,41190,00006087,00006087,NULL,'2021-04-30',NULL,0004,1,NULL,638275.00,NULL,'2021-05-31 17:55:22','2021-05-31 17:55:22',NULL),(551,4509,1,1,NULL,NULL,3078,22,96,NULL,316,1,NULL,NULL,41131,41139,00006088,00006088,NULL,'2021-04-30',NULL,0004,1,NULL,77440.00,NULL,'2021-05-31 17:55:22','2021-05-31 17:55:22',NULL),(552,4509,1,1,NULL,NULL,3078,22,96,NULL,316,1,NULL,NULL,41131,41182,00006089,00006089,NULL,'2021-04-30',NULL,0004,1,NULL,18150.00,NULL,'2021-05-31 17:55:22','2021-05-31 17:55:22',NULL);
INSERT INTO `receipts` VALUES (553,4509,1,1,NULL,NULL,3078,22,96,NULL,316,1,NULL,NULL,41131,41191,00006090,00006090,NULL,'2021-04-30',NULL,0004,1,NULL,15730.00,NULL,'2021-05-31 17:55:22','2021-05-31 17:55:22',NULL),(554,4509,1,1,NULL,NULL,3078,22,96,NULL,316,1,NULL,NULL,41131,41192,00006091,00006091,NULL,'2021-04-30',NULL,0004,1,NULL,36300.00,NULL,'2021-05-31 17:55:22','2021-05-31 17:55:22',NULL),(555,4509,1,1,NULL,NULL,3078,22,96,NULL,316,1,NULL,NULL,41131,41190,00006092,00006092,NULL,'2021-04-30',NULL,0004,1,NULL,162745.00,NULL,'2021-05-31 17:55:22','2021-05-31 17:55:23',NULL),(556,4509,1,1,NULL,NULL,3078,22,96,NULL,316,1,NULL,NULL,41131,41185,00006093,00006093,NULL,'2021-04-30',NULL,0004,1,NULL,11616.00,NULL,'2021-05-31 17:55:23','2021-05-31 17:55:23',NULL),(557,4509,1,1,NULL,NULL,3078,22,96,NULL,316,1,NULL,NULL,41131,41190,00006094,00006094,NULL,'2021-04-30',NULL,0004,1,NULL,360580.00,NULL,'2021-05-31 17:55:23','2021-05-31 17:55:23',NULL),(558,4509,1,1,NULL,NULL,3078,22,96,NULL,316,1,NULL,NULL,41131,41132,00006095,00006095,NULL,'2021-04-30',NULL,0004,1,NULL,212960.00,NULL,'2021-05-31 17:55:23','2021-05-31 17:55:23',NULL),(559,4509,1,1,NULL,NULL,3078,22,96,NULL,316,1,NULL,NULL,41131,41177,00006096,00006096,NULL,'2021-04-30',NULL,0004,1,NULL,76714.00,NULL,'2021-05-31 17:55:23','2021-05-31 17:55:23',NULL),(560,4509,1,1,NULL,NULL,3078,22,96,NULL,316,1,NULL,NULL,41131,41193,00006097,00006097,NULL,'2021-04-30',NULL,0004,1,NULL,147673.24,NULL,'2021-05-31 17:55:23','2021-05-31 17:55:23',NULL),(561,4509,1,1,NULL,NULL,3078,22,96,NULL,316,1,NULL,NULL,41131,41133,00006098,00006098,NULL,'2021-04-30',NULL,0004,1,NULL,60984.00,NULL,'2021-05-31 17:55:23','2021-05-31 17:55:23',NULL),(562,4509,1,1,NULL,NULL,3078,22,96,NULL,316,1,NULL,NULL,41131,41194,00006099,00006099,NULL,'2021-04-30',NULL,0004,1,NULL,50820.00,NULL,'2021-05-31 17:55:23','2021-05-31 17:55:23',NULL),(563,4509,1,1,NULL,NULL,3078,22,96,NULL,316,1,NULL,NULL,41131,41194,00006100,00006100,NULL,'2021-04-30',NULL,0004,1,NULL,35816.00,NULL,'2021-05-31 17:55:23','2021-05-31 17:55:23',NULL),(564,4509,1,1,NULL,NULL,3078,22,96,NULL,316,1,NULL,NULL,41131,41175,00006101,00006101,NULL,'2021-04-30',NULL,0004,1,NULL,119552.84,NULL,'2021-05-31 17:55:23','2021-05-31 17:55:23',NULL),(565,4509,1,1,NULL,NULL,3078,22,96,NULL,316,1,NULL,NULL,41131,41137,00006102,00006102,NULL,'2021-04-30',NULL,0004,1,NULL,154275.00,NULL,'2021-05-31 17:55:23','2021-05-31 17:55:23',NULL),(566,4509,1,1,NULL,NULL,3078,22,96,NULL,316,1,NULL,NULL,41131,41195,00006103,00006103,NULL,'2021-04-30',NULL,0004,1,NULL,154880.00,NULL,'2021-05-31 17:55:23','2021-05-31 17:55:23',NULL),(567,4509,1,1,NULL,NULL,3078,22,96,NULL,316,1,NULL,NULL,41131,41171,00006104,00006104,NULL,'2021-04-30',NULL,0004,1,NULL,17182.00,NULL,'2021-05-31 17:55:23','2021-05-31 17:55:23',NULL),(568,4509,1,1,NULL,NULL,3078,22,96,NULL,316,1,NULL,NULL,41131,41167,00006105,00006105,NULL,'2021-04-30',NULL,0004,1,NULL,58080.00,NULL,'2021-05-31 17:55:23','2021-05-31 17:55:23',NULL),(569,4509,1,1,NULL,NULL,3078,22,96,NULL,316,1,NULL,NULL,41131,41196,00006106,00006106,NULL,'2021-04-30',NULL,0004,1,NULL,182281.18,NULL,'2021-05-31 17:55:23','2021-05-31 17:55:23',NULL),(570,4509,1,1,NULL,NULL,3078,22,96,NULL,316,1,NULL,NULL,41131,41160,00006107,00006107,NULL,'2021-04-30',NULL,0004,1,NULL,31460.00,NULL,'2021-05-31 17:55:23','2021-05-31 17:55:23',NULL),(571,4509,1,1,NULL,NULL,3078,22,96,NULL,316,1,NULL,NULL,41131,41150,00006108,00006108,NULL,'2021-04-30',NULL,0004,1,NULL,266200.00,NULL,'2021-05-31 17:55:23','2021-05-31 17:55:23',NULL),(572,4509,1,1,NULL,NULL,3078,22,96,NULL,316,1,NULL,NULL,41131,41197,00006109,00006109,NULL,'2021-04-30',NULL,0004,1,NULL,35695.00,NULL,'2021-05-31 17:55:23','2021-05-31 17:55:23',NULL),(573,4509,1,1,NULL,NULL,3078,22,96,NULL,316,1,NULL,NULL,41131,41154,00006110,00006110,NULL,'2021-04-30',NULL,0004,1,NULL,78408.00,NULL,'2021-05-31 17:55:23','2021-05-31 17:55:23',NULL);
INSERT INTO `receipts` VALUES (574,4509,1,1,NULL,NULL,3078,22,96,NULL,316,1,NULL,NULL,41131,41139,00006111,00006111,NULL,'2021-04-30',NULL,0004,1,NULL,96800.00,NULL,'2021-05-31 17:55:23','2021-05-31 17:55:23',NULL),(575,4509,1,1,NULL,NULL,3078,22,96,NULL,316,1,NULL,NULL,41131,41141,00006112,00006112,NULL,'2021-04-30',NULL,0004,1,NULL,41140.00,NULL,'2021-05-31 17:55:23','2021-05-31 17:55:23',NULL),(576,4509,1,1,NULL,NULL,3078,22,96,NULL,316,1,NULL,NULL,41131,41198,00006113,00006113,NULL,'2021-04-30',NULL,0004,1,NULL,157300.00,NULL,'2021-05-31 17:55:23','2021-05-31 17:55:23',NULL),(577,4509,1,1,NULL,NULL,3078,22,96,NULL,316,1,NULL,NULL,41131,41198,00006114,00006114,NULL,'2021-04-30',NULL,0004,1,NULL,50517.50,NULL,'2021-05-31 17:55:23','2021-05-31 17:55:23',NULL),(578,4509,1,1,NULL,NULL,3078,22,96,NULL,316,1,NULL,NULL,41131,41153,00006115,00006115,NULL,'2021-04-30',NULL,0004,1,NULL,38720.00,NULL,'2021-05-31 17:55:23','2021-05-31 17:55:23',NULL),(579,4509,1,1,NULL,NULL,3078,22,96,NULL,316,1,NULL,NULL,41131,41152,00006116,00006116,NULL,'2021-04-30',NULL,0004,1,NULL,116182.99,NULL,'2021-05-31 17:55:23','2021-05-31 17:55:23',NULL),(580,4509,1,1,NULL,NULL,3078,22,96,NULL,316,1,NULL,NULL,41131,41193,00006117,00006117,NULL,'2021-04-30',NULL,0004,1,NULL,8258.25,NULL,'2021-05-31 17:55:23','2021-05-31 17:55:23',NULL),(581,4509,1,1,NULL,NULL,3078,22,96,NULL,316,1,NULL,NULL,41131,41143,00006118,00006118,NULL,'2021-04-30',NULL,0004,1,NULL,25470.50,NULL,'2021-05-31 17:55:23','2021-05-31 17:55:23',NULL),(582,4509,1,1,NULL,NULL,3078,22,96,NULL,316,1,NULL,NULL,41131,41199,00006119,00006119,NULL,'2021-04-30',NULL,0004,1,NULL,28435.00,NULL,'2021-05-31 17:55:24','2021-05-31 17:55:24',NULL),(583,4509,1,1,NULL,NULL,3078,22,96,NULL,316,1,NULL,NULL,41131,41193,00006120,00006120,NULL,'2021-04-30',NULL,0004,1,NULL,34684.65,NULL,'2021-05-31 17:55:24','2021-05-31 17:55:24',NULL),(584,4509,1,1,NULL,NULL,3078,22,96,NULL,316,1,NULL,NULL,41131,41200,00006121,00006121,NULL,'2021-04-30',NULL,0004,1,NULL,19602.00,NULL,'2021-05-31 17:55:24','2021-05-31 17:55:24',NULL),(585,4509,1,1,NULL,NULL,3078,22,96,NULL,316,1,NULL,NULL,41131,41139,00006122,00006122,NULL,'2021-04-30',NULL,0004,1,NULL,22990.00,NULL,'2021-05-31 17:55:24','2021-05-31 17:55:24',NULL),(586,4509,1,1,NULL,NULL,3078,22,96,NULL,316,1,NULL,NULL,41131,41139,00006123,00006123,NULL,'2021-04-30',NULL,0004,1,NULL,19360.00,NULL,'2021-05-31 17:55:24','2021-05-31 17:55:24',NULL),(587,4509,1,1,NULL,NULL,3078,22,96,NULL,316,1,NULL,NULL,41131,41193,00006124,00006124,NULL,'2021-04-30',NULL,0004,1,NULL,149120.40,NULL,'2021-05-31 17:55:24','2021-05-31 17:55:24',NULL),(588,4509,1,1,NULL,NULL,3078,22,96,NULL,316,1,NULL,NULL,41131,41156,00006125,00006125,NULL,'2021-04-30',NULL,0004,1,NULL,98010.00,NULL,'2021-05-31 17:55:24','2021-05-31 17:55:24',NULL),(589,4509,1,1,NULL,NULL,3078,22,96,NULL,316,1,NULL,NULL,41131,41189,00006126,00006126,NULL,'2021-04-30',NULL,0004,1,NULL,44044.00,NULL,'2021-05-31 17:55:24','2021-05-31 17:55:24',NULL),(590,4509,1,1,NULL,NULL,3078,22,96,NULL,316,1,NULL,NULL,41131,41201,00006127,00006127,NULL,'2021-04-30',NULL,0004,1,NULL,17545.00,NULL,'2021-05-31 17:55:24','2021-05-31 17:55:24',NULL),(591,4509,1,1,NULL,NULL,3078,22,96,NULL,316,1,NULL,NULL,41131,41181,00006128,00006128,NULL,'2021-04-30',NULL,0004,1,NULL,36300.00,NULL,'2021-05-31 17:55:24','2021-05-31 17:55:24',NULL),(592,4509,1,1,NULL,NULL,3078,22,96,NULL,316,1,NULL,NULL,41131,41148,00006129,00006129,NULL,'2021-04-30',NULL,0004,1,NULL,77863.50,NULL,'2021-05-31 17:55:24','2021-05-31 17:55:24',NULL),(593,4509,1,1,NULL,NULL,3078,22,96,NULL,316,1,NULL,NULL,41131,41142,00006130,00006130,NULL,'2021-04-30',NULL,0004,1,NULL,55660.00,NULL,'2021-05-31 17:55:24','2021-05-31 17:55:24',NULL),(594,4509,1,1,NULL,NULL,3078,22,96,NULL,316,1,NULL,NULL,41131,41139,00006131,00006131,NULL,'2021-04-30',NULL,0004,1,NULL,183920.00,NULL,'2021-05-31 17:55:24','2021-05-31 17:55:24',NULL);
INSERT INTO `receipts` VALUES (595,4509,1,1,NULL,NULL,3078,22,96,NULL,316,1,NULL,NULL,41131,41139,00006132,00006132,NULL,'2021-04-30',NULL,0004,1,NULL,13310.00,NULL,'2021-05-31 17:55:24','2021-05-31 17:55:24',NULL),(596,4509,1,1,NULL,NULL,3078,22,96,NULL,316,1,NULL,NULL,41131,41187,00006133,00006133,NULL,'2021-04-30',NULL,0004,1,NULL,57475.00,NULL,'2021-05-31 17:55:24','2021-05-31 17:55:24',NULL),(597,4509,1,1,NULL,NULL,3078,22,96,NULL,316,1,NULL,NULL,41131,41175,00006134,00006134,NULL,'2021-04-30',NULL,0004,1,NULL,19360.00,NULL,'2021-05-31 17:55:24','2021-05-31 17:55:24',NULL),(598,4509,1,1,NULL,NULL,3078,22,96,NULL,316,1,NULL,NULL,41131,41136,00006135,00006135,NULL,'2021-04-30',NULL,0004,1,NULL,1815.00,NULL,'2021-05-31 17:55:24','2021-05-31 17:55:24',NULL),(599,4509,1,1,NULL,NULL,3078,22,96,NULL,316,1,NULL,NULL,41131,41134,00006136,00006136,NULL,'2021-04-30',NULL,0004,1,NULL,185449.44,NULL,'2021-05-31 17:55:24','2021-05-31 17:55:24',NULL),(600,4509,1,1,NULL,NULL,3078,22,96,NULL,316,1,NULL,NULL,41131,41202,00006137,00006137,NULL,'2021-04-30',NULL,0004,1,NULL,18755.00,NULL,'2021-05-31 17:55:24','2021-05-31 17:55:24',NULL),(601,4509,1,1,NULL,NULL,3078,22,96,NULL,316,1,NULL,NULL,41131,41177,00006138,00006138,NULL,'2021-04-30',NULL,0004,1,NULL,108174.00,NULL,'2021-05-31 17:55:24','2021-05-31 17:55:24',NULL),(602,4509,1,1,NULL,NULL,3078,22,96,NULL,316,1,NULL,NULL,41131,41193,00006139,00006139,NULL,'2021-04-30',NULL,0004,1,NULL,9438.00,NULL,'2021-05-31 17:55:24','2021-05-31 17:55:24',NULL),(603,4509,1,1,NULL,NULL,3078,22,96,NULL,316,1,NULL,NULL,41131,41198,00006140,00006140,NULL,'2021-04-30',NULL,0004,1,NULL,50517.50,NULL,'2021-05-31 17:55:24','2021-05-31 17:55:24',NULL),(604,4509,1,1,NULL,NULL,3078,22,96,NULL,316,1,NULL,NULL,41131,41203,00006141,00006141,NULL,'2021-04-30',NULL,0004,1,NULL,28749.60,NULL,'2021-05-31 17:55:24','2021-05-31 17:55:24',NULL),(605,4509,1,1,NULL,NULL,3078,22,96,NULL,316,1,NULL,NULL,41131,41204,00006142,00006142,NULL,'2021-04-30',NULL,0004,1,NULL,47674.00,NULL,'2021-05-31 17:55:24','2021-05-31 17:55:24',NULL),(606,4509,1,1,NULL,NULL,3078,22,96,NULL,316,1,NULL,NULL,41131,41163,00006143,00006143,NULL,'2021-04-30',NULL,0004,1,NULL,7562.50,NULL,'2021-05-31 17:55:24','2021-05-31 17:55:24',NULL),(607,4509,1,1,NULL,NULL,3078,22,96,NULL,316,1,NULL,NULL,41131,41205,00006144,00006144,NULL,'2021-04-30',NULL,0004,1,NULL,18876.00,NULL,'2021-05-31 17:55:24','2021-05-31 17:55:24',NULL),(608,4509,1,1,NULL,NULL,3078,22,96,NULL,316,1,NULL,NULL,41131,41160,00006145,00006145,NULL,'2021-04-30',NULL,0004,1,NULL,46585.00,NULL,'2021-05-31 17:55:25','2021-05-31 17:55:25',NULL),(609,4509,1,1,NULL,NULL,3078,22,96,NULL,316,1,NULL,NULL,41131,41206,00006146,00006146,NULL,'2021-04-30',NULL,0004,1,NULL,5989.50,NULL,'2021-05-31 17:55:25','2021-05-31 17:55:25',NULL),(610,4509,1,1,NULL,NULL,3078,22,96,NULL,316,1,NULL,NULL,41131,41188,00006147,00006147,NULL,'2021-04-30',NULL,0004,1,NULL,78650.00,NULL,'2021-05-31 17:55:25','2021-05-31 17:55:25',NULL),(611,4509,1,1,NULL,NULL,3078,22,96,NULL,316,1,NULL,NULL,41131,41207,00006148,00006148,NULL,'2021-04-30',NULL,0004,1,NULL,115540.07,NULL,'2021-05-31 17:55:25','2021-05-31 17:55:25',NULL),(612,4509,1,1,NULL,NULL,3078,22,96,NULL,316,1,NULL,NULL,41131,41208,00006149,00006149,NULL,'2021-04-30',NULL,0004,1,NULL,41312.06,NULL,'2021-05-31 17:55:25','2021-05-31 17:55:25',NULL),(613,4509,1,1,NULL,NULL,3078,22,96,NULL,316,1,NULL,NULL,41131,41154,00006150,00006150,NULL,'2021-04-30',NULL,0004,1,NULL,86152.00,NULL,'2021-05-31 17:55:25','2021-05-31 17:55:25',NULL),(614,4509,1,1,NULL,NULL,3078,22,96,NULL,316,1,NULL,NULL,41131,41182,00006151,00006151,NULL,'2021-04-30',NULL,0004,1,NULL,15730.00,NULL,'2021-05-31 17:55:25','2021-05-31 17:55:25',NULL),(615,4509,1,1,NULL,NULL,3078,22,96,NULL,316,1,NULL,NULL,41131,41167,00006152,00006152,NULL,'2021-04-30',NULL,0004,1,NULL,58080.00,NULL,'2021-05-31 17:55:25','2021-05-31 17:55:25',NULL);
INSERT INTO `receipts` VALUES (616,4509,1,1,NULL,NULL,3078,22,96,NULL,316,1,NULL,NULL,41131,41151,00006153,00006153,NULL,'2021-04-30',NULL,0004,1,NULL,56265.00,NULL,'2021-05-31 17:55:25','2021-05-31 17:55:25',NULL),(617,4509,1,1,NULL,NULL,3078,22,96,NULL,316,1,NULL,NULL,41131,41187,00006154,00006154,NULL,'2021-04-30',NULL,0004,1,NULL,617100.00,NULL,'2021-05-31 17:55:25','2021-05-31 17:55:25',NULL),(618,4509,1,1,NULL,NULL,3078,22,96,NULL,316,1,NULL,NULL,41131,41147,00006155,00006155,NULL,'2021-04-30',NULL,0004,1,NULL,84216.00,NULL,'2021-05-31 17:55:25','2021-05-31 17:55:25',NULL),(619,4509,1,1,NULL,NULL,3078,22,96,NULL,316,1,NULL,NULL,41131,41163,00006156,00006156,NULL,'2021-04-30',NULL,0004,1,NULL,35937.00,NULL,'2021-05-31 17:55:25','2021-05-31 17:55:25',NULL),(620,4509,1,1,NULL,NULL,3078,22,96,NULL,316,1,NULL,NULL,41131,41186,00006157,00006157,NULL,'2021-04-30',NULL,0004,1,NULL,3146.00,NULL,'2021-05-31 17:55:25','2021-05-31 17:55:25',NULL),(621,4509,1,1,NULL,NULL,3078,22,96,NULL,316,1,NULL,NULL,41131,41132,00006158,00006158,NULL,'2021-04-30',NULL,0004,1,NULL,87725.00,NULL,'2021-05-31 17:55:25','2021-05-31 17:55:25',NULL),(622,4509,1,1,NULL,NULL,3078,22,96,NULL,316,1,NULL,NULL,41131,41209,00006159,00006159,NULL,'2021-04-30',NULL,0004,1,NULL,29645.00,NULL,'2021-05-31 17:55:25','2021-05-31 17:55:25',NULL),(623,4509,1,1,NULL,NULL,3078,22,96,NULL,316,1,NULL,NULL,41131,41190,00006160,00006160,NULL,'2021-04-30',NULL,0004,1,NULL,650375.00,NULL,'2021-05-31 17:55:25','2021-05-31 17:55:25',NULL),(624,4509,1,1,NULL,NULL,3078,22,96,NULL,316,1,NULL,NULL,41131,41133,00006161,00006161,NULL,'2021-04-30',NULL,0004,1,NULL,81312.00,NULL,'2021-05-31 17:55:25','2021-05-31 17:55:25',NULL),(625,4509,1,1,NULL,NULL,3078,22,96,NULL,316,1,NULL,NULL,41131,41175,00006162,00006162,NULL,'2021-04-30',NULL,0004,1,NULL,128581.86,NULL,'2021-05-31 17:55:25','2021-05-31 17:55:25',NULL),(626,4509,1,1,NULL,NULL,3078,22,96,NULL,316,1,NULL,NULL,41131,41210,00006163,00006163,NULL,'2021-04-30',NULL,0004,1,NULL,79497.00,NULL,'2021-05-31 17:55:25','2021-05-31 17:55:25',NULL),(627,4509,1,1,NULL,NULL,3078,22,96,NULL,316,1,NULL,NULL,41131,41152,00006164,00006164,NULL,'2021-04-30',NULL,0004,1,NULL,90027.63,NULL,'2021-05-31 17:55:25','2021-05-31 17:55:25',NULL),(628,4509,1,1,NULL,NULL,3078,22,96,NULL,316,1,NULL,NULL,41131,41211,00006165,00006165,NULL,'2021-04-30',NULL,0004,1,NULL,10890.00,NULL,'2021-05-31 17:55:25','2021-05-31 17:55:25',NULL),(629,4509,1,1,NULL,NULL,3078,22,96,NULL,316,1,NULL,NULL,41131,41147,00006166,00006166,NULL,'2021-04-30',NULL,0004,1,NULL,105270.00,NULL,'2021-05-31 17:55:25','2021-05-31 17:55:25',NULL),(630,4509,1,1,NULL,NULL,3078,22,96,NULL,316,1,NULL,NULL,41131,41141,00006167,00006167,NULL,'2021-04-30',NULL,0004,1,NULL,41140.00,NULL,'2021-05-31 17:55:25','2021-05-31 17:55:25',NULL),(631,4509,1,1,NULL,NULL,3078,22,96,NULL,316,1,NULL,NULL,41131,41151,00006168,00006168,NULL,'2021-04-30',NULL,0004,1,NULL,89177.00,NULL,'2021-05-31 17:55:25','2021-05-31 17:55:25',NULL),(632,4509,1,23,NULL,NULL,3078,22,96,NULL,316,1,NULL,NULL,41131,41198,00000230,00000230,NULL,'2021-04-30',NULL,0004,1,NULL,162215.63,NULL,'2021-05-31 17:55:25','2021-05-31 17:55:25',NULL),(633,4509,1,23,NULL,NULL,3078,22,96,NULL,316,1,NULL,NULL,41131,41175,00000231,00000231,NULL,'2021-04-30',NULL,0004,1,NULL,265232.00,NULL,'2021-05-31 17:55:26','2021-05-31 17:55:26',NULL),(634,4509,1,23,NULL,NULL,3078,22,96,NULL,316,1,NULL,NULL,41131,41141,00000232,00000232,NULL,'2021-04-30',NULL,0004,1,NULL,412610.00,NULL,'2021-05-31 17:55:26','2021-05-31 17:55:26',NULL),(635,4509,1,23,NULL,NULL,3078,22,96,NULL,316,1,NULL,NULL,41131,41141,00000233,00000233,NULL,'2021-04-30',NULL,0004,1,NULL,211750.00,NULL,'2021-05-31 17:55:26','2021-05-31 17:55:26',NULL),(636,4509,1,23,NULL,NULL,3078,22,96,NULL,316,1,NULL,NULL,41131,41212,00000234,00000234,NULL,'2021-04-30',NULL,0004,1,NULL,204490.00,NULL,'2021-05-31 17:55:26','2021-05-31 17:55:26',NULL);
INSERT INTO `receipts` VALUES (637,4509,1,23,NULL,NULL,3078,22,96,NULL,316,1,NULL,NULL,41131,41211,00000235,00000235,NULL,'2021-04-30',NULL,0004,1,NULL,2372894.70,NULL,'2021-05-31 17:55:26','2021-05-31 17:55:26',NULL),(638,4509,1,23,NULL,NULL,3078,22,96,NULL,316,1,NULL,NULL,41131,41213,00000236,00000236,NULL,'2021-04-30',NULL,0004,1,NULL,324280.00,NULL,'2021-05-31 17:55:26','2021-05-31 17:55:26',NULL),(639,4509,1,4,NULL,NULL,3078,22,96,NULL,316,1,NULL,NULL,41131,41214,00000938,00000938,NULL,'2021-04-30',NULL,0004,1,NULL,61419.60,NULL,'2021-05-31 17:55:26','2021-05-31 17:55:26',NULL),(640,4509,1,4,NULL,NULL,3078,22,96,NULL,316,1,NULL,NULL,41131,41214,00000943,00000943,NULL,'2021-04-30',NULL,0004,1,NULL,105841.44,NULL,'2021-05-31 17:55:26','2021-05-31 17:55:26',NULL),(641,4509,1,4,NULL,NULL,3078,22,96,NULL,316,1,NULL,NULL,41131,41214,00000945,00000945,NULL,'2021-04-30',NULL,0004,1,NULL,63888.00,NULL,'2021-05-31 17:55:26','2021-05-31 17:55:26',NULL),(642,4509,1,4,NULL,NULL,3078,22,96,NULL,316,1,NULL,NULL,41131,41214,00000955,00000955,NULL,'2021-04-30',NULL,0004,1,NULL,23958.00,NULL,'2021-05-31 17:55:26','2021-05-31 17:55:26',NULL),(643,4509,1,4,NULL,NULL,3078,22,96,NULL,316,1,NULL,NULL,41131,41214,00000957,00000957,NULL,'2021-04-30',NULL,0004,1,NULL,106379.28,NULL,'2021-05-31 17:55:26','2021-05-31 17:55:26',NULL),(644,4509,1,4,NULL,NULL,3078,22,96,NULL,316,1,NULL,NULL,41131,41214,00000936,00000936,NULL,'2021-04-30',NULL,0004,1,NULL,5082.00,NULL,'2021-05-31 17:55:26','2021-05-31 17:55:26',NULL),(645,4509,1,4,NULL,NULL,3078,22,96,NULL,316,1,NULL,NULL,41131,41215,00000937,00000937,NULL,'2021-04-30',NULL,0004,1,NULL,67881.00,NULL,'2021-05-31 17:55:26','2021-05-31 17:55:26',NULL),(646,4509,1,4,NULL,NULL,3078,22,96,NULL,316,1,NULL,NULL,41131,41216,00000939,00000939,NULL,'2021-04-30',NULL,0004,1,NULL,242000.00,NULL,'2021-05-31 17:55:26','2021-05-31 17:55:26',NULL),(647,4509,1,4,NULL,NULL,3078,22,96,NULL,316,1,NULL,NULL,41131,41217,00000940,00000940,NULL,'2021-04-30',NULL,0004,1,NULL,70059.00,NULL,'2021-05-31 17:55:26','2021-05-31 17:55:26',NULL),(648,4509,1,4,NULL,NULL,3078,22,96,NULL,316,1,NULL,NULL,41131,41217,00000941,00000941,NULL,'2021-04-30',NULL,0004,1,NULL,205360.00,NULL,'2021-05-31 17:55:26','2021-05-31 17:55:26',NULL),(649,4509,1,4,NULL,NULL,3078,22,96,NULL,316,1,NULL,NULL,41131,41214,00000942,00000942,NULL,'2021-04-30',NULL,0004,1,NULL,6900.00,NULL,'2021-05-31 17:55:26','2021-05-31 17:55:26',NULL),(650,4509,1,4,NULL,NULL,3078,22,96,NULL,316,1,NULL,NULL,41131,41218,00000944,00000944,NULL,'2021-04-30',NULL,0004,1,NULL,43560.00,NULL,'2021-05-31 17:55:26','2021-05-31 17:55:26',NULL),(651,4509,1,4,NULL,NULL,3078,22,96,NULL,316,1,NULL,NULL,41131,41214,00000946,00000946,NULL,'2021-04-30',NULL,0004,1,NULL,29600.00,NULL,'2021-05-31 17:55:26','2021-05-31 17:55:26',NULL),(652,4509,1,4,NULL,NULL,3078,22,96,NULL,316,1,NULL,NULL,41131,41219,00000947,00000947,NULL,'2021-04-30',NULL,0004,1,NULL,377501.00,NULL,'2021-05-31 17:55:26','2021-05-31 17:55:26',NULL),(653,4509,1,4,NULL,NULL,3078,22,96,NULL,316,1,NULL,NULL,41131,41215,00000948,00000948,NULL,'2021-04-30',NULL,0004,1,NULL,21780.00,NULL,'2021-05-31 17:55:26','2021-05-31 17:55:26',NULL),(654,4509,1,4,NULL,NULL,3078,22,96,NULL,316,1,NULL,NULL,41131,41220,00000949,00000949,NULL,'2021-04-30',NULL,0004,1,NULL,16000.00,NULL,'2021-05-31 17:55:26','2021-05-31 17:55:26',NULL),(655,4509,1,4,NULL,NULL,3078,22,96,NULL,316,1,NULL,NULL,41131,41214,00000950,00000950,NULL,'2021-04-30',NULL,0004,1,NULL,74200.00,NULL,'2021-05-31 17:55:26','2021-05-31 17:55:26',NULL),(656,4509,1,4,NULL,NULL,3078,22,96,NULL,316,1,NULL,NULL,41131,41217,00000951,00000951,NULL,'2021-04-30',NULL,0004,1,NULL,35090.00,NULL,'2021-05-31 17:55:26','2021-05-31 17:55:26',NULL),(657,4509,1,4,NULL,NULL,3078,22,96,NULL,316,1,NULL,NULL,41131,41214,00000952,00000952,NULL,'2021-04-30',NULL,0004,1,NULL,5100.00,NULL,'2021-05-31 17:55:26','2021-05-31 17:55:26',NULL);
INSERT INTO `receipts` VALUES (658,4509,1,4,NULL,NULL,3078,22,96,NULL,316,1,NULL,NULL,41131,41214,00000953,00000953,NULL,'2021-04-30',NULL,0004,1,NULL,70200.00,NULL,'2021-05-31 17:55:26','2021-05-31 17:55:26',NULL),(659,4509,1,4,NULL,NULL,3078,22,96,NULL,316,1,NULL,NULL,41131,41221,00000954,00000954,NULL,'2021-04-30',NULL,0004,1,NULL,72236.00,NULL,'2021-05-31 17:55:27','2021-05-31 17:55:27',NULL),(660,4509,1,4,NULL,NULL,3078,22,96,NULL,316,1,NULL,NULL,41131,41221,00000956,00000956,NULL,'2021-04-30',NULL,0004,1,NULL,72236.00,NULL,'2021-05-31 17:55:27','2021-05-31 17:55:27',NULL),(661,4509,1,4,NULL,NULL,3078,22,96,NULL,316,1,NULL,NULL,41131,41219,00000958,00000958,NULL,'2021-04-30',NULL,0004,1,NULL,1210.00,NULL,'2021-05-31 17:55:27','2021-05-31 17:55:27',NULL),(662,4509,1,4,NULL,NULL,3078,22,96,NULL,316,1,NULL,NULL,41131,41221,00000959,00000959,NULL,'2021-04-30',NULL,0004,1,NULL,63206.50,NULL,'2021-05-31 17:55:27','2021-05-31 17:55:27',NULL),(663,4509,1,6,NULL,NULL,3078,22,96,NULL,316,1,NULL,NULL,41131,41214,00000052,00000052,NULL,'2021-04-30',NULL,0004,1,NULL,7260.00,NULL,'2021-05-31 17:55:27','2021-05-31 17:55:27',NULL),(664,4509,1,6,NULL,NULL,3078,22,96,NULL,316,1,NULL,NULL,41131,41217,00000053,00000053,NULL,'2021-04-30',NULL,0004,1,NULL,8470.00,NULL,'2021-05-31 17:55:27','2021-05-31 17:55:27',NULL),(665,4509,1,6,NULL,NULL,3078,22,96,NULL,316,1,NULL,NULL,41131,41221,00000054,00000054,NULL,'2021-04-30',NULL,0004,1,NULL,72236.00,NULL,'2021-05-31 17:55:27','2021-05-31 17:55:27',NULL),(666,4509,1,6,NULL,NULL,3078,22,96,NULL,316,1,NULL,NULL,41131,41221,00000055,00000055,NULL,'2021-04-30',NULL,0004,1,NULL,72236.00,NULL,'2021-05-31 17:55:27','2021-05-31 17:55:27',NULL),(667,4509,3,1,NULL,NULL,3078,22,NULL,NULL,316,1,4,NULL,41131,41161,00001970,00001970,2862,'2021-04-01',NULL,0002,1,NULL,264.60,NULL,'2021-05-31 17:56:47','2021-05-31 17:56:47',NULL),(668,4509,3,1,NULL,NULL,3078,22,NULL,NULL,316,1,4,NULL,41131,41161,00001971,00001971,1020,'2021-04-01',NULL,0002,1,NULL,277.92,NULL,'2021-05-31 17:56:47','2021-05-31 17:56:47',NULL),(669,4509,3,1,NULL,NULL,3078,22,NULL,NULL,316,1,5,NULL,41131,41189,00001972,00001972,5628,'2021-04-01',NULL,0002,1,NULL,555.00,NULL,'2021-05-31 17:56:47','2021-05-31 17:56:47',NULL),(670,4509,3,1,NULL,NULL,3078,22,NULL,NULL,316,1,4,NULL,41131,41155,00001973,00001973,9615,'2021-04-05',NULL,0002,1,NULL,729.00,NULL,'2021-05-31 17:56:47','2021-05-31 17:56:47',NULL),(671,4509,3,1,NULL,NULL,3078,22,NULL,NULL,316,1,5,NULL,41131,41164,00001974,00001974,3566,'2021-04-05',NULL,0002,1,NULL,352.80,NULL,'2021-05-31 17:56:47','2021-05-31 17:56:47',NULL),(672,4509,3,1,NULL,NULL,3078,22,NULL,NULL,316,1,4,NULL,41131,41199,00001977,00001977,6136,'2021-04-05',NULL,0002,1,NULL,266.81,NULL,'2021-05-31 17:56:47','2021-05-31 17:56:47',NULL),(673,4509,3,1,NULL,NULL,3078,22,NULL,NULL,316,1,5,NULL,41131,41164,00001978,00001978,8584,'2021-04-06',NULL,0002,1,NULL,78.12,NULL,'2021-05-31 17:56:47','2021-05-31 17:56:47',NULL),(674,4509,3,1,NULL,NULL,3078,22,NULL,NULL,316,1,5,NULL,41131,41139,00001980,00001980,4089,'2021-04-07',NULL,0002,1,NULL,3045.00,NULL,'2021-05-31 17:56:47','2021-05-31 17:56:47',NULL),(675,4509,3,1,NULL,NULL,3078,22,NULL,NULL,316,1,5,NULL,41131,41205,00001985,00001985,2677,'2021-04-09',NULL,0002,1,NULL,526.50,NULL,'2021-05-31 17:56:47','2021-05-31 17:56:47',NULL),(676,4509,3,1,NULL,NULL,3078,22,NULL,NULL,316,1,5,NULL,41131,41227,00001986,00001986,3026,'2021-04-09',NULL,0002,1,NULL,171.00,NULL,'2021-05-31 17:56:47','2021-05-31 17:56:47',NULL),(677,4509,3,1,NULL,NULL,3078,22,NULL,NULL,316,1,5,NULL,41131,41164,00001987,00001987,5959,'2021-04-09',NULL,0002,1,NULL,58.80,NULL,'2021-05-31 17:56:47','2021-05-31 17:56:47',NULL),(678,4509,3,1,NULL,NULL,3078,22,NULL,NULL,316,1,5,NULL,41131,41227,00001989,00001989,2297,'2021-04-09',NULL,0002,1,NULL,140.40,NULL,'2021-05-31 17:56:47','2021-05-31 17:56:47',NULL),(679,4509,3,1,NULL,NULL,3078,22,NULL,NULL,316,1,5,NULL,41131,41151,00001990,00001990,5060,'2021-04-09',NULL,0002,1,NULL,1027.20,NULL,'2021-05-31 17:56:47','2021-05-31 17:56:47',NULL);
INSERT INTO `receipts` VALUES (680,4509,3,1,NULL,NULL,3078,22,NULL,NULL,316,1,5,NULL,41131,41136,00001991,00001991,6352,'2021-04-12',NULL,0002,1,NULL,37.50,NULL,'2021-05-31 17:56:47','2021-05-31 17:56:47',NULL),(681,4509,3,1,NULL,NULL,3078,22,NULL,NULL,316,1,4,NULL,41131,41219,00001992,00001992,5190,'2021-04-12',NULL,0002,1,NULL,3630.00,NULL,'2021-05-31 17:56:47','2021-05-31 17:56:47',NULL),(682,4509,3,1,NULL,NULL,3078,22,NULL,NULL,316,1,5,NULL,41131,41164,00001994,00001994,7913,'2021-04-12',NULL,0002,1,NULL,1935.00,NULL,'2021-05-31 17:56:47','2021-05-31 17:56:47',NULL),(683,4509,3,1,NULL,NULL,3078,22,NULL,NULL,316,1,4,NULL,41131,41190,00001995,00001995,2271,'2021-04-12',NULL,0002,1,NULL,4471.20,NULL,'2021-05-31 17:56:48','2021-05-31 17:56:48',NULL),(684,4509,3,1,NULL,NULL,3078,22,NULL,NULL,316,1,5,NULL,41131,41228,00001997,00001997,8407,'2021-04-14',NULL,0002,1,NULL,81.00,NULL,'2021-05-31 17:56:48','2021-05-31 17:56:48',NULL),(685,4509,3,1,NULL,NULL,3078,22,NULL,NULL,316,1,5,NULL,41131,41133,00001998,00001998,1455,'2021-04-14',NULL,0002,1,NULL,1915.20,NULL,'2021-05-31 17:56:48','2021-05-31 17:56:48',NULL),(686,4509,3,1,NULL,NULL,3078,22,NULL,NULL,316,1,5,NULL,41131,41176,00002000,00002000,2736,'2021-04-14',NULL,0002,1,NULL,291.60,NULL,'2021-05-31 17:56:48','2021-05-31 17:56:48',NULL),(687,4509,3,1,NULL,NULL,3078,22,NULL,NULL,316,1,5,NULL,41131,41189,00002002,00002002,8134,'2021-04-16',NULL,0002,1,NULL,135.00,NULL,'2021-05-31 17:56:48','2021-05-31 17:56:48',NULL),(688,4509,3,1,NULL,NULL,3078,22,NULL,NULL,316,1,4,NULL,41131,41172,00002003,00002003,9218,'2021-04-16',NULL,0002,1,NULL,72.90,NULL,'2021-05-31 17:56:48','2021-05-31 17:56:48',NULL),(689,4509,3,1,NULL,NULL,3078,22,NULL,NULL,316,1,5,NULL,41131,41175,00002009,00002009,1753,'2021-04-16',NULL,0002,1,NULL,42.00,NULL,'2021-05-31 17:56:48','2021-05-31 17:56:48',NULL),(690,4509,3,1,NULL,NULL,3078,22,NULL,NULL,316,1,4,NULL,41131,41175,00020090,00020090,2666,'2021-04-16',NULL,0002,1,NULL,25.20,NULL,'2021-05-31 17:56:48','2021-05-31 17:56:48',NULL),(691,4509,3,1,NULL,NULL,3078,22,NULL,NULL,316,1,4,NULL,41131,41163,00002012,00002012,8535,'2021-04-16',NULL,0002,1,NULL,513.90,NULL,'2021-05-31 17:56:48','2021-05-31 17:56:48',NULL),(692,4509,3,1,NULL,NULL,3078,22,NULL,NULL,316,1,5,NULL,41131,41139,00002013,00002013,7721,'2021-04-19',NULL,0002,1,NULL,2673.00,NULL,'2021-05-31 17:56:48','2021-05-31 17:56:48',NULL),(693,4509,3,1,NULL,NULL,3078,22,NULL,NULL,316,1,5,NULL,41131,41139,00020130,00020130,3381,'2021-04-19',NULL,0002,1,NULL,2310.00,NULL,'2021-05-31 17:56:48','2021-05-31 17:56:48',NULL),(694,4509,3,1,NULL,NULL,3078,22,NULL,NULL,316,1,4,NULL,41131,41229,00002015,00002015,3848,'2021-04-20',NULL,0002,1,NULL,319.05,NULL,'2021-05-31 17:56:48','2021-05-31 17:56:48',NULL),(695,4509,3,1,NULL,NULL,3078,22,NULL,NULL,316,1,5,NULL,41131,41164,00002016,00002016,9185,'2021-04-20',NULL,0002,1,NULL,352.80,NULL,'2021-05-31 17:56:48','2021-05-31 17:56:48',NULL),(696,4509,3,1,NULL,NULL,3078,22,NULL,NULL,316,1,5,NULL,41131,41175,00002017,00002017,1718,'2021-04-20',NULL,0002,1,NULL,1350.00,NULL,'2021-05-31 17:56:48','2021-05-31 17:56:48',NULL),(697,4509,3,1,NULL,NULL,3078,22,NULL,NULL,316,1,4,NULL,41131,41175,00020170,00020170,2772,'2021-04-20',NULL,0002,1,NULL,810.00,NULL,'2021-05-31 17:56:48','2021-05-31 17:56:48',NULL),(698,4509,3,1,NULL,NULL,3078,22,NULL,NULL,316,1,5,NULL,41131,41209,00002019,00002019,2170,'2021-04-20',NULL,0002,1,NULL,795.00,NULL,'2021-05-31 17:56:48','2021-05-31 17:56:48',NULL),(699,4509,3,1,NULL,NULL,3078,22,NULL,NULL,316,1,5,NULL,41131,41209,00002020,00002020,1225,'2021-04-20',NULL,0002,1,NULL,2796.00,NULL,'2021-05-31 17:56:48','2021-05-31 17:56:48',NULL),(700,4509,3,1,NULL,NULL,3078,22,NULL,NULL,316,1,5,NULL,41131,41164,00002021,00002021,3035,'2021-04-21',NULL,0002,1,NULL,1993.80,NULL,'2021-05-31 17:56:48','2021-05-31 17:56:48',NULL),(701,4509,3,1,NULL,NULL,3078,22,NULL,NULL,316,1,4,NULL,41131,41190,00002030,00002030,6981,'2021-04-27',NULL,0002,1,NULL,8640.00,NULL,'2021-05-31 17:56:48','2021-05-31 17:56:48',NULL);
INSERT INTO `receipts` VALUES (702,4509,3,1,NULL,NULL,3078,22,NULL,NULL,316,1,5,NULL,41131,41175,00002031,00002031,7458,'2021-04-27',NULL,0002,1,NULL,1350.00,NULL,'2021-05-31 17:56:48','2021-05-31 17:56:48',NULL),(703,4509,3,1,NULL,NULL,3078,22,NULL,NULL,316,1,4,NULL,41131,41175,00020310,00020310,5421,'2021-04-27',NULL,0002,1,NULL,810.00,NULL,'2021-05-31 17:56:48','2021-05-31 17:56:48',NULL),(704,4509,3,1,NULL,NULL,3078,22,NULL,NULL,316,1,4,NULL,41131,41155,00002033,00002033,6169,'2021-04-28',NULL,0002,1,NULL,1027.80,NULL,'2021-05-31 17:56:48','2021-05-31 17:56:48',NULL),(705,4509,3,1,NULL,NULL,3078,22,NULL,NULL,316,1,4,NULL,41131,41200,00002034,00002034,2973,'2021-04-28',NULL,0002,1,NULL,170.10,NULL,'2021-05-31 17:56:48','2021-05-31 17:56:48',NULL),(706,4509,3,1,NULL,NULL,3078,22,NULL,NULL,316,1,4,NULL,41131,41149,00002035,00002035,2006,'2021-04-28',NULL,0002,1,NULL,1192.46,NULL,'2021-05-31 17:56:48','2021-05-31 17:56:48',NULL),(707,4509,3,1,NULL,NULL,3078,22,NULL,NULL,316,1,4,NULL,41131,41182,00002036,00002036,9450,'2021-04-28',NULL,0002,1,NULL,765.00,NULL,'2021-05-31 17:56:48','2021-05-31 17:56:48',NULL),(708,4509,3,1,NULL,NULL,3078,22,NULL,NULL,316,1,4,NULL,41131,41163,00002037,00002037,7461,'2021-04-29',NULL,0002,1,NULL,810.00,NULL,'2021-05-31 17:56:48','2021-05-31 17:56:48',NULL),(709,4509,3,1,NULL,NULL,3078,22,NULL,NULL,316,1,5,NULL,41131,41167,00002038,00002038,9615,'2021-04-29',NULL,0002,1,NULL,720.00,NULL,'2021-05-31 17:56:48','2021-05-31 17:56:48',NULL),(710,4509,3,1,NULL,NULL,3078,22,NULL,NULL,316,1,4,NULL,41131,41161,00002039,00002039,4350,'2021-04-30',NULL,0002,1,NULL,222.30,NULL,'2021-05-31 17:56:48','2021-05-31 17:56:48',NULL),(711,4509,3,1,NULL,NULL,3078,22,NULL,NULL,316,1,4,NULL,41131,41213,00002040,00002040,5212,'2021-04-29',NULL,0002,1,NULL,2245.50,NULL,'2021-05-31 17:56:48','2021-05-31 17:56:48',NULL),(712,4509,3,1,NULL,NULL,3078,22,NULL,NULL,316,1,4,NULL,41131,41213,00002041,00002041,4601,'2021-04-29',NULL,0002,1,NULL,2412.00,NULL,'2021-05-31 17:56:48','2021-05-31 17:56:48',NULL),(713,4509,3,1,NULL,NULL,3078,22,NULL,NULL,316,1,5,NULL,41131,41175,00002043,00002043,1689,'2021-04-30',NULL,0002,1,NULL,2521.05,NULL,'2021-05-31 17:56:48','2021-05-31 17:56:48',NULL),(714,4509,3,1,NULL,NULL,3078,22,NULL,NULL,316,1,4,NULL,41131,41155,00002044,00002044,5430,'2021-04-30',NULL,0002,1,NULL,756.00,NULL,'2021-05-31 17:56:48','2021-05-31 17:56:48',NULL),(715,4509,3,1,NULL,NULL,3078,22,NULL,NULL,316,1,5,NULL,41131,41227,00002046,00002046,4894,'2021-04-30',NULL,0002,1,NULL,1930.50,NULL,'2021-05-31 17:56:48','2021-05-31 17:56:48',NULL),(716,4509,3,1,NULL,NULL,3078,22,NULL,NULL,316,1,4,NULL,41131,41211,00002048,00002048,8264,'2021-04-30',NULL,0002,1,NULL,17649.63,NULL,'2021-05-31 17:56:48','2021-05-31 17:56:48',NULL),(717,4509,3,1,NULL,NULL,3078,22,NULL,NULL,316,1,4,NULL,41131,41171,00002588,00002588,9338,'2021-04-07',NULL,0001,1,NULL,243.99,NULL,'2021-05-31 17:56:48','2021-05-31 17:56:48',NULL),(718,4509,3,1,NULL,NULL,3078,22,NULL,NULL,316,1,4,NULL,41131,41171,00002589,00002589,3983,'2021-04-07',NULL,0001,1,NULL,281.70,NULL,'2021-05-31 17:56:49','2021-05-31 17:56:49',NULL),(719,4509,3,1,NULL,NULL,3078,22,NULL,NULL,316,1,4,NULL,41131,41182,00002590,00002590,5791,'2021-04-21',NULL,0002,1,NULL,531.90,NULL,'2021-05-31 17:56:49','2021-05-31 17:56:49',NULL),(720,4509,3,1,NULL,NULL,3078,22,NULL,NULL,316,1,4,NULL,41131,41230,00002591,00002591,8962,'2021-04-21',NULL,0002,1,NULL,245.70,NULL,'2021-05-31 17:56:49','2021-05-31 17:56:49',NULL),(721,4509,3,1,NULL,NULL,3078,22,NULL,NULL,316,1,4,NULL,41131,41154,00002592,00002592,4139,'2021-04-23',NULL,0001,1,NULL,1811.70,NULL,'2021-05-31 17:56:49','2021-05-31 17:56:49',NULL),(722,4509,3,1,NULL,NULL,3078,22,NULL,NULL,316,1,4,NULL,41131,41171,00002593,00002593,8827,'2021-04-28',NULL,0001,1,NULL,166.86,NULL,'2021-05-31 17:56:49','2021-05-31 17:56:49',NULL),(723,4509,3,1,NULL,NULL,3078,22,NULL,NULL,316,1,4,NULL,41131,41193,00002610,00002610,5582,'2021-04-23',NULL,0001,1,NULL,815.58,NULL,'2021-05-31 17:56:49','2021-05-31 17:56:49',NULL);
INSERT INTO `receipts` VALUES (724,4509,3,1,NULL,NULL,3078,22,NULL,NULL,316,1,5,NULL,41131,41142,00002628,00002628,5756,'2021-04-19',NULL,0001,1,NULL,2100.00,NULL,'2021-05-31 17:56:49','2021-05-31 17:56:49',NULL),(725,4509,3,1,NULL,NULL,3078,22,NULL,NULL,316,1,4,NULL,41131,41157,00002634,00002634,8736,'2021-04-29',NULL,0001,1,NULL,698.40,NULL,'2021-05-31 17:56:49','2021-05-31 17:56:49',NULL),(726,4509,3,1,NULL,NULL,3078,22,NULL,NULL,316,1,4,NULL,41131,41148,00002636,00002636,6625,'2021-04-30',NULL,0001,1,NULL,602.55,NULL,'2021-05-31 17:56:49','2021-05-31 17:56:49',NULL),(727,4509,3,1,NULL,NULL,3078,22,NULL,NULL,316,1,5,NULL,41131,41195,00002660,00002660,8064,'2021-04-07',NULL,0001,1,NULL,1540.80,NULL,'2021-05-31 17:56:49','2021-05-31 17:56:49',NULL),(728,4509,3,1,NULL,NULL,3078,22,NULL,NULL,316,1,5,NULL,41131,41198,00002661,00002661,3399,'2021-04-07',NULL,0001,1,NULL,9831.00,NULL,'2021-05-31 17:56:49','2021-05-31 17:56:49',NULL),(729,4509,3,1,NULL,NULL,3078,22,NULL,NULL,316,1,5,NULL,41131,41198,00002662,00002662,1859,'2021-04-07',NULL,0001,1,NULL,1332.75,NULL,'2021-05-31 17:56:49','2021-05-31 17:56:49',NULL),(730,4509,3,1,NULL,NULL,3078,22,NULL,NULL,316,1,4,NULL,41131,41152,00002663,00002663,9339,'2021-04-12',NULL,0001,1,NULL,1052.49,NULL,'2021-05-31 17:56:49','2021-05-31 17:56:49',NULL),(731,4509,3,1,NULL,NULL,3078,22,NULL,NULL,316,1,4,NULL,41131,41182,00002666,00002666,1552,'2021-04-16',NULL,0001,1,NULL,364.50,NULL,'2021-05-31 17:56:49','2021-05-31 17:56:49',NULL),(732,4509,3,1,NULL,NULL,3078,22,NULL,NULL,316,1,4,NULL,41131,41150,00002667,00002667,1870,'2021-04-23',NULL,0001,1,NULL,216.00,NULL,'2021-05-31 17:56:49','2021-05-31 17:56:49',NULL),(733,4509,3,1,NULL,NULL,3078,22,NULL,NULL,316,1,4,NULL,41131,41231,00002668,00002668,3102,'2021-04-23',NULL,0001,1,NULL,225.00,NULL,'2021-05-31 17:56:49','2021-05-31 17:56:49',NULL),(734,4509,3,1,NULL,NULL,3078,22,NULL,NULL,316,1,28,NULL,41131,41133,00011998,00011998,2340,'2021-04-14',NULL,0002,1,NULL,957.60,NULL,'2021-05-31 17:56:49','2021-05-31 17:56:49',NULL),(735,4509,3,1,NULL,NULL,3078,22,NULL,NULL,316,1,4,NULL,41131,41229,00019796,00019796,1187,'2021-04-07',NULL,0002,1,NULL,608.40,NULL,'2021-05-31 17:56:49','2021-05-31 17:56:49',NULL),(736,4509,3,1,NULL,NULL,3078,22,NULL,NULL,316,1,5,NULL,41131,41172,00020030,00020030,3889,'2021-04-16',NULL,0002,1,NULL,121.50,NULL,'2021-05-31 17:56:49','2021-05-31 17:56:49',NULL),(737,4509,3,1,NULL,NULL,3078,22,NULL,NULL,316,1,4,NULL,41131,41175,00020433,00020433,1388,'2021-04-30',NULL,0002,1,NULL,1512.63,NULL,'2021-05-31 17:56:49','2021-05-31 17:56:49',NULL),(738,4509,1,7,11,NULL,4590,22,NULL,NULL,640,1,NULL,NULL,41232,41233,00000683,00000683,NULL,'2021-04-29','2021-04-29',0002,1,NULL,9200.00,NULL,'2021-06-01 09:10:59',NULL,NULL),(739,4509,1,7,11,NULL,4590,22,NULL,NULL,640,1,NULL,NULL,41232,41233,00000684,00000684,NULL,'2021-04-29','2021-04-29',0002,1,NULL,19200.00,NULL,'2021-06-01 09:10:59',NULL,NULL),(740,4509,1,7,11,NULL,4590,22,NULL,NULL,640,1,NULL,NULL,41232,41233,00000685,00000685,NULL,'2021-04-29','2021-04-29',0002,1,NULL,14700.00,NULL,'2021-06-01 09:10:59',NULL,NULL),(741,4509,1,7,11,NULL,4590,22,NULL,NULL,640,1,NULL,NULL,41232,41233,00000686,00000686,NULL,'2021-04-29','2021-04-29',0002,1,NULL,16500.00,NULL,'2021-06-01 09:10:59',NULL,NULL),(742,4509,1,7,11,NULL,4590,22,NULL,NULL,640,1,NULL,NULL,41232,41233,00000687,00000687,NULL,'2021-04-30','2021-04-30',0002,1,NULL,7300.00,NULL,'2021-06-01 09:10:59',NULL,NULL),(743,4509,1,7,11,NULL,4590,22,NULL,NULL,640,1,NULL,NULL,41232,41233,00000688,00000688,NULL,'2021-04-30','2021-04-30',0002,1,NULL,12800.00,NULL,'2021-06-01 09:10:59',NULL,NULL),(744,4509,1,7,11,NULL,4590,22,NULL,NULL,640,1,NULL,NULL,41232,41233,00000689,00000689,NULL,'2021-04-30','2021-04-30',0002,1,NULL,8300.00,NULL,'2021-06-01 09:10:59',NULL,NULL),(745,4509,1,7,11,NULL,4590,22,NULL,NULL,640,1,NULL,NULL,41232,41233,00000690,00000690,NULL,'2021-04-30','2021-04-30',0002,1,NULL,9300.00,NULL,'2021-06-01 09:10:59',NULL,NULL);
INSERT INTO `receipts` VALUES (746,4509,1,4,NULL,NULL,6101,23,96,NULL,265,1,NULL,NULL,41234,40721,00002745,00002745,NULL,'2021-03-03',NULL,0002,1,NULL,5462.98,NULL,'2021-06-03 08:13:45','2021-06-03 08:13:45',NULL),(747,4509,1,4,NULL,NULL,6101,23,96,NULL,265,1,NULL,NULL,41234,40722,00002906,00002906,NULL,'2021-03-05',NULL,0002,1,NULL,16000.00,NULL,'2021-06-03 08:13:45','2021-06-03 08:13:45',NULL),(748,4509,1,4,NULL,NULL,6101,23,96,NULL,265,1,NULL,NULL,41234,40723,00002881,00002881,NULL,'2021-03-05',NULL,0002,1,NULL,3219.98,NULL,'2021-06-03 08:13:45','2021-06-03 08:13:45',NULL),(749,4509,1,1,NULL,NULL,6101,23,96,NULL,265,1,NULL,NULL,41234,41062,00000384,00000384,NULL,'2021-03-05',NULL,0002,1,NULL,19199.99,NULL,'2021-06-03 08:13:45','2021-06-03 08:13:45',NULL),(750,4509,1,1,NULL,NULL,6101,23,96,NULL,265,1,NULL,NULL,41234,41062,00000386,00000386,NULL,'2021-03-05',NULL,0002,1,NULL,7468.98,NULL,'2021-06-03 08:13:45','2021-06-03 08:13:45',NULL),(751,4509,1,1,NULL,NULL,6101,23,96,NULL,265,1,NULL,NULL,41234,41063,00000389,00000389,NULL,'2021-03-05',NULL,0002,1,NULL,3094.03,NULL,'2021-06-03 08:13:45','2021-06-03 08:13:45',NULL),(752,4509,1,1,NULL,NULL,6101,23,96,NULL,265,1,NULL,NULL,41234,41064,00000402,00000402,NULL,'2021-03-06',NULL,0002,1,NULL,7685.06,NULL,'2021-06-03 08:13:45','2021-06-03 08:13:45',NULL),(753,4509,1,1,NULL,NULL,6101,23,96,NULL,265,1,NULL,NULL,41234,41065,00000352,00000352,NULL,'2021-03-07',NULL,0002,1,NULL,1340.22,NULL,'2021-06-03 08:13:45','2021-06-03 08:13:45',NULL),(754,4509,1,1,NULL,NULL,6101,23,96,NULL,265,1,NULL,NULL,41234,41066,00000361,00000361,NULL,'2021-03-08',NULL,0002,1,NULL,5462.98,NULL,'2021-06-03 08:13:45','2021-06-03 08:13:45',NULL),(755,4509,1,1,NULL,NULL,6101,23,96,NULL,265,1,NULL,NULL,41234,41067,00000347,00000347,NULL,'2021-03-08',NULL,0002,1,NULL,6321.48,NULL,'2021-06-03 08:13:45','2021-06-03 08:13:45',NULL),(756,4509,1,1,NULL,NULL,6101,23,96,NULL,265,1,NULL,NULL,41234,41068,00000357,00000357,NULL,'2021-03-08',NULL,0002,1,NULL,1973.11,NULL,'2021-06-03 08:13:45','2021-06-03 08:13:45',NULL),(757,4509,1,1,NULL,NULL,6101,23,96,NULL,265,1,NULL,NULL,41234,41069,00000373,00000373,NULL,'2021-03-09',NULL,0002,1,NULL,3857.05,NULL,'2021-06-03 08:13:45','2021-06-03 08:13:45',NULL),(758,4509,1,1,NULL,NULL,6101,23,96,NULL,265,1,NULL,NULL,41234,41070,00000380,00000380,NULL,'2021-03-09',NULL,0002,1,NULL,1292.97,NULL,'2021-06-03 08:13:45','2021-06-03 08:13:45',NULL),(759,4509,1,1,NULL,NULL,6101,23,96,NULL,265,1,NULL,NULL,41234,41071,00000404,00000404,NULL,'2021-03-09',NULL,0002,1,NULL,3669.02,NULL,'2021-06-03 08:13:45','2021-06-03 08:13:45',NULL),(760,4509,1,1,NULL,NULL,6101,23,96,NULL,265,1,NULL,NULL,41234,41072,00000345,00000345,NULL,'2021-03-09',NULL,0002,1,NULL,21611.52,NULL,'2021-06-03 08:13:45','2021-06-03 08:13:45',NULL),(761,4509,1,1,NULL,NULL,6101,23,96,NULL,265,1,NULL,NULL,41234,41073,00000344,00000344,NULL,'2021-03-09',NULL,0002,1,NULL,5979.01,NULL,'2021-06-03 08:13:45','2021-06-03 08:13:45',NULL),(762,4509,1,1,NULL,NULL,6101,23,96,NULL,265,1,NULL,NULL,41234,41074,00000378,00000378,NULL,'2021-03-09',NULL,0002,1,NULL,16300.03,NULL,'2021-06-03 08:13:45','2021-06-03 08:13:45',NULL),(763,4509,1,1,NULL,NULL,6101,23,96,NULL,265,1,NULL,NULL,41234,41075,00000382,00000382,NULL,'2021-03-09',NULL,0002,1,NULL,19199.99,NULL,'2021-06-03 08:13:45','2021-06-03 08:13:45',NULL),(764,4509,1,1,NULL,NULL,6101,23,96,NULL,265,1,NULL,NULL,41234,41076,00000376,00000376,NULL,'2021-03-09',NULL,0002,1,NULL,19199.99,NULL,'2021-06-03 08:13:45','2021-06-03 08:13:45',NULL),(765,4509,1,1,NULL,NULL,6101,23,96,NULL,265,1,NULL,NULL,41234,41077,00000368,00000368,NULL,'2021-03-09',NULL,0002,1,NULL,3340.98,NULL,'2021-06-03 08:13:45','2021-06-03 08:13:45',NULL),(766,4509,1,1,NULL,NULL,6101,23,96,NULL,265,1,NULL,NULL,41234,41078,00000342,00000342,NULL,'2021-03-09',NULL,0002,1,NULL,1758.99,NULL,'2021-06-03 08:13:45','2021-06-03 08:13:45',NULL);
INSERT INTO `receipts` VALUES (767,4509,1,1,NULL,NULL,6101,23,96,NULL,265,1,NULL,NULL,41234,41079,00000392,00000392,NULL,'2021-03-09',NULL,0002,1,NULL,1530.02,NULL,'2021-06-03 08:13:45','2021-06-03 08:13:45',NULL),(768,4509,1,1,NULL,NULL,6101,23,96,NULL,265,1,NULL,NULL,41234,41080,00000355,00000355,NULL,'2021-03-09',NULL,0002,1,NULL,360.98,NULL,'2021-06-03 08:13:45','2021-06-03 08:13:45',NULL),(769,4509,1,1,NULL,NULL,6101,23,96,NULL,265,1,NULL,NULL,41234,41081,00000377,00000377,NULL,'2021-03-09',NULL,0002,1,NULL,8950.02,NULL,'2021-06-03 08:13:45','2021-06-03 08:13:45',NULL),(770,4509,1,1,NULL,NULL,6101,23,96,NULL,265,1,NULL,NULL,41234,41082,00000393,00000393,NULL,'2021-03-09',NULL,0002,1,NULL,5979.01,NULL,'2021-06-03 08:13:45','2021-06-03 08:13:45',NULL),(771,4509,1,1,NULL,NULL,6101,23,96,NULL,265,1,NULL,NULL,41234,41083,00000366,00000366,NULL,'2021-03-10',NULL,0002,1,NULL,4086.23,NULL,'2021-06-03 08:13:46','2021-06-03 08:13:46',NULL),(772,4509,1,1,NULL,NULL,6101,23,96,NULL,265,1,NULL,NULL,41234,41084,00000364,00000364,NULL,'2021-03-12',NULL,0002,1,NULL,2554.00,NULL,'2021-06-03 08:13:46','2021-06-03 08:13:46',NULL),(773,4509,1,1,NULL,NULL,6101,23,96,NULL,265,1,NULL,NULL,41234,41085,00000363,00000363,NULL,'2021-03-12',NULL,0002,1,NULL,1973.11,NULL,'2021-06-03 08:13:46','2021-06-03 08:13:46',NULL),(774,4509,1,1,NULL,NULL,6101,23,96,NULL,265,1,NULL,NULL,41234,41086,00000354,00000354,NULL,'2021-03-12',NULL,0002,1,NULL,3659.97,NULL,'2021-06-03 08:13:46','2021-06-03 08:13:46',NULL),(775,4509,1,4,NULL,NULL,6101,23,96,NULL,265,1,NULL,NULL,41234,41087,00003015,00003015,NULL,'2021-03-13',NULL,0002,1,NULL,4089.97,NULL,'2021-06-03 08:13:46','2021-06-03 08:13:46',NULL),(776,4509,1,1,NULL,NULL,6101,23,96,NULL,265,1,NULL,NULL,41234,41088,00000370,00000370,NULL,'2021-03-13',NULL,0002,1,NULL,5904.97,NULL,'2021-06-03 08:13:46','2021-06-03 08:13:46',NULL),(777,4509,1,1,NULL,NULL,6101,23,96,NULL,265,1,NULL,NULL,41234,41089,00000341,00000341,NULL,'2021-03-13',NULL,0002,1,NULL,5298.99,NULL,'2021-06-03 08:13:46','2021-06-03 08:13:46',NULL),(778,4509,1,1,NULL,NULL,6101,23,96,NULL,265,1,NULL,NULL,41234,41090,00000399,00000399,NULL,'2021-03-13',NULL,0002,1,NULL,6464.25,NULL,'2021-06-03 08:13:46','2021-06-03 08:13:46',NULL),(779,4509,1,3,NULL,NULL,6101,23,96,NULL,265,1,NULL,NULL,41234,41090,00000019,00000019,NULL,'2021-03-13',NULL,0002,1,NULL,6464.25,NULL,'2021-06-03 08:13:46','2021-06-03 08:13:46',NULL),(780,4509,1,1,NULL,NULL,6101,23,96,NULL,265,1,NULL,NULL,41234,41090,00000400,00000400,NULL,'2021-03-13',NULL,0002,1,NULL,6464.25,NULL,'2021-06-03 08:13:46','2021-06-03 08:13:46',NULL),(781,4509,1,1,NULL,NULL,6101,23,96,NULL,265,1,NULL,NULL,41234,41091,00000348,00000348,NULL,'2021-03-13',NULL,0002,1,NULL,55195.19,NULL,'2021-06-03 08:13:46','2021-06-03 08:13:46',NULL),(782,4509,1,3,NULL,NULL,6101,23,96,NULL,265,1,NULL,NULL,41234,41091,00000017,00000017,NULL,'2021-03-15',NULL,0002,1,NULL,55195.19,NULL,'2021-06-03 08:13:46','2021-06-03 08:13:46',NULL),(783,4509,1,1,NULL,NULL,6101,23,96,NULL,265,1,NULL,NULL,41234,41091,00000349,00000349,NULL,'2021-03-15',NULL,0002,1,NULL,47088.19,NULL,'2021-06-03 08:13:46','2021-06-03 08:13:46',NULL),(784,4509,1,1,NULL,NULL,6101,23,96,NULL,265,1,NULL,NULL,41234,41091,00000391,00000391,NULL,'2021-03-16',NULL,0002,1,NULL,13869.65,NULL,'2021-06-03 08:13:46','2021-06-03 08:13:46',NULL),(785,4509,1,1,NULL,NULL,6101,23,96,NULL,265,1,NULL,NULL,41234,41092,00000375,00000375,NULL,'2021-03-16',NULL,0002,1,NULL,5777.98,NULL,'2021-06-03 08:13:46','2021-06-03 08:13:46',NULL),(786,4509,1,1,NULL,NULL,6101,23,96,NULL,265,1,NULL,NULL,41234,41092,00000383,00000383,NULL,'2021-03-16',NULL,0002,1,NULL,3852.01,NULL,'2021-06-03 08:13:46','2021-06-03 08:13:46',NULL),(787,4509,1,1,NULL,NULL,6101,23,96,NULL,265,1,NULL,NULL,41234,41093,00000359,00000359,NULL,'2021-03-16',NULL,0002,1,NULL,1973.11,NULL,'2021-06-03 08:13:46','2021-06-03 08:13:46',NULL);
INSERT INTO `receipts` VALUES (788,4509,1,1,NULL,NULL,6101,23,96,NULL,265,1,NULL,NULL,41234,41094,00000387,00000387,NULL,'2021-03-19',NULL,0002,1,NULL,3660.48,NULL,'2021-06-03 08:13:46','2021-06-03 08:13:46',NULL),(789,4509,1,1,NULL,NULL,6101,23,96,NULL,265,1,NULL,NULL,41234,41095,00000367,00000367,NULL,'2021-03-19',NULL,0002,1,NULL,11527.84,NULL,'2021-06-03 08:13:46','2021-06-03 08:13:46',NULL),(790,4509,1,1,NULL,NULL,6101,23,96,NULL,265,1,NULL,NULL,41234,41096,00000360,00000360,NULL,'2021-03-19',NULL,0002,1,NULL,17260.22,NULL,'2021-06-03 08:13:46','2021-06-03 08:13:46',NULL),(791,4509,1,1,NULL,NULL,6101,23,96,NULL,265,1,NULL,NULL,41234,41096,00000372,00000372,NULL,'2021-03-20',NULL,0002,1,NULL,26044.04,NULL,'2021-06-03 08:13:46','2021-06-03 08:13:46',NULL),(792,4509,1,1,NULL,NULL,6101,23,96,NULL,265,1,NULL,NULL,41234,41096,00000388,00000388,NULL,'2021-03-20',NULL,0002,1,NULL,1896.70,NULL,'2021-06-03 08:13:46','2021-06-03 08:13:46',NULL),(793,4509,1,1,NULL,NULL,6101,23,96,NULL,265,1,NULL,NULL,41234,41096,00000390,00000390,NULL,'2021-03-20',NULL,0002,1,NULL,13068.00,NULL,'2021-06-03 08:13:46','2021-06-03 08:13:46',NULL),(794,4509,1,1,NULL,NULL,6101,23,96,NULL,265,1,NULL,NULL,41234,41096,00000394,00000394,NULL,'2021-03-21',NULL,0002,1,NULL,26044.04,NULL,'2021-06-03 08:13:46','2021-06-03 08:13:46',NULL),(795,4509,1,4,NULL,NULL,6101,23,96,NULL,265,1,NULL,NULL,41234,41097,00002866,00002866,NULL,'2021-03-21',NULL,0002,1,NULL,3857.05,NULL,'2021-06-03 08:13:46','2021-06-03 08:13:46',NULL),(796,4509,1,1,NULL,NULL,6101,23,96,NULL,265,1,NULL,NULL,41234,41098,00000385,00000385,NULL,'2021-03-21',NULL,0002,1,NULL,3659.97,NULL,'2021-06-03 08:13:46','2021-06-03 08:13:46',NULL),(797,4509,1,1,NULL,NULL,6101,23,96,NULL,265,1,NULL,NULL,41234,41099,00000351,00000351,NULL,'2021-03-22',NULL,0002,1,NULL,4553.00,NULL,'2021-06-03 08:13:46','2021-06-03 08:13:46',NULL),(798,4509,1,1,NULL,NULL,6101,23,96,NULL,265,1,NULL,NULL,41234,41100,00000397,00000397,NULL,'2021-03-22',NULL,0002,1,NULL,3350.26,NULL,'2021-06-03 08:13:46','2021-06-03 08:13:47',NULL),(799,4509,1,3,NULL,NULL,6101,23,96,NULL,265,1,NULL,NULL,41234,41100,00000018,00000018,NULL,'2021-03-22',NULL,0002,1,NULL,3350.26,NULL,'2021-06-03 08:13:47','2021-06-03 08:13:47',NULL),(800,4509,1,1,NULL,NULL,6101,23,96,NULL,265,1,NULL,NULL,41234,41100,00000398,00000398,NULL,'2021-03-22',NULL,0002,1,NULL,3568.46,NULL,'2021-06-03 08:13:47','2021-06-03 08:13:47',NULL),(801,4509,1,1,NULL,NULL,6101,23,96,NULL,265,1,NULL,NULL,41234,41101,00000353,00000353,NULL,'2021-03-23',NULL,0002,1,NULL,1998.98,NULL,'2021-06-03 08:13:47','2021-06-03 08:13:47',NULL),(802,4509,1,1,NULL,NULL,6101,23,96,NULL,265,1,NULL,NULL,41234,41102,00000369,00000369,NULL,'2021-03-23',NULL,0002,1,NULL,3629.98,NULL,'2021-06-03 08:13:47','2021-06-03 08:13:47',NULL),(803,4509,1,1,NULL,NULL,6101,23,96,NULL,265,1,NULL,NULL,41234,41103,00000396,00000396,NULL,'2021-03-23',NULL,0002,1,NULL,7048.02,NULL,'2021-06-03 08:13:47','2021-06-03 08:13:47',NULL),(804,4509,1,1,NULL,NULL,6101,23,96,NULL,265,1,NULL,NULL,41234,41104,00000381,00000381,NULL,'2021-03-26',NULL,0002,1,NULL,5299.80,NULL,'2021-06-03 08:13:47','2021-06-03 08:13:47',NULL),(805,4509,1,1,NULL,NULL,6101,23,96,NULL,265,1,NULL,NULL,41234,41105,00000374,00000374,NULL,'2021-03-26',NULL,0002,1,NULL,2470.47,NULL,'2021-06-03 08:13:47','2021-06-03 08:13:47',NULL),(806,4509,1,1,NULL,NULL,6101,23,96,NULL,265,1,NULL,NULL,41234,41106,00000358,00000358,NULL,'2021-03-26',NULL,0002,1,NULL,2125.51,NULL,'2021-06-03 08:13:47','2021-06-03 08:13:47',NULL),(807,4509,1,1,NULL,NULL,6101,23,96,NULL,265,1,NULL,NULL,41234,41107,00000365,00000365,NULL,'2021-03-27',NULL,0002,1,NULL,1632.23,NULL,'2021-06-03 08:13:47','2021-06-03 08:13:47',NULL),(808,4509,1,1,NULL,NULL,6101,23,96,NULL,265,1,NULL,NULL,41234,41108,00000362,00000362,NULL,'2021-03-27',NULL,0002,1,NULL,4875.09,NULL,'2021-06-03 08:13:47','2021-06-03 08:13:47',NULL);
INSERT INTO `receipts` VALUES (809,4509,1,1,NULL,NULL,6101,23,96,NULL,265,1,NULL,NULL,41234,41109,00000356,00000356,NULL,'2021-03-27',NULL,0002,1,NULL,1789.99,NULL,'2021-06-03 08:13:47','2021-06-03 08:13:47',NULL),(810,4509,1,1,NULL,NULL,6101,23,96,NULL,265,1,NULL,NULL,41234,41110,00000379,00000379,NULL,'2021-03-28',NULL,0002,1,NULL,3250.00,NULL,'2021-06-03 08:13:47','2021-06-03 08:13:47',NULL),(811,4509,1,1,NULL,NULL,6101,23,96,NULL,265,1,NULL,NULL,41234,41111,00000403,00000403,NULL,'2021-03-28',NULL,0002,1,NULL,5372.40,NULL,'2021-06-03 08:13:47','2021-06-03 08:13:47',NULL),(812,4509,1,1,NULL,NULL,6101,23,96,NULL,265,1,NULL,NULL,41234,41112,00000346,00000346,NULL,'2021-03-28',NULL,0002,1,NULL,6089.99,NULL,'2021-06-03 08:13:47','2021-06-03 08:13:47',NULL),(813,4509,1,1,NULL,NULL,6101,23,96,NULL,265,1,NULL,NULL,41234,41113,00000350,00000350,NULL,'2021-03-29',NULL,0002,1,NULL,5979.01,NULL,'2021-06-03 08:13:47','2021-06-03 08:13:47',NULL),(814,4509,1,1,NULL,NULL,6101,23,96,NULL,265,1,NULL,NULL,41234,41114,00000371,00000371,NULL,'2021-03-29',NULL,0002,1,NULL,2895.82,NULL,'2021-06-03 08:13:47','2021-06-03 08:13:47',NULL),(815,4509,1,1,NULL,NULL,6101,23,96,NULL,265,1,NULL,NULL,41234,41115,00000343,00000343,NULL,'2021-03-29',NULL,0002,1,NULL,3816.17,NULL,'2021-06-03 08:13:47','2021-06-03 08:13:47',NULL),(816,4509,1,1,NULL,NULL,6101,23,96,NULL,265,1,NULL,NULL,41234,41116,00000395,00000395,NULL,'2021-03-29',NULL,0002,1,NULL,6820.14,NULL,'2021-06-03 08:13:47','2021-06-03 08:13:47',NULL),(817,4509,1,1,NULL,NULL,6101,23,96,NULL,265,1,NULL,NULL,41234,41117,00000401,00000401,NULL,'2021-03-29',NULL,0002,1,NULL,380.00,NULL,'2021-06-03 08:13:47','2021-06-03 08:13:47',NULL),(818,4509,2,1,NULL,NULL,6101,23,250,NULL,265,1,NULL,NULL,41234,41118,00000092,00000092,NULL,'2021-03-30',NULL,0002,1,NULL,9185.33,NULL,'2021-06-03 08:13:47','2021-06-03 08:13:47',NULL),(819,4509,2,1,NULL,NULL,6101,23,250,NULL,265,1,NULL,NULL,41234,3,00000398,00000398,NULL,'2021-03-30',NULL,0002,1,NULL,15500.00,NULL,'2021-06-03 08:13:47','2021-06-03 08:13:47',NULL),(820,4509,2,1,NULL,NULL,6101,23,217,NULL,265,1,NULL,NULL,41234,41119,00158025,00158025,NULL,'2021-03-30',NULL,0006,1,NULL,55244.75,NULL,'2021-06-03 08:13:47','2021-06-03 08:13:47',NULL),(821,4509,3,1,NULL,NULL,6101,NULL,NULL,NULL,NULL,1,4,NULL,41234,41235,01234546,01234546,758,'2021-03-10',NULL,0001,1,NULL,52.00,NULL,'2021-06-03 10:02:31','2021-06-03 10:02:31',NULL);

--
