INSERT INTO `cta_cte_cliente_pivot_receipt` VALUES (3331,10730,3333,3337,NULL,0,NULL,'2024-09-16 14:27:47','2024-09-16 14:27:47',NULL),(3332,10730,3334,3338,NULL,0,NULL,'2024-09-16 14:27:47','2024-09-16 14:27:47',NULL),(3333,10730,3335,3339,NULL,0,NULL,'2024-09-16 14:27:47','2024-09-16 14:27:47',NULL),(3334,10730,3336,3340,NULL,0,NULL,'2024-09-16 14:27:47','2024-09-16 14:27:47',NULL),(3335,10730,3337,3341,NULL,0,NULL,'2024-09-16 14:27:47','2024-09-16 14:27:47',NULL),(3336,10730,3338,3342,NULL,0,NULL,'2024-09-16 14:27:47','2024-09-16 14:27:47',NULL),(3337,10730,3339,3343,NULL,0,NULL,'2024-09-16 14:27:47','2024-09-16 14:27:47',NULL),(3338,10730,3340,3344,NULL,0,NULL,'2024-09-16 14:27:47','2024-09-16 14:27:47',NULL),(3339,10730,3341,3345,NULL,0,NULL,'2024-09-16 14:27:47','2024-09-16 14:27:47',NULL),(3340,10730,3342,3346,NULL,0,NULL,'2024-09-16 14:27:47','2024-09-16 14:27:47',NULL),(3341,10730,3343,3347,NULL,0,NULL,'2024-09-16 14:27:47','2024-09-16 14:27:47',NULL),(3342,10730,3344,3348,NULL,0,NULL,'2024-09-16 14:27:47','2024-09-16 14:27:47',NULL),(3343,10730,3345,3349,NULL,0,NULL,'2024-09-16 14:27:47','2024-09-16 14:27:47',NULL),(3344,10730,3346,3350,NULL,0,NULL,'2024-09-16 14:27:48','2024-09-16 14:27:48',NULL),(3345,10730,3347,3351,NULL,0,NULL,'2024-09-16 14:27:48','2024-09-16 14:27:48',NULL),(3346,10730,3348,3352,NULL,0,NULL,'2024-09-16 14:27:48','2024-09-16 14:27:48',NULL),(3347,10730,3349,3353,NULL,0,NULL,'2024-09-16 14:27:48','2024-09-16 14:27:48',NULL),(3348,10730,3350,3354,NULL,0,NULL,'2024-09-16 14:27:48','2024-09-16 14:27:48',NULL),(3349,10730,3351,3355,NULL,0,NULL,'2024-09-16 14:27:48','2024-09-16 14:27:48',NULL),(3350,10730,3352,3356,NULL,0,NULL,'2024-09-16 14:27:48','2024-09-16 14:27:48',NULL),(3351,10730,3353,3357,NULL,0,NULL,'2024-09-16 14:27:48','2024-09-16 14:27:48',NULL),(3352,10730,3354,3358,NULL,0,NULL,'2024-09-16 14:27:48','2024-09-16 14:27:48',NULL),(3353,10730,3355,3359,NULL,0,NULL,'2024-09-16 14:27:48','2024-09-16 14:27:48',NULL),(3354,10730,3356,3360,NULL,0,NULL,'2024-09-16 14:27:48','2024-09-16 14:27:48',NULL),(3355,10730,3357,3361,NULL,0,NULL,'2024-09-16 14:27:48','2024-09-16 14:27:48',NULL),(3356,10730,3358,3362,NULL,0,NULL,'2024-09-16 14:27:48','2024-09-16 14:27:48',NULL),(3357,10730,3359,3363,NULL,0,NULL,'2024-09-16 14:27:48','2024-09-16 14:27:48',NULL),(3358,10730,3360,3364,NULL,0,NULL,'2024-09-16 14:27:48','2024-09-16 14:27:48',NULL),(3359,10730,3361,3365,NULL,0,NULL,'2024-09-16 14:27:48','2024-09-16 14:27:48',NULL),(3360,10730,3362,3366,NULL,0,NULL,'2024-09-16 14:27:48','2024-09-16 14:27:48',NULL),(3361,10730,3363,3367,NULL,0,NULL,'2024-09-16 14:27:48','2024-09-16 14:27:48',NULL),(3362,10730,3364,3368,NULL,0,NULL,'2024-09-16 14:27:48','2024-09-16 14:27:48',NULL),(3363,10730,3365,3369,NULL,0,NULL,'2024-09-16 14:27:48','2024-09-16 14:27:48',NULL),(3364,10730,3366,3370,NULL,0,NULL,'2024-09-16 14:27:49','2024-09-16 14:27:49',NULL),(3365,10730,3367,3371,NULL,0,NULL,'2024-09-16 14:27:49','2024-09-16 14:27:49',NULL),(3366,10730,3368,3372,NULL,0,NULL,'2024-09-16 14:27:49','2024-09-16 14:27:49',NULL),(3367,10730,3369,3373,NULL,0,NULL,'2024-09-16 14:27:49','2024-09-16 14:27:49',NULL),(3368,10730,3370,3374,NULL,0,NULL,'2024-09-16 14:27:49','2024-09-16 14:27:49',NULL),(3369,10730,3371,3375,NULL,0,NULL,'2024-09-16 14:27:49','2024-09-16 14:27:49',NULL),(3370,10730,3372,3376,NULL,0,NULL,'2024-09-16 14:27:49','2024-09-16 14:27:49',NULL),(3371,10730,3373,3377,NULL,0,NULL,'2024-09-16 14:27:49','2024-09-16 14:27:49',NULL),(3372,10730,3374,3378,NULL,0,NULL,'2024-09-16 14:27:49','2024-09-16 14:27:49',NULL),(3373,10730,3375,3379,NULL,0,NULL,'2024-09-16 14:27:49','2024-09-16 14:27:49',NULL),(3374,10730,3376,3380,NULL,0,NULL,'2024-09-16 14:27:49','2024-09-16 14:27:49',NULL),(3375,10730,3377,3381,NULL,0,NULL,'2024-09-16 14:27:49','2024-09-16 14:27:49',NULL),(3376,10730,3378,3382,NULL,0,NULL,'2024-09-16 14:27:49','2024-09-16 14:27:49',NULL),(3377,10730,3379,3383,NULL,0,NULL,'2024-09-16 14:27:49','2024-09-16 14:27:49',NULL);
INSERT INTO `cta_cte_cliente_pivot_receipt` VALUES (3378,10730,3380,3384,NULL,0,NULL,'2024-09-16 14:27:49','2024-09-16 14:27:49',NULL),(3379,10730,3381,3385,NULL,0,NULL,'2024-09-16 14:27:49','2024-09-16 14:27:49',NULL),(3380,10730,3382,3386,NULL,0,NULL,'2024-09-16 14:27:49','2024-09-16 14:27:49',NULL),(3381,10730,3383,3387,NULL,0,NULL,'2024-09-16 14:27:49','2024-09-16 14:27:49',NULL),(3382,10730,3384,3388,NULL,0,NULL,'2024-09-16 14:27:49','2024-09-16 14:27:49',NULL),(3383,10730,3385,3389,NULL,0,NULL,'2024-09-16 14:27:49','2024-09-16 14:27:49',NULL),(3384,10730,3386,3390,NULL,0,NULL,'2024-09-16 14:27:49','2024-09-16 14:27:49',NULL),(3385,10730,3387,3391,NULL,0,NULL,'2024-09-16 14:27:50','2024-09-16 14:27:50',NULL),(3386,10730,3388,3392,NULL,0,NULL,'2024-09-16 14:27:50','2024-09-16 14:27:50',NULL),(3387,10730,3389,3393,NULL,0,NULL,'2024-09-16 14:27:50','2024-09-16 14:27:50',NULL),(3388,10730,3390,3394,NULL,0,NULL,'2024-09-16 14:27:50','2024-09-16 14:27:50',NULL),(3389,10730,3391,3395,NULL,0,NULL,'2024-09-16 14:27:50','2024-09-16 14:27:50',NULL),(3390,10730,3392,3396,NULL,0,NULL,'2024-09-16 14:27:50','2024-09-16 14:27:50',NULL),(3391,10730,3393,3397,NULL,0,NULL,'2024-09-16 14:27:50','2024-09-16 14:27:50',NULL),(3392,10730,3394,3398,NULL,0,NULL,'2024-09-16 14:27:50','2024-09-16 14:27:50',NULL),(3393,10730,3395,3399,NULL,0,NULL,'2024-09-16 14:27:50','2024-09-16 14:27:50',NULL),(3394,10730,3396,3400,NULL,0,NULL,'2024-09-16 14:27:50','2024-09-16 14:27:50',NULL),(3395,10730,3397,3401,NULL,0,NULL,'2024-09-16 14:27:50','2024-09-16 14:27:50',NULL),(3396,10730,3398,3402,NULL,0,NULL,'2024-09-16 14:27:50','2024-09-16 14:27:50',NULL),(3397,10730,3399,3403,NULL,0,NULL,'2024-09-16 14:27:50','2024-09-16 14:27:50',NULL),(3398,10730,3400,3404,NULL,0,NULL,'2024-09-16 14:27:50','2024-09-16 14:27:50',NULL),(3399,10730,3401,3405,NULL,0,NULL,'2024-09-16 14:27:50','2024-09-16 14:27:50',NULL),(3400,10730,3402,3406,NULL,0,NULL,'2024-09-16 14:27:50','2024-09-16 14:27:50',NULL),(3401,10730,3403,3407,NULL,0,NULL,'2024-09-16 14:27:50','2024-09-16 14:27:50',NULL),(3402,10730,3404,3408,NULL,0,NULL,'2024-09-16 14:27:50','2024-09-16 14:27:50',NULL),(3403,10730,3405,3409,NULL,0,NULL,'2024-09-16 14:27:50','2024-09-16 14:27:50',NULL),(3404,10730,3406,3410,NULL,0,NULL,'2024-09-16 14:27:50','2024-09-16 14:27:50',NULL),(3405,10730,3407,3411,NULL,0,NULL,'2024-09-16 14:27:50','2024-09-16 14:27:50',NULL),(3406,10730,3408,3412,NULL,0,NULL,'2024-09-16 14:27:51','2024-09-16 14:27:51',NULL),(3407,10730,3409,3413,NULL,0,NULL,'2024-09-16 14:27:51','2024-09-16 14:27:51',NULL),(3408,10730,3410,3414,NULL,0,NULL,'2024-09-16 14:27:51','2024-09-16 14:27:51',NULL),(3409,10730,3411,3415,NULL,0,NULL,'2024-09-16 14:27:51','2024-09-16 14:27:51',NULL),(3410,10730,3412,3416,NULL,0,NULL,'2024-09-16 14:27:51','2024-09-16 14:27:51',NULL),(3411,10730,3413,3417,NULL,0,NULL,'2024-09-16 14:27:51','2024-09-16 14:27:51',NULL),(3412,10730,3414,3418,NULL,0,NULL,'2024-09-16 14:27:51','2024-09-16 14:27:51',NULL),(3413,10730,3415,3419,NULL,0,NULL,'2024-09-16 14:27:51','2024-09-16 14:27:51',NULL),(3414,10730,3416,3420,NULL,0,NULL,'2024-09-16 14:27:51','2024-09-16 14:27:51',NULL),(3415,10730,3417,3421,NULL,0,NULL,'2024-09-16 14:27:51','2024-09-16 14:27:51',NULL),(3416,10730,3418,3422,NULL,0,NULL,'2024-09-16 14:27:51','2024-09-16 14:27:51',NULL),(3417,10730,3419,3423,NULL,0,NULL,'2024-09-16 14:27:51','2024-09-16 14:27:51',NULL),(3418,10730,3420,3424,NULL,0,NULL,'2024-09-16 14:27:51','2024-09-16 14:27:51',NULL),(3419,10730,3421,3425,NULL,0,NULL,'2024-09-16 14:27:51','2024-09-16 14:27:51',NULL),(3420,10730,3422,3426,NULL,0,NULL,'2024-09-16 14:27:51','2024-09-16 14:27:51',NULL),(3421,10730,3423,3427,NULL,0,NULL,'2024-09-16 14:27:51','2024-09-16 14:27:51',NULL),(3422,10730,3424,3428,NULL,0,NULL,'2024-09-16 14:27:51','2024-09-16 14:27:51',NULL),(3423,10730,3425,3429,NULL,0,NULL,'2024-09-16 14:27:51','2024-09-16 14:27:51',NULL),(3424,10730,3426,3430,NULL,0,NULL,'2024-09-16 14:27:51','2024-09-16 14:27:51',NULL);
INSERT INTO `cta_cte_cliente_pivot_receipt` VALUES (3425,10730,3427,3431,NULL,0,NULL,'2024-09-16 14:27:52','2024-09-16 14:27:52',NULL),(3426,10730,3428,3432,NULL,0,NULL,'2024-09-16 14:27:52','2024-09-16 14:27:52',NULL),(3427,10730,3429,3433,NULL,0,NULL,'2024-09-16 14:27:52','2024-09-16 14:27:52',NULL),(3428,10730,3430,3434,NULL,0,NULL,'2024-09-16 14:27:52','2024-09-16 14:27:52',NULL),(3429,10730,3431,3435,NULL,0,NULL,'2024-09-16 14:27:52','2024-09-16 14:27:52',NULL),(3430,10730,3432,3436,NULL,0,NULL,'2024-09-16 14:27:52','2024-09-16 14:27:52',NULL),(3431,10730,3433,3437,NULL,0,NULL,'2024-09-16 14:27:52','2024-09-16 14:27:52',NULL),(3432,10730,3434,3438,NULL,0,NULL,'2024-09-16 14:27:52','2024-09-16 14:27:52',NULL),(3433,10730,3435,3439,NULL,0,NULL,'2024-09-16 14:27:52','2024-09-16 14:27:52',NULL),(3434,10730,3436,3440,NULL,0,NULL,'2024-09-16 14:27:52','2024-09-16 14:27:52',NULL),(3435,10730,3437,3441,NULL,0,NULL,'2024-09-16 14:27:52','2024-09-16 14:27:52',NULL),(3436,10730,3438,3442,NULL,0,NULL,'2024-09-16 14:27:52','2024-09-16 14:27:52',NULL),(3437,10730,3439,3443,NULL,0,NULL,'2024-09-16 14:27:52','2024-09-16 14:27:52',NULL),(3438,10730,3440,3444,NULL,0,NULL,'2024-09-16 14:27:52','2024-09-16 14:27:52',NULL),(3439,10730,3441,3445,NULL,0,NULL,'2024-09-16 14:27:52','2024-09-16 14:27:52',NULL),(3440,10730,3442,3446,NULL,0,NULL,'2024-09-16 14:27:52','2024-09-16 14:27:52',NULL),(3441,10730,3443,3447,NULL,0,NULL,'2024-09-16 14:27:52','2024-09-16 14:27:52',NULL),(3442,10730,3444,3448,NULL,0,NULL,'2024-09-16 14:27:53','2024-09-16 14:27:53',NULL),(3443,10730,3445,3449,NULL,0,NULL,'2024-09-16 14:27:53','2024-09-16 14:27:53',NULL),(3444,10730,3446,3450,NULL,0,NULL,'2024-09-16 14:27:53','2024-09-16 14:27:53',NULL),(3445,10730,3447,3451,NULL,0,NULL,'2024-09-16 14:27:53','2024-09-16 14:27:53',NULL),(3446,10730,3448,3452,NULL,0,NULL,'2024-09-16 14:27:53','2024-09-16 14:27:53',NULL),(3447,10730,3449,3453,NULL,0,NULL,'2024-09-16 14:27:53','2024-09-16 14:27:53',NULL),(3448,10730,3450,3454,NULL,0,NULL,'2024-09-16 14:27:53','2024-09-16 14:27:53',NULL),(3449,10730,3451,3455,NULL,0,NULL,'2024-09-16 14:27:53','2024-09-16 14:27:53',NULL),(3450,10730,3452,3456,NULL,0,NULL,'2024-09-16 14:27:53','2024-09-16 14:27:53',NULL),(3451,10730,3453,3457,NULL,0,NULL,'2024-09-16 14:27:53','2024-09-16 14:27:53',NULL),(3452,10730,3454,3458,NULL,0,NULL,'2024-09-16 14:27:53','2024-09-16 14:27:53',NULL),(3453,10730,3455,3459,NULL,0,NULL,'2024-09-16 14:27:53','2024-09-16 14:27:53',NULL),(3454,10730,3456,3460,NULL,0,NULL,'2024-09-16 14:27:53','2024-09-16 14:27:53',NULL),(3455,10730,3457,3461,NULL,0,NULL,'2024-09-16 14:27:54','2024-09-16 14:27:54',NULL),(3456,10730,3458,3462,NULL,0,NULL,'2024-09-16 14:27:54','2024-09-16 14:27:54',NULL),(3457,10730,3459,3463,NULL,0,NULL,'2024-09-16 14:27:54','2024-09-16 14:27:54',NULL),(3458,10730,3460,3464,NULL,0,NULL,'2024-09-16 14:27:54','2024-09-16 14:27:54',NULL),(3459,10730,3461,3465,NULL,0,NULL,'2024-09-16 14:27:54','2024-09-16 14:27:54',NULL),(3460,10730,3462,3466,NULL,0,NULL,'2024-09-16 14:27:54','2024-09-16 14:27:54',NULL),(3461,10730,3463,3467,NULL,0,NULL,'2024-09-16 14:27:54','2024-09-16 14:27:54',NULL),(3462,10730,3464,3468,NULL,0,NULL,'2024-09-16 14:27:54','2024-09-16 14:27:54',NULL),(3463,10730,3465,3469,NULL,0,NULL,'2024-09-16 14:27:54','2024-09-16 14:27:54',NULL),(3464,10730,3466,3470,NULL,0,NULL,'2024-09-16 14:27:54','2024-09-16 14:27:54',NULL),(3465,10730,3467,3471,NULL,0,NULL,'2024-09-16 14:27:54','2024-09-16 14:27:54',NULL),(3466,10730,3468,3472,NULL,0,NULL,'2024-09-16 14:27:54','2024-09-16 14:27:54',NULL),(3467,10730,3469,3473,NULL,0,NULL,'2024-09-16 14:27:54','2024-09-16 14:27:54',NULL),(3468,10730,3470,3474,NULL,0,NULL,'2024-09-16 14:27:55','2024-09-16 14:27:55',NULL),(3469,10730,3471,3475,NULL,0,NULL,'2024-09-16 14:27:55','2024-09-16 14:27:55',NULL),(3470,10730,3472,3476,NULL,0,NULL,'2024-09-16 14:27:55','2024-09-16 14:27:55',NULL),(3471,10730,3473,3477,NULL,0,NULL,'2024-09-16 14:27:55','2024-09-16 14:27:55',NULL);
INSERT INTO `cta_cte_cliente_pivot_receipt` VALUES (3472,10730,3474,3478,NULL,0,NULL,'2024-09-16 14:27:55','2024-09-16 14:27:55',NULL),(3473,10730,3475,3479,NULL,0,NULL,'2024-09-16 14:27:55','2024-09-16 14:27:55',NULL),(3474,10730,3476,3480,NULL,0,NULL,'2024-09-16 14:27:55','2024-09-16 14:27:55',NULL),(3475,10730,3477,3481,NULL,0,NULL,'2024-09-16 14:27:55','2024-09-16 14:27:55',NULL),(3476,10730,3478,3482,NULL,0,NULL,'2024-09-16 14:27:55','2024-09-16 14:27:55',NULL),(3477,10730,3479,3483,NULL,0,NULL,'2024-09-16 14:27:55','2024-09-16 14:27:55',NULL),(3478,10730,3480,3484,NULL,0,NULL,'2024-09-16 14:27:55','2024-09-16 14:27:55',NULL),(3479,10730,3481,3485,NULL,0,NULL,'2024-09-16 14:27:55','2024-09-16 14:27:55',NULL),(3480,10730,3482,3486,NULL,0,NULL,'2024-09-16 14:27:55','2024-09-16 14:27:55',NULL),(3481,10730,3483,3487,NULL,0,NULL,'2024-09-16 14:27:55','2024-09-16 14:27:55',NULL),(3482,10730,3484,3488,NULL,0,NULL,'2024-09-16 14:27:55','2024-09-16 14:27:55',NULL),(3483,10730,3485,3489,NULL,0,NULL,'2024-09-16 14:27:55','2024-09-16 14:27:55',NULL),(3484,10730,3486,3490,NULL,0,NULL,'2024-09-16 14:27:56','2024-09-16 14:27:56',NULL),(3485,10730,3487,3491,NULL,0,NULL,'2024-09-16 14:27:56','2024-09-16 14:27:56',NULL),(3486,10730,3488,3492,NULL,0,NULL,'2024-09-16 14:27:56','2024-09-16 14:27:56',NULL),(3487,10730,3489,3493,NULL,0,NULL,'2024-09-16 14:27:56','2024-09-16 14:27:56',NULL),(3488,10730,3490,3494,NULL,0,NULL,'2024-09-16 14:27:56','2024-09-16 14:27:56',NULL),(3489,10730,3491,3495,NULL,0,NULL,'2024-09-16 14:27:56','2024-09-16 14:27:56',NULL),(3490,10730,3492,3496,NULL,0,NULL,'2024-09-16 14:27:56','2024-09-16 14:27:56',NULL),(3491,10730,3493,3497,NULL,0,NULL,'2024-09-16 14:27:56','2024-09-16 14:27:56',NULL),(3492,10730,3494,3498,NULL,0,NULL,'2024-09-16 14:27:56','2024-09-16 14:27:56',NULL),(3493,10730,3495,3499,NULL,0,NULL,'2024-09-16 14:27:56','2024-09-16 14:27:56',NULL),(3494,10730,3496,3500,NULL,0,NULL,'2024-09-16 14:27:56','2024-09-16 14:27:56',NULL),(3495,10730,3497,3501,NULL,0,NULL,'2024-09-16 14:27:56','2024-09-16 14:27:56',NULL),(3496,10730,3498,3502,NULL,0,NULL,'2024-09-16 14:27:56','2024-09-16 14:27:56',NULL),(3497,10730,3499,3503,NULL,0,NULL,'2024-09-16 14:27:56','2024-09-16 14:27:56',NULL),(3498,10730,3500,3504,NULL,0,NULL,'2024-09-16 14:27:56','2024-09-16 14:27:56',NULL),(3499,10730,3501,3505,NULL,0,NULL,'2024-09-16 14:27:57','2024-09-16 14:27:57',NULL),(3500,10730,3502,3506,NULL,0,NULL,'2024-09-16 14:27:57','2024-09-16 14:27:57',NULL),(3501,10730,3503,3507,NULL,0,NULL,'2024-09-16 14:27:57','2024-09-16 14:27:57',NULL),(3502,10730,3504,3508,NULL,0,NULL,'2024-09-16 14:27:57','2024-09-16 14:27:57',NULL),(3503,10730,3505,3509,NULL,0,NULL,'2024-09-16 14:27:57','2024-09-16 14:27:57',NULL),(3504,10730,3506,3510,NULL,0,NULL,'2024-09-16 14:27:57','2024-09-16 14:27:57',NULL),(3505,10730,3507,3511,NULL,0,NULL,'2024-09-16 14:27:57','2024-09-16 14:27:57',NULL),(3506,10730,3508,3512,NULL,0,NULL,'2024-09-16 14:27:57','2024-09-16 14:27:57',NULL),(3507,10730,3509,3513,NULL,0,NULL,'2024-09-16 14:27:57','2024-09-16 14:27:57',NULL),(3508,10730,3510,3514,NULL,0,NULL,'2024-09-16 14:27:57','2024-09-16 14:27:57',NULL),(3509,10730,3511,3515,NULL,0,NULL,'2024-09-16 14:27:57','2024-09-16 14:27:57',NULL),(3510,10730,3512,3516,NULL,0,NULL,'2024-09-16 14:27:57','2024-09-16 14:27:57',NULL),(3511,10730,3513,3517,NULL,0,NULL,'2024-09-16 14:27:57','2024-09-16 14:27:57',NULL),(3512,10730,3514,3518,NULL,0,NULL,'2024-09-16 14:27:57','2024-09-16 14:27:57',NULL),(3513,10730,3515,3519,NULL,0,NULL,'2024-09-16 14:27:57','2024-09-16 14:27:57',NULL),(3514,10730,3516,3520,NULL,0,NULL,'2024-09-16 14:27:58','2024-09-16 14:27:58',NULL),(3515,10730,3517,3521,NULL,0,NULL,'2024-09-16 14:27:58','2024-09-16 14:27:58',NULL),(3516,10730,3518,3522,NULL,0,NULL,'2024-09-16 14:27:58','2024-09-16 14:27:58',NULL),(3517,10730,3519,3523,NULL,0,NULL,'2024-09-16 14:27:58','2024-09-16 14:27:58',NULL),(3518,10730,3520,3524,NULL,0,NULL,'2024-09-16 14:27:58','2024-09-16 14:27:58',NULL);
INSERT INTO `cta_cte_cliente_pivot_receipt` VALUES (3519,10730,3521,3525,NULL,0,NULL,'2024-09-16 14:27:58','2024-09-16 14:27:58',NULL),(3520,10730,3522,3526,NULL,0,NULL,'2024-09-16 14:27:58','2024-09-16 14:27:58',NULL),(3521,10730,3523,3527,NULL,0,NULL,'2024-09-16 14:27:58','2024-09-16 14:27:58',NULL),(3522,10730,3524,3528,NULL,0,NULL,'2024-09-16 14:27:58','2024-09-16 14:27:58',NULL),(3523,10730,3525,3529,NULL,0,NULL,'2024-09-16 14:27:58','2024-09-16 14:27:58',NULL),(3524,10730,3526,3530,NULL,0,NULL,'2024-09-16 14:27:58','2024-09-16 14:27:58',NULL),(3525,10730,3527,3531,NULL,0,NULL,'2024-09-16 14:27:58','2024-09-16 14:27:58',NULL),(3526,10730,3528,3532,NULL,0,NULL,'2024-09-16 14:27:58','2024-09-16 14:27:58',NULL),(3527,10730,3529,3533,NULL,0,NULL,'2024-09-16 14:27:58','2024-09-16 14:27:58',NULL),(3528,10730,3530,3534,NULL,0,NULL,'2024-09-16 14:27:58','2024-09-16 14:27:58',NULL),(3529,10730,3531,3535,NULL,0,NULL,'2024-09-16 14:27:58','2024-09-16 14:27:58',NULL),(3530,10730,3532,3536,NULL,0,NULL,'2024-09-16 14:27:58','2024-09-16 14:27:58',NULL),(3531,10730,3533,3537,NULL,0,NULL,'2024-09-16 14:27:58','2024-09-16 14:27:58',NULL),(3532,10730,3534,3538,NULL,0,NULL,'2024-09-16 14:27:58','2024-09-16 14:27:58',NULL),(3533,10730,3535,3539,NULL,0,NULL,'2024-09-16 14:27:58','2024-09-16 14:27:58',NULL),(3534,10730,3536,3540,NULL,0,NULL,'2024-09-16 14:27:58','2024-09-16 14:27:58',NULL),(3535,10730,3537,3541,NULL,0,NULL,'2024-09-16 14:27:59','2024-09-16 14:27:59',NULL),(3536,10730,3538,3542,NULL,0,NULL,'2024-09-16 14:27:59','2024-09-16 14:27:59',NULL),(3537,10730,3539,3543,NULL,0,NULL,'2024-09-16 14:27:59','2024-09-16 14:27:59',NULL),(3538,10730,3540,3544,NULL,0,NULL,'2024-09-16 14:27:59','2024-09-16 14:27:59',NULL),(3539,10730,3541,3545,NULL,0,NULL,'2024-09-16 14:27:59','2024-09-16 14:27:59',NULL),(3540,10730,3542,3546,NULL,0,NULL,'2024-09-16 14:27:59','2024-09-16 14:27:59',NULL),(3541,10730,3543,3547,NULL,0,NULL,'2024-09-16 14:27:59','2024-09-16 14:27:59',NULL),(3542,10730,3544,3548,NULL,0,NULL,'2024-09-16 14:27:59','2024-09-16 14:27:59',NULL),(3543,10730,3545,3549,NULL,0,NULL,'2024-09-16 14:27:59','2024-09-16 14:27:59',NULL),(3544,10730,3546,3550,NULL,0,NULL,'2024-09-16 14:27:59','2024-09-16 14:27:59',NULL),(3545,10730,3547,3551,NULL,0,NULL,'2024-09-16 14:27:59','2024-09-16 14:27:59',NULL),(3546,10730,3548,3552,NULL,0,NULL,'2024-09-16 14:27:59','2024-09-16 14:27:59',NULL),(3547,10730,3549,3553,NULL,0,NULL,'2024-09-16 14:27:59','2024-09-16 14:27:59',NULL),(3548,10730,3550,3554,NULL,0,NULL,'2024-09-16 14:27:59','2024-09-16 14:27:59',NULL),(3549,10730,3551,3555,NULL,0,NULL,'2024-09-16 14:27:59','2024-09-16 14:27:59',NULL),(3550,10730,3552,3556,NULL,0,NULL,'2024-09-16 14:27:59','2024-09-16 14:27:59',NULL),(3551,10730,3553,3557,NULL,0,NULL,'2024-09-16 14:27:59','2024-09-16 14:27:59',NULL),(3552,10730,3554,3558,NULL,0,NULL,'2024-09-16 14:27:59','2024-09-16 14:27:59',NULL),(3553,10730,3555,3559,NULL,0,NULL,'2024-09-16 14:27:59','2024-09-16 14:27:59',NULL),(3554,10730,3556,3560,NULL,0,NULL,'2024-09-16 14:28:00','2024-09-16 14:28:00',NULL),(3555,10730,3557,3561,NULL,0,NULL,'2024-09-16 14:28:00','2024-09-16 14:28:00',NULL),(3556,10730,3558,3562,NULL,0,NULL,'2024-09-16 14:28:00','2024-09-16 14:28:00',NULL),(3557,10730,3559,3563,NULL,0,NULL,'2024-09-16 14:28:00','2024-09-16 14:28:00',NULL),(3558,10730,3560,3564,NULL,0,NULL,'2024-09-16 14:28:00','2024-09-16 14:28:00',NULL),(3559,10730,3561,3565,NULL,0,NULL,'2024-09-16 14:28:00','2024-09-16 14:28:00',NULL),(3560,10730,3562,3566,NULL,0,NULL,'2024-09-16 14:28:00','2024-09-16 14:28:00',NULL),(3561,10730,3563,3567,NULL,0,NULL,'2024-09-16 14:28:00','2024-09-16 14:28:00',NULL),(3562,10730,3564,3568,NULL,0,NULL,'2024-09-16 14:28:00','2024-09-16 14:28:00',NULL),(3563,10730,3565,3569,NULL,0,NULL,'2024-09-16 14:28:00','2024-09-16 14:28:00',NULL),(3564,10730,3566,3570,NULL,0,NULL,'2024-09-16 14:28:00','2024-09-16 14:28:00',NULL),(3565,10730,3567,3571,NULL,0,NULL,'2024-09-16 14:28:00','2024-09-16 14:28:00',NULL);
INSERT INTO `cta_cte_cliente_pivot_receipt` VALUES (3566,10730,3568,3572,NULL,0,NULL,'2024-09-16 14:28:00','2024-09-16 14:28:00',NULL),(3567,10730,3569,3573,NULL,0,NULL,'2024-09-16 14:28:00','2024-09-16 14:28:00',NULL),(3568,10730,3570,3574,NULL,0,NULL,'2024-09-16 14:28:00','2024-09-16 14:28:00',NULL),(3569,10730,3571,3575,NULL,0,NULL,'2024-09-16 14:28:00','2024-09-16 14:28:00',NULL),(3570,10730,3572,3576,NULL,0,NULL,'2024-09-16 14:28:00','2024-09-16 14:28:00',NULL),(3571,10730,3573,3577,NULL,0,NULL,'2024-09-16 14:28:00','2024-09-16 14:28:00',NULL),(3572,10730,3574,3578,NULL,0,NULL,'2024-09-16 14:28:00','2024-09-16 14:28:00',NULL),(3573,10730,3575,3579,NULL,0,NULL,'2024-09-16 14:28:00','2024-09-16 14:28:00',NULL),(3574,10730,3576,3580,NULL,0,NULL,'2024-09-16 14:28:01','2024-09-16 14:28:01',NULL),(3575,10730,3577,3581,NULL,0,NULL,'2024-09-16 14:28:01','2024-09-16 14:28:01',NULL),(3576,10730,3578,3582,NULL,0,NULL,'2024-09-16 14:28:01','2024-09-16 14:28:01',NULL),(3577,10730,3579,3583,NULL,0,NULL,'2024-09-16 14:28:01','2024-09-16 14:28:01',NULL),(3578,10730,3580,3584,NULL,0,NULL,'2024-09-16 14:28:01','2024-09-16 14:28:01',NULL),(3579,10730,3581,3585,NULL,0,NULL,'2024-09-16 14:28:01','2024-09-16 14:28:01',NULL),(3580,10730,3582,3586,NULL,0,NULL,'2024-09-16 14:28:01','2024-09-16 14:28:01',NULL),(3581,10730,3583,3587,NULL,0,NULL,'2024-09-16 14:28:01','2024-09-16 14:28:01',NULL),(3582,10730,3584,3588,NULL,0,NULL,'2024-09-16 14:28:01','2024-09-16 14:28:01',NULL),(3583,10730,3585,3589,NULL,0,NULL,'2024-09-16 14:28:01','2024-09-16 14:28:01',NULL),(3584,10730,3586,3590,NULL,0,NULL,'2024-09-16 14:28:01','2024-09-16 14:28:01',NULL),(3585,10730,3587,3591,NULL,0,NULL,'2024-09-16 14:28:01','2024-09-16 14:28:01',NULL),(3586,10730,3588,3592,NULL,0,NULL,'2024-09-16 14:28:01','2024-09-16 14:28:01',NULL),(3587,10730,3589,3593,NULL,0,NULL,'2024-09-16 14:28:01','2024-09-16 14:28:01',NULL),(3588,10730,3590,3594,NULL,0,NULL,'2024-09-16 14:28:01','2024-09-16 14:28:01',NULL),(3589,10730,3591,3595,NULL,0,NULL,'2024-09-16 14:28:01','2024-09-16 14:28:01',NULL),(3590,10730,3592,3596,NULL,0,NULL,'2024-09-16 14:28:01','2024-09-16 14:28:01',NULL),(3591,10730,3593,3597,NULL,0,NULL,'2024-09-16 14:28:02','2024-09-16 14:28:02',NULL),(3592,10730,3594,3598,NULL,0,NULL,'2024-09-16 14:28:02','2024-09-16 14:28:02',NULL),(3593,10730,3595,3599,NULL,0,NULL,'2024-09-16 14:28:02','2024-09-16 14:28:02',NULL),(3594,10730,3596,3600,NULL,0,NULL,'2024-09-16 14:28:02','2024-09-16 14:28:02',NULL),(3595,10730,3597,3601,NULL,0,NULL,'2024-09-16 14:28:02','2024-09-16 14:28:02',NULL),(3596,10730,3598,3602,NULL,0,NULL,'2024-09-16 14:28:02','2024-09-16 14:28:02',NULL),(3597,10730,3599,3603,NULL,0,NULL,'2024-09-16 14:28:02','2024-09-16 14:28:02',NULL),(3598,10730,3600,3604,NULL,0,NULL,'2024-09-16 14:28:02','2024-09-16 14:28:02',NULL),(3599,10730,3601,3605,NULL,0,NULL,'2024-09-16 14:28:02','2024-09-16 14:28:02',NULL),(3600,10730,3602,3606,NULL,0,NULL,'2024-09-16 14:28:02','2024-09-16 14:28:02',NULL),(3601,10730,3603,3607,NULL,0,NULL,'2024-09-16 14:28:02','2024-09-16 14:28:02',NULL),(3602,10730,3604,3608,NULL,0,NULL,'2024-09-16 14:28:02','2024-09-16 14:28:02',NULL),(3603,10730,3605,3609,NULL,0,NULL,'2024-09-16 14:28:02','2024-09-16 14:28:02',NULL),(3604,10730,3606,3610,NULL,0,NULL,'2024-09-16 14:28:02','2024-09-16 14:28:02',NULL),(3605,10730,3607,3611,NULL,0,NULL,'2024-09-16 14:28:02','2024-09-16 14:28:02',NULL),(3606,10730,3608,3612,NULL,0,NULL,'2024-09-16 14:28:02','2024-09-16 14:28:02',NULL),(3607,10730,3609,3613,NULL,0,NULL,'2024-09-16 14:28:02','2024-09-16 14:28:02',NULL),(3608,10730,3610,3614,NULL,0,NULL,'2024-09-16 14:28:02','2024-09-16 14:28:02',NULL),(3609,10730,3611,3615,NULL,0,NULL,'2024-09-16 14:28:03','2024-09-16 14:28:03',NULL),(3610,10730,3612,3616,NULL,0,NULL,'2024-09-16 14:28:03','2024-09-16 14:28:03',NULL),(3611,10730,3613,3617,NULL,0,NULL,'2024-09-16 14:28:03','2024-09-16 14:28:03',NULL),(3612,10730,3614,3618,NULL,0,NULL,'2024-09-16 14:28:03','2024-09-16 14:28:03',NULL);
INSERT INTO `cta_cte_cliente_pivot_receipt` VALUES (3613,10730,3615,3619,NULL,0,NULL,'2024-09-16 14:28:03','2024-09-16 14:28:03',NULL),(3614,10730,3616,3620,NULL,0,NULL,'2024-09-16 14:28:03','2024-09-16 14:28:03',NULL),(3615,10730,3617,3621,NULL,0,NULL,'2024-09-16 14:28:03','2024-09-16 14:28:03',NULL),(3616,10730,3618,3622,NULL,0,NULL,'2024-09-16 14:28:03','2024-09-16 14:28:03',NULL),(3617,10730,3619,3623,NULL,0,NULL,'2024-09-16 14:28:03','2024-09-16 14:28:03',NULL),(3618,10730,3620,3624,NULL,0,NULL,'2024-09-16 14:28:03','2024-09-16 14:28:03',NULL),(3619,10730,3621,3625,NULL,0,NULL,'2024-09-16 14:28:03','2024-09-16 14:28:03',NULL),(3620,10730,3622,3626,NULL,0,NULL,'2024-09-16 14:28:03','2024-09-16 14:28:03',NULL),(3621,10730,3623,3627,NULL,0,NULL,'2024-09-16 14:28:03','2024-09-16 14:28:03',NULL),(3622,10730,3624,3628,NULL,0,NULL,'2024-09-16 14:28:03','2024-09-16 14:28:03',NULL),(3623,10730,3625,3629,NULL,0,NULL,'2024-09-16 14:28:03','2024-09-16 14:28:03',NULL),(3624,10730,3626,3630,NULL,0,NULL,'2024-09-16 14:28:03','2024-09-16 14:28:03',NULL),(3625,10730,3627,3631,NULL,0,NULL,'2024-09-16 14:28:03','2024-09-16 14:28:03',NULL),(3626,10730,3628,3632,NULL,0,NULL,'2024-09-16 14:28:03','2024-09-16 14:28:03',NULL),(3627,10730,3629,3633,NULL,0,NULL,'2024-09-16 14:28:03','2024-09-16 14:28:03',NULL),(3628,10730,3630,3634,NULL,0,NULL,'2024-09-16 14:28:03','2024-09-16 14:28:03',NULL),(3629,10730,3631,3635,NULL,0,NULL,'2024-09-16 14:28:03','2024-09-16 14:28:03',NULL),(3630,10730,3632,3636,NULL,0,NULL,'2024-09-16 14:28:04','2024-09-16 14:28:04',NULL),(3631,10730,3633,3637,NULL,0,NULL,'2024-09-16 14:28:04','2024-09-16 14:28:04',NULL),(3632,10730,3634,3638,NULL,0,NULL,'2024-09-16 14:28:04','2024-09-16 14:28:04',NULL),(3633,10730,3635,3639,NULL,0,NULL,'2024-09-16 14:28:04','2024-09-16 14:28:04',NULL),(3634,10730,3636,3640,NULL,0,NULL,'2024-09-16 14:28:04','2024-09-16 14:28:04',NULL),(3635,10730,3637,3641,NULL,0,NULL,'2024-09-16 14:28:04','2024-09-16 14:28:04',NULL),(3636,10730,3638,3642,NULL,0,NULL,'2024-09-16 14:28:04','2024-09-16 14:28:04',NULL),(3637,10730,3639,3643,NULL,0,NULL,'2024-09-16 14:28:04','2024-09-16 14:28:04',NULL),(3638,10730,3640,3644,NULL,0,NULL,'2024-09-16 14:28:04','2024-09-16 14:28:04',NULL),(3639,10730,3641,3645,NULL,0,NULL,'2024-09-16 14:28:04','2024-09-16 14:28:04',NULL),(3640,10730,3642,3646,NULL,0,NULL,'2024-09-16 14:28:04','2024-09-16 14:28:04',NULL),(3641,10730,3643,3647,NULL,0,NULL,'2024-09-16 14:28:04','2024-09-16 14:28:04',NULL),(3642,10730,3644,3648,NULL,0,NULL,'2024-09-16 14:28:04','2024-09-16 14:28:04',NULL),(3643,10730,3645,3649,NULL,0,NULL,'2024-09-16 14:28:04','2024-09-16 14:28:04',NULL),(3644,10730,3646,3650,NULL,0,NULL,'2024-09-16 14:28:04','2024-09-16 14:28:04',NULL),(3645,10730,3647,3651,NULL,0,NULL,'2024-09-16 14:28:04','2024-09-16 14:28:04',NULL),(3646,10730,3648,3652,NULL,0,NULL,'2024-09-16 14:28:04','2024-09-16 14:28:04',NULL),(3647,10730,3649,3653,NULL,0,NULL,'2024-09-16 14:28:04','2024-09-16 14:28:04',NULL),(3648,10730,3650,3654,NULL,0,NULL,'2024-09-16 14:28:04','2024-09-16 14:28:04',NULL),(3649,10730,3651,3655,NULL,0,NULL,'2024-09-16 14:28:05','2024-09-16 14:28:05',NULL),(3650,10730,3652,3656,NULL,0,NULL,'2024-09-16 14:28:05','2024-09-16 14:28:05',NULL),(3651,10730,3653,3657,NULL,0,NULL,'2024-09-16 14:28:05','2024-09-16 14:28:05',NULL),(3652,10730,3654,3658,NULL,0,NULL,'2024-09-16 14:28:05','2024-09-16 14:28:05',NULL),(3653,10730,3655,3659,NULL,0,NULL,'2024-09-16 14:28:05','2024-09-16 14:28:05',NULL),(3654,10730,3656,3660,NULL,0,NULL,'2024-09-16 14:28:05','2024-09-16 14:28:05',NULL),(3655,10730,3657,3661,NULL,0,NULL,'2024-09-16 14:28:05','2024-09-16 14:28:05',NULL),(3656,10730,3658,3662,NULL,0,NULL,'2024-09-16 14:28:05','2024-09-16 14:28:05',NULL),(3657,10730,3659,3663,NULL,0,NULL,'2024-09-16 14:28:05','2024-09-16 14:28:05',NULL),(3658,10730,3660,3664,NULL,0,NULL,'2024-09-16 14:28:05','2024-09-16 14:28:05',NULL),(3659,10730,3661,3665,NULL,0,NULL,'2024-09-16 14:28:05','2024-09-16 14:28:05',NULL);
INSERT INTO `cta_cte_cliente_pivot_receipt` VALUES (3660,10730,3662,3666,NULL,0,NULL,'2024-09-16 14:28:05','2024-09-16 14:28:05',NULL),(3661,10730,3663,3667,NULL,0,NULL,'2024-09-16 14:28:05','2024-09-16 14:28:05',NULL),(3662,10730,3664,3668,NULL,0,NULL,'2024-09-16 14:28:05','2024-09-16 14:28:05',NULL),(3663,10730,3665,3669,NULL,0,NULL,'2024-09-16 14:28:05','2024-09-16 14:28:05',NULL),(3664,10730,3666,3670,NULL,0,NULL,'2024-09-16 14:28:05','2024-09-16 14:28:05',NULL),(3665,10730,3667,3671,NULL,0,NULL,'2024-09-16 14:28:05','2024-09-16 14:28:05',NULL),(3666,10730,3668,3672,NULL,0,NULL,'2024-09-16 14:28:06','2024-09-16 14:28:06',NULL),(3667,10730,3669,3673,NULL,0,NULL,'2024-09-16 14:28:06','2024-09-16 14:28:06',NULL),(3668,10730,3670,3674,NULL,0,NULL,'2024-09-16 14:28:06','2024-09-16 14:28:06',NULL),(3669,10730,3671,3675,NULL,0,NULL,'2024-09-16 14:28:06','2024-09-16 14:28:06',NULL),(3670,10730,3672,3676,NULL,0,NULL,'2024-09-16 14:28:06','2024-09-16 14:28:06',NULL),(3671,10730,3673,3677,NULL,0,NULL,'2024-09-16 14:28:06','2024-09-16 14:28:06',NULL),(3672,10730,3674,3678,NULL,0,NULL,'2024-09-16 14:28:06','2024-09-16 14:28:06',NULL),(3673,10730,3675,3679,NULL,0,NULL,'2024-09-16 14:28:06','2024-09-16 14:28:06',NULL),(3674,10730,3676,3680,NULL,0,NULL,'2024-09-16 14:28:06','2024-09-16 14:28:06',NULL),(3675,10730,3677,3681,NULL,0,NULL,'2024-09-16 14:28:06','2024-09-16 14:28:06',NULL),(3676,10730,3678,3682,NULL,0,NULL,'2024-09-16 14:28:06','2024-09-16 14:28:06',NULL),(3677,10730,3679,3683,NULL,0,NULL,'2024-09-16 14:28:06','2024-09-16 14:28:06',NULL),(3678,10730,3680,3684,NULL,0,NULL,'2024-09-16 14:28:06','2024-09-16 14:28:06',NULL),(3679,10730,3681,3685,NULL,0,NULL,'2024-09-16 14:28:06','2024-09-16 14:28:06',NULL),(3680,10730,3682,3686,NULL,0,NULL,'2024-09-16 14:28:06','2024-09-16 14:28:06',NULL),(3681,10730,3683,3687,NULL,0,NULL,'2024-09-16 14:28:06','2024-09-16 14:28:06',NULL),(3682,10730,3684,3688,NULL,0,NULL,'2024-09-16 14:28:06','2024-09-16 14:28:06',NULL),(3683,10730,3685,3689,NULL,0,NULL,'2024-09-16 14:28:06','2024-09-16 14:28:06',NULL),(3684,10730,3686,3690,NULL,0,NULL,'2024-09-16 14:28:06','2024-09-16 14:28:06',NULL),(3685,10730,3687,3691,NULL,0,NULL,'2024-09-16 14:28:07','2024-09-16 14:28:07',NULL),(3686,10730,3688,3692,NULL,0,NULL,'2024-09-16 14:28:07','2024-09-16 14:28:07',NULL),(3687,10730,3689,3693,NULL,0,NULL,'2024-09-16 14:28:07','2024-09-16 14:28:07',NULL),(3688,10730,3690,3694,NULL,0,NULL,'2024-09-16 14:28:07','2024-09-16 14:28:07',NULL),(3689,10730,3691,3695,NULL,0,NULL,'2024-09-16 14:28:07','2024-09-16 14:28:07',NULL),(3690,10730,3692,3696,NULL,0,NULL,'2024-09-16 14:28:07','2024-09-16 14:28:07',NULL),(3691,10730,3693,3697,NULL,0,NULL,'2024-09-16 14:28:07','2024-09-16 14:28:07',NULL),(3692,10730,3694,3698,NULL,0,NULL,'2024-09-16 14:28:07','2024-09-16 14:28:07',NULL),(3693,10730,3695,3699,NULL,0,NULL,'2024-09-16 14:28:07','2024-09-16 14:28:07',NULL),(3694,10730,3696,3700,NULL,0,NULL,'2024-09-16 14:28:07','2024-09-16 14:28:07',NULL),(3695,10730,3697,3701,NULL,0,NULL,'2024-09-16 14:28:07','2024-09-16 14:28:07',NULL),(3696,10730,3698,3702,NULL,0,NULL,'2024-09-16 14:28:07','2024-09-16 14:28:07',NULL),(3697,10730,3699,3703,NULL,0,NULL,'2024-09-16 14:28:07','2024-09-16 14:28:07',NULL),(3698,10730,3700,3704,NULL,0,NULL,'2024-09-16 14:28:07','2024-09-16 14:28:07',NULL),(3699,10730,3701,3705,NULL,0,NULL,'2024-09-16 14:28:07','2024-09-16 14:28:07',NULL),(3700,10730,3702,3706,NULL,0,NULL,'2024-09-16 14:28:07','2024-09-16 14:28:07',NULL),(3701,10730,3703,3707,NULL,0,NULL,'2024-09-16 14:28:07','2024-09-16 14:28:07',NULL),(3702,10730,3704,3708,NULL,0,NULL,'2024-09-16 14:28:08','2024-09-16 14:28:08',NULL),(3703,10730,3705,3709,NULL,0,NULL,'2024-09-16 14:28:08','2024-09-16 14:28:08',NULL),(3704,10730,3706,3710,NULL,0,NULL,'2024-09-16 14:28:08','2024-09-16 14:28:08',NULL),(3705,10730,3707,3711,NULL,0,NULL,'2024-09-16 14:28:08','2024-09-16 14:28:08',NULL),(3706,10730,3708,3712,NULL,0,NULL,'2024-09-16 14:28:08','2024-09-16 14:28:08',NULL);
INSERT INTO `cta_cte_cliente_pivot_receipt` VALUES (3707,10730,3709,3713,NULL,0,NULL,'2024-09-16 14:28:08','2024-09-16 14:28:08',NULL),(3708,10730,3710,3714,NULL,0,NULL,'2024-09-16 14:28:08','2024-09-16 14:28:08',NULL),(3709,10730,3711,3715,NULL,0,NULL,'2024-09-16 14:28:08','2024-09-16 14:28:08',NULL),(3710,10730,3712,3716,NULL,0,NULL,'2024-09-16 14:28:08','2024-09-16 14:28:08',NULL),(3711,10730,3713,3717,NULL,0,NULL,'2024-09-16 14:28:08','2024-09-16 14:28:08',NULL),(3712,10730,3714,3718,NULL,0,NULL,'2024-09-16 14:28:08','2024-09-16 14:28:08',NULL),(3713,10730,3715,3719,NULL,0,NULL,'2024-09-16 14:28:08','2024-09-16 14:28:08',NULL),(3714,10730,3716,3720,NULL,0,NULL,'2024-09-16 14:28:08','2024-09-16 14:28:08',NULL),(3715,10730,3717,3721,NULL,0,NULL,'2024-09-16 14:28:08','2024-09-16 14:28:08',NULL),(3716,10730,3718,3722,NULL,0,NULL,'2024-09-16 14:28:08','2024-09-16 14:28:08',NULL),(3717,10730,3719,3723,NULL,0,NULL,'2024-09-16 14:28:08','2024-09-16 14:28:08',NULL),(3718,10730,3720,3724,NULL,0,NULL,'2024-09-16 14:28:08','2024-09-16 14:28:08',NULL),(3719,10730,3721,3725,NULL,0,NULL,'2024-09-16 14:28:09','2024-09-16 14:28:09',NULL),(3720,10730,3722,3726,NULL,0,NULL,'2024-09-16 14:28:09','2024-09-16 14:28:09',NULL),(3721,10730,3723,3727,NULL,0,NULL,'2024-09-16 14:28:09','2024-09-16 14:28:09',NULL),(3722,10730,3724,3728,NULL,0,NULL,'2024-09-16 14:28:09','2024-09-16 14:28:09',NULL),(3723,10730,3725,3729,NULL,0,NULL,'2024-09-16 14:28:09','2024-09-16 14:28:09',NULL),(3724,10730,3726,3730,NULL,0,NULL,'2024-09-16 14:28:09','2024-09-16 14:28:09',NULL),(3725,10730,3727,3731,NULL,0,NULL,'2024-09-16 14:28:09','2024-09-16 14:28:09',NULL),(3726,10730,3728,3732,NULL,0,NULL,'2024-09-16 14:28:09','2024-09-16 14:28:09',NULL),(3727,10730,3729,3733,NULL,0,NULL,'2024-09-16 14:28:09','2024-09-16 14:28:09',NULL),(3728,10730,3730,3734,NULL,0,NULL,'2024-09-16 14:28:09','2024-09-16 14:28:09',NULL),(3729,10730,3731,3735,NULL,0,NULL,'2024-09-16 14:28:09','2024-09-16 14:28:09',NULL),(3730,10730,3732,3736,NULL,0,NULL,'2024-09-16 14:28:09','2024-09-16 14:28:09',NULL),(3731,10730,3733,3737,NULL,0,NULL,'2024-09-16 14:28:09','2024-09-16 14:28:09',NULL),(3732,10730,3734,3738,NULL,0,NULL,'2024-09-16 14:28:09','2024-09-16 14:28:09',NULL),(3733,10730,3735,3739,NULL,0,NULL,'2024-09-16 14:28:09','2024-09-16 14:28:09',NULL),(3734,10730,3736,3740,NULL,0,NULL,'2024-09-16 14:28:09','2024-09-16 14:28:09',NULL),(3735,10730,3737,3741,NULL,0,NULL,'2024-09-16 14:28:09','2024-09-16 14:28:09',NULL),(3736,10730,3738,3742,NULL,0,NULL,'2024-09-16 14:28:09','2024-09-16 14:28:09',NULL),(3737,10730,3739,3743,NULL,0,NULL,'2024-09-16 14:28:09','2024-09-16 14:28:09',NULL),(3738,10730,3740,3744,NULL,0,NULL,'2024-09-16 14:28:10','2024-09-16 14:28:10',NULL),(3739,10730,3741,3745,NULL,0,NULL,'2024-09-16 14:28:10','2024-09-16 14:28:10',NULL),(3740,10730,3742,3746,NULL,0,NULL,'2024-09-16 14:28:10','2024-09-16 14:28:10',NULL),(3741,10730,3743,3747,NULL,0,NULL,'2024-09-16 14:28:10','2024-09-16 14:28:10',NULL),(3742,10730,3744,3748,NULL,0,NULL,'2024-09-16 14:28:10','2024-09-16 14:28:10',NULL),(3743,10730,3745,3749,NULL,0,NULL,'2024-09-16 14:28:10','2024-09-16 14:28:10',NULL),(3744,10730,3746,3750,NULL,0,NULL,'2024-09-16 14:28:10','2024-09-16 14:28:10',NULL),(3745,10730,3747,3751,NULL,0,NULL,'2024-09-16 14:28:10','2024-09-16 14:28:10',NULL),(3746,10730,3748,3752,NULL,0,NULL,'2024-09-16 14:28:10','2024-09-16 14:28:10',NULL),(3747,10730,3749,3753,NULL,0,NULL,'2024-09-16 14:28:10','2024-09-16 14:28:10',NULL),(3748,10730,3750,3754,NULL,0,NULL,'2024-09-16 14:28:10','2024-09-16 14:28:10',NULL),(3749,10730,3751,3755,NULL,0,NULL,'2024-09-16 14:28:10','2024-09-16 14:28:10',NULL),(3750,10730,3752,3756,NULL,0,NULL,'2024-09-16 14:28:10','2024-09-16 14:28:10',NULL),(3751,10730,3753,3757,NULL,0,NULL,'2024-09-16 14:28:10','2024-09-16 14:28:10',NULL),(3752,10730,3754,3758,NULL,0,NULL,'2024-09-16 14:28:10','2024-09-16 14:28:10',NULL),(3753,10730,3755,3759,NULL,0,NULL,'2024-09-16 14:28:10','2024-09-16 14:28:10',NULL);
INSERT INTO `cta_cte_cliente_pivot_receipt` VALUES (3754,10730,3756,3760,NULL,0,NULL,'2024-09-16 14:28:10','2024-09-16 14:28:10',NULL),(3755,10730,3757,3761,NULL,0,NULL,'2024-09-16 14:28:10','2024-09-16 14:28:10',NULL),(3756,10730,3758,3762,NULL,0,NULL,'2024-09-16 14:28:10','2024-09-16 14:28:10',NULL),(3757,10730,3759,3763,NULL,0,NULL,'2024-09-16 14:28:10','2024-09-16 14:28:10',NULL),(3758,10730,3760,3764,NULL,0,NULL,'2024-09-16 14:28:11','2024-09-16 14:28:11',NULL),(3759,10730,3761,3765,NULL,0,NULL,'2024-09-16 14:28:11','2024-09-16 14:28:11',NULL),(3760,10730,3762,3766,NULL,0,NULL,'2024-09-16 14:28:11','2024-09-16 14:28:11',NULL),(3761,10730,3763,3767,NULL,0,NULL,'2024-09-16 14:28:11','2024-09-16 14:28:11',NULL),(3762,10730,3764,3768,NULL,0,NULL,'2024-09-16 14:28:11','2024-09-16 14:28:11',NULL),(3763,10730,3765,3769,NULL,0,NULL,'2024-09-16 14:28:11','2024-09-16 14:28:11',NULL),(3764,10730,3766,3770,NULL,0,NULL,'2024-09-16 14:28:11','2024-09-16 14:28:11',NULL),(3765,10730,3767,3771,NULL,0,NULL,'2024-09-16 14:28:11','2024-09-16 14:28:11',NULL),(3766,10730,3768,3772,NULL,0,NULL,'2024-09-16 14:28:11','2024-09-16 14:28:11',NULL),(3767,10730,3769,3773,NULL,0,NULL,'2024-09-16 14:28:11','2024-09-16 14:28:11',NULL),(3768,10730,3770,3774,NULL,0,NULL,'2024-09-16 14:28:11','2024-09-16 14:28:11',NULL),(3769,10730,3771,3775,NULL,0,NULL,'2024-09-16 14:28:11','2024-09-16 14:28:11',NULL),(3770,10730,3772,3776,NULL,0,NULL,'2024-09-16 14:28:11','2024-09-16 14:28:11',NULL),(3771,10730,3773,3777,NULL,0,NULL,'2024-09-16 14:28:11','2024-09-16 14:28:11',NULL),(3772,10730,3774,3778,NULL,0,NULL,'2024-09-16 14:28:11','2024-09-16 14:28:11',NULL),(3773,10730,3775,3779,NULL,0,NULL,'2024-09-16 14:28:11','2024-09-16 14:28:11',NULL),(3774,10730,3776,3780,NULL,0,NULL,'2024-09-16 14:28:11','2024-09-16 14:28:11',NULL),(3775,10730,3777,3781,NULL,0,NULL,'2024-09-16 14:28:11','2024-09-16 14:28:11',NULL),(3776,10730,3778,3782,NULL,0,NULL,'2024-09-16 14:28:11','2024-09-16 14:28:11',NULL),(3777,10730,3779,3783,NULL,0,NULL,'2024-09-16 14:28:11','2024-09-16 14:28:11',NULL),(3778,10730,3780,3784,NULL,0,NULL,'2024-09-16 14:28:11','2024-09-16 14:28:11',NULL),(3779,10730,3781,3785,NULL,0,NULL,'2024-09-16 14:28:11','2024-09-16 14:28:11',NULL),(3780,10730,3782,3786,NULL,0,NULL,'2024-09-16 14:28:12','2024-09-16 14:28:12',NULL),(3781,10730,3783,3787,NULL,0,NULL,'2024-09-16 14:28:12','2024-09-16 14:28:12',NULL),(3782,10730,3784,3788,NULL,0,NULL,'2024-09-16 14:28:12','2024-09-16 14:28:12',NULL),(3783,10730,3785,3789,NULL,0,NULL,'2024-09-16 14:28:12','2024-09-16 14:28:12',NULL),(3784,10730,3786,3790,NULL,0,NULL,'2024-09-16 14:28:12','2024-09-16 14:28:12',NULL),(3785,10730,3787,3791,NULL,0,NULL,'2024-09-16 14:28:12','2024-09-16 14:28:12',NULL),(3786,10730,3788,3792,NULL,0,NULL,'2024-09-16 14:28:12','2024-09-16 14:28:12',NULL),(3787,10730,3789,3793,NULL,0,NULL,'2024-09-16 14:28:12','2024-09-16 14:28:12',NULL),(3788,10730,3790,3794,NULL,0,NULL,'2024-09-16 14:28:12','2024-09-16 14:28:12',NULL),(3789,10730,3791,3795,NULL,0,NULL,'2024-09-16 14:28:12','2024-09-16 14:28:12',NULL),(3790,10730,3792,3796,NULL,0,NULL,'2024-09-16 14:28:12','2024-09-16 14:28:12',NULL),(3791,10730,3793,3797,NULL,0,NULL,'2024-09-16 14:28:12','2024-09-16 14:28:12',NULL),(3792,10730,3794,3798,NULL,0,NULL,'2024-09-16 14:28:12','2024-09-16 14:28:12',NULL),(3793,10730,3795,3799,NULL,0,NULL,'2024-09-16 14:28:12','2024-09-16 14:28:12',NULL),(3794,10730,3796,3800,NULL,0,NULL,'2024-09-16 14:28:12','2024-09-16 14:28:12',NULL),(3795,10730,3797,3801,NULL,0,NULL,'2024-09-16 14:28:12','2024-09-16 14:28:12',NULL),(3796,10730,3798,3802,NULL,0,NULL,'2024-09-16 14:28:12','2024-09-16 14:28:12',NULL),(3797,10730,3799,3803,NULL,0,NULL,'2024-09-16 14:28:12','2024-09-16 14:28:12',NULL),(3798,10730,3800,3804,NULL,0,NULL,'2024-09-16 14:28:12','2024-09-16 14:28:12',NULL),(3799,10730,3801,3805,NULL,0,NULL,'2024-09-16 14:28:12','2024-09-16 14:28:12',NULL),(3800,10730,3802,3806,NULL,0,NULL,'2024-09-16 14:28:13','2024-09-16 14:28:13',NULL);
INSERT INTO `cta_cte_cliente_pivot_receipt` VALUES (3801,10730,3803,3807,NULL,0,NULL,'2024-09-16 14:28:13','2024-09-16 14:28:13',NULL),(3802,10730,3804,3808,NULL,0,NULL,'2024-09-16 14:28:13','2024-09-16 14:28:13',NULL),(3803,10730,3805,3809,NULL,0,NULL,'2024-09-16 14:28:13','2024-09-16 14:28:13',NULL),(3804,10730,3806,3810,NULL,0,NULL,'2024-09-16 14:28:13','2024-09-16 14:28:13',NULL),(3805,10730,3807,3811,NULL,0,NULL,'2024-09-16 14:28:13','2024-09-16 14:28:13',NULL),(3806,10730,3808,3812,NULL,0,NULL,'2024-09-16 14:28:13','2024-09-16 14:28:13',NULL),(3807,10730,3809,3813,NULL,0,NULL,'2024-09-16 14:28:13','2024-09-16 14:28:13',NULL),(3808,10730,3810,3814,NULL,0,NULL,'2024-09-16 14:28:13','2024-09-16 14:28:13',NULL),(3809,10730,3811,3815,NULL,0,NULL,'2024-09-16 14:28:13','2024-09-16 14:28:13',NULL),(3810,10730,3812,3816,NULL,0,NULL,'2024-09-16 14:28:13','2024-09-16 14:28:13',NULL),(3811,10730,3813,3817,NULL,0,NULL,'2024-09-16 14:28:13','2024-09-16 14:28:13',NULL),(3812,10730,3814,3818,NULL,0,NULL,'2024-09-16 14:28:13','2024-09-16 14:28:13',NULL),(3813,10730,3815,3819,NULL,0,NULL,'2024-09-16 14:28:13','2024-09-16 14:28:13',NULL),(3814,10730,3816,3820,NULL,0,NULL,'2024-09-16 14:28:13','2024-09-16 14:28:13',NULL),(3815,10730,3817,3821,NULL,0,NULL,'2024-09-16 14:28:13','2024-09-16 14:28:13',NULL),(3816,10730,3818,3822,NULL,0,NULL,'2024-09-16 14:28:13','2024-09-16 14:28:13',NULL),(3817,10730,3819,3823,NULL,0,NULL,'2024-09-16 14:28:13','2024-09-16 14:28:13',NULL),(3818,10730,3820,3824,NULL,0,NULL,'2024-09-16 14:28:13','2024-09-16 14:28:13',NULL),(3819,10730,3821,3825,NULL,0,NULL,'2024-09-16 14:28:13','2024-09-16 14:28:13',NULL),(3820,10730,3822,3826,NULL,0,NULL,'2024-09-16 14:28:13','2024-09-16 14:28:13',NULL),(3821,10730,3823,3827,NULL,0,NULL,'2024-09-16 14:28:14','2024-09-16 14:28:14',NULL),(3822,10730,3824,3828,NULL,0,NULL,'2024-09-16 14:28:14','2024-09-16 14:28:14',NULL),(3823,10730,3825,3829,NULL,0,NULL,'2024-09-16 14:28:14','2024-09-16 14:28:14',NULL),(3824,10730,3826,3830,NULL,0,NULL,'2024-09-16 14:28:14','2024-09-16 14:28:14',NULL),(3825,10730,3827,3831,NULL,0,NULL,'2024-09-16 14:28:14','2024-09-16 14:28:14',NULL),(3826,10730,3828,3832,NULL,0,NULL,'2024-09-16 14:28:14','2024-09-16 14:28:14',NULL),(3827,10730,3829,3833,NULL,0,NULL,'2024-09-16 14:28:14','2024-09-16 14:28:14',NULL),(3828,10730,3830,3834,NULL,0,NULL,'2024-09-16 14:28:14','2024-09-16 14:28:14',NULL),(3829,10730,3831,3835,NULL,0,NULL,'2024-09-16 14:28:14','2024-09-16 14:28:14',NULL),(3830,10730,3832,3836,NULL,0,NULL,'2024-09-16 14:28:14','2024-09-16 14:28:14',NULL),(3831,10730,3833,3837,NULL,0,NULL,'2024-09-16 14:28:14','2024-09-16 14:28:14',NULL),(3832,10730,3834,3838,NULL,0,NULL,'2024-09-16 14:28:14','2024-09-16 14:28:14',NULL),(3833,10730,3835,3839,NULL,0,NULL,'2024-09-16 14:28:14','2024-09-16 14:28:14',NULL),(3834,10730,3836,3840,NULL,0,NULL,'2024-09-16 14:28:14','2024-09-16 14:28:14',NULL),(3835,10730,3837,3841,NULL,0,NULL,'2024-09-16 14:28:14','2024-09-16 14:28:14',NULL),(3836,10730,3838,3842,NULL,0,NULL,'2024-09-16 14:28:14','2024-09-16 14:28:14',NULL),(3837,10730,3839,3843,NULL,0,NULL,'2024-09-16 14:28:14','2024-09-16 14:28:14',NULL),(3838,10730,3840,3844,NULL,0,NULL,'2024-09-16 14:28:14','2024-09-16 14:28:14',NULL),(3839,10730,3841,3845,NULL,0,NULL,'2024-09-16 14:28:14','2024-09-16 14:28:14',NULL),(3840,10730,3842,3846,NULL,0,NULL,'2024-09-16 14:28:14','2024-09-16 14:28:14',NULL),(3841,10730,3843,3847,NULL,0,NULL,'2024-09-16 14:28:14','2024-09-16 14:28:14',NULL),(3842,10730,3844,3848,NULL,0,NULL,'2024-09-16 14:28:14','2024-09-16 14:28:14',NULL),(3843,10730,3845,3849,NULL,0,NULL,'2024-09-16 14:28:15','2024-09-16 14:28:15',NULL),(3844,10730,3846,3850,NULL,0,NULL,'2024-09-16 14:28:15','2024-09-16 14:28:15',NULL),(3845,10730,3847,3851,NULL,0,NULL,'2024-09-16 14:28:15','2024-09-16 14:28:15',NULL),(3846,10730,3848,3852,NULL,0,NULL,'2024-09-16 14:28:15','2024-09-16 14:28:15',NULL),(3847,10730,3849,3853,NULL,0,NULL,'2024-09-16 14:28:15','2024-09-16 14:28:15',NULL);
INSERT INTO `cta_cte_cliente_pivot_receipt` VALUES (3848,10730,3850,3854,NULL,0,NULL,'2024-09-16 14:28:15','2024-09-16 14:28:15',NULL),(3849,10730,3851,3855,NULL,0,NULL,'2024-09-16 14:28:15','2024-09-16 14:28:15',NULL),(3850,10730,3852,3856,NULL,0,NULL,'2024-09-16 14:28:15','2024-09-16 14:28:15',NULL),(3851,10730,3853,3857,NULL,0,NULL,'2024-09-16 14:28:15','2024-09-16 14:28:15',NULL),(3852,10730,3854,3858,NULL,0,NULL,'2024-09-16 14:28:15','2024-09-16 14:28:15',NULL),(3853,10730,3855,3859,NULL,0,NULL,'2024-09-16 14:28:15','2024-09-16 14:28:15',NULL),(3854,10730,3856,3860,NULL,0,NULL,'2024-09-16 14:28:15','2024-09-16 14:28:15',NULL),(3855,10730,3857,3861,NULL,0,NULL,'2024-09-16 14:28:15','2024-09-16 14:28:15',NULL),(3856,10730,3858,3862,NULL,0,NULL,'2024-09-16 14:28:15','2024-09-16 14:28:15',NULL),(3857,10730,3859,3863,NULL,0,NULL,'2024-09-16 14:28:15','2024-09-16 14:28:15',NULL),(3858,10730,3860,3864,NULL,0,NULL,'2024-09-16 14:28:15','2024-09-16 14:28:15',NULL),(3859,10730,3861,3865,NULL,0,NULL,'2024-09-16 14:28:16','2024-09-16 14:28:16',NULL),(3860,10730,3862,3866,NULL,0,NULL,'2024-09-16 14:28:16','2024-09-16 14:28:16',NULL),(3861,10730,3863,3867,NULL,0,NULL,'2024-09-16 14:28:16','2024-09-16 14:28:16',NULL),(3862,10730,3864,3868,NULL,0,NULL,'2024-09-16 14:28:16','2024-09-16 14:28:16',NULL),(3863,10730,3865,3869,NULL,0,NULL,'2024-09-16 14:28:16','2024-09-16 14:28:16',NULL),(3864,10730,3866,3870,NULL,0,NULL,'2024-09-16 14:28:16','2024-09-16 14:28:16',NULL),(3865,10730,3867,3871,NULL,0,NULL,'2024-09-16 14:28:16','2024-09-16 14:28:16',NULL),(3866,10730,3868,3872,NULL,0,NULL,'2024-09-16 14:28:16','2024-09-16 14:28:16',NULL),(3867,10730,3869,3873,NULL,0,NULL,'2024-09-16 14:28:16','2024-09-16 14:28:16',NULL),(3868,10730,3870,3874,NULL,0,NULL,'2024-09-16 14:28:16','2024-09-16 14:28:16',NULL),(3869,10730,3871,3875,NULL,0,NULL,'2024-09-16 14:28:16','2024-09-16 14:28:16',NULL),(3870,10730,3872,3876,NULL,0,NULL,'2024-09-16 14:28:16','2024-09-16 14:28:16',NULL),(3871,10730,3873,3877,NULL,0,NULL,'2024-09-16 14:28:16','2024-09-16 14:28:16',NULL),(3872,10730,3874,3878,NULL,0,NULL,'2024-09-16 14:28:16','2024-09-16 14:28:16',NULL),(3873,10730,3875,3879,NULL,0,NULL,'2024-09-16 14:28:17','2024-09-16 14:28:17',NULL),(3874,10730,3876,3880,NULL,0,NULL,'2024-09-16 14:28:17','2024-09-16 14:28:17',NULL),(3875,10730,3877,3881,NULL,0,NULL,'2024-09-16 14:28:17','2024-09-16 14:28:17',NULL),(3876,10730,3878,3882,NULL,0,NULL,'2024-09-16 14:28:17','2024-09-16 14:28:17',NULL),(3877,10730,3879,3883,NULL,0,NULL,'2024-09-16 14:28:17','2024-09-16 14:28:17',NULL),(3878,10730,3880,3884,NULL,0,NULL,'2024-09-16 14:28:17','2024-09-16 14:28:17',NULL),(3879,10730,3881,3885,NULL,0,NULL,'2024-09-16 14:28:17','2024-09-16 14:28:17',NULL),(3880,10730,3882,3886,NULL,0,NULL,'2024-09-16 14:28:17','2024-09-16 14:28:17',NULL),(3881,10730,3883,3887,NULL,0,NULL,'2024-09-16 14:28:17','2024-09-16 14:28:17',NULL),(3882,10730,3884,3888,NULL,0,NULL,'2024-09-16 14:28:17','2024-09-16 14:28:17',NULL),(3883,10730,3885,3889,NULL,0,NULL,'2024-09-16 14:28:17','2024-09-16 14:28:17',NULL),(3884,10730,3886,3890,NULL,0,NULL,'2024-09-16 14:28:17','2024-09-16 14:28:17',NULL),(3885,10730,3887,3891,NULL,0,NULL,'2024-09-16 14:28:17','2024-09-16 14:28:17',NULL),(3886,10730,3888,3892,NULL,0,NULL,'2024-09-16 14:28:18','2024-09-16 14:28:18',NULL),(3887,10730,3889,3893,NULL,0,NULL,'2024-09-16 14:28:18','2024-09-16 14:28:18',NULL),(3888,10730,3890,3894,NULL,0,NULL,'2024-09-16 14:28:18','2024-09-16 14:28:18',NULL),(3889,10730,3891,3895,NULL,0,NULL,'2024-09-16 14:28:18','2024-09-16 14:28:18',NULL),(3890,10730,3892,3896,NULL,0,NULL,'2024-09-16 14:28:18','2024-09-16 14:28:18',NULL),(3891,10730,3893,3897,NULL,0,NULL,'2024-09-16 14:28:18','2024-09-16 14:28:18',NULL),(3892,10730,3894,3898,NULL,0,NULL,'2024-09-16 14:28:18','2024-09-16 14:28:18',NULL),(3893,10730,3895,3899,NULL,0,NULL,'2024-09-16 14:28:18','2024-09-16 14:28:18',NULL),(3894,10730,3896,3900,NULL,0,NULL,'2024-09-16 14:28:18','2024-09-16 14:28:18',NULL);
INSERT INTO `cta_cte_cliente_pivot_receipt` VALUES (3895,10730,3897,3901,NULL,0,NULL,'2024-09-16 14:28:18','2024-09-16 14:28:18',NULL),(3896,10730,3898,3902,NULL,0,NULL,'2024-09-16 14:28:18','2024-09-16 14:28:18',NULL),(3897,10730,3899,3903,NULL,0,NULL,'2024-09-16 14:28:18','2024-09-16 14:28:18',NULL),(3898,10730,3900,3904,NULL,0,NULL,'2024-09-16 14:28:19','2024-09-16 14:28:19',NULL),(3899,10730,3901,3905,NULL,0,NULL,'2024-09-16 14:28:19','2024-09-16 14:28:19',NULL),(3900,10730,3902,3906,NULL,0,NULL,'2024-09-16 14:28:19','2024-09-16 14:28:19',NULL),(3901,10730,3903,3907,NULL,0,NULL,'2024-09-16 14:28:19','2024-09-16 14:28:19',NULL),(3902,10730,3904,3908,NULL,0,NULL,'2024-09-16 14:28:19','2024-09-16 14:28:19',NULL),(3903,10730,3905,3909,NULL,0,NULL,'2024-09-16 14:28:19','2024-09-16 14:28:19',NULL),(3904,10730,3906,3910,NULL,0,NULL,'2024-09-16 14:28:19','2024-09-16 14:28:19',NULL),(3905,10730,3907,3911,NULL,0,NULL,'2024-09-16 14:28:19','2024-09-16 14:28:19',NULL),(3906,10730,3908,3912,NULL,0,NULL,'2024-09-16 14:28:19','2024-09-16 14:28:19',NULL),(3907,10730,3909,3913,NULL,0,NULL,'2024-09-16 14:28:19','2024-09-16 14:28:19',NULL),(3908,10730,3910,3914,NULL,0,NULL,'2024-09-16 14:28:19','2024-09-16 14:28:19',NULL),(3909,10730,3911,3915,NULL,0,NULL,'2024-09-16 14:28:19','2024-09-16 14:28:19',NULL),(3910,10730,3912,3916,NULL,0,NULL,'2024-09-16 14:28:19','2024-09-16 14:28:19',NULL),(3911,10730,3913,3917,NULL,0,NULL,'2024-09-16 14:28:19','2024-09-16 14:28:19',NULL),(3912,10730,3914,3918,NULL,0,NULL,'2024-09-16 14:28:20','2024-09-16 14:28:20',NULL),(3913,10730,3915,3919,NULL,0,NULL,'2024-09-16 14:28:20','2024-09-16 14:28:20',NULL),(3914,10730,3916,3920,NULL,0,NULL,'2024-09-16 14:28:20','2024-09-16 14:28:20',NULL),(3915,10730,3917,3921,NULL,0,NULL,'2024-09-16 14:28:20','2024-09-16 14:28:20',NULL),(3916,10730,3918,3922,NULL,0,NULL,'2024-09-16 14:28:20','2024-09-16 14:28:20',NULL),(3917,10730,3919,3923,NULL,0,NULL,'2024-09-16 14:28:20','2024-09-16 14:28:20',NULL),(3918,10730,3920,3924,NULL,0,NULL,'2024-09-16 14:28:20','2024-09-16 14:28:20',NULL),(3919,10730,3921,3925,NULL,0,NULL,'2024-09-16 14:28:20','2024-09-16 14:28:20',NULL),(3920,10730,3922,3926,NULL,0,NULL,'2024-09-16 14:28:20','2024-09-16 14:28:20',NULL),(3921,10730,3923,3927,NULL,0,NULL,'2024-09-16 14:28:20','2024-09-16 14:28:20',NULL),(3922,10730,3924,3928,NULL,0,NULL,'2024-09-16 14:28:20','2024-09-16 14:28:20',NULL),(3923,10730,3925,3929,NULL,0,NULL,'2024-09-16 14:28:20','2024-09-16 14:28:20',NULL),(3924,10730,3926,3930,NULL,0,NULL,'2024-09-16 14:28:20','2024-09-16 14:28:20',NULL),(3925,10730,3927,3931,NULL,0,NULL,'2024-09-16 14:28:21','2024-09-16 14:28:21',NULL),(3926,10730,3928,3932,NULL,0,NULL,'2024-09-16 14:28:21','2024-09-16 14:28:21',NULL),(3927,10730,3929,3933,NULL,0,NULL,'2024-09-16 14:28:21','2024-09-16 14:28:21',NULL),(3928,10730,3930,3934,NULL,0,NULL,'2024-09-16 14:28:21','2024-09-16 14:28:21',NULL),(3929,10730,3931,3935,NULL,0,NULL,'2024-09-16 14:28:21','2024-09-16 14:28:21',NULL),(3930,10730,3932,3936,NULL,0,NULL,'2024-09-16 14:28:21','2024-09-16 14:28:21',NULL),(3931,10730,3933,3937,NULL,0,NULL,'2024-09-16 14:28:21','2024-09-16 14:28:21',NULL),(3932,10730,3934,3938,NULL,0,NULL,'2024-09-16 14:28:21','2024-09-16 14:28:21',NULL),(3933,10730,3935,3939,NULL,0,NULL,'2024-09-16 14:28:21','2024-09-16 14:28:21',NULL),(3934,10730,3936,3940,NULL,0,NULL,'2024-09-16 14:28:21','2024-09-16 14:28:21',NULL),(3935,10730,3937,3941,NULL,0,NULL,'2024-09-16 14:28:21','2024-09-16 14:28:21',NULL),(3936,10730,3938,3942,NULL,0,NULL,'2024-09-16 14:28:21','2024-09-16 14:28:21',NULL),(3937,10730,3939,3943,NULL,0,NULL,'2024-09-16 14:28:21','2024-09-16 14:28:21',NULL),(3938,10730,3940,3944,NULL,0,NULL,'2024-09-16 14:28:21','2024-09-16 14:28:21',NULL),(3939,10730,3941,3945,NULL,0,NULL,'2024-09-16 14:28:21','2024-09-16 14:28:21',NULL),(3940,10730,3942,3946,NULL,0,NULL,'2024-09-16 14:28:21','2024-09-16 14:28:21',NULL),(3941,10730,3943,3947,NULL,0,NULL,'2024-09-16 14:28:21','2024-09-16 14:28:21',NULL);
INSERT INTO `cta_cte_cliente_pivot_receipt` VALUES (3942,10730,3944,3948,NULL,0,NULL,'2024-09-16 14:28:21','2024-09-16 14:28:21',NULL),(3943,10730,3945,3949,NULL,0,NULL,'2024-09-16 14:28:22','2024-09-16 14:28:22',NULL),(3944,10730,3946,3950,NULL,0,NULL,'2024-09-16 14:28:22','2024-09-16 14:28:22',NULL),(3945,10730,3947,3951,NULL,0,NULL,'2024-09-16 14:28:22','2024-09-16 14:28:22',NULL),(3946,10730,3948,3952,NULL,0,NULL,'2024-09-16 14:28:22','2024-09-16 14:28:22',NULL),(3947,10730,3949,3953,NULL,0,NULL,'2024-09-16 14:28:22','2024-09-16 14:28:22',NULL),(3948,10730,3950,3954,NULL,0,NULL,'2024-09-16 14:28:22','2024-09-16 14:28:22',NULL),(3949,10730,3951,3955,NULL,0,NULL,'2024-09-16 14:28:22','2024-09-16 14:28:22',NULL),(3950,10730,3952,3956,NULL,0,NULL,'2024-09-16 14:28:22','2024-09-16 14:28:22',NULL),(3951,10730,3953,3957,NULL,0,NULL,'2024-09-16 14:28:22','2024-09-16 14:28:22',NULL),(3952,10730,3954,3958,NULL,0,NULL,'2024-09-16 14:28:22','2024-09-16 14:28:22',NULL),(3953,10730,3955,3959,NULL,0,NULL,'2024-09-16 14:28:22','2024-09-16 14:28:22',NULL),(3954,10730,3956,3960,NULL,0,NULL,'2024-09-16 14:28:22','2024-09-16 14:28:22',NULL),(3955,10730,3957,3961,NULL,0,NULL,'2024-09-16 14:28:22','2024-09-16 14:28:22',NULL),(3956,10730,3958,3962,NULL,0,NULL,'2024-09-16 14:28:22','2024-09-16 14:28:22',NULL),(3957,10730,3959,3963,NULL,0,NULL,'2024-09-16 14:28:22','2024-09-16 14:28:22',NULL),(3958,10730,3960,3964,NULL,0,NULL,'2024-09-16 14:28:22','2024-09-16 14:28:22',NULL),(3959,10730,3961,3965,NULL,0,NULL,'2024-09-16 14:28:22','2024-09-16 14:28:22',NULL),(3960,10730,3962,3966,NULL,0,NULL,'2024-09-16 14:28:23','2024-09-16 14:28:23',NULL),(3961,10730,3963,3967,NULL,0,NULL,'2024-09-16 14:28:23','2024-09-16 14:28:23',NULL),(3962,10730,3964,3968,NULL,0,NULL,'2024-09-16 14:28:23','2024-09-16 14:28:23',NULL),(3963,10730,3965,3969,NULL,0,NULL,'2024-09-16 14:28:23','2024-09-16 14:28:23',NULL),(3964,10730,3966,3970,NULL,0,NULL,'2024-09-16 14:28:23','2024-09-16 14:28:23',NULL),(3965,10730,3967,3971,NULL,0,NULL,'2024-09-16 14:28:23','2024-09-16 14:28:23',NULL),(3966,10730,3968,3972,NULL,0,NULL,'2024-09-16 14:28:23','2024-09-16 14:28:23',NULL),(3967,10730,3969,3973,NULL,0,NULL,'2024-09-16 14:28:23','2024-09-16 14:28:23',NULL),(3968,10730,3970,3974,NULL,0,NULL,'2024-09-16 14:28:23','2024-09-16 14:28:23',NULL),(3969,10730,3971,3975,NULL,0,NULL,'2024-09-16 14:28:23','2024-09-16 14:28:23',NULL),(3970,10730,3972,3976,NULL,0,NULL,'2024-09-16 14:28:23','2024-09-16 14:28:23',NULL),(3971,10730,3973,3977,NULL,0,NULL,'2024-09-16 14:28:23','2024-09-16 14:28:23',NULL),(3972,10730,3974,3978,NULL,0,NULL,'2024-09-16 14:28:23','2024-09-16 14:28:23',NULL),(3973,10730,3975,3979,NULL,0,NULL,'2024-09-16 14:28:23','2024-09-16 14:28:23',NULL),(3974,10730,3976,3980,NULL,0,NULL,'2024-09-16 14:28:23','2024-09-16 14:28:23',NULL),(3975,10730,3977,3981,NULL,0,NULL,'2024-09-16 14:28:23','2024-09-16 14:28:23',NULL),(3976,10730,3978,3982,NULL,0,NULL,'2024-09-16 14:28:23','2024-09-16 14:28:23',NULL),(3977,10730,3979,3983,NULL,0,NULL,'2024-09-16 14:28:24','2024-09-16 14:28:24',NULL),(3978,10730,3980,3984,NULL,0,NULL,'2024-09-16 14:28:24','2024-09-16 14:28:24',NULL),(3979,10730,3981,3985,NULL,0,NULL,'2024-09-16 14:28:24','2024-09-16 14:28:24',NULL),(3980,10730,3982,3986,NULL,0,NULL,'2024-09-16 14:28:24','2024-09-16 14:28:24',NULL),(3981,10730,3983,3987,NULL,0,NULL,'2024-09-16 14:28:24','2024-09-16 14:28:24',NULL),(3982,10730,3984,3988,NULL,0,NULL,'2024-09-16 14:28:24','2024-09-16 14:28:24',NULL),(3983,10730,3985,3989,NULL,0,NULL,'2024-09-16 14:28:24','2024-09-16 14:28:24',NULL),(3984,10730,3986,3990,NULL,0,NULL,'2024-09-16 14:28:24','2024-09-16 14:28:24',NULL),(3985,10730,3987,3991,NULL,0,NULL,'2024-09-16 14:28:24','2024-09-16 14:28:24',NULL),(3986,10730,3988,3992,NULL,0,NULL,'2024-09-16 14:28:24','2024-09-16 14:28:24',NULL),(3987,10730,3989,3993,NULL,0,NULL,'2024-09-16 14:28:24','2024-09-16 14:28:24',NULL),(3988,10730,3990,3994,NULL,0,NULL,'2024-09-16 14:28:24','2024-09-16 14:28:24',NULL);
INSERT INTO `cta_cte_cliente_pivot_receipt` VALUES (3989,10730,3991,3995,NULL,0,NULL,'2024-09-16 14:28:24','2024-09-16 14:28:24',NULL),(3990,10730,3992,3996,NULL,0,NULL,'2024-09-16 14:28:24','2024-09-16 14:28:24',NULL),(3991,10730,3993,3997,NULL,0,NULL,'2024-09-16 14:28:24','2024-09-16 14:28:24',NULL),(3992,10730,3994,3998,NULL,0,NULL,'2024-09-16 14:28:25','2024-09-16 14:28:25',NULL),(3993,10730,3995,3999,NULL,0,NULL,'2024-09-16 14:28:25','2024-09-16 14:28:25',NULL),(3994,10730,3996,4000,NULL,0,NULL,'2024-09-16 14:28:25','2024-09-16 14:28:25',NULL),(3995,10730,3997,4001,NULL,0,NULL,'2024-09-16 14:28:25','2024-09-16 14:28:25',NULL),(3996,10730,3998,4002,NULL,0,NULL,'2024-09-16 14:28:25','2024-09-16 14:28:25',NULL),(3997,10730,3999,4003,NULL,0,NULL,'2024-09-16 14:28:25','2024-09-16 14:28:25',NULL),(3998,10730,4000,4004,NULL,0,NULL,'2024-09-16 14:28:25','2024-09-16 14:28:25',NULL),(3999,10730,4001,4005,NULL,0,NULL,'2024-09-16 14:28:25','2024-09-16 14:28:25',NULL),(4000,10730,4002,4006,NULL,0,NULL,'2024-09-16 14:28:25','2024-09-16 14:28:25',NULL),(4001,10730,4003,4007,NULL,0,NULL,'2024-09-16 14:28:25','2024-09-16 14:28:25',NULL),(4002,10730,4004,4008,NULL,0,NULL,'2024-09-16 14:28:25','2024-09-16 14:28:25',NULL),(4003,10730,4005,4009,NULL,0,NULL,'2024-09-16 14:28:25','2024-09-16 14:28:25',NULL),(4004,10730,4006,4010,NULL,0,NULL,'2024-09-16 14:28:25','2024-09-16 14:28:25',NULL),(4005,10730,4007,4011,NULL,0,NULL,'2024-09-16 14:28:25','2024-09-16 14:28:25',NULL),(4006,10730,4008,4012,NULL,0,NULL,'2024-09-16 14:28:25','2024-09-16 14:28:25',NULL),(4007,10730,4009,4013,NULL,0,NULL,'2024-09-16 14:28:25','2024-09-16 14:28:25',NULL),(4008,10730,4010,4014,NULL,0,NULL,'2024-09-16 14:28:25','2024-09-16 14:28:25',NULL),(4009,10730,4011,4015,NULL,0,NULL,'2024-09-16 14:28:25','2024-09-16 14:28:25',NULL),(4010,10730,4012,4016,NULL,0,NULL,'2024-09-16 14:28:26','2024-09-16 14:28:26',NULL),(4011,10730,4013,4017,NULL,0,NULL,'2024-09-16 14:28:26','2024-09-16 14:28:26',NULL),(4012,10730,4014,4018,NULL,0,NULL,'2024-09-16 14:28:26','2024-09-16 14:28:26',NULL),(4013,10730,4015,4019,NULL,0,NULL,'2024-09-16 14:28:26','2024-09-16 14:28:26',NULL),(4014,10730,4016,4020,NULL,0,NULL,'2024-09-16 14:28:26','2024-09-16 14:28:26',NULL),(4015,10730,4017,4021,NULL,0,NULL,'2024-09-16 14:28:26','2024-09-16 14:28:26',NULL),(4016,10730,4018,4022,NULL,0,NULL,'2024-09-16 14:28:26','2024-09-16 14:28:26',NULL),(4017,10730,4019,4023,NULL,0,NULL,'2024-09-16 14:28:26','2024-09-16 14:28:26',NULL),(4018,10730,4020,4024,NULL,0,NULL,'2024-09-16 14:28:26','2024-09-16 14:28:26',NULL),(4019,10730,4021,4025,NULL,0,NULL,'2024-09-16 14:28:26','2024-09-16 14:28:26',NULL),(4020,10730,4022,4026,NULL,0,NULL,'2024-09-16 14:28:26','2024-09-16 14:28:26',NULL),(4021,10730,4023,4027,NULL,0,NULL,'2024-09-16 14:28:26','2024-09-16 14:28:26',NULL),(4022,10730,4024,4028,NULL,0,NULL,'2024-09-16 14:28:26','2024-09-16 14:28:26',NULL),(4023,10730,4025,4029,NULL,0,NULL,'2024-09-16 14:28:26','2024-09-16 14:28:26',NULL),(4024,10730,4026,4030,NULL,0,NULL,'2024-09-16 14:28:26','2024-09-16 14:28:26',NULL),(4025,10730,4027,4031,NULL,0,NULL,'2024-09-16 14:28:26','2024-09-16 14:28:26',NULL),(4026,10730,4028,4032,NULL,0,NULL,'2024-09-16 14:28:26','2024-09-16 14:28:26',NULL),(4027,10730,4029,4033,NULL,0,NULL,'2024-09-16 14:28:26','2024-09-16 14:28:26',NULL),(4028,10730,4030,4034,NULL,0,NULL,'2024-09-16 14:28:26','2024-09-16 14:28:26',NULL),(4029,10730,4031,4035,NULL,0,NULL,'2024-09-16 14:28:27','2024-09-16 14:28:27',NULL),(4030,10730,4032,4036,NULL,0,NULL,'2024-09-16 14:28:27','2024-09-16 14:28:27',NULL),(4031,10730,4033,4037,NULL,0,NULL,'2024-09-16 14:28:27','2024-09-16 14:28:27',NULL),(4032,10730,4034,4038,NULL,0,NULL,'2024-09-16 14:28:27','2024-09-16 14:28:27',NULL),(4033,10730,4035,4039,NULL,0,NULL,'2024-09-16 14:28:27','2024-09-16 14:28:27',NULL),(4034,10730,4036,4040,NULL,0,NULL,'2024-09-16 14:28:27','2024-09-16 14:28:27',NULL),(4035,10730,4037,4041,NULL,0,NULL,'2024-09-16 14:28:27','2024-09-16 14:28:27',NULL);
INSERT INTO `cta_cte_cliente_pivot_receipt` VALUES (4036,10730,4038,4042,NULL,0,NULL,'2024-09-16 14:28:27','2024-09-16 14:28:27',NULL),(4037,10730,4039,4043,NULL,0,NULL,'2024-09-16 14:28:27','2024-09-16 14:28:27',NULL),(4038,10730,4040,4044,NULL,0,NULL,'2024-09-16 14:28:27','2024-09-16 14:28:27',NULL),(4039,10730,4041,4045,NULL,0,NULL,'2024-09-16 14:28:27','2024-09-16 14:28:27',NULL),(4040,10730,4042,4046,NULL,0,NULL,'2024-09-16 14:28:27','2024-09-16 14:28:27',NULL),(4041,10730,4043,4047,NULL,0,NULL,'2024-09-16 14:28:27','2024-09-16 14:28:27',NULL),(4042,10730,4044,4048,NULL,0,NULL,'2024-09-16 14:28:27','2024-09-16 14:28:27',NULL),(4043,10730,4045,4049,NULL,0,NULL,'2024-09-16 14:28:27','2024-09-16 14:28:27',NULL),(4044,10730,4046,4050,NULL,0,NULL,'2024-09-16 14:28:27','2024-09-16 14:28:27',NULL),(4045,10730,4047,4051,NULL,0,NULL,'2024-09-16 14:28:28','2024-09-16 14:28:28',NULL),(4046,10730,4048,4052,NULL,0,NULL,'2024-09-16 14:28:28','2024-09-16 14:28:28',NULL),(4047,10730,4049,4053,NULL,0,NULL,'2024-09-16 14:28:28','2024-09-16 14:28:28',NULL),(4048,10730,4050,4054,NULL,0,NULL,'2024-09-16 14:28:28','2024-09-16 14:28:28',NULL),(4049,10730,4051,4055,NULL,0,NULL,'2024-09-16 14:28:28','2024-09-16 14:28:28',NULL),(4050,10730,4052,4056,NULL,0,NULL,'2024-09-16 14:28:28','2024-09-16 14:28:28',NULL),(4051,10730,4053,4057,NULL,0,NULL,'2024-09-16 14:28:28','2024-09-16 14:28:28',NULL),(4052,10730,4054,4058,NULL,0,NULL,'2024-09-16 14:28:28','2024-09-16 14:28:28',NULL),(4053,10730,4055,4059,NULL,0,NULL,'2024-09-16 14:28:28','2024-09-16 14:28:28',NULL),(4054,10730,4056,4060,NULL,0,NULL,'2024-09-16 14:28:28','2024-09-16 14:28:28',NULL),(4055,10730,4057,4061,NULL,0,NULL,'2024-09-16 14:28:28','2024-09-16 14:28:28',NULL),(4056,10730,4058,4062,NULL,0,NULL,'2024-09-16 14:28:28','2024-09-16 14:28:28',NULL),(4057,10730,4059,4063,NULL,0,NULL,'2024-09-16 14:28:28','2024-09-16 14:28:28',NULL),(4058,10730,4060,4064,NULL,0,NULL,'2024-09-16 14:28:28','2024-09-16 14:28:28',NULL),(4059,10730,4061,4065,NULL,0,NULL,'2024-09-16 14:28:28','2024-09-16 14:28:28',NULL),(4060,10730,4062,4066,NULL,0,NULL,'2024-09-16 14:28:28','2024-09-16 14:28:28',NULL),(4061,10730,4063,4067,NULL,0,NULL,'2024-09-16 14:28:28','2024-09-16 14:28:28',NULL),(4062,10730,4064,4068,NULL,0,NULL,'2024-09-16 14:28:29','2024-09-16 14:28:29',NULL),(4063,10730,4065,4069,NULL,0,NULL,'2024-09-16 14:28:29','2024-09-16 14:28:29',NULL),(4064,10730,4066,4070,NULL,0,NULL,'2024-09-16 14:28:29','2024-09-16 14:28:29',NULL),(4065,10730,4067,4071,NULL,0,NULL,'2024-09-16 14:28:29','2024-09-16 14:28:29',NULL),(4066,10730,4068,4072,NULL,0,NULL,'2024-09-16 14:28:29','2024-09-16 14:28:29',NULL),(4067,10730,4069,4073,NULL,0,NULL,'2024-09-16 14:28:29','2024-09-16 14:28:29',NULL),(4068,10730,4070,4074,NULL,0,NULL,'2024-09-16 14:28:29','2024-09-16 14:28:29',NULL),(4069,10730,4071,4075,NULL,0,NULL,'2024-09-16 14:28:29','2024-09-16 14:28:29',NULL),(4070,10730,4072,4076,NULL,0,NULL,'2024-09-16 14:28:29','2024-09-16 14:28:29',NULL),(4071,10730,4073,4077,NULL,0,NULL,'2024-09-16 14:28:29','2024-09-16 14:28:29',NULL),(4072,10730,4074,4078,NULL,0,NULL,'2024-09-16 14:28:29','2024-09-16 14:28:29',NULL),(4073,10730,4075,4079,NULL,0,NULL,'2024-09-16 14:28:29','2024-09-16 14:28:29',NULL),(4074,10730,4076,4080,NULL,0,NULL,'2024-09-16 14:28:29','2024-09-16 14:28:29',NULL),(4075,10730,4077,4081,NULL,0,NULL,'2024-09-16 14:28:29','2024-09-16 14:28:29',NULL),(4076,10730,4078,4082,NULL,0,NULL,'2024-09-16 14:28:29','2024-09-16 14:28:29',NULL),(4077,10730,4079,4083,NULL,0,NULL,'2024-09-16 14:28:29','2024-09-16 14:28:29',NULL),(4078,10730,4080,4084,NULL,0,NULL,'2024-09-16 14:28:29','2024-09-16 14:28:29',NULL),(4079,10730,4081,4085,NULL,0,NULL,'2024-09-16 14:28:29','2024-09-16 14:28:29',NULL),(4080,10730,4082,4086,NULL,0,NULL,'2024-09-16 14:28:29','2024-09-16 14:28:29',NULL),(4081,10730,4083,4087,NULL,0,NULL,'2024-09-16 14:28:30','2024-09-16 14:28:30',NULL),(4082,10730,4084,4088,NULL,0,NULL,'2024-09-16 14:28:30','2024-09-16 14:28:30',NULL);
INSERT INTO `cta_cte_cliente_pivot_receipt` VALUES (4083,10730,4085,4089,NULL,0,NULL,'2024-09-16 14:28:30','2024-09-16 14:28:30',NULL),(4084,10730,4086,4090,NULL,0,NULL,'2024-09-16 14:28:30','2024-09-16 14:28:30',NULL),(4085,10730,4087,4091,NULL,0,NULL,'2024-09-16 14:28:30','2024-09-16 14:28:30',NULL),(4086,10730,4088,4092,NULL,0,NULL,'2024-09-16 14:28:30','2024-09-16 14:28:30',NULL),(4087,10730,4089,4093,NULL,0,NULL,'2024-09-16 14:28:30','2024-09-16 14:28:30',NULL),(4088,10730,4090,4094,NULL,0,NULL,'2024-09-16 14:28:30','2024-09-16 14:28:30',NULL),(4089,10730,4091,4095,NULL,0,NULL,'2024-09-16 14:28:30','2024-09-16 14:28:30',NULL),(4090,10730,4092,4096,NULL,0,NULL,'2024-09-16 14:28:30','2024-09-16 14:28:30',NULL),(4091,10730,4093,4097,NULL,0,NULL,'2024-09-16 14:28:30','2024-09-16 14:28:30',NULL),(4092,10730,4094,4098,NULL,0,NULL,'2024-09-16 14:28:30','2024-09-16 14:28:30',NULL),(4093,10730,4095,4099,NULL,0,NULL,'2024-09-16 14:28:30','2024-09-16 14:28:30',NULL),(4094,10730,4096,4100,NULL,0,NULL,'2024-09-16 14:28:30','2024-09-16 14:28:30',NULL),(4095,10730,4097,4101,NULL,0,NULL,'2024-09-16 14:28:30','2024-09-16 14:28:30',NULL),(4096,10730,4098,4102,NULL,0,NULL,'2024-09-16 14:28:30','2024-09-16 14:28:30',NULL),(4097,10730,4099,4103,NULL,0,NULL,'2024-09-16 14:28:31','2024-09-16 14:28:31',NULL),(4098,10730,4100,4104,NULL,0,NULL,'2024-09-16 14:28:31','2024-09-16 14:28:31',NULL),(4099,10730,4101,4105,NULL,0,NULL,'2024-09-16 14:28:31','2024-09-16 14:28:31',NULL),(4100,10730,4102,4106,NULL,0,NULL,'2024-09-16 14:28:31','2024-09-16 14:28:31',NULL),(4101,10730,4103,4107,NULL,0,NULL,'2024-09-16 14:28:31','2024-09-16 14:28:31',NULL),(4102,10730,4104,4108,NULL,0,NULL,'2024-09-16 14:28:31','2024-09-16 14:28:31',NULL),(4103,10730,4105,4109,NULL,0,NULL,'2024-09-16 14:28:31','2024-09-16 14:28:31',NULL),(4104,10730,4106,4110,NULL,0,NULL,'2024-09-16 14:28:31','2024-09-16 14:28:31',NULL),(4105,10730,4107,4111,NULL,0,NULL,'2024-09-16 14:28:31','2024-09-16 14:28:31',NULL),(4106,10730,4108,4112,NULL,0,NULL,'2024-09-16 14:28:31','2024-09-16 14:28:31',NULL),(4107,10730,4109,4113,NULL,0,NULL,'2024-09-16 14:28:31','2024-09-16 14:28:31',NULL),(4108,10730,4110,4114,NULL,0,NULL,'2024-09-16 14:28:31','2024-09-16 14:28:31',NULL),(4109,10730,4111,4115,NULL,0,NULL,'2024-09-16 14:28:31','2024-09-16 14:28:31',NULL),(4110,10730,4112,4116,NULL,0,NULL,'2024-09-16 14:28:31','2024-09-16 14:28:31',NULL),(4111,10730,4113,4117,NULL,0,NULL,'2024-09-16 14:28:31','2024-09-16 14:28:31',NULL),(4112,10730,4114,4118,NULL,0,NULL,'2024-09-16 14:28:31','2024-09-16 14:28:31',NULL),(4113,10730,4115,4119,NULL,0,NULL,'2024-09-16 14:28:31','2024-09-16 14:28:31',NULL),(4114,10730,4116,4120,NULL,0,NULL,'2024-09-16 14:28:31','2024-09-16 14:28:31',NULL),(4115,10730,4117,4121,NULL,0,NULL,'2024-09-16 14:28:32','2024-09-16 14:28:32',NULL),(4116,10730,4118,4122,NULL,0,NULL,'2024-09-16 14:28:32','2024-09-16 14:28:32',NULL),(4117,10730,4119,4123,NULL,0,NULL,'2024-09-16 14:28:32','2024-09-16 14:28:32',NULL),(4118,10730,4120,4124,NULL,0,NULL,'2024-09-16 14:28:32','2024-09-16 14:28:32',NULL),(4119,10730,4121,4125,NULL,0,NULL,'2024-09-16 14:28:32','2024-09-16 14:28:32',NULL),(4120,10730,4122,4126,NULL,0,NULL,'2024-09-16 14:28:32','2024-09-16 14:28:32',NULL),(4121,10730,4123,4127,NULL,0,NULL,'2024-09-16 14:28:32','2024-09-16 14:28:32',NULL),(4122,10730,4124,4128,NULL,0,NULL,'2024-09-16 14:28:32','2024-09-16 14:28:32',NULL),(4123,10730,4125,4129,NULL,0,NULL,'2024-09-16 14:28:32','2024-09-16 14:28:32',NULL),(4124,10730,4126,4130,NULL,0,NULL,'2024-09-16 14:28:32','2024-09-16 14:28:32',NULL),(4125,10730,4127,4131,NULL,0,NULL,'2024-09-16 14:28:32','2024-09-16 14:28:32',NULL),(4126,10730,4128,4132,NULL,0,NULL,'2024-09-16 14:28:32','2024-09-16 14:28:32',NULL),(4127,10730,4129,4133,NULL,0,NULL,'2024-09-16 14:28:32','2024-09-16 14:28:32',NULL),(4128,10730,4130,4134,NULL,0,NULL,'2024-09-16 14:28:32','2024-09-16 14:28:32',NULL),(4129,10730,4131,4135,NULL,0,NULL,'2024-09-16 14:28:32','2024-09-16 14:28:32',NULL);
INSERT INTO `cta_cte_cliente_pivot_receipt` VALUES (4130,10730,4132,4136,NULL,0,NULL,'2024-09-16 14:28:33','2024-09-16 14:28:33',NULL),(4131,10730,4133,4137,NULL,0,NULL,'2024-09-16 14:28:33','2024-09-16 14:28:33',NULL),(4132,10730,4134,4138,NULL,0,NULL,'2024-09-16 14:28:33','2024-09-16 14:28:33',NULL),(4133,10730,4135,4139,NULL,0,NULL,'2024-09-16 14:28:33','2024-09-16 14:28:33',NULL),(4134,10730,4136,4140,NULL,0,NULL,'2024-09-16 14:28:33','2024-09-16 14:28:33',NULL),(4135,10730,4137,4141,NULL,0,NULL,'2024-09-16 14:28:33','2024-09-16 14:28:33',NULL),(4136,10730,4138,4142,NULL,0,NULL,'2024-09-16 14:28:33','2024-09-16 14:28:33',NULL),(4137,10730,4139,4143,NULL,0,NULL,'2024-09-16 14:28:33','2024-09-16 14:28:33',NULL),(4138,10730,4140,4144,NULL,0,NULL,'2024-09-16 14:28:33','2024-09-16 14:28:33',NULL),(4139,10730,4141,4145,NULL,0,NULL,'2024-09-16 14:28:33','2024-09-16 14:28:33',NULL),(4140,10730,4142,4146,NULL,0,NULL,'2024-09-16 14:28:33','2024-09-16 14:28:33',NULL),(4141,10730,4143,4147,NULL,0,NULL,'2024-09-16 14:28:33','2024-09-16 14:28:33',NULL),(4142,10730,4144,4148,NULL,0,NULL,'2024-09-16 14:28:33','2024-09-16 14:28:33',NULL),(4143,10730,4145,4149,NULL,0,NULL,'2024-09-16 14:28:33','2024-09-16 14:28:33',NULL),(4144,10730,4146,4150,NULL,0,NULL,'2024-09-16 14:28:33','2024-09-16 14:28:33',NULL),(4145,10730,4147,4151,NULL,0,NULL,'2024-09-16 14:28:33','2024-09-16 14:28:33',NULL),(4146,10730,4148,4152,NULL,0,NULL,'2024-09-16 14:28:33','2024-09-16 14:28:33',NULL),(4147,10730,4149,4153,NULL,0,NULL,'2024-09-16 14:28:33','2024-09-16 14:28:33',NULL),(4148,10730,4150,4154,NULL,0,NULL,'2024-09-16 14:28:34','2024-09-16 14:28:34',NULL),(4149,10730,4151,4155,NULL,0,NULL,'2024-09-16 14:28:34','2024-09-16 14:28:34',NULL),(4150,10730,4152,4156,NULL,0,NULL,'2024-09-16 14:28:34','2024-09-16 14:28:34',NULL),(4151,10730,4153,4157,NULL,0,NULL,'2024-09-16 14:28:34','2024-09-16 14:28:34',NULL),(4152,10730,4154,4158,NULL,0,NULL,'2024-09-16 14:28:34','2024-09-16 14:28:34',NULL),(4153,10730,4155,4159,NULL,0,NULL,'2024-09-16 14:28:34','2024-09-16 14:28:34',NULL),(4154,10730,4156,4160,NULL,0,NULL,'2024-09-16 14:28:34','2024-09-16 14:28:34',NULL),(4155,10730,4157,4161,NULL,0,NULL,'2024-09-16 14:28:34','2024-09-16 14:28:34',NULL),(4156,10730,4158,4162,NULL,0,NULL,'2024-09-16 14:28:34','2024-09-16 14:28:34',NULL),(4157,10730,4159,4163,NULL,0,NULL,'2024-09-16 14:28:34','2024-09-16 14:28:34',NULL),(4158,10730,4160,4164,NULL,0,NULL,'2024-09-16 14:28:34','2024-09-16 14:28:34',NULL),(4159,10730,4161,4165,NULL,0,NULL,'2024-09-16 14:28:34','2024-09-16 14:28:34',NULL),(4160,10730,4162,4166,NULL,0,NULL,'2024-09-16 14:28:34','2024-09-16 14:28:34',NULL),(4161,10730,4163,4167,NULL,0,NULL,'2024-09-16 14:28:34','2024-09-16 14:28:34',NULL),(4162,10730,4164,4168,NULL,0,NULL,'2024-09-16 14:28:34','2024-09-16 14:28:34',NULL),(4163,10730,4165,4169,NULL,0,NULL,'2024-09-16 14:28:34','2024-09-16 14:28:34',NULL),(4164,10730,4166,4170,NULL,0,NULL,'2024-09-16 14:28:34','2024-09-16 14:28:34',NULL),(4165,10730,4167,4171,NULL,0,NULL,'2024-09-16 14:28:34','2024-09-16 14:28:34',NULL),(4166,10730,4168,4172,NULL,0,NULL,'2024-09-16 14:28:34','2024-09-16 14:28:34',NULL),(4167,10730,4169,4173,NULL,0,NULL,'2024-09-16 14:28:34','2024-09-16 14:28:34',NULL),(4168,10730,4170,4174,NULL,0,NULL,'2024-09-16 14:28:35','2024-09-16 14:28:35',NULL),(4169,10730,4171,4175,NULL,0,NULL,'2024-09-16 14:28:35','2024-09-16 14:28:35',NULL),(4170,10730,4172,4176,NULL,0,NULL,'2024-09-16 14:28:35','2024-09-16 14:28:35',NULL),(4171,10730,4173,4177,NULL,0,NULL,'2024-09-16 14:28:35','2024-09-16 14:28:35',NULL),(4172,10730,4174,4178,NULL,0,NULL,'2024-09-16 14:28:35','2024-09-16 14:28:35',NULL),(4173,10730,4175,4179,NULL,0,NULL,'2024-09-16 14:28:35','2024-09-16 14:28:35',NULL),(4174,10730,4176,4180,NULL,0,NULL,'2024-09-16 14:28:35','2024-09-16 14:28:35',NULL),(4175,10730,4177,4181,NULL,0,NULL,'2024-09-16 14:28:35','2024-09-16 14:28:35',NULL),(4176,10730,4178,4182,NULL,0,NULL,'2024-09-16 14:28:35','2024-09-16 14:28:35',NULL);
INSERT INTO `cta_cte_cliente_pivot_receipt` VALUES (4177,10730,4179,4183,NULL,0,NULL,'2024-09-16 14:28:35','2024-09-16 14:28:35',NULL),(4178,10730,4180,4184,NULL,0,NULL,'2024-09-16 14:28:35','2024-09-16 14:28:35',NULL),(4179,10730,4181,4185,NULL,0,NULL,'2024-09-16 14:28:35','2024-09-16 14:28:35',NULL),(4180,10730,4182,4186,NULL,0,NULL,'2024-09-16 14:28:35','2024-09-16 14:28:35',NULL),(4181,10730,4183,4187,NULL,0,NULL,'2024-09-16 14:28:35','2024-09-16 14:28:35',NULL),(4182,10730,4184,4188,NULL,0,NULL,'2024-09-16 14:28:35','2024-09-16 14:28:35',NULL),(4183,10730,4185,4189,NULL,0,NULL,'2024-09-16 14:28:35','2024-09-16 14:28:35',NULL),(4184,10730,4186,4190,NULL,0,NULL,'2024-09-16 14:28:35','2024-09-16 14:28:35',NULL),(4185,10730,4187,4191,NULL,0,NULL,'2024-09-16 14:28:35','2024-09-16 14:28:35',NULL),(4186,10730,4188,4192,NULL,0,NULL,'2024-09-16 14:28:35','2024-09-16 14:28:35',NULL),(4187,10730,4189,4193,NULL,0,NULL,'2024-09-16 14:28:36','2024-09-16 14:28:36',NULL),(4188,10730,4190,4194,NULL,0,NULL,'2024-09-16 14:28:36','2024-09-16 14:28:36',NULL),(4189,10730,4191,4195,NULL,0,NULL,'2024-09-16 14:28:36','2024-09-16 14:28:36',NULL),(4190,10730,4192,4196,NULL,0,NULL,'2024-09-16 14:28:36','2024-09-16 14:28:36',NULL),(4191,10730,4193,4197,NULL,0,NULL,'2024-09-16 14:28:36','2024-09-16 14:28:36',NULL),(4192,10730,4194,4198,NULL,0,NULL,'2024-09-16 14:28:36','2024-09-16 14:28:36',NULL),(4193,10730,4195,4199,NULL,0,NULL,'2024-09-16 14:28:36','2024-09-16 14:28:36',NULL),(4194,10730,4196,4200,NULL,0,NULL,'2024-09-16 14:28:36','2024-09-16 14:28:36',NULL),(4195,10730,4197,4201,NULL,0,NULL,'2024-09-16 14:28:36','2024-09-16 14:28:36',NULL),(4196,10730,4198,4202,NULL,0,NULL,'2024-09-16 14:28:36','2024-09-16 14:28:36',NULL),(4197,10730,4199,4203,NULL,0,NULL,'2024-09-16 14:28:36','2024-09-16 14:28:36',NULL),(4198,10730,4200,4204,NULL,0,NULL,'2024-09-16 14:28:36','2024-09-16 14:28:36',NULL),(4199,10730,4201,4205,NULL,0,NULL,'2024-09-16 14:28:36','2024-09-16 14:28:36',NULL),(4200,10730,4202,4206,NULL,0,NULL,'2024-09-16 14:28:36','2024-09-16 14:28:36',NULL),(4201,10730,4203,4207,NULL,0,NULL,'2024-09-16 14:28:36','2024-09-16 14:28:36',NULL),(4202,10730,4204,4208,NULL,0,NULL,'2024-09-16 14:28:36','2024-09-16 14:28:36',NULL),(4203,10730,4205,4209,NULL,0,NULL,'2024-09-16 14:28:36','2024-09-16 14:28:36',NULL),(4204,10730,4206,4210,NULL,0,NULL,'2024-09-16 14:28:36','2024-09-16 14:28:36',NULL),(4205,10730,4207,4211,NULL,0,NULL,'2024-09-16 14:28:37','2024-09-16 14:28:37',NULL),(4206,10730,4208,4212,NULL,0,NULL,'2024-09-16 14:28:37','2024-09-16 14:28:37',NULL),(4207,10730,4209,4213,NULL,0,NULL,'2024-09-16 14:28:37','2024-09-16 14:28:37',NULL),(4208,10730,4210,4214,NULL,0,NULL,'2024-09-16 14:28:37','2024-09-16 14:28:37',NULL),(4209,10730,4211,4215,NULL,0,NULL,'2024-09-16 14:28:37','2024-09-16 14:28:37',NULL),(4210,10730,4212,4216,NULL,0,NULL,'2024-09-16 14:28:37','2024-09-16 14:28:37',NULL),(4211,10730,4213,4217,NULL,0,NULL,'2024-09-16 14:28:37','2024-09-16 14:28:37',NULL),(4212,10730,4214,4218,NULL,0,NULL,'2024-09-16 14:28:37','2024-09-16 14:28:37',NULL),(4213,10730,4215,4219,NULL,0,NULL,'2024-09-16 14:28:37','2024-09-16 14:28:37',NULL),(4214,10730,4216,4220,NULL,0,NULL,'2024-09-16 14:28:37','2024-09-16 14:28:37',NULL),(4215,10730,4217,4221,NULL,0,NULL,'2024-09-16 14:28:37','2024-09-16 14:28:37',NULL),(4216,10730,4218,4222,NULL,0,NULL,'2024-09-16 14:28:37','2024-09-16 14:28:37',NULL),(4217,10730,4219,4223,NULL,0,NULL,'2024-09-16 14:28:37','2024-09-16 14:28:37',NULL),(4218,10730,4220,4224,NULL,0,NULL,'2024-09-16 14:28:37','2024-09-16 14:28:37',NULL),(4219,10730,4221,4225,NULL,0,NULL,'2024-09-16 14:28:37','2024-09-16 14:28:37',NULL),(4220,10730,4222,4226,NULL,0,NULL,'2024-09-16 14:28:37','2024-09-16 14:28:37',NULL),(4221,10730,4223,4227,NULL,0,NULL,'2024-09-16 14:28:37','2024-09-16 14:28:37',NULL),(4222,10730,4224,4228,NULL,0,NULL,'2024-09-16 14:28:37','2024-09-16 14:28:37',NULL),(4223,10730,4225,4229,NULL,0,NULL,'2024-09-16 14:28:38','2024-09-16 14:28:38',NULL);
INSERT INTO `cta_cte_cliente_pivot_receipt` VALUES (4224,10730,4226,4230,NULL,0,NULL,'2024-09-16 14:28:38','2024-09-16 14:28:38',NULL),(4225,10730,4227,4231,NULL,0,NULL,'2024-09-16 14:28:38','2024-09-16 14:28:38',NULL),(4226,10730,4228,4232,NULL,0,NULL,'2024-09-16 14:28:38','2024-09-16 14:28:38',NULL),(4227,10730,4229,4233,NULL,0,NULL,'2024-09-16 14:28:38','2024-09-16 14:28:38',NULL),(4228,10730,4230,4234,NULL,0,NULL,'2024-09-16 14:28:38','2024-09-16 14:28:38',NULL),(4229,10730,4231,4235,NULL,0,NULL,'2024-09-16 14:28:38','2024-09-16 14:28:38',NULL),(4230,10730,4232,4236,NULL,0,NULL,'2024-09-16 14:28:38','2024-09-16 14:28:38',NULL),(4231,10730,4233,4237,NULL,0,NULL,'2024-09-16 14:28:38','2024-09-16 14:28:38',NULL),(4232,10730,4234,4238,NULL,0,NULL,'2024-09-16 14:28:38','2024-09-16 14:28:38',NULL),(4233,10730,4235,4239,NULL,0,NULL,'2024-09-16 14:28:38','2024-09-16 14:28:38',NULL),(4234,10730,4236,4240,NULL,0,NULL,'2024-09-16 14:28:38','2024-09-16 14:28:38',NULL),(4235,10730,4237,4241,NULL,0,NULL,'2024-09-16 14:28:38','2024-09-16 14:28:38',NULL),(4236,10730,4238,4242,NULL,0,NULL,'2024-09-16 14:28:38','2024-09-16 14:28:38',NULL),(4237,10730,4239,4243,NULL,0,NULL,'2024-09-16 14:28:38','2024-09-16 14:28:38',NULL),(4238,10730,4240,4244,NULL,0,NULL,'2024-09-16 14:28:38','2024-09-16 14:28:38',NULL),(4239,10730,4241,4245,NULL,0,NULL,'2024-09-16 14:28:38','2024-09-16 14:28:38',NULL),(4240,10730,4242,4246,NULL,0,NULL,'2024-09-16 14:28:39','2024-09-16 14:28:39',NULL),(4241,10730,4243,4247,NULL,0,NULL,'2024-09-16 14:28:39','2024-09-16 14:28:39',NULL),(4242,10730,4244,4248,NULL,0,NULL,'2024-09-16 14:28:39','2024-09-16 14:28:39',NULL),(4243,10730,4245,4249,NULL,0,NULL,'2024-09-16 14:28:39','2024-09-16 14:28:39',NULL),(4244,10730,4246,4250,NULL,0,NULL,'2024-09-16 14:28:39','2024-09-16 14:28:39',NULL),(4245,10730,4247,4251,NULL,0,NULL,'2024-09-16 14:28:39','2024-09-16 14:28:39',NULL),(4246,10730,4248,4252,NULL,0,NULL,'2024-09-16 14:28:39','2024-09-16 14:28:39',NULL),(4247,10730,4249,4253,NULL,0,NULL,'2024-09-16 14:28:39','2024-09-16 14:28:39',NULL),(4248,10730,4250,4254,NULL,0,NULL,'2024-09-16 14:28:39','2024-09-16 14:28:39',NULL),(4249,10730,4251,4255,NULL,0,NULL,'2024-09-16 14:28:39','2024-09-16 14:28:39',NULL),(4250,10730,4252,4256,NULL,0,NULL,'2024-09-16 14:28:39','2024-09-16 14:28:39',NULL),(4251,10730,4253,4257,NULL,0,NULL,'2024-09-16 14:28:39','2024-09-16 14:28:39',NULL),(4252,10730,4254,4258,NULL,0,NULL,'2024-09-16 14:28:39','2024-09-16 14:28:39',NULL),(4253,10730,4255,4259,NULL,0,NULL,'2024-09-16 14:28:39','2024-09-16 14:28:39',NULL),(4254,10730,4256,4260,NULL,0,NULL,'2024-09-16 14:28:40','2024-09-16 14:28:40',NULL),(4255,10730,4257,4261,NULL,0,NULL,'2024-09-16 14:28:40','2024-09-16 14:28:40',NULL),(4256,10730,4258,4262,NULL,0,NULL,'2024-09-16 14:28:40','2024-09-16 14:28:40',NULL),(4257,10730,4259,4263,NULL,0,NULL,'2024-09-16 14:28:40','2024-09-16 14:28:40',NULL),(4258,10730,4260,4264,NULL,0,NULL,'2024-09-16 14:28:40','2024-09-16 14:28:40',NULL),(4259,10730,4261,4265,NULL,0,NULL,'2024-09-16 14:28:40','2024-09-16 14:28:40',NULL),(4260,10730,4262,4266,NULL,0,NULL,'2024-09-16 14:28:40','2024-09-16 14:28:40',NULL),(4261,10730,4263,4267,NULL,0,NULL,'2024-09-16 14:28:40','2024-09-16 14:28:40',NULL),(4262,10730,4264,4268,NULL,0,NULL,'2024-09-16 14:28:40','2024-09-16 14:28:40',NULL),(4263,10730,4265,4269,NULL,0,NULL,'2024-09-16 14:28:40','2024-09-16 14:28:40',NULL),(4264,10730,4266,4270,NULL,0,NULL,'2024-09-16 14:28:40','2024-09-16 14:28:40',NULL),(4265,10730,4267,4271,NULL,0,NULL,'2024-09-16 14:28:40','2024-09-16 14:28:40',NULL),(4266,10730,4268,4272,NULL,0,NULL,'2024-09-16 14:28:40','2024-09-16 14:28:40',NULL),(4267,10730,4269,4273,NULL,0,NULL,'2024-09-16 14:28:41','2024-09-16 14:28:41',NULL),(4268,10730,4270,4274,NULL,0,NULL,'2024-09-16 14:28:41','2024-09-16 14:28:41',NULL),(4269,10730,4271,4275,NULL,0,NULL,'2024-09-16 14:28:41','2024-09-16 14:28:41',NULL),(4270,10730,4272,4276,NULL,0,NULL,'2024-09-16 14:28:41','2024-09-16 14:28:41',NULL);
INSERT INTO `cta_cte_cliente_pivot_receipt` VALUES (4271,10730,4273,4277,NULL,0,NULL,'2024-09-16 14:28:41','2024-09-16 14:28:41',NULL),(4272,10730,4274,4278,NULL,0,NULL,'2024-09-16 14:28:41','2024-09-16 14:28:41',NULL),(4273,10730,4275,4279,NULL,0,NULL,'2024-09-16 14:28:41','2024-09-16 14:28:41',NULL),(4274,10730,4276,4280,NULL,0,NULL,'2024-09-16 14:28:41','2024-09-16 14:28:41',NULL),(4275,10730,4277,4281,NULL,0,NULL,'2024-09-16 14:28:41','2024-09-16 14:28:41',NULL),(4276,10730,4278,4282,NULL,0,NULL,'2024-09-16 14:28:41','2024-09-16 14:28:41',NULL),(4277,10730,4279,4283,NULL,0,NULL,'2024-09-16 14:28:41','2024-09-16 14:28:41',NULL),(4278,10730,4280,4284,NULL,0,NULL,'2024-09-16 14:28:41','2024-09-16 14:28:41',NULL),(4279,10730,4281,4285,NULL,0,NULL,'2024-09-16 14:28:41','2024-09-16 14:28:41',NULL),(4280,10730,4282,4286,NULL,0,NULL,'2024-09-16 14:28:41','2024-09-16 14:28:41',NULL),(4281,10730,4283,4287,NULL,0,NULL,'2024-09-16 14:28:41','2024-09-16 14:28:41',NULL),(4282,10730,4284,4288,NULL,0,NULL,'2024-09-16 14:28:42','2024-09-16 14:28:42',NULL),(4283,10730,4285,4289,NULL,0,NULL,'2024-09-16 14:28:42','2024-09-16 14:28:42',NULL),(4284,10730,4286,4290,NULL,0,NULL,'2024-09-16 14:28:42','2024-09-16 14:28:42',NULL),(4285,10730,4287,4291,NULL,0,NULL,'2024-09-16 14:28:42','2024-09-16 14:28:42',NULL),(4286,10730,4288,4292,NULL,0,NULL,'2024-09-16 14:28:42','2024-09-16 14:28:42',NULL),(4287,10730,4289,4293,NULL,0,NULL,'2024-09-16 14:28:42','2024-09-16 14:28:42',NULL),(4288,10730,4290,4294,NULL,0,NULL,'2024-09-16 14:28:42','2024-09-16 14:28:42',NULL),(4289,10730,4291,4295,NULL,0,NULL,'2024-09-16 14:28:42','2024-09-16 14:28:42',NULL),(4290,10730,4292,4296,NULL,0,NULL,'2024-09-16 14:28:42','2024-09-16 14:28:42',NULL),(4291,10730,4293,4297,NULL,0,NULL,'2024-09-16 14:28:42','2024-09-16 14:28:42',NULL),(4292,10730,4294,4298,NULL,0,NULL,'2024-09-16 14:28:42','2024-09-16 14:28:42',NULL),(4293,10730,4295,4299,NULL,0,NULL,'2024-09-16 14:28:42','2024-09-16 14:28:42',NULL),(4294,10730,4296,4300,NULL,0,NULL,'2024-09-16 14:28:42','2024-09-16 14:28:42',NULL),(4295,10730,4297,4301,NULL,0,NULL,'2024-09-16 14:28:43','2024-09-16 14:28:43',NULL),(4296,10730,4298,4302,NULL,0,NULL,'2024-09-16 14:28:43','2024-09-16 14:28:43',NULL),(4297,10730,4299,4303,NULL,0,NULL,'2024-09-16 14:28:43','2024-09-16 14:28:43',NULL),(4298,10730,4300,4304,NULL,0,NULL,'2024-09-16 14:28:43','2024-09-16 14:28:43',NULL),(4299,10730,4301,4305,NULL,0,NULL,'2024-09-16 14:28:43','2024-09-16 14:28:43',NULL),(4300,10730,4302,4306,NULL,0,NULL,'2024-09-16 14:28:43','2024-09-16 14:28:43',NULL),(4301,10730,4303,4307,NULL,0,NULL,'2024-09-16 14:28:43','2024-09-16 14:28:43',NULL),(4302,10730,4304,4308,NULL,0,NULL,'2024-09-16 14:28:43','2024-09-16 14:28:43',NULL),(4303,10730,4305,4309,NULL,0,NULL,'2024-09-16 14:28:43','2024-09-16 14:28:43',NULL),(4304,10730,4306,4310,NULL,0,NULL,'2024-09-16 14:28:43','2024-09-16 14:28:43',NULL),(4305,10730,4307,4311,NULL,0,NULL,'2024-09-16 14:28:43','2024-09-16 14:28:43',NULL),(4306,10730,4308,4312,NULL,0,NULL,'2024-09-16 14:28:43','2024-09-16 14:28:43',NULL),(4307,10730,4309,4313,NULL,0,NULL,'2024-09-16 14:28:43','2024-09-16 14:28:43',NULL),(4308,10730,4310,4314,NULL,0,NULL,'2024-09-16 14:28:43','2024-09-16 14:28:43',NULL),(4309,10730,4311,4315,NULL,0,NULL,'2024-09-16 14:28:43','2024-09-16 14:28:43',NULL),(4310,10730,4312,4316,NULL,0,NULL,'2024-09-16 14:28:43','2024-09-16 14:28:43',NULL),(4311,10730,4313,4317,NULL,0,NULL,'2024-09-16 14:28:44','2024-09-16 14:28:44',NULL),(4312,10730,4314,4318,NULL,0,NULL,'2024-09-16 14:28:44','2024-09-16 14:28:44',NULL),(4313,10730,4315,4319,NULL,0,NULL,'2024-09-16 14:28:44','2024-09-16 14:28:44',NULL),(4314,10730,4316,4320,NULL,0,NULL,'2024-09-16 14:28:44','2024-09-16 14:28:44',NULL),(4315,10730,4317,4321,NULL,0,NULL,'2024-09-16 14:28:44','2024-09-16 14:28:44',NULL),(4316,10730,4318,4322,NULL,0,NULL,'2024-09-16 14:28:44','2024-09-16 14:28:44',NULL),(4317,10730,4319,4323,NULL,0,NULL,'2024-09-16 14:28:44','2024-09-16 14:28:44',NULL);
INSERT INTO `cta_cte_cliente_pivot_receipt` VALUES (4318,10730,4320,4324,NULL,0,NULL,'2024-09-16 14:28:44','2024-09-16 14:28:44',NULL),(4319,10730,4321,4325,NULL,0,NULL,'2024-09-16 14:28:44','2024-09-16 14:28:44',NULL),(4320,10730,4322,4326,NULL,0,NULL,'2024-09-16 14:28:44','2024-09-16 14:28:44',NULL),(4321,10730,4323,4327,NULL,0,NULL,'2024-09-16 14:28:44','2024-09-16 14:28:44',NULL),(4322,10730,4324,4328,NULL,0,NULL,'2024-09-16 14:28:44','2024-09-16 14:28:44',NULL),(4323,10730,4325,4329,NULL,0,NULL,'2024-09-16 14:28:44','2024-09-16 14:28:44',NULL),(4324,10730,4326,4330,NULL,0,NULL,'2024-09-16 14:28:44','2024-09-16 14:28:44',NULL),(4325,10730,4327,4331,NULL,0,NULL,'2024-09-16 14:28:44','2024-09-16 14:28:44',NULL),(4326,10730,4328,4332,NULL,0,NULL,'2024-09-16 14:28:44','2024-09-16 14:28:44',NULL),(4327,10730,4329,4333,NULL,0,NULL,'2024-09-16 14:28:44','2024-09-16 14:28:44',NULL),(4328,10730,4330,4334,NULL,0,NULL,'2024-09-16 14:28:44','2024-09-16 14:28:44',NULL),(4329,10730,4331,4335,NULL,0,NULL,'2024-09-16 14:28:45','2024-09-16 14:28:45',NULL),(4330,10730,4332,4336,NULL,0,NULL,'2024-09-16 14:28:45','2024-09-16 14:28:45',NULL),(4331,10730,4333,4337,NULL,0,NULL,'2024-09-16 14:28:45','2024-09-16 14:28:45',NULL),(4332,10730,4334,4338,NULL,0,NULL,'2024-09-16 14:28:45','2024-09-16 14:28:45',NULL),(4333,10730,4335,4339,NULL,0,NULL,'2024-09-16 14:28:45','2024-09-16 14:28:45',NULL),(4334,10730,4336,4340,NULL,0,NULL,'2024-09-16 14:28:45','2024-09-16 14:28:45',NULL),(4335,10730,4337,4341,NULL,0,NULL,'2024-09-16 14:28:45','2024-09-16 14:28:45',NULL),(4336,10730,4338,4342,NULL,0,NULL,'2024-09-16 14:28:45','2024-09-16 14:28:45',NULL),(4337,10730,4339,4343,NULL,0,NULL,'2024-09-16 14:28:45','2024-09-16 14:28:45',NULL),(4338,10730,4340,4344,NULL,0,NULL,'2024-09-16 14:28:45','2024-09-16 14:28:45',NULL),(4339,10730,4341,4345,NULL,0,NULL,'2024-09-16 14:28:45','2024-09-16 14:28:45',NULL),(4340,10730,4342,4346,NULL,0,NULL,'2024-09-16 14:28:45','2024-09-16 14:28:45',NULL),(4341,10730,4343,4347,NULL,0,NULL,'2024-09-16 14:28:45','2024-09-16 14:28:45',NULL),(4342,10730,4344,4348,NULL,0,NULL,'2024-09-16 14:28:45','2024-09-16 14:28:45',NULL),(4343,10730,4345,4349,NULL,0,NULL,'2024-09-16 14:28:45','2024-09-16 14:28:45',NULL),(4344,10730,4346,4350,NULL,0,NULL,'2024-09-16 14:28:45','2024-09-16 14:28:45',NULL),(4345,10730,4347,4351,NULL,0,NULL,'2024-09-16 14:28:45','2024-09-16 14:28:45',NULL),(4346,10730,4348,4352,NULL,0,NULL,'2024-09-16 14:28:45','2024-09-16 14:28:45',NULL),(4347,10730,4349,4353,NULL,0,NULL,'2024-09-16 14:28:45','2024-09-16 14:28:45',NULL),(4348,10730,4350,4354,NULL,0,NULL,'2024-09-16 14:28:46','2024-09-16 14:28:46',NULL),(4349,10730,4351,4355,NULL,0,NULL,'2024-09-16 14:28:46','2024-09-16 14:28:46',NULL),(4350,10730,4352,4356,NULL,0,NULL,'2024-09-16 14:28:46','2024-09-16 14:28:46',NULL),(4351,10730,4353,4357,NULL,0,NULL,'2024-09-16 14:28:46','2024-09-16 14:28:46',NULL),(4352,10730,4354,4358,NULL,0,NULL,'2024-09-16 14:28:46','2024-09-16 14:28:46',NULL),(4353,10730,4355,4359,NULL,0,NULL,'2024-09-16 14:28:46','2024-09-16 14:28:46',NULL),(4354,10730,4356,4360,NULL,0,NULL,'2024-09-16 14:28:46','2024-09-16 14:28:46',NULL),(4355,10730,4357,4361,NULL,0,NULL,'2024-09-16 14:28:46','2024-09-16 14:28:46',NULL),(4356,10730,4358,4362,NULL,0,NULL,'2024-09-16 14:28:46','2024-09-16 14:28:46',NULL),(4357,10730,4359,4363,NULL,0,NULL,'2024-09-16 14:28:46','2024-09-16 14:28:46',NULL),(4358,10730,4360,4364,NULL,0,NULL,'2024-09-16 14:28:46','2024-09-16 14:28:46',NULL),(4359,10730,4361,4365,NULL,0,NULL,'2024-09-16 14:28:46','2024-09-16 14:28:46',NULL),(4360,10730,4362,4366,NULL,0,NULL,'2024-09-16 14:28:46','2024-09-16 14:28:46',NULL),(4361,10730,4363,4367,NULL,0,NULL,'2024-09-16 14:28:46','2024-09-16 14:28:46',NULL),(4362,10730,4364,4368,NULL,0,NULL,'2024-09-16 14:28:46','2024-09-16 14:28:46',NULL),(4363,10730,4365,4369,NULL,0,NULL,'2024-09-16 14:28:46','2024-09-16 14:28:46',NULL),(4364,10730,4366,4370,NULL,0,NULL,'2024-09-16 14:28:46','2024-09-16 14:28:46',NULL);
INSERT INTO `cta_cte_cliente_pivot_receipt` VALUES (4365,10730,4367,4371,NULL,0,NULL,'2024-09-16 14:28:46','2024-09-16 14:28:46',NULL),(4366,10730,4368,4372,NULL,0,NULL,'2024-09-16 14:28:46','2024-09-16 14:28:46',NULL),(4367,10730,4369,4373,NULL,0,NULL,'2024-09-16 14:28:47','2024-09-16 14:28:47',NULL),(4368,10730,4370,4374,NULL,0,NULL,'2024-09-16 14:28:47','2024-09-16 14:28:47',NULL),(4369,10730,4371,4375,NULL,0,NULL,'2024-09-16 14:28:47','2024-09-16 14:28:47',NULL),(4370,10730,4372,4376,NULL,0,NULL,'2024-09-16 14:28:47','2024-09-16 14:28:47',NULL),(4371,10730,4373,4377,NULL,0,NULL,'2024-09-16 14:28:47','2024-09-16 14:28:47',NULL),(4372,10730,4374,4378,NULL,0,NULL,'2024-09-16 14:28:47','2024-09-16 14:28:47',NULL),(4373,10730,4375,4379,NULL,0,NULL,'2024-09-16 14:28:47','2024-09-16 14:28:47',NULL),(4374,10730,4376,4380,NULL,0,NULL,'2024-09-16 14:28:47','2024-09-16 14:28:47',NULL),(4375,10730,4377,4381,NULL,0,NULL,'2024-09-16 14:28:47','2024-09-16 14:28:47',NULL),(4376,10730,4378,4382,NULL,0,NULL,'2024-09-16 14:28:47','2024-09-16 14:28:47',NULL),(4377,10730,4379,4383,NULL,0,NULL,'2024-09-16 14:28:47','2024-09-16 14:28:47',NULL),(4378,10730,4380,4384,NULL,0,NULL,'2024-09-16 14:28:47','2024-09-16 14:28:47',NULL),(4379,10730,4381,4385,NULL,0,NULL,'2024-09-16 14:28:47','2024-09-16 14:28:47',NULL),(4380,10730,4382,4386,NULL,0,NULL,'2024-09-16 14:28:47','2024-09-16 14:28:47',NULL),(4381,10730,4383,4387,NULL,0,NULL,'2024-09-16 14:28:47','2024-09-16 14:28:47',NULL),(4382,10730,4384,4388,NULL,0,NULL,'2024-09-16 14:28:47','2024-09-16 14:28:47',NULL),(4383,10730,4385,4389,NULL,0,NULL,'2024-09-16 14:28:47','2024-09-16 14:28:47',NULL),(4384,10730,4386,4390,NULL,0,NULL,'2024-09-16 14:28:47','2024-09-16 14:28:47',NULL),(4385,10730,4387,4391,NULL,0,NULL,'2024-09-16 14:28:47','2024-09-16 14:28:47',NULL),(4386,10730,4388,4392,NULL,0,NULL,'2024-09-16 14:28:48','2024-09-16 14:28:48',NULL),(4387,10730,4389,4393,NULL,0,NULL,'2024-09-16 14:28:48','2024-09-16 14:28:48',NULL),(4388,10730,4390,4394,NULL,0,NULL,'2024-09-16 14:28:48','2024-09-16 14:28:48',NULL),(4389,10730,4391,4395,NULL,0,NULL,'2024-09-16 14:28:48','2024-09-16 14:28:48',NULL),(4390,10730,4392,4396,NULL,0,NULL,'2024-09-16 14:28:48','2024-09-16 14:28:48',NULL),(4391,10730,4393,4397,NULL,0,NULL,'2024-09-16 14:28:48','2024-09-16 14:28:48',NULL),(4392,10730,4394,4398,NULL,0,NULL,'2024-09-16 14:28:48','2024-09-16 14:28:48',NULL),(4393,10730,4395,4399,NULL,0,NULL,'2024-09-16 14:28:48','2024-09-16 14:28:48',NULL),(4394,10730,4396,4400,NULL,0,NULL,'2024-09-16 14:28:48','2024-09-16 14:28:48',NULL),(4395,10730,4397,4401,NULL,0,NULL,'2024-09-16 14:28:48','2024-09-16 14:28:48',NULL),(4396,10730,4398,4402,NULL,0,NULL,'2024-09-16 14:28:48','2024-09-16 14:28:48',NULL),(4397,10730,4399,4403,NULL,0,NULL,'2024-09-16 14:28:48','2024-09-16 14:28:48',NULL),(4398,10730,4400,4404,NULL,0,NULL,'2024-09-16 14:28:48','2024-09-16 14:28:48',NULL),(4399,10730,4401,4405,NULL,0,NULL,'2024-09-16 14:28:48','2024-09-16 14:28:48',NULL),(4400,10730,4402,4406,NULL,0,NULL,'2024-09-16 14:28:48','2024-09-16 14:28:48',NULL),(4401,10730,4403,4407,NULL,0,NULL,'2024-09-16 14:28:48','2024-09-16 14:28:48',NULL),(4402,10730,4404,4408,NULL,0,NULL,'2024-09-16 14:28:48','2024-09-16 14:28:48',NULL),(4403,10730,4405,4409,NULL,0,NULL,'2024-09-16 14:28:48','2024-09-16 14:28:48',NULL),(4404,10730,4406,4410,NULL,0,NULL,'2024-09-16 14:28:49','2024-09-16 14:28:49',NULL),(4405,10730,4407,4411,NULL,0,NULL,'2024-09-16 14:28:49','2024-09-16 14:28:49',NULL),(4406,10730,4408,4412,NULL,0,NULL,'2024-09-16 14:28:49','2024-09-16 14:28:49',NULL),(4407,10730,4409,4413,NULL,0,NULL,'2024-09-16 14:28:49','2024-09-16 14:28:49',NULL),(4408,10730,4410,4414,NULL,0,NULL,'2024-09-16 14:28:49','2024-09-16 14:28:49',NULL),(4409,10730,4411,4415,NULL,0,NULL,'2024-09-16 14:28:49','2024-09-16 14:28:49',NULL),(4410,10730,4412,4416,NULL,0,NULL,'2024-09-16 14:28:49','2024-09-16 14:28:49',NULL),(4411,10730,4413,4417,NULL,0,NULL,'2024-09-16 14:28:49','2024-09-16 14:28:49',NULL);
INSERT INTO `cta_cte_cliente_pivot_receipt` VALUES (4412,10730,4414,4418,NULL,0,NULL,'2024-09-16 14:28:49','2024-09-16 14:28:49',NULL),(4413,10730,4415,4419,NULL,0,NULL,'2024-09-16 14:28:49','2024-09-16 14:28:49',NULL),(4414,10730,4416,4420,NULL,0,NULL,'2024-09-16 14:28:49','2024-09-16 14:28:49',NULL),(4415,10730,4417,4421,NULL,0,NULL,'2024-09-16 14:28:49','2024-09-16 14:28:49',NULL),(4416,10730,4418,4422,NULL,0,NULL,'2024-09-16 14:28:49','2024-09-16 14:28:49',NULL),(4417,10730,4419,4423,NULL,0,NULL,'2024-09-16 14:28:49','2024-09-16 14:28:49',NULL),(4418,10730,4420,4424,NULL,0,NULL,'2024-09-16 14:28:49','2024-09-16 14:28:49',NULL),(4419,10730,4421,4425,NULL,0,NULL,'2024-09-16 14:28:49','2024-09-16 14:28:49',NULL),(4420,10730,4422,4426,NULL,0,NULL,'2024-09-16 14:28:49','2024-09-16 14:28:49',NULL),(4421,10730,4423,4427,NULL,0,NULL,'2024-09-16 14:28:49','2024-09-16 14:28:49',NULL),(4422,10730,4424,4428,NULL,0,NULL,'2024-09-16 14:28:49','2024-09-16 14:28:49',NULL),(4423,10730,4425,4429,NULL,0,NULL,'2024-09-16 14:28:50','2024-09-16 14:28:50',NULL),(4424,10730,4426,4430,NULL,0,NULL,'2024-09-16 14:28:50','2024-09-16 14:28:50',NULL),(4425,10730,4427,4431,NULL,0,NULL,'2024-09-16 14:28:50','2024-09-16 14:28:50',NULL),(4426,10730,4428,4432,NULL,0,NULL,'2024-09-16 14:28:50','2024-09-16 14:28:50',NULL),(4427,10730,4429,4433,NULL,0,NULL,'2024-09-16 14:28:50','2024-09-16 14:28:50',NULL),(4428,10730,4430,4434,NULL,0,NULL,'2024-09-16 14:28:50','2024-09-16 14:28:50',NULL),(4429,10730,4431,4435,NULL,0,NULL,'2024-09-16 14:28:50','2024-09-16 14:28:50',NULL),(4430,10730,4432,4436,NULL,0,NULL,'2024-09-16 14:28:50','2024-09-16 14:28:50',NULL),(4431,10730,4433,4437,NULL,0,NULL,'2024-09-16 14:28:50','2024-09-16 14:28:50',NULL),(4432,10730,4434,4438,NULL,0,NULL,'2024-09-16 14:28:50','2024-09-16 14:28:50',NULL),(4433,10730,4435,4439,NULL,0,NULL,'2024-09-16 14:28:50','2024-09-16 14:28:50',NULL),(4434,10730,4436,4440,NULL,0,NULL,'2024-09-16 14:28:50','2024-09-16 14:28:50',NULL),(4435,10730,4437,4441,NULL,0,NULL,'2024-09-16 14:28:50','2024-09-16 14:28:50',NULL),(4436,10730,4438,4442,NULL,0,NULL,'2024-09-16 14:28:50','2024-09-16 14:28:50',NULL),(4437,10730,4439,4443,NULL,0,NULL,'2024-09-16 14:28:50','2024-09-16 14:28:50',NULL),(4438,10730,4440,4444,NULL,0,NULL,'2024-09-16 14:28:50','2024-09-16 14:28:50',NULL),(4439,10730,4441,4445,NULL,0,NULL,'2024-09-16 14:28:50','2024-09-16 14:28:50',NULL),(4440,10730,4442,4446,NULL,0,NULL,'2024-09-16 14:28:50','2024-09-16 14:28:50',NULL),(4441,10730,4443,4447,NULL,0,NULL,'2024-09-16 14:28:50','2024-09-16 14:28:50',NULL),(4442,10730,4444,4448,NULL,0,NULL,'2024-09-16 14:28:50','2024-09-16 14:28:50',NULL),(4443,10730,4445,4449,NULL,0,NULL,'2024-09-16 14:28:50','2024-09-16 14:28:50',NULL),(4444,10730,4446,4450,NULL,0,NULL,'2024-09-16 14:28:50','2024-09-16 14:28:50',NULL),(4445,10730,4447,4451,NULL,0,NULL,'2024-09-16 14:28:50','2024-09-16 14:28:50',NULL),(4446,10730,4448,4452,NULL,0,NULL,'2024-09-16 14:28:51','2024-09-16 14:28:51',NULL),(4447,10730,4449,4453,NULL,0,NULL,'2024-09-16 14:28:51','2024-09-16 14:28:51',NULL),(4448,10730,4450,4454,NULL,0,NULL,'2024-09-16 14:28:51','2024-09-16 14:28:51',NULL),(4449,10730,4451,4455,NULL,0,NULL,'2024-09-16 14:28:51','2024-09-16 14:28:51',NULL),(4450,10730,4452,4456,NULL,0,NULL,'2024-09-16 14:28:51','2024-09-16 14:28:51',NULL),(4451,10730,4453,4457,NULL,0,NULL,'2024-09-16 14:28:51','2024-09-16 14:28:51',NULL),(4452,10730,4454,4458,NULL,0,NULL,'2024-09-16 14:28:51','2024-09-16 14:28:51',NULL),(4453,10730,4455,4459,NULL,0,NULL,'2024-09-16 14:28:51','2024-09-16 14:28:51',NULL),(4454,10730,4456,4460,NULL,0,NULL,'2024-09-16 14:28:51','2024-09-16 14:28:51',NULL),(4455,10730,4457,4461,NULL,0,NULL,'2024-09-16 14:28:51','2024-09-16 14:28:51',NULL),(4456,10730,4458,4462,NULL,0,NULL,'2024-09-16 14:28:51','2024-09-16 14:28:51',NULL),(4457,10730,4459,4463,NULL,0,NULL,'2024-09-16 14:28:51','2024-09-16 14:28:51',NULL),(4458,10730,4460,4464,NULL,0,NULL,'2024-09-16 14:28:51','2024-09-16 14:28:51',NULL);
INSERT INTO `cta_cte_cliente_pivot_receipt` VALUES (4459,10730,4461,4465,NULL,0,NULL,'2024-09-16 14:28:51','2024-09-16 14:28:51',NULL),(4460,10730,4462,4466,NULL,0,NULL,'2024-09-16 14:28:51','2024-09-16 14:28:51',NULL),(4461,10730,4463,4467,NULL,0,NULL,'2024-09-16 14:28:51','2024-09-16 14:28:51',NULL),(4462,10730,4464,4468,NULL,0,NULL,'2024-09-16 14:28:51','2024-09-16 14:28:51',NULL),(4463,10730,4465,4469,NULL,0,NULL,'2024-09-16 14:28:51','2024-09-16 14:28:51',NULL),(4464,10730,4466,4470,NULL,0,NULL,'2024-09-16 14:28:51','2024-09-16 14:28:51',NULL),(4465,10730,4467,4471,NULL,0,NULL,'2024-09-16 14:28:51','2024-09-16 14:28:51',NULL),(4466,10730,4468,4472,NULL,0,NULL,'2024-09-16 14:28:51','2024-09-16 14:28:51',NULL),(4467,10730,4469,4473,NULL,0,NULL,'2024-09-16 14:28:52','2024-09-16 14:28:52',NULL),(4468,10730,4470,4474,NULL,0,NULL,'2024-09-16 14:28:52','2024-09-16 14:28:52',NULL),(4469,10730,4471,4475,NULL,0,NULL,'2024-09-16 14:28:52','2024-09-16 14:28:52',NULL),(4470,10730,4472,4476,NULL,0,NULL,'2024-09-16 14:28:52','2024-09-16 14:28:52',NULL),(4471,10730,4473,4477,NULL,0,NULL,'2024-09-16 14:28:52','2024-09-16 14:28:52',NULL),(4472,10730,4474,4478,NULL,0,NULL,'2024-09-16 14:28:52','2024-09-16 14:28:52',NULL),(4473,10730,4475,4479,NULL,0,NULL,'2024-09-16 14:28:52','2024-09-16 14:28:52',NULL),(4474,10730,4476,4480,NULL,0,NULL,'2024-09-16 14:28:52','2024-09-16 14:28:52',NULL),(4475,10730,4477,4481,NULL,0,NULL,'2024-09-16 14:28:52','2024-09-16 14:28:52',NULL),(4476,10730,4478,4482,NULL,0,NULL,'2024-09-16 14:28:52','2024-09-16 14:28:52',NULL),(4477,10730,4479,4483,NULL,0,NULL,'2024-09-16 14:28:52','2024-09-16 14:28:52',NULL),(4478,10730,4480,4484,NULL,0,NULL,'2024-09-16 14:28:52','2024-09-16 14:28:52',NULL),(4479,10730,4481,4485,NULL,0,NULL,'2024-09-16 14:28:52','2024-09-16 14:28:52',NULL),(4480,10730,4482,4486,NULL,0,NULL,'2024-09-16 14:28:52','2024-09-16 14:28:52',NULL),(4481,10730,4483,4487,NULL,0,NULL,'2024-09-16 14:28:52','2024-09-16 14:28:52',NULL),(4482,10730,4484,4488,NULL,0,NULL,'2024-09-16 14:28:52','2024-09-16 14:28:52',NULL),(4483,10730,4485,4489,NULL,0,NULL,'2024-09-16 14:28:52','2024-09-16 14:28:52',NULL),(4484,10730,4486,4490,NULL,0,NULL,'2024-09-16 14:28:52','2024-09-16 14:28:52',NULL),(4485,10730,4487,4491,NULL,0,NULL,'2024-09-16 14:28:52','2024-09-16 14:28:52',NULL),(4486,10730,4488,4492,NULL,0,NULL,'2024-09-16 14:28:52','2024-09-16 14:28:52',NULL),(4487,10730,4489,4493,NULL,0,NULL,'2024-09-16 14:28:52','2024-09-16 14:28:52',NULL),(4488,10730,4490,4494,NULL,0,NULL,'2024-09-16 14:28:53','2024-09-16 14:28:53',NULL),(4489,10730,4491,4495,NULL,0,NULL,'2024-09-16 14:28:53','2024-09-16 14:28:53',NULL),(4490,10730,4492,4496,NULL,0,NULL,'2024-09-16 14:28:53','2024-09-16 14:28:53',NULL),(4491,10730,4493,4497,NULL,0,NULL,'2024-09-16 14:28:53','2024-09-16 14:28:53',NULL),(4492,10730,4494,4498,NULL,0,NULL,'2024-09-16 14:28:53','2024-09-16 14:28:53',NULL),(4493,10730,4495,4499,NULL,0,NULL,'2024-09-16 14:28:53','2024-09-16 14:28:53',NULL),(4494,10730,4496,4500,NULL,0,NULL,'2024-09-16 14:28:53','2024-09-16 14:28:53',NULL),(4495,10730,4497,4501,NULL,0,NULL,'2024-09-16 14:28:53','2024-09-16 14:28:53',NULL),(4496,10730,4498,4502,NULL,0,NULL,'2024-09-16 14:28:53','2024-09-16 14:28:53',NULL),(4497,10730,4499,4503,NULL,0,NULL,'2024-09-16 14:28:53','2024-09-16 14:28:53',NULL),(4498,10730,4500,4504,NULL,0,NULL,'2024-09-16 14:28:53','2024-09-16 14:28:53',NULL),(4499,10730,4501,4505,NULL,0,NULL,'2024-09-16 14:28:53','2024-09-16 14:28:53',NULL),(4500,10730,4502,4506,NULL,0,NULL,'2024-09-16 14:28:53','2024-09-16 14:28:53',NULL),(4501,10730,4503,4507,NULL,0,NULL,'2024-09-16 14:28:53','2024-09-16 14:28:53',NULL),(4502,10730,4504,4508,NULL,0,NULL,'2024-09-16 14:28:53','2024-09-16 14:28:53',NULL),(4503,10730,4505,4509,NULL,0,NULL,'2024-09-16 14:28:53','2024-09-16 14:28:53',NULL),(4504,10730,4506,4510,NULL,0,NULL,'2024-09-16 14:28:53','2024-09-16 14:28:53',NULL),(4505,10730,4507,4511,NULL,0,NULL,'2024-09-16 14:28:53','2024-09-16 14:28:53',NULL);
INSERT INTO `cta_cte_cliente_pivot_receipt` VALUES (4506,10730,4508,4512,NULL,0,NULL,'2024-09-16 14:28:53','2024-09-16 14:28:53',NULL),(4507,10730,4509,4513,NULL,0,NULL,'2024-09-16 14:28:54','2024-09-16 14:28:54',NULL),(4508,10730,4510,4514,NULL,0,NULL,'2024-09-16 14:28:54','2024-09-16 14:28:54',NULL),(4509,10730,4511,4515,NULL,0,NULL,'2024-09-16 14:28:54','2024-09-16 14:28:54',NULL),(4510,10730,4512,4516,NULL,0,NULL,'2024-09-16 14:28:54','2024-09-16 14:28:54',NULL),(4511,10730,4513,4517,NULL,0,NULL,'2024-09-16 14:28:54','2024-09-16 14:28:54',NULL),(4512,10730,4514,4518,NULL,0,NULL,'2024-09-16 14:28:54','2024-09-16 14:28:54',NULL),(4513,10730,4515,4519,NULL,0,NULL,'2024-09-16 14:28:54','2024-09-16 14:28:54',NULL),(4514,10730,4516,4520,NULL,0,NULL,'2024-09-16 14:28:54','2024-09-16 14:28:54',NULL),(4515,10730,4517,4521,NULL,0,NULL,'2024-09-16 14:28:54','2024-09-16 14:28:54',NULL),(4516,10730,4518,4522,NULL,0,NULL,'2024-09-16 14:28:54','2024-09-16 14:28:54',NULL),(4517,10730,4519,4523,NULL,0,NULL,'2024-09-16 14:28:54','2024-09-16 14:28:54',NULL),(4518,10730,4520,4524,NULL,0,NULL,'2024-09-16 14:28:54','2024-09-16 14:28:54',NULL),(4519,10730,4521,4525,NULL,0,NULL,'2024-09-16 14:28:54','2024-09-16 14:28:54',NULL),(4520,10730,4522,4526,NULL,0,NULL,'2024-09-16 14:28:54','2024-09-16 14:28:54',NULL),(4521,10730,4523,4527,NULL,0,NULL,'2024-09-16 14:28:54','2024-09-16 14:28:54',NULL),(4522,10730,4524,4528,NULL,0,NULL,'2024-09-16 14:28:54','2024-09-16 14:28:54',NULL),(4523,10730,4525,4529,NULL,0,NULL,'2024-09-16 14:28:54','2024-09-16 14:28:54',NULL),(4524,10730,4526,4530,NULL,0,NULL,'2024-09-16 14:28:54','2024-09-16 14:28:54',NULL),(4525,10730,4527,4531,NULL,0,NULL,'2024-09-16 14:28:54','2024-09-16 14:28:54',NULL),(4526,10730,4528,4532,NULL,0,NULL,'2024-09-16 14:28:55','2024-09-16 14:28:55',NULL),(4527,10730,4529,4533,NULL,0,NULL,'2024-09-16 14:28:55','2024-09-16 14:28:55',NULL),(4528,10730,4530,4534,NULL,0,NULL,'2024-09-16 14:28:55','2024-09-16 14:28:55',NULL),(4529,10730,4531,4535,NULL,0,NULL,'2024-09-16 14:28:55','2024-09-16 14:28:55',NULL),(4530,10730,4532,4536,NULL,0,NULL,'2024-09-16 14:28:55','2024-09-16 14:28:55',NULL),(4531,10730,4533,4537,NULL,0,NULL,'2024-09-16 14:28:55','2024-09-16 14:28:55',NULL),(4532,10730,4534,4538,NULL,0,NULL,'2024-09-16 14:28:55','2024-09-16 14:28:55',NULL),(4533,10730,4535,4539,NULL,0,NULL,'2024-09-16 14:28:55','2024-09-16 14:28:55',NULL),(4534,10730,4536,4540,NULL,0,NULL,'2024-09-16 14:28:55','2024-09-16 14:28:55',NULL),(4535,10730,4537,4541,NULL,0,NULL,'2024-09-16 14:28:55','2024-09-16 14:28:55',NULL),(4536,10730,4538,4542,NULL,0,NULL,'2024-09-16 14:28:55','2024-09-16 14:28:55',NULL),(4537,10730,4539,4543,NULL,0,NULL,'2024-09-16 14:28:55','2024-09-16 14:28:55',NULL),(4538,10730,4540,4544,NULL,0,NULL,'2024-09-16 14:28:55','2024-09-16 14:28:55',NULL),(4539,10730,4541,4545,NULL,0,NULL,'2024-09-16 14:28:55','2024-09-16 14:28:55',NULL),(4540,10730,4542,4546,NULL,0,NULL,'2024-09-16 14:28:55','2024-09-16 14:28:55',NULL),(4541,10730,4543,4547,NULL,0,NULL,'2024-09-16 14:28:55','2024-09-16 14:28:55',NULL),(4542,10730,4544,4548,NULL,0,NULL,'2024-09-16 14:28:55','2024-09-16 14:28:55',NULL),(4543,10730,4545,4549,NULL,0,NULL,'2024-09-16 14:28:55','2024-09-16 14:28:55',NULL),(4544,10730,4546,4550,NULL,0,NULL,'2024-09-16 14:28:55','2024-09-16 14:28:55',NULL),(4545,10730,4547,4551,NULL,0,NULL,'2024-09-16 14:28:55','2024-09-16 14:28:55',NULL),(4546,10730,4548,4552,NULL,0,NULL,'2024-09-16 14:28:56','2024-09-16 14:28:56',NULL),(4547,10730,4549,4553,NULL,0,NULL,'2024-09-16 14:28:56','2024-09-16 14:28:56',NULL),(4548,10730,4550,4554,NULL,0,NULL,'2024-09-16 14:28:56','2024-09-16 14:28:56',NULL),(4549,10730,4551,4555,NULL,0,NULL,'2024-09-16 14:28:56','2024-09-16 14:28:56',NULL),(4550,10730,4552,4556,NULL,0,NULL,'2024-09-16 14:28:56','2024-09-16 14:28:56',NULL),(4551,10730,4553,4557,NULL,0,NULL,'2024-09-16 14:28:56','2024-09-16 14:28:56',NULL),(4552,10730,4554,4558,NULL,0,NULL,'2024-09-16 14:28:56','2024-09-16 14:28:56',NULL);
INSERT INTO `cta_cte_cliente_pivot_receipt` VALUES (4553,10730,4555,4559,NULL,0,NULL,'2024-09-16 14:28:56','2024-09-16 14:28:56',NULL),(4554,10730,4556,4560,NULL,0,NULL,'2024-09-16 14:28:56','2024-09-16 14:28:56',NULL),(4555,10730,4557,4561,NULL,0,NULL,'2024-09-16 14:28:56','2024-09-16 14:28:56',NULL),(4556,10730,4558,4562,NULL,0,NULL,'2024-09-16 14:28:56','2024-09-16 14:28:56',NULL),(4557,10730,4559,4563,NULL,0,NULL,'2024-09-16 14:28:56','2024-09-16 14:28:56',NULL),(4558,10730,4560,4564,NULL,0,NULL,'2024-09-16 14:28:56','2024-09-16 14:28:56',NULL),(4559,10730,4561,4565,NULL,0,NULL,'2024-09-16 14:28:56','2024-09-16 14:28:56',NULL),(4560,10730,4562,4566,NULL,0,NULL,'2024-09-16 14:28:56','2024-09-16 14:28:56',NULL),(4561,10730,4563,4567,NULL,0,NULL,'2024-09-16 14:28:56','2024-09-16 14:28:56',NULL),(4562,10730,4564,4568,NULL,0,NULL,'2024-09-16 14:28:56','2024-09-16 14:28:56',NULL),(4563,10730,4565,4569,NULL,0,NULL,'2024-09-16 14:28:56','2024-09-16 14:28:56',NULL),(4564,10730,4566,4570,NULL,0,NULL,'2024-09-16 14:28:56','2024-09-16 14:28:56',NULL),(4565,10730,4567,4571,NULL,0,NULL,'2024-09-16 14:28:57','2024-09-16 14:28:57',NULL),(4566,10730,4568,4572,NULL,0,NULL,'2024-09-16 14:28:57','2024-09-16 14:28:57',NULL),(4567,10730,4569,4573,NULL,0,NULL,'2024-09-16 14:28:57','2024-09-16 14:28:57',NULL),(4568,10730,4570,4574,NULL,0,NULL,'2024-09-16 14:28:57','2024-09-16 14:28:57',NULL),(4569,10730,4571,4575,NULL,0,NULL,'2024-09-16 14:28:57','2024-09-16 14:28:57',NULL),(4570,10730,4572,4576,NULL,0,NULL,'2024-09-16 14:28:57','2024-09-16 14:28:57',NULL),(4571,10730,4573,4577,NULL,0,NULL,'2024-09-16 14:28:57','2024-09-16 14:28:57',NULL),(4572,10730,4574,4578,NULL,0,NULL,'2024-09-16 14:28:57','2024-09-16 14:28:57',NULL),(4573,10730,4575,4579,NULL,0,NULL,'2024-09-16 14:28:57','2024-09-16 14:28:57',NULL),(4574,10730,4576,4580,NULL,0,NULL,'2024-09-16 14:28:57','2024-09-16 14:28:57',NULL),(4575,10730,4577,4581,NULL,0,NULL,'2024-09-16 14:28:57','2024-09-16 14:28:57',NULL),(4576,10730,4578,4582,NULL,0,NULL,'2024-09-16 14:28:57','2024-09-16 14:28:57',NULL),(4577,10730,4579,4583,NULL,0,NULL,'2024-09-16 14:28:57','2024-09-16 14:28:57',NULL),(4578,10730,4580,4584,NULL,0,NULL,'2024-09-16 14:28:57','2024-09-16 14:28:57',NULL),(4579,10730,4581,4585,NULL,0,NULL,'2024-09-16 14:28:57','2024-09-16 14:28:57',NULL),(4580,10730,4582,4586,NULL,0,NULL,'2024-09-16 14:28:57','2024-09-16 14:28:57',NULL),(4581,10730,4583,4587,NULL,0,NULL,'2024-09-16 14:28:57','2024-09-16 14:28:57',NULL),(4582,10730,4584,4588,NULL,0,NULL,'2024-09-16 14:28:57','2024-09-16 14:28:57',NULL),(4583,10730,4585,4589,NULL,0,NULL,'2024-09-16 14:28:57','2024-09-16 14:28:57',NULL),(4584,10730,4586,4590,NULL,0,NULL,'2024-09-16 14:28:57','2024-09-16 14:28:57',NULL),(4585,10730,4587,4591,NULL,0,NULL,'2024-09-16 14:28:58','2024-09-16 14:28:58',NULL),(4586,10730,4588,4592,NULL,0,NULL,'2024-09-16 14:28:58','2024-09-16 14:28:58',NULL),(4587,10730,4589,4593,NULL,0,NULL,'2024-09-16 14:28:58','2024-09-16 14:28:58',NULL),(4588,10730,4590,4594,NULL,0,NULL,'2024-09-16 14:28:58','2024-09-16 14:28:58',NULL),(4589,10730,4591,4595,NULL,0,NULL,'2024-09-16 14:28:58','2024-09-16 14:28:58',NULL),(4590,10730,4592,4596,NULL,0,NULL,'2024-09-16 14:28:58','2024-09-16 14:28:58',NULL),(4591,10730,4593,4597,NULL,0,NULL,'2024-09-16 14:28:58','2024-09-16 14:28:58',NULL),(4592,10730,4594,4598,NULL,0,NULL,'2024-09-16 14:28:58','2024-09-16 14:28:58',NULL),(4593,10730,4595,4599,NULL,0,NULL,'2024-09-16 14:28:58','2024-09-16 14:28:58',NULL),(4594,10730,4596,4600,NULL,0,NULL,'2024-09-16 14:28:58','2024-09-16 14:28:58',NULL),(4595,10730,4597,4601,NULL,0,NULL,'2024-09-16 14:28:58','2024-09-16 14:28:58',NULL),(4596,10730,4598,4602,NULL,0,NULL,'2024-09-16 14:28:58','2024-09-16 14:28:58',NULL),(4597,10730,4599,4603,NULL,0,NULL,'2024-09-16 14:28:58','2024-09-16 14:28:58',NULL),(4598,10730,4600,4604,NULL,0,NULL,'2024-09-16 14:28:58','2024-09-16 14:28:58',NULL),(4599,10730,4601,4605,NULL,0,NULL,'2024-09-16 14:28:58','2024-09-16 14:28:58',NULL);
INSERT INTO `cta_cte_cliente_pivot_receipt` VALUES (4600,10730,4602,4606,NULL,0,NULL,'2024-09-16 14:28:58','2024-09-16 14:28:58',NULL),(4601,10730,4603,4607,NULL,0,NULL,'2024-09-16 14:28:58','2024-09-16 14:28:58',NULL),(4602,10730,4604,4608,NULL,0,NULL,'2024-09-16 14:28:58','2024-09-16 14:28:58',NULL),(4603,10730,4605,4609,NULL,0,NULL,'2024-09-16 14:28:58','2024-09-16 14:28:58',NULL),(4604,10730,4606,4610,NULL,0,NULL,'2024-09-16 14:28:58','2024-09-16 14:28:58',NULL),(4605,10730,4607,4611,NULL,0,NULL,'2024-09-16 14:28:59','2024-09-16 14:28:59',NULL),(4606,10730,4608,4612,NULL,0,NULL,'2024-09-16 14:28:59','2024-09-16 14:28:59',NULL),(4607,10730,4609,4613,NULL,0,NULL,'2024-09-16 14:28:59','2024-09-16 14:28:59',NULL),(4608,10730,4610,4614,NULL,0,NULL,'2024-09-16 14:28:59','2024-09-16 14:28:59',NULL),(4609,10730,4611,4615,NULL,0,NULL,'2024-09-16 14:28:59','2024-09-16 14:28:59',NULL),(4610,10730,4612,4616,NULL,0,NULL,'2024-09-16 14:28:59','2024-09-16 14:28:59',NULL),(4611,10730,4613,4617,NULL,0,NULL,'2024-09-16 14:28:59','2024-09-16 14:28:59',NULL),(4612,10730,4614,4618,NULL,0,NULL,'2024-09-16 14:28:59','2024-09-16 14:28:59',NULL),(4613,10730,4615,4619,NULL,0,NULL,'2024-09-16 14:28:59','2024-09-16 14:28:59',NULL),(4614,10730,4616,4620,NULL,0,NULL,'2024-09-16 14:28:59','2024-09-16 14:28:59',NULL),(4615,10730,4617,4621,NULL,0,NULL,'2024-09-16 14:28:59','2024-09-16 14:28:59',NULL),(4616,10730,4618,4622,NULL,0,NULL,'2024-09-16 14:28:59','2024-09-16 14:28:59',NULL),(4617,10730,4619,4623,NULL,0,NULL,'2024-09-16 14:28:59','2024-09-16 14:28:59',NULL),(4618,10730,4620,4624,NULL,0,NULL,'2024-09-16 14:28:59','2024-09-16 14:28:59',NULL),(4619,10730,4621,4625,NULL,0,NULL,'2024-09-16 14:28:59','2024-09-16 14:28:59',NULL),(4620,10730,4622,4626,NULL,0,NULL,'2024-09-16 14:28:59','2024-09-16 14:28:59',NULL),(4621,10730,4623,4627,NULL,0,NULL,'2024-09-16 14:28:59','2024-09-16 14:28:59',NULL),(4622,10730,4624,4628,NULL,0,NULL,'2024-09-16 14:28:59','2024-09-16 14:28:59',NULL),(4623,10730,4625,4629,NULL,0,NULL,'2024-09-16 14:28:59','2024-09-16 14:28:59',NULL),(4624,10730,4626,4630,NULL,0,NULL,'2024-09-16 14:28:59','2024-09-16 14:28:59',NULL),(4625,10730,4627,4631,NULL,0,NULL,'2024-09-16 14:28:59','2024-09-16 14:28:59',NULL),(4626,10730,4628,4632,NULL,0,NULL,'2024-09-16 14:29:00','2024-09-16 14:29:00',NULL),(4627,10730,4629,4633,NULL,0,NULL,'2024-09-16 14:29:00','2024-09-16 14:29:00',NULL),(4628,10730,4630,4634,NULL,0,NULL,'2024-09-16 14:29:00','2024-09-16 14:29:00',NULL),(4629,10730,4631,4635,NULL,0,NULL,'2024-09-16 14:29:00','2024-09-16 14:29:00',NULL),(4630,10730,4632,4636,NULL,0,NULL,'2024-09-16 14:29:00','2024-09-16 14:29:00',NULL),(4631,10730,4633,4637,NULL,0,NULL,'2024-09-16 14:29:00','2024-09-16 14:29:00',NULL),(4632,10730,4634,4638,NULL,0,NULL,'2024-09-16 14:29:00','2024-09-16 14:29:00',NULL),(4633,10730,4635,4639,NULL,0,NULL,'2024-09-16 14:29:00','2024-09-16 14:29:00',NULL),(4634,10730,4636,4640,NULL,0,NULL,'2024-09-16 14:29:00','2024-09-16 14:29:00',NULL),(4635,10730,4637,4641,NULL,0,NULL,'2024-09-16 14:29:00','2024-09-16 14:29:00',NULL),(4636,10730,4638,4642,NULL,0,NULL,'2024-09-16 14:29:00','2024-09-16 14:29:00',NULL),(4637,10730,4639,4643,NULL,0,NULL,'2024-09-16 14:29:00','2024-09-16 14:29:00',NULL),(4638,10730,4640,4644,NULL,0,NULL,'2024-09-16 14:29:00','2024-09-16 14:29:00',NULL),(4639,10730,4641,4645,NULL,0,NULL,'2024-09-16 14:29:00','2024-09-16 14:29:00',NULL),(4640,10730,4642,4646,NULL,0,NULL,'2024-09-16 14:29:00','2024-09-16 14:29:00',NULL),(4641,10730,4643,4647,NULL,0,NULL,'2024-09-16 14:29:00','2024-09-16 14:29:00',NULL),(4642,10730,4644,4648,NULL,0,NULL,'2024-09-16 14:29:00','2024-09-16 14:29:00',NULL),(4643,10730,4645,4649,NULL,0,NULL,'2024-09-16 14:29:00','2024-09-16 14:29:00',NULL),(4644,10730,4646,4650,NULL,0,NULL,'2024-09-16 14:29:00','2024-09-16 14:29:00',NULL),(4645,10730,4647,4651,NULL,0,NULL,'2024-09-16 14:29:00','2024-09-16 14:29:00',NULL),(4646,10730,4648,4652,NULL,0,NULL,'2024-09-16 14:29:01','2024-09-16 14:29:01',NULL);
INSERT INTO `cta_cte_cliente_pivot_receipt` VALUES (4647,10730,4649,4653,NULL,0,NULL,'2024-09-16 14:29:01','2024-09-16 14:29:01',NULL),(4648,10730,4650,4654,NULL,0,NULL,'2024-09-16 14:29:01','2024-09-16 14:29:01',NULL),(4649,10730,4651,4655,NULL,0,NULL,'2024-09-16 14:29:01','2024-09-16 14:29:01',NULL),(4650,10730,4652,4656,NULL,0,NULL,'2024-09-16 14:29:01','2024-09-16 14:29:01',NULL),(4651,10730,4653,4657,NULL,0,NULL,'2024-09-16 14:29:01','2024-09-16 14:29:01',NULL),(4652,10730,4654,4658,NULL,0,NULL,'2024-09-16 14:29:01','2024-09-16 14:29:01',NULL),(4653,10730,4655,4659,NULL,0,NULL,'2024-09-16 14:29:01','2024-09-16 14:29:01',NULL),(4654,10730,4656,4660,NULL,0,NULL,'2024-09-16 14:29:01','2024-09-16 14:29:01',NULL),(4655,10730,4657,4661,NULL,0,NULL,'2024-09-16 14:29:01','2024-09-16 14:29:01',NULL),(4656,10730,4658,4662,NULL,0,NULL,'2024-09-16 14:29:01','2024-09-16 14:29:01',NULL),(4657,10730,4659,4663,NULL,0,NULL,'2024-09-16 14:29:01','2024-09-16 14:29:01',NULL),(4658,10730,4660,4664,NULL,0,NULL,'2024-09-16 14:29:02','2024-09-16 14:29:02',NULL),(4659,10730,4661,4665,NULL,0,NULL,'2024-09-16 14:29:02','2024-09-16 14:29:02',NULL),(4660,10730,4662,4666,NULL,0,NULL,'2024-09-16 14:29:02','2024-09-16 14:29:02',NULL),(4661,10730,4663,4667,NULL,0,NULL,'2024-09-16 14:29:02','2024-09-16 14:29:02',NULL),(4662,10730,4664,4668,NULL,0,NULL,'2024-09-16 14:29:02','2024-09-16 14:29:02',NULL),(4663,10730,4665,4669,NULL,0,NULL,'2024-09-16 14:29:02','2024-09-16 14:29:02',NULL),(4664,10730,4666,4670,NULL,0,NULL,'2024-09-16 14:29:02','2024-09-16 14:29:02',NULL),(4665,10730,4667,4671,NULL,0,NULL,'2024-09-16 14:29:02','2024-09-16 14:29:02',NULL),(4666,10730,4668,4672,NULL,0,NULL,'2024-09-16 14:29:02','2024-09-16 14:29:02',NULL),(4667,10730,4669,4673,NULL,0,NULL,'2024-09-16 14:29:02','2024-09-16 14:29:02',NULL),(4668,10730,4670,4674,NULL,0,NULL,'2024-09-16 14:29:02','2024-09-16 14:29:02',NULL),(4669,10730,4671,4675,NULL,0,NULL,'2024-09-16 14:29:02','2024-09-16 14:29:02',NULL),(4670,10730,4672,4676,NULL,0,NULL,'2024-09-16 14:29:03','2024-09-16 14:29:03',NULL),(4671,10730,4673,4677,NULL,0,NULL,'2024-09-16 14:29:03','2024-09-16 14:29:03',NULL),(4672,10730,4674,4678,NULL,0,NULL,'2024-09-16 14:29:03','2024-09-16 14:29:03',NULL),(4673,10730,4675,4679,NULL,0,NULL,'2024-09-16 14:29:03','2024-09-16 14:29:03',NULL),(4674,10730,4676,4680,NULL,0,NULL,'2024-09-16 14:29:03','2024-09-16 14:29:03',NULL),(4675,10730,4677,4681,NULL,0,NULL,'2024-09-16 14:29:03','2024-09-16 14:29:03',NULL),(4676,10730,4678,4682,NULL,0,NULL,'2024-09-16 14:29:03','2024-09-16 14:29:03',NULL),(4677,10730,4679,4683,NULL,0,NULL,'2024-09-16 14:29:03','2024-09-16 14:29:03',NULL),(4678,10730,4680,4684,NULL,0,NULL,'2024-09-16 14:29:03','2024-09-16 14:29:03',NULL),(4679,10730,4681,4685,NULL,0,NULL,'2024-09-16 14:29:03','2024-09-16 14:29:03',NULL),(4680,10730,4682,4686,NULL,0,NULL,'2024-09-16 14:29:03','2024-09-16 14:29:03',NULL),(4681,10730,4683,4687,NULL,0,NULL,'2024-09-16 14:29:03','2024-09-16 14:29:03',NULL),(4682,10730,4684,4688,NULL,0,NULL,'2024-09-16 14:29:04','2024-09-16 14:29:04',NULL),(4683,10730,4685,4689,NULL,0,NULL,'2024-09-16 14:29:04','2024-09-16 14:29:04',NULL),(4684,10730,4686,4690,NULL,0,NULL,'2024-09-16 14:29:04','2024-09-16 14:29:04',NULL),(4685,10730,4687,4691,NULL,0,NULL,'2024-09-16 14:29:04','2024-09-16 14:29:04',NULL),(4686,10730,4688,4692,NULL,0,NULL,'2024-09-16 14:29:04','2024-09-16 14:29:04',NULL),(4687,10730,4689,4693,NULL,0,NULL,'2024-09-16 14:29:04','2024-09-16 14:29:04',NULL),(4688,10730,4690,4694,NULL,0,NULL,'2024-09-16 14:29:04','2024-09-16 14:29:04',NULL),(4689,10730,4691,4695,NULL,0,NULL,'2024-09-16 14:29:04','2024-09-16 14:29:04',NULL),(4690,10730,4692,4696,NULL,0,NULL,'2024-09-16 14:29:04','2024-09-16 14:29:04',NULL),(4691,10730,4693,4697,NULL,0,NULL,'2024-09-16 14:29:04','2024-09-16 14:29:04',NULL),(4692,10730,4694,4698,NULL,0,NULL,'2024-09-16 14:29:04','2024-09-16 14:29:04',NULL),(4693,10730,4695,4699,NULL,0,NULL,'2024-09-16 14:29:04','2024-09-16 14:29:04',NULL);
INSERT INTO `cta_cte_cliente_pivot_receipt` VALUES (4694,10730,4696,4700,NULL,0,NULL,'2024-09-16 14:29:04','2024-09-16 14:29:04',NULL),(4695,10730,4697,4701,NULL,0,NULL,'2024-09-16 14:29:04','2024-09-16 14:29:04',NULL),(4696,10730,4698,4702,NULL,0,NULL,'2024-09-16 14:29:05','2024-09-16 14:29:05',NULL),(4697,10730,4699,4703,NULL,0,NULL,'2024-09-16 14:29:05','2024-09-16 14:29:05',NULL),(4698,10730,4700,4704,NULL,0,NULL,'2024-09-16 14:29:05','2024-09-16 14:29:05',NULL),(4699,10730,4701,4705,NULL,0,NULL,'2024-09-16 14:29:05','2024-09-16 14:29:05',NULL),(4700,10730,4702,4706,NULL,0,NULL,'2024-09-16 14:29:05','2024-09-16 14:29:05',NULL),(4701,10730,4703,4707,NULL,0,NULL,'2024-09-16 14:29:05','2024-09-16 14:29:05',NULL),(4702,10730,4704,4708,NULL,0,NULL,'2024-09-16 14:29:05','2024-09-16 14:29:05',NULL),(4703,10730,4705,4709,NULL,0,NULL,'2024-09-16 14:29:05','2024-09-16 14:29:05',NULL),(4704,10730,4706,4710,NULL,0,NULL,'2024-09-16 14:29:05','2024-09-16 14:29:05',NULL),(4705,10730,4707,4711,NULL,0,NULL,'2024-09-16 14:29:05','2024-09-16 14:29:05',NULL),(4706,10730,4708,4712,NULL,0,NULL,'2024-09-16 14:29:05','2024-09-16 14:29:05',NULL),(4707,10730,4709,4713,NULL,0,NULL,'2024-09-16 14:29:05','2024-09-16 14:29:05',NULL),(4708,10730,4710,4714,NULL,0,NULL,'2024-09-16 14:29:05','2024-09-16 14:29:05',NULL),(4709,10730,4711,4715,NULL,0,NULL,'2024-09-16 14:29:05','2024-09-16 14:29:05',NULL),(4710,10730,4712,4716,NULL,0,NULL,'2024-09-16 14:29:05','2024-09-16 14:29:05',NULL),(4711,10730,4713,4717,NULL,0,NULL,'2024-09-16 14:29:06','2024-09-16 14:29:06',NULL),(4712,10730,4714,4718,NULL,0,NULL,'2024-09-16 14:29:06','2024-09-16 14:29:06',NULL),(4713,10730,4715,4719,NULL,0,NULL,'2024-09-16 14:29:06','2024-09-16 14:29:06',NULL),(4714,10730,4716,4720,NULL,0,NULL,'2024-09-16 14:29:06','2024-09-16 14:29:06',NULL),(4715,10730,4717,4721,NULL,0,NULL,'2024-09-16 14:29:06','2024-09-16 14:29:06',NULL),(4716,10730,4718,4722,NULL,0,NULL,'2024-09-16 14:29:06','2024-09-16 14:29:06',NULL),(4717,10730,4719,4723,NULL,0,NULL,'2024-09-16 14:29:06','2024-09-16 14:29:06',NULL),(4718,10730,4720,4724,NULL,0,NULL,'2024-09-16 14:29:06','2024-09-16 14:29:06',NULL),(4719,10730,4721,4725,NULL,0,NULL,'2024-09-16 14:29:06','2024-09-16 14:29:06',NULL),(4720,10730,4722,4726,NULL,0,NULL,'2024-09-16 14:29:06','2024-09-16 14:29:06',NULL),(4721,10730,4723,4727,NULL,0,NULL,'2024-09-16 14:29:06','2024-09-16 14:29:06',NULL),(4722,10730,4724,4728,NULL,0,NULL,'2024-09-16 14:29:06','2024-09-16 14:29:06',NULL),(4723,10730,4725,4729,NULL,0,NULL,'2024-09-16 14:29:06','2024-09-16 14:29:06',NULL),(4724,10730,4726,4730,NULL,0,NULL,'2024-09-16 14:29:06','2024-09-16 14:29:06',NULL),(4725,10730,4727,4731,NULL,0,NULL,'2024-09-16 14:29:06','2024-09-16 14:29:06',NULL),(4726,10730,4728,4732,NULL,0,NULL,'2024-09-16 14:29:06','2024-09-16 14:29:06',NULL),(4727,10730,4729,4733,NULL,0,NULL,'2024-09-16 14:29:07','2024-09-16 14:29:07',NULL),(4728,10730,4730,4734,NULL,0,NULL,'2024-09-16 14:29:07','2024-09-16 14:29:07',NULL),(4729,10730,4731,4735,NULL,0,NULL,'2024-09-16 14:29:07','2024-09-16 14:29:07',NULL),(4730,10730,4732,4736,NULL,0,NULL,'2024-09-16 14:29:07','2024-09-16 14:29:07',NULL),(4731,10730,4733,4737,NULL,0,NULL,'2024-09-16 14:29:07','2024-09-16 14:29:07',NULL),(4732,10730,4734,4738,NULL,0,NULL,'2024-09-16 14:29:07','2024-09-16 14:29:07',NULL),(4733,10730,4735,4739,NULL,0,NULL,'2024-09-16 14:29:07','2024-09-16 14:29:07',NULL),(4734,10730,4736,4740,NULL,0,NULL,'2024-09-16 14:29:07','2024-09-16 14:29:07',NULL),(4735,10730,4737,4741,NULL,0,NULL,'2024-09-16 14:29:07','2024-09-16 14:29:07',NULL),(4736,10730,4738,4742,NULL,0,NULL,'2024-09-16 14:29:07','2024-09-16 14:29:07',NULL),(4737,10730,4739,4743,NULL,0,NULL,'2024-09-16 14:29:07','2024-09-16 14:29:07',NULL),(4738,10730,4740,4744,NULL,0,NULL,'2024-09-16 14:29:07','2024-09-16 14:29:07',NULL),(4739,10730,4741,4745,NULL,0,NULL,'2024-09-16 14:29:07','2024-09-16 14:29:07',NULL),(4740,10730,4742,4746,NULL,0,NULL,'2024-09-16 14:29:07','2024-09-16 14:29:07',NULL);
INSERT INTO `cta_cte_cliente_pivot_receipt` VALUES (4741,10730,4743,4747,NULL,0,NULL,'2024-09-16 14:29:07','2024-09-16 14:29:07',NULL),(4742,10730,4744,4748,NULL,0,NULL,'2024-09-16 14:29:07','2024-09-16 14:29:07',NULL),(4743,10730,4745,4749,NULL,0,NULL,'2024-09-16 14:29:07','2024-09-16 14:29:07',NULL),(4744,10730,4746,4750,NULL,0,NULL,'2024-09-16 14:29:08','2024-09-16 14:29:08',NULL),(4745,10730,4747,4751,NULL,0,NULL,'2024-09-16 14:29:08','2024-09-16 14:29:08',NULL),(4746,10730,4748,4752,NULL,0,NULL,'2024-09-16 14:29:08','2024-09-16 14:29:08',NULL),(4747,10730,4749,4753,NULL,0,NULL,'2024-09-16 14:29:08','2024-09-16 14:29:08',NULL),(4748,10730,4750,4754,NULL,0,NULL,'2024-09-16 14:29:08','2024-09-16 14:29:08',NULL),(4749,10730,4751,4755,NULL,0,NULL,'2024-09-16 14:29:08','2024-09-16 14:29:08',NULL),(4750,10730,4752,4756,NULL,0,NULL,'2024-09-16 14:29:08','2024-09-16 14:29:08',NULL),(4751,10730,4753,4757,NULL,0,NULL,'2024-09-16 14:29:08','2024-09-16 14:29:08',NULL),(4752,10730,4754,4758,NULL,0,NULL,'2024-09-16 14:29:08','2024-09-16 14:29:08',NULL),(4753,10730,4755,4759,NULL,0,NULL,'2024-09-16 14:29:08','2024-09-16 14:29:08',NULL),(4754,10730,4756,4760,NULL,0,NULL,'2024-09-16 14:29:08','2024-09-16 14:29:08',NULL),(4755,10730,4757,4761,NULL,0,NULL,'2024-09-16 14:29:08','2024-09-16 14:29:08',NULL),(4756,10730,4758,4762,NULL,0,NULL,'2024-09-16 14:29:08','2024-09-16 14:29:08',NULL),(4757,10730,4759,4763,NULL,0,NULL,'2024-09-16 14:29:08','2024-09-16 14:29:08',NULL),(4758,10730,4760,4764,NULL,0,NULL,'2024-09-16 14:29:08','2024-09-16 14:29:08',NULL),(4759,10730,4761,4765,NULL,0,NULL,'2024-09-16 14:29:09','2024-09-16 14:29:09',NULL),(4760,10730,4762,4766,NULL,0,NULL,'2024-09-16 14:29:09','2024-09-16 14:29:09',NULL),(4761,10730,4763,4767,NULL,0,NULL,'2024-09-16 14:29:09','2024-09-16 14:29:09',NULL),(4762,10730,4764,4768,NULL,0,NULL,'2024-09-16 14:29:09','2024-09-16 14:29:09',NULL),(4763,10730,4765,4769,NULL,0,NULL,'2024-09-16 14:29:09','2024-09-16 14:29:09',NULL),(4764,10730,4766,4770,NULL,0,NULL,'2024-09-16 14:29:09','2024-09-16 14:29:09',NULL),(4765,10730,4767,4771,NULL,0,NULL,'2024-09-16 14:29:09','2024-09-16 14:29:09',NULL),(4766,10730,4768,4772,NULL,0,NULL,'2024-09-16 14:29:09','2024-09-16 14:29:09',NULL),(4767,10730,4769,4773,NULL,0,NULL,'2024-09-16 14:29:09','2024-09-16 14:29:09',NULL),(4768,10730,4770,4774,NULL,0,NULL,'2024-09-16 14:29:09','2024-09-16 14:29:09',NULL),(4769,10730,4771,4775,NULL,0,NULL,'2024-09-16 14:29:09','2024-09-16 14:29:09',NULL),(4770,10730,4772,4776,NULL,0,NULL,'2024-09-16 14:29:09','2024-09-16 14:29:09',NULL),(4771,10730,4773,4777,NULL,0,NULL,'2024-09-16 14:29:09','2024-09-16 14:29:09',NULL),(4772,10730,4774,4778,NULL,0,NULL,'2024-09-16 14:29:09','2024-09-16 14:29:09',NULL),(4773,10730,4775,4779,NULL,0,NULL,'2024-09-16 14:29:09','2024-09-16 14:29:09',NULL),(4774,10730,4776,4780,NULL,0,NULL,'2024-09-16 14:29:09','2024-09-16 14:29:09',NULL),(4775,10730,4777,4781,NULL,0,NULL,'2024-09-16 14:29:09','2024-09-16 14:29:09',NULL),(4776,10730,4778,4782,NULL,0,NULL,'2024-09-16 14:29:10','2024-09-16 14:29:10',NULL),(4777,10730,4779,4783,NULL,0,NULL,'2024-09-16 14:29:10','2024-09-16 14:29:10',NULL),(4778,10730,4780,4784,NULL,0,NULL,'2024-09-16 14:29:10','2024-09-16 14:29:10',NULL),(4779,10730,4781,4785,NULL,0,NULL,'2024-09-16 14:29:10','2024-09-16 14:29:10',NULL),(4780,10730,4782,4786,NULL,0,NULL,'2024-09-16 14:29:10','2024-09-16 14:29:10',NULL),(4781,10730,4783,4787,NULL,0,NULL,'2024-09-16 14:29:10','2024-09-16 14:29:10',NULL),(4782,10730,4784,4788,NULL,0,NULL,'2024-09-16 14:29:10','2024-09-16 14:29:10',NULL),(4783,10730,4785,4789,NULL,0,NULL,'2024-09-16 14:29:10','2024-09-16 14:29:10',NULL),(4784,10730,4786,4790,NULL,0,NULL,'2024-09-16 14:29:10','2024-09-16 14:29:10',NULL),(4785,10730,4787,4791,NULL,0,NULL,'2024-09-16 14:29:10','2024-09-16 14:29:10',NULL),(4786,10730,4788,4792,NULL,0,NULL,'2024-09-16 14:29:10','2024-09-16 14:29:10',NULL),(4787,10730,4789,4793,NULL,0,NULL,'2024-09-16 14:29:10','2024-09-16 14:29:10',NULL);
INSERT INTO `cta_cte_cliente_pivot_receipt` VALUES (4788,10730,4790,4794,NULL,0,NULL,'2024-09-16 14:29:10','2024-09-16 14:29:10',NULL),(4789,10730,4791,4795,NULL,0,NULL,'2024-09-16 14:29:10','2024-09-16 14:29:10',NULL),(4790,10730,4792,4796,NULL,0,NULL,'2024-09-16 14:29:10','2024-09-16 14:29:10',NULL),(4791,10730,4793,4797,NULL,0,NULL,'2024-09-16 14:29:10','2024-09-16 14:29:10',NULL),(4792,10730,4794,4798,NULL,0,NULL,'2024-09-16 14:29:10','2024-09-16 14:29:10',NULL),(4793,10730,4795,4799,NULL,0,NULL,'2024-09-16 14:29:10','2024-09-16 14:29:10',NULL),(4794,10730,4796,4800,NULL,0,NULL,'2024-09-16 14:29:10','2024-09-16 14:29:10',NULL),(4795,10730,4797,4801,NULL,0,NULL,'2024-09-16 14:29:10','2024-09-16 14:29:10',NULL),(4796,10730,4798,4802,NULL,0,NULL,'2024-09-16 14:29:11','2024-09-16 14:29:11',NULL),(4797,10730,4799,4803,NULL,0,NULL,'2024-09-16 14:29:11','2024-09-16 14:29:11',NULL),(4798,10730,4800,4804,NULL,0,NULL,'2024-09-16 14:29:11','2024-09-16 14:29:11',NULL),(4799,10730,4801,4805,NULL,0,NULL,'2024-09-16 14:29:11','2024-09-16 14:29:11',NULL),(4800,10730,4802,4806,NULL,0,NULL,'2024-09-16 14:29:11','2024-09-16 14:29:11',NULL),(4801,10730,4803,4807,NULL,0,NULL,'2024-09-16 14:29:11','2024-09-16 14:29:11',NULL),(4802,10730,4804,4808,NULL,0,NULL,'2024-09-16 14:29:11','2024-09-16 14:29:11',NULL),(4803,10730,4805,4809,NULL,0,NULL,'2024-09-16 14:29:11','2024-09-16 14:29:11',NULL),(4804,10730,4806,4810,NULL,0,NULL,'2024-09-16 14:29:11','2024-09-16 14:29:11',NULL),(4805,10730,4807,4811,NULL,0,NULL,'2024-09-16 14:29:11','2024-09-16 14:29:11',NULL),(4806,10730,4808,4812,NULL,0,NULL,'2024-09-16 14:29:11','2024-09-16 14:29:11',NULL),(4807,10730,4809,4813,NULL,0,NULL,'2024-09-16 14:29:11','2024-09-16 14:29:11',NULL),(4808,10730,4810,4814,NULL,0,NULL,'2024-09-16 14:29:11','2024-09-16 14:29:11',NULL),(4809,10730,4811,4815,NULL,0,NULL,'2024-09-16 14:29:11','2024-09-16 14:29:11',NULL),(4810,10730,4812,4816,NULL,0,NULL,'2024-09-16 14:29:11','2024-09-16 14:29:11',NULL),(4811,10730,4813,4817,NULL,0,NULL,'2024-09-16 14:29:11','2024-09-16 14:29:11',NULL),(4812,10730,4814,4818,NULL,0,NULL,'2024-09-16 14:29:11','2024-09-16 14:29:11',NULL),(4813,10730,4815,4819,NULL,0,NULL,'2024-09-16 14:29:11','2024-09-16 14:29:11',NULL),(4814,10730,4816,4820,NULL,0,NULL,'2024-09-16 14:29:11','2024-09-16 14:29:11',NULL),(4815,10730,4817,4821,NULL,0,NULL,'2024-09-16 14:29:11','2024-09-16 14:29:11',NULL),(4816,10730,4818,4822,NULL,0,NULL,'2024-09-16 14:29:12','2024-09-16 14:29:12',NULL),(4817,10730,4819,4823,NULL,0,NULL,'2024-09-16 14:29:12','2024-09-16 14:29:12',NULL),(4818,10730,4820,4824,NULL,0,NULL,'2024-09-16 14:29:12','2024-09-16 14:29:12',NULL),(4819,10730,4821,4825,NULL,0,NULL,'2024-09-16 14:29:12','2024-09-16 14:29:12',NULL),(4820,10730,4822,4826,NULL,0,NULL,'2024-09-16 14:29:12','2024-09-16 14:29:12',NULL),(4821,10730,4823,4827,NULL,0,NULL,'2024-09-16 14:29:12','2024-09-16 14:29:12',NULL),(4822,10730,4824,4828,NULL,0,NULL,'2024-09-16 14:29:12','2024-09-16 14:29:12',NULL),(4823,10730,4825,4829,NULL,0,NULL,'2024-09-16 14:29:12','2024-09-16 14:29:12',NULL),(4824,10730,4826,4830,NULL,0,NULL,'2024-09-16 14:29:12','2024-09-16 14:29:12',NULL),(4825,10730,4827,4831,NULL,0,NULL,'2024-09-16 14:29:12','2024-09-16 14:29:12',NULL),(4826,10730,4828,4832,NULL,0,NULL,'2024-09-16 14:29:12','2024-09-16 14:29:12',NULL),(4827,10730,4829,4833,NULL,0,NULL,'2024-09-16 14:29:12','2024-09-16 14:29:12',NULL),(4828,10730,4830,4834,NULL,0,NULL,'2024-09-16 14:29:12','2024-09-16 14:29:12',NULL),(4829,10730,4831,4835,NULL,0,NULL,'2024-09-16 14:29:12','2024-09-16 14:29:12',NULL),(4830,10730,4832,4836,NULL,0,NULL,'2024-09-16 14:29:12','2024-09-16 14:29:12',NULL),(4831,10730,4833,4837,NULL,0,NULL,'2024-09-16 14:29:12','2024-09-16 14:29:12',NULL),(4832,10730,4834,4838,NULL,0,NULL,'2024-09-16 14:29:12','2024-09-16 14:29:12',NULL),(4833,10730,4835,4839,NULL,0,NULL,'2024-09-16 14:29:12','2024-09-16 14:29:12',NULL),(4834,10730,4836,4840,NULL,0,NULL,'2024-09-16 14:29:12','2024-09-16 14:29:12',NULL);
INSERT INTO `cta_cte_cliente_pivot_receipt` VALUES (4835,10730,4837,4841,NULL,0,NULL,'2024-09-16 14:29:12','2024-09-16 14:29:12',NULL),(4836,10730,4838,4842,NULL,0,NULL,'2024-09-16 14:29:13','2024-09-16 14:29:13',NULL),(4837,10730,4839,4843,NULL,0,NULL,'2024-09-16 14:29:13','2024-09-16 14:29:13',NULL),(4838,10730,4840,4844,NULL,0,NULL,'2024-09-16 14:29:13','2024-09-16 14:29:13',NULL),(4839,10730,4841,4845,NULL,0,NULL,'2024-09-16 14:29:13','2024-09-16 14:29:13',NULL),(4840,10730,4842,4846,NULL,0,NULL,'2024-09-16 14:29:13','2024-09-16 14:29:13',NULL),(4841,10730,4843,4847,NULL,0,NULL,'2024-09-16 14:29:13','2024-09-16 14:29:13',NULL),(4842,10730,4844,4848,NULL,0,NULL,'2024-09-16 14:29:13','2024-09-16 14:29:13',NULL),(4843,10730,4845,4849,NULL,0,NULL,'2024-09-16 14:29:13','2024-09-16 14:29:13',NULL),(4844,10730,4846,4850,NULL,0,NULL,'2024-09-16 14:29:13','2024-09-16 14:29:13',NULL),(4845,10730,4847,4851,NULL,0,NULL,'2024-09-16 14:29:13','2024-09-16 14:29:13',NULL),(4846,10730,4848,4852,NULL,0,NULL,'2024-09-16 14:29:13','2024-09-16 14:29:13',NULL),(4847,10730,4849,4853,NULL,0,NULL,'2024-09-16 14:29:13','2024-09-16 14:29:13',NULL),(4848,10730,4850,4854,NULL,0,NULL,'2024-09-16 14:29:13','2024-09-16 14:29:13',NULL),(4849,10730,4851,4855,NULL,0,NULL,'2024-09-16 14:29:13','2024-09-16 14:29:13',NULL),(4850,10730,4852,4856,NULL,0,NULL,'2024-09-16 14:29:13','2024-09-16 14:29:13',NULL),(4851,10730,4853,4857,NULL,0,NULL,'2024-09-16 14:29:13','2024-09-16 14:29:13',NULL),(4852,10730,4854,4858,NULL,0,NULL,'2024-09-16 14:29:13','2024-09-16 14:29:13',NULL),(4853,10730,4855,4859,NULL,0,NULL,'2024-09-16 14:29:13','2024-09-16 14:29:13',NULL),(4854,10730,4856,4860,NULL,0,NULL,'2024-09-16 14:29:13','2024-09-16 14:29:13',NULL),(4855,10730,4857,4861,NULL,0,NULL,'2024-09-16 14:29:13','2024-09-16 14:29:13',NULL),(4856,10730,4858,4862,NULL,0,NULL,'2024-09-16 14:29:13','2024-09-16 14:29:13',NULL),(4857,10730,4859,4863,NULL,0,NULL,'2024-09-16 14:29:14','2024-09-16 14:29:14',NULL),(4858,10730,4860,4864,NULL,0,NULL,'2024-09-16 14:29:14','2024-09-16 14:29:14',NULL),(4859,10730,4861,4865,NULL,0,NULL,'2024-09-16 14:29:14','2024-09-16 14:29:14',NULL),(4860,10730,4862,4866,NULL,0,NULL,'2024-09-16 14:29:14','2024-09-16 14:29:14',NULL),(4861,10730,4863,4867,NULL,0,NULL,'2024-09-16 14:29:14','2024-09-16 14:29:14',NULL),(4862,10730,4864,4868,NULL,0,NULL,'2024-09-16 14:29:14','2024-09-16 14:29:14',NULL),(4863,10730,4865,4869,NULL,0,NULL,'2024-09-16 14:29:14','2024-09-16 14:29:14',NULL),(4864,10730,4866,4870,NULL,0,NULL,'2024-09-16 14:29:14','2024-09-16 14:29:14',NULL),(4865,10730,4867,4871,NULL,0,NULL,'2024-09-16 14:29:14','2024-09-16 14:29:14',NULL),(4866,10730,4868,4872,NULL,0,NULL,'2024-09-16 14:29:14','2024-09-16 14:29:14',NULL),(4867,10730,4869,4873,NULL,0,NULL,'2024-09-16 14:29:14','2024-09-16 14:29:14',NULL),(4868,10730,4870,4874,NULL,0,NULL,'2024-09-16 14:29:14','2024-09-16 14:29:14',NULL),(4869,10730,4871,4875,NULL,0,NULL,'2024-09-16 14:29:14','2024-09-16 14:29:14',NULL),(4870,10730,4872,4876,NULL,0,NULL,'2024-09-16 14:29:14','2024-09-16 14:29:14',NULL),(4871,10730,4873,4877,NULL,0,NULL,'2024-09-16 14:29:14','2024-09-16 14:29:14',NULL),(4872,10730,4874,4878,NULL,0,NULL,'2024-09-16 14:29:14','2024-09-16 14:29:14',NULL),(4873,10730,4875,4879,NULL,0,NULL,'2024-09-16 14:29:14','2024-09-16 14:29:14',NULL),(4874,10730,4876,4880,NULL,0,NULL,'2024-09-16 14:29:14','2024-09-16 14:29:14',NULL),(4875,10730,4877,4881,NULL,0,NULL,'2024-09-16 14:29:14','2024-09-16 14:29:14',NULL),(4876,10730,4878,4882,NULL,0,NULL,'2024-09-16 14:29:14','2024-09-16 14:29:14',NULL),(4877,10730,4879,4883,NULL,0,NULL,'2024-09-16 14:29:14','2024-09-16 14:29:14',NULL),(4878,10730,4880,4884,NULL,0,NULL,'2024-09-16 14:29:14','2024-09-16 14:29:14',NULL),(4879,10730,4881,4885,NULL,0,NULL,'2024-09-16 14:29:15','2024-09-16 14:29:15',NULL),(4880,10730,4882,4886,NULL,0,NULL,'2024-09-16 14:29:15','2024-09-16 14:29:15',NULL),(4881,10730,4883,4887,NULL,0,NULL,'2024-09-16 14:29:15','2024-09-16 14:29:15',NULL);
INSERT INTO `cta_cte_cliente_pivot_receipt` VALUES (4882,10730,4884,4888,NULL,0,NULL,'2024-09-16 14:29:15','2024-09-16 14:29:15',NULL),(4883,10730,4885,4889,NULL,0,NULL,'2024-09-16 14:29:15','2024-09-16 14:29:15',NULL),(4884,10730,4886,4890,NULL,0,NULL,'2024-09-16 14:29:15','2024-09-16 14:29:15',NULL),(4885,10730,4887,4891,NULL,0,NULL,'2024-09-16 14:29:15','2024-09-16 14:29:15',NULL),(4886,10730,4888,4892,NULL,0,NULL,'2024-09-16 14:29:15','2024-09-16 14:29:15',NULL),(4887,10730,4889,4893,NULL,0,NULL,'2024-09-16 14:29:15','2024-09-16 14:29:15',NULL),(4888,10730,4890,4894,NULL,0,NULL,'2024-09-16 14:29:15','2024-09-16 14:29:15',NULL),(4889,10730,4891,4895,NULL,0,NULL,'2024-09-16 14:29:15','2024-09-16 14:29:15',NULL),(4890,10730,4892,4896,NULL,0,NULL,'2024-09-16 14:29:15','2024-09-16 14:29:15',NULL),(4891,10730,4893,4897,NULL,0,NULL,'2024-09-16 14:29:15','2024-09-16 14:29:15',NULL),(4892,10730,4894,4898,NULL,0,NULL,'2024-09-16 14:29:15','2024-09-16 14:29:15',NULL),(4893,10730,4895,4899,NULL,0,NULL,'2024-09-16 14:29:15','2024-09-16 14:29:15',NULL),(4894,10730,4896,4900,NULL,0,NULL,'2024-09-16 14:29:15','2024-09-16 14:29:15',NULL),(4895,10730,4897,4901,NULL,0,NULL,'2024-09-16 14:29:15','2024-09-16 14:29:15',NULL),(4896,10730,4898,4902,NULL,0,NULL,'2024-09-16 14:29:15','2024-09-16 14:29:15',NULL),(4897,10730,4899,4903,NULL,0,NULL,'2024-09-16 14:29:15','2024-09-16 14:29:15',NULL),(4898,10730,4900,4904,NULL,0,NULL,'2024-09-16 14:29:15','2024-09-16 14:29:15',NULL),(4899,10730,4901,4905,NULL,0,NULL,'2024-09-16 14:29:16','2024-09-16 14:29:16',NULL),(4900,10730,4902,4906,NULL,0,NULL,'2024-09-16 14:29:16','2024-09-16 14:29:16',NULL),(4901,10730,4903,4907,NULL,0,NULL,'2024-09-16 14:29:16','2024-09-16 14:29:16',NULL),(4902,10730,4904,4908,NULL,0,NULL,'2024-09-16 14:29:16','2024-09-16 14:29:16',NULL),(4903,10730,4905,4909,NULL,0,NULL,'2024-09-16 14:29:16','2024-09-16 14:29:16',NULL),(4904,10730,4906,4910,NULL,0,NULL,'2024-09-16 14:29:16','2024-09-16 14:29:16',NULL),(4905,10730,4907,4911,NULL,0,NULL,'2024-09-16 14:29:16','2024-09-16 14:29:16',NULL),(4906,10730,4908,4912,NULL,0,NULL,'2024-09-16 14:29:16','2024-09-16 14:29:16',NULL),(4907,10730,4909,4913,NULL,0,NULL,'2024-09-16 14:29:16','2024-09-16 14:29:16',NULL),(4908,10730,4910,4914,NULL,0,NULL,'2024-09-16 14:29:16','2024-09-16 14:29:16',NULL),(4909,10730,4911,4915,NULL,0,NULL,'2024-09-16 14:29:16','2024-09-16 14:29:16',NULL),(4910,10730,4912,4916,NULL,0,NULL,'2024-09-16 14:29:16','2024-09-16 14:29:16',NULL),(4911,10730,4913,4917,NULL,0,NULL,'2024-09-16 14:29:16','2024-09-16 14:29:16',NULL),(4912,10730,4914,4918,NULL,0,NULL,'2024-09-16 14:29:16','2024-09-16 14:29:16',NULL),(4913,10730,4915,4919,NULL,0,NULL,'2024-09-16 14:29:16','2024-09-16 14:29:16',NULL),(4914,10730,4916,4920,NULL,0,NULL,'2024-09-16 14:29:16','2024-09-16 14:29:16',NULL),(4915,10730,4917,4921,NULL,0,NULL,'2024-09-16 14:29:16','2024-09-16 14:29:16',NULL),(4916,10730,4918,4922,NULL,0,NULL,'2024-09-16 14:29:16','2024-09-16 14:29:16',NULL),(4917,10730,4919,4923,NULL,0,NULL,'2024-09-16 14:29:16','2024-09-16 14:29:16',NULL),(4918,10730,4920,4924,NULL,0,NULL,'2024-09-16 14:29:16','2024-09-16 14:29:16',NULL),(4919,10730,4921,4925,NULL,0,NULL,'2024-09-16 14:29:17','2024-09-16 14:29:17',NULL),(4920,10730,4922,4926,NULL,0,NULL,'2024-09-16 14:29:17','2024-09-16 14:29:17',NULL),(4921,10730,4923,4927,NULL,0,NULL,'2024-09-16 14:29:17','2024-09-16 14:29:17',NULL),(4922,10730,4924,4928,NULL,0,NULL,'2024-09-16 14:29:17','2024-09-16 14:29:17',NULL),(4923,10730,4925,4929,NULL,0,NULL,'2024-09-16 14:29:17','2024-09-16 14:29:17',NULL),(4924,10730,4926,4930,NULL,0,NULL,'2024-09-16 14:29:17','2024-09-16 14:29:17',NULL),(4925,10730,4927,4931,NULL,0,NULL,'2024-09-16 14:29:17','2024-09-16 14:29:17',NULL),(4926,10730,4928,4932,NULL,0,NULL,'2024-09-16 14:29:17','2024-09-16 14:29:17',NULL),(4927,10730,4929,4933,NULL,0,NULL,'2024-09-16 14:29:17','2024-09-16 14:29:17',NULL),(4928,10730,4930,4934,NULL,0,NULL,'2024-09-16 14:29:17','2024-09-16 14:29:17',NULL);
INSERT INTO `cta_cte_cliente_pivot_receipt` VALUES (4929,10730,4931,4935,NULL,0,NULL,'2024-09-16 14:29:17','2024-09-16 14:29:17',NULL),(4930,10730,4932,4936,NULL,0,NULL,'2024-09-16 14:29:17','2024-09-16 14:29:17',NULL),(4931,10730,4933,4937,NULL,0,NULL,'2024-09-16 14:29:17','2024-09-16 14:29:17',NULL),(4932,10730,4934,4938,NULL,0,NULL,'2024-09-16 14:29:17','2024-09-16 14:29:17',NULL),(4933,10730,4935,4939,NULL,0,NULL,'2024-09-16 14:29:17','2024-09-16 14:29:17',NULL),(4934,10730,4936,4940,NULL,0,NULL,'2024-09-16 14:29:17','2024-09-16 14:29:17',NULL),(4935,10730,4937,4941,NULL,0,NULL,'2024-09-16 14:29:17','2024-09-16 14:29:17',NULL),(4936,10730,4938,4942,NULL,0,NULL,'2024-09-16 14:29:17','2024-09-16 14:29:17',NULL),(4937,10730,4939,4943,NULL,0,NULL,'2024-09-16 14:29:17','2024-09-16 14:29:17',NULL),(4938,10730,4940,4944,NULL,0,NULL,'2024-09-16 14:29:17','2024-09-16 14:29:17',NULL),(4939,10730,4941,4945,NULL,0,NULL,'2024-09-16 14:29:18','2024-09-16 14:29:18',NULL),(4940,10730,4942,4946,NULL,0,NULL,'2024-09-16 14:29:18','2024-09-16 14:29:18',NULL),(4941,10730,4943,4947,NULL,0,NULL,'2024-09-16 14:29:18','2024-09-16 14:29:18',NULL),(4942,10730,4944,4948,NULL,0,NULL,'2024-09-16 14:29:18','2024-09-16 14:29:18',NULL),(4943,10730,4945,4949,NULL,0,NULL,'2024-09-16 14:29:18','2024-09-16 14:29:18',NULL),(4944,10730,4946,4950,NULL,0,NULL,'2024-09-16 14:29:18','2024-09-16 14:29:18',NULL),(4945,10730,4947,4951,NULL,0,NULL,'2024-09-16 14:29:18','2024-09-16 14:29:18',NULL),(4946,10730,4948,4952,NULL,0,NULL,'2024-09-16 14:29:18','2024-09-16 14:29:18',NULL),(4947,10730,4949,4953,NULL,0,NULL,'2024-09-16 14:29:18','2024-09-16 14:29:18',NULL),(4948,10730,4950,4954,NULL,0,NULL,'2024-09-16 14:29:18','2024-09-16 14:29:18',NULL),(4949,10730,4951,4955,NULL,0,NULL,'2024-09-16 14:29:18','2024-09-16 14:29:18',NULL),(4950,10730,4952,4956,NULL,0,NULL,'2024-09-16 14:29:18','2024-09-16 14:29:18',NULL),(4951,10730,4953,4957,NULL,0,NULL,'2024-09-16 14:29:18','2024-09-16 14:29:18',NULL),(4952,10730,4954,4958,NULL,0,NULL,'2024-09-16 14:29:18','2024-09-16 14:29:18',NULL),(4953,10730,4955,4959,NULL,0,NULL,'2024-09-16 14:29:18','2024-09-16 14:29:18',NULL),(4954,10730,4956,4960,NULL,0,NULL,'2024-09-16 14:29:18','2024-09-16 14:29:18',NULL),(4955,10730,4957,4961,NULL,0,NULL,'2024-09-16 14:29:18','2024-09-16 14:29:18',NULL),(4956,10730,4958,4962,NULL,0,NULL,'2024-09-16 14:29:18','2024-09-16 14:29:18',NULL),(4957,10730,4959,4963,NULL,0,NULL,'2024-09-16 14:29:19','2024-09-16 14:29:19',NULL),(4958,10730,4960,4964,NULL,0,NULL,'2024-09-16 14:29:19','2024-09-16 14:29:19',NULL),(4959,10730,4961,4965,NULL,0,NULL,'2024-09-16 14:29:19','2024-09-16 14:29:19',NULL),(4960,10730,4962,4966,NULL,0,NULL,'2024-09-16 14:29:19','2024-09-16 14:29:19',NULL),(4961,10730,4963,4967,NULL,0,NULL,'2024-09-16 14:29:19','2024-09-16 14:29:19',NULL),(4962,10730,4964,4968,NULL,0,NULL,'2024-09-16 14:29:19','2024-09-16 14:29:19',NULL),(4963,10730,4965,4969,NULL,0,NULL,'2024-09-16 14:29:19','2024-09-16 14:29:19',NULL),(4964,10730,4966,4970,NULL,0,NULL,'2024-09-16 14:29:19','2024-09-16 14:29:19',NULL),(4965,10730,4967,4971,NULL,0,NULL,'2024-09-16 14:29:19','2024-09-16 14:29:19',NULL),(4966,10730,4968,4972,NULL,0,NULL,'2024-09-16 14:29:19','2024-09-16 14:29:19',NULL),(4967,10730,4969,4973,NULL,0,NULL,'2024-09-16 14:29:19','2024-09-16 14:29:19',NULL),(4968,10730,4970,4974,NULL,0,NULL,'2024-09-16 14:29:19','2024-09-16 14:29:19',NULL),(4969,10730,4971,4975,NULL,0,NULL,'2024-09-16 14:29:19','2024-09-16 14:29:19',NULL),(4970,10730,4972,4976,NULL,0,NULL,'2024-09-16 14:29:19','2024-09-16 14:29:19',NULL),(4971,10730,4973,4977,NULL,0,NULL,'2024-09-16 14:29:19','2024-09-16 14:29:19',NULL),(4972,10730,4974,4978,NULL,0,NULL,'2024-09-16 14:29:19','2024-09-16 14:29:19',NULL),(4973,10730,4975,4979,NULL,0,NULL,'2024-09-16 14:29:19','2024-09-16 14:29:19',NULL),(4974,10730,4976,4980,NULL,0,NULL,'2024-09-16 14:29:19','2024-09-16 14:29:19',NULL),(4975,10730,4977,4981,NULL,0,NULL,'2024-09-16 14:29:20','2024-09-16 14:29:20',NULL);
INSERT INTO `cta_cte_cliente_pivot_receipt` VALUES (4976,10730,4978,4982,NULL,0,NULL,'2024-09-16 14:29:20','2024-09-16 14:29:20',NULL),(4977,10730,4979,4983,NULL,0,NULL,'2024-09-16 14:29:20','2024-09-16 14:29:20',NULL),(4978,10730,4980,4984,NULL,0,NULL,'2024-09-16 14:29:20','2024-09-16 14:29:20',NULL),(4979,10730,4981,4985,NULL,0,NULL,'2024-09-16 14:29:20','2024-09-16 14:29:20',NULL),(4980,10730,4982,4986,NULL,0,NULL,'2024-09-16 14:29:20','2024-09-16 14:29:20',NULL),(4981,10730,4983,4987,NULL,0,NULL,'2024-09-16 14:29:20','2024-09-16 14:29:20',NULL),(4982,10730,4984,4988,NULL,0,NULL,'2024-09-16 14:29:20','2024-09-16 14:29:20',NULL),(4983,10730,4985,4989,NULL,0,NULL,'2024-09-16 14:29:20','2024-09-16 14:29:20',NULL),(4984,10730,4986,4990,NULL,0,NULL,'2024-09-16 14:29:20','2024-09-16 14:29:20',NULL),(4985,10730,4987,4991,NULL,0,NULL,'2024-09-16 14:29:20','2024-09-16 14:29:20',NULL),(4986,10730,4988,4992,NULL,0,NULL,'2024-09-16 14:29:20','2024-09-16 14:29:20',NULL),(4987,10730,4989,4993,NULL,0,NULL,'2024-09-16 14:29:20','2024-09-16 14:29:20',NULL),(4988,10730,4990,4994,NULL,0,NULL,'2024-09-16 14:29:20','2024-09-16 14:29:20',NULL),(4989,10730,4991,4995,NULL,0,NULL,'2024-09-16 14:29:20','2024-09-16 14:29:20',NULL),(4990,10730,4992,4996,NULL,0,NULL,'2024-09-16 14:29:20','2024-09-16 14:29:20',NULL),(4991,10730,4993,4997,NULL,0,NULL,'2024-09-16 14:29:20','2024-09-16 14:29:20',NULL),(4992,10730,4994,4998,NULL,0,NULL,'2024-09-16 14:29:20','2024-09-16 14:29:20',NULL),(4993,10730,4995,4999,NULL,0,NULL,'2024-09-16 14:29:21','2024-09-16 14:29:21',NULL),(4994,10730,4996,5000,NULL,0,NULL,'2024-09-16 14:29:21','2024-09-16 14:29:21',NULL),(4995,10730,4997,5001,NULL,0,NULL,'2024-09-16 14:29:21','2024-09-16 14:29:21',NULL),(4996,10730,4998,5002,NULL,0,NULL,'2024-09-16 14:29:21','2024-09-16 14:29:21',NULL),(4997,10730,4999,5003,NULL,0,NULL,'2024-09-16 14:29:21','2024-09-16 14:29:21',NULL),(4998,10730,5000,5004,NULL,0,NULL,'2024-09-16 14:29:21','2024-09-16 14:29:21',NULL),(4999,10730,5001,5005,NULL,0,NULL,'2024-09-16 14:29:21','2024-09-16 14:29:21',NULL),(5000,10730,5002,5006,NULL,0,NULL,'2024-09-16 14:29:21','2024-09-16 14:29:21',NULL),(5001,10730,5003,5007,NULL,0,NULL,'2024-09-16 14:29:21','2024-09-16 14:29:21',NULL),(5002,10730,5004,5008,NULL,0,NULL,'2024-09-16 14:29:21','2024-09-16 14:29:21',NULL),(5003,10730,5005,5009,NULL,0,NULL,'2024-09-16 14:29:21','2024-09-16 14:29:21',NULL),(5004,10730,5006,5010,NULL,0,NULL,'2024-09-16 14:29:21','2024-09-16 14:29:21',NULL),(5005,10730,5007,5011,NULL,0,NULL,'2024-09-16 14:29:21','2024-09-16 14:29:21',NULL),(5006,10730,5008,5012,NULL,0,NULL,'2024-09-16 14:29:21','2024-09-16 14:29:21',NULL),(5007,10730,5009,5013,NULL,0,NULL,'2024-09-16 14:29:21','2024-09-16 14:29:21',NULL),(5008,10730,5010,5014,NULL,0,NULL,'2024-09-16 14:29:21','2024-09-16 14:29:21',NULL),(5009,10730,5011,5015,NULL,0,NULL,'2024-09-16 14:29:21','2024-09-16 14:29:21',NULL),(5010,10730,5012,5016,NULL,0,NULL,'2024-09-16 14:29:21','2024-09-16 14:29:21',NULL),(5011,10730,5013,5017,NULL,0,NULL,'2024-09-16 14:29:21','2024-09-16 14:29:21',NULL),(5012,10730,5014,5018,NULL,0,NULL,'2024-09-16 14:29:21','2024-09-16 14:29:21',NULL),(5013,10730,5015,5019,NULL,0,NULL,'2024-09-16 14:29:21','2024-09-16 14:29:21',NULL),(5014,10730,5016,5020,NULL,0,NULL,'2024-09-16 14:29:22','2024-09-16 14:29:22',NULL),(5015,10730,5017,5021,NULL,0,NULL,'2024-09-16 14:29:22','2024-09-16 14:29:22',NULL),(5016,10730,5018,5022,NULL,0,NULL,'2024-09-16 14:29:22','2024-09-16 14:29:22',NULL),(5017,10730,5019,5023,NULL,0,NULL,'2024-09-16 14:29:22','2024-09-16 14:29:22',NULL),(5018,10730,5020,5024,NULL,0,NULL,'2024-09-16 14:29:22','2024-09-16 14:29:22',NULL),(5019,10730,5021,5025,NULL,0,NULL,'2024-09-16 14:29:22','2024-09-16 14:29:22',NULL),(5020,10730,5022,5026,NULL,0,NULL,'2024-09-16 14:29:22','2024-09-16 14:29:22',NULL),(5021,10730,5023,5027,NULL,0,NULL,'2024-09-16 14:29:22','2024-09-16 14:29:22',NULL),(5022,10730,5024,5028,NULL,0,NULL,'2024-09-16 14:29:22','2024-09-16 14:29:22',NULL);
INSERT INTO `cta_cte_cliente_pivot_receipt` VALUES (5023,10730,5025,5029,NULL,0,NULL,'2024-09-16 14:29:22','2024-09-16 14:29:22',NULL),(5024,10730,5026,5030,NULL,0,NULL,'2024-09-16 14:29:22','2024-09-16 14:29:22',NULL),(5025,10730,5027,5031,NULL,0,NULL,'2024-09-16 14:29:22','2024-09-16 14:29:22',NULL),(5026,10730,5028,5032,NULL,0,NULL,'2024-09-16 14:29:22','2024-09-16 14:29:22',NULL),(5027,10730,5029,5033,NULL,0,NULL,'2024-09-16 14:29:22','2024-09-16 14:29:22',NULL),(5028,10730,5030,5034,NULL,0,NULL,'2024-09-16 14:29:22','2024-09-16 14:29:22',NULL),(5029,10730,5031,5035,NULL,0,NULL,'2024-09-16 14:29:22','2024-09-16 14:29:22',NULL),(5030,10730,5032,5036,NULL,0,NULL,'2024-09-16 14:29:23','2024-09-16 14:29:23',NULL),(5031,10730,5033,5037,NULL,0,NULL,'2024-09-16 14:29:23','2024-09-16 14:29:23',NULL),(5032,10730,5034,5038,NULL,0,NULL,'2024-09-16 14:29:23','2024-09-16 14:29:23',NULL),(5033,10730,5035,5039,NULL,0,NULL,'2024-09-16 14:29:23','2024-09-16 14:29:23',NULL);

--
-- Table structure for table `cta_cte_tesoreria`
--

CREATE TABLE `cta_cte_tesoreria` (
  `id` int(10) unsigned NOT NULL AUTO_INCREMENT,
  `bind_apibank_movement_id` bigint(20) unsigned DEFAULT NULL COMMENT 'FK soft a bind_apibank_movements (movimiento que originó este registro)',
  `bind_apibank_transfer_id` bigint(20) unsigned DEFAULT NULL COMMENT 'FK soft a bind_apibank_transfers (transferencia que originó este registro)',
  `bind_sync_status` enum('pending','synced','error') COLLATE utf8mb4_unicode_ci DEFAULT NULL COMMENT 'Estado de sincronización: pending=pendiente, synced=sincronizado, error=error al sincronizar',
  `user_id` int(10) unsigned DEFAULT NULL,
  `person_id` int(10) unsigned NOT NULL,
  `cta_cte_cliente_id` int(10) unsigned DEFAULT NULL,
  `nf_cta_cte_id` int(10) unsigned DEFAULT NULL,
  `cta_cte_tesoreria_cuenta_id` int(10) unsigned NOT NULL,
  `period_id` int(10) unsigned NOT NULL,
  `fecha` date DEFAULT NULL,
  `total` decimal(16,2) NOT NULL,
  `moneda_id` int(10) unsigned NOT NULL DEFAULT '1',
  `cotizacion` decimal(9,2) NOT NULL DEFAULT '1.00',
  `comentario` varchar(191) COLLATE utf8mb4_unicode_ci DEFAULT NULL,
  `file` varchar(191) COLLATE utf8mb4_unicode_ci DEFAULT NULL,
  `created_at` timestamp NULL DEFAULT NULL,
  `updated_at` timestamp NULL DEFAULT NULL,
  `deleted_at` timestamp NULL DEFAULT NULL,
  `ticket_id` bigint(20) unsigned DEFAULT NULL,
  PRIMARY KEY (`id`),
  KEY `cta_cte_tesoreria_person_id_foreign` (`person_id`),
  KEY `cta_cte_tesoreria_cta_cte_cliente_id_foreign` (`cta_cte_cliente_id`),
  KEY `cta_cte_tesoreria_cta_cte_tesoreria_cuenta_id_foreign` (`cta_cte_tesoreria_cuenta_id`),
  KEY `cta_cte_tesoreria_period_id_foreign` (`period_id`),
  KEY `cta_cte_tesoreria_nf_cta_cte_id_foreign` (`nf_cta_cte_id`),
  KEY `cta_cte_tesoreria_moneda_id_foreign` (`moneda_id`),
  KEY `cta_cte_tesoreria_ticket_id_foreign` (`ticket_id`),
  KEY `idx_cct_bind_apibank_mov` (`bind_apibank_movement_id`),
  KEY `idx_cct_bind_apibank_trf` (`bind_apibank_transfer_id`),
  KEY `idx_cct_bind_sync_status` (`bind_sync_status`),
  CONSTRAINT `cta_cte_tesoreria_cta_cte_cliente_id_foreign` FOREIGN KEY (`cta_cte_cliente_id`) REFERENCES `cta_cte_cliente` (`id`),
  CONSTRAINT `cta_cte_tesoreria_cta_cte_tesoreria_cuenta_id_foreign` FOREIGN KEY (`cta_cte_tesoreria_cuenta_id`) REFERENCES `cta_cte_tesoreria_cuentas` (`id`),
  CONSTRAINT `cta_cte_tesoreria_moneda_id_foreign` FOREIGN KEY (`moneda_id`) REFERENCES `monedas` (`id`),
  CONSTRAINT `cta_cte_tesoreria_nf_cta_cte_id_foreign` FOREIGN KEY (`nf_cta_cte_id`) REFERENCES `nf_cta_cte` (`id`),
  CONSTRAINT `cta_cte_tesoreria_period_id_foreign` FOREIGN KEY (`period_id`) REFERENCES `periods` (`id`),
  CONSTRAINT `cta_cte_tesoreria_person_id_foreign` FOREIGN KEY (`person_id`) REFERENCES `persons` (`id`),
  CONSTRAINT `cta_cte_tesoreria_ticket_id_foreign` FOREIGN KEY (`ticket_id`) REFERENCES `tickets` (`id`)
) ENGINE=InnoDB AUTO_INCREMENT=4 DEFAULT CHARSET=utf8mb4 COLLATE=utf8mb4_unicode_ci;

--
-- Dumping data for table `cta_cte_tesoreria`
--

INSERT INTO `cta_cte_tesoreria` VALUES (1,NULL,NULL,NULL,8522,40718,NULL,NULL,757,1520,'2023-02-28',155000.00,1,1.00,'Saldo Inicial',NULL,'2023-02-28 14:21:22','2023-02-28 14:21:22',NULL,NULL),(2,NULL,NULL,NULL,8522,40718,1252,NULL,13,1521,'2023-03-01',10000.00,1,1.00,NULL,NULL,'2023-03-01 11:25:20','2023-03-01 11:25:20',NULL,NULL),(3,NULL,NULL,NULL,8522,40718,NULL,4,13,1521,'2023-03-03',150.00,1,1.00,NULL,NULL,'2023-03-02 22:15:32','2023-03-02 22:15:54','2023-03-02 22:15:54',NULL);

--
-- Table structure for table `cta_cte_tesoreria_banco_cheq`
--

CREATE TABLE `cta_cte_tesoreria_banco_cheq` (
  `id` int(10) unsigned NOT NULL AUTO_INCREMENT,
  `user_id` int(10) unsigned DEFAULT NULL,
  `person_id` int(10) unsigned NOT NULL,
  `cta_cte_tesoreria_cuenta_id` int(10) unsigned NOT NULL,
  `cta_cte_tesoreria_banco_id` int(10) unsigned NOT NULL,
  `chequera_tipo_id` int(10) unsigned NOT NULL,
  `serie` text COLLATE utf8mb4_unicode_ci,
  `numero_cheque` int(11) DEFAULT NULL,
  `habilitado` tinyint(1) NOT NULL DEFAULT '1',
  `created_at` timestamp NULL DEFAULT NULL,
  `updated_at` timestamp NULL DEFAULT NULL,
  `deleted_at` timestamp NULL DEFAULT NULL,
  PRIMARY KEY (`id`),
  KEY `cta_cte_tesoreria_banco_cheq_person_id_foreign` (`person_id`),
  KEY `cta_cte_tesoreria_banco_cheq_cta_cte_tesoreria_cuenta_id_foreign` (`cta_cte_tesoreria_cuenta_id`),
  KEY `cta_cte_tesoreria_banco_cheq_cta_cte_tesoreria_banco_id_foreign` (`cta_cte_tesoreria_banco_id`),
  KEY `cta_cte_tesoreria_banco_cheq_chequera_tipo_id_foreign` (`chequera_tipo_id`),
  CONSTRAINT `cta_cte_tesoreria_banco_cheq_chequera_tipo_id_foreign` FOREIGN KEY (`chequera_tipo_id`) REFERENCES `chequeras_tipos` (`id`),
  CONSTRAINT `cta_cte_tesoreria_banco_cheq_cta_cte_tesoreria_banco_id_foreign` FOREIGN KEY (`cta_cte_tesoreria_banco_id`) REFERENCES `cta_cte_tesoreria_bancos` (`id`),
  CONSTRAINT `cta_cte_tesoreria_banco_cheq_cta_cte_tesoreria_cuenta_id_foreign` FOREIGN KEY (`cta_cte_tesoreria_cuenta_id`) REFERENCES `cta_cte_tesoreria_cuentas` (`id`),
  CONSTRAINT `cta_cte_tesoreria_banco_cheq_person_id_foreign` FOREIGN KEY (`person_id`) REFERENCES `persons` (`id`)
) ENGINE=InnoDB DEFAULT CHARSET=utf8mb4 COLLATE=utf8mb4_unicode_ci;

--
-- Dumping data for table `cta_cte_tesoreria_banco_cheq`
--


--
-- Table structure for table `cta_cte_tesoreria_banco_claves`
--

CREATE TABLE `cta_cte_tesoreria_banco_claves` (
  `id` int(10) unsigned NOT NULL AUTO_INCREMENT,
  `user_id` int(10) unsigned DEFAULT NULL,
  `person_id` int(10) unsigned NOT NULL,
  `cta_cte_tesoreria_cuenta_id` int(10) unsigned NOT NULL,
  `cta_cte_tesoreria_banco_id` int(10) unsigned NOT NULL,
  `descripcion_name` text COLLATE utf8mb4_unicode_ci,
  `descripcion` longtext COLLATE utf8mb4_unicode_ci,
  `created_at` timestamp NULL DEFAULT NULL,
  `updated_at` timestamp NULL DEFAULT NULL,
  `deleted_at` timestamp NULL DEFAULT NULL,
  PRIMARY KEY (`id`),
  KEY `cta_cte_tesoreria_banco_claves_person_id_foreign` (`person_id`),
  KEY `ct_cuenta_id` (`cta_cte_tesoreria_cuenta_id`),
  KEY `ct_banco_id` (`cta_cte_tesoreria_banco_id`),
  CONSTRAINT `ct_banco_id` FOREIGN KEY (`cta_cte_tesoreria_banco_id`) REFERENCES `cta_cte_tesoreria_bancos` (`id`),
  CONSTRAINT `ct_cuenta_id` FOREIGN KEY (`cta_cte_tesoreria_cuenta_id`) REFERENCES `cta_cte_tesoreria_cuentas` (`id`),
  CONSTRAINT `cta_cte_tesoreria_banco_claves_person_id_foreign` FOREIGN KEY (`person_id`) REFERENCES `persons` (`id`)
) ENGINE=InnoDB DEFAULT CHARSET=utf8mb4 COLLATE=utf8mb4_unicode_ci;

--
-- Dumping data for table `cta_cte_tesoreria_banco_claves`
--


--
-- Table structure for table `cta_cte_tesoreria_banco_comentarios`
--

CREATE TABLE `cta_cte_tesoreria_banco_comentarios` (
  `id` int(10) unsigned NOT NULL AUTO_INCREMENT,
  `user_id` int(10) unsigned DEFAULT NULL,
  `person_id` int(10) unsigned NOT NULL,
  `cta_cte_tesoreria_cuenta_id` int(10) unsigned NOT NULL,
  `cta_cte_tesoreria_banco_id` int(10) unsigned NOT NULL,
  `fecha` datetime NOT NULL,
  `descripcion` longtext COLLATE utf8mb4_unicode_ci NOT NULL,
  `created_at` timestamp NULL DEFAULT NULL,
  `updated_at` timestamp NULL DEFAULT NULL,
  `deleted_at` timestamp NULL DEFAULT NULL,
  PRIMARY KEY (`id`),
  KEY `cta_cte_tesoreria_banco_comentarios_person_id_foreign` (`person_id`),
  KEY `ct_cuentas_id` (`cta_cte_tesoreria_cuenta_id`),
  KEY `ct_bancos_id` (`cta_cte_tesoreria_banco_id`),
  CONSTRAINT `ct_bancos_id` FOREIGN KEY (`cta_cte_tesoreria_banco_id`) REFERENCES `cta_cte_tesoreria_bancos` (`id`),
  CONSTRAINT `ct_cuentas_id` FOREIGN KEY (`cta_cte_tesoreria_cuenta_id`) REFERENCES `cta_cte_tesoreria_cuentas` (`id`),
  CONSTRAINT `cta_cte_tesoreria_banco_comentarios_person_id_foreign` FOREIGN KEY (`person_id`) REFERENCES `persons` (`id`)
) ENGINE=InnoDB DEFAULT CHARSET=utf8mb4 COLLATE=utf8mb4_unicode_ci;

--
-- Dumping data for table `cta_cte_tesoreria_banco_comentarios`
--


--
-- Table structure for table `cta_cte_tesoreria_banco_estados`
--

CREATE TABLE `cta_cte_tesoreria_banco_estados` (
  `id` int(10) unsigned NOT NULL AUTO_INCREMENT,
  `user_id` int(10) unsigned DEFAULT NULL,
  `descripcion` text COLLATE utf8mb4_unicode_ci NOT NULL,
  `habilitado` tinyint(1) NOT NULL,
  `created_at` timestamp NULL DEFAULT NULL,
  `updated_at` timestamp NULL DEFAULT NULL,
  `deleted_at` timestamp NULL DEFAULT NULL,
  PRIMARY KEY (`id`)
) ENGINE=InnoDB AUTO_INCREMENT=6 DEFAULT CHARSET=utf8mb4 COLLATE=utf8mb4_unicode_ci;

--
-- Dumping data for table `cta_cte_tesoreria_banco_estados`
--

INSERT INTO `cta_cte_tesoreria_banco_estados` VALUES (1,NULL,'Habilitado',0,NULL,NULL,NULL),(2,NULL,'En Proceso',0,NULL,NULL,NULL),(3,NULL,'Bloqueado',0,NULL,NULL,NULL),(4,NULL,'Reconocimiento',0,NULL,NULL,NULL),(5,NULL,'Inhabilitado',0,NULL,NULL,NULL);

--
-- Table structure for table `cta_cte_tesoreria_bancos`
--

CREATE TABLE `cta_cte_tesoreria_bancos` (
  `id` int(10) unsigned NOT NULL AUTO_INCREMENT,
  `user_id` int(10) unsigned DEFAULT NULL,
  `person_id` int(10) unsigned NOT NULL,
  `cta_cte_tesoreria_cuenta_id` int(10) unsigned NOT NULL,
  `ctacte_banco_id` int(10) unsigned NOT NULL,
  `persona_empresa` int(11) NOT NULL DEFAULT '1',
  `zone_id` int(10) unsigned NOT NULL,
  `cuenta_contable_id` int(10) unsigned NOT NULL,
  `cuenta_contable_id_diferido` int(10) unsigned DEFAULT NULL,
  `cuenta_contable_id_pend_acred` int(10) unsigned DEFAULT NULL,
  `numero_cuenta` text COLLATE utf8mb4_unicode_ci,
  `cbu` text COLLATE utf8mb4_unicode_ci,
  `alias` text COLLATE utf8mb4_unicode_ci,
  `cta_cte_tesoreria_banco_estado_id` int(10) unsigned DEFAULT NULL,
  `person_id_relationed` int(10) unsigned DEFAULT NULL,
  `habilitado` tinyint(1) NOT NULL DEFAULT '1',
  `created_at` timestamp NULL DEFAULT NULL,
  `updated_at` timestamp NULL DEFAULT NULL,
  `deleted_at` timestamp NULL DEFAULT NULL,
  PRIMARY KEY (`id`),
  KEY `cta_cte_tesoreria_bancos_person_id_foreign` (`person_id`),
  KEY `cta_cte_tesoreria_bancos_cta_cte_tesoreria_cuenta_id_foreign` (`cta_cte_tesoreria_cuenta_id`),
  KEY `cta_cte_tesoreria_bancos_ctacte_banco_id_foreign` (`ctacte_banco_id`),
  KEY `cta_cte_tesoreria_bancos_zone_id_foreign` (`zone_id`),
  KEY `cta_cte_tesoreria_bancos_cuenta_contable_id_foreign` (`cuenta_contable_id`),
  KEY `cta_cte_tesoreria_bancos_cuenta_contable_id_diferido_foreign` (`cuenta_contable_id_diferido`),
  KEY `cta_cte_tesoreria_bancos_cuenta_contable_id_pend_acred_foreign` (`cuenta_contable_id_pend_acred`),
  KEY `cta_cte_tesoreria_bancos_person_id_relationed_foreign` (`person_id_relationed`),
  KEY `ct_banco_estado_id` (`cta_cte_tesoreria_banco_estado_id`),
  CONSTRAINT `ct_banco_estado_id` FOREIGN KEY (`cta_cte_tesoreria_banco_estado_id`) REFERENCES `cta_cte_tesoreria_banco_estados` (`id`),
  CONSTRAINT `cta_cte_tesoreria_bancos_cta_cte_tesoreria_cuenta_id_foreign` FOREIGN KEY (`cta_cte_tesoreria_cuenta_id`) REFERENCES `cta_cte_tesoreria_cuentas` (`id`),
  CONSTRAINT `cta_cte_tesoreria_bancos_ctacte_banco_id_foreign` FOREIGN KEY (`ctacte_banco_id`) REFERENCES `ctacte_bancos` (`id`),
  CONSTRAINT `cta_cte_tesoreria_bancos_cuenta_contable_id_diferido_foreign` FOREIGN KEY (`cuenta_contable_id_diferido`) REFERENCES `conta_plan_cuenta` (`id`),
  CONSTRAINT `cta_cte_tesoreria_bancos_cuenta_contable_id_foreign` FOREIGN KEY (`cuenta_contable_id`) REFERENCES `conta_plan_cuenta` (`id`),
  CONSTRAINT `cta_cte_tesoreria_bancos_cuenta_contable_id_pend_acred_foreign` FOREIGN KEY (`cuenta_contable_id_pend_acred`) REFERENCES `conta_plan_cuenta` (`id`),
  CONSTRAINT `cta_cte_tesoreria_bancos_person_id_foreign` FOREIGN KEY (`person_id`) REFERENCES `persons` (`id`),
  CONSTRAINT `cta_cte_tesoreria_bancos_person_id_relationed_foreign` FOREIGN KEY (`person_id_relationed`) REFERENCES `persons` (`id`),
  CONSTRAINT `cta_cte_tesoreria_bancos_zone_id_foreign` FOREIGN KEY (`zone_id`) REFERENCES `zones` (`id`)
) ENGINE=InnoDB DEFAULT CHARSET=utf8mb4 COLLATE=utf8mb4_unicode_ci;

--
-- Dumping data for table `cta_cte_tesoreria_bancos`
--


--
-- Table structure for table `cta_cte_tesoreria_cuenta_tipos`
--

CREATE TABLE `cta_cte_tesoreria_cuenta_tipos` (
  `id` int(10) unsigned NOT NULL AUTO_INCREMENT,
  `user_id` int(10) unsigned DEFAULT NULL,
  `descripcion` text COLLATE utf8mb4_unicode_ci NOT NULL,
  `habilitado` tinyint(1) NOT NULL DEFAULT '1',
  `created_at` timestamp NULL DEFAULT NULL,
  `updated_at` timestamp NULL DEFAULT NULL,
  `deleted_at` timestamp NULL DEFAULT NULL,
  PRIMARY KEY (`id`)
) ENGINE=InnoDB AUTO_INCREMENT=11 DEFAULT CHARSET=utf8mb4 COLLATE=utf8mb4_unicode_ci;

--
-- Dumping data for table `cta_cte_tesoreria_cuenta_tipos`
--

INSERT INTO `cta_cte_tesoreria_cuenta_tipos` VALUES (1,NULL,'CAJA',1,NULL,NULL,NULL),(2,NULL,'BANCOS',1,NULL,NULL,NULL),(3,NULL,'CHEQUES',1,NULL,NULL,NULL),(4,NULL,'RETENCIONES EFECTUADAS',1,NULL,'2024-07-08 13:13:11',NULL),(5,NULL,'PERCEPCIONES EFECTUADAS',1,NULL,'2024-07-08 13:13:11',NULL),(6,NULL,'RESULTADO NEGATIVO',1,NULL,NULL,NULL),(7,NULL,'RESULTADO POSITIVO',1,NULL,NULL,NULL),(8,NULL,'MOVIMIENTO',1,NULL,NULL,NULL),(9,NULL,'RETENCIONES SUFRIDAS',1,NULL,NULL,NULL),(10,NULL,'PERCEPCIONES SUFRIDAS',1,NULL,NULL,NULL);

--
-- Table structure for table `cta_cte_tesoreria_cuentas`
--

CREATE TABLE `cta_cte_tesoreria_cuentas` (
  `id` int(10) unsigned NOT NULL AUTO_INCREMENT,
  `bind_apibank_enabled` tinyint(1) NOT NULL DEFAULT '0' COMMENT 'Tiene Bind APIBank habilitado?',
  `bind_account_id` varchar(50) COLLATE utf8mb4_unicode_ci DEFAULT NULL COMMENT 'ID de cuenta en Bind APIBank (obtenido al configurar)',
  `user_id` int(10) unsigned DEFAULT NULL,
  `is_no_fiscal` tinyint(1) DEFAULT '0',
  `moneda_id` int(10) unsigned NOT NULL DEFAULT '1',
  `plan_cuenta_id` int(10) unsigned NOT NULL,
  `person_id` int(10) unsigned DEFAULT NULL,
  `cta_cte_tesoreria_cuenta_tipo_id` int(10) unsigned NOT NULL DEFAULT '8',
  `retention_type_id` int(10) unsigned DEFAULT NULL,
  `nombre` varchar(191) COLLATE utf8mb4_unicode_ci NOT NULL,
  `cuit` text COLLATE utf8mb4_unicode_ci,
  `cheque3ros` tinyint(1) NOT NULL DEFAULT '0',
  `cheque_emitidos` tinyint(1) NOT NULL DEFAULT '0',
  `tes_cta_cte` tinyint(1) NOT NULL DEFAULT '0',
  `tes_cuenta_origen` tinyint(1) NOT NULL DEFAULT '0',
  `tes_cuenta_destino` tinyint(1) NOT NULL DEFAULT '0',
  `conta_asientos` tinyint(1) NOT NULL DEFAULT '0',
  `habilitado` tinyint(1) NOT NULL DEFAULT '1',
  `created_at` timestamp NULL DEFAULT NULL,
  `updated_at` timestamp NULL DEFAULT NULL,
  `deleted_at` timestamp NULL DEFAULT NULL,
  PRIMARY KEY (`id`),
  KEY `cta_cte_tesoreria_cuentas_person_id_foreign` (`person_id`),
  KEY `cta_cte_tesoreria_cuentas_plan_cuenta_id_foreign` (`plan_cuenta_id`),
  KEY `cta_tes_tipo_id_foreign` (`cta_cte_tesoreria_cuenta_tipo_id`),
  KEY `cta_cte_tesoreria_cuentas_moneda_id_foreign` (`moneda_id`),
  KEY `cta_cte_tesoreria_cuentas_retention_type_id_foreign` (`retention_type_id`),
  KEY `idx_cctc_bind_apibank_enabled` (`bind_apibank_enabled`),
  KEY `idx_cctc_bind_account_id` (`bind_account_id`),
  CONSTRAINT `cta_cte_tesoreria_cuentas_moneda_id_foreign` FOREIGN KEY (`moneda_id`) REFERENCES `monedas` (`id`),
  CONSTRAINT `cta_cte_tesoreria_cuentas_person_id_foreign` FOREIGN KEY (`person_id`) REFERENCES `persons` (`id`),
  CONSTRAINT `cta_cte_tesoreria_cuentas_plan_cuenta_id_foreign` FOREIGN KEY (`plan_cuenta_id`) REFERENCES `conta_plan_cuenta` (`id`),
  CONSTRAINT `cta_cte_tesoreria_cuentas_retention_type_id_foreign` FOREIGN KEY (`retention_type_id`) REFERENCES `retention_types` (`id`),
  CONSTRAINT `cta_tes_tipo_id_foreign` FOREIGN KEY (`cta_cte_tesoreria_cuenta_tipo_id`) REFERENCES `cta_cte_tesoreria_cuenta_tipos` (`id`)
) ENGINE=InnoDB AUTO_INCREMENT=759 DEFAULT CHARSET=utf8mb4 COLLATE=utf8mb4_unicode_ci;

--
-- Dumping data for table `cta_cte_tesoreria_cuentas`
--

INSERT INTO `cta_cte_tesoreria_cuentas` VALUES (13,0,NULL,NULL,0,1,13,NULL,8,NULL,'Clientes - Deudores',NULL,0,0,0,0,0,0,1,'2019-10-19 02:10:24','2019-10-19 02:10:24',NULL),(20,0,NULL,NULL,0,1,20,NULL,8,NULL,'Anticipos Impuesto a las Ganancias',NULL,0,0,0,0,1,0,1,'2019-10-19 02:10:24','2019-10-19 02:10:24',NULL),(23,0,NULL,NULL,0,1,23,NULL,4,NULL,'Retenciones Impuesto a las Ganancias',NULL,0,0,1,0,0,0,1,'2019-10-19 02:10:24','2024-02-09 06:46:15',NULL),(25,0,NULL,NULL,0,1,25,NULL,4,NULL,'Retenciones de IVA',NULL,0,0,1,0,0,0,1,'2019-10-19 02:10:24','2024-02-09 06:46:15',NULL),(57,0,NULL,NULL,0,1,57,NULL,8,NULL,'Proveedores en Cta. Cte. locales',NULL,0,0,0,0,0,0,1,'2019-10-19 02:10:24','2019-10-19 02:10:24',NULL),(60,0,NULL,NULL,0,1,60,NULL,3,NULL,'Cheques emitidos ',NULL,0,1,1,1,1,0,1,'2019-10-19 02:10:24','2024-02-09 06:46:15',NULL),(62,0,NULL,NULL,0,1,62,NULL,8,NULL,'Sueldos y Jornales a pagar',NULL,0,0,0,0,1,0,1,'2019-10-19 02:10:24','2019-10-19 02:10:24',NULL),(140,0,NULL,NULL,0,1,140,NULL,6,NULL,'Intereses y Gastos bancarios',NULL,0,0,0,0,1,0,1,'2019-10-19 02:10:24','2024-02-09 06:46:15',NULL),(162,0,NULL,NULL,0,1,162,NULL,4,NULL,'Retenciones SUSS',NULL,0,0,1,0,0,0,1,'2019-10-19 02:10:24','2024-02-09 06:46:15',NULL),(176,0,NULL,NULL,0,1,176,NULL,3,NULL,'Cheques en Cartera',NULL,1,0,1,1,1,0,1,'2019-10-19 02:10:24','2024-02-09 06:46:15',NULL),(201,0,NULL,NULL,0,1,201,NULL,6,NULL,'Monotributo',NULL,0,0,0,0,1,0,1,'2019-10-19 02:10:24','2024-02-09 06:46:15',NULL),(203,0,NULL,NULL,0,1,203,NULL,6,NULL,'Autonomos',NULL,0,0,0,0,1,0,1,'2019-10-19 02:10:24','2024-02-09 06:46:15',NULL),(219,0,NULL,NULL,0,1,219,NULL,8,NULL,'Pagos AFIP',NULL,0,0,0,0,1,0,1,'2019-10-19 02:10:24','2019-10-19 02:10:24',NULL),(251,0,NULL,NULL,0,1,251,NULL,4,NULL,'Retenciones de IIBB Buenos Aires',NULL,0,0,1,0,0,0,1,'2019-10-19 02:10:24','2024-02-09 06:46:15',NULL),(252,0,NULL,NULL,0,1,252,NULL,4,NULL,'Retenciones de IIBB Capital Federal',NULL,0,0,1,0,0,0,1,'2019-10-19 02:10:24','2024-02-09 06:46:15',NULL),(253,0,NULL,NULL,0,1,253,NULL,4,NULL,'Retenciones de IIBB Catamarca',NULL,0,0,1,0,0,0,1,'2019-10-19 02:10:24','2024-02-09 06:46:15',NULL),(254,0,NULL,NULL,0,1,254,NULL,4,NULL,'Retenciones de IIBB Chaco',NULL,0,0,1,0,0,0,1,'2019-10-19 02:10:24','2024-02-09 06:46:15',NULL),(255,0,NULL,NULL,0,1,255,NULL,4,NULL,'Retenciones de IIBB Chubut',NULL,0,0,1,0,0,0,1,'2019-10-19 02:10:24','2024-02-09 06:46:15',NULL),(256,0,NULL,NULL,0,1,256,NULL,4,NULL,'Retenciones de IIBB Córdoba',NULL,0,0,1,0,0,0,1,'2019-10-19 02:10:24','2024-02-09 06:46:15',NULL),(257,0,NULL,NULL,0,1,257,NULL,4,NULL,'Retenciones de IIBB Corrientes',NULL,0,0,1,0,0,0,1,'2019-10-19 02:10:24','2024-02-09 06:46:15',NULL),(258,0,NULL,NULL,0,1,258,NULL,4,NULL,'Retenciones de IIBB Entre Ríos',NULL,0,0,1,0,0,0,1,'2019-10-19 02:10:24','2024-02-09 06:46:15',NULL),(259,0,NULL,NULL,0,1,259,NULL,4,NULL,'Retenciones de IIBB Formosa',NULL,0,0,1,0,0,0,1,'2019-10-19 02:10:24','2024-02-09 06:46:15',NULL),(260,0,NULL,NULL,0,1,260,NULL,4,NULL,'Retenciones de IIBB Jujuy',NULL,0,0,1,0,0,0,1,'2019-10-19 02:10:24','2024-02-09 06:46:15',NULL),(261,0,NULL,NULL,0,1,261,NULL,4,NULL,'Retenciones de IIBB La Pampa',NULL,0,0,1,0,0,0,1,'2019-10-19 02:10:24','2024-02-09 06:46:15',NULL),(262,0,NULL,NULL,0,1,262,NULL,4,NULL,'Retenciones de IIBB La Rioja',NULL,0,0,1,0,0,0,1,'2019-10-19 02:10:24','2024-02-09 06:46:15',NULL),(263,0,NULL,NULL,0,1,263,NULL,4,NULL,'Retenciones de IIBB Mendoza',NULL,0,0,1,0,0,0,1,'2019-10-19 02:10:24','2024-02-09 06:46:15',NULL),(264,0,NULL,NULL,0,1,264,NULL,4,NULL,'Retenciones de IIBB Misiones',NULL,0,0,1,0,0,0,1,'2019-10-19 02:10:24','2024-02-09 06:46:15',NULL),(265,0,NULL,NULL,0,1,265,NULL,4,NULL,'Retenciones de IIBB Neuquén',NULL,0,0,1,0,0,0,1,'2019-10-19 02:10:24','2024-02-09 06:46:15',NULL),(266,0,NULL,NULL,0,1,266,NULL,4,NULL,'Retenciones de IIBB Pascua Lama',NULL,0,0,1,0,0,0,1,'2019-10-19 02:10:24','2024-02-09 06:46:15',NULL);
INSERT INTO `cta_cte_tesoreria_cuentas` VALUES (267,0,NULL,NULL,0,1,267,NULL,4,NULL,'Retenciones de IIBB Río Negro',NULL,0,0,1,0,0,0,1,'2019-10-19 02:10:24','2024-02-09 06:46:15',NULL),(268,0,NULL,NULL,0,1,268,NULL,4,NULL,'Retenciones de IIBB Salta',NULL,0,0,1,0,0,0,1,'2019-10-19 02:10:24','2024-02-09 06:46:15',NULL),(269,0,NULL,NULL,0,1,269,NULL,4,NULL,'Retenciones de IIBB San Juan',NULL,0,0,1,0,0,0,1,'2019-10-19 02:10:24','2024-02-09 06:46:15',NULL),(270,0,NULL,NULL,0,1,270,NULL,4,NULL,'Retenciones de IIBB San Luis',NULL,0,0,1,0,0,0,1,'2019-10-19 02:10:24','2024-02-09 06:46:15',NULL),(271,0,NULL,NULL,0,1,271,NULL,4,NULL,'Retenciones de IIBB Santa Cruz',NULL,0,0,1,0,0,0,1,'2019-10-19 02:10:24','2024-02-09 06:46:15',NULL),(272,0,NULL,NULL,0,1,272,NULL,4,NULL,'Retenciones de IIBB Santa Fe',NULL,0,0,1,0,0,0,1,'2019-10-19 02:10:24','2024-02-09 06:46:15',NULL),(273,0,NULL,NULL,0,1,273,NULL,4,NULL,'Retenciones de IIBB Santiago del Estero',NULL,0,0,1,0,0,0,1,'2019-10-19 02:10:24','2024-02-09 06:46:15',NULL),(274,0,NULL,NULL,0,1,274,NULL,4,NULL,'Retenciones de IIBB Tierra del Fuego',NULL,0,0,1,0,0,0,1,'2019-10-19 02:10:24','2024-02-09 06:46:15',NULL),(275,0,NULL,NULL,0,1,275,NULL,4,NULL,'Retenciones de IIBB Tucuman',NULL,0,0,1,0,0,0,1,'2019-10-19 02:10:24','2024-02-09 06:46:15',NULL),(351,0,NULL,NULL,0,1,351,NULL,8,NULL,'BANCO SIRCREB',NULL,0,0,0,0,1,0,1,'2019-10-19 02:10:24','2019-10-19 02:10:24',NULL),(359,0,NULL,NULL,0,1,359,NULL,8,NULL,'Caja en Pesos',NULL,0,0,1,1,1,0,1,'2019-10-19 02:10:24','2024-02-09 06:46:13','2024-02-09 06:46:13'),(360,0,NULL,NULL,0,1,360,NULL,8,NULL,'Retenciones Bancarias de Ganancias a Favor',NULL,0,0,0,0,1,0,1,'2019-10-19 02:10:24','2019-10-19 02:10:24',NULL),(364,0,NULL,NULL,0,1,364,NULL,8,NULL,'Anticipo de Clientes',NULL,0,0,0,0,1,0,1,'2019-10-19 02:10:24','2019-10-19 02:10:24',NULL),(384,0,NULL,NULL,0,1,384,NULL,8,NULL,'Caja en Dolares',NULL,0,0,1,1,1,0,1,'2019-10-19 02:10:24','2024-02-09 06:46:13','2024-02-09 06:46:13'),(409,0,NULL,NULL,0,1,409,NULL,6,NULL,'IVA Crédito Fiscal No computable',NULL,0,0,0,0,1,0,1,'2019-10-19 02:10:24','2024-02-09 06:46:15',NULL),(418,0,NULL,NULL,0,1,418,NULL,8,NULL,'Deudas Bancarias',NULL,0,0,0,1,1,0,1,'2019-10-19 02:10:24','2019-10-19 02:10:24',NULL),(433,0,NULL,NULL,0,1,433,NULL,8,NULL,'Préstamo',NULL,0,0,0,1,1,0,1,'2019-10-19 02:10:24','2019-10-19 02:10:24',NULL),(441,0,NULL,NULL,0,1,441,NULL,8,NULL,'Leasing',NULL,0,0,0,1,1,0,1,'2019-10-19 02:10:24','2019-10-19 02:10:24',NULL),(448,0,NULL,NULL,0,1,448,NULL,8,NULL,'Planes de Pagos AFIP',NULL,0,0,0,1,1,0,1,'2019-10-19 02:10:24','2019-10-19 02:10:24',NULL),(450,0,NULL,NULL,0,1,450,NULL,3,NULL,'Cheques Rechazados',NULL,0,0,0,0,1,0,1,'2019-10-19 02:10:24','2024-02-09 06:46:15',NULL),(467,0,NULL,NULL,0,1,467,NULL,6,NULL,'Interés',NULL,0,0,0,0,1,0,1,'2019-10-19 02:10:24','2024-02-09 06:46:15',NULL),(468,0,NULL,NULL,0,1,14,NULL,8,NULL,'Deudores por ventas comunes',NULL,0,0,0,0,0,1,1,'2020-02-06 17:23:07','2024-02-09 06:46:15',NULL),(469,0,NULL,NULL,0,1,15,NULL,8,NULL,'Deudores por ventas morosos',NULL,0,0,0,0,0,1,1,'2020-02-06 17:23:07','2024-02-09 06:46:15',NULL),(470,0,NULL,NULL,0,1,16,NULL,8,NULL,'Deudores en gestión judicial',NULL,0,0,0,0,0,1,1,'2020-02-06 17:23:07','2024-02-09 06:46:15',NULL),(471,0,NULL,NULL,0,1,17,NULL,8,NULL,'Previsión deudores incobrables',NULL,0,0,0,0,0,1,1,'2020-02-06 17:23:07','2024-02-09 06:46:15',NULL),(472,0,NULL,NULL,0,1,22,NULL,8,NULL,'Anticipo Impto.Ganancia Mínima Presunta',NULL,0,0,0,0,0,1,1,'2020-02-06 17:23:07','2024-02-09 06:46:15',NULL),(473,0,NULL,NULL,0,1,24,NULL,4,NULL,'Impuesto a las Ganancias (Saldo a favor)',NULL,0,0,0,0,0,1,0,'2020-02-06 17:23:07','2024-02-09 06:46:23',NULL),(474,0,NULL,NULL,0,1,27,NULL,8,NULL,'Anticipos de proveedores',NULL,0,0,0,0,0,1,1,'2020-02-06 17:23:07','2024-02-09 06:46:15',NULL),(475,0,NULL,NULL,0,1,28,NULL,8,NULL,'Depósito en garantía alquileres',NULL,0,0,0,0,0,1,1,'2020-02-06 17:23:07','2024-02-09 06:46:15',NULL);
INSERT INTO `cta_cte_tesoreria_cuentas` VALUES (476,0,NULL,NULL,0,1,29,NULL,8,NULL,'Derechos adquiridos a devengar',NULL,0,0,0,0,0,1,1,'2020-02-06 17:23:07','2024-02-09 06:46:15',NULL),(477,0,NULL,NULL,0,1,30,NULL,8,NULL,'Intereses a devengar',NULL,0,0,0,0,0,1,1,'2020-02-06 17:23:07','2024-02-09 06:46:15',NULL),(478,0,NULL,NULL,0,1,31,NULL,8,NULL,'Cuentas a rendir - Directores',NULL,0,0,0,0,0,1,1,'2020-02-06 17:23:07','2024-02-09 06:46:15',NULL),(479,0,NULL,NULL,0,1,32,NULL,8,NULL,'Alquileres no devengados',NULL,0,0,0,0,0,1,1,'2020-02-06 17:23:07','2024-02-09 06:46:15',NULL),(480,0,NULL,NULL,0,1,38,NULL,8,NULL,'Equipos de computación valores históricos',NULL,0,0,0,0,0,1,1,'2020-02-06 17:23:07','2024-02-09 06:46:15',NULL),(481,0,NULL,NULL,0,1,39,NULL,8,NULL,'Equipos de computación ajuste',NULL,0,0,0,0,0,1,1,'2020-02-06 17:23:07','2024-02-09 06:46:15',NULL),(482,0,NULL,NULL,0,1,40,NULL,8,NULL,'Amortización Acumulada Equipos de comput.',NULL,0,0,0,0,0,1,1,'2020-02-06 17:23:07','2024-02-09 06:46:15',NULL),(483,0,NULL,NULL,0,1,42,NULL,8,NULL,'Instalaciones valores históricos',NULL,0,0,0,0,0,1,1,'2020-02-06 17:23:07','2024-02-09 06:46:15',NULL),(484,0,NULL,NULL,0,1,43,NULL,8,NULL,'Instalaciones ajuste',NULL,0,0,0,0,0,1,1,'2020-02-06 17:23:07','2024-02-09 06:46:15',NULL),(485,0,NULL,NULL,0,1,44,NULL,8,NULL,'Amortización Acumulada Instalaciones',NULL,0,0,0,0,0,1,1,'2020-02-06 17:23:07','2024-02-09 06:46:15',NULL),(486,0,NULL,NULL,0,1,46,NULL,8,NULL,'Muebles y utiles valores históricos',NULL,0,0,0,0,0,1,1,'2020-02-06 17:23:07','2024-02-09 06:46:15',NULL),(487,0,NULL,NULL,0,1,47,NULL,8,NULL,'Muebles y utiles ajuste',NULL,0,0,0,0,0,1,1,'2020-02-06 17:23:07','2024-02-09 06:46:15',NULL),(488,0,NULL,NULL,0,1,48,NULL,8,NULL,'Amortización Acumulada Muebles y Útiles',NULL,0,0,0,0,0,1,1,'2020-02-06 17:23:07','2024-02-09 06:46:15',NULL),(489,0,NULL,NULL,0,1,50,NULL,8,NULL,'Gastos de organización valores historicos',NULL,0,0,0,0,0,1,1,'2020-02-06 17:23:07','2024-02-09 06:46:15',NULL),(490,0,NULL,NULL,0,1,51,NULL,8,NULL,'Gastos de organización ajuste',NULL,0,0,0,0,0,1,1,'2020-02-06 17:23:07','2024-02-09 06:46:15',NULL),(491,0,NULL,NULL,0,1,52,NULL,8,NULL,'Amortización acumulada gs. de organización',NULL,0,0,0,0,0,1,1,'2020-02-06 17:23:07','2024-02-09 06:46:15',NULL),(492,0,NULL,NULL,0,1,58,NULL,8,NULL,'Proveedores en cta. cte. exterior',NULL,0,0,0,0,0,1,1,'2020-02-06 17:23:07','2024-02-09 06:46:15',NULL),(493,0,NULL,NULL,0,1,59,NULL,8,NULL,'Derechos de exhibición a devengar',NULL,0,0,0,0,0,1,1,'2020-02-06 17:23:07','2024-02-09 06:46:15',NULL),(494,0,NULL,NULL,0,1,63,NULL,8,NULL,'Cargas sociales a pagar',NULL,0,0,0,0,0,1,1,'2020-02-06 17:23:07','2024-02-09 06:46:15',NULL),(495,0,NULL,NULL,0,1,64,NULL,8,NULL,'Sindicatos a Pagar',NULL,0,0,0,0,0,1,1,'2020-02-06 17:23:07','2024-02-09 06:46:15',NULL),(496,0,NULL,NULL,0,1,67,NULL,8,NULL,'IVA Debito Fiscal',NULL,0,0,0,0,0,1,1,'2020-02-06 17:23:07','2024-02-09 06:46:15',NULL),(497,0,NULL,NULL,0,1,68,NULL,8,NULL,'IVA Credito Fiscal',NULL,0,0,0,0,0,1,1,'2020-02-06 17:23:07','2024-02-09 06:46:15',NULL),(498,0,NULL,NULL,0,1,69,NULL,8,NULL,'Impuestos Internos',NULL,0,0,0,0,0,1,1,'2020-02-06 17:23:07','2024-02-09 06:46:15',NULL),(499,0,NULL,NULL,0,1,70,NULL,8,NULL,'Impuestos al Combustible',NULL,0,0,0,0,0,1,1,'2020-02-06 17:23:07','2024-02-09 06:46:15',NULL),(500,0,NULL,NULL,0,1,71,NULL,8,NULL,'IVA Retenciones de terceros',NULL,0,0,0,0,0,1,1,'2020-02-06 17:23:07','2024-02-09 06:46:15',NULL),(501,0,NULL,NULL,0,1,72,NULL,5,NULL,'IVA Percepciones realiz.por terceros',NULL,0,0,0,0,0,1,1,'2020-02-06 17:23:07','2024-02-09 06:46:15',NULL),(502,0,NULL,NULL,0,1,73,NULL,8,NULL,'IVA Saldo a favor',NULL,0,0,0,0,0,1,1,'2020-02-06 17:23:07','2024-02-09 06:46:15',NULL),(503,0,NULL,NULL,0,1,74,NULL,8,NULL,'IVA a pagar',NULL,0,0,0,0,0,1,1,'2020-02-06 17:23:07','2024-02-09 06:46:15',NULL),(504,0,NULL,NULL,0,1,75,NULL,5,NULL,'Percepciones Ingresos Brutos',NULL,0,0,0,0,0,1,1,'2020-02-06 17:23:07','2024-02-09 06:46:15',NULL);
INSERT INTO `cta_cte_tesoreria_cuentas` VALUES (505,0,NULL,NULL,0,1,76,NULL,8,NULL,'Otros Pagos AFIP',NULL,0,0,0,0,0,1,1,'2020-02-06 17:23:07','2024-02-09 06:46:15',NULL),(506,0,NULL,NULL,0,1,78,NULL,8,NULL,'Impuesto a los Ingresos Brutos Pasivo',NULL,0,0,0,0,0,1,1,'2020-02-06 17:23:07','2024-02-09 06:46:15',NULL),(507,0,NULL,NULL,0,1,79,NULL,8,NULL,'Impuesto a las Ganancias',NULL,0,0,0,0,0,1,1,'2020-02-06 17:23:07','2024-02-09 06:46:15',NULL),(508,0,NULL,NULL,0,1,80,NULL,8,NULL,'Impuesto a la Ganancia Mínima Presunta',NULL,0,0,0,0,0,1,1,'2020-02-06 17:23:07','2024-02-09 06:46:15',NULL),(509,0,NULL,NULL,0,1,81,NULL,8,NULL,'AFIP - Retenciones Impuesto a las Ganancias',NULL,0,0,0,0,0,1,1,'2020-02-06 17:23:07','2024-02-09 06:46:15',NULL),(510,0,NULL,NULL,0,1,82,NULL,8,NULL,'AFIP - Plan de Facilidades Decreto 338/02',NULL,0,0,0,0,0,1,1,'2020-02-06 17:23:07','2024-02-09 06:46:15',NULL),(511,0,NULL,NULL,0,1,87,NULL,8,NULL,'Acciones en circulación',NULL,0,0,0,0,0,1,1,'2020-02-06 17:23:07','2024-02-09 06:46:15',NULL),(512,0,NULL,NULL,0,1,88,NULL,8,NULL,'Ajuste del Capital',NULL,0,0,0,0,0,1,1,'2020-02-06 17:23:07','2024-02-09 06:46:15',NULL),(513,0,NULL,NULL,0,1,89,NULL,8,NULL,'Aportes Irrevocables Futuras Suscripciones',NULL,0,0,0,0,0,1,1,'2020-02-06 17:23:07','2024-02-09 06:46:15',NULL),(514,0,NULL,NULL,0,1,91,NULL,8,NULL,'Resultado del ejercicio',NULL,0,0,0,0,0,1,1,'2020-02-06 17:23:07','2024-02-09 06:46:16',NULL),(515,0,NULL,NULL,0,1,92,NULL,8,NULL,'Resultado ejercicios anteriores',NULL,0,0,0,0,0,1,1,'2020-02-06 17:23:07','2024-02-09 06:46:16',NULL),(516,0,NULL,NULL,0,1,93,NULL,8,NULL,'A.R.E.A.',NULL,0,0,0,0,0,1,1,'2020-02-06 17:23:07','2024-02-09 06:46:16',NULL),(517,0,NULL,NULL,0,1,96,NULL,7,NULL,'VENTAS',NULL,0,0,0,0,1,1,1,'2020-02-06 17:23:07','2024-02-09 06:46:16',NULL),(518,0,NULL,NULL,0,1,97,NULL,7,NULL,'Honorarios',NULL,0,0,0,0,1,1,1,'2020-02-06 17:23:07','2024-02-09 06:46:16',NULL),(519,0,NULL,NULL,0,1,99,NULL,7,NULL,'Descuentos obtenidos',NULL,0,0,0,0,1,1,1,'2020-02-06 17:23:07','2024-02-09 06:46:16',NULL),(520,0,NULL,NULL,0,1,100,NULL,7,NULL,'Reintegros por exportaciones',NULL,0,0,0,0,1,1,1,'2020-02-06 17:23:07','2024-02-09 06:46:16',NULL),(521,0,NULL,NULL,0,1,102,NULL,7,NULL,'Intereses Cobrados',NULL,0,0,0,0,1,1,1,'2020-02-06 17:23:07','2024-02-09 06:46:16',NULL),(522,0,NULL,NULL,0,1,103,NULL,7,NULL,'Diferencias de cambio',NULL,0,0,0,0,1,1,1,'2020-02-06 17:23:07','2024-02-09 06:46:16',NULL),(523,0,NULL,NULL,0,1,104,NULL,7,NULL,'Descuentos obtenidos',NULL,0,0,0,0,1,1,1,'2020-02-06 17:23:07','2024-02-09 06:46:16',NULL),(524,0,NULL,NULL,0,1,110,NULL,6,NULL,'Sueldos',NULL,0,0,0,0,0,1,1,'2020-02-06 17:23:07','2024-02-09 06:46:16',NULL),(525,0,NULL,NULL,0,1,111,NULL,6,NULL,'Contribuciones',NULL,0,0,0,0,0,1,1,'2020-02-06 17:23:07','2024-02-09 06:46:16',NULL),(526,0,NULL,NULL,0,1,112,NULL,6,NULL,'Sindicato',NULL,0,0,0,0,0,1,1,'2020-02-06 17:23:07','2024-02-09 06:46:16',NULL),(527,0,NULL,NULL,0,1,114,NULL,8,NULL,'ACA',NULL,0,0,0,0,0,1,1,'2020-02-06 17:23:07','2024-02-09 06:46:16',NULL),(528,0,NULL,NULL,0,1,115,NULL,6,NULL,'Aereos',NULL,0,0,0,0,0,1,1,'2020-02-06 17:23:07','2024-02-09 06:46:16',NULL),(529,0,NULL,NULL,0,1,116,NULL,6,NULL,'Alquiler',NULL,0,0,0,0,0,1,1,'2020-02-06 17:23:07','2024-02-09 06:46:16',NULL),(530,0,NULL,NULL,0,1,117,NULL,8,NULL,'AGUA AYSA',NULL,0,0,0,0,0,1,1,'2020-02-06 17:23:07','2024-02-09 06:46:16',NULL),(531,0,NULL,NULL,0,1,118,NULL,8,NULL,'TV Cablevision',NULL,0,0,0,0,0,1,1,'2020-02-06 17:23:07','2024-02-09 06:46:16',NULL),(532,0,NULL,NULL,0,1,119,NULL,1,NULL,'Caja Jubilacion Consejo',NULL,0,0,0,0,0,1,1,'2020-02-06 17:23:07','2024-02-09 06:46:16',NULL),(533,0,NULL,NULL,0,1,120,NULL,6,NULL,'Celulares',NULL,0,0,0,0,0,1,1,'2020-02-06 17:23:07','2024-02-09 06:46:16',NULL),(534,0,NULL,NULL,0,1,121,NULL,3,NULL,'Cheques',NULL,0,0,0,0,0,1,1,'2020-02-06 17:23:07','2024-02-09 06:46:16',NULL),(535,0,NULL,NULL,0,1,123,NULL,8,NULL,'Comida',NULL,0,0,0,0,0,1,1,'2020-02-06 17:23:07','2024-02-09 06:46:16',NULL);
INSERT INTO `cta_cte_tesoreria_cuentas` VALUES (536,0,NULL,NULL,0,1,126,NULL,6,NULL,'Fletes y acarreos',NULL,0,0,0,0,0,1,1,'2020-02-06 17:23:07','2024-02-09 06:46:16',NULL),(537,0,NULL,NULL,0,1,127,NULL,8,NULL,'Luz Edesur',NULL,0,0,0,0,0,1,1,'2020-02-06 17:23:07','2024-02-09 06:46:16',NULL),(538,0,NULL,NULL,0,1,128,NULL,6,NULL,'Movilidad y Viáticos',NULL,0,0,0,0,0,1,1,'2020-02-06 17:23:07','2024-02-09 06:46:16',NULL),(539,0,NULL,NULL,0,1,129,NULL,8,NULL,'Mantenimiento',NULL,0,0,0,0,0,1,1,'2020-02-06 17:23:07','2024-02-09 06:46:16',NULL),(540,0,NULL,NULL,0,1,130,NULL,8,NULL,'IVA No Computable',NULL,0,0,0,0,0,1,1,'2020-02-06 17:23:07','2024-02-09 06:46:16',NULL),(541,0,NULL,NULL,0,1,131,NULL,8,NULL,'Entretenimiento',NULL,0,0,0,0,0,1,1,'2020-02-06 17:23:07','2024-02-09 06:46:16',NULL),(542,0,NULL,NULL,0,1,132,NULL,6,NULL,'Amortización Bienes de Uso',NULL,0,0,0,0,0,1,1,'2020-02-06 17:23:07','2024-02-09 06:46:16',NULL),(543,0,NULL,NULL,0,1,135,NULL,6,NULL,'Gastos varios',NULL,0,0,0,0,0,1,1,'2020-02-06 17:23:07','2024-02-09 06:46:16',NULL),(544,0,NULL,NULL,0,1,136,NULL,6,NULL,'Ajuste por redondeo',NULL,0,0,0,0,0,1,1,'2020-02-06 17:23:07','2024-02-09 06:46:16',NULL),(545,0,NULL,NULL,0,1,137,NULL,6,NULL,'Deudores Incobrables',NULL,0,0,0,0,0,1,1,'2020-02-06 17:23:07','2024-02-09 06:46:16',NULL),(546,0,NULL,NULL,0,1,141,NULL,6,NULL,'Intereses Proveedores',NULL,0,0,0,0,0,1,1,'2020-02-06 17:23:07','2024-02-09 06:46:16',NULL),(547,0,NULL,NULL,0,1,143,NULL,6,NULL,'Diferencias de cambio',NULL,0,0,0,0,0,1,1,'2020-02-06 17:23:07','2024-02-09 06:46:16',NULL),(548,0,NULL,NULL,0,1,144,NULL,8,NULL,'Diferencia de Cambio Bces. en M.Extranjera',NULL,0,0,0,0,0,1,1,'2020-02-06 17:23:07','2024-02-09 06:46:16',NULL),(549,0,NULL,NULL,0,1,145,NULL,6,NULL,'Diferencia tipo cambio Vendedor/Comprador',NULL,0,0,0,0,0,1,1,'2020-02-06 17:23:07','2024-02-09 06:46:16',NULL),(550,0,NULL,NULL,0,1,146,NULL,8,NULL,'Diferencia por conversion en Bce. en Mon. Extranj.',NULL,0,0,0,0,0,1,1,'2020-02-06 17:23:07','2024-02-09 06:46:16',NULL),(551,0,NULL,NULL,0,1,147,NULL,8,NULL,'Diferencia de cambio CMV',NULL,0,0,0,0,0,1,1,'2020-02-06 17:23:07','2024-02-09 06:46:16',NULL),(552,0,NULL,NULL,0,1,148,NULL,8,NULL,'Diferencia de cambio PT',NULL,0,0,0,0,0,1,1,'2020-02-06 17:23:07','2024-02-09 06:46:16',NULL),(553,0,NULL,NULL,0,1,149,NULL,8,NULL,'Resultado por Exposición a la Inflación',NULL,0,0,0,0,0,1,1,'2020-02-06 17:23:07','2024-02-09 06:46:16',NULL),(554,0,NULL,NULL,0,1,150,NULL,8,NULL,'Diferencia de cambio PE',NULL,0,0,0,0,0,1,1,'2020-02-06 17:23:07','2024-02-09 06:46:16',NULL),(555,0,NULL,NULL,0,1,151,NULL,8,NULL,'Diferencia de cambio Ds.Vtas.',NULL,0,0,0,0,0,1,1,'2020-02-06 17:23:07','2024-02-09 06:46:16',NULL),(556,0,NULL,NULL,0,1,152,NULL,6,NULL,'Diferencia de cambio ME',NULL,0,0,0,0,0,1,1,'2020-02-06 17:23:07','2024-02-09 06:46:16',NULL),(557,0,NULL,NULL,0,1,153,NULL,6,NULL,'Descuentos otorgados',NULL,0,0,0,0,0,1,1,'2020-02-06 17:23:07','2024-02-09 06:46:16',NULL),(558,0,NULL,NULL,0,1,155,NULL,6,NULL,'Impuesto a las Ganancias',NULL,0,0,0,0,0,1,1,'2020-02-06 17:23:07','2024-02-09 06:46:16',NULL),(559,0,NULL,NULL,0,1,156,NULL,6,NULL,'Impuesto a los Ingresos Brutos',NULL,0,0,0,0,0,1,1,'2020-02-06 17:23:07','2024-02-09 06:46:16',NULL),(560,0,NULL,NULL,0,1,157,NULL,6,NULL,'Impuesto al Debito y Credito Bancario',NULL,0,0,0,0,0,1,1,'2020-02-06 17:23:07','2024-02-09 06:46:16',NULL),(561,0,NULL,NULL,0,1,159,NULL,6,NULL,'Pérdida por venta bienes de uso',NULL,0,0,0,0,0,1,1,'2020-02-06 17:23:07','2024-02-09 06:46:16',NULL),(562,0,NULL,NULL,0,1,160,NULL,6,NULL,'Inversiones',NULL,0,0,0,0,0,1,1,'2020-02-06 17:23:07','2024-02-09 06:46:16',NULL),(563,0,NULL,NULL,0,1,161,NULL,6,NULL,'Amortizaciones extraordinarias',NULL,0,0,0,0,0,1,1,'2020-02-06 17:23:07','2024-02-09 06:46:16',NULL),(564,0,NULL,NULL,0,1,178,NULL,8,NULL,'Google',NULL,0,0,0,0,0,1,1,'2020-02-06 17:23:07','2024-02-09 06:46:16',NULL),(565,0,NULL,NULL,0,1,188,NULL,6,NULL,'Publicidad',NULL,0,0,0,0,0,1,1,'2020-02-06 17:23:07','2024-02-09 06:46:16',NULL);
INSERT INTO `cta_cte_tesoreria_cuentas` VALUES (566,0,NULL,NULL,0,1,191,NULL,6,NULL,'Cargas Sociales',NULL,0,0,0,0,0,1,1,'2020-02-06 17:23:07','2024-02-09 06:46:16',NULL),(567,0,NULL,NULL,0,1,192,NULL,6,NULL,'Honorarios',NULL,0,0,0,0,0,1,1,'2020-02-06 17:23:07','2024-02-09 06:46:16',NULL),(568,0,NULL,NULL,0,1,193,NULL,6,NULL,'Telefono Fijo',NULL,0,0,0,0,0,1,1,'2020-02-06 17:23:07','2024-02-09 06:46:16',NULL),(569,0,NULL,NULL,0,1,198,NULL,6,NULL,'Seguros',NULL,0,0,0,0,0,1,1,'2020-02-06 17:23:07','2024-02-09 06:46:16',NULL),(570,0,NULL,NULL,0,1,199,NULL,6,NULL,'Internet',NULL,0,0,0,0,0,1,1,'2020-02-06 17:23:07','2024-02-09 06:46:16',NULL),(571,0,NULL,NULL,0,1,204,NULL,6,NULL,'Multas Impositivas',NULL,0,0,0,0,0,1,1,'2020-02-06 17:23:07','2024-02-09 06:46:16',NULL),(572,0,NULL,NULL,0,1,208,NULL,6,NULL,'Impuesto a los Ingresos Brutos - BS AS',NULL,0,0,0,0,0,1,1,'2020-02-06 17:23:07','2024-02-09 06:46:16',NULL),(573,0,NULL,NULL,0,1,209,NULL,6,NULL,'SIRCREB',NULL,0,0,0,0,0,1,1,'2020-02-06 17:23:07','2024-02-09 06:46:16',NULL),(574,0,NULL,NULL,0,1,212,NULL,6,NULL,'Tarjeta Visa',NULL,0,0,0,0,0,1,1,'2020-02-06 17:23:07','2024-02-09 06:46:16',NULL),(575,0,NULL,NULL,0,1,213,NULL,6,NULL,'Tarjeta American Express',NULL,0,0,0,0,0,1,1,'2020-02-06 17:23:07','2024-02-09 06:46:16',NULL),(576,0,NULL,NULL,0,1,214,NULL,6,NULL,'Tarjeta Mastercard',NULL,0,0,0,0,0,1,1,'2020-02-06 17:23:07','2024-02-09 06:46:16',NULL),(577,0,NULL,NULL,0,1,215,NULL,8,NULL,'Tarjeta Shopping',NULL,0,0,0,0,0,1,1,'2020-02-06 17:23:07','2024-02-09 06:46:16',NULL),(578,0,NULL,NULL,0,1,216,NULL,6,NULL,'Tarjeta Cencosud',NULL,0,0,0,0,0,1,1,'2020-02-06 17:23:07','2024-02-09 06:46:16',NULL),(579,0,NULL,NULL,0,1,217,NULL,6,NULL,'Compras',NULL,0,0,0,0,0,1,1,'2020-02-06 17:23:07','2024-02-09 06:46:16',NULL),(580,0,NULL,NULL,0,1,218,NULL,7,NULL,'Ventas No Gravadas',NULL,0,0,0,0,1,1,1,'2020-02-06 17:23:07','2024-02-09 06:46:16',NULL),(581,0,NULL,NULL,0,1,220,NULL,5,NULL,'Perc IVA -RG3337',NULL,0,0,0,0,0,1,0,'2020-02-06 17:23:07','2024-02-09 06:46:23',NULL),(582,0,NULL,NULL,0,1,221,NULL,6,NULL,'Imps. Internos',NULL,0,0,0,0,0,1,1,'2020-02-06 17:23:07','2024-02-09 06:46:16',NULL),(583,0,NULL,NULL,0,1,222,NULL,6,NULL,'Imp. Gasoil',NULL,0,0,0,0,0,1,1,'2020-02-06 17:23:07','2024-02-09 06:46:16',NULL),(584,0,NULL,NULL,0,1,223,NULL,6,NULL,'Imp. Hídricos',NULL,0,0,0,0,0,1,1,'2020-02-06 17:23:07','2024-02-09 06:46:16',NULL),(585,0,NULL,NULL,0,1,224,NULL,6,NULL,'ITC',NULL,0,0,0,0,0,1,1,'2020-02-06 17:23:07','2024-02-09 06:46:16',NULL),(586,0,NULL,NULL,0,1,225,NULL,5,NULL,'Perc IIBB  Buenos Aires',NULL,0,0,0,0,0,1,1,'2020-02-06 17:23:07','2024-02-09 06:46:16',NULL),(587,0,NULL,NULL,0,1,226,NULL,5,NULL,'Perc IIBB  Capital Federal',NULL,0,0,0,0,0,1,1,'2020-02-06 17:23:07','2024-02-09 06:46:16',NULL),(588,0,NULL,NULL,0,1,227,NULL,5,NULL,'Perc IIBB  Catamarca',NULL,0,0,0,0,0,1,1,'2020-02-06 17:23:07','2024-02-09 06:46:16',NULL),(589,0,NULL,NULL,0,1,228,NULL,5,NULL,'Perc IIBB  Chaco',NULL,0,0,0,0,0,1,1,'2020-02-06 17:23:07','2024-02-09 06:46:16',NULL),(590,0,NULL,NULL,0,1,229,NULL,5,NULL,'Perc IIBB  Chubut',NULL,0,0,0,0,0,1,1,'2020-02-06 17:23:07','2024-02-09 06:46:16',NULL),(591,0,NULL,NULL,0,1,230,NULL,5,NULL,'Perc IIBB  Córdoba',NULL,0,0,0,0,0,1,1,'2020-02-06 17:23:07','2024-02-09 06:46:16',NULL),(592,0,NULL,NULL,0,1,231,NULL,5,NULL,'Perc IIBB  Corrientes',NULL,0,0,0,0,0,1,1,'2020-02-06 17:23:07','2024-02-09 06:46:16',NULL),(593,0,NULL,NULL,0,1,232,NULL,5,NULL,'Perc IIBB  Entre Ríos',NULL,0,0,0,0,0,1,1,'2020-02-06 17:23:07','2024-02-09 06:46:16',NULL),(594,0,NULL,NULL,0,1,233,NULL,5,NULL,'Perc IIBB  Formosa',NULL,0,0,0,0,0,1,1,'2020-02-06 17:23:07','2024-02-09 06:46:16',NULL),(595,0,NULL,NULL,0,1,234,NULL,5,NULL,'Perc IIBB  Jujuy',NULL,0,0,0,0,0,1,1,'2020-02-06 17:23:07','2024-02-09 06:46:16',NULL),(596,0,NULL,NULL,0,1,235,NULL,5,NULL,'Perc IIBB  La Pampa',NULL,0,0,0,0,0,1,1,'2020-02-06 17:23:07','2024-02-09 06:46:16',NULL),(597,0,NULL,NULL,0,1,236,NULL,5,NULL,'Perc IIBB  La Rioja',NULL,0,0,0,0,0,1,1,'2020-02-06 17:23:07','2024-02-09 06:46:16',NULL);
INSERT INTO `cta_cte_tesoreria_cuentas` VALUES (598,0,NULL,NULL,0,1,237,NULL,5,NULL,'Perc IIBB  Mendoza',NULL,0,0,0,0,0,1,1,'2020-02-06 17:23:07','2024-02-09 06:46:16',NULL),(599,0,NULL,NULL,0,1,238,NULL,5,NULL,'Perc IIBB  Misiones',NULL,0,0,0,0,0,1,1,'2020-02-06 17:23:07','2024-02-09 06:46:16',NULL),(600,0,NULL,NULL,0,1,239,NULL,5,NULL,'Perc IIBB  Neuquén',NULL,0,0,0,0,0,1,1,'2020-02-06 17:23:07','2024-02-09 06:46:16',NULL),(601,0,NULL,NULL,0,1,240,NULL,5,NULL,'Perc IIBB  Pascua Lama',NULL,0,0,0,0,0,1,1,'2020-02-06 17:23:07','2024-02-09 06:46:16',NULL),(602,0,NULL,NULL,0,1,241,NULL,5,NULL,'Perc IIBB  Río Negro',NULL,0,0,0,0,0,1,1,'2020-02-06 17:23:07','2024-02-09 06:46:16',NULL),(603,0,NULL,NULL,0,1,242,NULL,5,NULL,'Perc IIBB  Salta',NULL,0,0,0,0,0,1,1,'2020-02-06 17:23:07','2024-02-09 06:46:16',NULL),(604,0,NULL,NULL,0,1,243,NULL,5,NULL,'Perc IIBB  San Juan',NULL,0,0,0,0,0,1,1,'2020-02-06 17:23:07','2024-02-09 06:46:16',NULL),(605,0,NULL,NULL,0,1,244,NULL,5,NULL,'Perc IIBB  San Luis',NULL,0,0,0,0,0,1,1,'2020-02-06 17:23:07','2024-02-09 06:46:16',NULL),(606,0,NULL,NULL,0,1,245,NULL,5,NULL,'Perc IIBB  Santa Cruz',NULL,0,0,0,0,0,1,1,'2020-02-06 17:23:07','2024-02-09 06:46:16',NULL),(607,0,NULL,NULL,0,1,246,NULL,5,NULL,'Perc IIBB  Santa Fe',NULL,0,0,0,0,0,1,1,'2020-02-06 17:23:07','2024-02-09 06:46:16',NULL),(608,0,NULL,NULL,0,1,247,NULL,5,NULL,'Perc IIBB  Santiago del Estero',NULL,0,0,0,0,0,1,1,'2020-02-06 17:23:07','2024-02-09 06:46:16',NULL),(609,0,NULL,NULL,0,1,248,NULL,5,NULL,'Perc IIBB  Tierra del Fuego',NULL,0,0,0,0,0,1,1,'2020-02-06 17:23:07','2024-02-09 06:46:16',NULL),(610,0,NULL,NULL,0,1,249,NULL,5,NULL,'Perc IIBB  Tucuman',NULL,0,0,0,0,0,1,1,'2020-02-06 17:23:07','2024-02-09 06:46:16',NULL),(611,0,NULL,NULL,0,1,250,NULL,6,NULL,'Compras No Gravadas',NULL,0,0,0,0,0,1,1,'2020-02-06 17:23:07','2024-02-09 06:46:16',NULL),(612,0,NULL,NULL,0,1,276,NULL,6,NULL,'SIRCREB Buenos Aires',NULL,0,0,0,0,0,1,1,'2020-02-06 17:23:07','2024-02-09 06:46:16',NULL),(613,0,NULL,NULL,0,1,277,NULL,6,NULL,'SIRCREB Capital Federal',NULL,0,0,0,0,0,1,1,'2020-02-06 17:23:07','2024-02-09 06:46:16',NULL),(614,0,NULL,NULL,0,1,278,NULL,6,NULL,'SIRCREB Catamarca',NULL,0,0,0,0,0,1,1,'2020-02-06 17:23:07','2024-02-09 06:46:16',NULL),(615,0,NULL,NULL,0,1,279,NULL,6,NULL,'SIRCREB Chaco',NULL,0,0,0,0,0,1,1,'2020-02-06 17:23:07','2024-02-09 06:46:16',NULL),(616,0,NULL,NULL,0,1,280,NULL,6,NULL,'SIRCREB Chubut',NULL,0,0,0,0,0,1,1,'2020-02-06 17:23:07','2024-02-09 06:46:16',NULL),(617,0,NULL,NULL,0,1,281,NULL,6,NULL,'SIRCREB Córdoba',NULL,0,0,0,0,0,1,1,'2020-02-06 17:23:07','2024-02-09 06:46:16',NULL),(618,0,NULL,NULL,0,1,282,NULL,6,NULL,'SIRCREB Corrientes',NULL,0,0,0,0,0,1,1,'2020-02-06 17:23:07','2024-02-09 06:46:16',NULL),(619,0,NULL,NULL,0,1,283,NULL,6,NULL,'SIRCREB Entre Ríos',NULL,0,0,0,0,0,1,1,'2020-02-06 17:23:07','2024-02-09 06:46:16',NULL),(620,0,NULL,NULL,0,1,284,NULL,6,NULL,'SIRCREB Formosa',NULL,0,0,0,0,0,1,1,'2020-02-06 17:23:07','2024-02-09 06:46:16',NULL),(621,0,NULL,NULL,0,1,285,NULL,6,NULL,'SIRCREB Jujuy',NULL,0,0,0,0,0,1,1,'2020-02-06 17:23:07','2024-02-09 06:46:16',NULL),(622,0,NULL,NULL,0,1,286,NULL,6,NULL,'SIRCREB La Pampa',NULL,0,0,0,0,0,1,1,'2020-02-06 17:23:07','2024-02-09 06:46:16',NULL),(623,0,NULL,NULL,0,1,287,NULL,6,NULL,'SIRCREB La Rioja',NULL,0,0,0,0,0,1,1,'2020-02-06 17:23:07','2024-02-09 06:46:16',NULL),(624,0,NULL,NULL,0,1,288,NULL,6,NULL,'SIRCREB Mendoza',NULL,0,0,0,0,0,1,1,'2020-02-06 17:23:07','2024-02-09 06:46:16',NULL),(625,0,NULL,NULL,0,1,289,NULL,6,NULL,'SIRCREB Misiones',NULL,0,0,0,0,0,1,1,'2020-02-06 17:23:07','2024-02-09 06:46:16',NULL),(626,0,NULL,NULL,0,1,290,NULL,6,NULL,'SIRCREB Neuquén',NULL,0,0,0,0,0,1,1,'2020-02-06 17:23:07','2024-02-09 06:46:16',NULL),(627,0,NULL,NULL,0,1,291,NULL,6,NULL,'SIRCREB Pascua Lama',NULL,0,0,0,0,0,1,1,'2020-02-06 17:23:07','2024-02-09 06:46:16',NULL),(628,0,NULL,NULL,0,1,292,NULL,6,NULL,'SIRCREB Río Negro',NULL,0,0,0,0,0,1,1,'2020-02-06 17:23:07','2024-02-09 06:46:16',NULL);
INSERT INTO `cta_cte_tesoreria_cuentas` VALUES (629,0,NULL,NULL,0,1,293,NULL,6,NULL,'SIRCREB Salta',NULL,0,0,0,0,0,1,1,'2020-02-06 17:23:07','2024-02-09 06:46:16',NULL),(630,0,NULL,NULL,0,1,294,NULL,6,NULL,'SIRCREB San Juan',NULL,0,0,0,0,0,1,1,'2020-02-06 17:23:07','2024-02-09 06:46:16',NULL),(631,0,NULL,NULL,0,1,295,NULL,6,NULL,'SIRCREB San Luis',NULL,0,0,0,0,0,1,1,'2020-02-06 17:23:07','2024-02-09 06:46:16',NULL),(632,0,NULL,NULL,0,1,296,NULL,6,NULL,'SIRCREB Santa Cruz',NULL,0,0,0,0,0,1,1,'2020-02-06 17:23:07','2024-02-09 06:46:16',NULL),(633,0,NULL,NULL,0,1,297,NULL,6,NULL,'SIRCREB Santa Fe',NULL,0,0,0,0,0,1,1,'2020-02-06 17:23:07','2024-02-09 06:46:16',NULL),(634,0,NULL,NULL,0,1,298,NULL,6,NULL,'SIRCREB Santiago del Estero',NULL,0,0,0,0,0,1,1,'2020-02-06 17:23:07','2024-02-09 06:46:16',NULL),(635,0,NULL,NULL,0,1,299,NULL,6,NULL,'SIRCREB Tierra del Fuego',NULL,0,0,0,0,0,1,1,'2020-02-06 17:23:07','2024-02-09 06:46:16',NULL),(636,0,NULL,NULL,0,1,300,NULL,6,NULL,'SIRCREB Tucuman',NULL,0,0,0,0,0,1,1,'2020-02-06 17:23:07','2024-02-09 06:46:16',NULL),(637,0,NULL,NULL,0,1,301,NULL,8,NULL,'IIBB a Favor Buenos Aires',NULL,0,0,0,0,0,1,1,'2020-02-06 17:23:07','2024-02-09 06:46:17',NULL),(638,0,NULL,NULL,0,1,302,NULL,8,NULL,'IIBB a Favor Capital Federal',NULL,0,0,0,0,0,1,1,'2020-02-06 17:23:07','2024-02-09 06:46:17',NULL),(639,0,NULL,NULL,0,1,303,NULL,8,NULL,'IIBB a Favor Catamarca',NULL,0,0,0,0,0,1,1,'2020-02-06 17:23:07','2024-02-09 06:46:17',NULL),(640,0,NULL,NULL,0,1,304,NULL,8,NULL,'IIBB a Favor Chaco',NULL,0,0,0,0,0,1,1,'2020-02-06 17:23:07','2024-02-09 06:46:17',NULL),(641,0,NULL,NULL,0,1,305,NULL,8,NULL,'IIBB a Favor Chubut',NULL,0,0,0,0,0,1,1,'2020-02-06 17:23:07','2024-02-09 06:46:17',NULL),(642,0,NULL,NULL,0,1,306,NULL,8,NULL,'IIBB a Favor Córdoba',NULL,0,0,0,0,0,1,1,'2020-02-06 17:23:07','2024-02-09 06:46:17',NULL),(643,0,NULL,NULL,0,1,307,NULL,8,NULL,'IIBB a Favor Corrientes',NULL,0,0,0,0,0,1,1,'2020-02-06 17:23:07','2024-02-09 06:46:17',NULL),(644,0,NULL,NULL,0,1,308,NULL,8,NULL,'IIBB a Favor Entre Ríos',NULL,0,0,0,0,0,1,1,'2020-02-06 17:23:07','2024-02-09 06:46:17',NULL),(645,0,NULL,NULL,0,1,309,NULL,8,NULL,'IIBB a Favor Formosa',NULL,0,0,0,0,0,1,1,'2020-02-06 17:23:07','2024-02-09 06:46:17',NULL),(646,0,NULL,NULL,0,1,310,NULL,8,NULL,'IIBB a Favor Jujuy',NULL,0,0,0,0,0,1,1,'2020-02-06 17:23:07','2024-02-09 06:46:17',NULL),(647,0,NULL,NULL,0,1,311,NULL,8,NULL,'IIBB a Favor La Pampa',NULL,0,0,0,0,0,1,1,'2020-02-06 17:23:07','2024-02-09 06:46:17',NULL),(648,0,NULL,NULL,0,1,312,NULL,8,NULL,'IIBB a Favor La Rioja',NULL,0,0,0,0,0,1,1,'2020-02-06 17:23:07','2024-02-09 06:46:17',NULL),(649,0,NULL,NULL,0,1,313,NULL,8,NULL,'IIBB a Favor Mendoza',NULL,0,0,0,0,0,1,1,'2020-02-06 17:23:07','2024-02-09 06:46:17',NULL),(650,0,NULL,NULL,0,1,314,NULL,8,NULL,'IIBB a Favor Misiones',NULL,0,0,0,0,0,1,1,'2020-02-06 17:23:08','2024-02-09 06:46:17',NULL),(651,0,NULL,NULL,0,1,315,NULL,8,NULL,'IIBB a Favor Neuquén',NULL,0,0,0,0,0,1,1,'2020-02-06 17:23:08','2024-02-09 06:46:17',NULL),(652,0,NULL,NULL,0,1,316,NULL,8,NULL,'IIBB a Favor Pascua Lama',NULL,0,0,0,0,0,1,1,'2020-02-06 17:23:08','2024-02-09 06:46:17',NULL),(653,0,NULL,NULL,0,1,317,NULL,8,NULL,'IIBB a Favor Río Negro',NULL,0,0,0,0,0,1,1,'2020-02-06 17:23:08','2024-02-09 06:46:17',NULL),(654,0,NULL,NULL,0,1,318,NULL,8,NULL,'IIBB a Favor Salta',NULL,0,0,0,0,0,1,1,'2020-02-06 17:23:08','2024-02-09 06:46:17',NULL),(655,0,NULL,NULL,0,1,319,NULL,8,NULL,'IIBB a Favor San Juan',NULL,0,0,0,0,0,1,1,'2020-02-06 17:23:08','2024-02-09 06:46:17',NULL),(656,0,NULL,NULL,0,1,320,NULL,8,NULL,'IIBB a Favor San Luis',NULL,0,0,0,0,0,1,1,'2020-02-06 17:23:08','2024-02-09 06:46:17',NULL),(657,0,NULL,NULL,0,1,321,NULL,8,NULL,'IIBB a Favor Santa Cruz',NULL,0,0,0,0,0,1,1,'2020-02-06 17:23:08','2024-02-09 06:46:17',NULL),(658,0,NULL,NULL,0,1,322,NULL,8,NULL,'IIBB a Favor Santa Fe',NULL,0,0,0,0,0,1,1,'2020-02-06 17:23:08','2024-02-09 06:46:17',NULL);
INSERT INTO `cta_cte_tesoreria_cuentas` VALUES (659,0,NULL,NULL,0,1,323,NULL,8,NULL,'IIBB a Favor Santiago del Estero',NULL,0,0,0,0,0,1,1,'2020-02-06 17:23:08','2024-02-09 06:46:17',NULL),(660,0,NULL,NULL,0,1,324,NULL,8,NULL,'IIBB a Favor Tierra del Fuego',NULL,0,0,0,0,0,1,1,'2020-02-06 17:23:08','2024-02-09 06:46:17',NULL),(661,0,NULL,NULL,0,1,325,NULL,8,NULL,'IIBB a Favor Tucuman',NULL,0,0,0,0,0,1,1,'2020-02-06 17:23:08','2024-02-09 06:46:17',NULL),(662,0,NULL,NULL,0,1,326,NULL,8,NULL,'IIBB a Pagar Buenos Aires',NULL,0,0,0,0,0,1,1,'2020-02-06 17:23:08','2024-02-09 06:46:17',NULL),(663,0,NULL,NULL,0,1,327,NULL,8,NULL,'IIBB a Pagar Capital Federal',NULL,0,0,0,0,0,1,1,'2020-02-06 17:23:08','2024-02-09 06:46:17',NULL),(664,0,NULL,NULL,0,1,328,NULL,8,NULL,'IIBB a Pagar Catamarca',NULL,0,0,0,0,0,1,1,'2020-02-06 17:23:08','2024-02-09 06:46:17',NULL),(665,0,NULL,NULL,0,1,329,NULL,8,NULL,'IIBB a Pagar Chaco',NULL,0,0,0,0,0,1,1,'2020-02-06 17:23:08','2024-02-09 06:46:17',NULL),(666,0,NULL,NULL,0,1,330,NULL,8,NULL,'IIBB a Pagar Chubut',NULL,0,0,0,0,0,1,1,'2020-02-06 17:23:08','2024-02-09 06:46:17',NULL),(667,0,NULL,NULL,0,1,331,NULL,8,NULL,'IIBB a Pagar Córdoba',NULL,0,0,0,0,0,1,1,'2020-02-06 17:23:08','2024-02-09 06:46:17',NULL),(668,0,NULL,NULL,0,1,332,NULL,8,NULL,'IIBB a Pagar Corrientes',NULL,0,0,0,0,0,1,1,'2020-02-06 17:23:08','2024-02-09 06:46:17',NULL),(669,0,NULL,NULL,0,1,333,NULL,8,NULL,'IIBB a Pagar Entre Ríos',NULL,0,0,0,0,0,1,1,'2020-02-06 17:23:08','2024-02-09 06:46:17',NULL),(670,0,NULL,NULL,0,1,334,NULL,8,NULL,'IIBB a Pagar Formosa',NULL,0,0,0,0,0,1,1,'2020-02-06 17:23:08','2024-02-09 06:46:17',NULL),(671,0,NULL,NULL,0,1,335,NULL,8,NULL,'IIBB a Pagar Jujuy',NULL,0,0,0,0,0,1,1,'2020-02-06 17:23:08','2024-02-09 06:46:17',NULL),(672,0,NULL,NULL,0,1,336,NULL,8,NULL,'IIBB a Pagar La Pampa',NULL,0,0,0,0,0,1,1,'2020-02-06 17:23:08','2024-02-09 06:46:17',NULL),(673,0,NULL,NULL,0,1,337,NULL,8,NULL,'IIBB a Pagar La Rioja',NULL,0,0,0,0,0,1,1,'2020-02-06 17:23:08','2024-02-09 06:46:17',NULL),(674,0,NULL,NULL,0,1,338,NULL,8,NULL,'IIBB a Pagar Mendoza',NULL,0,0,0,0,0,1,1,'2020-02-06 17:23:08','2024-02-09 06:46:17',NULL),(675,0,NULL,NULL,0,1,339,NULL,8,NULL,'IIBB a Pagar Misiones',NULL,0,0,0,0,0,1,1,'2020-02-06 17:23:08','2024-02-09 06:46:17',NULL),(676,0,NULL,NULL,0,1,340,NULL,8,NULL,'IIBB a Pagar Neuquén',NULL,0,0,0,0,0,1,1,'2020-02-06 17:23:08','2024-02-09 06:46:17',NULL),(677,0,NULL,NULL,0,1,341,NULL,8,NULL,'IIBB a Pagar Pascua Lama',NULL,0,0,0,0,0,1,1,'2020-02-06 17:23:08','2024-02-09 06:46:17',NULL),(678,0,NULL,NULL,0,1,342,NULL,8,NULL,'IIBB a Pagar Río Negro',NULL,0,0,0,0,0,1,1,'2020-02-06 17:23:08','2024-02-09 06:46:17',NULL),(679,0,NULL,NULL,0,1,343,NULL,8,NULL,'IIBB a Pagar Salta',NULL,0,0,0,0,0,1,1,'2020-02-06 17:23:08','2024-02-09 06:46:17',NULL),(680,0,NULL,NULL,0,1,344,NULL,8,NULL,'IIBB a Pagar San Juan',NULL,0,0,0,0,0,1,1,'2020-02-06 17:23:08','2024-02-09 06:46:17',NULL),(681,0,NULL,NULL,0,1,345,NULL,8,NULL,'IIBB a Pagar San Luis',NULL,0,0,0,0,0,1,1,'2020-02-06 17:23:08','2024-02-09 06:46:17',NULL),(682,0,NULL,NULL,0,1,346,NULL,8,NULL,'IIBB a Pagar Santa Cruz',NULL,0,0,0,0,0,1,1,'2020-02-06 17:23:08','2024-02-09 06:46:17',NULL),(683,0,NULL,NULL,0,1,347,NULL,8,NULL,'IIBB a Pagar Santa Fe',NULL,0,0,0,0,0,1,1,'2020-02-06 17:23:08','2024-02-09 06:46:17',NULL),(684,0,NULL,NULL,0,1,348,NULL,8,NULL,'IIBB a Pagar Santiago del Estero',NULL,0,0,0,0,0,1,1,'2020-02-06 17:23:08','2024-02-09 06:46:17',NULL),(685,0,NULL,NULL,0,1,349,NULL,8,NULL,'IIBB a Pagar Tierra del Fuego',NULL,0,0,0,0,0,1,1,'2020-02-06 17:23:08','2024-02-09 06:46:17',NULL),(686,0,NULL,NULL,0,1,350,NULL,8,NULL,'IIBB a Pagar Tucuman',NULL,0,0,0,0,0,1,1,'2020-02-06 17:23:08','2024-02-09 06:46:17',NULL),(687,0,NULL,NULL,0,1,352,NULL,8,NULL,'Compensacion',NULL,0,0,0,0,0,1,1,'2020-02-06 17:23:08','2024-02-09 06:46:17',NULL),(688,0,NULL,NULL,0,1,353,NULL,8,NULL,'IVA Saldo Tecnico',NULL,0,0,0,0,0,1,1,'2020-02-06 17:23:08','2024-02-09 06:46:17',NULL);
INSERT INTO `cta_cte_tesoreria_cuentas` VALUES (689,0,NULL,NULL,0,1,354,NULL,8,NULL,'IVA Saldo Libre Disponibilidad',NULL,0,0,0,0,0,1,1,'2020-02-06 17:23:08','2024-02-09 06:46:17',NULL),(690,0,NULL,NULL,0,1,361,NULL,8,NULL,'Equipos de Computación',NULL,0,0,0,0,0,1,1,'2020-02-06 17:23:08','2024-02-09 06:46:17',NULL),(691,0,NULL,NULL,0,1,362,NULL,8,NULL,'Computadoras',NULL,0,0,0,0,0,1,1,'2020-02-06 17:23:08','2024-02-09 06:46:17',NULL),(692,0,NULL,NULL,0,1,363,NULL,8,NULL,'Muebles y Utiles',NULL,0,0,0,0,0,1,1,'2020-02-06 17:23:08','2024-02-09 06:46:17',NULL),(693,0,NULL,NULL,0,1,365,NULL,8,NULL,'Provision Honorarios',NULL,0,0,0,0,0,1,1,'2020-02-06 17:23:08','2024-02-09 06:46:17',NULL),(694,0,NULL,NULL,0,1,366,NULL,8,NULL,'Cta. Cte Directores',NULL,0,0,0,0,0,1,1,'2020-02-06 17:23:08','2024-02-09 06:46:17',NULL),(695,0,NULL,NULL,0,1,367,NULL,8,NULL,'Provisión Honorarios Directores',NULL,0,0,0,0,0,1,1,'2020-02-06 17:23:08','2024-02-09 06:46:17',NULL),(696,0,NULL,NULL,0,1,368,NULL,8,NULL,'Cuenta Particular Socio 1',NULL,0,0,0,0,0,1,1,'2020-02-06 17:23:08','2024-02-09 06:46:17',NULL),(697,0,NULL,NULL,0,1,369,NULL,8,NULL,'Capital',NULL,0,0,0,0,0,1,1,'2020-02-06 17:23:08','2024-02-09 06:46:17',NULL),(698,0,NULL,NULL,0,1,380,NULL,8,NULL,'Instalaciones',NULL,0,0,0,0,0,1,1,'2020-02-06 17:23:08','2024-02-09 06:46:17',NULL),(699,0,NULL,NULL,0,1,381,NULL,8,NULL,'Reserva Legal',NULL,0,0,0,0,0,1,1,'2020-02-06 17:23:08','2024-02-09 06:46:17',NULL),(700,0,NULL,NULL,0,1,382,NULL,8,NULL,'Reserva Legal',NULL,0,0,0,0,0,1,1,'2020-02-06 17:23:08','2024-02-09 06:46:17',NULL),(701,0,NULL,NULL,0,1,383,NULL,8,NULL,'Resultado no asignado',NULL,0,0,0,0,0,1,1,'2020-02-06 17:23:08','2024-02-09 06:46:17',NULL),(702,0,NULL,NULL,0,1,386,NULL,8,NULL,'PLAZO FIJO',NULL,0,0,0,0,0,1,1,'2020-02-06 17:23:08','2024-02-09 06:46:17',NULL),(703,0,NULL,NULL,0,1,388,NULL,8,NULL,'ACCIONES',NULL,0,0,0,0,0,1,1,'2020-02-06 17:23:08','2024-02-09 06:46:17',NULL),(704,0,NULL,NULL,0,1,389,NULL,8,NULL,'Inmuebles',NULL,0,0,0,0,0,1,1,'2020-02-06 17:23:08','2024-02-09 06:46:17',NULL),(705,0,NULL,NULL,0,1,390,NULL,8,NULL,'Vehiculos',NULL,0,0,0,0,0,1,1,'2020-02-06 17:23:08','2024-02-09 06:46:17',NULL),(706,0,NULL,NULL,0,1,391,NULL,8,NULL,'Maquinarias',NULL,0,0,0,0,0,1,1,'2020-02-06 17:23:08','2024-02-09 06:46:17',NULL),(707,0,NULL,NULL,0,1,392,NULL,8,NULL,'MERCADERIAS',NULL,0,0,0,0,0,1,1,'2020-02-06 17:23:08','2024-02-09 06:46:17',NULL),(708,0,NULL,NULL,0,1,393,NULL,8,NULL,'OTROS',NULL,0,0,0,0,0,1,1,'2020-02-06 17:23:08','2024-02-09 06:46:17',NULL),(709,0,NULL,NULL,0,1,395,NULL,8,NULL,'Cuenta Particular Socio 2',NULL,0,0,0,0,0,1,1,'2020-02-06 17:23:08','2024-02-09 06:46:17',NULL),(710,0,NULL,NULL,0,1,396,NULL,6,NULL,'Comisiones Y gastos Bancarios',NULL,0,0,0,0,0,1,1,'2020-02-06 17:23:08','2024-02-09 06:46:17',NULL),(711,0,NULL,NULL,0,1,411,NULL,8,NULL,'Provisión Impuesto a las Ganancias',NULL,0,0,0,0,0,1,1,'2020-02-06 17:23:08','2024-02-09 06:46:17',NULL),(712,0,NULL,NULL,0,1,412,NULL,6,NULL,'Amortización Muebles y Útiles',NULL,0,0,0,0,0,1,1,'2020-02-06 17:23:08','2024-02-09 06:46:17',NULL),(713,0,NULL,NULL,0,1,413,NULL,6,NULL,'Amortización Equipos',NULL,0,0,0,0,0,1,1,'2020-02-06 17:23:08','2024-02-09 06:46:17',NULL),(714,0,NULL,NULL,0,1,414,NULL,8,NULL,'Amortizacion Acumulada Equipos',NULL,0,0,0,0,0,1,1,'2020-02-06 17:23:08','2024-02-09 06:46:17',NULL),(715,0,NULL,NULL,0,1,415,NULL,8,NULL,'Amortización Acumulada Maquinarias',NULL,0,0,0,0,0,1,1,'2020-02-06 17:23:08','2024-02-09 06:46:17',NULL),(716,0,NULL,NULL,0,1,416,NULL,8,NULL,'Materias Primas',NULL,0,0,0,0,0,1,1,'2020-02-06 17:23:08','2024-02-09 06:46:17',NULL),(717,0,NULL,NULL,0,1,419,NULL,8,NULL,'Rodados',NULL,0,0,0,0,0,1,1,'2020-02-06 17:23:08','2024-02-09 06:46:17',NULL),(718,0,NULL,NULL,0,1,420,NULL,8,NULL,'Amortización Acumulada Rodados',NULL,0,0,0,0,0,1,1,'2020-02-06 17:23:08','2024-02-09 06:46:17',NULL),(719,0,NULL,NULL,0,1,421,NULL,8,NULL,'Amortización Rodados',NULL,0,0,0,0,0,1,1,'2020-02-06 17:23:08','2024-02-09 06:46:17',NULL);
INSERT INTO `cta_cte_tesoreria_cuentas` VALUES (720,0,NULL,NULL,0,1,422,NULL,8,NULL,'Amortización Maquinarias',NULL,0,0,0,0,0,1,1,'2020-02-06 17:23:08','2024-02-09 06:46:17',NULL),(721,0,NULL,NULL,0,1,423,NULL,8,NULL,'Accesorios',NULL,0,0,0,0,0,1,1,'2020-02-06 17:23:08','2024-02-09 06:46:17',NULL),(722,0,NULL,NULL,0,1,424,NULL,8,NULL,'Amortización Acumulada Accesorios',NULL,0,0,0,0,0,1,1,'2020-02-06 17:23:08','2024-02-09 06:46:17',NULL),(723,0,NULL,NULL,0,1,426,NULL,8,NULL,'Reserva Facultativa',NULL,0,0,0,0,0,1,1,'2020-02-06 17:23:08','2024-02-09 06:46:17',NULL),(724,0,NULL,NULL,0,1,427,NULL,8,NULL,'Créditos por Impuestos Diferidos',NULL,0,0,0,0,0,1,1,'2020-02-06 17:23:08','2024-02-09 06:46:17',NULL),(725,0,NULL,NULL,0,1,428,NULL,8,NULL,'Fondo de Comercio',NULL,0,0,0,0,0,1,1,'2020-02-06 17:23:08','2024-02-09 06:46:17',NULL),(726,0,NULL,NULL,0,1,429,NULL,8,NULL,'Amortizacion Acumulada Fondo de Comercio',NULL,0,0,0,0,0,1,1,'2020-02-06 17:23:08','2024-02-09 06:46:17',NULL),(727,0,NULL,NULL,0,1,430,NULL,8,NULL,'Intereses a devengar AGIP',NULL,0,0,0,0,0,1,1,'2020-02-06 17:23:08','2024-02-09 06:46:17',NULL),(728,0,NULL,NULL,0,1,431,NULL,8,NULL,'PFP IIBB',NULL,0,0,0,0,0,1,1,'2020-02-06 17:23:08','2024-02-09 06:46:17',NULL),(729,0,NULL,NULL,0,1,434,NULL,8,NULL,'Productos',NULL,0,0,0,0,0,1,1,'2020-02-06 17:23:08','2024-02-09 06:46:17',NULL),(730,0,NULL,NULL,0,1,435,NULL,8,NULL,'Intereses a devengar PFP',NULL,0,0,0,0,0,1,1,'2020-02-06 17:23:08','2024-02-09 06:46:17',NULL),(731,0,NULL,NULL,0,1,437,NULL,8,NULL,'Imp. Ley 25413 Cred 0.6%',NULL,0,0,0,0,0,1,1,'2020-02-06 17:23:08','2024-02-09 06:46:17',NULL),(732,0,NULL,NULL,0,1,438,NULL,8,NULL,'Honorarios Directorio a Pagar',NULL,0,0,0,0,0,1,1,'2020-02-06 17:23:08','2024-02-09 06:46:17',NULL),(733,0,NULL,NULL,0,1,439,NULL,8,NULL,'Reserva para Futuras Inversiones',NULL,0,0,0,0,0,1,1,'2020-02-06 17:23:08','2024-02-09 06:46:17',NULL),(734,0,NULL,NULL,0,1,440,NULL,8,NULL,'TEAC - Trabajos Ejecutados a Certificar',NULL,0,0,0,0,0,1,1,'2020-02-06 17:23:08','2024-02-09 06:46:17',NULL),(735,0,NULL,NULL,0,1,444,NULL,8,NULL,'Banco Santander Rio Cta Cte',NULL,0,0,0,0,0,1,1,'2020-02-06 17:23:08','2024-02-09 06:46:18',NULL),(736,0,NULL,NULL,0,1,449,NULL,8,NULL,'Leasing',NULL,0,0,0,0,0,1,1,'2020-02-06 17:23:08','2024-02-09 06:46:18',NULL),(737,0,NULL,NULL,0,1,453,NULL,8,NULL,'Inversión Central Caribe',NULL,0,0,0,0,0,1,1,'2020-02-06 17:23:08','2024-02-09 06:46:18',NULL),(738,0,NULL,NULL,0,1,454,NULL,8,NULL,'Otras Inversiones',NULL,0,0,0,0,0,1,1,'2020-02-06 17:23:08','2024-02-09 06:46:18',NULL),(739,0,NULL,NULL,0,1,455,NULL,8,NULL,'Otros Créditos',NULL,0,0,0,0,0,1,1,'2020-02-06 17:23:08','2024-02-09 06:46:18',NULL),(740,0,NULL,NULL,0,1,456,NULL,8,NULL,'Provisión Honorarios Socio Gerente',NULL,0,0,0,0,0,1,1,'2020-02-06 17:23:08','2024-02-09 06:46:18',NULL),(741,0,NULL,NULL,0,1,459,NULL,8,NULL,'Moratoria SUSS a pagar',NULL,0,0,0,0,0,1,1,'2020-02-06 17:23:08','2024-02-09 06:46:18',NULL),(742,0,NULL,NULL,0,1,460,NULL,8,NULL,'Impuestos Municipales a Pagar',NULL,0,0,0,0,0,1,1,'2020-02-06 17:23:08','2024-02-09 06:46:18',NULL),(743,0,NULL,NULL,0,1,461,NULL,6,NULL,'Amortización Instalaciones',NULL,0,0,0,0,0,1,1,'2020-02-06 17:23:08','2024-02-09 06:46:18',NULL),(744,0,NULL,NULL,0,1,462,NULL,8,NULL,'Amortización Equipos de comput.',NULL,0,0,0,0,0,1,1,'2020-02-06 17:23:08','2024-02-09 06:46:18',NULL),(745,0,NULL,NULL,0,1,463,NULL,8,NULL,'Cuenta Particular Socio 3',NULL,0,0,0,0,0,1,1,'2020-02-06 17:23:08','2024-02-09 06:46:18',NULL),(746,0,NULL,NULL,0,1,464,NULL,8,NULL,'Cuenta Particular Socio 4',NULL,0,0,0,0,0,1,1,'2020-02-06 17:23:08','2024-02-09 06:46:18',NULL),(747,0,NULL,NULL,0,1,465,NULL,8,NULL,'Otras Reservas',NULL,0,0,0,0,0,1,1,'2020-02-06 17:23:08','2024-02-09 06:46:18',NULL),(748,0,NULL,NULL,0,1,466,NULL,8,NULL,'IGMP (Saldo a Favor)',NULL,0,0,0,0,0,1,1,'2020-02-06 17:23:08','2024-02-09 06:46:18',NULL),(749,0,NULL,NULL,0,1,468,NULL,8,NULL,'Productos en Proceso',NULL,0,0,0,0,0,1,1,'2020-02-06 17:23:08','2024-02-09 06:46:18',NULL);
INSERT INTO `cta_cte_tesoreria_cuentas` VALUES (750,0,NULL,NULL,0,1,469,NULL,8,NULL,'Depósitos en Garantía Socio Gerente',NULL,0,0,0,0,0,1,1,'2020-02-06 17:23:08','2024-02-09 06:46:18',NULL),(751,0,NULL,NULL,0,1,470,NULL,8,NULL,'Fondos Embargados',NULL,0,0,0,0,0,1,1,'2020-02-06 17:23:08','2024-02-09 06:46:18',NULL),(752,0,NULL,NULL,0,1,471,NULL,8,NULL,'Cuota Solid.',NULL,0,0,0,0,0,1,1,'2020-02-06 17:23:08','2024-02-09 06:46:18',NULL),(753,0,NULL,NULL,0,1,472,NULL,8,NULL,'Anticipo Honorarios Directores',NULL,0,0,0,0,0,1,1,'2020-02-06 17:23:08','2024-02-09 06:46:18',NULL),(754,0,NULL,NULL,0,1,473,NULL,8,NULL,'SICORE a Pagar',NULL,0,0,0,0,0,1,1,'2020-02-06 17:23:08','2024-02-09 06:46:18',NULL),(755,0,NULL,NULL,0,1,476,NULL,6,NULL,'RECPAM',NULL,0,0,0,0,0,1,1,'2020-02-06 17:23:08','2024-02-09 06:46:18',NULL),(756,0,NULL,NULL,0,1,478,NULL,6,NULL,'CO2 - Imp. Al Carbono',NULL,0,0,0,0,0,1,1,'2020-02-06 17:23:08','2024-02-09 06:46:18',NULL),(757,0,NULL,NULL,0,1,359,40718,1,NULL,'Caja',NULL,0,0,1,1,1,0,1,'2023-02-28 14:21:22','2024-02-09 06:46:18',NULL),(758,0,NULL,NULL,0,1,176,40718,3,NULL,'Cheques',NULL,1,1,1,1,1,0,1,'2023-03-01 11:23:19','2024-02-09 06:46:18',NULL);

--
-- Table structure for table `cta_cte_tesoreria_detail`
--

CREATE TABLE `cta_cte_tesoreria_detail` (
  `id` int(10) unsigned NOT NULL AUTO_INCREMENT,
  `user_id` int(10) unsigned DEFAULT NULL,
  `cta_cte_tesoreria_id` int(10) unsigned NOT NULL,
  `cta_cte_tesoreria_cuenta_id` int(10) unsigned NOT NULL,
  `person_id` int(10) unsigned DEFAULT NULL,
  `period_id` int(10) unsigned DEFAULT NULL,
  `saldo_id` int(10) unsigned NOT NULL,
  `monto` decimal(16,2) NOT NULL,
  `is_conciliado` tinyint(1) NOT NULL DEFAULT '0',
  `fecha` date DEFAULT NULL,
  `created_at` timestamp NULL DEFAULT NULL,
  `updated_at` timestamp NULL DEFAULT NULL,
  `deleted_at` timestamp NULL DEFAULT NULL,
  PRIMARY KEY (`id`),
  KEY `cta_cte_tesoreria_detail_cta_cte_tesoreria_id_foreign` (`cta_cte_tesoreria_id`),
  KEY `cta_cte_tesoreria_detail_cta_cte_tesoreria_cuenta_id_foreign` (`cta_cte_tesoreria_cuenta_id`),
  KEY `cta_cte_tesoreria_detail_person_id_foreign` (`person_id`),
  KEY `cta_cte_tesoreria_detail_period_id_foreign` (`period_id`),
  KEY `cta_cte_tesoreria_detail_saldo_id_foreign` (`saldo_id`),
  CONSTRAINT `cta_cte_tesoreria_detail_cta_cte_tesoreria_cuenta_id_foreign` FOREIGN KEY (`cta_cte_tesoreria_cuenta_id`) REFERENCES `cta_cte_tesoreria_cuentas` (`id`),
  CONSTRAINT `cta_cte_tesoreria_detail_cta_cte_tesoreria_id_foreign` FOREIGN KEY (`cta_cte_tesoreria_id`) REFERENCES `cta_cte_tesoreria` (`id`),
  CONSTRAINT `cta_cte_tesoreria_detail_period_id_foreign` FOREIGN KEY (`period_id`) REFERENCES `periods` (`id`),
  CONSTRAINT `cta_cte_tesoreria_detail_person_id_foreign` FOREIGN KEY (`person_id`) REFERENCES `persons` (`id`),
  CONSTRAINT `cta_cte_tesoreria_detail_saldo_id_foreign` FOREIGN KEY (`saldo_id`) REFERENCES `conta_tipo_saldos` (`id`)
) ENGINE=InnoDB AUTO_INCREMENT=4 DEFAULT CHARSET=utf8mb4 COLLATE=utf8mb4_unicode_ci;

--
-- Dumping data for table `cta_cte_tesoreria_detail`
--

INSERT INTO `cta_cte_tesoreria_detail` VALUES (1,8522,1,757,40718,1520,1,155000.00,0,'2023-02-28','2023-02-28 14:21:22','2023-02-28 14:21:22',NULL),(2,8522,2,13,40718,1521,2,10000.00,0,'2023-03-01','2023-03-01 11:25:20','2023-03-01 11:25:20',NULL),(3,8522,2,758,40718,1521,1,10000.00,0,'2023-03-01','2023-03-01 11:25:20','2023-03-01 11:25:20',NULL);

--
-- Table structure for table `ctacte_bancos`
--

CREATE TABLE `ctacte_bancos` (
  `id` int(10) unsigned NOT NULL AUTO_INCREMENT,
  `user_id` int(10) unsigned DEFAULT NULL,
  `nombre` varchar(255) COLLATE utf8mb4_unicode_ci DEFAULT NULL,
  `codigoBCRA` int(11) DEFAULT NULL,
  `cuit` varchar(191) COLLATE utf8mb4_unicode_ci DEFAULT NULL,
  `created_at` timestamp NULL DEFAULT NULL,
  `updated_at` timestamp NULL DEFAULT NULL,
  `deleted_at` timestamp NULL DEFAULT NULL,
  PRIMARY KEY (`id`)
) ENGINE=InnoDB AUTO_INCREMENT=82 DEFAULT CHARSET=utf8mb4 COLLATE=utf8mb4_unicode_ci;

--
-- Dumping data for table `ctacte_bancos`
--

INSERT INTO `ctacte_bancos` VALUES (1,NULL,'BANCO DE GALICIA Y BUENOS AIRES S.A.',7,'30-50000173-5',NULL,NULL,NULL),(2,NULL,'BANCO DE LA NACION ARGENTINA',11,'30-50001091-2',NULL,NULL,NULL),(3,NULL,'BANCO DE LA PROVINCIA DE BUENOS AIRES',14,'33-99924210-9',NULL,NULL,NULL),(4,NULL,'INDUSTRIAL AND COMMERCIAL BANK OF CHINA',15,'30-70944784-6',NULL,NULL,NULL),(5,NULL,'CITIBANK N.A.',16,'30-50000562-5',NULL,NULL,NULL),(6,NULL,'BBVA BANCO FRANCES S.A.',17,'30-50000319-3',NULL,NULL,NULL),(7,NULL,'THE BANK OF TOKYO-MITSUBISHI UFJ, LTD.',18,'30-50001183-8',NULL,NULL,NULL),(8,NULL,'BANCO DE LA PROVINCIA DE CORDOBA S.A.',20,'30-99922856-5',NULL,NULL,NULL),(9,NULL,'BANCO SUPERVIELLE S.A.',27,'33-50000517-9',NULL,NULL,NULL),(10,NULL,'BANCO DE LA CIUDAD DE BUENOS AIRES',29,'30-99903208-3',NULL,NULL,NULL),(11,NULL,'BANCO PATAGONIA S.A.',34,'30-50000661-3',NULL,NULL,NULL),(12,NULL,'BANCO HIPOTECARIO S.A.',44,'30-50001107-2',NULL,NULL,NULL),(13,NULL,'BANCO DE SAN JUAN S.A.',45,'30-50000944-2',NULL,NULL,NULL),(14,NULL,'BANCO DEL TUCUMAN S.A.',60,'30-51794820-5',NULL,NULL,NULL),(15,NULL,'BANCO MUNICIPAL DE ROSARIO',65,'33-99918181-9',NULL,NULL,NULL),(16,NULL,'BANCO SANTANDER RIO S.A.',72,'30-50000845-4',NULL,NULL,NULL),(17,NULL,'BANCO DEL CHUBUT S.A.',83,'30-50001299-0',NULL,NULL,NULL),(18,NULL,'BANCO DE SANTA CRUZ S.A.',86,'30-50009880-1',NULL,NULL,NULL),(19,NULL,'BANCO DE LA PAMPA SOCIEDAD DE ECONOMÍA M',93,'30-50001251-6',NULL,NULL,NULL),(20,NULL,'BANCO DE CORRIENTES S.A.',94,'30-50001060-2',NULL,NULL,NULL),(21,NULL,'BANCO PROVINCIA DEL NEUQUÉN SOCIEDAD ANÓ',97,'30-50001404-7',NULL,NULL,NULL),(22,NULL,'BANCO INTERFINANZAS S.A.',147,'30-52271441-7',NULL,NULL,NULL),(23,NULL,'HSBC BANK ARGENTINA S.A.',150,'33-53718600-9',NULL,NULL,NULL),(24,NULL,'JPMORGAN CHASE BANK, NATIONAL ASSOCIATIO',165,'30-58313794-3',NULL,NULL,NULL),(25,NULL,'BANCO CREDICOOP COOPERATIVO LIMITADO',191,'30-57142135-2',NULL,NULL,NULL),(26,NULL,'BANCO DE VALORES S.A.',198,'30-57612427-5',NULL,NULL,NULL),(27,NULL,'BANCO ROELA S.A.',247,'30-53561044-0',NULL,NULL,NULL),(28,NULL,'BANCO MARIVA S.A.',254,'30-51642044-4',NULL,NULL,NULL),(29,NULL,'BANCO ITAU ARGENTINA S.A.',259,'30-58018941-1',NULL,NULL,NULL),(30,NULL,'BANK OF AMERICA, NATIONAL ASSOCIATION',262,'30-50005055-8',NULL,NULL,NULL),(31,NULL,'BNP PARIBAS',266,'30-58472756-6',NULL,NULL,NULL),(32,NULL,'BANCO PROVINCIA DE TIERRA DEL FUEGO',268,'30-57565578-1',NULL,NULL,NULL),(33,NULL,'BANCO DE LA REPUBLICA ORIENTAL DEL URUGU',269,'30-58833784-3',NULL,NULL,NULL),(34,NULL,'BANCO SAENZ S.A.',277,'30-53467243-4',NULL,NULL,NULL),(35,NULL,'BANCO MERIDIAN S.A.',281,'30-53448749-1',NULL,NULL,NULL),(36,NULL,'BANCO MACRO S.A.',285,'30-50001008-4',NULL,NULL,NULL),(37,NULL,'BANCO COMAFI SOCIEDAD ANONIMA',299,'30-60473101-8',NULL,NULL,NULL),(38,NULL,'BANCO DE INVERSION Y COMERCIO EXTERIOR S',300,'30-65112908-3',NULL,NULL,NULL),(39,NULL,'BANCO PIANO S.A.',301,'30-56915176-3',NULL,NULL,NULL),(40,NULL,'BANCO JULIO SOCIEDAD ANONIMA',305,'30-65744121-6',NULL,NULL,NULL),(41,NULL,'BANCO RIOJA SOCIEDAD ANONIMA UNIPERSONAL',309,'30-67185933-9',NULL,NULL,NULL),(42,NULL,'BANCO DEL SOL S.A.',310,'30-67793756-0',NULL,NULL,NULL),(43,NULL,'NUEVO BANCO DEL CHACO S. A.',311,'30-67015779-9',NULL,NULL,NULL),(44,NULL,'BANCO VOII S.A.',312,'30-54674163-6',NULL,NULL,NULL),(45,NULL,'BANCO DE FORMOSA S.A.',315,'30-67137590-0',NULL,NULL,NULL),(46,NULL,'BANCO CMF S.A.',319,'30-57661429-9',NULL,NULL,NULL),(47,NULL,'BANCO DE SANTIAGO DEL ESTERO S.A.',321,'33-68666464-9',NULL,NULL,NULL),(48,NULL,'BANCO INDUSTRIAL S.A.',322,'30-68502995-9',NULL,NULL,NULL),(49,NULL,'NUEVO BANCO DE SANTA FE SOCIEDAD ANONIMA',330,'30-69243266-1',NULL,NULL,NULL),(50,NULL,'BANCO CETELEM ARGENTINA S.A.',331,'30-69730636-2',NULL,NULL,NULL),(51,NULL,'BANCO DE SERVICIOS FINANCIEROS S.A.',332,'30-69726589-5',NULL,NULL,NULL),(52,NULL,'BANCO BRADESCO ARGENTINA S.A.U.',336,'30-70125555-7',NULL,NULL,NULL),(53,NULL,'BANCO DE SERVICIOS Y TRANSACCIONES S.A.',338,'30-70496099-5',NULL,NULL,NULL);
INSERT INTO `ctacte_bancos` VALUES (54,NULL,'RCI BANQUE S.A.',339,'30-70710834-3',NULL,NULL,NULL),(55,NULL,'BACS BANCO DE CREDITO Y SECURITIZACION S',340,'30-70722741-5',NULL,NULL,NULL),(56,NULL,'BANCO MASVENTAS S.A.',341,'30-54061826-3',NULL,NULL,NULL),(57,NULL,'BANCO WANAP S.A.',384,'30-71565463-2',NULL,NULL,NULL),(58,NULL,'NUEVO BANCO DE ENTRE RÍOS S.A.',386,'33-70799551-9',NULL,NULL,NULL),(59,NULL,'BANCO COLUMBIA S.A.',389,'30-51763749-8',NULL,NULL,NULL),(60,NULL,'BANCO BICA S.A.',426,'30-71233123-9',NULL,NULL,NULL),(61,NULL,'BANCO COINAG S.A.',431,'30-71419596-0',NULL,NULL,NULL),(62,NULL,'BANCO DE COMERCIO S.A.',432,'30-54203363-7',NULL,NULL,NULL),(63,NULL,'FORD CREDIT COMPAÑIA FINANCIERA S.A.',44059,'30-51654454-2',NULL,NULL,NULL),(64,NULL,'COMPAÑIA FINANCIERA ARGENTINA S.A.',44077,'30-53800640-4',NULL,NULL,NULL),(65,NULL,'VOLKWAGEN FINANCIAL SERVICES CIA.FIN.S.A',44088,'30-68241957-8',NULL,NULL,NULL),(66,NULL,'CORDIAL COMPAÑÍA FINANCIERA S.A.',44090,'30-70181085-2',NULL,NULL,NULL),(67,NULL,'FCA COMPAÑIA FINANCIERA S.A.',44092,'30-69230488-4',NULL,NULL,NULL),(68,NULL,'GPAT COMPAÑIA FINANCIERA S.A.',44093,'30-67856482-2',NULL,NULL,NULL),(69,NULL,'MERCEDES-BENZ COMPAÑÍA FINANCIERA ARGENT',44094,'30-70700229-4',NULL,NULL,NULL),(70,NULL,'ROMBO COMPAÑÍA FINANCIERA S.A.',44095,'33-70712490-9',NULL,NULL,NULL),(71,NULL,'JOHN DEERE CREDIT COMPAÑÍA FINANCIERA S.',44096,'30-70702485-9',NULL,NULL,NULL),(72,NULL,'PSA FINANCE ARGENTINA COMPAÑÍA FINANCIER',44098,'30-70784736-7',NULL,NULL,NULL),(73,NULL,'TOYOTA COMPAÑÍA FINANCIERA DE ARGENTINA',44099,'30-70900042-6',NULL,NULL,NULL),(74,NULL,'FINANDINO COMPAÑIA FINANCIERA S.A.',44100,'30-71259240-7',NULL,NULL,NULL),(75,NULL,'MONTEMAR COMPAÑIA FINANCIERA S.A.',45056,'30-58138551-6',NULL,NULL,NULL),(76,NULL,'MULTIFINANZAS COMPAÑIA FINANCIERA S.A.',45072,'30-62828435-7',NULL,NULL,NULL),(77,NULL,'CAJA DE CREDITO \"CUENCA\" COOPERATIVA LIM',65203,'30-71622694-4',NULL,NULL,NULL),(78,NULL,'MERCADO PAGO',NULL,NULL,NULL,NULL,NULL),(79,NULL,'UALA',NULL,NULL,NULL,NULL,NULL),(80,NULL,'ICBC',NULL,NULL,NULL,NULL,NULL),(81,NULL,'BMA SAU',NULL,NULL,NULL,NULL,NULL);

--
-- Table structure for table `ctacte_bancos_datos`
--

CREATE TABLE `ctacte_bancos_datos` (
  `id` int(10) unsigned NOT NULL AUTO_INCREMENT,
  `cuenta_conta_id` int(10) unsigned DEFAULT NULL,
  `nombre` varchar(255) COLLATE utf8mb4_unicode_ci DEFAULT NULL,
  `cuit` varchar(255) COLLATE utf8mb4_unicode_ci DEFAULT NULL,
  `titular` varchar(255) COLLATE utf8mb4_unicode_ci DEFAULT NULL,
  `cuenta` varchar(255) COLLATE utf8mb4_unicode_ci DEFAULT NULL,
  `num_cuenta` varchar(255) COLLATE utf8mb4_unicode_ci DEFAULT NULL,
  `cbu` varchar(255) COLLATE utf8mb4_unicode_ci DEFAULT NULL,
  `alias` varchar(255) COLLATE utf8mb4_unicode_ci DEFAULT NULL,
  `status` int(11) NOT NULL DEFAULT '1',
  `created_at` timestamp NULL DEFAULT NULL,
  `updated_at` timestamp NULL DEFAULT NULL,
  PRIMARY KEY (`id`),
  KEY `ctacte_bancos_datos_cuenta_conta_id_foreign` (`cuenta_conta_id`),
  CONSTRAINT `ctacte_bancos_datos_cuenta_conta_id_foreign` FOREIGN KEY (`cuenta_conta_id`) REFERENCES `conta_plan_cuenta` (`id`)
) ENGINE=InnoDB DEFAULT CHARSET=utf8mb4 COLLATE=utf8mb4_unicode_ci;

--
-- Dumping data for table `ctacte_bancos_datos`
--


--
-- Table structure for table `ctacte_cheques`
--

CREATE TABLE `ctacte_cheques` (
  `id` int(10) unsigned NOT NULL AUTO_INCREMENT,
  `user_id` int(10) unsigned DEFAULT NULL,
  `asiento_id` varchar(191) COLLATE utf8mb4_unicode_ci DEFAULT NULL,
  `cuenta_conta_id` int(10) unsigned DEFAULT NULL,
  `cta_cte_tesoreria_cuenta_id` int(10) unsigned DEFAULT NULL,
  `cta_cte_tesoreria_id` int(10) unsigned DEFAULT NULL,
  `cta_cte_tesoreria_detail_id` int(10) unsigned DEFAULT NULL,
  `cta_cte_cliente_id` int(10) unsigned DEFAULT NULL,
  `cta_cte_cliente_id2` int(10) unsigned DEFAULT NULL,
  `cta_cte_cliente_detail_id` int(10) unsigned DEFAULT NULL,
  `nf_cta_cte_id2` int(10) unsigned DEFAULT NULL,
  `nf_cta_cte_id` int(10) unsigned DEFAULT NULL,
  `monto` decimal(16,2) DEFAULT NULL,
  `cheque3ros` tinyint(1) NOT NULL DEFAULT '0',
  `cheque_emitidos` tinyint(1) NOT NULL DEFAULT '0',
  `fecha` date DEFAULT NULL,
  `fecha_cobro` date DEFAULT NULL,
  `banco_id` int(10) unsigned NOT NULL,
  `person_id` int(10) unsigned DEFAULT NULL,
  `cuit` text COLLATE utf8mb4_unicode_ci,
  `titular` varchar(255) COLLATE utf8mb4_unicode_ci DEFAULT NULL,
  `abierto_cruzado` int(11) NOT NULL DEFAULT '1',
  `is_no_a_la_orden` tinyint(1) NOT NULL DEFAULT '0',
  `numero` int(10) unsigned DEFAULT NULL,
  `foto` varchar(255) COLLATE utf8mb4_unicode_ci DEFAULT NULL,
  `comentario` varchar(255) COLLATE utf8mb4_unicode_ci DEFAULT NULL,
  `status` int(11) NOT NULL DEFAULT '1',
  `created_at` timestamp NULL DEFAULT NULL,
  `updated_at` timestamp NULL DEFAULT NULL,
  `deleted_at` timestamp NULL DEFAULT NULL,
  PRIMARY KEY (`id`),
  KEY `ctacte_cheques_asiento_id_foreign` (`asiento_id`),
  KEY `ctacte_cheques_cuenta_conta_id_foreign` (`cuenta_conta_id`),
  KEY `ctacte_cheques_banco_id_foreign` (`banco_id`),
  KEY `ctacte_cheques_person_id_foreign` (`person_id`),
  KEY `ctacte_cheques_cta_cte_cliente_id2_foreign` (`cta_cte_cliente_id2`),
  KEY `ctacte_cheques_cta_cte_cliente_id_foreign` (`cta_cte_cliente_id`),
  KEY `cta_cte_tesorer_id` (`cta_cte_tesoreria_id`),
  KEY `ctacte_cheques_nf_cta_cte_id_foreign` (`nf_cta_cte_id`),
  KEY `ctacte_cheques_nf_cta_cte_id2_foreign` (`nf_cta_cte_id2`),
  KEY `ctacte_cheques_cta_cte_tesoreria_cuenta_id_foreign` (`cta_cte_tesoreria_cuenta_id`),
  KEY `ctacte_cheques_cta_cte_cliente_detail_id_foreign` (`cta_cte_cliente_detail_id`),
  KEY `ctacte_cheques_cta_cte_tesoreria_detail_id_foreign` (`cta_cte_tesoreria_detail_id`),
  CONSTRAINT `cta_cte_tesorer_id` FOREIGN KEY (`cta_cte_tesoreria_id`) REFERENCES `cta_cte_tesoreria` (`id`),
  CONSTRAINT `ctacte_cheques_banco_id_foreign` FOREIGN KEY (`banco_id`) REFERENCES `ctacte_bancos` (`id`),
  CONSTRAINT `ctacte_cheques_cta_cte_cliente_detail_id_foreign` FOREIGN KEY (`cta_cte_cliente_detail_id`) REFERENCES `cta_cte_cliente_details` (`id`),
  CONSTRAINT `ctacte_cheques_cta_cte_cliente_id2_foreign` FOREIGN KEY (`cta_cte_cliente_id2`) REFERENCES `cta_cte_cliente` (`id`),
  CONSTRAINT `ctacte_cheques_cta_cte_cliente_id_foreign` FOREIGN KEY (`cta_cte_cliente_id`) REFERENCES `cta_cte_cliente` (`id`),
  CONSTRAINT `ctacte_cheques_cta_cte_tesoreria_cuenta_id_foreign` FOREIGN KEY (`cta_cte_tesoreria_cuenta_id`) REFERENCES `cta_cte_tesoreria_cuentas` (`id`),
  CONSTRAINT `ctacte_cheques_cta_cte_tesoreria_detail_id_foreign` FOREIGN KEY (`cta_cte_tesoreria_detail_id`) REFERENCES `cta_cte_tesoreria_detail` (`id`),
  CONSTRAINT `ctacte_cheques_cuenta_conta_id_foreign` FOREIGN KEY (`cuenta_conta_id`) REFERENCES `conta_plan_cuenta` (`id`),
  CONSTRAINT `ctacte_cheques_nf_cta_cte_id2_foreign` FOREIGN KEY (`nf_cta_cte_id2`) REFERENCES `nf_cta_cte` (`id`),
  CONSTRAINT `ctacte_cheques_nf_cta_cte_id_foreign` FOREIGN KEY (`nf_cta_cte_id`) REFERENCES `nf_cta_cte` (`id`),
  CONSTRAINT `ctacte_cheques_person_id_foreign` FOREIGN KEY (`person_id`) REFERENCES `persons` (`id`)
) ENGINE=InnoDB AUTO_INCREMENT=2 DEFAULT CHARSET=utf8mb4 COLLATE=utf8mb4_unicode_ci;

--
-- Dumping data for table `ctacte_cheques`
--

INSERT INTO `ctacte_cheques` VALUES (1,8522,NULL,NULL,NULL,NULL,NULL,1252,NULL,NULL,NULL,NULL,10000.00,1,1,'2023-03-01','2023-03-01',1,40718,NULL,'Prueba #',1,0,11111,NULL,'',1,'2023-03-01 11:25:20','2023-03-01 11:25:20',NULL);

--
-- Table structure for table `ctactegastos_centrocosto`
--

CREATE TABLE `ctactegastos_centrocosto` (
  `id` int(10) unsigned NOT NULL AUTO_INCREMENT,
  `user_id` int(10) unsigned DEFAULT NULL,
  `nombre` varchar(255) COLLATE utf8mb4_unicode_ci NOT NULL,
  `created_at` timestamp NULL DEFAULT NULL,
  `updated_at` timestamp NULL DEFAULT NULL,
  `deleted_at` timestamp NULL DEFAULT NULL,
  PRIMARY KEY (`id`)
) ENGINE=InnoDB AUTO_INCREMENT=9 DEFAULT CHARSET=utf8mb4 COLLATE=utf8mb4_unicode_ci;

--
-- Dumping data for table `ctactegastos_centrocosto`
--

INSERT INTO `ctactegastos_centrocosto` VALUES (1,NULL,'OFICINA',NULL,NULL,NULL),(2,NULL,'FIJO',NULL,NULL,NULL),(3,NULL,'VARIABLE',NULL,NULL,NULL),(4,NULL,'GISELA',NULL,NULL,NULL),(5,NULL,'LIA',NULL,NULL,NULL),(6,NULL,'PADRES',NULL,NULL,NULL),(7,NULL,'CASA',NULL,NULL,NULL),(8,NULL,'VANESA',NULL,NULL,NULL);

--
-- Table structure for table `ctactegastos_cuenta_tipo`
--

CREATE TABLE `ctactegastos_cuenta_tipo` (
  `idCuentaTipo` int(10) unsigned NOT NULL AUTO_INCREMENT,
  `user_id` int(10) unsigned DEFAULT NULL,
  `cta_cte_tesoreria_cuenta_id` int(10) unsigned DEFAULT NULL,
  `idTipo` int(10) unsigned NOT NULL,
  `created_at` timestamp NULL DEFAULT NULL,
  `updated_at` timestamp NULL DEFAULT NULL,
  `deleted_at` timestamp NULL DEFAULT NULL,
  PRIMARY KEY (`idCuentaTipo`),
  KEY `ctactegastos_cuenta_tipo_idtipo_foreign` (`idTipo`),
  KEY `ctactegastos_cuenta_tipo_cta_cte_tesoreria_cuenta_id_foreign` (`cta_cte_tesoreria_cuenta_id`),
  CONSTRAINT `ctactegastos_cuenta_tipo_cta_cte_tesoreria_cuenta_id_foreign` FOREIGN KEY (`cta_cte_tesoreria_cuenta_id`) REFERENCES `cta_cte_tesoreria_cuentas` (`id`),
  CONSTRAINT `ctactegastos_cuenta_tipo_idtipo_foreign` FOREIGN KEY (`idTipo`) REFERENCES `ctactegastos_tiposdegastos` (`id`)
) ENGINE=InnoDB AUTO_INCREMENT=18 DEFAULT CHARSET=utf8mb4 COLLATE=utf8mb4_unicode_ci;

--
-- Dumping data for table `ctactegastos_cuenta_tipo`
--

INSERT INTO `ctactegastos_cuenta_tipo` VALUES (1,NULL,NULL,3,NULL,NULL,NULL),(2,NULL,NULL,6,NULL,NULL,NULL),(3,NULL,NULL,3,NULL,NULL,NULL),(4,NULL,NULL,4,NULL,NULL,NULL),(5,NULL,NULL,5,NULL,NULL,NULL),(6,NULL,NULL,3,NULL,NULL,NULL),(7,NULL,NULL,4,NULL,NULL,NULL),(8,NULL,NULL,3,NULL,NULL,NULL),(9,NULL,NULL,4,NULL,NULL,NULL),(10,NULL,NULL,7,NULL,NULL,NULL),(11,NULL,NULL,8,NULL,NULL,NULL),(12,NULL,NULL,3,NULL,NULL,NULL),(13,NULL,NULL,3,NULL,NULL,NULL),(14,NULL,NULL,4,NULL,NULL,NULL),(15,NULL,NULL,1,NULL,NULL,NULL),(16,NULL,NULL,2,NULL,NULL,NULL),(17,NULL,NULL,5,NULL,NULL,NULL);

--
-- Table structure for table `ctactegastos_mensuales`
--

CREATE TABLE `ctactegastos_mensuales` (
  `id` int(10) unsigned NOT NULL AUTO_INCREMENT,
  `user_id` int(10) unsigned DEFAULT NULL,
  `CuentaTipo_id` int(10) unsigned NOT NULL,
  `cta_cte_tesoreria_cuenta_id` int(10) unsigned NOT NULL DEFAULT '13',
  `TipoDeGasto_id` int(10) unsigned NOT NULL,
  `CentroCosto_id` int(10) unsigned NOT NULL,
  `gasto_cta_cte_tesoreria_cuenta_id` int(10) unsigned NOT NULL DEFAULT '13',
  `monto` decimal(16,2) DEFAULT NULL,
  `comentario` varchar(255) COLLATE utf8mb4_unicode_ci DEFAULT NULL,
  `status` int(11) NOT NULL DEFAULT '1',
  `created_at` timestamp NULL DEFAULT NULL,
  `updated_at` timestamp NULL DEFAULT NULL,
  `deleted_at` timestamp NULL DEFAULT NULL,
  PRIMARY KEY (`id`),
  KEY `ctactegastos_mensuales_cuentatipo_id_foreign` (`CuentaTipo_id`),
  KEY `ctactegastos_mensuales_tipodegasto_id_foreign` (`TipoDeGasto_id`),
  KEY `ctactegastos_mensuales_centrocosto_id_foreign` (`CentroCosto_id`),
  KEY `ctactegastos_mensuales_cta_cte_tesoreria_cuenta_id_foreign` (`cta_cte_tesoreria_cuenta_id`),
  KEY `ctactegastos_mensuales_gasto_cta_cte_tesoreria_cuenta_id_foreign` (`gasto_cta_cte_tesoreria_cuenta_id`),
  CONSTRAINT `ctactegastos_mensuales_centrocosto_id_foreign` FOREIGN KEY (`CentroCosto_id`) REFERENCES `ctactegastos_centrocosto` (`id`),
  CONSTRAINT `ctactegastos_mensuales_cta_cte_tesoreria_cuenta_id_foreign` FOREIGN KEY (`cta_cte_tesoreria_cuenta_id`) REFERENCES `cta_cte_tesoreria_cuentas` (`id`),
  CONSTRAINT `ctactegastos_mensuales_cuentatipo_id_foreign` FOREIGN KEY (`CuentaTipo_id`) REFERENCES `ctactegastos_cuenta_tipo` (`idCuentaTipo`),
  CONSTRAINT `ctactegastos_mensuales_gasto_cta_cte_tesoreria_cuenta_id_foreign` FOREIGN KEY (`gasto_cta_cte_tesoreria_cuenta_id`) REFERENCES `cta_cte_tesoreria_cuentas` (`id`),
  CONSTRAINT `ctactegastos_mensuales_tipodegasto_id_foreign` FOREIGN KEY (`TipoDeGasto_id`) REFERENCES `ctactegastos_tiposdegastos` (`id`)
) ENGINE=InnoDB DEFAULT CHARSET=utf8mb4 COLLATE=utf8mb4_unicode_ci;

--
-- Dumping data for table `ctactegastos_mensuales`
--


--
-- Table structure for table `ctactegastos_tiposdegastos`
--

CREATE TABLE `ctactegastos_tiposdegastos` (
  `id` int(10) unsigned NOT NULL AUTO_INCREMENT,
  `user_id` int(10) unsigned DEFAULT NULL,
  `nombre` varchar(255) COLLATE utf8mb4_unicode_ci DEFAULT NULL,
  `created_at` timestamp NULL DEFAULT NULL,
  `updated_at` timestamp NULL DEFAULT NULL,
  `deleted_at` timestamp NULL DEFAULT NULL,
  PRIMARY KEY (`id`)
) ENGINE=InnoDB AUTO_INCREMENT=11 DEFAULT CHARSET=utf8mb4 COLLATE=utf8mb4_unicode_ci;

--
-- Dumping data for table `ctactegastos_tiposdegastos`
--

INSERT INTO `ctactegastos_tiposdegastos` VALUES (1,NULL,'Oficina',NULL,NULL,NULL),(2,NULL,'Personales',NULL,NULL,NULL),(3,NULL,'Tarjeta VISA',NULL,NULL,NULL),(4,NULL,'Tarjeta Mastercard',NULL,NULL,NULL),(5,NULL,'Debito Automatico',NULL,NULL,NULL),(6,NULL,'American Express',NULL,NULL,NULL),(7,NULL,'Tarjeta Shopping',NULL,NULL,NULL),(8,NULL,'Tarjeta Cencosud',NULL,NULL,NULL),(9,NULL,'Tarjeta Coto',NULL,NULL,NULL),(10,NULL,'Tarjeta Nativa',NULL,NULL,NULL);

--
-- Table structure for table `cursos`
--

CREATE TABLE `cursos` (
  `id` int(10) unsigned NOT NULL AUTO_INCREMENT,
  `nombre` varchar(191) COLLATE utf8mb4_unicode_ci NOT NULL,
  `descripcion` longtext COLLATE utf8mb4_unicode_ci NOT NULL,
  `fecha` date DEFAULT NULL,
  `hora` varchar(191) COLLATE utf8mb4_unicode_ci DEFAULT NULL,
  `profesor` varchar(191) COLLATE utf8mb4_unicode_ci DEFAULT NULL,
  `cant_clases` varchar(191) COLLATE utf8mb4_unicode_ci DEFAULT NULL,
  `duracion` varchar(191) COLLATE utf8mb4_unicode_ci DEFAULT NULL,
  `adjuntos` varchar(191) COLLATE utf8mb4_unicode_ci DEFAULT NULL,
  `link_zoom` longtext COLLATE utf8mb4_unicode_ci,
  `cod_zoom` varchar(191) COLLATE utf8mb4_unicode_ci DEFAULT NULL,
  `contraseña_zoom` varchar(191) COLLATE utf8mb4_unicode_ci DEFAULT NULL,
  `link_youtube` varchar(191) COLLATE utf8mb4_unicode_ci DEFAULT NULL,
  `materiales` varchar(191) COLLATE utf8mb4_unicode_ci DEFAULT NULL,
  `habilitado` tinyint(1) NOT NULL DEFAULT '1',
  `created_at` timestamp NULL DEFAULT NULL,
  `updated_at` timestamp NULL DEFAULT NULL,
  `deleted_at` timestamp NULL DEFAULT NULL,
  PRIMARY KEY (`id`)
) ENGINE=InnoDB DEFAULT CHARSET=utf8mb4 COLLATE=utf8mb4_unicode_ci;

--
-- Dumping data for table `cursos`
--


--
-- Table structure for table `cursos_detail`
--

CREATE TABLE `cursos_detail` (
  `id` int(10) unsigned NOT NULL AUTO_INCREMENT,
  `curso_id` int(10) unsigned NOT NULL,
  `field_name1` varchar(191) COLLATE utf8mb4_unicode_ci NOT NULL,
  `email` varchar(191) COLLATE utf8mb4_unicode_ci NOT NULL,
  `celular` int(11) NOT NULL,
  `created_at` timestamp NULL DEFAULT NULL,
  `updated_at` timestamp NULL DEFAULT NULL,
  `deleted_at` timestamp NULL DEFAULT NULL,
  PRIMARY KEY (`id`),
  KEY `cursos_detail_curso_id_foreign` (`curso_id`),
  CONSTRAINT `cursos_detail_curso_id_foreign` FOREIGN KEY (`curso_id`) REFERENCES `cursos` (`id`)
) ENGINE=InnoDB DEFAULT CHARSET=utf8mb4 COLLATE=utf8mb4_unicode_ci;

--
-- Dumping data for table `cursos_detail`
--


--
-- Table structure for table `data_types`
--

CREATE TABLE `data_types` (
  `id` int(10) unsigned NOT NULL AUTO_INCREMENT,
  `description` varchar(180) COLLATE utf8mb4_unicode_ci NOT NULL,
  `class` int(10) unsigned NOT NULL,
  `class_description` varchar(180) COLLATE utf8mb4_unicode_ci NOT NULL,
  `data_type` varchar(100) COLLATE utf8mb4_unicode_ci NOT NULL,
  `path` varchar(255) COLLATE utf8mb4_unicode_ci DEFAULT NULL,
  `created_at` timestamp NULL DEFAULT NULL,
  `updated_at` timestamp NULL DEFAULT NULL,
  PRIMARY KEY (`id`),
  UNIQUE KEY `data_types_description_unique` (`description`)
) ENGINE=InnoDB AUTO_INCREMENT=9 DEFAULT CHARSET=utf8mb4 COLLATE=utf8mb4_unicode_ci;

--
-- Dumping data for table `data_types`
--

INSERT INTO `data_types` VALUES (1,'Comprobantes XLS',1,'Importación','XLS','data/imports/receipts/xls',NULL,NULL),(2,'CITI-Ventas',1,'Importación','TXT','data/imports/receipts/CitiVentas',NULL,NULL),(3,'CITI Compras',2,'Exportación','TXT','data/exports/receipts/citi',NULL,NULL),(4,'CITI Ventas',2,'Exportación','TXT','data/exports/receipts/CitiVentasExport',NULL,NULL),(5,'Convenio Multilateral',2,'Exportación','TXT','data/exports/receipts/convenio',NULL,NULL),(6,'Libro IVA Digital',2,'Exportación','TXT','data/exports/receipts/libro_iva_digital',NULL,'2019-11-20 21:43:44'),(7,'Mis Comprobantes',1,'Importacion','','data/imports/receipts/mis_comprobantes',NULL,NULL),(8,'Consulta AFIP',3,'AFIP','','data/afip/index','2019-12-06 14:49:55','2019-12-06 14:49:55');

--
-- Table structure for table `dc_estados`
--

CREATE TABLE `dc_estados` (
  `id` bigint(20) unsigned NOT NULL AUTO_INCREMENT,
  `user_id` int(10) unsigned DEFAULT NULL,
  `descripcion` text COLLATE utf8mb4_unicode_ci NOT NULL,
  `habilitado` tinyint(1) NOT NULL DEFAULT '1',
  `created_at` timestamp NULL DEFAULT NULL,
  `updated_at` timestamp NULL DEFAULT NULL,
  `deleted_at` timestamp NULL DEFAULT NULL,
  PRIMARY KEY (`id`)
) ENGINE=InnoDB AUTO_INCREMENT=6 DEFAULT CHARSET=utf8mb4 COLLATE=utf8mb4_unicode_ci;

--
-- Dumping data for table `dc_estados`
--

INSERT INTO `dc_estados` VALUES (1,NULL,'BORRADOR',1,NULL,'2024-02-09 06:46:26',NULL),(2,NULL,'TERMINADO',1,NULL,'2024-02-09 06:46:26',NULL),(3,NULL,'ELIMINADO',1,NULL,'2024-02-09 06:46:26',NULL),(4,NULL,'PAGADO',1,NULL,'2024-02-09 06:46:26','2024-02-09 06:46:26'),(5,NULL,'CONCILIADO',1,NULL,'2024-02-09 06:46:26','2024-02-09 06:46:26');

--
-- Table structure for table `dc_estados_decisiones`
--

CREATE TABLE `dc_estados_decisiones` (
  `id` bigint(20) unsigned NOT NULL AUTO_INCREMENT,
  `user_id` int(10) unsigned DEFAULT NULL,
  `dc_orden_tipo_id` bigint(20) unsigned NOT NULL,
  `descripcion` varchar(191) COLLATE utf8mb4_unicode_ci NOT NULL,
  `habilitado` tinyint(1) NOT NULL DEFAULT '1',
  `created_at` timestamp NULL DEFAULT NULL,
  `updated_at` timestamp NULL DEFAULT NULL,
  `deleted_at` timestamp NULL DEFAULT NULL,
  PRIMARY KEY (`id`),
  KEY `dc_estados_decisiones_dc_orden_tipo_id_foreign` (`dc_orden_tipo_id`),
  CONSTRAINT `dc_estados_decisiones_dc_orden_tipo_id_foreign` FOREIGN KEY (`dc_orden_tipo_id`) REFERENCES `dc_ordenes_tipos` (`id`)
) ENGINE=InnoDB AUTO_INCREMENT=5 DEFAULT CHARSET=utf8mb4 COLLATE=utf8mb4_unicode_ci;

--
-- Dumping data for table `dc_estados_decisiones`
--

INSERT INTO `dc_estados_decisiones` VALUES (1,NULL,3,'Pendiente',1,NULL,NULL,NULL),(2,NULL,3,'Aprobado',1,NULL,NULL,NULL),(3,NULL,3,'Rechazado',1,NULL,NULL,NULL),(4,NULL,3,'Cancelado',1,NULL,NULL,NULL);

--
-- Table structure for table `dc_firmas`
--

CREATE TABLE `dc_firmas` (
  `id` bigint(20) unsigned NOT NULL AUTO_INCREMENT,
  `user_id` int(10) unsigned DEFAULT NULL,
  `descripcion` text COLLATE utf8mb4_unicode_ci NOT NULL,
  `show_firmante_dc` tinyint(1) NOT NULL DEFAULT '0',
  `show_create_dc` tinyint(1) NOT NULL DEFAULT '0',
  `faltan_firmas` tinyint(1) NOT NULL DEFAULT '0',
  `habilitado` tinyint(1) NOT NULL DEFAULT '1',
  `created_at` timestamp NULL DEFAULT NULL,
  `updated_at` timestamp NULL DEFAULT NULL,
  `deleted_at` timestamp NULL DEFAULT NULL,
  PRIMARY KEY (`id`)
) ENGINE=InnoDB AUTO_INCREMENT=6 DEFAULT CHARSET=utf8mb4 COLLATE=utf8mb4_unicode_ci;

--
-- Dumping data for table `dc_firmas`
--

INSERT INTO `dc_firmas` VALUES (1,NULL,'NO',1,1,0,1,NULL,'2024-02-09 06:46:26',NULL),(2,NULL,'RECHAZADO',1,1,0,1,NULL,'2024-02-09 06:46:26',NULL),(3,NULL,'ACEPTADO',1,0,0,1,NULL,'2024-02-09 06:46:26',NULL),(4,NULL,'FALTAN FIRMAS',0,0,1,1,'2024-02-09 06:46:26','2024-02-09 06:46:26',NULL),(5,NULL,'EMITIDO',1,0,0,1,'2024-02-09 06:46:32','2024-02-09 06:46:32',NULL);

--
-- Table structure for table `dc_firmas_ordenes`
--

CREATE TABLE `dc_firmas_ordenes` (
  `id` bigint(20) unsigned NOT NULL AUTO_INCREMENT,
  `user_id` int(10) unsigned DEFAULT NULL,
  `person_id` int(10) unsigned NOT NULL,
  `dc_orden_id` bigint(20) unsigned NOT NULL,
  `user_id_que_firma` int(10) unsigned NOT NULL,
  `dc_firma_id` bigint(20) unsigned NOT NULL,
  `created_at` timestamp NULL DEFAULT NULL,
  `updated_at` timestamp NULL DEFAULT NULL,
  `deleted_at` timestamp NULL DEFAULT NULL,
  PRIMARY KEY (`id`),
  KEY `dc_firmas_ordenes_person_id_foreign` (`person_id`),
  KEY `dc_firmas_ordenes_dc_orden_id_foreign` (`dc_orden_id`),
  KEY `dc_firmas_ordenes_dc_firma_id_foreign` (`dc_firma_id`),
  CONSTRAINT `dc_firmas_ordenes_dc_firma_id_foreign` FOREIGN KEY (`dc_firma_id`) REFERENCES `dc_firmas` (`id`),
  CONSTRAINT `dc_firmas_ordenes_dc_orden_id_foreign` FOREIGN KEY (`dc_orden_id`) REFERENCES `dc_ordenes` (`id`),
  CONSTRAINT `dc_firmas_ordenes_person_id_foreign` FOREIGN KEY (`person_id`) REFERENCES `persons` (`id`)
) ENGINE=InnoDB DEFAULT CHARSET=utf8mb4 COLLATE=utf8mb4_unicode_ci;

--
-- Dumping data for table `dc_firmas_ordenes`
--


--
-- Table structure for table `dc_firmas_reglas`
--

CREATE TABLE `dc_firmas_reglas` (
  `id` bigint(20) unsigned NOT NULL AUTO_INCREMENT,
  `user_id` int(10) unsigned DEFAULT NULL,
  `person_id` int(10) unsigned NOT NULL,
  `dc_orden_id` bigint(20) unsigned NOT NULL,
  `importe` decimal(16,2) NOT NULL,
  `grupos_users_ids` longtext COLLATE utf8mb4_unicode_ci,
  `created_at` timestamp NULL DEFAULT NULL,
  `updated_at` timestamp NULL DEFAULT NULL,
  `deleted_at` timestamp NULL DEFAULT NULL,
  PRIMARY KEY (`id`),
  KEY `dc_firmas_reglas_person_id_foreign` (`person_id`),
  KEY `dc_firmas_reglas_dc_orden_id_foreign` (`dc_orden_id`),
  CONSTRAINT `dc_firmas_reglas_dc_orden_id_foreign` FOREIGN KEY (`dc_orden_id`) REFERENCES `dc_ordenes` (`id`),
  CONSTRAINT `dc_firmas_reglas_person_id_foreign` FOREIGN KEY (`person_id`) REFERENCES `persons` (`id`)
) ENGINE=InnoDB DEFAULT CHARSET=utf8mb4 COLLATE=utf8mb4_unicode_ci;

--
-- Dumping data for table `dc_firmas_reglas`
--


--
-- Table structure for table `dc_orden_de_pago`
--

CREATE TABLE `dc_orden_de_pago` (
  `id` bigint(20) unsigned NOT NULL AUTO_INCREMENT,
  `user_id` int(10) unsigned DEFAULT NULL,
  `fecha` datetime NOT NULL DEFAULT '2024-02-09 06:46:32',
  `dc_orden_id` bigint(20) unsigned NOT NULL DEFAULT '10',
  `person_id` int(10) unsigned NOT NULL,
  `person_id_relationed` int(10) unsigned NOT NULL,
  `request` longtext COLLATE utf8mb4_unicode_ci NOT NULL,
  `dc_estado_id` bigint(20) unsigned NOT NULL DEFAULT '1',
  `dc_firma_id` bigint(20) unsigned NOT NULL DEFAULT '1',
  `created_at` timestamp NULL DEFAULT NULL,
  `updated_at` timestamp NULL DEFAULT NULL,
  `deleted_at` timestamp NULL DEFAULT NULL,
  PRIMARY KEY (`id`),
  KEY `dc_orden_de_pago_person_id_foreign` (`person_id`),
  KEY `dc_orden_de_pago_person_id_relationed_foreign` (`person_id_relationed`),
  KEY `dc_orden_de_pago_dc_orden_id_foreign` (`dc_orden_id`),
  KEY `dc_orden_de_pago_dc_firma_id_foreign` (`dc_firma_id`),
  KEY `dc_orden_de_pago_dc_estado_id_foreign` (`dc_estado_id`),
  CONSTRAINT `dc_orden_de_pago_dc_estado_id_foreign` FOREIGN KEY (`dc_estado_id`) REFERENCES `dc_estados` (`id`),
  CONSTRAINT `dc_orden_de_pago_dc_firma_id_foreign` FOREIGN KEY (`dc_firma_id`) REFERENCES `dc_firmas` (`id`),
  CONSTRAINT `dc_orden_de_pago_dc_orden_id_foreign` FOREIGN KEY (`dc_orden_id`) REFERENCES `dc_ordenes` (`id`),
  CONSTRAINT `dc_orden_de_pago_person_id_foreign` FOREIGN KEY (`person_id`) REFERENCES `persons` (`id`),
  CONSTRAINT `dc_orden_de_pago_person_id_relationed_foreign` FOREIGN KEY (`person_id_relationed`) REFERENCES `persons` (`id`)
) ENGINE=InnoDB DEFAULT CHARSET=utf8mb4 COLLATE=utf8mb4_unicode_ci;

--
-- Dumping data for table `dc_orden_de_pago`
--


--
-- Table structure for table `dc_orden_de_pago_cheques`
--

CREATE TABLE `dc_orden_de_pago_cheques` (
  `id` bigint(20) unsigned NOT NULL AUTO_INCREMENT,
  `user_id` int(10) unsigned DEFAULT NULL,
  `dc_orden_de_pago_id` bigint(20) unsigned NOT NULL,
  `ctacte_cheque_id` int(10) unsigned NOT NULL,
  `created_at` timestamp NULL DEFAULT NULL,
  `updated_at` timestamp NULL DEFAULT NULL,
  `deleted_at` timestamp NULL DEFAULT NULL,
  PRIMARY KEY (`id`),
  KEY `dc_orden_de_pago_cheques_dc_orden_de_pago_id_foreign` (`dc_orden_de_pago_id`),
  KEY `dc_orden_de_pago_cheques_ctacte_cheque_id_foreign` (`ctacte_cheque_id`),
  CONSTRAINT `dc_orden_de_pago_cheques_ctacte_cheque_id_foreign` FOREIGN KEY (`ctacte_cheque_id`) REFERENCES `ctacte_cheques` (`id`),
  CONSTRAINT `dc_orden_de_pago_cheques_dc_orden_de_pago_id_foreign` FOREIGN KEY (`dc_orden_de_pago_id`) REFERENCES `dc_orden_de_pago` (`id`)
) ENGINE=InnoDB DEFAULT CHARSET=utf8mb4 COLLATE=utf8mb4_unicode_ci;

--
-- Dumping data for table `dc_orden_de_pago_cheques`
--


--
-- Table structure for table `dc_orden_de_pago_receipts`
--

CREATE TABLE `dc_orden_de_pago_receipts` (
  `id` bigint(20) unsigned NOT NULL AUTO_INCREMENT,
  `user_id` int(10) unsigned DEFAULT NULL,
  `dc_orden_de_pago_id` bigint(20) unsigned NOT NULL,
  `receipt_id` int(10) unsigned DEFAULT NULL,
  `importe` decimal(16,2) NOT NULL,
  `created_at` timestamp NULL DEFAULT NULL,
  `updated_at` timestamp NULL DEFAULT NULL,
  `deleted_at` timestamp NULL DEFAULT NULL,
  PRIMARY KEY (`id`),
  KEY `dc_orden_de_pago_receipts_dc_orden_de_pago_id_foreign` (`dc_orden_de_pago_id`),
  KEY `dc_orden_de_pago_receipts_receipt_id_foreign` (`receipt_id`),
  CONSTRAINT `dc_orden_de_pago_receipts_dc_orden_de_pago_id_foreign` FOREIGN KEY (`dc_orden_de_pago_id`) REFERENCES `dc_orden_de_pago` (`id`),
  CONSTRAINT `dc_orden_de_pago_receipts_receipt_id_foreign` FOREIGN KEY (`receipt_id`) REFERENCES `receipts` (`id`)
) ENGINE=InnoDB DEFAULT CHARSET=utf8mb4 COLLATE=utf8mb4_unicode_ci;

--
-- Dumping data for table `dc_orden_de_pago_receipts`
--


--
-- Table structure for table `dc_orden_files`
--

CREATE TABLE `dc_orden_files` (
  `id` bigint(20) unsigned NOT NULL AUTO_INCREMENT,
  `user_id` int(10) unsigned DEFAULT NULL,
  `dc_orden_id` bigint(20) unsigned NOT NULL,
  `file` text COLLATE utf8mb4_unicode_ci NOT NULL,
  `original_name` text COLLATE utf8mb4_unicode_ci,
  `created_at` timestamp NULL DEFAULT NULL,
  `updated_at` timestamp NULL DEFAULT NULL,
  `deleted_at` timestamp NULL DEFAULT NULL,
  PRIMARY KEY (`id`),
  KEY `dc_orden_files_dc_orden_id_foreign` (`dc_orden_id`),
  CONSTRAINT `dc_orden_files_dc_orden_id_foreign` FOREIGN KEY (`dc_orden_id`) REFERENCES `dc_ordenes` (`id`)
) ENGINE=InnoDB DEFAULT CHARSET=utf8mb4 COLLATE=utf8mb4_unicode_ci;

--
-- Dumping data for table `dc_orden_files`
--


--
-- Table structure for table `dc_ordenes`
--

CREATE TABLE `dc_ordenes` (
  `id` bigint(20) unsigned NOT NULL AUTO_INCREMENT,
  `user_id` int(10) unsigned DEFAULT NULL,
  `dc_orden_tipo_id` bigint(20) unsigned NOT NULL,
  `person_id` int(10) unsigned NOT NULL,
  `person_id_relationed` int(10) unsigned DEFAULT NULL,
  `titulo` text COLLATE utf8mb4_unicode_ci,
  `sucursal` int(11) NOT NULL DEFAULT '1',
  `numero` int(11) NOT NULL,
  `numero_text` varchar(255) COLLATE utf8mb4_unicode_ci DEFAULT NULL,
  `sector` varchar(191) COLLATE utf8mb4_unicode_ci DEFAULT NULL,
  `solicitante` varchar(191) COLLATE utf8mb4_unicode_ci DEFAULT NULL,
  `syj_empleado_id` int(10) unsigned DEFAULT NULL,
  `fecha` date NOT NULL,
  `fecha_entrega` date DEFAULT NULL,
  `fecha_asignacion` datetime DEFAULT NULL,
  `fecha_cumplido` datetime DEFAULT NULL,
  `condicion_venta_id` int(10) unsigned DEFAULT NULL,
  `is_pago_adelantado` tinyint(1) DEFAULT NULL,
  `is_garantia` tinyint(1) NOT NULL DEFAULT '0',
  `forma_de_entrega_id` int(10) unsigned DEFAULT NULL,
  `plazo_de_pago_id` int(10) unsigned DEFAULT NULL,
  `cantidades` decimal(16,2) NOT NULL,
  `moneda_id` int(10) unsigned NOT NULL DEFAULT '1',
  `cotizacion` decimal(16,2) NOT NULL DEFAULT '1.00',
  `neto` decimal(16,2) NOT NULL,
  `iva` decimal(16,2) NOT NULL,
  `total` decimal(16,2) NOT NULL,
  `facturada` decimal(16,2) NOT NULL DEFAULT '0.00',
  `is_pagada` tinyint(1) NOT NULL,
  `garantia` varchar(100) COLLATE utf8mb4_unicode_ci DEFAULT NULL,
  `mant_oferta` varchar(100) COLLATE utf8mb4_unicode_ci DEFAULT NULL,
  `comen_para_cliente` text COLLATE utf8mb4_unicode_ci,
  `comentario` longtext COLLATE utf8mb4_unicode_ci NOT NULL,
  `dc_ov_origen_id` bigint(20) unsigned DEFAULT NULL,
  `dc_ov_status_cobranza_id` bigint(20) unsigned DEFAULT NULL,
  `dc_ov_status_factura_id` bigint(20) unsigned DEFAULT NULL,
  `dc_ov_status_entrega_id` bigint(20) unsigned DEFAULT NULL,
  `dc_ov_status_venta_id` bigint(20) unsigned DEFAULT NULL,
  `dc_estado_id` bigint(20) unsigned NOT NULL,
  `dc_estado_decision_id` bigint(20) unsigned DEFAULT NULL,
  `inv_orden_trabajo_id` bigint(20) unsigned DEFAULT NULL,
  `conta_cc_id` bigint(20) unsigned DEFAULT NULL,
  `origendestinoable_type` text COLLATE utf8mb4_unicode_ci,
  `origendestinoable_id` int(10) unsigned DEFAULT NULL,
  `is_multiples_ot` tinyint(1) unsigned NOT NULL DEFAULT '0',
  `dc_orden_origen_destino_id` bigint(20) unsigned DEFAULT NULL,
  `is_completado` tinyint(1) NOT NULL DEFAULT '0',
  `is_credit` tinyint(1) DEFAULT NULL,
  `dc_firma_id` bigint(20) unsigned NOT NULL DEFAULT '1',
  `created_at` timestamp NULL DEFAULT NULL,
  `updated_at` timestamp NULL DEFAULT NULL,
  `deleted_at` timestamp NULL DEFAULT NULL,
  PRIMARY KEY (`id`),
  KEY `dc_ordenes_dc_orden_tipo_id_foreign` (`dc_orden_tipo_id`),
  KEY `dc_ordenes_person_id_foreign` (`person_id`),
  KEY `dc_ordenes_person_id_relationed_foreign` (`person_id_relationed`),
  KEY `dc_ordenes_dc_estado_id_foreign` (`dc_estado_id`),
  KEY `dc_ordenes_conta_cc_id_foreign` (`conta_cc_id`),
  KEY `dc_ordenes_inv_orden_trabajo_id_foreign` (`inv_orden_trabajo_id`),
  KEY `dc_ordenes_dc_orden_origen_destino_id_foreign` (`dc_orden_origen_destino_id`),
  KEY `dc_ordenes_moneda_id_foreign` (`moneda_id`),
  KEY `dc_ordenes_dc_firma_id_foreign` (`dc_firma_id`),
  KEY `dc_ordenes_syj_empleado_id_foreign` (`syj_empleado_id`),
  KEY `dc_ordenes_dc_estado_decision_id_foreign` (`dc_estado_decision_id`),
  KEY `dc_ordenes_dc_ov_origen_id_foreign` (`dc_ov_origen_id`),
  KEY `dc_ordenes_dc_ov_status_venta_id_foreign` (`dc_ov_status_venta_id`),
  KEY `dc_ordenes_dc_ov_status_entrega_id_foreign` (`dc_ov_status_entrega_id`),
  KEY `dc_ordenes_dc_ov_status_factura_id_foreign` (`dc_ov_status_factura_id`),
  KEY `dc_ordenes_dc_ov_status_cobranza_id_foreign` (`dc_ov_status_cobranza_id`),
  CONSTRAINT `dc_ordenes_conta_cc_id_foreign` FOREIGN KEY (`conta_cc_id`) REFERENCES `conta_centro_costos` (`id`),
  CONSTRAINT `dc_ordenes_dc_estado_decision_id_foreign` FOREIGN KEY (`dc_estado_decision_id`) REFERENCES `dc_estados_decisiones` (`id`),
  CONSTRAINT `dc_ordenes_dc_estado_id_foreign` FOREIGN KEY (`dc_estado_id`) REFERENCES `dc_estados` (`id`),
  CONSTRAINT `dc_ordenes_dc_firma_id_foreign` FOREIGN KEY (`dc_firma_id`) REFERENCES `dc_firmas` (`id`),
  CONSTRAINT `dc_ordenes_dc_orden_origen_destino_id_foreign` FOREIGN KEY (`dc_orden_origen_destino_id`) REFERENCES `dc_ordenes_origen_destino` (`id`),
  CONSTRAINT `dc_ordenes_dc_orden_tipo_id_foreign` FOREIGN KEY (`dc_orden_tipo_id`) REFERENCES `dc_ordenes_tipos` (`id`),
  CONSTRAINT `dc_ordenes_dc_ov_origen_id_foreign` FOREIGN KEY (`dc_ov_origen_id`) REFERENCES `dc_ov_origenes` (`id`),
  CONSTRAINT `dc_ordenes_dc_ov_status_cobranza_id_foreign` FOREIGN KEY (`dc_ov_status_cobranza_id`) REFERENCES `dc_ov_status_cobranza` (`id`),
  CONSTRAINT `dc_ordenes_dc_ov_status_entrega_id_foreign` FOREIGN KEY (`dc_ov_status_entrega_id`) REFERENCES `dc_ov_status_entrega` (`id`),
  CONSTRAINT `dc_ordenes_dc_ov_status_factura_id_foreign` FOREIGN KEY (`dc_ov_status_factura_id`) REFERENCES `dc_ov_status_factura` (`id`),
  CONSTRAINT `dc_ordenes_dc_ov_status_venta_id_foreign` FOREIGN KEY (`dc_ov_status_venta_id`) REFERENCES `dc_ov_status_venta` (`id`),
  CONSTRAINT `dc_ordenes_inv_orden_trabajo_id_foreign` FOREIGN KEY (`inv_orden_trabajo_id`) REFERENCES `inv_orden_trabajos` (`id`),
  CONSTRAINT `dc_ordenes_moneda_id_foreign` FOREIGN KEY (`moneda_id`) REFERENCES `monedas` (`id`),
  CONSTRAINT `dc_ordenes_person_id_foreign` FOREIGN KEY (`person_id`) REFERENCES `persons` (`id`),
  CONSTRAINT `dc_ordenes_person_id_relationed_foreign` FOREIGN KEY (`person_id_relationed`) REFERENCES `persons` (`id`),
  CONSTRAINT `dc_ordenes_syj_empleado_id_foreign` FOREIGN KEY (`syj_empleado_id`) REFERENCES `syj_empleados` (`id`)
) ENGINE=InnoDB DEFAULT CHARSET=utf8mb4 COLLATE=utf8mb4_unicode_ci;

--
-- Dumping data for table `dc_ordenes`
--


--
-- Table structure for table `dc_ordenes_compra_coti`
--

CREATE TABLE `dc_ordenes_compra_coti` (
  `id` int(10) unsigned NOT NULL AUTO_INCREMENT,
  `user_id` int(10) unsigned DEFAULT NULL,
  `dc_orden_id` bigint(20) unsigned NOT NULL,
  `dc_orden_coti_id` bigint(20) unsigned NOT NULL,
  `created_at` timestamp NULL DEFAULT NULL,
  `updated_at` timestamp NULL DEFAULT NULL,
  `deleted_at` timestamp NULL DEFAULT NULL,
  PRIMARY KEY (`id`),
  KEY `dc_ordenes_compra_coti_dc_orden_id_foreign` (`dc_orden_id`),
  KEY `dc_ordenes_compra_coti_dc_orden_coti_id_foreign` (`dc_orden_coti_id`),
  CONSTRAINT `dc_ordenes_compra_coti_dc_orden_coti_id_foreign` FOREIGN KEY (`dc_orden_coti_id`) REFERENCES `dc_ordenes` (`id`),
  CONSTRAINT `dc_ordenes_compra_coti_dc_orden_id_foreign` FOREIGN KEY (`dc_orden_id`) REFERENCES `dc_ordenes` (`id`)
) ENGINE=InnoDB DEFAULT CHARSET=utf8mb4 COLLATE=utf8mb4_unicode_ci;

--
-- Dumping data for table `dc_ordenes_compra_coti`
--


--
-- Table structure for table `dc_ordenes_compra_req`
--

CREATE TABLE `dc_ordenes_compra_req` (
  `id` int(10) unsigned NOT NULL AUTO_INCREMENT,
  `user_id` int(10) unsigned DEFAULT NULL,
  `dc_orden_id` bigint(20) unsigned NOT NULL,
  `dc_orden_detail_id` bigint(20) unsigned NOT NULL,
  `dc_orden_req_id` bigint(20) unsigned NOT NULL,
  `dc_orden_req_detail_id` bigint(20) unsigned NOT NULL,
  `created_at` timestamp NULL DEFAULT NULL,
  `updated_at` timestamp NULL DEFAULT NULL,
  `deleted_at` timestamp NULL DEFAULT NULL,
  PRIMARY KEY (`id`),
  KEY `dc_ordenes_compra_req_dc_orden_id_foreign` (`dc_orden_id`),
  KEY `dc_ordenes_compra_req_dc_orden_detail_id_foreign` (`dc_orden_detail_id`),
  KEY `dc_ordenes_compra_req_dc_orden_req_id_foreign` (`dc_orden_req_id`),
  KEY `dc_ordenes_compra_req_dc_orden_req_detail_id_foreign` (`dc_orden_req_detail_id`),
  CONSTRAINT `dc_ordenes_compra_req_dc_orden_detail_id_foreign` FOREIGN KEY (`dc_orden_detail_id`) REFERENCES `dc_ordenes_details` (`id`),
  CONSTRAINT `dc_ordenes_compra_req_dc_orden_id_foreign` FOREIGN KEY (`dc_orden_id`) REFERENCES `dc_ordenes` (`id`),
  CONSTRAINT `dc_ordenes_compra_req_dc_orden_req_detail_id_foreign` FOREIGN KEY (`dc_orden_req_detail_id`) REFERENCES `dc_ordenes_details` (`id`),
  CONSTRAINT `dc_ordenes_compra_req_dc_orden_req_id_foreign` FOREIGN KEY (`dc_orden_req_id`) REFERENCES `dc_ordenes` (`id`)
) ENGINE=InnoDB DEFAULT CHARSET=utf8mb4 COLLATE=utf8mb4_unicode_ci;

--
-- Dumping data for table `dc_ordenes_compra_req`
--


--
-- Table structure for table `dc_ordenes_cotizacion_req`
--

CREATE TABLE `dc_ordenes_cotizacion_req` (
  `id` int(10) unsigned NOT NULL AUTO_INCREMENT,
  `user_id` int(10) unsigned DEFAULT NULL,
  `dc_orden_id` bigint(20) unsigned NOT NULL,
  `dc_orden_detail_id` bigint(20) unsigned NOT NULL,
  `dc_orden_req_id` bigint(20) unsigned NOT NULL,
  `dc_orden_req_detail_id` bigint(20) unsigned NOT NULL,
  `created_at` timestamp NULL DEFAULT NULL,
  `updated_at` timestamp NULL DEFAULT NULL,
  `deleted_at` timestamp NULL DEFAULT NULL,
  PRIMARY KEY (`id`),
  KEY `dc_ordenes_cotizacion_req_dc_orden_id_foreign` (`dc_orden_id`),
  KEY `dc_ordenes_cotizacion_req_dc_orden_detail_id_foreign` (`dc_orden_detail_id`),
  KEY `dc_ordenes_cotizacion_req_dc_orden_req_id_foreign` (`dc_orden_req_id`),
  KEY `dc_ordenes_cotizacion_req_dc_orden_req_detail_id_foreign` (`dc_orden_req_detail_id`),
  CONSTRAINT `dc_ordenes_cotizacion_req_dc_orden_detail_id_foreign` FOREIGN KEY (`dc_orden_detail_id`) REFERENCES `dc_ordenes_details` (`id`),
  CONSTRAINT `dc_ordenes_cotizacion_req_dc_orden_id_foreign` FOREIGN KEY (`dc_orden_id`) REFERENCES `dc_ordenes` (`id`),
  CONSTRAINT `dc_ordenes_cotizacion_req_dc_orden_req_detail_id_foreign` FOREIGN KEY (`dc_orden_req_detail_id`) REFERENCES `dc_ordenes_details` (`id`),
  CONSTRAINT `dc_ordenes_cotizacion_req_dc_orden_req_id_foreign` FOREIGN KEY (`dc_orden_req_id`) REFERENCES `dc_ordenes` (`id`)
) ENGINE=InnoDB DEFAULT CHARSET=utf8mb4 COLLATE=utf8mb4_unicode_ci;

--
-- Dumping data for table `dc_ordenes_cotizacion_req`
--


--
-- Table structure for table `dc_ordenes_details`
--

CREATE TABLE `dc_ordenes_details` (
  `id` bigint(20) unsigned NOT NULL AUTO_INCREMENT,
  `user_id` int(10) unsigned DEFAULT NULL,
  `dc_orden_id` bigint(20) unsigned NOT NULL,
  `dc_orden_origen_destino_id` bigint(20) unsigned DEFAULT NULL,
  `origendestinoable_id` int(10) unsigned DEFAULT NULL,
  `origendestinoable_type` text COLLATE utf8mb4_unicode_ci,
  `cantidades` decimal(16,2) NOT NULL,
  `inv_deposito_id` bigint(20) unsigned DEFAULT NULL,
  `inv_producto_id` bigint(20) unsigned DEFAULT NULL,
  `inv_producto_id_destino` bigint(20) unsigned DEFAULT NULL,
  `prod_variant_id` bigint(20) unsigned DEFAULT NULL,
  `inv_deposito_id_destino` bigint(20) unsigned DEFAULT NULL,
  `descripcion` varchar(191) COLLATE utf8mb4_unicode_ci DEFAULT NULL,
  `neto` decimal(16,2) NOT NULL,
  `desc_porc` decimal(16,2) DEFAULT NULL,
  `descuento` decimal(16,2) DEFAULT NULL,
  `system_tax_id` int(10) unsigned NOT NULL,
  `iva` decimal(16,2) NOT NULL,
  `subtotal` decimal(16,2) NOT NULL,
  `created_at` timestamp NULL DEFAULT NULL,
  `updated_at` timestamp NULL DEFAULT NULL,
  `deleted_at` timestamp NULL DEFAULT NULL,
  PRIMARY KEY (`id`),
  KEY `dc_ordenes_details_dc_orden_id_foreign` (`dc_orden_id`),
  KEY `dc_ordenes_details_inv_producto_id_foreign` (`inv_producto_id`),
  KEY `dc_ordenes_details_system_tax_id_foreign` (`system_tax_id`),
  KEY `dc_ordenes_details_inv_producto_id_destino_foreign` (`inv_producto_id_destino`),
  KEY `dc_ordenes_details_dc_orden_origen_destino_id_foreign` (`dc_orden_origen_destino_id`),
  KEY `dc_ordenes_details_inv_deposito_id_foreign` (`inv_deposito_id`),
  KEY `dc_ordenes_details_inv_deposito_id_destino_foreign` (`inv_deposito_id_destino`),
  KEY `dc_ordenes_details_prod_variant_id_foreign` (`prod_variant_id`),
  CONSTRAINT `dc_ordenes_details_dc_orden_id_foreign` FOREIGN KEY (`dc_orden_id`) REFERENCES `dc_ordenes` (`id`),
  CONSTRAINT `dc_ordenes_details_dc_orden_origen_destino_id_foreign` FOREIGN KEY (`dc_orden_origen_destino_id`) REFERENCES `dc_ordenes_origen_destino` (`id`),
  CONSTRAINT `dc_ordenes_details_inv_deposito_id_destino_foreign` FOREIGN KEY (`inv_deposito_id_destino`) REFERENCES `inv_depositos` (`id`),
  CONSTRAINT `dc_ordenes_details_inv_deposito_id_foreign` FOREIGN KEY (`inv_deposito_id`) REFERENCES `inv_depositos` (`id`),
  CONSTRAINT `dc_ordenes_details_inv_producto_id_destino_foreign` FOREIGN KEY (`inv_producto_id_destino`) REFERENCES `inv_productos` (`id`),
  CONSTRAINT `dc_ordenes_details_inv_producto_id_foreign` FOREIGN KEY (`inv_producto_id`) REFERENCES `inv_productos` (`id`),
  CONSTRAINT `dc_ordenes_details_prod_variant_id_foreign` FOREIGN KEY (`prod_variant_id`) REFERENCES `prod_variants` (`id`) ON DELETE SET NULL,
  CONSTRAINT `dc_ordenes_details_system_tax_id_foreign` FOREIGN KEY (`system_tax_id`) REFERENCES `system_taxes` (`id`)
) ENGINE=InnoDB DEFAULT CHARSET=utf8mb4 COLLATE=utf8mb4_unicode_ci;

--
